2026-06-22 17:34:22.371 7 INFO placement.requestlog [None req-a5fd6879-271e-4dda-85de-6abcc054be45 ce1799929bf44d34aeb845fa72d55cd5 559d0817533d4fc88348828bd1e67c7a - - 3e4b445b828b49da9386fe0395e9f2aa 3e4b445b828b49da9386fe0395e9f2aa] 10.0.0.152 "DELETE /resource_providers/f198f62a-125f-4811-b0e3-b750058dfdcc" status: 404 len: 246 microversion: 1.1 [pid: 6|app: 0|req: 568/1135] 10.0.0.152 () {34 vars in 816 bytes} [Mon Jun 22 17:34:22 2026] DELETE /resource_providers/f198f62a-125f-4811-b0e3-b750058dfdcc => generated 246 bytes in 8 msecs (HTTP/1.1 404) 6 headers in 231 bytes (1 switches on core 0) [pid: 7|app: 0|req: 568/1136] 10.0.0.152 () {34 vars in 816 bytes} [Mon Jun 22 17:34:22 2026] DELETE /resource_providers/f198f62a-125f-4811-b0e3-b750058dfdcc => generated 246 bytes in 10 msecs (HTTP/1.1 404) 6 headers in 231 bytes (1 switches on core 0)
2026-06-22 17:34:24.042 6 INFO placement.requestlog [None req-793b774a-a142-46b0-b1b8-b08d6223bf45 ce1799929bf44d34aeb845fa72d55cd5 559d0817533d4fc88348828bd1e67c7a - - 3e4b445b828b49da9386fe0395e9f2aa 3e4b445b828b49da9386fe0395e9f2aa] 10.0.0.152 "GET /resource_providers/0d8af058-7713-4602-8d65-381f7775d5ab/aggregates" status: 404 len: 235 microversion: 1.1 [pid: 6|app: 0|req: 569/1137] 10.0.0.152 () {32 vars in 816 bytes} [Mon Jun 22 17:34:24 2026] GET /resource_providers/0d8af058-7713-4602-8d65-381f7775d5ab/aggregates => generated 235 bytes in 16 msecs (HTTP/1.1 404) 5 headers in 202 bytes (1 switches on core 0)
2026-06-22 17:34:24.044 7 INFO placement.requestlog [None req-b895cc59-5434-4f9d-97fe-464b2c6ccfec ce1799929bf44d34aeb845fa72d55cd5 559d0817533d4fc88348828bd1e67c7a - - 3e4b445b828b49da9386fe0395e9f2aa 3e4b445b828b49da9386fe0395e9f2aa] 10.0.0.152 "GET /resource_providers/0d8af058-7713-4602-8d65-381f7775d5ab/aggregates" status: 404 len: 235 microversion: 1.1 [pid: 7|app: 0|req: 569/1138] 10.0.0.152 () {32 vars in 816 bytes} [Mon Jun 22 17:34:24 2026] GET /resource_providers/0d8af058-7713-4602-8d65-381f7775d5ab/aggregates => generated 235 bytes in 14 msecs (HTTP/1.1 404) 5 headers in 202 bytes (1 switches on core 0)
2026-06-22 17:34:24.067 6 INFO placement.requestlog [None req-66772180-01b3-4f0b-975f-d2c645302715 ce1799929bf44d34aeb845fa72d55cd5 559d0817533d4fc88348828bd1e67c7a - - 3e4b445b828b49da9386fe0395e9f2aa 3e4b445b828b49da9386fe0395e9f2aa] 10.0.0.152 "DELETE /resource_providers/0d8af058-7713-4602-8d65-381f7775d5ab" status: 404 len: 246 microversion: 1.1 [pid: 6|app: 0|req: 570/1139] 10.0.0.152 () {34 vars in 816 bytes} [Mon Jun 22 17:34:24 2026] DELETE /resource_providers/0d8af058-7713-4602-8d65-381f7775d5ab => generated 246 bytes in 13 msecs (HTTP/1.1 404) 6 headers in 231 bytes (1 switches on core 0)
2026-06-22 17:34:24.069 7 INFO placement.requestlog [None req-55ec0099-49bc-4fc0-b9ba-859b0f3a521a ce1799929bf44d34aeb845fa72d55cd5 559d0817533d4fc88348828bd1e67c7a - - 3e4b445b828b49da9386fe0395e9f2aa 3e4b445b828b49da9386fe0395e9f2aa] 10.0.0.152 "DELETE /resource_providers/0d8af058-7713-4602-8d65-381f7775d5ab" status: 404 len: 246 microversion: 1.1 [pid: 7|app: 0|req: 570/1140] 10.0.0.152 () {34 vars in 816 bytes} [Mon Jun 22 17:34:24 2026] DELETE /resource_providers/0d8af058-7713-4602-8d65-381f7775d5ab => generated 246 bytes in 12 msecs (HTTP/1.1 404) 6 headers in 231 bytes (1 switches on core 0)
2026-06-22 17:34:25.301 6 INFO placement.requestlog [None req-f14fd2d0-4d1e-4672-8de4-fe0c1872c31e - - - - - -] 10.0.0.139 "GET /" status: 200 len: 136 microversion: 1.0
2026-06-22 17:34:25.302 7 INFO placement.requestlog [None req-55d09a2c-0c4a-45cf-9bfe-666f01a28df1 - - - - - -] 10.0.0.139 "GET /" status: 200 len: 136 microversion: 1.0
2026-06-22 17:34:33.084 6 INFO placement.requestlog [req-61d4f992-60a8-4caf-a620-72ca4c41c762 req-a9bbf72d-f25f-4774-a1fe-93a72dd6a6f7 bf732359b15248c19cedc92df09be255 559d0817533d4fc88348828bd1e67c7a - - 3e4b445b828b49da9386fe0395e9f2aa 3e4b445b828b49da9386fe0395e9f2aa] 199.204.45.95 "GET /resource_providers/d781bd83-1e3b-4871-bc8a-af76a7e92bc8/allocations" status: 200 len: 55 microversion: 1.0 [pid: 6|app: 0|req: 572/1143] 199.204.45.95 () {32 vars in 856 bytes} [Mon Jun 22 17:34:33 2026] GET /resource_providers/d781bd83-1e3b-4871-bc8a-af76a7e92bc8/allocations => generated 55 bytes in 13 msecs (HTTP/1.1 200) 6 headers in 223 bytes (1 switches on core 0)
2026-06-22 17:34:33.106 7 INFO placement.requestlog [req-61d4f992-60a8-4caf-a620-72ca4c41c762 req-06bb45b1-d53c-4ea6-9b6b-0f7f4642e8bb bf732359b15248c19cedc92df09be255 559d0817533d4fc88348828bd1e67c7a - - 3e4b445b828b49da9386fe0395e9f2aa 3e4b445b828b49da9386fe0395e9f2aa] 199.204.45.95 "GET /resource_providers/d781bd83-1e3b-4871-bc8a-af76a7e92bc8/allocations" status: 200 len: 55 microversion: 1.0 [pid: 7|app: 0|req: 572/1144] 199.204.45.95 () {32 vars in 856 bytes} [Mon Jun 22 17:34:33 2026] GET /resource_providers/d781bd83-1e3b-4871-bc8a-af76a7e92bc8/allocations => generated 55 bytes in 15 msecs (HTTP/1.1 200) 6 headers in 223 bytes (1 switches on core 0)
2026-06-22 17:34:35.301 6 INFO placement.requestlog [None req-73ae4a67-4c66-44bb-b5e5-de5ad121a6ba - - - - - -] 10.0.0.139 "GET /" status: 200 len: 136 microversion: 1.0
2026-06-22 17:34:35.302 7 INFO placement.requestlog [None req-95c7ef2d-37b1-4418-b798-d62cff7131b4 - - - - - -] 10.0.0.139 "GET /" status: 200 len: 136 microversion: 1.0
2026-06-22 17:34:45.303 7 INFO placement.requestlog [None req-870ec321-c58b-490f-99db-70cee5391845 - - - - - -] 10.0.0.139 "GET /" status: 200 len: 136 microversion: 1.0
2026-06-22 17:34:45.303 6 INFO placement.requestlog [None req-93ea8076-9cff-4489-a4ee-016003ef101c - - - - - -] 10.0.0.139 "GET /" status: 200 len: 136 microversion: 1.0
2026-06-22 17:34:49.269 7 INFO placement.requestlog [req-c7edf24c-acaf-4612-97e6-9ab7c3f31d9b req-f581e85b-8463-4a2c-9f32-ea915ac2a0fa bf732359b15248c19cedc92df09be255 559d0817533d4fc88348828bd1e67c7a - - 3e4b445b828b49da9386fe0395e9f2aa 3e4b445b828b49da9386fe0395e9f2aa] 10.0.0.242 "GET /allocation_candidates?limit=1000&resources=DISK_GB%3A1%2CMEMORY_MB%3A512%2CVCPU%3A1&root_required=%21COMPUTE_STATUS_DISABLED" status: 200 len: 2781 microversion: 1.36 [pid: 7|app: 0|req: 575/1149] 10.0.0.242 () {34 vars in 1012 bytes} [Mon Jun 22 17:34:49 2026] GET /allocation_candidates?limit=1000&resources=DISK_GB%3A1%2CMEMORY_MB%3A512%2CVCPU%3A1&root_required=%21COMPUTE_STATUS_DISABLED => generated 2781 bytes in 139 msecs (HTTP/1.1 200) 8 headers in 297 bytes (1 switches on core 0)
2026-06-22 17:34:49.304 6 INFO placement.requestlog [req-c7edf24c-acaf-4612-97e6-9ab7c3f31d9b req-47c4a9fb-ee4e-4509-848b-50e4b4b6dfeb bf732359b15248c19cedc92df09be255 559d0817533d4fc88348828bd1e67c7a - - 3e4b445b828b49da9386fe0395e9f2aa 3e4b445b828b49da9386fe0395e9f2aa] 10.0.0.242 "GET /allocations/2f2cd322-b43a-448d-a726-ee2cd2db9407" status: 200 len: 19 microversion: 1.28 [pid: 6|app: 0|req: 575/1150] 10.0.0.242 () {34 vars in 861 bytes} [Mon Jun 22 17:34:49 2026] GET /allocations/2f2cd322-b43a-448d-a726-ee2cd2db9407 => generated 19 bytes in 10 msecs (HTTP/1.1 200) 8 headers in 295 bytes (1 switches on core 0)
2026-06-22 17:34:49.369 7 INFO placement.requestlog [req-c7edf24c-acaf-4612-97e6-9ab7c3f31d9b req-111e6035-69e2-4dad-a7d8-0af38e37e076 bf732359b15248c19cedc92df09be255 559d0817533d4fc88348828bd1e67c7a - - 3e4b445b828b49da9386fe0395e9f2aa 3e4b445b828b49da9386fe0395e9f2aa] 10.0.0.242 "PUT /allocations/2f2cd322-b43a-448d-a726-ee2cd2db9407" status: 204 len: 0 microversion: 1.36 [pid: 7|app: 0|req: 576/1151] 10.0.0.242 () {38 vars in 914 bytes} [Mon Jun 22 17:34:49 2026] PUT /allocations/2f2cd322-b43a-448d-a726-ee2cd2db9407 => generated 0 bytes in 59 msecs (HTTP/1.1 204) 5 headers in 199 bytes (1 switches on core 0)
2026-06-22 17:34:50.785 6 INFO placement.requestlog [req-c7edf24c-acaf-4612-97e6-9ab7c3f31d9b req-f444202b-4002-43d8-9487-f34ec9025a91 bf732359b15248c19cedc92df09be255 559d0817533d4fc88348828bd1e67c7a - - 3e4b445b828b49da9386fe0395e9f2aa 3e4b445b828b49da9386fe0395e9f2aa] 199.204.45.95 "GET /allocations/2f2cd322-b43a-448d-a726-ee2cd2db9407" status: 200 len: 258 microversion: 1.28 [pid: 6|app: 0|req: 576/1152] 199.204.45.95 () {34 vars in 862 bytes} [Mon Jun 22 17:34:50 2026] GET /allocations/2f2cd322-b43a-448d-a726-ee2cd2db9407 => generated 258 bytes in 13 msecs (HTTP/1.1 200) 8 headers in 296 bytes (1 switches on core 0)
2026-06-22 17:34:51.826 7 INFO placement.requestlog [req-c7edf24c-acaf-4612-97e6-9ab7c3f31d9b req-f19d27ef-d09e-46a5-805e-4e7a5601ff6b bf732359b15248c19cedc92df09be255 559d0817533d4fc88348828bd1e67c7a - - 3e4b445b828b49da9386fe0395e9f2aa 3e4b445b828b49da9386fe0395e9f2aa] 199.204.45.95 "GET /resource_providers/d781bd83-1e3b-4871-bc8a-af76a7e92bc8/allocations" status: 200 len: 153 microversion: 1.0 [pid: 7|app: 0|req: 577/1153] 199.204.45.95 () {32 vars in 856 bytes} [Mon Jun 22 17:34:51 2026] GET /resource_providers/d781bd83-1e3b-4871-bc8a-af76a7e92bc8/allocations => generated 153 bytes in 16 msecs (HTTP/1.1 200) 6 headers in 224 bytes (1 switches on core 0)
2026-06-22 17:34:51.846 6 INFO placement.requestlog [req-c7edf24c-acaf-4612-97e6-9ab7c3f31d9b req-3f2c94ce-73e5-45eb-96f6-0ca4219bd869 bf732359b15248c19cedc92df09be255 559d0817533d4fc88348828bd1e67c7a - - 3e4b445b828b49da9386fe0395e9f2aa 3e4b445b828b49da9386fe0395e9f2aa] 199.204.45.95 "GET /allocations/2f2cd322-b43a-448d-a726-ee2cd2db9407" status: 200 len: 258 microversion: 1.28 [pid: 6|app: 0|req: 577/1154] 199.204.45.95 () {34 vars in 862 bytes} [Mon Jun 22 17:34:51 2026] GET /allocations/2f2cd322-b43a-448d-a726-ee2cd2db9407 => generated 258 bytes in 14 msecs (HTTP/1.1 200) 8 headers in 296 bytes (1 switches on core 0)
2026-06-22 17:34:55.302 7 INFO placement.requestlog [None req-84c7554e-7fa1-4926-b0f9-f0cfc5b3f0a4 - - - - - -] 10.0.0.139 "GET /" status: 200 len: 136 microversion: 1.0
2026-06-22 17:34:55.302 6 INFO placement.requestlog [None req-80858c0d-caa5-4bb9-99f6-7f9efc38033e - - - - - -] 10.0.0.139 "GET /" status: 200 len: 136 microversion: 1.0
2026-06-22 17:35:05.302 6 INFO placement.requestlog [None req-380e02c3-3903-457a-8175-935c72e5f7a7 - - - - - -] 10.0.0.139 "GET /" status: 200 len: 136 microversion: 1.0
2026-06-22 17:35:05.302 7 INFO placement.requestlog [None req-da1fbb29-14d1-451e-8ca0-33f8de0aadf4 - - - - - -] 10.0.0.139 "GET /" status: 200 len: 136 microversion: 1.0
2026-06-22 17:35:06.785 6 INFO placement.requestlog [req-f1e4bad1-3d1a-44f6-bb65-5c022c2ea192 req-10b79f10-e1b7-429b-aee4-478e7f863a9f bf732359b15248c19cedc92df09be255 559d0817533d4fc88348828bd1e67c7a - - 3e4b445b828b49da9386fe0395e9f2aa 3e4b445b828b49da9386fe0395e9f2aa] 10.0.0.242 "GET /allocation_candidates?limit=1000&resources=DISK_GB%3A1%2CMEMORY_MB%3A512%2CVCPU%3A1&root_required=%21COMPUTE_STATUS_DISABLED" status: 200 len: 2783 microversion: 1.36 [pid: 6|app: 0|req: 580/1159] 10.0.0.242 () {34 vars in 1012 bytes} [Mon Jun 22 17:35:06 2026] GET /allocation_candidates?limit=1000&resources=DISK_GB%3A1%2CMEMORY_MB%3A512%2CVCPU%3A1&root_required=%21COMPUTE_STATUS_DISABLED => generated 2783 bytes in 42 msecs (HTTP/1.1 200) 8 headers in 297 bytes (1 switches on core 0)
2026-06-22 17:35:06.843 7 INFO placement.requestlog [req-f1e4bad1-3d1a-44f6-bb65-5c022c2ea192 req-0bd143ae-b098-4b34-a2ac-b3fa602b84f8 bf732359b15248c19cedc92df09be255 559d0817533d4fc88348828bd1e67c7a - - 3e4b445b828b49da9386fe0395e9f2aa 3e4b445b828b49da9386fe0395e9f2aa] 10.0.0.242 "GET /allocations/e64956cf-d637-4439-ab10-084a4b1b046d" status: 200 len: 19 microversion: 1.28 [pid: 7|app: 0|req: 580/1160] 10.0.0.242 () {34 vars in 861 bytes} [Mon Jun 22 17:35:06 2026] GET /allocations/e64956cf-d637-4439-ab10-084a4b1b046d => generated 19 bytes in 32 msecs (HTTP/1.1 200) 8 headers in 295 bytes (1 switches on core 0)
2026-06-22 17:35:06.898 6 INFO placement.requestlog [req-f1e4bad1-3d1a-44f6-bb65-5c022c2ea192 req-cb74505a-e264-41bb-80e3-6347155a2b9d bf732359b15248c19cedc92df09be255 559d0817533d4fc88348828bd1e67c7a - - 3e4b445b828b49da9386fe0395e9f2aa 3e4b445b828b49da9386fe0395e9f2aa] 10.0.0.242 "PUT /allocations/e64956cf-d637-4439-ab10-084a4b1b046d" status: 204 len: 0 microversion: 1.36 [pid: 6|app: 0|req: 581/1161] 10.0.0.242 () {38 vars in 914 bytes} [Mon Jun 22 17:35:06 2026] PUT /allocations/e64956cf-d637-4439-ab10-084a4b1b046d => generated 0 bytes in 48 msecs (HTTP/1.1 204) 5 headers in 199 bytes (1 switches on core 0)
2026-06-22 17:35:08.398 7 INFO placement.requestlog [req-f1e4bad1-3d1a-44f6-bb65-5c022c2ea192 req-5287e11a-348b-42a7-ac80-db652c00e947 bf732359b15248c19cedc92df09be255 559d0817533d4fc88348828bd1e67c7a - - 3e4b445b828b49da9386fe0395e9f2aa 3e4b445b828b49da9386fe0395e9f2aa] 199.204.45.95 "GET /allocations/e64956cf-d637-4439-ab10-084a4b1b046d" status: 200 len: 258 microversion: 1.28 [pid: 7|app: 0|req: 581/1162] 199.204.45.95 () {34 vars in 862 bytes} [Mon Jun 22 17:35:08 2026] GET /allocations/e64956cf-d637-4439-ab10-084a4b1b046d => generated 258 bytes in 9 msecs (HTTP/1.1 200) 8 headers in 296 bytes (1 switches on core 0)
2026-06-22 17:35:09.432 6 INFO placement.requestlog [req-f1e4bad1-3d1a-44f6-bb65-5c022c2ea192 req-a75e0140-d8f3-427a-97c9-752b0488b876 bf732359b15248c19cedc92df09be255 559d0817533d4fc88348828bd1e67c7a - - 3e4b445b828b49da9386fe0395e9f2aa 3e4b445b828b49da9386fe0395e9f2aa] 199.204.45.95 "GET /resource_providers/d781bd83-1e3b-4871-bc8a-af76a7e92bc8/allocations" status: 200 len: 253 microversion: 1.0 [pid: 6|app: 0|req: 582/1163] 199.204.45.95 () {32 vars in 856 bytes} [Mon Jun 22 17:35:09 2026] GET /resource_providers/d781bd83-1e3b-4871-bc8a-af76a7e92bc8/allocations => generated 253 bytes in 12 msecs (HTTP/1.1 200) 6 headers in 224 bytes (1 switches on core 0)
2026-06-22 17:35:09.474 7 INFO placement.requestlog [req-f1e4bad1-3d1a-44f6-bb65-5c022c2ea192 req-79b6d9a9-8a7d-47ab-8060-8702af5cda64 bf732359b15248c19cedc92df09be255 559d0817533d4fc88348828bd1e67c7a - - 3e4b445b828b49da9386fe0395e9f2aa 3e4b445b828b49da9386fe0395e9f2aa] 199.204.45.95 "GET /allocations/e64956cf-d637-4439-ab10-084a4b1b046d" status: 200 len: 258 microversion: 1.28 [pid: 7|app: 0|req: 582/1164] 199.204.45.95 () {34 vars in 862 bytes} [Mon Jun 22 17:35:09 2026] GET /allocations/e64956cf-d637-4439-ab10-084a4b1b046d => generated 258 bytes in 35 msecs (HTTP/1.1 200) 8 headers in 296 bytes (1 switches on core 0)
2026-06-22 17:35:09.496 6 INFO placement.requestlog [req-f1e4bad1-3d1a-44f6-bb65-5c022c2ea192 req-6e1a7e66-1a77-4cb9-9ef9-8f610bf41f00 bf732359b15248c19cedc92df09be255 559d0817533d4fc88348828bd1e67c7a - - 3e4b445b828b49da9386fe0395e9f2aa 3e4b445b828b49da9386fe0395e9f2aa] 199.204.45.95 "GET /allocations/2f2cd322-b43a-448d-a726-ee2cd2db9407" status: 200 len: 258 microversion: 1.28 [pid: 6|app: 0|req: 583/1165] 199.204.45.95 () {34 vars in 862 bytes} [Mon Jun 22 17:35:09 2026] GET /allocations/2f2cd322-b43a-448d-a726-ee2cd2db9407 => generated 258 bytes in 15 msecs (HTTP/1.1 200) 8 headers in 296 bytes (1 switches on core 0)
2026-06-22 17:35:15.302 6 INFO placement.requestlog [None req-d07a809b-90dd-42a8-a5d2-01ee424c823a - - - - - -] 10.0.0.139 "GET /" status: 200 len: 136 microversion: 1.0
2026-06-22 17:35:15.302 7 INFO placement.requestlog [None req-e69655f0-b2df-4bce-adc3-87eb108658cb - - - - - -] 10.0.0.139 "GET /" status: 200 len: 136 microversion: 1.0
2026-06-22 17:35:25.302 6 INFO placement.requestlog [None req-e343ef0d-a046-4474-a6cb-e9b3b5834c2d - - - - - -] 10.0.0.139 "GET /" status: 200 len: 136 microversion: 1.0
2026-06-22 17:35:25.303 7 INFO placement.requestlog [None req-3af417a6-e3bd-47bf-a5e7-2ada47307532 - - - - - -] 10.0.0.139 "GET /" status: 200 len: 136 microversion: 1.0
2026-06-22 17:35:35.301 6 INFO placement.requestlog [None req-bae5465f-0a20-4d13-859b-77f477da51c4 - - - - - -] 10.0.0.139 "GET /" status: 200 len: 136 microversion: 1.0
2026-06-22 17:35:35.303 7 INFO placement.requestlog [None req-2ee1966c-cf53-40f0-8d87-4dbaa906cfd3 - - - - - -] 10.0.0.139 "GET /" status: 200 len: 136 microversion: 1.0
2026-06-22 17:35:35.976 6 INFO placement.requestlog [req-14e326d7-90d9-4581-a27f-eca69fcab2b4 req-83588436-ad74-4638-9151-89042e3a4202 bf732359b15248c19cedc92df09be255 559d0817533d4fc88348828bd1e67c7a - - 3e4b445b828b49da9386fe0395e9f2aa 3e4b445b828b49da9386fe0395e9f2aa] 199.204.45.95 "GET /resource_providers/d781bd83-1e3b-4871-bc8a-af76a7e92bc8/allocations" status: 200 len: 253 microversion: 1.0 [pid: 6|app: 0|req: 587/1172] 199.204.45.95 () {32 vars in 856 bytes} [Mon Jun 22 17:35:35 2026] GET /resource_providers/d781bd83-1e3b-4871-bc8a-af76a7e92bc8/allocations => generated 253 bytes in 91 msecs (HTTP/1.1 200) 6 headers in 224 bytes (1 switches on core 0)
2026-06-22 17:35:36.002 7 INFO placement.requestlog [req-14e326d7-90d9-4581-a27f-eca69fcab2b4 req-4a51d2b2-9ad2-407d-a557-fbea93a51742 bf732359b15248c19cedc92df09be255 559d0817533d4fc88348828bd1e67c7a - - 3e4b445b828b49da9386fe0395e9f2aa 3e4b445b828b49da9386fe0395e9f2aa] 199.204.45.95 "GET /resource_providers?in_tree=d781bd83-1e3b-4871-bc8a-af76a7e92bc8" status: 200 len: 798 microversion: 1.14 [pid: 7|app: 0|req: 586/1173] 199.204.45.95 () {34 vars in 891 bytes} [Mon Jun 22 17:35:35 2026] GET /resource_providers?in_tree=d781bd83-1e3b-4871-bc8a-af76a7e92bc8 => generated 798 bytes in 17 msecs (HTTP/1.1 200) 6 headers in 225 bytes (1 switches on core 0)
2026-06-22 17:35:36.023 6 INFO placement.requestlog [req-14e326d7-90d9-4581-a27f-eca69fcab2b4 req-29ab8cff-bcce-4a48-9c1c-5ac3b9bd8f12 bf732359b15248c19cedc92df09be255 559d0817533d4fc88348828bd1e67c7a - - 3e4b445b828b49da9386fe0395e9f2aa 3e4b445b828b49da9386fe0395e9f2aa] 199.204.45.95 "GET /resource_providers/d781bd83-1e3b-4871-bc8a-af76a7e92bc8/inventories" status: 200 len: 401 microversion: 1.0 [pid: 6|app: 0|req: 588/1174] 199.204.45.95 () {32 vars in 856 bytes} [Mon Jun 22 17:35:36 2026] GET /resource_providers/d781bd83-1e3b-4871-bc8a-af76a7e92bc8/inventories => generated 401 bytes in 17 msecs (HTTP/1.1 200) 6 headers in 224 bytes (1 switches on core 0)
2026-06-22 17:35:36.044 7 INFO placement.requestlog [req-14e326d7-90d9-4581-a27f-eca69fcab2b4 req-1d02fa3b-4a66-4b15-b47f-7e6ffeb7c77f bf732359b15248c19cedc92df09be255 559d0817533d4fc88348828bd1e67c7a - - 3e4b445b828b49da9386fe0395e9f2aa 3e4b445b828b49da9386fe0395e9f2aa] 199.204.45.95 "GET /resource_providers/d781bd83-1e3b-4871-bc8a-af76a7e92bc8/aggregates" status: 200 len: 54 microversion: 1.19 [pid: 7|app: 0|req: 587/1175] 199.204.45.95 () {34 vars in 898 bytes} [Mon Jun 22 17:35:36 2026] GET /resource_providers/d781bd83-1e3b-4871-bc8a-af76a7e92bc8/aggregates => generated 54 bytes in 16 msecs (HTTP/1.1 200) 8 headers in 295 bytes (1 switches on core 0)
2026-06-22 17:35:36.069 6 INFO placement.requestlog [req-14e326d7-90d9-4581-a27f-eca69fcab2b4 req-740f9854-0bf6-4924-973b-abc0b23faf36 bf732359b15248c19cedc92df09be255 559d0817533d4fc88348828bd1e67c7a - - 3e4b445b828b49da9386fe0395e9f2aa 3e4b445b828b49da9386fe0395e9f2aa] 199.204.45.95 "GET /resource_providers/d781bd83-1e3b-4871-bc8a-af76a7e92bc8/traits" status: 200 len: 2317 microversion: 1.6 [pid: 6|app: 0|req: 589/1176] 199.204.45.95 () {34 vars in 889 bytes} [Mon Jun 22 17:35:36 2026] GET /resource_providers/d781bd83-1e3b-4871-bc8a-af76a7e92bc8/traits => generated 2317 bytes in 19 msecs (HTTP/1.1 200) 6 headers in 225 bytes (1 switches on core 0)
2026-06-22 17:35:36.092 7 INFO placement.requestlog [req-14e326d7-90d9-4581-a27f-eca69fcab2b4 req-2aa24cd3-0f09-4902-9d0b-21ff77a9e81a bf732359b15248c19cedc92df09be255 559d0817533d4fc88348828bd1e67c7a - - 3e4b445b828b49da9386fe0395e9f2aa 3e4b445b828b49da9386fe0395e9f2aa] 199.204.45.95 "GET /resource_providers/d781bd83-1e3b-4871-bc8a-af76a7e92bc8/allocations" status: 200 len: 253 microversion: 1.0 [pid: 7|app: 0|req: 588/1177] 199.204.45.95 () {32 vars in 856 bytes} [Mon Jun 22 17:35:36 2026] GET /resource_providers/d781bd83-1e3b-4871-bc8a-af76a7e92bc8/allocations => generated 253 bytes in 17 msecs (HTTP/1.1 200) 6 headers in 224 bytes (1 switches on core 0)
2026-06-22 17:35:36.109 6 INFO placement.requestlog [req-14e326d7-90d9-4581-a27f-eca69fcab2b4 req-a96eb45c-b2ae-442c-b1c5-51b1b835268c bf732359b15248c19cedc92df09be255 559d0817533d4fc88348828bd1e67c7a - - 3e4b445b828b49da9386fe0395e9f2aa 3e4b445b828b49da9386fe0395e9f2aa] 199.204.45.95 "GET /allocations/e64956cf-d637-4439-ab10-084a4b1b046d" status: 200 len: 258 microversion: 1.28 [pid: 6|app: 0|req: 590/1178] 199.204.45.95 () {34 vars in 862 bytes} [Mon Jun 22 17:35:36 2026] GET /allocations/e64956cf-d637-4439-ab10-084a4b1b046d => generated 258 bytes in 11 msecs (HTTP/1.1 200) 8 headers in 296 bytes (1 switches on core 0)
2026-06-22 17:35:36.128 7 INFO placement.requestlog [req-14e326d7-90d9-4581-a27f-eca69fcab2b4 req-6701430d-bc67-4ad7-aac8-e97e30729d46 bf732359b15248c19cedc92df09be255 559d0817533d4fc88348828bd1e67c7a - - 3e4b445b828b49da9386fe0395e9f2aa 3e4b445b828b49da9386fe0395e9f2aa] 199.204.45.95 "GET /allocations/2f2cd322-b43a-448d-a726-ee2cd2db9407" status: 200 len: 258 microversion: 1.28 [pid: 7|app: 0|req: 589/1179] 199.204.45.95 () {34 vars in 862 bytes} [Mon Jun 22 17:35:36 2026] GET /allocations/2f2cd322-b43a-448d-a726-ee2cd2db9407 => generated 258 bytes in 12 msecs (HTTP/1.1 200) 8 headers in 296 bytes (1 switches on core 0)
2026-06-22 17:35:45.302 6 INFO placement.requestlog [None req-e62a48f4-1b71-4355-8263-21c9910b0849 - - - - - -] 10.0.0.139 "GET /" status: 200 len: 136 microversion: 1.0
2026-06-22 17:35:45.302 7 INFO placement.requestlog [None req-376a7cb0-fdcc-4692-b315-a0c6195fd19a - - - - - -] 10.0.0.139 "GET /" status: 200 len: 136 microversion: 1.0
2026-06-22 17:35:47.418 6 INFO placement.requestlog [req-2132866a-e653-4f47-8e70-8257df716ec6 req-ef7f792f-5b9d-44b5-95fe-b8c216e660bd bf732359b15248c19cedc92df09be255 559d0817533d4fc88348828bd1e67c7a - - 3e4b445b828b49da9386fe0395e9f2aa 3e4b445b828b49da9386fe0395e9f2aa] 10.0.0.242 "GET /allocation_candidates?limit=1000&resources=MEMORY_MB%3A2048%2CVCPU%3A2&root_required=%21COMPUTE_STATUS_DISABLED" status: 200 len: 2771 microversion: 1.36 [pid: 6|app: 0|req: 592/1182] 10.0.0.242 () {34 vars in 986 bytes} [Mon Jun 22 17:35:47 2026] GET /allocation_candidates?limit=1000&resources=MEMORY_MB%3A2048%2CVCPU%3A2&root_required=%21COMPUTE_STATUS_DISABLED => generated 2771 bytes in 41 msecs (HTTP/1.1 200) 8 headers in 297 bytes (1 switches on core 0)
2026-06-22 17:35:47.445 7 INFO placement.requestlog [req-2132866a-e653-4f47-8e70-8257df716ec6 req-420672ed-4936-44f1-96fb-cc1cc514281b bf732359b15248c19cedc92df09be255 559d0817533d4fc88348828bd1e67c7a - - 3e4b445b828b49da9386fe0395e9f2aa 3e4b445b828b49da9386fe0395e9f2aa] 10.0.0.242 "GET /allocations/9006f154-b924-4b6b-8bcb-c9eafb40b8a5" status: 200 len: 19 microversion: 1.28 [pid: 7|app: 0|req: 591/1183] 10.0.0.242 () {34 vars in 861 bytes} [Mon Jun 22 17:35:47 2026] GET /allocations/9006f154-b924-4b6b-8bcb-c9eafb40b8a5 => generated 19 bytes in 9 msecs (HTTP/1.1 200) 8 headers in 295 bytes (1 switches on core 0)
2026-06-22 17:35:47.525 6 INFO placement.requestlog [req-2132866a-e653-4f47-8e70-8257df716ec6 req-c8c31424-1d32-43bf-96d7-2b519c4bf65f bf732359b15248c19cedc92df09be255 559d0817533d4fc88348828bd1e67c7a - - 3e4b445b828b49da9386fe0395e9f2aa 3e4b445b828b49da9386fe0395e9f2aa] 10.0.0.242 "PUT /allocations/9006f154-b924-4b6b-8bcb-c9eafb40b8a5" status: 204 len: 0 microversion: 1.36 [pid: 6|app: 0|req: 593/1184] 10.0.0.242 () {38 vars in 914 bytes} [Mon Jun 22 17:35:47 2026] PUT /allocations/9006f154-b924-4b6b-8bcb-c9eafb40b8a5 => generated 0 bytes in 72 msecs (HTTP/1.1 204) 5 headers in 199 bytes (1 switches on core 0)
2026-06-22 17:35:49.038 7 INFO placement.requestlog [req-2132866a-e653-4f47-8e70-8257df716ec6 req-f34d9fd8-d61d-4c20-af28-9a41eb315908 bf732359b15248c19cedc92df09be255 559d0817533d4fc88348828bd1e67c7a - - 3e4b445b828b49da9386fe0395e9f2aa 3e4b445b828b49da9386fe0395e9f2aa] 199.204.45.95 "GET /allocations/9006f154-b924-4b6b-8bcb-c9eafb40b8a5" status: 200 len: 245 microversion: 1.28 [pid: 7|app: 0|req: 592/1185] 199.204.45.95 () {34 vars in 862 bytes} [Mon Jun 22 17:35:49 2026] GET /allocations/9006f154-b924-4b6b-8bcb-c9eafb40b8a5 => generated 245 bytes in 15 msecs (HTTP/1.1 200) 8 headers in 296 bytes (1 switches on core 0)
2026-06-22 17:35:50.080 6 INFO placement.requestlog [req-2132866a-e653-4f47-8e70-8257df716ec6 req-2b502847-f260-467c-bd6d-2ba2db51d792 bf732359b15248c19cedc92df09be255 559d0817533d4fc88348828bd1e67c7a - - 3e4b445b828b49da9386fe0395e9f2aa 3e4b445b828b49da9386fe0395e9f2aa] 199.204.45.95 "GET /resource_providers/d781bd83-1e3b-4871-bc8a-af76a7e92bc8/allocations" status: 200 len: 340 microversion: 1.0 [pid: 6|app: 0|req: 594/1186] 199.204.45.95 () {32 vars in 856 bytes} [Mon Jun 22 17:35:50 2026] GET /resource_providers/d781bd83-1e3b-4871-bc8a-af76a7e92bc8/allocations => generated 340 bytes in 17 msecs (HTTP/1.1 200) 6 headers in 224 bytes (1 switches on core 0)
2026-06-22 17:35:50.099 7 INFO placement.requestlog [req-2132866a-e653-4f47-8e70-8257df716ec6 req-301b243c-5a06-41f0-9a03-69c39770f124 bf732359b15248c19cedc92df09be255 559d0817533d4fc88348828bd1e67c7a - - 3e4b445b828b49da9386fe0395e9f2aa 3e4b445b828b49da9386fe0395e9f2aa] 199.204.45.95 "GET /allocations/e64956cf-d637-4439-ab10-084a4b1b046d" status: 200 len: 258 microversion: 1.28 [pid: 7|app: 0|req: 593/1187] 199.204.45.95 () {34 vars in 862 bytes} [Mon Jun 22 17:35:50 2026] GET /allocations/e64956cf-d637-4439-ab10-084a4b1b046d => generated 258 bytes in 12 msecs (HTTP/1.1 200) 8 headers in 296 bytes (1 switches on core 0)
2026-06-22 17:35:50.132 6 INFO placement.requestlog [req-2132866a-e653-4f47-8e70-8257df716ec6 req-4c260a7c-93b5-4079-90df-3ffec715b27f bf732359b15248c19cedc92df09be255 559d0817533d4fc88348828bd1e67c7a - - 3e4b445b828b49da9386fe0395e9f2aa 3e4b445b828b49da9386fe0395e9f2aa] 199.204.45.95 "GET /allocations/2f2cd322-b43a-448d-a726-ee2cd2db9407" status: 200 len: 258 microversion: 1.28 [pid: 6|app: 0|req: 595/1188] 199.204.45.95 () {34 vars in 862 bytes} [Mon Jun 22 17:35:50 2026] GET /allocations/2f2cd322-b43a-448d-a726-ee2cd2db9407 => generated 258 bytes in 26 msecs (HTTP/1.1 200) 8 headers in 296 bytes (1 switches on core 0)
2026-06-22 17:35:50.154 7 INFO placement.requestlog [req-2132866a-e653-4f47-8e70-8257df716ec6 req-676467ac-42f0-4e9a-ba29-578e7d78f183 bf732359b15248c19cedc92df09be255 559d0817533d4fc88348828bd1e67c7a - - 3e4b445b828b49da9386fe0395e9f2aa 3e4b445b828b49da9386fe0395e9f2aa] 199.204.45.95 "GET /allocations/9006f154-b924-4b6b-8bcb-c9eafb40b8a5" status: 200 len: 245 microversion: 1.28 [pid: 7|app: 0|req: 594/1189] 199.204.45.95 () {34 vars in 862 bytes} [Mon Jun 22 17:35:50 2026] GET /allocations/9006f154-b924-4b6b-8bcb-c9eafb40b8a5 => generated 245 bytes in 14 msecs (HTTP/1.1 200) 8 headers in 296 bytes (1 switches on core 0)
2026-06-22 17:35:55.302 7 INFO placement.requestlog [None req-4dd1845c-2eb5-43e3-a5b4-98240ea19c47 - - - - - -] 10.0.0.139 "GET /" status: 200 len: 136 microversion: 1.0
2026-06-22 17:35:55.302 6 INFO placement.requestlog [None req-26476dff-bfcf-4e0b-a701-80ae9df7c110 - - - - - -] 10.0.0.139 "GET /" status: 200 len: 136 microversion: 1.0
2026-06-22 17:36:05.302 7 INFO placement.requestlog [None req-681a05a3-545d-44b4-af6b-09936df4141f - - - - - -] 10.0.0.139 "GET /" status: 200 len: 136 microversion: 1.0
2026-06-22 17:36:05.303 6 INFO placement.requestlog [None req-3e5c0ccb-a057-4608-83d7-a9c380b4c3b7 - - - - - -] 10.0.0.139 "GET /" status: 200 len: 136 microversion: 1.0
2026-06-22 17:36:15.302 6 INFO placement.requestlog [None req-04005fd2-9240-4aa4-acb3-3882be3ea6ce - - - - - -] 10.0.0.139 "GET /" status: 200 len: 136 microversion: 1.0
2026-06-22 17:36:15.302 7 INFO placement.requestlog [None req-58969143-719f-4b8e-a5e8-2943b2eb8070 - - - - - -] 10.0.0.139 "GET /" status: 200 len: 136 microversion: 1.0
2026-06-22 17:36:25.302 7 INFO placement.requestlog [None req-9e5e3364-bb96-4338-89d7-3fb5ac1f515c - - - - - -] 10.0.0.139 "GET /" status: 200 len: 136 microversion: 1.0
2026-06-22 17:36:25.302 6 INFO placement.requestlog [None req-616e6d86-4c16-4b15-ae8f-bf0470db1e14 - - - - - -] 10.0.0.139 "GET /" status: 200 len: 136 microversion: 1.0
2026-06-22 17:36:35.302 7 INFO placement.requestlog [None req-5b012989-d4d9-4ff9-b465-d1910e0aaae7 - - - - - -] 10.0.0.139 "GET /" status: 200 len: 136 microversion: 1.0
2026-06-22 17:36:35.302 6 INFO placement.requestlog [None req-ac9eb9f9-c56c-4bcd-946f-5ea9e426193c - - - - - -] 10.0.0.139 "GET /" status: 200 len: 136 microversion: 1.0
2026-06-22 17:36:37.596 7 INFO placement.requestlog [req-aaae2296-698b-442f-8c85-12a343ac492e req-2291b5fd-f943-4c15-8a94-a2376b9dd426 bf732359b15248c19cedc92df09be255 559d0817533d4fc88348828bd1e67c7a - - 3e4b445b828b49da9386fe0395e9f2aa 3e4b445b828b49da9386fe0395e9f2aa] 199.204.45.95 "GET /resource_providers/d781bd83-1e3b-4871-bc8a-af76a7e92bc8/allocations" status: 200 len: 340 microversion: 1.0 [pid: 7|app: 0|req: 600/1200] 199.204.45.95 () {32 vars in 856 bytes} [Mon Jun 22 17:36:37 2026] GET /resource_providers/d781bd83-1e3b-4871-bc8a-af76a7e92bc8/allocations => generated 340 bytes in 17 msecs (HTTP/1.1 200) 6 headers in 224 bytes (1 switches on core 0)
2026-06-22 17:36:37.620 6 INFO placement.requestlog [req-aaae2296-698b-442f-8c85-12a343ac492e req-925d07e5-db62-44a3-887f-ba7890d4c3d5 bf732359b15248c19cedc92df09be255 559d0817533d4fc88348828bd1e67c7a - - 3e4b445b828b49da9386fe0395e9f2aa 3e4b445b828b49da9386fe0395e9f2aa] 199.204.45.95 "GET /resource_providers/d781bd83-1e3b-4871-bc8a-af76a7e92bc8/allocations" status: 200 len: 340 microversion: 1.0 [pid: 6|app: 0|req: 601/1201] 199.204.45.95 () {32 vars in 856 bytes} [Mon Jun 22 17:36:37 2026] GET /resource_providers/d781bd83-1e3b-4871-bc8a-af76a7e92bc8/allocations => generated 340 bytes in 18 msecs (HTTP/1.1 200) 6 headers in 224 bytes (1 switches on core 0)
2026-06-22 17:36:37.646 7 INFO placement.requestlog [req-aaae2296-698b-442f-8c85-12a343ac492e req-f55d2095-2e25-4f6e-8d60-1f941e20eb1d bf732359b15248c19cedc92df09be255 559d0817533d4fc88348828bd1e67c7a - - 3e4b445b828b49da9386fe0395e9f2aa 3e4b445b828b49da9386fe0395e9f2aa] 199.204.45.95 "GET /allocations/e64956cf-d637-4439-ab10-084a4b1b046d" status: 200 len: 258 microversion: 1.28 [pid: 7|app: 0|req: 601/1202] 199.204.45.95 () {34 vars in 862 bytes} [Mon Jun 22 17:36:37 2026] GET /allocations/e64956cf-d637-4439-ab10-084a4b1b046d => generated 258 bytes in 19 msecs (HTTP/1.1 200) 8 headers in 296 bytes (1 switches on core 0)
2026-06-22 17:36:37.664 6 INFO placement.requestlog [req-aaae2296-698b-442f-8c85-12a343ac492e req-e2a2f13a-0745-4103-b1f3-9255d73dacb2 bf732359b15248c19cedc92df09be255 559d0817533d4fc88348828bd1e67c7a - - 3e4b445b828b49da9386fe0395e9f2aa 3e4b445b828b49da9386fe0395e9f2aa] 199.204.45.95 "GET /allocations/2f2cd322-b43a-448d-a726-ee2cd2db9407" status: 200 len: 258 microversion: 1.28 [pid: 6|app: 0|req: 602/1203] 199.204.45.95 () {34 vars in 862 bytes} [Mon Jun 22 17:36:37 2026] GET /allocations/2f2cd322-b43a-448d-a726-ee2cd2db9407 => generated 258 bytes in 11 msecs (HTTP/1.1 200) 8 headers in 296 bytes (1 switches on core 0)
2026-06-22 17:36:37.692 7 INFO placement.requestlog [req-aaae2296-698b-442f-8c85-12a343ac492e req-baadd0bf-ce42-4d65-883d-ac5ffd3c50e1 bf732359b15248c19cedc92df09be255 559d0817533d4fc88348828bd1e67c7a - - 3e4b445b828b49da9386fe0395e9f2aa 3e4b445b828b49da9386fe0395e9f2aa] 199.204.45.95 "GET /allocations/9006f154-b924-4b6b-8bcb-c9eafb40b8a5" status: 200 len: 245 microversion: 1.28 [pid: 7|app: 0|req: 602/1204] 199.204.45.95 () {34 vars in 862 bytes} [Mon Jun 22 17:36:37 2026] GET /allocations/9006f154-b924-4b6b-8bcb-c9eafb40b8a5 => generated 245 bytes in 23 msecs (HTTP/1.1 200) 8 headers in 296 bytes (1 switches on core 0)
2026-06-22 17:36:45.302 6 INFO placement.requestlog [None req-2e1a576b-eaec-4b1b-9ddf-a15c9b177921 - - - - - -] 10.0.0.139 "GET /" status: 200 len: 136 microversion: 1.0
2026-06-22 17:36:45.303 7 INFO placement.requestlog [None req-5f5755a7-e860-467c-b024-99ace8e50c2e - - - - - -] 10.0.0.139 "GET /" status: 200 len: 136 microversion: 1.0
2026-06-22 17:36:55.302 6 INFO placement.requestlog [None req-dd593602-4c16-4dab-a940-a1c6ff4be1a4 - - - - - -] 10.0.0.139 "GET /" status: 200 len: 136 microversion: 1.0
2026-06-22 17:36:55.303 7 INFO placement.requestlog [None req-bae96672-ba32-4945-b114-fcbc71cb5598 - - - - - -] 10.0.0.139 "GET /" status: 200 len: 136 microversion: 1.0
2026-06-22 17:37:05.302 7 INFO placement.requestlog [None req-cfea21a3-e99e-49ac-8c94-c4989369c42e - - - - - -] 10.0.0.139 "GET /" status: 200 len: 136 microversion: 1.0
2026-06-22 17:37:05.302 6 INFO placement.requestlog [None req-6b828512-1ca1-4875-8451-3f539dc7b2ed - - - - - -] 10.0.0.139 "GET /" status: 200 len: 136 microversion: 1.0
2026-06-22 17:37:15.302 7 INFO placement.requestlog [None req-ae2cbcd9-679f-46b5-92aa-3bb65d6a2a46 - - - - - -] 10.0.0.139 "GET /" status: 200 len: 136 microversion: 1.0
2026-06-22 17:37:15.302 6 INFO placement.requestlog [None req-3776cf52-113b-4b87-847e-173efb9ed6ee - - - - - -] 10.0.0.139 "GET /" status: 200 len: 136 microversion: 1.0
2026-06-22 17:37:25.302 6 INFO placement.requestlog [None req-43d8ffb7-88ec-4062-bf9c-49bf2cea3a8f - - - - - -] 10.0.0.139 "GET /" status: 200 len: 136 microversion: 1.0
2026-06-22 17:37:25.302 7 INFO placement.requestlog [None req-16005cf7-9dbc-4527-817e-3f2fc836960b - - - - - -] 10.0.0.139 "GET /" status: 200 len: 136 microversion: 1.0
2026-06-22 17:37:35.302 7 INFO placement.requestlog [None req-0d5d41ff-5fd2-46ee-91b4-e72d8abf6824 - - - - - -] 10.0.0.139 "GET /" status: 200 len: 136 microversion: 1.0
2026-06-22 17:37:35.302 6 INFO placement.requestlog [None req-f1e3a90a-2310-41c3-8b5d-075c9b860b92 - - - - - -] 10.0.0.139 "GET /" status: 200 len: 136 microversion: 1.0
2026-06-22 17:37:37.718 6 INFO placement.requestlog [req-ca7237b0-aec4-461d-9f56-1f7b55a12aac req-00f1c832-e053-4912-a5a5-36a62e5125db bf732359b15248c19cedc92df09be255 559d0817533d4fc88348828bd1e67c7a - - 3e4b445b828b49da9386fe0395e9f2aa 3e4b445b828b49da9386fe0395e9f2aa] 199.204.45.95 "GET /resource_providers/d781bd83-1e3b-4871-bc8a-af76a7e92bc8/allocations" status: 200 len: 340 microversion: 1.0 [pid: 6|app: 0|req: 609/1217] 199.204.45.95 () {32 vars in 856 bytes} [Mon Jun 22 17:37:37 2026] GET /resource_providers/d781bd83-1e3b-4871-bc8a-af76a7e92bc8/allocations => generated 340 bytes in 18 msecs (HTTP/1.1 200) 6 headers in 224 bytes (1 switches on core 0)
2026-06-22 17:37:37.746 7 INFO placement.requestlog [req-ca7237b0-aec4-461d-9f56-1f7b55a12aac req-d6d7fb09-5245-4d61-9b34-40ea11ddba96 bf732359b15248c19cedc92df09be255 559d0817533d4fc88348828bd1e67c7a - - 3e4b445b828b49da9386fe0395e9f2aa 3e4b445b828b49da9386fe0395e9f2aa] 199.204.45.95 "GET /resource_providers/d781bd83-1e3b-4871-bc8a-af76a7e92bc8/allocations" status: 200 len: 340 microversion: 1.0 [pid: 7|app: 0|req: 609/1218] 199.204.45.95 () {32 vars in 856 bytes} [Mon Jun 22 17:37:37 2026] GET /resource_providers/d781bd83-1e3b-4871-bc8a-af76a7e92bc8/allocations => generated 340 bytes in 19 msecs (HTTP/1.1 200) 6 headers in 224 bytes (1 switches on core 0)
2026-06-22 17:37:37.762 6 INFO placement.requestlog [req-ca7237b0-aec4-461d-9f56-1f7b55a12aac req-c0ba6bce-5368-4a41-b8df-37f97c4ed8a1 bf732359b15248c19cedc92df09be255 559d0817533d4fc88348828bd1e67c7a - - 3e4b445b828b49da9386fe0395e9f2aa 3e4b445b828b49da9386fe0395e9f2aa] 199.204.45.95 "GET /allocations/e64956cf-d637-4439-ab10-084a4b1b046d" status: 200 len: 258 microversion: 1.28 [pid: 6|app: 0|req: 610/1219] 199.204.45.95 () {34 vars in 862 bytes} [Mon Jun 22 17:37:37 2026] GET /allocations/e64956cf-d637-4439-ab10-084a4b1b046d => generated 258 bytes in 12 msecs (HTTP/1.1 200) 8 headers in 296 bytes (1 switches on core 0)
2026-06-22 17:37:37.775 7 INFO placement.requestlog [req-ca7237b0-aec4-461d-9f56-1f7b55a12aac req-c156fc36-925a-4610-89b6-7225e66df5e0 bf732359b15248c19cedc92df09be255 559d0817533d4fc88348828bd1e67c7a - - 3e4b445b828b49da9386fe0395e9f2aa 3e4b445b828b49da9386fe0395e9f2aa] 199.204.45.95 "GET /allocations/2f2cd322-b43a-448d-a726-ee2cd2db9407" status: 200 len: 258 microversion: 1.28 [pid: 7|app: 0|req: 610/1220] 199.204.45.95 () {34 vars in 862 bytes} [Mon Jun 22 17:37:37 2026] GET /allocations/2f2cd322-b43a-448d-a726-ee2cd2db9407 => generated 258 bytes in 7 msecs (HTTP/1.1 200) 8 headers in 296 bytes (1 switches on core 0)
2026-06-22 17:37:37.790 6 INFO placement.requestlog [req-ca7237b0-aec4-461d-9f56-1f7b55a12aac req-a2479535-5e97-46f9-860c-2665019f151f bf732359b15248c19cedc92df09be255 559d0817533d4fc88348828bd1e67c7a - - 3e4b445b828b49da9386fe0395e9f2aa 3e4b445b828b49da9386fe0395e9f2aa] 199.204.45.95 "GET /allocations/9006f154-b924-4b6b-8bcb-c9eafb40b8a5" status: 200 len: 245 microversion: 1.28 [pid: 6|app: 0|req: 611/1221] 199.204.45.95 () {34 vars in 862 bytes} [Mon Jun 22 17:37:37 2026] GET /allocations/9006f154-b924-4b6b-8bcb-c9eafb40b8a5 => generated 245 bytes in 11 msecs (HTTP/1.1 200) 8 headers in 296 bytes (1 switches on core 0)
2026-06-22 17:37:45.302 7 INFO placement.requestlog [None req-55059bf3-61b9-4dad-98b7-21ab0b0809f5 - - - - - -] 10.0.0.139 "GET /" status: 200 len: 136 microversion: 1.0
2026-06-22 17:37:45.302 6 INFO placement.requestlog [None req-60e91639-20fe-4206-8564-590dce7785a8 - - - - - -] 10.0.0.139 "GET /" status: 200 len: 136 microversion: 1.0
2026-06-22 17:37:55.302 7 INFO placement.requestlog [None req-4b202320-44cc-48a8-baf9-d76798a48bb9 - - - - - -] 10.0.0.139 "GET /" status: 200 len: 136 microversion: 1.0
2026-06-22 17:37:55.302 6 INFO placement.requestlog [None req-c17e3e26-6d3c-4633-86be-793403d37439 - - - - - -] 10.0.0.139 "GET /" status: 200 len: 136 microversion: 1.0
2026-06-22 17:38:05.305 7 INFO placement.requestlog [None req-2c1499ae-4fab-4299-8c02-1782dae5810f - - - - - -] 10.0.0.139 "GET /" status: 200 len: 136 microversion: 1.0
2026-06-22 17:38:05.308 6 INFO placement.requestlog [None req-e92b3d67-99c4-4732-9ac2-ec4b901a333d - - - - - -] 10.0.0.139 "GET /" status: 200 len: 136 microversion: 1.0
2026-06-22 17:38:15.304 7 INFO placement.requestlog [None req-a0448b19-891c-4f32-bbec-c81f8114e60a - - - - - -] 10.0.0.139 "GET /" status: 200 len: 136 microversion: 1.0
2026-06-22 17:38:15.304 6 INFO placement.requestlog [None req-9ef16f1a-a369-44e4-bfdb-a469616f5871 - - - - - -] 10.0.0.139 "GET /" status: 200 len: 136 microversion: 1.0
2026-06-22 17:38:25.304 7 INFO placement.requestlog [None req-fe3edd7e-a729-4b0e-a838-043c2f780e52 - - - - - -] 10.0.0.139 "GET /" status: 200 len: 136 microversion: 1.0
2026-06-22 17:38:25.307 6 INFO placement.requestlog [None req-d6f43b59-abe3-45f2-96ad-60c5a45778a8 - - - - - -] 10.0.0.139 "GET /" status: 200 len: 136 microversion: 1.0
2026-06-22 17:38:35.301 7 INFO placement.requestlog [None req-a82b076b-4141-4999-a1d9-8eea3338c461 - - - - - -] 10.0.0.139 "GET /" status: 200 len: 136 microversion: 1.0
2026-06-22 17:38:35.302 6 INFO placement.requestlog [None req-043b5d63-24db-4ebb-8367-d9a7e5e18572 - - - - - -] 10.0.0.139 "GET /" status: 200 len: 136 microversion: 1.0
2026-06-22 17:38:39.497 7 INFO placement.requestlog [req-08610a29-4d41-4622-9f89-54b7816647dd req-9505881e-4032-4493-bf44-be1c60c803d0 bf732359b15248c19cedc92df09be255 559d0817533d4fc88348828bd1e67c7a - - 3e4b445b828b49da9386fe0395e9f2aa 3e4b445b828b49da9386fe0395e9f2aa] 199.204.45.95 "GET /resource_providers/d781bd83-1e3b-4871-bc8a-af76a7e92bc8/allocations" status: 200 len: 340 microversion: 1.0 [pid: 7|app: 0|req: 617/1234] 199.204.45.95 () {32 vars in 856 bytes} [Mon Jun 22 17:38:39 2026] GET /resource_providers/d781bd83-1e3b-4871-bc8a-af76a7e92bc8/allocations => generated 340 bytes in 26 msecs (HTTP/1.1 200) 6 headers in 224 bytes (1 switches on core 0)
2026-06-22 17:38:39.530 6 INFO placement.requestlog [req-08610a29-4d41-4622-9f89-54b7816647dd req-04d8a81c-c80e-4c2f-b56e-1a0033654627 bf732359b15248c19cedc92df09be255 559d0817533d4fc88348828bd1e67c7a - - 3e4b445b828b49da9386fe0395e9f2aa 3e4b445b828b49da9386fe0395e9f2aa] 199.204.45.95 "GET /resource_providers/d781bd83-1e3b-4871-bc8a-af76a7e92bc8/allocations" status: 200 len: 340 microversion: 1.0 [pid: 6|app: 0|req: 618/1235] 199.204.45.95 () {32 vars in 856 bytes} [Mon Jun 22 17:38:39 2026] GET /resource_providers/d781bd83-1e3b-4871-bc8a-af76a7e92bc8/allocations => generated 340 bytes in 26 msecs (HTTP/1.1 200) 6 headers in 224 bytes (1 switches on core 0)
2026-06-22 17:38:39.555 7 INFO placement.requestlog [req-08610a29-4d41-4622-9f89-54b7816647dd req-f87f36d0-62db-4e12-b737-8238aebf3a64 bf732359b15248c19cedc92df09be255 559d0817533d4fc88348828bd1e67c7a - - 3e4b445b828b49da9386fe0395e9f2aa 3e4b445b828b49da9386fe0395e9f2aa] 199.204.45.95 "GET /allocations/e64956cf-d637-4439-ab10-084a4b1b046d" status: 200 len: 258 microversion: 1.28 [pid: 7|app: 0|req: 618/1236] 199.204.45.95 () {34 vars in 862 bytes} [Mon Jun 22 17:38:39 2026] GET /allocations/e64956cf-d637-4439-ab10-084a4b1b046d => generated 258 bytes in 12 msecs (HTTP/1.1 200) 8 headers in 296 bytes (1 switches on core 0)
2026-06-22 17:38:39.587 6 INFO placement.requestlog [req-08610a29-4d41-4622-9f89-54b7816647dd req-33f4ee7a-5acf-48ee-97d5-d09ebeadc744 bf732359b15248c19cedc92df09be255 559d0817533d4fc88348828bd1e67c7a - - 3e4b445b828b49da9386fe0395e9f2aa 3e4b445b828b49da9386fe0395e9f2aa] 199.204.45.95 "GET /allocations/2f2cd322-b43a-448d-a726-ee2cd2db9407" status: 200 len: 258 microversion: 1.28 [pid: 6|app: 0|req: 619/1237] 199.204.45.95 () {34 vars in 862 bytes} [Mon Jun 22 17:38:39 2026] GET /allocations/2f2cd322-b43a-448d-a726-ee2cd2db9407 => generated 258 bytes in 23 msecs (HTTP/1.1 200) 8 headers in 296 bytes (1 switches on core 0)
2026-06-22 17:38:39.607 7 INFO placement.requestlog [req-08610a29-4d41-4622-9f89-54b7816647dd req-05a51cbb-0be7-462e-9e5f-a58956585aa7 bf732359b15248c19cedc92df09be255 559d0817533d4fc88348828bd1e67c7a - - 3e4b445b828b49da9386fe0395e9f2aa 3e4b445b828b49da9386fe0395e9f2aa] 199.204.45.95 "GET /allocations/9006f154-b924-4b6b-8bcb-c9eafb40b8a5" status: 200 len: 245 microversion: 1.28 [pid: 7|app: 0|req: 619/1238] 199.204.45.95 () {34 vars in 862 bytes} [Mon Jun 22 17:38:39 2026] GET /allocations/9006f154-b924-4b6b-8bcb-c9eafb40b8a5 => generated 245 bytes in 13 msecs (HTTP/1.1 200) 8 headers in 296 bytes (1 switches on core 0)
2026-06-22 17:38:41.647 6 INFO placement.requestlog [req-215ef6e8-dc8e-417d-86fd-6bfbda2fe575 req-0ce55767-0de1-447b-9f65-b4c9b318d37b bf732359b15248c19cedc92df09be255 559d0817533d4fc88348828bd1e67c7a - - 3e4b445b828b49da9386fe0395e9f2aa 3e4b445b828b49da9386fe0395e9f2aa] 199.204.45.95 "GET /resource_providers/d781bd83-1e3b-4871-bc8a-af76a7e92bc8/allocations" status: 200 len: 340 microversion: 1.0 [pid: 6|app: 0|req: 620/1239] 199.204.45.95 () {32 vars in 856 bytes} [Mon Jun 22 17:38:41 2026] GET /resource_providers/d781bd83-1e3b-4871-bc8a-af76a7e92bc8/allocations => generated 340 bytes in 19 msecs (HTTP/1.1 200) 6 headers in 224 bytes (1 switches on core 0)
2026-06-22 17:38:41.664 7 INFO placement.requestlog [req-215ef6e8-dc8e-417d-86fd-6bfbda2fe575 req-5c6dae93-c57d-4df4-856d-08730e783d9d bf732359b15248c19cedc92df09be255 559d0817533d4fc88348828bd1e67c7a - - 3e4b445b828b49da9386fe0395e9f2aa 3e4b445b828b49da9386fe0395e9f2aa] 199.204.45.95 "GET /allocations/e64956cf-d637-4439-ab10-084a4b1b046d" status: 200 len: 258 microversion: 1.28 [pid: 7|app: 0|req: 620/1240] 199.204.45.95 () {34 vars in 862 bytes} [Mon Jun 22 17:38:41 2026] GET /allocations/e64956cf-d637-4439-ab10-084a4b1b046d => generated 258 bytes in 11 msecs (HTTP/1.1 200) 8 headers in 296 bytes (1 switches on core 0)
2026-06-22 17:38:41.681 6 INFO placement.requestlog [req-215ef6e8-dc8e-417d-86fd-6bfbda2fe575 req-42aa78df-46ec-4953-99b0-9fd90df6a63a bf732359b15248c19cedc92df09be255 559d0817533d4fc88348828bd1e67c7a - - 3e4b445b828b49da9386fe0395e9f2aa 3e4b445b828b49da9386fe0395e9f2aa] 199.204.45.95 "GET /allocations/2f2cd322-b43a-448d-a726-ee2cd2db9407" status: 200 len: 258 microversion: 1.28 [pid: 6|app: 0|req: 621/1241] 199.204.45.95 () {34 vars in 862 bytes} [Mon Jun 22 17:38:41 2026] GET /allocations/2f2cd322-b43a-448d-a726-ee2cd2db9407 => generated 258 bytes in 13 msecs (HTTP/1.1 200) 8 headers in 296 bytes (1 switches on core 0)
2026-06-22 17:38:41.696 7 INFO placement.requestlog [req-215ef6e8-dc8e-417d-86fd-6bfbda2fe575 req-879da9eb-375c-44fb-951a-1725c5f7763b bf732359b15248c19cedc92df09be255 559d0817533d4fc88348828bd1e67c7a - - 3e4b445b828b49da9386fe0395e9f2aa 3e4b445b828b49da9386fe0395e9f2aa] 199.204.45.95 "GET /allocations/9006f154-b924-4b6b-8bcb-c9eafb40b8a5" status: 200 len: 245 microversion: 1.28 [pid: 7|app: 0|req: 621/1242] 199.204.45.95 () {34 vars in 862 bytes} [Mon Jun 22 17:38:41 2026] GET /allocations/9006f154-b924-4b6b-8bcb-c9eafb40b8a5 => generated 245 bytes in 10 msecs (HTTP/1.1 200) 8 headers in 296 bytes (1 switches on core 0)
2026-06-22 17:38:42.751 6 INFO placement.requestlog [req-215ef6e8-dc8e-417d-86fd-6bfbda2fe575 req-799debb0-c339-4c06-9a9d-2af9a3efde36 bf732359b15248c19cedc92df09be255 559d0817533d4fc88348828bd1e67c7a - - 3e4b445b828b49da9386fe0395e9f2aa 3e4b445b828b49da9386fe0395e9f2aa] 199.204.45.95 "DELETE /allocations/9006f154-b924-4b6b-8bcb-c9eafb40b8a5" status: 204 len: 0 microversion: 1.0 [pid: 6|app: 0|req: 622/1243] 199.204.45.95 () {34 vars in 840 bytes} [Mon Jun 22 17:38:42 2026] DELETE /allocations/9006f154-b924-4b6b-8bcb-c9eafb40b8a5 => generated 0 bytes in 29 msecs (HTTP/1.1 204) 5 headers in 198 bytes (1 switches on core 0)
2026-06-22 17:38:44.961 7 INFO placement.requestlog [req-bfb55b98-6013-4889-b30f-02c92c40e8a8 req-5a306ee1-3a0e-404b-a3e2-65d2d9aa5a7b bf732359b15248c19cedc92df09be255 559d0817533d4fc88348828bd1e67c7a - - 3e4b445b828b49da9386fe0395e9f2aa 3e4b445b828b49da9386fe0395e9f2aa] 199.204.45.95 "GET /resource_providers/d781bd83-1e3b-4871-bc8a-af76a7e92bc8/allocations" status: 200 len: 253 microversion: 1.0 [pid: 7|app: 0|req: 622/1244] 199.204.45.95 () {32 vars in 856 bytes} [Mon Jun 22 17:38:44 2026] GET /resource_providers/d781bd83-1e3b-4871-bc8a-af76a7e92bc8/allocations => generated 253 bytes in 16 msecs (HTTP/1.1 200) 6 headers in 224 bytes (1 switches on core 0)
2026-06-22 17:38:44.983 6 INFO placement.requestlog [req-bfb55b98-6013-4889-b30f-02c92c40e8a8 req-0db07914-ad85-440d-97cb-1212b6f2a25d bf732359b15248c19cedc92df09be255 559d0817533d4fc88348828bd1e67c7a - - 3e4b445b828b49da9386fe0395e9f2aa 3e4b445b828b49da9386fe0395e9f2aa] 199.204.45.95 "GET /allocations/e64956cf-d637-4439-ab10-084a4b1b046d" status: 200 len: 258 microversion: 1.28 [pid: 6|app: 0|req: 623/1245] 199.204.45.95 () {34 vars in 862 bytes} [Mon Jun 22 17:38:44 2026] GET /allocations/e64956cf-d637-4439-ab10-084a4b1b046d => generated 258 bytes in 17 msecs (HTTP/1.1 200) 8 headers in 296 bytes (1 switches on core 0)
2026-06-22 17:38:44.999 7 INFO placement.requestlog [req-bfb55b98-6013-4889-b30f-02c92c40e8a8 req-4483215c-d0a2-48a7-9ac2-a4733184f8b9 bf732359b15248c19cedc92df09be255 559d0817533d4fc88348828bd1e67c7a - - 3e4b445b828b49da9386fe0395e9f2aa 3e4b445b828b49da9386fe0395e9f2aa] 199.204.45.95 "GET /allocations/2f2cd322-b43a-448d-a726-ee2cd2db9407" status: 200 len: 258 microversion: 1.28 [pid: 7|app: 0|req: 623/1246] 199.204.45.95 () {34 vars in 862 bytes} [Mon Jun 22 17:38:44 2026] GET /allocations/2f2cd322-b43a-448d-a726-ee2cd2db9407 => generated 258 bytes in 13 msecs (HTTP/1.1 200) 8 headers in 296 bytes (1 switches on core 0)
2026-06-22 17:38:45.302 6 INFO placement.requestlog [None req-a3d88442-ec52-4e82-b542-d4b3ac46479d - - - - - -] 10.0.0.139 "GET /" status: 200 len: 136 microversion: 1.0
2026-06-22 17:38:45.303 7 INFO placement.requestlog [None req-13e8f5fa-5c94-4fdb-8b48-b464bb77b123 - - - - - -] 10.0.0.139 "GET /" status: 200 len: 136 microversion: 1.0
2026-06-22 17:38:46.051 6 INFO placement.requestlog [req-bfb55b98-6013-4889-b30f-02c92c40e8a8 req-0337f4c3-2f4c-49b1-abb5-69047b2daeb4 bf732359b15248c19cedc92df09be255 559d0817533d4fc88348828bd1e67c7a - - 3e4b445b828b49da9386fe0395e9f2aa 3e4b445b828b49da9386fe0395e9f2aa] 199.204.45.95 "DELETE /allocations/e64956cf-d637-4439-ab10-084a4b1b046d" status: 204 len: 0 microversion: 1.0 [pid: 6|app: 0|req: 625/1249] 199.204.45.95 () {34 vars in 840 bytes} [Mon Jun 22 17:38:46 2026] DELETE /allocations/e64956cf-d637-4439-ab10-084a4b1b046d => generated 0 bytes in 25 msecs (HTTP/1.1 204) 5 headers in 198 bytes (1 switches on core 0)
2026-06-22 17:38:55.302 6 INFO placement.requestlog [None req-2a6f5c17-62f1-4461-8a11-c34579d3a771 - - - - - -] 10.0.0.139 "GET /" status: 200 len: 136 microversion: 1.0
2026-06-22 17:38:55.302 7 INFO placement.requestlog [None req-f8ae5ced-655a-4647-bfa6-3dc063338351 - - - - - -] 10.0.0.139 "GET /" status: 200 len: 136 microversion: 1.0
2026-06-22 17:38:55.971 6 INFO placement.requestlog [req-3c5c9432-d079-4f33-bcf8-c5cf7f2b2493 req-b855cca7-9e6a-4c43-8191-a10684282d2f bf732359b15248c19cedc92df09be255 559d0817533d4fc88348828bd1e67c7a - - 3e4b445b828b49da9386fe0395e9f2aa 3e4b445b828b49da9386fe0395e9f2aa] 199.204.45.95 "GET /resource_providers/d781bd83-1e3b-4871-bc8a-af76a7e92bc8/allocations" status: 200 len: 153 microversion: 1.0 [pid: 6|app: 0|req: 627/1252] 199.204.45.95 () {32 vars in 856 bytes} [Mon Jun 22 17:38:55 2026] GET /resource_providers/d781bd83-1e3b-4871-bc8a-af76a7e92bc8/allocations => generated 153 bytes in 18 msecs (HTTP/1.1 200) 6 headers in 224 bytes (1 switches on core 0)
2026-06-22 17:38:55.995 7 INFO placement.requestlog [req-3c5c9432-d079-4f33-bcf8-c5cf7f2b2493 req-e61f6e71-729a-4800-a4ac-0930e779e144 bf732359b15248c19cedc92df09be255 559d0817533d4fc88348828bd1e67c7a - - 3e4b445b828b49da9386fe0395e9f2aa 3e4b445b828b49da9386fe0395e9f2aa] 199.204.45.95 "GET /allocations/2f2cd322-b43a-448d-a726-ee2cd2db9407" status: 200 len: 258 microversion: 1.28 [pid: 7|app: 0|req: 626/1253] 199.204.45.95 () {34 vars in 862 bytes} [Mon Jun 22 17:38:55 2026] GET /allocations/2f2cd322-b43a-448d-a726-ee2cd2db9407 => generated 258 bytes in 17 msecs (HTTP/1.1 200) 8 headers in 296 bytes (1 switches on core 0)
