2026-06-22 17:30:21.948 7 INFO neutron_taas.services.taas.taas_plugin [None req-07d610fc-37a3-4499-9800-84b053f8988e 97a4d7985e1b45f69df3d7f93428b21b df5b244c94cc45a3a5da3cd1ac15554e - - default default] TaaS: Handle Delete Port: f3c2fa63-9803-4afc-8f79-4ea0b09a9870
2026-06-22 17:30:21.951 7 INFO neutron_taas.services.taas.tap_mirror_plugin [None req-07d610fc-37a3-4499-9800-84b053f8988e 97a4d7985e1b45f69df3d7f93428b21b df5b244c94cc45a3a5da3cd1ac15554e - - default default] Tap Mirror: Handle Delete Port: f3c2fa63-9803-4afc-8f79-4ea0b09a9870 [pid: 8|app: 0|req: 948/1886] 10.0.0.101 () {32 vars in 690 bytes} [Mon Jun 22 17:30:21 2026] GET /v2.0/ports?not-tags-any=red%2Cblue => generated 5268 bytes in 207 msecs (HTTP/1.1 200) 4 headers in 158 bytes (1 switches on core 0)
2026-06-22 17:30:22.027 8 INFO neutron.db.ovn_revision_numbers_db [None req-1b3f5b3d-b2e6-4702-ab25-281064e50006 - - - - - -] Successfully bumped revision number for resource 80451bbd-d195-4a2a-b008-b0f59d999d41 (type: router_ports) to 2
2026-06-22 17:30:22.028 8 INFO neutron.plugins.ml2.drivers.ovn.mech_driver.mech_driver [None req-1b3f5b3d-b2e6-4702-ab25-281064e50006 - - - - - -] OVN reports status down for port: 436ee7df-ef5b-49a4-b048-324b82e2f8d2
2026-06-22 17:30:22.131 7 INFO neutron.services.segments.plugin [-] Segment 61d7decc-989c-4b35-b779-64cd4a224608 resource provider aggregate not found
2026-06-22 17:30:22.135 7 INFO neutron.services.segments.plugin [-] Segment 61d7decc-989c-4b35-b779-64cd4a224608 resource provider aggregate not found
2026-06-22 17:30:22.149 7 INFO neutron.services.segments.plugin [-] Segment 61d7decc-989c-4b35-b779-64cd4a224608 resource provider not found; error: Placement Client Error (4xx): {"errors": [{"status": 404, "title": "Not Found", "detail": "The resource could not be found.\n\n No resource provider with uuid 61d7decc-989c-4b35-b779-64cd4a224608 found for delete ", "request_id": "req-9df64922-e054-4915-b516-df299fcf4e2e"}]}
2026-06-22 17:30:22.154 7 INFO neutron.services.segments.plugin [-] Segment 61d7decc-989c-4b35-b779-64cd4a224608 resource provider not found; error: Placement Client Error (4xx): {"errors": [{"status": 404, "title": "Not Found", "detail": "The resource could not be found.\n\n No resource provider with uuid 61d7decc-989c-4b35-b779-64cd4a224608 found for delete ", "request_id": "req-74cd9c26-1f47-469e-8caa-78010d52a569"}]} [pid: 7|app: 0|req: 939/1887] 10.0.0.101 () {32 vars in 726 bytes} [Mon Jun 22 17:30:21 2026] DELETE /v2.0/networks/100ab98a-23dd-40e7-9868-2a2ff751972b => generated 0 bytes in 334 msecs (HTTP/1.1 204) 3 headers in 131 bytes (1 switches on core 0)
2026-06-22 17:30:22.191 8 INFO neutron.plugins.ml2.drivers.ovn.mech_driver.mech_driver [None req-1b3f5b3d-b2e6-4702-ab25-281064e50006 - - - - - -] OVN reports status down for port: 7a5b8de2-f656-48f6-8adc-2e5ae5753529
2026-06-22 17:30:22.219 8 INFO neutron.db.ovn_revision_numbers_db [None req-8dc8182a-ea5b-4318-b4e5-2444096ca3f3 eb592727d3c64280b558d5de4c77bcd3 0091294894ad4b08a8622311416a05b0 - - default default] Successfully bumped revision number for resource 6521a601-0229-4044-ac6f-8fd0114e77c8 (type: security_groups) to 1
2026-06-22 17:30:22.234 8 INFO neutron.db.ovn_revision_numbers_db [None req-8dc8182a-ea5b-4318-b4e5-2444096ca3f3 eb592727d3c64280b558d5de4c77bcd3 0091294894ad4b08a8622311416a05b0 - - default default] Successfully bumped revision number for resource 0ab0d128-0c0a-47aa-9d1f-49eee9c56f7b (type: security_group_rules) to 0
2026-06-22 17:30:22.254 8 INFO neutron.db.ovn_revision_numbers_db [None req-8dc8182a-ea5b-4318-b4e5-2444096ca3f3 eb592727d3c64280b558d5de4c77bcd3 0091294894ad4b08a8622311416a05b0 - - default default] Successfully bumped revision number for resource 6e222dc4-a3a3-459e-97e5-b5cfba5dbc56 (type: security_group_rules) to 0
2026-06-22 17:30:22.272 8 INFO neutron.db.ovn_revision_numbers_db [None req-8dc8182a-ea5b-4318-b4e5-2444096ca3f3 eb592727d3c64280b558d5de4c77bcd3 0091294894ad4b08a8622311416a05b0 - - default default] Successfully bumped revision number for resource 7303f7a4-419e-4e10-a787-1a24e22fb265 (type: security_group_rules) to 0
2026-06-22 17:30:22.273 8 INFO neutron.plugins.ml2.drivers.ovn.mech_driver.mech_driver [None req-1b3f5b3d-b2e6-4702-ab25-281064e50006 - - - - - -] OVN reports status down for port: 874b6abd-c83d-443d-acb6-f8d0d01edbfa
2026-06-22 17:30:22.294 8 INFO neutron.db.ovn_revision_numbers_db [None req-8dc8182a-ea5b-4318-b4e5-2444096ca3f3 eb592727d3c64280b558d5de4c77bcd3 0091294894ad4b08a8622311416a05b0 - - default default] Successfully bumped revision number for resource f457919f-022b-4216-8abf-87309e8772f0 (type: security_group_rules) to 0
2026-06-22 17:30:22.304 7 INFO neutron_taas.services.taas.taas_plugin [None req-9771324b-e763-4893-8e44-4eb3044b868a 4a136a165733425bafaa36e30d4ded3e 2a082002f5e34f0a93872a76af9df814 - - default default] TaaS: Handle Delete Port: 5b10483a-d9a5-4ce6-b8dd-44e7416f556f
2026-06-22 17:30:22.308 7 INFO neutron_taas.services.taas.tap_mirror_plugin [None req-9771324b-e763-4893-8e44-4eb3044b868a 4a136a165733425bafaa36e30d4ded3e 2a082002f5e34f0a93872a76af9df814 - - default default] Tap Mirror: Handle Delete Port: 5b10483a-d9a5-4ce6-b8dd-44e7416f556f [pid: 8|app: 0|req: 949/1888] 10.0.0.101 () {32 vars in 774 bytes} [Mon Jun 22 17:30:21 2026] GET /v2.0/security-groups?tenant_id=cc2fdbacdb39468ea2650dc56c3fd2b3&name=default => generated 2925 bytes in 378 msecs (HTTP/1.1 200) 4 headers in 158 bytes (1 switches on core 0)
2026-06-22 17:30:22.376 8 INFO neutron.plugins.ml2.drivers.ovn.mech_driver.mech_driver [None req-1b3f5b3d-b2e6-4702-ab25-281064e50006 - - - - - -] OVN reports status down for port: cc763d90-35e2-447a-81fb-7644390c2171 [pid: 7|app: 0|req: 940/1889] 10.0.0.101 () {32 vars in 720 bytes} [Mon Jun 22 17:30:22 2026] DELETE /v2.0/ports/5b10483a-d9a5-4ce6-b8dd-44e7416f556f => generated 0 bytes in 270 msecs (HTTP/1.1 204) 3 headers in 131 bytes (1 switches on core 0)
2026-06-22 17:30:22.498 8 INFO neutron.plugins.ml2.drivers.ovn.mech_driver.mech_driver [None req-1b3f5b3d-b2e6-4702-ab25-281064e50006 - - - - - -] OVN reports status down for port: 850f1cb8-234e-4978-904f-69382e6ab65f
2026-06-22 17:30:22.625 8 INFO neutron_taas.services.taas.taas_plugin [None req-77a84034-dd11-4aa4-9e9e-373deb20dc6b 97a4d7985e1b45f69df3d7f93428b21b df5b244c94cc45a3a5da3cd1ac15554e - - default default] TaaS: Handle Delete Port: c21ea778-5b61-41c6-8598-af0f0012522b
2026-06-22 17:30:22.629 8 INFO neutron.plugins.ml2.drivers.ovn.mech_driver.mech_driver [None req-1b3f5b3d-b2e6-4702-ab25-281064e50006 - - - - - -] OVN reports status down for port: 6a6fefa4-1893-43a3-8fef-c911836abc8d
2026-06-22 17:30:22.630 8 INFO neutron_taas.services.taas.tap_mirror_plugin [None req-77a84034-dd11-4aa4-9e9e-373deb20dc6b 97a4d7985e1b45f69df3d7f93428b21b df5b244c94cc45a3a5da3cd1ac15554e - - default default] Tap Mirror: Handle Delete Port: c21ea778-5b61-41c6-8598-af0f0012522b [pid: 7|app: 0|req: 941/1890] 10.0.0.101 () {32 vars in 740 bytes} [Mon Jun 22 17:30:22 2026] DELETE /v2.0/security-groups/6521a601-0229-4044-ac6f-8fd0114e77c8 => generated 0 bytes in 287 msecs (HTTP/1.1 204) 2 headers in 112 bytes (1 switches on core 0)
2026-06-22 17:30:22.883 8 INFO neutron.services.segments.plugin [-] Segment 6d44f9d8-29d9-4aee-a7cf-b08035f99439 resource provider aggregate not found
2026-06-22 17:30:22.892 8 INFO neutron.services.segments.plugin [-] Segment 6d44f9d8-29d9-4aee-a7cf-b08035f99439 resource provider aggregate not found
2026-06-22 17:30:22.895 7 INFO neutron_taas.services.taas.taas_plugin [None req-a7c96074-4aaa-4000-9f6c-6502e71dd9af 4a136a165733425bafaa36e30d4ded3e 2a082002f5e34f0a93872a76af9df814 - - default default] TaaS: Handle Delete Port: 7a5b8de2-f656-48f6-8adc-2e5ae5753529
2026-06-22 17:30:22.898 7 INFO neutron_taas.services.taas.tap_mirror_plugin [None req-a7c96074-4aaa-4000-9f6c-6502e71dd9af 4a136a165733425bafaa36e30d4ded3e 2a082002f5e34f0a93872a76af9df814 - - default default] Tap Mirror: Handle Delete Port: 7a5b8de2-f656-48f6-8adc-2e5ae5753529
2026-06-22 17:30:22.916 8 INFO neutron.services.segments.plugin [-] Segment 6d44f9d8-29d9-4aee-a7cf-b08035f99439 resource provider not found; error: Placement Client Error (4xx): {"errors": [{"status": 404, "title": "Not Found", "detail": "The resource could not be found.\n\n No resource provider with uuid 6d44f9d8-29d9-4aee-a7cf-b08035f99439 found for delete ", "request_id": "req-165d0651-5c90-49a0-a332-7c2df805ef9c"}]}
2026-06-22 17:30:22.922 8 INFO neutron.services.segments.plugin [-] Segment 6d44f9d8-29d9-4aee-a7cf-b08035f99439 resource provider not found; error: Placement Client Error (4xx): {"errors": [{"status": 404, "title": "Not Found", "detail": "The resource could not be found.\n\n No resource provider with uuid 6d44f9d8-29d9-4aee-a7cf-b08035f99439 found for delete ", "request_id": "req-fad6c6ae-3566-45c3-bfc8-a0d1e76f4715"}]} [pid: 8|app: 0|req: 950/1891] 10.0.0.101 () {32 vars in 726 bytes} [Mon Jun 22 17:30:22 2026] DELETE /v2.0/networks/12bd0191-960e-4f36-811e-78adf11cc343 => generated 0 bytes in 586 msecs (HTTP/1.1 204) 3 headers in 131 bytes (1 switches on core 0) [pid: 8|app: 0|req: 951/1892] 10.0.0.215 () {34 vars in 990 bytes} [Mon Jun 22 17:30:22 2026] GET /v2.0/ports?device_id=629289dd-09ba-4ebc-a366-e404534be580 => generated 12 bytes in 19 msecs (HTTP/1.1 200) 4 headers in 156 bytes (1 switches on core 0) [pid: 7|app: 0|req: 942/1893] 10.0.0.101 () {32 vars in 720 bytes} [Mon Jun 22 17:30:22 2026] DELETE /v2.0/ports/7a5b8de2-f656-48f6-8adc-2e5ae5753529 => generated 0 bytes in 296 msecs (HTTP/1.1 204) 3 headers in 131 bytes (1 switches on core 0)
2026-06-22 17:30:23.121 8 INFO neutron_taas.services.taas.taas_plugin [None req-0917a8e3-f775-4405-9ee9-305b226c7414 97a4d7985e1b45f69df3d7f93428b21b df5b244c94cc45a3a5da3cd1ac15554e - - default default] TaaS: Handle Delete Port: c94dcc78-054e-4c15-882e-d84a5b43d263
2026-06-22 17:30:23.124 8 INFO neutron_taas.services.taas.tap_mirror_plugin [None req-0917a8e3-f775-4405-9ee9-305b226c7414 97a4d7985e1b45f69df3d7f93428b21b df5b244c94cc45a3a5da3cd1ac15554e - - default default] Tap Mirror: Handle Delete Port: c94dcc78-054e-4c15-882e-d84a5b43d263
2026-06-22 17:30:23.176 7 INFO neutron_taas.services.taas.taas_plugin [None req-49001812-d979-40fc-ab52-2790481156fa 4a136a165733425bafaa36e30d4ded3e 2a082002f5e34f0a93872a76af9df814 - - default default] TaaS: Handle Delete Port: cc763d90-35e2-447a-81fb-7644390c2171
2026-06-22 17:30:23.180 7 INFO neutron_taas.services.taas.tap_mirror_plugin [None req-49001812-d979-40fc-ab52-2790481156fa 4a136a165733425bafaa36e30d4ded3e 2a082002f5e34f0a93872a76af9df814 - - default default] Tap Mirror: Handle Delete Port: cc763d90-35e2-447a-81fb-7644390c2171 [pid: 7|app: 0|req: 943/1894] 10.0.0.101 () {32 vars in 720 bytes} [Mon Jun 22 17:30:23 2026] DELETE /v2.0/ports/cc763d90-35e2-447a-81fb-7644390c2171 => generated 0 bytes in 304 msecs (HTTP/1.1 204) 3 headers in 131 bytes (1 switches on core 0) [pid: 8|app: 0|req: 952/1895] 10.0.0.101 () {32 vars in 726 bytes} [Mon Jun 22 17:30:22 2026] DELETE /v2.0/networks/458b6f4e-fe62-4937-8029-61fac90204da => generated 0 bytes in 372 msecs (HTTP/1.1 204) 3 headers in 131 bytes (1 switches on core 0)
2026-06-22 17:30:23.451 8 INFO neutron_taas.services.taas.taas_plugin [None req-497800dc-c8ed-49a8-ba4c-28d454272c14 97a4d7985e1b45f69df3d7f93428b21b df5b244c94cc45a3a5da3cd1ac15554e - - default default] TaaS: Handle Delete Port: b26dc6e5-bf6e-44fa-b035-23f393ac4b20
2026-06-22 17:30:23.453 8 INFO neutron_taas.services.taas.tap_mirror_plugin [None req-497800dc-c8ed-49a8-ba4c-28d454272c14 97a4d7985e1b45f69df3d7f93428b21b df5b244c94cc45a3a5da3cd1ac15554e - - default default] Tap Mirror: Handle Delete Port: b26dc6e5-bf6e-44fa-b035-23f393ac4b20
2026-06-22 17:30:23.466 7 INFO neutron_taas.services.taas.taas_plugin [None req-456bc7e6-1aff-4c27-9767-be97c6033025 4a136a165733425bafaa36e30d4ded3e 2a082002f5e34f0a93872a76af9df814 - - default default] TaaS: Handle Delete Port: 61e37489-34d6-4b1f-b175-cc434a60db36
2026-06-22 17:30:23.469 7 INFO neutron_taas.services.taas.tap_mirror_plugin [None req-456bc7e6-1aff-4c27-9767-be97c6033025 4a136a165733425bafaa36e30d4ded3e 2a082002f5e34f0a93872a76af9df814 - - default default] Tap Mirror: Handle Delete Port: 61e37489-34d6-4b1f-b175-cc434a60db36 [pid: 7|app: 0|req: 944/1896] 10.0.0.101 () {32 vars in 720 bytes} [Mon Jun 22 17:30:23 2026] DELETE /v2.0/ports/61e37489-34d6-4b1f-b175-cc434a60db36 => generated 0 bytes in 301 msecs (HTTP/1.1 204) 3 headers in 131 bytes (1 switches on core 0) [pid: 8|app: 0|req: 953/1897] 10.0.0.101 () {32 vars in 726 bytes} [Mon Jun 22 17:30:23 2026] DELETE /v2.0/networks/83a9d8c1-aa0e-4b8c-82bd-4e79686d6870 => generated 0 bytes in 360 msecs (HTTP/1.1 204) 3 headers in 131 bytes (1 switches on core 0)
2026-06-22 17:30:23.775 7 INFO neutron_taas.services.taas.taas_plugin [None req-4f0551f8-4c14-4d7c-be23-04c7680c7616 4a136a165733425bafaa36e30d4ded3e 2a082002f5e34f0a93872a76af9df814 - - default default] TaaS: Handle Delete Port: ad5bae17-da5e-4f06-a226-1aa0abfab81c
2026-06-22 17:30:23.778 7 INFO neutron_taas.services.taas.tap_mirror_plugin [None req-4f0551f8-4c14-4d7c-be23-04c7680c7616 4a136a165733425bafaa36e30d4ded3e 2a082002f5e34f0a93872a76af9df814 - - default default] Tap Mirror: Handle Delete Port: ad5bae17-da5e-4f06-a226-1aa0abfab81c
2026-06-22 17:30:23.805 8 INFO neutron_taas.services.taas.taas_plugin [None req-b8790fa4-8d3a-4fcc-9bd0-0d98b9e8d8f4 97a4d7985e1b45f69df3d7f93428b21b df5b244c94cc45a3a5da3cd1ac15554e - - default default] TaaS: Handle Delete Port: cfdb2915-b2cc-4a30-b1b7-9574ede4c6b4
2026-06-22 17:30:23.808 8 INFO neutron_taas.services.taas.tap_mirror_plugin [None req-b8790fa4-8d3a-4fcc-9bd0-0d98b9e8d8f4 97a4d7985e1b45f69df3d7f93428b21b df5b244c94cc45a3a5da3cd1ac15554e - - default default] Tap Mirror: Handle Delete Port: cfdb2915-b2cc-4a30-b1b7-9574ede4c6b4 [pid: 7|app: 0|req: 945/1898] 10.0.0.101 () {32 vars in 720 bytes} [Mon Jun 22 17:30:23 2026] DELETE /v2.0/ports/ad5bae17-da5e-4f06-a226-1aa0abfab81c => generated 0 bytes in 255 msecs (HTTP/1.1 204) 3 headers in 131 bytes (1 switches on core 0)
2026-06-22 17:30:24.035 7 INFO neutron_taas.services.taas.taas_plugin [None req-88a93129-ffec-40b0-9683-ba9a75954cb3 4a136a165733425bafaa36e30d4ded3e 2a082002f5e34f0a93872a76af9df814 - - default default] TaaS: Handle Delete Port: d1440087-9476-4f32-9765-d5cf40ca2d9e
2026-06-22 17:30:24.038 7 INFO neutron_taas.services.taas.tap_mirror_plugin [None req-88a93129-ffec-40b0-9683-ba9a75954cb3 4a136a165733425bafaa36e30d4ded3e 2a082002f5e34f0a93872a76af9df814 - - default default] Tap Mirror: Handle Delete Port: d1440087-9476-4f32-9765-d5cf40ca2d9e [pid: 8|app: 0|req: 954/1899] 10.0.0.101 () {32 vars in 726 bytes} [Mon Jun 22 17:30:23 2026] DELETE /v2.0/networks/bd11e145-4526-47ee-ac06-abe00d6a0190 => generated 0 bytes in 331 msecs (HTTP/1.1 204) 3 headers in 131 bytes (1 switches on core 0) [pid: 8|app: 0|req: 955/1900] 10.0.0.215 () {34 vars in 990 bytes} [Mon Jun 22 17:30:24 2026] GET /v2.0/ports?device_id=629289dd-09ba-4ebc-a366-e404534be580 => generated 12 bytes in 23 msecs (HTTP/1.1 200) 4 headers in 156 bytes (1 switches on core 0)
2026-06-22 17:30:24.235 7 INFO neutron.services.segments.plugin [-] Segment fd70001c-e9d2-4021-92b5-87ac2f0c2a58 resource provider aggregate not found
2026-06-22 17:30:24.235 7 INFO neutron.services.segments.plugin [-] Segment fd70001c-e9d2-4021-92b5-87ac2f0c2a58 resource provider aggregate not found
2026-06-22 17:30:24.257 7 INFO neutron.services.segments.plugin [-] Segment fd70001c-e9d2-4021-92b5-87ac2f0c2a58 resource provider not found; error: Placement Client Error (4xx): {"errors": [{"status": 404, "title": "Not Found", "detail": "The resource could not be found.\n\n No resource provider with uuid fd70001c-e9d2-4021-92b5-87ac2f0c2a58 found for delete ", "request_id": "req-8445133d-b594-4bb7-bf03-72a6a218cc12"}]}
2026-06-22 17:30:24.258 7 INFO neutron.services.segments.plugin [-] Segment fd70001c-e9d2-4021-92b5-87ac2f0c2a58 resource provider not found; error: Placement Client Error (4xx): {"errors": [{"status": 404, "title": "Not Found", "detail": "The resource could not be found.\n\n No resource provider with uuid fd70001c-e9d2-4021-92b5-87ac2f0c2a58 found for delete ", "request_id": "req-8a4eb0db-4b09-49cb-8888-cf2575eed2cb"}]} [pid: 7|app: 0|req: 946/1901] 10.0.0.101 () {32 vars in 726 bytes} [Mon Jun 22 17:30:23 2026] DELETE /v2.0/networks/379a254a-5dbc-49c5-82ba-d83afe3fc9be => generated 0 bytes in 379 msecs (HTTP/1.1 204) 3 headers in 131 bytes (1 switches on core 0)
2026-06-22 17:30:24.426 8 INFO neutron_taas.services.taas.taas_plugin [None req-d9fd6694-88ba-46c9-809a-8f98ec146b22 4a136a165733425bafaa36e30d4ded3e 2a082002f5e34f0a93872a76af9df814 - - default default] TaaS: Handle Delete Port: 436ee7df-ef5b-49a4-b048-324b82e2f8d2
2026-06-22 17:30:24.429 8 INFO neutron_taas.services.taas.tap_mirror_plugin [None req-d9fd6694-88ba-46c9-809a-8f98ec146b22 4a136a165733425bafaa36e30d4ded3e 2a082002f5e34f0a93872a76af9df814 - - default default] Tap Mirror: Handle Delete Port: 436ee7df-ef5b-49a4-b048-324b82e2f8d2 [pid: 7|app: 0|req: 947/1902] 199.204.45.95 () {34 vars in 985 bytes} [Mon Jun 22 17:30:24 2026] GET /v2.0/networks?id=f1c228e1-3b0e-4314-a58d-b864f3581529 => generated 699 bytes in 63 msecs (HTTP/1.1 200) 4 headers in 157 bytes (1 switches on core 0) [pid: 8|app: 0|req: 956/1903] 10.0.0.101 () {32 vars in 726 bytes} [Mon Jun 22 17:30:24 2026] DELETE /v2.0/networks/cfc88898-2bc8-495f-8fcc-af58397819d8 => generated 0 bytes in 406 msecs (HTTP/1.1 204) 3 headers in 131 bytes (1 switches on core 0) [pid: 7|app: 0|req: 948/1904] 199.204.45.95 () {34 vars in 1049 bytes} [Mon Jun 22 17:30:24 2026] GET /v2.0/security-groups?fields=id&fields=name&tenant_id=3803a6c431a548f09b0284a7d7b0cb53 => generated 180 bytes in 47 msecs (HTTP/1.1 200) 4 headers in 157 bytes (1 switches on core 0)
2026-06-22 17:30:24.823 8 INFO neutron_taas.services.taas.taas_plugin [None req-a735aa3d-e549-4b52-a8fd-59415c7175a5 4a136a165733425bafaa36e30d4ded3e 2a082002f5e34f0a93872a76af9df814 - - default default] TaaS: Handle Delete Port: 874b6abd-c83d-443d-acb6-f8d0d01edbfa
2026-06-22 17:30:24.825 8 INFO neutron_taas.services.taas.tap_mirror_plugin [None req-a735aa3d-e549-4b52-a8fd-59415c7175a5 4a136a165733425bafaa36e30d4ded3e 2a082002f5e34f0a93872a76af9df814 - - default default] Tap Mirror: Handle Delete Port: 874b6abd-c83d-443d-acb6-f8d0d01edbfa
2026-06-22 17:30:24.940 8 INFO neutron.services.segments.plugin [-] Segment b3e7d969-9032-470f-bd0e-fae8c0a2f27a resource provider aggregate not found
2026-06-22 17:30:24.947 8 INFO neutron.services.segments.plugin [-] Segment b3e7d969-9032-470f-bd0e-fae8c0a2f27a resource provider aggregate not found
2026-06-22 17:30:24.963 8 INFO neutron.services.segments.plugin [-] Segment b3e7d969-9032-470f-bd0e-fae8c0a2f27a resource provider not found; error: Placement Client Error (4xx): {"errors": [{"status": 404, "title": "Not Found", "detail": "The resource could not be found.\n\n No resource provider with uuid b3e7d969-9032-470f-bd0e-fae8c0a2f27a found for delete ", "request_id": "req-10888b71-eade-45a6-a2de-a66618bdf34d"}]}
2026-06-22 17:30:24.965 8 INFO neutron.services.segments.plugin [-] Segment b3e7d969-9032-470f-bd0e-fae8c0a2f27a resource provider not found; error: Placement Client Error (4xx): {"errors": [{"status": 404, "title": "Not Found", "detail": "The resource could not be found.\n\n No resource provider with uuid b3e7d969-9032-470f-bd0e-fae8c0a2f27a found for delete ", "request_id": "req-694a8f55-5c71-4d43-b289-772a7ade9111"}]}
2026-06-22 17:30:24.988 8 INFO neutron.services.segments.plugin [-] Segment 0ed0fb88-9fdb-44c7-94f4-0354753b53cc resource provider aggregate not found
2026-06-22 17:30:24.996 8 INFO neutron.services.segments.plugin [-] Segment 0ed0fb88-9fdb-44c7-94f4-0354753b53cc resource provider aggregate not found
2026-06-22 17:30:25.010 8 INFO neutron.services.segments.plugin [-] Segment 0ed0fb88-9fdb-44c7-94f4-0354753b53cc resource provider not found; error: Placement Client Error (4xx): {"errors": [{"status": 404, "title": "Not Found", "detail": "The resource could not be found.\n\n No resource provider with uuid 0ed0fb88-9fdb-44c7-94f4-0354753b53cc found for delete ", "request_id": "req-2d412fe8-cf2c-4734-827c-38dbe7d9913c"}]}
2026-06-22 17:30:25.016 8 INFO neutron.services.segments.plugin [-] Segment 0ed0fb88-9fdb-44c7-94f4-0354753b53cc resource provider not found; error: Placement Client Error (4xx): {"errors": [{"status": 404, "title": "Not Found", "detail": "The resource could not be found.\n\n No resource provider with uuid 0ed0fb88-9fdb-44c7-94f4-0354753b53cc found for delete ", "request_id": "req-f30e02b3-513c-44ea-a1ec-79a9cf73da31"}]}
2026-06-22 17:30:25.019 7 WARNING neutron.scheduler.dhcp_agent_scheduler [req-c4febcd8-136e-4428-be73-cf6cf6a45fa2 req-2cb2bf2b-5a11-4365-9495-c7ec607b1ddb 511e41f54bff473aa766f843841279b5 3803a6c431a548f09b0284a7d7b0cb53 - - default default] No more DHCP agents
2026-06-22 17:30:25.020 7 WARNING neutron.api.rpc.agentnotifiers.dhcp_rpc_agent_api [req-c4febcd8-136e-4428-be73-cf6cf6a45fa2 req-2cb2bf2b-5a11-4365-9495-c7ec607b1ddb 511e41f54bff473aa766f843841279b5 3803a6c431a548f09b0284a7d7b0cb53 - - default default] Unable to schedule network f1c228e1-3b0e-4314-a58d-b864f3581529: no agents available; will retry on subsequent port and subnet creation events.
2026-06-22 17:30:25.026 8 INFO neutron.services.segments.plugin [-] Segment 094c42a8-c725-4bb1-a8ad-fbad1f9b9414 resource provider aggregate not found
2026-06-22 17:30:25.040 8 INFO neutron.services.segments.plugin [-] Segment 094c42a8-c725-4bb1-a8ad-fbad1f9b9414 resource provider not found; error: Placement Client Error (4xx): {"errors": [{"status": 404, "title": "Not Found", "detail": "The resource could not be found.\n\n No resource provider with uuid 094c42a8-c725-4bb1-a8ad-fbad1f9b9414 found for delete ", "request_id": "req-d803fb28-dd1e-4e0f-9946-a1a454223cc2"}]}
2026-06-22 17:30:25.046 8 INFO neutron.services.segments.plugin [-] Segment 094c42a8-c725-4bb1-a8ad-fbad1f9b9414 resource provider aggregate not found
2026-06-22 17:30:25.055 8 INFO neutron.services.segments.plugin [-] Segment 8a2a9fb2-a937-4420-bdec-77e0397efd8d resource provider aggregate not found
2026-06-22 17:30:25.070 8 INFO neutron.services.segments.plugin [-] Segment 094c42a8-c725-4bb1-a8ad-fbad1f9b9414 resource provider not found; error: Placement Client Error (4xx): {"errors": [{"status": 404, "title": "Not Found", "detail": "The resource could not be found.\n\n No resource provider with uuid 094c42a8-c725-4bb1-a8ad-fbad1f9b9414 found for delete ", "request_id": "req-a7a99501-c4d6-4c50-a553-395e2f695f9d"}]}
2026-06-22 17:30:25.074 8 INFO neutron.services.segments.plugin [-] Segment 8a2a9fb2-a937-4420-bdec-77e0397efd8d resource provider not found; error: Placement Client Error (4xx): {"errors": [{"status": 404, "title": "Not Found", "detail": "The resource could not be found.\n\n No resource provider with uuid 8a2a9fb2-a937-4420-bdec-77e0397efd8d found for delete ", "request_id": "req-532420fc-f95f-4e8e-84ca-03215a72a540"}]}
2026-06-22 17:30:25.089 8 INFO neutron.services.segments.plugin [-] Segment 8a2a9fb2-a937-4420-bdec-77e0397efd8d resource provider aggregate not found
2026-06-22 17:30:25.108 8 INFO neutron.services.segments.plugin [-] Segment 8a2a9fb2-a937-4420-bdec-77e0397efd8d resource provider not found; error: Placement Client Error (4xx): {"errors": [{"status": 404, "title": "Not Found", "detail": "The resource could not be found.\n\n No resource provider with uuid 8a2a9fb2-a937-4420-bdec-77e0397efd8d found for delete ", "request_id": "req-d93a8245-d60c-43ad-bb72-ab544cdfbfcf"}]} [pid: 8|app: 0|req: 957/1905] 10.0.0.101 () {32 vars in 726 bytes} [Mon Jun 22 17:30:24 2026] DELETE /v2.0/networks/dac275c5-eba3-4aa9-9043-6a45308732ce => generated 0 bytes in 417 msecs (HTTP/1.1 204) 3 headers in 131 bytes (1 switches on core 0)
2026-06-22 17:30:25.161 7 INFO neutron.plugins.ml2.drivers.ovn.mech_driver.mech_driver [None req-3a1c3c74-0085-45a9-8e03-4b2943c6dbb6 - - - - - -] OVN reports status down for port: 622a6965-43a0-4d05-9b04-5a468ac5e747
2026-06-22 17:30:25.227 7 INFO neutron.db.ovn_revision_numbers_db [req-c4febcd8-136e-4428-be73-cf6cf6a45fa2 req-2cb2bf2b-5a11-4365-9495-c7ec607b1ddb 511e41f54bff473aa766f843841279b5 3803a6c431a548f09b0284a7d7b0cb53 - - default default] Successfully bumped revision number for resource 622a6965-43a0-4d05-9b04-5a468ac5e747 (type: ports) to 1 [pid: 7|app: 0|req: 949/1906] 199.204.45.95 () {38 vars in 954 bytes} [Mon Jun 22 17:30:24 2026] POST /v2.0/ports => generated 958 bytes in 572 msecs (HTTP/1.1 201) 4 headers in 162 bytes (1 switches on core 0) /var/lib/openstack/lib/python3.12/site-packages/pycadf/identifier.py:70: UserWarning: Invalid uuid: neutron. To ensure interoperability, identifiers should be a valid uuid. warnings.warn(('Invalid uuid: %s. To ensure interoperability, '
2026-06-22 17:30:25.416 8 INFO neutron.db.ovn_revision_numbers_db [None req-f9ff1d25-5c14-4373-bf48-1ab6f6cc5305 eb592727d3c64280b558d5de4c77bcd3 0091294894ad4b08a8622311416a05b0 - - default default] Successfully bumped revision number for resource b222954c-e6d1-4fbe-9c72-b97d8dde3dd0 (type: security_groups) to 1
2026-06-22 17:30:25.430 8 INFO neutron.db.ovn_revision_numbers_db [None req-f9ff1d25-5c14-4373-bf48-1ab6f6cc5305 eb592727d3c64280b558d5de4c77bcd3 0091294894ad4b08a8622311416a05b0 - - default default] Successfully bumped revision number for resource 3ef407a0-7cf1-470b-8ebe-835dab587375 (type: security_group_rules) to 0
2026-06-22 17:30:25.443 8 INFO neutron.db.ovn_revision_numbers_db [None req-f9ff1d25-5c14-4373-bf48-1ab6f6cc5305 eb592727d3c64280b558d5de4c77bcd3 0091294894ad4b08a8622311416a05b0 - - default default] Successfully bumped revision number for resource 6b8aeed6-a903-48c9-9029-529388450970 (type: security_group_rules) to 0
2026-06-22 17:30:25.451 7 INFO neutron_taas.services.taas.taas_plugin [None req-910f58e2-313a-44ff-8937-211c8de97346 4a136a165733425bafaa36e30d4ded3e 2a082002f5e34f0a93872a76af9df814 - - default default] TaaS: Handle Delete Port: 850f1cb8-234e-4978-904f-69382e6ab65f
2026-06-22 17:30:25.453 8 INFO neutron.db.ovn_revision_numbers_db [None req-f9ff1d25-5c14-4373-bf48-1ab6f6cc5305 eb592727d3c64280b558d5de4c77bcd3 0091294894ad4b08a8622311416a05b0 - - default default] Successfully bumped revision number for resource b7937166-6d82-4810-9116-4a0ed8e66d20 (type: security_group_rules) to 0
2026-06-22 17:30:25.454 7 INFO neutron_taas.services.taas.tap_mirror_plugin [None req-910f58e2-313a-44ff-8937-211c8de97346 4a136a165733425bafaa36e30d4ded3e 2a082002f5e34f0a93872a76af9df814 - - default default] Tap Mirror: Handle Delete Port: 850f1cb8-234e-4978-904f-69382e6ab65f
2026-06-22 17:30:25.465 8 INFO neutron.db.ovn_revision_numbers_db [None req-f9ff1d25-5c14-4373-bf48-1ab6f6cc5305 eb592727d3c64280b558d5de4c77bcd3 0091294894ad4b08a8622311416a05b0 - - default default] Successfully bumped revision number for resource eb0e83c2-0392-4edb-9398-4202b159a95d (type: security_group_rules) to 0 [pid: 8|app: 0|req: 958/1907] 10.0.0.101 () {32 vars in 774 bytes} [Mon Jun 22 17:30:25 2026] GET /v2.0/security-groups?tenant_id=6df9fbf48a11448b920e17a24883c6ec&name=default => generated 2925 bytes in 387 msecs (HTTP/1.1 200) 4 headers in 158 bytes (1 switches on core 0) [pid: 8|app: 0|req: 959/1908] 10.0.0.215 () {34 vars in 990 bytes} [Mon Jun 22 17:30:25 2026] GET /v2.0/ports?device_id=629289dd-09ba-4ebc-a366-e404534be580 => generated 961 bytes in 125 msecs (HTTP/1.1 200) 4 headers in 157 bytes (1 switches on core 0) [pid: 7|app: 0|req: 950/1909] 10.0.0.101 () {32 vars in 726 bytes} [Mon Jun 22 17:30:25 2026] DELETE /v2.0/networks/d06e43ef-c999-4a83-a9be-d3ad03e492dd => generated 0 bytes in 410 msecs (HTTP/1.1 204) 3 headers in 131 bytes (1 switches on core 0)
2026-06-22 17:30:25.797 8 INFO neutron.db.ovn_revision_numbers_db [None req-794bedb3-7172-4d26-bd67-5d84b1826eae eb592727d3c64280b558d5de4c77bcd3 0091294894ad4b08a8622311416a05b0 - - default default] Successfully bumped revision number for resource aed2ebf0-8dd0-43a8-899d-a45c29c546a5 (type: security_groups) to 1
2026-06-22 17:30:25.808 8 INFO neutron.db.ovn_revision_numbers_db [None req-794bedb3-7172-4d26-bd67-5d84b1826eae eb592727d3c64280b558d5de4c77bcd3 0091294894ad4b08a8622311416a05b0 - - default default] Successfully bumped revision number for resource 89690d65-f123-4d3f-81bb-3acec09a161a (type: security_group_rules) to 0
2026-06-22 17:30:25.820 8 INFO neutron.db.ovn_revision_numbers_db [None req-794bedb3-7172-4d26-bd67-5d84b1826eae eb592727d3c64280b558d5de4c77bcd3 0091294894ad4b08a8622311416a05b0 - - default default] Successfully bumped revision number for resource ac109f35-e117-419e-ad2a-99502286bdd7 (type: security_group_rules) to 0
2026-06-22 17:30:25.831 8 INFO neutron.db.ovn_revision_numbers_db [None req-794bedb3-7172-4d26-bd67-5d84b1826eae eb592727d3c64280b558d5de4c77bcd3 0091294894ad4b08a8622311416a05b0 - - default default] Successfully bumped revision number for resource cd2d1a1d-93bf-4119-85e5-51aec884c402 (type: security_group_rules) to 0
2026-06-22 17:30:25.842 8 INFO neutron.db.ovn_revision_numbers_db [None req-794bedb3-7172-4d26-bd67-5d84b1826eae eb592727d3c64280b558d5de4c77bcd3 0091294894ad4b08a8622311416a05b0 - - default default] Successfully bumped revision number for resource cf3ffdd0-763a-4c8c-b522-ad462ea53202 (type: security_group_rules) to 0 [pid: 8|app: 0|req: 960/1910] 10.0.0.101 () {32 vars in 774 bytes} [Mon Jun 22 17:30:25 2026] GET /v2.0/security-groups?tenant_id=e00828e10d484742b9fb6aba4f026981&name=default => generated 2925 bytes in 240 msecs (HTTP/1.1 200) 4 headers in 158 bytes (1 switches on core 0)
2026-06-22 17:30:26.109 7 INFO neutron.db.ovn_revision_numbers_db [req-c4febcd8-136e-4428-be73-cf6cf6a45fa2 req-d798b29f-950a-4bb1-8e7e-bed42b37b51d ce1799929bf44d34aeb845fa72d55cd5 559d0817533d4fc88348828bd1e67c7a - - 3e4b445b828b49da9386fe0395e9f2aa 3e4b445b828b49da9386fe0395e9f2aa] Successfully bumped revision number for resource 622a6965-43a0-4d05-9b04-5a468ac5e747 (type: ports) to 2 [pid: 8|app: 0|req: 961/1911] 10.0.0.101 () {32 vars in 740 bytes} [Mon Jun 22 17:30:25 2026] DELETE /v2.0/security-groups/b222954c-e6d1-4fbe-9c72-b97d8dde3dd0 => generated 0 bytes in 237 msecs (HTTP/1.1 204) 2 headers in 112 bytes (1 switches on core 0) [pid: 8|app: 0|req: 962/1912] 10.0.0.215 () {34 vars in 1040 bytes} [Mon Jun 22 17:30:26 2026] GET /v2.0/security-groups?id=d6284ed0-7eef-42e3-9ffb-d25388daa900&fields=id&fields=name => generated 113 bytes in 42 msecs (HTTP/1.1 200) 4 headers in 157 bytes (1 switches on core 0)
2026-06-22 17:30:26.274 8 INFO neutron_taas.services.taas.taas_plugin [None req-fcc7a488-c59d-4f82-8b7f-7c4e95dda40d 4a136a165733425bafaa36e30d4ded3e 2a082002f5e34f0a93872a76af9df814 - - default default] TaaS: Handle Delete Port: 6a6fefa4-1893-43a3-8fef-c911836abc8d
2026-06-22 17:30:26.276 8 INFO neutron_taas.services.taas.tap_mirror_plugin [None req-fcc7a488-c59d-4f82-8b7f-7c4e95dda40d 4a136a165733425bafaa36e30d4ded3e 2a082002f5e34f0a93872a76af9df814 - - default default] Tap Mirror: Handle Delete Port: 6a6fefa4-1893-43a3-8fef-c911836abc8d
2026-06-22 17:30:26.286 7 INFO neutron.services.segments.plugin [-] Segment 2e7c2993-1691-4142-bc24-dc3b24d97d11 resource provider aggregate not found
2026-06-22 17:30:26.294 7 INFO neutron.services.segments.plugin [-] Segment 2e7c2993-1691-4142-bc24-dc3b24d97d11 resource provider aggregate not found
2026-06-22 17:30:26.310 7 INFO neutron.services.segments.plugin [-] Segment 2e7c2993-1691-4142-bc24-dc3b24d97d11 resource provider not found; error: Placement Client Error (4xx): {"errors": [{"status": 404, "title": "Not Found", "detail": "The resource could not be found.\n\n No resource provider with uuid 2e7c2993-1691-4142-bc24-dc3b24d97d11 found for delete ", "request_id": "req-9e386447-83fa-4285-b051-cb12656b8620"}]}
2026-06-22 17:30:26.314 7 INFO neutron.services.segments.plugin [-] Segment 2e7c2993-1691-4142-bc24-dc3b24d97d11 resource provider not found; error: Placement Client Error (4xx): {"errors": [{"status": 404, "title": "Not Found", "detail": "The resource could not be found.\n\n No resource provider with uuid 2e7c2993-1691-4142-bc24-dc3b24d97d11 found for delete ", "request_id": "req-cfe3f483-7f60-40cc-ade4-c1864dcc766f"}]}
2026-06-22 17:30:26.371 7 INFO neutron.db.ovn_revision_numbers_db [req-c4febcd8-136e-4428-be73-cf6cf6a45fa2 req-d798b29f-950a-4bb1-8e7e-bed42b37b51d ce1799929bf44d34aeb845fa72d55cd5 559d0817533d4fc88348828bd1e67c7a - - 3e4b445b828b49da9386fe0395e9f2aa 3e4b445b828b49da9386fe0395e9f2aa] Successfully bumped revision number for resource 622a6965-43a0-4d05-9b04-5a468ac5e747 (type: ports) to 4 [pid: 7|app: 0|req: 951/1913] 199.204.45.95 () {38 vars in 1027 bytes} [Mon Jun 22 17:30:25 2026] PUT /v2.0/ports/622a6965-43a0-4d05-9b04-5a468ac5e747 => generated 1208 bytes in 676 msecs (HTTP/1.1 200) 4 headers in 158 bytes (1 switches on core 0) /var/lib/openstack/lib/python3.12/site-packages/pycadf/identifier.py:70: UserWarning: Invalid uuid: neutron. To ensure interoperability, identifiers should be a valid uuid. warnings.warn(('Invalid uuid: %s. To ensure interoperability, '
2026-06-22 17:30:26.439 7 INFO neutron.notifiers.nova [-] Nova event matching ['req-5ef415aa-be41-48d0-b21a-9daede063cf3'] response: {'name': 'network-changed', 'server_uuid': '629289dd-09ba-4ebc-a366-e404534be580', 'tag': '622a6965-43a0-4d05-9b04-5a468ac5e747', 'status': 'completed', 'code': 200} [pid: 8|app: 0|req: 963/1914] 10.0.0.101 () {32 vars in 726 bytes} [Mon Jun 22 17:30:26 2026] DELETE /v2.0/networks/59f621d7-06f9-438d-bec2-11aebe9c3020 => generated 0 bytes in 367 msecs (HTTP/1.1 204) 3 headers in 131 bytes (1 switches on core 0) [pid: 7|app: 0|req: 952/1915] 10.0.0.101 () {32 vars in 740 bytes} [Mon Jun 22 17:30:26 2026] DELETE /v2.0/security-groups/aed2ebf0-8dd0-43a8-899d-a45c29c546a5 => generated 0 bytes in 264 msecs (HTTP/1.1 204) 2 headers in 112 bytes (1 switches on core 0)
2026-06-22 17:30:26.730 8 INFO neutron.db.ovn_revision_numbers_db [None req-b8c76f5d-256a-46b4-bf9d-fe5f604fb3f6 eb592727d3c64280b558d5de4c77bcd3 0091294894ad4b08a8622311416a05b0 - - default default] Successfully bumped revision number for resource cef152ad-2774-4147-9569-ecde5567dcb7 (type: security_groups) to 1
2026-06-22 17:30:26.752 8 INFO neutron.db.ovn_revision_numbers_db [None req-b8c76f5d-256a-46b4-bf9d-fe5f604fb3f6 eb592727d3c64280b558d5de4c77bcd3 0091294894ad4b08a8622311416a05b0 - - default default] Successfully bumped revision number for resource 429c6581-13e8-4adc-9358-80d8eedd482a (type: security_group_rules) to 0
2026-06-22 17:30:26.787 8 INFO neutron.db.ovn_revision_numbers_db [None req-b8c76f5d-256a-46b4-bf9d-fe5f604fb3f6 eb592727d3c64280b558d5de4c77bcd3 0091294894ad4b08a8622311416a05b0 - - default default] Successfully bumped revision number for resource 9f214625-b903-472b-a548-d1fbe692d645 (type: security_group_rules) to 0
2026-06-22 17:30:26.808 8 INFO neutron.db.ovn_revision_numbers_db [None req-b8c76f5d-256a-46b4-bf9d-fe5f604fb3f6 eb592727d3c64280b558d5de4c77bcd3 0091294894ad4b08a8622311416a05b0 - - default default] Successfully bumped revision number for resource aa6e00cd-f302-4568-b1d3-e056573818fe (type: security_group_rules) to 0
2026-06-22 17:30:26.820 8 INFO neutron.db.ovn_revision_numbers_db [None req-b8c76f5d-256a-46b4-bf9d-fe5f604fb3f6 eb592727d3c64280b558d5de4c77bcd3 0091294894ad4b08a8622311416a05b0 - - default default] Successfully bumped revision number for resource ae2dc265-4edc-42ac-9d8f-68c4de990cea (type: security_group_rules) to 0 [pid: 8|app: 0|req: 964/1916] 10.0.0.101 () {32 vars in 774 bytes} [Mon Jun 22 17:30:26 2026] GET /v2.0/security-groups?tenant_id=b7d8b83785ed489f90d46313defdc660&name=default => generated 2925 bytes in 326 msecs (HTTP/1.1 200) 4 headers in 158 bytes (1 switches on core 0) [pid: 8|app: 0|req: 965/1917] 199.204.45.95 () {34 vars in 1079 bytes} [Mon Jun 22 17:30:26 2026] GET /v2.0/ports?tenant_id=3803a6c431a548f09b0284a7d7b0cb53&device_id=629289dd-09ba-4ebc-a366-e404534be580 => generated 1211 bytes in 48 msecs (HTTP/1.1 200) 4 headers in 158 bytes (1 switches on core 0) [pid: 8|app: 0|req: 966/1918] 199.204.45.95 () {34 vars in 1017 bytes} [Mon Jun 22 17:30:27 2026] GET /v2.0/networks?tenant_id=3803a6c431a548f09b0284a7d7b0cb53&shared=False => generated 798 bytes in 44 msecs (HTTP/1.1 200) 4 headers in 157 bytes (1 switches on core 0)
2026-06-22 17:30:27.103 8 INFO neutron.services.segments.plugin [-] Segment ace174e6-4f29-4c0d-9d4d-4d9777019972 resource provider aggregate not found
2026-06-22 17:30:27.129 8 INFO neutron.services.segments.plugin [-] Segment ace174e6-4f29-4c0d-9d4d-4d9777019972 resource provider not found; error: Placement Client Error (4xx): {"errors": [{"status": 404, "title": "Not Found", "detail": "The resource could not be found.\n\n No resource provider with uuid ace174e6-4f29-4c0d-9d4d-4d9777019972 found for delete ", "request_id": "req-0253178b-1e85-41a4-affd-b3c6ccb9beee"}]} [pid: 7|app: 0|req: 953/1919] 10.0.0.101 () {32 vars in 740 bytes} [Mon Jun 22 17:30:26 2026] DELETE /v2.0/security-groups/cef152ad-2774-4147-9569-ecde5567dcb7 => generated 0 bytes in 272 msecs (HTTP/1.1 204) 2 headers in 112 bytes (1 switches on core 0)
2026-06-22 17:30:27.141 8 INFO neutron.services.segments.plugin [-] Segment ace174e6-4f29-4c0d-9d4d-4d9777019972 resource provider aggregate not found [pid: 8|app: 0|req: 967/1920] 199.204.45.95 () {34 vars in 929 bytes} [Mon Jun 22 17:30:27 2026] GET /v2.0/networks?shared=True => generated 791 bytes in 89 msecs (HTTP/1.1 200) 4 headers in 157 bytes (1 switches on core 0)
2026-06-22 17:30:27.151 8 INFO neutron.services.segments.plugin [-] Segment ae009446-cc33-46e5-8fc2-f35be214e874 resource provider aggregate not found
2026-06-22 17:30:27.166 8 INFO neutron.services.segments.plugin [-] Segment ace174e6-4f29-4c0d-9d4d-4d9777019972 resource provider not found; error: Placement Client Error (4xx): {"errors": [{"status": 404, "title": "Not Found", "detail": "The resource could not be found.\n\n No resource provider with uuid ace174e6-4f29-4c0d-9d4d-4d9777019972 found for delete ", "request_id": "req-18faaa91-fadc-4e20-b6d1-b3c795660c2e"}]}
2026-06-22 17:30:27.168 8 INFO neutron.services.segments.plugin [-] Segment ae009446-cc33-46e5-8fc2-f35be214e874 resource provider not found; error: Placement Client Error (4xx): {"errors": [{"status": 404, "title": "Not Found", "detail": "The resource could not be found.\n\n No resource provider with uuid ae009446-cc33-46e5-8fc2-f35be214e874 found for delete ", "request_id": "req-8a86f570-e934-4107-992f-93b34f76905d"}]}
2026-06-22 17:30:27.177 8 INFO neutron.services.segments.plugin [-] Segment ae009446-cc33-46e5-8fc2-f35be214e874 resource provider aggregate not found
2026-06-22 17:30:27.191 8 INFO neutron.services.segments.plugin [-] Segment ae009446-cc33-46e5-8fc2-f35be214e874 resource provider not found; error: Placement Client Error (4xx): {"errors": [{"status": 404, "title": "Not Found", "detail": "The resource could not be found.\n\n No resource provider with uuid ae009446-cc33-46e5-8fc2-f35be214e874 found for delete ", "request_id": "req-6d9d94f8-65c6-47ff-9ad9-6f839b9aecdf"}]} [pid: 7|app: 0|req: 954/1921] 10.0.0.215 () {34 vars in 990 bytes} [Mon Jun 22 17:30:27 2026] GET /v2.0/ports?device_id=629289dd-09ba-4ebc-a366-e404534be580 => generated 973 bytes in 41 msecs (HTTP/1.1 200) 4 headers in 157 bytes (1 switches on core 0) [pid: 8|app: 0|req: 968/1922] 10.0.0.215 () {34 vars in 1040 bytes} [Mon Jun 22 17:30:27 2026] GET /v2.0/security-groups?id=d6284ed0-7eef-42e3-9ffb-d25388daa900&fields=id&fields=name => generated 113 bytes in 31 msecs (HTTP/1.1 200) 4 headers in 157 bytes (1 switches on core 0) [pid: 7|app: 0|req: 955/1923] 10.0.0.101 () {32 vars in 774 bytes} [Mon Jun 22 17:30:27 2026] GET /v2.0/security-groups?tenant_id=df5b244c94cc45a3a5da3cd1ac15554e&name=default => generated 2925 bytes in 30 msecs (HTTP/1.1 200) 4 headers in 158 bytes (1 switches on core 0) [pid: 8|app: 0|req: 969/1924] 10.0.0.101 () {32 vars in 740 bytes} [Mon Jun 22 17:30:27 2026] DELETE /v2.0/security-groups/c2b68675-48b7-48d0-93da-55fcb7a25f1b => generated 0 bytes in 231 msecs (HTTP/1.1 204) 2 headers in 112 bytes (1 switches on core 0) [pid: 7|app: 0|req: 956/1925] 10.0.0.101 () {32 vars in 774 bytes} [Mon Jun 22 17:30:27 2026] GET /v2.0/security-groups?tenant_id=2a082002f5e34f0a93872a76af9df814&name=default => generated 2925 bytes in 198 msecs (HTTP/1.1 200) 4 headers in 158 bytes (1 switches on core 0) [pid: 8|app: 0|req: 970/1928] 10.0.0.101 () {32 vars in 740 bytes} [Mon Jun 22 17:30:27 2026] DELETE /v2.0/security-groups/7b4b03a3-6cd7-46fe-b64a-4b347a333acb => generated 0 bytes in 256 msecs (HTTP/1.1 204) 2 headers in 112 bytes (1 switches on core 0) [pid: 8|app: 0|req: 971/1929] 199.204.45.95 () {34 vars in 1079 bytes} [Mon Jun 22 17:30:28 2026] GET /v2.0/ports?tenant_id=3803a6c431a548f09b0284a7d7b0cb53&device_id=629289dd-09ba-4ebc-a366-e404534be580 => generated 1211 bytes in 61 msecs (HTTP/1.1 200) 4 headers in 158 bytes (1 switches on core 0)
2026-06-22 17:30:28.232 7 INFO neutron.db.ovn_revision_numbers_db [None req-841d15c4-91c2-4e89-9504-8e8b7afb1dff eb592727d3c64280b558d5de4c77bcd3 0091294894ad4b08a8622311416a05b0 - - default default] Successfully bumped revision number for resource fee533e1-fc65-4150-98f5-8ca71009ac67 (type: security_groups) to 1
2026-06-22 17:30:28.249 7 INFO neutron.db.ovn_revision_numbers_db [None req-841d15c4-91c2-4e89-9504-8e8b7afb1dff eb592727d3c64280b558d5de4c77bcd3 0091294894ad4b08a8622311416a05b0 - - default default] Successfully bumped revision number for resource 07ba7559-cd31-44c3-b1ca-7e9b783cb0af (type: security_group_rules) to 0
2026-06-22 17:30:28.262 7 INFO neutron.db.ovn_revision_numbers_db [None req-841d15c4-91c2-4e89-9504-8e8b7afb1dff eb592727d3c64280b558d5de4c77bcd3 0091294894ad4b08a8622311416a05b0 - - default default] Successfully bumped revision number for resource 47a90f36-5f33-41cf-a1fa-3203250d2fce (type: security_group_rules) to 0
2026-06-22 17:30:28.273 7 INFO neutron.db.ovn_revision_numbers_db [None req-841d15c4-91c2-4e89-9504-8e8b7afb1dff eb592727d3c64280b558d5de4c77bcd3 0091294894ad4b08a8622311416a05b0 - - default default] Successfully bumped revision number for resource 6088ee33-ba2a-42a5-9659-849681c94054 (type: security_group_rules) to 0 [pid: 8|app: 0|req: 972/1930] 199.204.45.95 () {34 vars in 1059 bytes} [Mon Jun 22 17:30:28 2026] GET /v2.0/floatingips?fixed_ip_address=10.100.0.14&port_id=622a6965-43a0-4d05-9b04-5a468ac5e747 => generated 19 bytes in 41 msecs (HTTP/1.1 200) 4 headers in 156 bytes (1 switches on core 0)
2026-06-22 17:30:28.283 7 INFO neutron.db.ovn_revision_numbers_db [None req-841d15c4-91c2-4e89-9504-8e8b7afb1dff eb592727d3c64280b558d5de4c77bcd3 0091294894ad4b08a8622311416a05b0 - - default default] Successfully bumped revision number for resource f9d4014c-9b7c-4a1c-a3b8-32be9e278c26 (type: security_group_rules) to 0 [pid: 8|app: 0|req: 973/1931] 199.204.45.95 () {34 vars in 983 bytes} [Mon Jun 22 17:30:28 2026] GET /v2.0/subnets?id=808fc267-a5da-4b35-a336-43ab094d6e02 => generated 678 bytes in 34 msecs (HTTP/1.1 200) 4 headers in 157 bytes (1 switches on core 0) [pid: 7|app: 0|req: 959/1932] 10.0.0.101 () {32 vars in 774 bytes} [Mon Jun 22 17:30:28 2026] GET /v2.0/security-groups?tenant_id=e8daaaf6d91d42c596e2537e45d73532&name=default => generated 2925 bytes in 271 msecs (HTTP/1.1 200) 4 headers in 158 bytes (1 switches on core 0) [pid: 8|app: 0|req: 974/1933] 199.204.45.95 () {34 vars in 1051 bytes} [Mon Jun 22 17:30:28 2026] GET /v2.0/ports?network_id=f1c228e1-3b0e-4314-a58d-b864f3581529&device_owner=network%3Adhcp => generated 12 bytes in 18 msecs (HTTP/1.1 200) 4 headers in 156 bytes (1 switches on core 0) [pid: 8|app: 0|req: 975/1934] 199.204.45.95 () {34 vars in 1011 bytes} [Mon Jun 22 17:30:28 2026] GET /v2.0/networks/f1c228e1-3b0e-4314-a58d-b864f3581529?fields=segments => generated 14 bytes in 35 msecs (HTTP/1.1 200) 4 headers in 156 bytes (1 switches on core 0) [pid: 8|app: 0|req: 976/1935] 10.0.0.215 () {34 vars in 990 bytes} [Mon Jun 22 17:30:28 2026] GET /v2.0/ports?device_id=629289dd-09ba-4ebc-a366-e404534be580 => generated 973 bytes in 64 msecs (HTTP/1.1 200) 4 headers in 157 bytes (1 switches on core 0) [pid: 8|app: 0|req: 977/1936] 199.204.45.95 () {34 vars in 1111 bytes} [Mon Jun 22 17:30:28 2026] GET /v2.0/networks/f1c228e1-3b0e-4314-a58d-b864f3581529?fields=provider%3Aphysical_network&fields=provider%3Anetwork_type => generated 79 bytes in 48 msecs (HTTP/1.1 200) 4 headers in 156 bytes (1 switches on core 0) [pid: 8|app: 0|req: 978/1937] 10.0.0.215 () {34 vars in 1040 bytes} [Mon Jun 22 17:30:28 2026] GET /v2.0/security-groups?id=d6284ed0-7eef-42e3-9ffb-d25388daa900&fields=id&fields=name => generated 113 bytes in 43 msecs (HTTP/1.1 200) 4 headers in 157 bytes (1 switches on core 0) [pid: 7|app: 0|req: 960/1938] 10.0.0.101 () {32 vars in 740 bytes} [Mon Jun 22 17:30:28 2026] DELETE /v2.0/security-groups/fee533e1-fc65-4150-98f5-8ca71009ac67 => generated 0 bytes in 255 msecs (HTTP/1.1 204) 2 headers in 112 bytes (1 switches on core 0)
2026-06-22 17:30:28.832 7 INFO neutron.db.ovn_revision_numbers_db [None req-5f130531-d21b-4627-ad18-a7eefe9b2f96 eb592727d3c64280b558d5de4c77bcd3 0091294894ad4b08a8622311416a05b0 - - default default] Successfully bumped revision number for resource f584043b-4dfc-41c5-aca7-4b2d7bc157d5 (type: security_groups) to 1
2026-06-22 17:30:28.842 7 INFO neutron.db.ovn_revision_numbers_db [None req-5f130531-d21b-4627-ad18-a7eefe9b2f96 eb592727d3c64280b558d5de4c77bcd3 0091294894ad4b08a8622311416a05b0 - - default default] Successfully bumped revision number for resource 05dbd8c1-7185-409c-998d-fd4bca939f83 (type: security_group_rules) to 0
2026-06-22 17:30:28.854 7 INFO neutron.db.ovn_revision_numbers_db [None req-5f130531-d21b-4627-ad18-a7eefe9b2f96 eb592727d3c64280b558d5de4c77bcd3 0091294894ad4b08a8622311416a05b0 - - default default] Successfully bumped revision number for resource 34707204-e3fe-4ed8-b8f9-4bf86b693472 (type: security_group_rules) to 0
2026-06-22 17:30:28.867 7 INFO neutron.db.ovn_revision_numbers_db [None req-5f130531-d21b-4627-ad18-a7eefe9b2f96 eb592727d3c64280b558d5de4c77bcd3 0091294894ad4b08a8622311416a05b0 - - default default] Successfully bumped revision number for resource 4dddc3fa-6ce6-4b63-91ff-9ba61e2edb1f (type: security_group_rules) to 0
2026-06-22 17:30:28.878 7 INFO neutron.db.ovn_revision_numbers_db [None req-5f130531-d21b-4627-ad18-a7eefe9b2f96 eb592727d3c64280b558d5de4c77bcd3 0091294894ad4b08a8622311416a05b0 - - default default] Successfully bumped revision number for resource 808e4754-cd76-42bc-bd96-4a9ca330e99a (type: security_group_rules) to 0
2026-06-22 17:30:28.916 8 INFO neutron.db.ovn_revision_numbers_db [None req-1641c8b6-069d-4186-b7e8-908b2ee9f45d 206588baa98b46c0a4515d72085c3b8c 8a1212b96da3454bb0913df05871e2d9 - - default default] Successfully bumped revision number for resource 08f02162-3113-42c0-8bff-a116040dca75 (type: security_groups) to 1
2026-06-22 17:30:28.931 8 INFO neutron.db.ovn_revision_numbers_db [None req-1641c8b6-069d-4186-b7e8-908b2ee9f45d 206588baa98b46c0a4515d72085c3b8c 8a1212b96da3454bb0913df05871e2d9 - - default default] Successfully bumped revision number for resource 0f48a076-2769-48f3-ab41-0a581e64963d (type: security_group_rules) to 0 [pid: 7|app: 0|req: 961/1939] 10.0.0.101 () {32 vars in 774 bytes} [Mon Jun 22 17:30:28 2026] GET /v2.0/security-groups?tenant_id=1ea908fc9b0c4836898e8b2e649e378d&name=default => generated 2925 bytes in 250 msecs (HTTP/1.1 200) 4 headers in 158 bytes (1 switches on core 0)
2026-06-22 17:30:28.944 8 INFO neutron.db.ovn_revision_numbers_db [None req-1641c8b6-069d-4186-b7e8-908b2ee9f45d 206588baa98b46c0a4515d72085c3b8c 8a1212b96da3454bb0913df05871e2d9 - - default default] Successfully bumped revision number for resource 45f16c67-7b5f-4fc2-ae40-d1c7c060ecb5 (type: security_group_rules) to 0
2026-06-22 17:30:28.957 8 INFO neutron.db.ovn_revision_numbers_db [None req-1641c8b6-069d-4186-b7e8-908b2ee9f45d 206588baa98b46c0a4515d72085c3b8c 8a1212b96da3454bb0913df05871e2d9 - - default default] Successfully bumped revision number for resource a1c47256-1d1c-44c1-9f9b-c1fd2ce2ac58 (type: security_group_rules) to 0
2026-06-22 17:30:28.970 8 INFO neutron.db.ovn_revision_numbers_db [None req-1641c8b6-069d-4186-b7e8-908b2ee9f45d 206588baa98b46c0a4515d72085c3b8c 8a1212b96da3454bb0913df05871e2d9 - - default default] Successfully bumped revision number for resource a36b8ed3-cc2b-49b4-9322-72cdede0cc55 (type: security_group_rules) to 0
2026-06-22 17:30:29.045 8 INFO neutron.db.segments_db [None req-1641c8b6-069d-4186-b7e8-908b2ee9f45d 206588baa98b46c0a4515d72085c3b8c 8a1212b96da3454bb0913df05871e2d9 - - default default] Added segment 08daa722-5692-47a1-b284-3a685370d660 of type geneve for network 016ec137-7fa4-4bdc-9e30-fcd3c974033c
2026-06-22 17:30:29.194 8 INFO neutron.db.ovn_revision_numbers_db [None req-1641c8b6-069d-4186-b7e8-908b2ee9f45d 206588baa98b46c0a4515d72085c3b8c 8a1212b96da3454bb0913df05871e2d9 - - default default] Successfully bumped revision number for resource 016ec137-7fa4-4bdc-9e30-fcd3c974033c (type: networks) to 1 [pid: 7|app: 0|req: 962/1940] 10.0.0.101 () {32 vars in 740 bytes} [Mon Jun 22 17:30:28 2026] DELETE /v2.0/security-groups/f584043b-4dfc-41c5-aca7-4b2d7bc157d5 => generated 0 bytes in 260 msecs (HTTP/1.1 204) 2 headers in 112 bytes (1 switches on core 0)
2026-06-22 17:30:29.365 8 WARNING neutron.scheduler.dhcp_agent_scheduler [None req-1641c8b6-069d-4186-b7e8-908b2ee9f45d 206588baa98b46c0a4515d72085c3b8c 8a1212b96da3454bb0913df05871e2d9 - - default default] No more DHCP agents
