2026-06-22 17:28:50.900 8 INFO neutron.plugins.ml2.drivers.ovn.mech_driver.mech_driver [None req-c18cff5a-aa29-4fe5-9e5e-67f4ff98264e - - - - - -] OVN reports status down for port: f1d63caf-1378-4992-80ba-0e736fd31d35
2026-06-22 17:28:50.914 8 INFO neutron.plugins.ml2.drivers.ovn.mech_driver.mech_driver [None req-c18cff5a-aa29-4fe5-9e5e-67f4ff98264e - - - - - -] OVN reports status down for port: 26073eda-e23d-4396-9c4b-8e10b3aff8fc
2026-06-22 17:28:50.915 7 INFO neutron.db.ovn_revision_numbers_db [None req-6c3c2c41-e9e2-4200-843a-359222d48e0d - - - - - -] Successfully bumped revision number for resource 89f87fc1-c50e-4b0b-b516-390c3a2cf3df (type: subnets) to 0
2026-06-22 17:28:50.926 8 INFO neutron.plugins.ml2.drivers.ovn.mech_driver.mech_driver [None req-c18cff5a-aa29-4fe5-9e5e-67f4ff98264e - - - - - -] OVN reports status down for port: 99ef9bb7-2e2c-4847-ac48-2b8e415b5d1d [pid: 7|app: 0|req: 627/1324] 10.0.0.101 () {34 vars in 669 bytes} [Mon Jun 22 17:28:50 2026] POST /v2.0/subnets => generated 690 bytes in 618 msecs (HTTP/1.1 201) 4 headers in 162 bytes (1 switches on core 0)
2026-06-22 17:28:51.050 8 INFO neutron.plugins.ml2.drivers.ovn.mech_driver.mech_driver [None req-c18cff5a-aa29-4fe5-9e5e-67f4ff98264e - - - - - -] OVN reports status down for port: e2ac5cac-5989-43a7-b6a6-0b2670f02b6e
2026-06-22 17:28:51.179 8 INFO neutron.plugins.ml2.drivers.ovn.mech_driver.mech_driver [None req-c18cff5a-aa29-4fe5-9e5e-67f4ff98264e - - - - - -] OVN reports status down for port: 3a141917-4fb9-4ea6-8537-4fc8c258612b
2026-06-22 17:28:51.244 7 WARNING neutron.scheduler.dhcp_agent_scheduler [None req-7c9f4048-24d5-4a12-b1e9-e93e0bb4a40d f220a4da50d44d798d2a1a2c3633753a b10ca7acb23b413ca431c755d06ad369 - - default default] No more DHCP agents
2026-06-22 17:28:51.245 7 WARNING neutron.api.rpc.agentnotifiers.dhcp_rpc_agent_api [None req-7c9f4048-24d5-4a12-b1e9-e93e0bb4a40d f220a4da50d44d798d2a1a2c3633753a b10ca7acb23b413ca431c755d06ad369 - - default default] Unable to schedule network 3ae21346-3f3b-43d3-a21d-c48e951d4f07: no agents available; will retry on subsequent port and subnet creation events.
2026-06-22 17:28:51.270 7 INFO neutron.db.ovn_revision_numbers_db [None req-7c9f4048-24d5-4a12-b1e9-e93e0bb4a40d f220a4da50d44d798d2a1a2c3633753a b10ca7acb23b413ca431c755d06ad369 - - default default] Successfully bumped revision number for resource b426fc2d-8435-4ed5-8601-5e0c7dd0f89f (type: subnets) to 0
2026-06-22 17:28:51.294 7 WARNING neutron.scheduler.dhcp_agent_scheduler [None req-7c9f4048-24d5-4a12-b1e9-e93e0bb4a40d f220a4da50d44d798d2a1a2c3633753a b10ca7acb23b413ca431c755d06ad369 - - default default] No more DHCP agents
2026-06-22 17:28:51.295 7 WARNING neutron.api.rpc.agentnotifiers.dhcp_rpc_agent_api [None req-7c9f4048-24d5-4a12-b1e9-e93e0bb4a40d f220a4da50d44d798d2a1a2c3633753a b10ca7acb23b413ca431c755d06ad369 - - default default] Unable to schedule network 37db8cd0-1a96-46b5-b5a1-6a6deacf1f20: no agents available; will retry on subsequent port and subnet creation events.
2026-06-22 17:28:51.319 7 INFO neutron.db.ovn_revision_numbers_db [None req-7c9f4048-24d5-4a12-b1e9-e93e0bb4a40d f220a4da50d44d798d2a1a2c3633753a b10ca7acb23b413ca431c755d06ad369 - - default default] Successfully bumped revision number for resource 536682d7-7fbb-4a8e-906f-1ccf284ed63c (type: subnets) to 0 [pid: 7|app: 0|req: 628/1325] 10.0.0.101 () {34 vars in 669 bytes} [Mon Jun 22 17:28:50 2026] POST /v2.0/subnets => generated 1323 bytes in 403 msecs (HTTP/1.1 201) 4 headers in 163 bytes (1 switches on core 0) [pid: 8|app: 0|req: 698/1326] 10.0.0.101 () {34 vars in 789 bytes} [Mon Jun 22 17:28:50 2026] PUT /v2.0/routers/3bf80e87-3ab8-4a61-b72e-433bfae7e1bb/remove_router_interface => generated 309 bytes in 1280 msecs (HTTP/1.1 200) 4 headers in 157 bytes (1 switches on core 0) /var/lib/openstack/lib/python3.12/site-packages/pycadf/identifier.py:70: UserWarning: Invalid uuid: neutron. To ensure interoperability, identifiers should be a valid uuid. warnings.warn(('Invalid uuid: %s. To ensure interoperability, '
2026-06-22 17:28:51.699 7 WARNING neutron.scheduler.dhcp_agent_scheduler [None req-8ef0bfc0-3c1e-4345-82d6-9754bc0a49e4 ddf6e8dcf4024bfd94bfa444b18147fb b75965c6dec249ee9055ad097f92abb3 - - default default] No more DHCP agents
2026-06-22 17:28:51.714 7 WARNING neutron.api.rpc.agentnotifiers.dhcp_rpc_agent_api [None req-8ef0bfc0-3c1e-4345-82d6-9754bc0a49e4 ddf6e8dcf4024bfd94bfa444b18147fb b75965c6dec249ee9055ad097f92abb3 - - default default] Unable to schedule network 2943827a-6977-40a3-af5b-8ad410ef2f55: no agents available; will retry on subsequent port and subnet creation events.
2026-06-22 17:28:51.782 7 INFO neutron.plugins.ml2.drivers.ovn.mech_driver.mech_driver [None req-1adbe160-96bb-40ee-892d-2e97d383ce02 - - - - - -] OVN reports status down for port: 8d85b3bf-38cb-481a-8dbe-b1365514adc2
2026-06-22 17:28:51.809 8 WARNING neutron.scheduler.dhcp_agent_scheduler [None req-f5d90da4-0e92-4dad-b6f3-8b0a3c1b615f eb592727d3c64280b558d5de4c77bcd3 0091294894ad4b08a8622311416a05b0 - - default default] No more DHCP agents
2026-06-22 17:28:51.810 8 WARNING neutron.api.rpc.agentnotifiers.dhcp_rpc_agent_api [None req-f5d90da4-0e92-4dad-b6f3-8b0a3c1b615f eb592727d3c64280b558d5de4c77bcd3 0091294894ad4b08a8622311416a05b0 - - default default] Unable to schedule network 4ced58ce-8bff-48ab-9733-b91f53e84989: no agents available; will retry on subsequent port and subnet creation events.
2026-06-22 17:28:51.842 7 INFO neutron.db.ovn_revision_numbers_db [None req-8ef0bfc0-3c1e-4345-82d6-9754bc0a49e4 ddf6e8dcf4024bfd94bfa444b18147fb b75965c6dec249ee9055ad097f92abb3 - - default default] Successfully bumped revision number for resource 8d85b3bf-38cb-481a-8dbe-b1365514adc2 (type: ports) to 1
2026-06-22 17:28:51.930 7 INFO neutron.plugins.ml2.drivers.ovn.mech_driver.mech_driver [None req-1adbe160-96bb-40ee-892d-2e97d383ce02 - - - - - -] OVN reports status down for port: f0ed32c2-c7db-4fc9-9e86-1b945ccc37d1
2026-06-22 17:28:51.944 8 INFO neutron.db.ovn_revision_numbers_db [None req-f5d90da4-0e92-4dad-b6f3-8b0a3c1b615f eb592727d3c64280b558d5de4c77bcd3 0091294894ad4b08a8622311416a05b0 - - default default] Successfully bumped revision number for resource f0ed32c2-c7db-4fc9-9e86-1b945ccc37d1 (type: ports) to 1
2026-06-22 17:28:52.384 7 INFO neutron.plugins.ml2.drivers.ovn.mech_driver.mech_driver [None req-1adbe160-96bb-40ee-892d-2e97d383ce02 - - - - - -] OVN reports status up for port: 8d85b3bf-38cb-481a-8dbe-b1365514adc2
2026-06-22 17:28:52.412 7 INFO neutron.plugins.ml2.plugin [None req-1adbe160-96bb-40ee-892d-2e97d383ce02 - - - - - -] Attempt 1 to provision port 8d85b3bf-38cb-481a-8dbe-b1365514adc2
2026-06-22 17:28:52.512 7 WARNING neutron.scheduler.dhcp_agent_scheduler [None req-8ef0bfc0-3c1e-4345-82d6-9754bc0a49e4 ddf6e8dcf4024bfd94bfa444b18147fb b75965c6dec249ee9055ad097f92abb3 - - default default] No more DHCP agents
2026-06-22 17:28:52.514 7 WARNING neutron.api.rpc.agentnotifiers.dhcp_rpc_agent_api [None req-8ef0bfc0-3c1e-4345-82d6-9754bc0a49e4 ddf6e8dcf4024bfd94bfa444b18147fb b75965c6dec249ee9055ad097f92abb3 - - default default] Unable to schedule network 2943827a-6977-40a3-af5b-8ad410ef2f55: no agents available; will retry on subsequent port and subnet creation events.
2026-06-22 17:28:52.542 8 INFO neutron.plugins.ml2.drivers.ovn.mech_driver.ovsdb.commands [None req-ffb0c475-8167-42bb-baba-428cd83711c1 - - - - - -] Schedule LRP lrp-f0ed32c2-c7db-4fc9-9e86-1b945ccc37d1 on gateway d29d8afc-17ac-429d-ba70-d780949aea0b with priority 1
2026-06-22 17:28:52.637 8 INFO neutron.db.ovn_revision_numbers_db [None req-f5d90da4-0e92-4dad-b6f3-8b0a3c1b615f eb592727d3c64280b558d5de4c77bcd3 0091294894ad4b08a8622311416a05b0 - - default default] Successfully bumped revision number for resource f0ed32c2-c7db-4fc9-9e86-1b945ccc37d1 (type: router_ports) to 1
2026-06-22 17:28:52.647 7 INFO neutron.plugins.ml2.drivers.ovn.mech_driver.ovsdb.ovsdb_monitor [None req-457f10c2-4618-4855-9cd7-b360c219cc08 - - - - - -] Router e5e5472d-78b2-42e0-bde6-7d603133bea2 is bound to host instance
2026-06-22 17:28:52.708 8 INFO neutron.db.ovn_revision_numbers_db [None req-f5d90da4-0e92-4dad-b6f3-8b0a3c1b615f eb592727d3c64280b558d5de4c77bcd3 0091294894ad4b08a8622311416a05b0 - - default default] Successfully bumped revision number for resource e5e5472d-78b2-42e0-bde6-7d603133bea2 (type: routers) to 2 [pid: 8|app: 0|req: 699/1327] 10.0.0.101 () {34 vars in 669 bytes} [Mon Jun 22 17:28:51 2026] POST /v2.0/routers => generated 968 bytes in 1365 msecs (HTTP/1.1 201) 4 headers in 162 bytes (1 switches on core 0) [pid: 8|app: 0|req: 700/1328] 10.0.0.101 () {32 vars in 647 bytes} [Mon Jun 22 17:28:52 2026] GET /v2.0/subnets => generated 1959 bytes in 42 msecs (HTTP/1.1 200) 4 headers in 158 bytes (1 switches on core 0)
2026-06-22 17:28:53.079 8 INFO neutron_taas.services.taas.taas_plugin [None req-e3c3a9ee-d0c9-438e-b1f4-44cebefa4743 795f6cb639664c7e98a8889603c6b74e 88d661b520da4e809f3504ed2d421306 - - default default] TaaS: Handle Delete Port: 0ac79654-0741-48e4-a046-b7ee05f4b392
2026-06-22 17:28:53.082 8 INFO neutron_taas.services.taas.tap_mirror_plugin [None req-e3c3a9ee-d0c9-438e-b1f4-44cebefa4743 795f6cb639664c7e98a8889603c6b74e 88d661b520da4e809f3504ed2d421306 - - default default] Tap Mirror: Handle Delete Port: 0ac79654-0741-48e4-a046-b7ee05f4b392
2026-06-22 17:28:53.108 7 INFO neutron.db.ovn_revision_numbers_db [None req-8ef0bfc0-3c1e-4345-82d6-9754bc0a49e4 ddf6e8dcf4024bfd94bfa444b18147fb b75965c6dec249ee9055ad097f92abb3 - - default default] Successfully bumped revision number for resource 8d85b3bf-38cb-481a-8dbe-b1365514adc2 (type: router_ports) to 1 [pid: 7|app: 0|req: 629/1329] 10.0.0.101 () {34 vars in 783 bytes} [Mon Jun 22 17:28:51 2026] PUT /v2.0/routers/65b426d9-7348-4455-a06e-c9f9c8ed264a/add_router_interface => generated 309 bytes in 1792 msecs (HTTP/1.1 200) 4 headers in 157 bytes (1 switches on core 0) [pid: 8|app: 0|req: 701/1330] 10.0.0.101 () {32 vars in 724 bytes} [Mon Jun 22 17:28:52 2026] DELETE /v2.0/routers/3bf80e87-3ab8-4a61-b72e-433bfae7e1bb => generated 0 bytes in 695 msecs (HTTP/1.1 204) 2 headers in 112 bytes (1 switches on core 0) [pid: 8|app: 0|req: 702/1331] 10.0.0.101 () {32 vars in 724 bytes} [Mon Jun 22 17:28:53 2026] DELETE /v2.0/subnets/b426fc2d-8435-4ed5-8601-5e0c7dd0f89f => generated 0 bytes in 199 msecs (HTTP/1.1 204) 3 headers in 131 bytes (1 switches on core 0) [pid: 8|app: 0|req: 703/1332] 10.0.0.101 () {32 vars in 717 bytes} [Mon Jun 22 17:28:53 2026] GET /v2.0/ports/8d85b3bf-38cb-481a-8dbe-b1365514adc2 => generated 947 bytes in 28 msecs (HTTP/1.1 200) 4 headers in 157 bytes (1 switches on core 0)
2026-06-22 17:28:53.722 7 INFO neutron.db.ovn_revision_numbers_db [None req-1adbe160-96bb-40ee-892d-2e97d383ce02 - - - - - -] Successfully bumped revision number for resource 8d85b3bf-38cb-481a-8dbe-b1365514adc2 (type: ports) to 2 [pid: 8|app: 0|req: 704/1333] 10.0.0.101 () {32 vars in 724 bytes} [Mon Jun 22 17:28:53 2026] DELETE /v2.0/subnets/746119af-14f6-424f-9ce3-4346306e055c => generated 0 bytes in 93 msecs (HTTP/1.1 204) 3 headers in 131 bytes (1 switches on core 0) [pid: 8|app: 0|req: 705/1334] 10.0.0.101 () {32 vars in 724 bytes} [Mon Jun 22 17:28:53 2026] DELETE /v2.0/subnets/536682d7-7fbb-4a8e-906f-1ccf284ed63c => generated 0 bytes in 124 msecs (HTTP/1.1 204) 3 headers in 131 bytes (1 switches on core 0)
2026-06-22 17:28:54.272 7 WARNING neutron.scheduler.dhcp_agent_scheduler [None req-b55bba2c-3f9d-462a-8281-19b09623176c eb592727d3c64280b558d5de4c77bcd3 0091294894ad4b08a8622311416a05b0 - - default default] No more DHCP agents
2026-06-22 17:28:54.275 7 WARNING neutron.api.rpc.agentnotifiers.dhcp_rpc_agent_api [None req-b55bba2c-3f9d-462a-8281-19b09623176c eb592727d3c64280b558d5de4c77bcd3 0091294894ad4b08a8622311416a05b0 - - default default] Unable to schedule network 4fca994d-49ad-4e05-bb79-bddf84a0ec82: no agents available; will retry on subsequent port and subnet creation events.
2026-06-22 17:28:54.359 8 WARNING neutron.scheduler.dhcp_agent_scheduler [None req-cc78392a-6b04-459b-bb17-f19383a72ab2 ddf6e8dcf4024bfd94bfa444b18147fb b75965c6dec249ee9055ad097f92abb3 - - default default] No more DHCP agents
2026-06-22 17:28:54.360 8 WARNING neutron.api.rpc.agentnotifiers.dhcp_rpc_agent_api [None req-cc78392a-6b04-459b-bb17-f19383a72ab2 ddf6e8dcf4024bfd94bfa444b18147fb b75965c6dec249ee9055ad097f92abb3 - - default default] Unable to schedule network 27b48898-486a-451f-818e-8e027dd94b6b: no agents available; will retry on subsequent port and subnet creation events.
2026-06-22 17:28:54.492 8 INFO neutron.db.ovn_revision_numbers_db [None req-cc78392a-6b04-459b-bb17-f19383a72ab2 ddf6e8dcf4024bfd94bfa444b18147fb b75965c6dec249ee9055ad097f92abb3 - - default default] Successfully bumped revision number for resource 80360d43-56fe-4c02-ba7a-cdc78413fa65 (type: ports) to 1
2026-06-22 17:28:54.536 8 INFO neutron.plugins.ml2.drivers.ovn.mech_driver.mech_driver [None req-c18cff5a-aa29-4fe5-9e5e-67f4ff98264e - - - - - -] OVN reports status down for port: f7f4bf5d-930a-4d26-8e05-ac4155db02ef
2026-06-22 17:28:54.584 7 INFO neutron.db.ovn_revision_numbers_db [None req-b55bba2c-3f9d-462a-8281-19b09623176c eb592727d3c64280b558d5de4c77bcd3 0091294894ad4b08a8622311416a05b0 - - default default] Successfully bumped revision number for resource f7f4bf5d-930a-4d26-8e05-ac4155db02ef (type: ports) to 1
2026-06-22 17:28:54.787 7 INFO neutron.db.ovn_revision_numbers_db [None req-a1c32cdd-ba0c-4970-a6c4-34b58cd1c531 - - - - - -] Successfully bumped revision number for resource f0ed32c2-c7db-4fc9-9e86-1b945ccc37d1 (type: ports) to 4
2026-06-22 17:28:55.435 7 INFO neutron.db.ovn_revision_numbers_db [None req-a1c32cdd-ba0c-4970-a6c4-34b58cd1c531 - - - - - -] Successfully bumped revision number for resource f0ed32c2-c7db-4fc9-9e86-1b945ccc37d1 (type: ports) to 5
2026-06-22 17:28:55.664 8 INFO neutron.plugins.ml2.drivers.ovn.mech_driver.mech_driver [None req-c18cff5a-aa29-4fe5-9e5e-67f4ff98264e - - - - - -] OVN reports status up for port: f7f4bf5d-930a-4d26-8e05-ac4155db02ef
2026-06-22 17:28:55.705 8 INFO neutron.plugins.ml2.plugin [None req-c18cff5a-aa29-4fe5-9e5e-67f4ff98264e - - - - - -] Attempt 1 to provision port f7f4bf5d-930a-4d26-8e05-ac4155db02ef
2026-06-22 17:28:55.722 7 WARNING neutron.scheduler.dhcp_agent_scheduler [None req-b55bba2c-3f9d-462a-8281-19b09623176c eb592727d3c64280b558d5de4c77bcd3 0091294894ad4b08a8622311416a05b0 - - default default] No more DHCP agents
2026-06-22 17:28:55.724 7 WARNING neutron.api.rpc.agentnotifiers.dhcp_rpc_agent_api [None req-b55bba2c-3f9d-462a-8281-19b09623176c eb592727d3c64280b558d5de4c77bcd3 0091294894ad4b08a8622311416a05b0 - - default default] Unable to schedule network 4fca994d-49ad-4e05-bb79-bddf84a0ec82: no agents available; will retry on subsequent port and subnet creation events.
2026-06-22 17:28:55.824 8 WARNING neutron.scheduler.dhcp_agent_scheduler [None req-cc78392a-6b04-459b-bb17-f19383a72ab2 ddf6e8dcf4024bfd94bfa444b18147fb b75965c6dec249ee9055ad097f92abb3 - - default default] No more DHCP agents
2026-06-22 17:28:55.826 8 WARNING neutron.api.rpc.agentnotifiers.dhcp_rpc_agent_api [None req-cc78392a-6b04-459b-bb17-f19383a72ab2 ddf6e8dcf4024bfd94bfa444b18147fb b75965c6dec249ee9055ad097f92abb3 - - default default] Unable to schedule network 27b48898-486a-451f-818e-8e027dd94b6b: no agents available; will retry on subsequent port and subnet creation events.
2026-06-22 17:28:56.151 8 INFO neutron.db.ovn_revision_numbers_db [None req-cc78392a-6b04-459b-bb17-f19383a72ab2 ddf6e8dcf4024bfd94bfa444b18147fb b75965c6dec249ee9055ad097f92abb3 - - default default] Successfully bumped revision number for resource 80360d43-56fe-4c02-ba7a-cdc78413fa65 (type: router_ports) to 1 [pid: 8|app: 0|req: 706/1335] 10.0.0.101 () {34 vars in 783 bytes} [Mon Jun 22 17:28:53 2026] PUT /v2.0/routers/65b426d9-7348-4455-a06e-c9f9c8ed264a/add_router_interface => generated 309 bytes in 2252 msecs (HTTP/1.1 200) 4 headers in 157 bytes (1 switches on core 0)
2026-06-22 17:28:56.245 7 INFO neutron.db.ovn_revision_numbers_db [None req-b55bba2c-3f9d-462a-8281-19b09623176c eb592727d3c64280b558d5de4c77bcd3 0091294894ad4b08a8622311416a05b0 - - default default] Successfully bumped revision number for resource f7f4bf5d-930a-4d26-8e05-ac4155db02ef (type: router_ports) to 1 [pid: 7|app: 0|req: 630/1336] 10.0.0.101 () {34 vars in 783 bytes} [Mon Jun 22 17:28:53 2026] PUT /v2.0/routers/e5e5472d-78b2-42e0-bde6-7d603133bea2/add_router_interface => generated 309 bytes in 3120 msecs (HTTP/1.1 200) 4 headers in 157 bytes (1 switches on core 0) [pid: 7|app: 0|req: 631/1337] 10.0.0.101 () {32 vars in 647 bytes} [Mon Jun 22 17:28:56 2026] GET /v2.0/subnets => generated 649 bytes in 54 msecs (HTTP/1.1 200) 4 headers in 157 bytes (1 switches on core 0) [pid: 7|app: 0|req: 632/1338] 10.0.0.101 () {32 vars in 717 bytes} [Mon Jun 22 17:28:56 2026] GET /v2.0/ports/80360d43-56fe-4c02-ba7a-cdc78413fa65 => generated 953 bytes in 88 msecs (HTTP/1.1 200) 4 headers in 157 bytes (1 switches on core 0)
2026-06-22 17:28:56.547 7 INFO neutron_taas.services.taas.taas_plugin [None req-e085101e-8bf4-4847-b74d-ab6c323fd1fa f220a4da50d44d798d2a1a2c3633753a b10ca7acb23b413ca431c755d06ad369 - - default default] TaaS: Handle Delete Port: 3a141917-4fb9-4ea6-8537-4fc8c258612b
2026-06-22 17:28:56.550 7 INFO neutron_taas.services.taas.tap_mirror_plugin [None req-e085101e-8bf4-4847-b74d-ab6c323fd1fa f220a4da50d44d798d2a1a2c3633753a b10ca7acb23b413ca431c755d06ad369 - - default default] Tap Mirror: Handle Delete Port: 3a141917-4fb9-4ea6-8537-4fc8c258612b
2026-06-22 17:28:56.615 8 INFO neutron.db.ovn_revision_numbers_db [None req-c18cff5a-aa29-4fe5-9e5e-67f4ff98264e - - - - - -] Successfully bumped revision number for resource f7f4bf5d-930a-4d26-8e05-ac4155db02ef (type: ports) to 2
2026-06-22 17:28:56.645 8 INFO neutron_taas.services.taas.taas_plugin [None req-91f45519-0e7b-4b23-b843-591a4f8531cd 795f6cb639664c7e98a8889603c6b74e 88d661b520da4e809f3504ed2d421306 - - default default] TaaS: Handle Delete Port: 43473d14-42bd-4dad-9215-b28bca498156
2026-06-22 17:28:56.677 8 INFO neutron_taas.services.taas.tap_mirror_plugin [None req-91f45519-0e7b-4b23-b843-591a4f8531cd 795f6cb639664c7e98a8889603c6b74e 88d661b520da4e809f3504ed2d421306 - - default default] Tap Mirror: Handle Delete Port: 43473d14-42bd-4dad-9215-b28bca498156
2026-06-22 17:28:56.762 7 INFO neutron.services.segments.plugin [-] Segment 5ce5762b-1ca7-4efb-adb3-7f20ed3d5c2a resource provider aggregate not found
2026-06-22 17:28:56.768 7 INFO neutron.services.segments.plugin [-] Segment 5ce5762b-1ca7-4efb-adb3-7f20ed3d5c2a resource provider aggregate not found
2026-06-22 17:28:56.791 7 INFO neutron.services.segments.plugin [-] Segment 5ce5762b-1ca7-4efb-adb3-7f20ed3d5c2a resource provider not found; error: Placement Client Error (4xx): {"errors": [{"status": 404, "title": "Not Found", "detail": "The resource could not be found.\n\n No resource provider with uuid 5ce5762b-1ca7-4efb-adb3-7f20ed3d5c2a found for delete ", "request_id": "req-0d098d53-796b-4217-9588-1ddaadc244c3"}]}
2026-06-22 17:28:56.791 7 INFO neutron.services.segments.plugin [-] Segment 5ce5762b-1ca7-4efb-adb3-7f20ed3d5c2a resource provider not found; error: Placement Client Error (4xx): {"errors": [{"status": 404, "title": "Not Found", "detail": "The resource could not be found.\n\n No resource provider with uuid 5ce5762b-1ca7-4efb-adb3-7f20ed3d5c2a found for delete ", "request_id": "req-3d76e1ff-0dfd-44cf-8e3d-d494bfb54768"}]} [pid: 7|app: 0|req: 633/1339] 10.0.0.101 () {32 vars in 726 bytes} [Mon Jun 22 17:28:56 2026] DELETE /v2.0/networks/37db8cd0-1a96-46b5-b5a1-6a6deacf1f20 => generated 0 bytes in 436 msecs (HTTP/1.1 204) 3 headers in 131 bytes (1 switches on core 0) [pid: 7|app: 0|req: 634/1340] 10.0.0.101 () {32 vars in 717 bytes} [Mon Jun 22 17:28:56 2026] GET /v2.0/ports/80360d43-56fe-4c02-ba7a-cdc78413fa65 => generated 953 bytes in 60 msecs (HTTP/1.1 200) 4 headers in 157 bytes (1 switches on core 0)
2026-06-22 17:28:56.951 8 INFO neutron.services.segments.plugin [-] Segment 5a3027c1-f2fd-4231-bf80-73efaa5c4f63 resource provider aggregate not found
2026-06-22 17:28:56.955 8 INFO neutron.services.segments.plugin [-] Segment 5a3027c1-f2fd-4231-bf80-73efaa5c4f63 resource provider aggregate not found
2026-06-22 17:28:56.982 8 INFO neutron.services.segments.plugin [-] Segment 5a3027c1-f2fd-4231-bf80-73efaa5c4f63 resource provider not found; error: Placement Client Error (4xx): {"errors": [{"status": 404, "title": "Not Found", "detail": "The resource could not be found.\n\n No resource provider with uuid 5a3027c1-f2fd-4231-bf80-73efaa5c4f63 found for delete ", "request_id": "req-92da9e4d-9c74-4f15-90e4-aa9f74227c05"}]}
2026-06-22 17:28:56.985 8 INFO neutron.services.segments.plugin [-] Segment 5a3027c1-f2fd-4231-bf80-73efaa5c4f63 resource provider not found; error: Placement Client Error (4xx): {"errors": [{"status": 404, "title": "Not Found", "detail": "The resource could not be found.\n\n No resource provider with uuid 5a3027c1-f2fd-4231-bf80-73efaa5c4f63 found for delete ", "request_id": "req-bd300c4e-d5bc-4b6d-9edf-e15b0def2597"}]} [pid: 8|app: 0|req: 707/1341] 10.0.0.101 () {32 vars in 726 bytes} [Mon Jun 22 17:28:56 2026] DELETE /v2.0/networks/7fbbfd6d-f992-4fe1-9b9b-958d04c21404 => generated 0 bytes in 855 msecs (HTTP/1.1 204) 3 headers in 131 bytes (1 switches on core 0)
2026-06-22 17:28:57.029 7 INFO neutron.db.ovn_revision_numbers_db [None req-cf9dd7b4-a4d8-4c57-9b82-fc3bca93f153 33181f9ab7f543dc963f172126dbe0ae d8b8f618443447d4a191386c2599c69f - - default default] Successfully bumped revision number for resource 0a883619-7632-4b35-8386-4819ef0ae60e (type: security_groups) to 1
2026-06-22 17:28:57.041 7 INFO neutron.db.ovn_revision_numbers_db [None req-cf9dd7b4-a4d8-4c57-9b82-fc3bca93f153 33181f9ab7f543dc963f172126dbe0ae d8b8f618443447d4a191386c2599c69f - - default default] Successfully bumped revision number for resource 38b61668-f768-49b4-9efe-fea5126334f1 (type: security_group_rules) to 0
2026-06-22 17:28:57.050 7 INFO neutron.db.ovn_revision_numbers_db [None req-cf9dd7b4-a4d8-4c57-9b82-fc3bca93f153 33181f9ab7f543dc963f172126dbe0ae d8b8f618443447d4a191386c2599c69f - - default default] Successfully bumped revision number for resource a2573f3a-f9d4-47b6-b4c5-285bb747bbb3 (type: security_group_rules) to 0 [pid: 7|app: 0|req: 635/1342] 10.0.0.101 () {34 vars in 685 bytes} [Mon Jun 22 17:28:56 2026] POST /v2.0/security-groups => generated 1660 bytes in 201 msecs (HTTP/1.1 201) 4 headers in 163 bytes (1 switches on core 0)
2026-06-22 17:28:57.140 8 INFO neutron_taas.services.taas.taas_plugin [None req-1b03995e-99d0-4574-912d-32c278cfe082 f220a4da50d44d798d2a1a2c3633753a b10ca7acb23b413ca431c755d06ad369 - - default default] TaaS: Handle Delete Port: e2ac5cac-5989-43a7-b6a6-0b2670f02b6e
2026-06-22 17:28:57.144 8 INFO neutron_taas.services.taas.tap_mirror_plugin [None req-1b03995e-99d0-4574-912d-32c278cfe082 f220a4da50d44d798d2a1a2c3633753a b10ca7acb23b413ca431c755d06ad369 - - default default] Tap Mirror: Handle Delete Port: e2ac5cac-5989-43a7-b6a6-0b2670f02b6e
2026-06-22 17:28:57.219 7 INFO neutron.db.ovn_revision_numbers_db [None req-6bc3eab3-5197-4045-b400-4d4163d30674 33181f9ab7f543dc963f172126dbe0ae d8b8f618443447d4a191386c2599c69f - - default default] Successfully bumped revision number for resource 2d6dea6c-9140-4768-813f-19809b0adb2b (type: security_group_rules) to 0 [pid: 7|app: 0|req: 636/1343] 10.0.0.101 () {34 vars in 695 bytes} [Mon Jun 22 17:28:57 2026] POST /v2.0/security-group-rules => generated 597 bytes in 162 msecs (HTTP/1.1 201) 4 headers in 162 bytes (1 switches on core 0) [pid: 8|app: 0|req: 708/1344] 10.0.0.101 () {32 vars in 726 bytes} [Mon Jun 22 17:28:57 2026] DELETE /v2.0/networks/3ae21346-3f3b-43d3-a21d-c48e951d4f07 => generated 0 bytes in 344 msecs (HTTP/1.1 204) 3 headers in 131 bytes (1 switches on core 0)
2026-06-22 17:28:57.412 7 INFO neutron.db.ovn_revision_numbers_db [None req-b4bd28e2-1a89-49d3-8dfb-c17708d74556 33181f9ab7f543dc963f172126dbe0ae d8b8f618443447d4a191386c2599c69f - - default default] Successfully bumped revision number for resource b657a97a-9be1-416d-afe1-4251cf08d715 (type: security_group_rules) to 0 [pid: 7|app: 0|req: 637/1345] 10.0.0.101 () {34 vars in 695 bytes} [Mon Jun 22 17:28:57 2026] POST /v2.0/security-group-rules => generated 602 bytes in 183 msecs (HTTP/1.1 201) 4 headers in 162 bytes (1 switches on core 0)
2026-06-22 17:28:57.489 8 INFO neutron_taas.services.taas.taas_plugin [None req-aa82090d-ef21-4934-baff-c408cf31a16d f220a4da50d44d798d2a1a2c3633753a b10ca7acb23b413ca431c755d06ad369 - - default default] TaaS: Handle Delete Port: 60bfe55a-3567-4b55-bc3c-12c48ea070ac
2026-06-22 17:28:57.492 8 INFO neutron_taas.services.taas.tap_mirror_plugin [None req-aa82090d-ef21-4934-baff-c408cf31a16d f220a4da50d44d798d2a1a2c3633753a b10ca7acb23b413ca431c755d06ad369 - - default default] Tap Mirror: Handle Delete Port: 60bfe55a-3567-4b55-bc3c-12c48ea070ac [pid: 7|app: 0|req: 638/1346] 10.0.0.101 () {32 vars in 774 bytes} [Mon Jun 22 17:28:57 2026] GET /v2.0/security-groups?tenant_id=88d661b520da4e809f3504ed2d421306&name=default => generated 2925 bytes in 169 msecs (HTTP/1.1 200) 4 headers in 158 bytes (1 switches on core 0) [pid: 8|app: 0|req: 709/1347] 10.0.0.101 () {32 vars in 726 bytes} [Mon Jun 22 17:28:57 2026] DELETE /v2.0/networks/d2bebd43-672e-4caf-91b9-7cd11036f47a => generated 0 bytes in 381 msecs (HTTP/1.1 204) 3 headers in 131 bytes (1 switches on core 0)
2026-06-22 17:28:57.848 7 WARNING neutron.scheduler.dhcp_agent_scheduler [None req-ccc10c64-eec9-46b8-a80e-972796723f10 33181f9ab7f543dc963f172126dbe0ae d8b8f618443447d4a191386c2599c69f - - default default] No more DHCP agents
2026-06-22 17:28:57.849 7 WARNING neutron.api.rpc.agentnotifiers.dhcp_rpc_agent_api [None req-ccc10c64-eec9-46b8-a80e-972796723f10 33181f9ab7f543dc963f172126dbe0ae d8b8f618443447d4a191386c2599c69f - - default default] Unable to schedule network 4ced58ce-8bff-48ab-9733-b91f53e84989: no agents available; will retry on subsequent port and subnet creation events. [pid: 8|app: 0|req: 710/1348] 10.0.0.101 () {32 vars in 740 bytes} [Mon Jun 22 17:28:57 2026] DELETE /v2.0/security-groups/f80cb4e0-623c-46bc-8af9-d58ed3357e74 => generated 0 bytes in 260 msecs (HTTP/1.1 204) 2 headers in 112 bytes (1 switches on core 0)
2026-06-22 17:28:58.108 8 INFO neutron_taas.services.taas.taas_plugin [None req-09db2e78-5c8c-4e8a-a0d6-2751a80454df f220a4da50d44d798d2a1a2c3633753a b10ca7acb23b413ca431c755d06ad369 - - default default] TaaS: Handle Delete Port: 18777492-1a81-4153-b268-a4711701aec1
2026-06-22 17:28:58.110 8 INFO neutron_taas.services.taas.tap_mirror_plugin [None req-09db2e78-5c8c-4e8a-a0d6-2751a80454df f220a4da50d44d798d2a1a2c3633753a b10ca7acb23b413ca431c755d06ad369 - - default default] Tap Mirror: Handle Delete Port: 18777492-1a81-4153-b268-a4711701aec1 [pid: 7|app: 0|req: 639/1349] 10.0.0.101 () {34 vars in 676 bytes} [Mon Jun 22 17:28:57 2026] POST /v2.0/floatingips => generated 552 bytes in 547 msecs (HTTP/1.1 201) 4 headers in 162 bytes (1 switches on core 0) [pid: 7|app: 0|req: 642/1352] 10.0.0.101 () {32 vars in 717 bytes} [Mon Jun 22 17:28:58 2026] GET /v2.0/ports/80360d43-56fe-4c02-ba7a-cdc78413fa65 => generated 953 bytes in 67 msecs (HTTP/1.1 200) 4 headers in 157 bytes (1 switches on core 0) [pid: 8|app: 0|req: 711/1353] 10.0.0.101 () {32 vars in 726 bytes} [Mon Jun 22 17:28:58 2026] DELETE /v2.0/networks/9c57a665-a968-44a9-87b1-be9806f4d500 => generated 0 bytes in 296 msecs (HTTP/1.1 204) 3 headers in 131 bytes (1 switches on core 0) [pid: 7|app: 0|req: 643/1354] 10.0.0.215 () {34 vars in 1098 bytes} [Mon Jun 22 17:28:58 2026] GET /v2.0/security-groups?name=tempest-securitygroup--526769176&fields=id&tenant_id=d8b8f618443447d4a191386c2599c69f => generated 69 bytes in 53 msecs (HTTP/1.1 200) 4 headers in 156 bytes (1 switches on core 0)
2026-06-22 17:28:58.689 7 WARNING neutron.plugins.ml2.drivers.ovn.mech_driver.ovsdb.ovn_client [None req-60d3bbae-9f2c-431f-a7b9-532827a39afb - - - - - -] No hosting information found for port 8d85b3bf-38cb-481a-8dbe-b1365514adc2: RuntimeError: No hosting information found for port 8d85b3bf-38cb-481a-8dbe-b1365514adc2
2026-06-22 17:28:58.690 7 INFO neutron.plugins.ml2.drivers.ovn.mech_driver.mech_driver [None req-60d3bbae-9f2c-431f-a7b9-532827a39afb - - - - - -] OVN reports status up for port: f0ed32c2-c7db-4fc9-9e86-1b945ccc37d1
2026-06-22 17:28:58.704 7 INFO neutron.plugins.ml2.plugin [None req-60d3bbae-9f2c-431f-a7b9-532827a39afb - - - - - -] Attempt 1 to provision port f0ed32c2-c7db-4fc9-9e86-1b945ccc37d1 [pid: 8|app: 0|req: 712/1355] 10.0.0.215 () {34 vars in 982 bytes} [Mon Jun 22 17:28:58 2026] GET /v2.0/networks?id=4fca994d-49ad-4e05-bb79-bddf84a0ec82 => generated 713 bytes in 53 msecs (HTTP/1.1 200) 4 headers in 157 bytes (1 switches on core 0) [pid: 7|app: 0|req: 644/1356] 10.0.0.215 () {34 vars in 965 bytes} [Mon Jun 22 17:28:58 2026] GET /v2.0/quotas/d8b8f618443447d4a191386c2599c69f => generated 292 bytes in 28 msecs (HTTP/1.1 200) 4 headers in 157 bytes (1 switches on core 0) [pid: 8|app: 0|req: 713/1357] 10.0.0.215 () {34 vars in 1002 bytes} [Mon Jun 22 17:28:58 2026] GET /v2.0/ports?tenant_id=d8b8f618443447d4a191386c2599c69f&fields=id => generated 103 bytes in 76 msecs (HTTP/1.1 200) 4 headers in 157 bytes (1 switches on core 0)
2026-06-22 17:28:58.866 7 INFO neutron.db.ovn_revision_numbers_db [None req-60d3bbae-9f2c-431f-a7b9-532827a39afb - - - - - -] Successfully bumped revision number for resource 8d85b3bf-38cb-481a-8dbe-b1365514adc2 (type: router_ports) to 2
2026-06-22 17:28:58.901 7 INFO neutron.plugins.ml2.drivers.ovn.mech_driver.mech_driver [None req-60d3bbae-9f2c-431f-a7b9-532827a39afb - - - - - -] OVN reports status down for port: 80360d43-56fe-4c02-ba7a-cdc78413fa65 [pid: 8|app: 0|req: 714/1358] 10.0.0.215 () {34 vars in 1008 bytes} [Mon Jun 22 17:28:58 2026] GET /v2.0/networks/4fca994d-49ad-4e05-bb79-bddf84a0ec82?fields=segments => generated 14 bytes in 44 msecs (HTTP/1.1 200) 4 headers in 156 bytes (1 switches on core 0) [pid: 8|app: 0|req: 715/1359] 10.0.0.215 () {34 vars in 1108 bytes} [Mon Jun 22 17:28:58 2026] GET /v2.0/networks/4fca994d-49ad-4e05-bb79-bddf84a0ec82?fields=provider%3Aphysical_network&fields=provider%3Anetwork_type => generated 79 bytes in 40 msecs (HTTP/1.1 200) 4 headers in 156 bytes (1 switches on core 0)
2026-06-22 17:28:58.971 7 WARNING neutron.plugins.ml2.drivers.ovn.mech_driver.ovsdb.ovn_client [None req-60d3bbae-9f2c-431f-a7b9-532827a39afb - - - - - -] Logical_Switch_Port %s host information not removed, the port state is up
2026-06-22 17:28:58.971 7 INFO neutron.plugins.ml2.drivers.ovn.mech_driver.mech_driver [None req-60d3bbae-9f2c-431f-a7b9-532827a39afb - - - - - -] OVN reports status up for port: 80360d43-56fe-4c02-ba7a-cdc78413fa65
2026-06-22 17:28:58.992 7 INFO neutron.plugins.ml2.plugin [None req-60d3bbae-9f2c-431f-a7b9-532827a39afb - - - - - -] Attempt 1 to provision port 80360d43-56fe-4c02-ba7a-cdc78413fa65 [pid: 7|app: 0|req: 645/1360] 10.0.0.101 () {32 vars in 774 bytes} [Mon Jun 22 17:28:58 2026] GET /v2.0/security-groups?tenant_id=b10ca7acb23b413ca431c755d06ad369&name=default => generated 2925 bytes in 203 msecs (HTTP/1.1 200) 4 headers in 158 bytes (1 switches on core 0)
2026-06-22 17:28:59.007 8 INFO neutron.services.segments.plugin [-] Segment 7849533b-17e7-41a2-a684-24c51d0ef061 resource provider aggregate not found
2026-06-22 17:28:59.012 8 INFO neutron.services.segments.plugin [-] Segment 7849533b-17e7-41a2-a684-24c51d0ef061 resource provider aggregate not found
2026-06-22 17:28:59.028 8 INFO neutron.services.segments.plugin [-] Segment 7849533b-17e7-41a2-a684-24c51d0ef061 resource provider not found; error: Placement Client Error (4xx): {"errors": [{"status": 404, "title": "Not Found", "detail": "The resource could not be found.\n\n No resource provider with uuid 7849533b-17e7-41a2-a684-24c51d0ef061 found for delete ", "request_id": "req-dd590e30-b6f2-4efe-a560-a71946e87374"}]}
2026-06-22 17:28:59.034 8 INFO neutron.services.segments.plugin [-] Segment 7849533b-17e7-41a2-a684-24c51d0ef061 resource provider not found; error: Placement Client Error (4xx): {"errors": [{"status": 404, "title": "Not Found", "detail": "The resource could not be found.\n\n No resource provider with uuid 7849533b-17e7-41a2-a684-24c51d0ef061 found for delete ", "request_id": "req-2a1c3ef2-f011-4cd5-a34d-6ccfc026f9e6"}]}
2026-06-22 17:28:59.048 8 INFO neutron.services.segments.plugin [-] Segment c8a1e099-adad-4ef4-8dd7-6ed0ff1fa115 resource provider aggregate not found
2026-06-22 17:28:59.057 8 INFO neutron.services.segments.plugin [-] Segment c8a1e099-adad-4ef4-8dd7-6ed0ff1fa115 resource provider aggregate not found
2026-06-22 17:28:59.064 8 INFO neutron.services.segments.plugin [-] Segment c8a1e099-adad-4ef4-8dd7-6ed0ff1fa115 resource provider not found; error: Placement Client Error (4xx): {"errors": [{"status": 404, "title": "Not Found", "detail": "The resource could not be found.\n\n No resource provider with uuid c8a1e099-adad-4ef4-8dd7-6ed0ff1fa115 found for delete ", "request_id": "req-5feaf2be-5f8d-4ea7-906b-940d7b7214c1"}]}
2026-06-22 17:28:59.078 8 INFO neutron.services.segments.plugin [-] Segment c8a1e099-adad-4ef4-8dd7-6ed0ff1fa115 resource provider not found; error: Placement Client Error (4xx): {"errors": [{"status": 404, "title": "Not Found", "detail": "The resource could not be found.\n\n No resource provider with uuid c8a1e099-adad-4ef4-8dd7-6ed0ff1fa115 found for delete ", "request_id": "req-bbd63b0d-32c0-47cb-9c79-62edba887a20"}]}
2026-06-22 17:28:59.084 8 INFO neutron.services.segments.plugin [-] Segment 781728d8-6327-4519-8300-6a10e5ae0680 resource provider aggregate not found
2026-06-22 17:28:59.101 8 INFO neutron.services.segments.plugin [-] Segment 781728d8-6327-4519-8300-6a10e5ae0680 resource provider aggregate not found
2026-06-22 17:28:59.107 8 INFO neutron.services.segments.plugin [-] Segment 781728d8-6327-4519-8300-6a10e5ae0680 resource provider not found; error: Placement Client Error (4xx): {"errors": [{"status": 404, "title": "Not Found", "detail": "The resource could not be found.\n\n No resource provider with uuid 781728d8-6327-4519-8300-6a10e5ae0680 found for delete ", "request_id": "req-7c28ab40-330a-4811-87cd-1821133e8fd3"}]}
2026-06-22 17:28:59.114 8 INFO neutron.services.segments.plugin [-] Segment 781728d8-6327-4519-8300-6a10e5ae0680 resource provider not found; error: Placement Client Error (4xx): {"errors": [{"status": 404, "title": "Not Found", "detail": "The resource could not be found.\n\n No resource provider with uuid 781728d8-6327-4519-8300-6a10e5ae0680 found for delete ", "request_id": "req-741d53ef-b650-45c5-84c2-01b7866405e8"}]} [pid: 7|app: 0|req: 646/1361] 10.0.0.215 () {34 vars in 990 bytes} [Mon Jun 22 17:28:59 2026] GET /v2.0/ports?device_id=0a3e2d15-8de7-4f33-bacc-441cd1a0499a => generated 12 bytes in 58 msecs (HTTP/1.1 200) 4 headers in 156 bytes (1 switches on core 0) [pid: 8|app: 0|req: 716/1362] 10.0.0.101 () {32 vars in 740 bytes} [Mon Jun 22 17:28:59 2026] DELETE /v2.0/security-groups/4a345699-a3de-44db-9769-1e579301d78d => generated 0 bytes in 315 msecs (HTTP/1.1 204) 2 headers in 112 bytes (1 switches on core 0) [pid: 7|app: 0|req: 647/1363] 10.0.0.101 () {32 vars in 717 bytes} [Mon Jun 22 17:28:59 2026] GET /v2.0/ports/80360d43-56fe-4c02-ba7a-cdc78413fa65 => generated 955 bytes in 92 msecs (HTTP/1.1 200) 4 headers in 157 bytes (1 switches on core 0)
2026-06-22 17:28:59.450 7 INFO neutron.db.ovn_revision_numbers_db [None req-60d3bbae-9f2c-431f-a7b9-532827a39afb - - - - - -] Successfully bumped revision number for resource 80360d43-56fe-4c02-ba7a-cdc78413fa65 (type: ports) to 2
2026-06-22 17:28:59.670 8 INFO neutron_taas.services.taas.taas_plugin [None req-99e8c298-ad39-4a73-bfaa-8a0ff7b45baf ddf6e8dcf4024bfd94bfa444b18147fb b75965c6dec249ee9055ad097f92abb3 - - default default] TaaS: Handle Delete Port: 80360d43-56fe-4c02-ba7a-cdc78413fa65
2026-06-22 17:28:59.674 8 INFO neutron_taas.services.taas.tap_mirror_plugin [None req-99e8c298-ad39-4a73-bfaa-8a0ff7b45baf ddf6e8dcf4024bfd94bfa444b18147fb b75965c6dec249ee9055ad097f92abb3 - - default default] Tap Mirror: Handle Delete Port: 80360d43-56fe-4c02-ba7a-cdc78413fa65 [pid: 8|app: 0|req: 717/1364] 10.0.0.101 () {34 vars in 789 bytes} [Mon Jun 22 17:28:59 2026] PUT /v2.0/routers/65b426d9-7348-4455-a06e-c9f9c8ed264a/remove_router_interface => generated 309 bytes in 668 msecs (HTTP/1.1 200) 4 headers in 157 bytes (1 switches on core 0) /var/lib/openstack/lib/python3.12/site-packages/pycadf/identifier.py:70: UserWarning: Invalid uuid: neutron. To ensure interoperability, identifiers should be a valid uuid. warnings.warn(('Invalid uuid: %s. To ensure interoperability, '
2026-06-22 17:29:00.056 7 INFO neutron.db.ovn_revision_numbers_db [None req-f92b14ef-7876-457d-8093-0aa28e0786c5 ae9fb678d25f4421bd1293ad123499a8 3780be556f174159bad6fc82a339c22f - - default default] Successfully bumped revision number for resource f5e19489-6e1d-4032-9304-175c40275e68 (type: security_groups) to 1
2026-06-22 17:29:00.077 7 INFO neutron.db.ovn_revision_numbers_db [None req-f92b14ef-7876-457d-8093-0aa28e0786c5 ae9fb678d25f4421bd1293ad123499a8 3780be556f174159bad6fc82a339c22f - - default default] Successfully bumped revision number for resource 38b094c8-8fbe-4786-828e-8373697db94e (type: security_group_rules) to 0
2026-06-22 17:29:00.089 7 INFO neutron.db.ovn_revision_numbers_db [None req-f92b14ef-7876-457d-8093-0aa28e0786c5 ae9fb678d25f4421bd1293ad123499a8 3780be556f174159bad6fc82a339c22f - - default default] Successfully bumped revision number for resource c56a1b31-30c2-42b1-9c7c-4c06cf0cd492 (type: security_group_rules) to 0
2026-06-22 17:29:00.100 7 INFO neutron.db.ovn_revision_numbers_db [None req-f92b14ef-7876-457d-8093-0aa28e0786c5 ae9fb678d25f4421bd1293ad123499a8 3780be556f174159bad6fc82a339c22f - - default default] Successfully bumped revision number for resource cea82f2f-f4ec-452c-9fc6-bc5682e85587 (type: security_group_rules) to 0
2026-06-22 17:29:00.113 7 INFO neutron.db.ovn_revision_numbers_db [None req-f92b14ef-7876-457d-8093-0aa28e0786c5 ae9fb678d25f4421bd1293ad123499a8 3780be556f174159bad6fc82a339c22f - - default default] Successfully bumped revision number for resource dfb2913e-8e84-4595-9824-38a2d5fc1189 (type: security_group_rules) to 0 [pid: 8|app: 0|req: 718/1365] 10.0.0.101 () {32 vars in 717 bytes} [Mon Jun 22 17:29:00 2026] GET /v2.0/ports/8d85b3bf-38cb-481a-8dbe-b1365514adc2 => generated 947 bytes in 143 msecs (HTTP/1.1 200) 4 headers in 157 bytes (1 switches on core 0)
2026-06-22 17:29:00.198 7 INFO neutron.db.segments_db [None req-f92b14ef-7876-457d-8093-0aa28e0786c5 ae9fb678d25f4421bd1293ad123499a8 3780be556f174159bad6fc82a339c22f - - default default] Added segment bd050aab-0e10-4795-855b-84c38269eb8f of type geneve for network 0cc89fa5-47c9-4942-b653-9bfbfa1cc923
2026-06-22 17:29:00.322 7 INFO neutron.db.ovn_revision_numbers_db [None req-f92b14ef-7876-457d-8093-0aa28e0786c5 ae9fb678d25f4421bd1293ad123499a8 3780be556f174159bad6fc82a339c22f - - default default] Successfully bumped revision number for resource 0cc89fa5-47c9-4942-b653-9bfbfa1cc923 (type: networks) to 1
2026-06-22 17:29:00.419 8 INFO neutron_taas.services.taas.taas_plugin [None req-3b5b569b-518a-44a6-9880-93159a0da5d9 ddf6e8dcf4024bfd94bfa444b18147fb b75965c6dec249ee9055ad097f92abb3 - - default default] TaaS: Handle Delete Port: 8d85b3bf-38cb-481a-8dbe-b1365514adc2
2026-06-22 17:29:00.422 8 INFO neutron_taas.services.taas.tap_mirror_plugin [None req-3b5b569b-518a-44a6-9880-93159a0da5d9 ddf6e8dcf4024bfd94bfa444b18147fb b75965c6dec249ee9055ad097f92abb3 - - default default] Tap Mirror: Handle Delete Port: 8d85b3bf-38cb-481a-8dbe-b1365514adc2
2026-06-22 17:29:00.462 7 WARNING neutron.scheduler.dhcp_agent_scheduler [None req-f92b14ef-7876-457d-8093-0aa28e0786c5 ae9fb678d25f4421bd1293ad123499a8 3780be556f174159bad6fc82a339c22f - - default default] No more DHCP agents
2026-06-22 17:29:00.463 7 WARNING neutron.api.rpc.agentnotifiers.dhcp_rpc_agent_api [None req-f92b14ef-7876-457d-8093-0aa28e0786c5 ae9fb678d25f4421bd1293ad123499a8 3780be556f174159bad6fc82a339c22f - - default default] Unable to schedule network 0cc89fa5-47c9-4942-b653-9bfbfa1cc923: no agents available; will retry on subsequent port and subnet creation events.
2026-06-22 17:29:00.575 7 INFO neutron.db.ovn_revision_numbers_db [None req-f92b14ef-7876-457d-8093-0aa28e0786c5 ae9fb678d25f4421bd1293ad123499a8 3780be556f174159bad6fc82a339c22f - - default default] Successfully bumped revision number for resource 8d3784ea-7ed1-42d9-8d89-0ba6aa4c2eec (type: ports) to 1 [pid: 7|app: 0|req: 648/1366] 10.0.0.101 () {34 vars in 670 bytes} [Mon Jun 22 17:28:59 2026] POST /v2.0/networks => generated 667 bytes in 867 msecs (HTTP/1.1 201) 4 headers in 162 bytes (1 switches on core 0) [pid: 7|app: 0|req: 649/1367] 10.0.0.215 () {34 vars in 990 bytes} [Mon Jun 22 17:29:00 2026] GET /v2.0/ports?device_id=0a3e2d15-8de7-4f33-bacc-441cd1a0499a => generated 12 bytes in 19 msecs (HTTP/1.1 200) 4 headers in 156 bytes (1 switches on core 0) [pid: 8|app: 0|req: 719/1368] 10.0.0.101 () {34 vars in 789 bytes} [Mon Jun 22 17:29:00 2026] PUT /v2.0/routers/65b426d9-7348-4455-a06e-c9f9c8ed264a/remove_router_interface => generated 309 bytes in 694 msecs (HTTP/1.1 200) 4 headers in 157 bytes (1 switches on core 0) [pid: 7|app: 0|req: 650/1369] 10.0.0.101 () {32 vars in 736 bytes} [Mon Jun 22 17:29:00 2026] GET /v2.0/ports?device_id=65b426d9-7348-4455-a06e-c9f9c8ed264a => generated 12 bytes in 21 msecs (HTTP/1.1 200) 4 headers in 156 bytes (1 switches on core 0) /var/lib/openstack/lib/python3.12/site-packages/pycadf/identifier.py:70: UserWarning: Invalid uuid: neutron. To ensure interoperability, identifiers should be a valid uuid. warnings.warn(('Invalid uuid: %s. To ensure interoperability, ' [pid: 8|app: 0|req: 720/1370] 10.0.0.101 () {32 vars in 724 bytes} [Mon Jun 22 17:29:00 2026] DELETE /v2.0/routers/65b426d9-7348-4455-a06e-c9f9c8ed264a => generated 0 bytes in 203 msecs (HTTP/1.1 204) 2 headers in 112 bytes (1 switches on core 0) [pid: 8|app: 0|req: 721/1371] 10.0.0.101 () {32 vars in 724 bytes} [Mon Jun 22 17:29:01 2026] DELETE /v2.0/subnets/40caeecc-250b-460a-aa1f-3625f22a282a => generated 0 bytes in 166 msecs (HTTP/1.1 204) 3 headers in 131 bytes (1 switches on core 0)
2026-06-22 17:29:01.315 7 WARNING neutron.scheduler.dhcp_agent_scheduler [None req-54a3bd30-1e69-4980-bc76-83210b5363fe ae9fb678d25f4421bd1293ad123499a8 3780be556f174159bad6fc82a339c22f - - default default] No more DHCP agents
2026-06-22 17:29:01.316 7 WARNING neutron.api.rpc.agentnotifiers.dhcp_rpc_agent_api [None req-54a3bd30-1e69-4980-bc76-83210b5363fe ae9fb678d25f4421bd1293ad123499a8 3780be556f174159bad6fc82a339c22f - - default default] Unable to schedule network 0cc89fa5-47c9-4942-b653-9bfbfa1cc923: no agents available; will retry on subsequent port and subnet creation events.
2026-06-22 17:29:01.343 7 INFO neutron.db.ovn_revision_numbers_db [None req-54a3bd30-1e69-4980-bc76-83210b5363fe ae9fb678d25f4421bd1293ad123499a8 3780be556f174159bad6fc82a339c22f - - default default] Successfully bumped revision number for resource 21890f38-7755-4c2b-82c2-660b7bf3fc26 (type: subnets) to 0
2026-06-22 17:29:01.348 8 WARNING neutron.plugins.ml2.drivers.ovn.mech_driver.ovsdb.ovn_client [None req-4f8632ac-4a7f-4eef-9d03-ac81b378a421 - - - - - -] No hosting information found for port f7f4bf5d-930a-4d26-8e05-ac4155db02ef: RuntimeError: No hosting information found for port f7f4bf5d-930a-4d26-8e05-ac4155db02ef [pid: 7|app: 0|req: 651/1372] 10.0.0.101 () {34 vars in 669 bytes} [Mon Jun 22 17:29:01 2026] POST /v2.0/subnets => generated 673 bytes in 301 msecs (HTTP/1.1 201) 4 headers in 162 bytes (1 switches on core 0)
2026-06-22 17:29:01.439 8 INFO neutron.db.ovn_revision_numbers_db [None req-4f8632ac-4a7f-4eef-9d03-ac81b378a421 - - - - - -] Successfully bumped revision number for resource f7f4bf5d-930a-4d26-8e05-ac4155db02ef (type: router_ports) to 2 [pid: 7|app: 0|req: 652/1373] 10.0.0.101 () {32 vars in 724 bytes} [Mon Jun 22 17:29:01 2026] DELETE /v2.0/subnets/35f17575-bf21-4d32-85ea-5e8625c928b4 => generated 0 bytes in 154 msecs (HTTP/1.1 204) 3 headers in 131 bytes (1 switches on core 0)
2026-06-22 17:29:01.616 7 INFO neutron.db.segments_db [None req-f7122030-3659-447e-9768-4852f795e2f3 ae9fb678d25f4421bd1293ad123499a8 3780be556f174159bad6fc82a339c22f - - default default] Added segment f28092c8-07a4-4c09-b2b3-7cb43bc5569e of type geneve for network 78557f21-f323-43dc-8a17-ba62a2d84e91
2026-06-22 17:29:01.669 8 INFO neutron.db.ovn_revision_numbers_db [None req-376524c1-4c14-423a-9a66-68625db0e66b a7314c8fc48947a6a2a101d413e4f5d8 8c071cfbddbe4ecfa6569f4c004307ca - - default default] Successfully bumped revision number for resource b076f5c6-623f-4fb2-a85f-8808b53006ab (type: security_groups) to 1
2026-06-22 17:29:01.680 8 INFO neutron.db.ovn_revision_numbers_db [None req-376524c1-4c14-423a-9a66-68625db0e66b a7314c8fc48947a6a2a101d413e4f5d8 8c071cfbddbe4ecfa6569f4c004307ca - - default default] Successfully bumped revision number for resource 06d2ab9a-1ddc-43f0-86db-f64d0cc84792 (type: security_group_rules) to 0
2026-06-22 17:29:01.691 8 INFO neutron.db.ovn_revision_numbers_db [None req-376524c1-4c14-423a-9a66-68625db0e66b a7314c8fc48947a6a2a101d413e4f5d8 8c071cfbddbe4ecfa6569f4c004307ca - - default default] Successfully bumped revision number for resource 20d07ed8-2984-4511-acb7-a8db3c43d78a (type: security_group_rules) to 0
2026-06-22 17:29:01.703 8 INFO neutron.db.ovn_revision_numbers_db [None req-376524c1-4c14-423a-9a66-68625db0e66b a7314c8fc48947a6a2a101d413e4f5d8 8c071cfbddbe4ecfa6569f4c004307ca - - default default] Successfully bumped revision number for resource 3ecd6c06-7867-4e24-85ea-aedbe7bc7a76 (type: security_group_rules) to 0
2026-06-22 17:29:01.722 8 INFO neutron.db.ovn_revision_numbers_db [None req-376524c1-4c14-423a-9a66-68625db0e66b a7314c8fc48947a6a2a101d413e4f5d8 8c071cfbddbe4ecfa6569f4c004307ca - - default default] Successfully bumped revision number for resource c5ff18fe-27e6-45be-818e-cdd7e49d705b (type: security_group_rules) to 0
2026-06-22 17:29:01.739 7 INFO neutron.db.ovn_revision_numbers_db [None req-f7122030-3659-447e-9768-4852f795e2f3 ae9fb678d25f4421bd1293ad123499a8 3780be556f174159bad6fc82a339c22f - - default default] Successfully bumped revision number for resource 78557f21-f323-43dc-8a17-ba62a2d84e91 (type: networks) to 1
2026-06-22 17:29:01.813 8 INFO neutron.db.segments_db [None req-376524c1-4c14-423a-9a66-68625db0e66b a7314c8fc48947a6a2a101d413e4f5d8 8c071cfbddbe4ecfa6569f4c004307ca - - default default] Added segment da3f7b24-ecd4-4006-a1dc-1691fae3710c of type geneve for network 3b8681a1-954c-4543-b271-4279ecd01952
2026-06-22 17:29:01.906 8 INFO neutron.db.segments_db [None req-376524c1-4c14-423a-9a66-68625db0e66b a7314c8fc48947a6a2a101d413e4f5d8 8c071cfbddbe4ecfa6569f4c004307ca - - default default] Added segment 9605edb6-32c1-418d-8622-9a000daca2b1 of type geneve for network 872b5e4c-2990-428f-9ec6-bc15ab6b8234
2026-06-22 17:29:01.913 7 WARNING neutron.scheduler.dhcp_agent_scheduler [None req-f7122030-3659-447e-9768-4852f795e2f3 ae9fb678d25f4421bd1293ad123499a8 3780be556f174159bad6fc82a339c22f - - default default] No more DHCP agents
2026-06-22 17:29:01.914 7 WARNING neutron.api.rpc.agentnotifiers.dhcp_rpc_agent_api [None req-f7122030-3659-447e-9768-4852f795e2f3 ae9fb678d25f4421bd1293ad123499a8 3780be556f174159bad6fc82a339c22f - - default default] Unable to schedule network 78557f21-f323-43dc-8a17-ba62a2d84e91: no agents available; will retry on subsequent port and subnet creation events.
2026-06-22 17:29:01.971 8 INFO neutron.plugins.ml2.drivers.ovn.mech_driver.mech_driver [None req-4f8632ac-4a7f-4eef-9d03-ac81b378a421 - - - - - -] OVN reports status down for port: e69c9e29-b98d-476c-8c7f-b17c59b2da64
2026-06-22 17:29:02.000 7 INFO neutron.db.ovn_revision_numbers_db [None req-f7122030-3659-447e-9768-4852f795e2f3 ae9fb678d25f4421bd1293ad123499a8 3780be556f174159bad6fc82a339c22f - - default default] Successfully bumped revision number for resource e69c9e29-b98d-476c-8c7f-b17c59b2da64 (type: ports) to 1 [pid: 7|app: 0|req: 653/1374] 10.0.0.101 () {34 vars in 670 bytes} [Mon Jun 22 17:29:01 2026] POST /v2.0/networks => generated 666 bytes in 502 msecs (HTTP/1.1 201) 4 headers in 162 bytes (1 switches on core 0)
2026-06-22 17:29:02.104 8 INFO neutron.db.ovn_revision_numbers_db [None req-376524c1-4c14-423a-9a66-68625db0e66b a7314c8fc48947a6a2a101d413e4f5d8 8c071cfbddbe4ecfa6569f4c004307ca - - default default] Successfully bumped revision number for resource 3b8681a1-954c-4543-b271-4279ecd01952 (type: networks) to 1
2026-06-22 17:29:02.139 7 INFO neutron_taas.services.taas.taas_plugin [None req-9b7cfc01-d3d5-4f13-aa59-dcfa8ba7f622 ddf6e8dcf4024bfd94bfa444b18147fb b75965c6dec249ee9055ad097f92abb3 - - default default] TaaS: Handle Delete Port: 08427c31-3ade-4382-8d1c-44f3627817b2
2026-06-22 17:29:02.150 7 INFO neutron_taas.services.taas.tap_mirror_plugin [None req-9b7cfc01-d3d5-4f13-aa59-dcfa8ba7f622 ddf6e8dcf4024bfd94bfa444b18147fb b75965c6dec249ee9055ad097f92abb3 - - default default] Tap Mirror: Handle Delete Port: 08427c31-3ade-4382-8d1c-44f3627817b2
2026-06-22 17:29:02.265 8 WARNING neutron.scheduler.dhcp_agent_scheduler [None req-376524c1-4c14-423a-9a66-68625db0e66b a7314c8fc48947a6a2a101d413e4f5d8 8c071cfbddbe4ecfa6569f4c004307ca - - default default] No more DHCP agents
2026-06-22 17:29:02.266 8 WARNING neutron.api.rpc.agentnotifiers.dhcp_rpc_agent_api [None req-376524c1-4c14-423a-9a66-68625db0e66b a7314c8fc48947a6a2a101d413e4f5d8 8c071cfbddbe4ecfa6569f4c004307ca - - default default] Unable to schedule network 3b8681a1-954c-4543-b271-4279ecd01952: no agents available; will retry on subsequent port and subnet creation events.
