2026-06-22 17:38:40.624 7 INFO neutron.api.v2.resource [None req-3249193e-d39f-4189-adf9-3c686e535908 8a68a2fdca764ad98d630c51ff25d216 7e2a57b333544f4ebf5b168ccb0a971a - - default default] show failed (client error): The resource could not be found. [pid: 7|app: 0|req: 1833/3655] 10.0.0.101 () {32 vars in 729 bytes} [Mon Jun 22 17:38:40 2026] GET /v2.0/floatingips/4da75e40-1582-480c-8c3e-ed783e2775df => generated 144 bytes in 40 msecs (HTTP/1.1 404) 4 headers in 164 bytes (1 switches on core 0) [pid: 8|app: 0|req: 1823/3656] 10.0.0.215 () {34 vars in 990 bytes} [Mon Jun 22 17:38:40 2026] GET /v2.0/ports?device_id=e64956cf-d637-4439-ab10-084a4b1b046d => generated 1200 bytes in 125 msecs (HTTP/1.1 200) 4 headers in 158 bytes (1 switches on core 0) [pid: 7|app: 0|req: 1834/3657] 10.0.0.215 () {34 vars in 1040 bytes} [Mon Jun 22 17:38:40 2026] GET /v2.0/security-groups?id=a3aa5cee-d9b5-4e8b-9bfe-a3647b68ee30&fields=id&fields=name => generated 111 bytes in 29 msecs (HTTP/1.1 200) 4 headers in 157 bytes (1 switches on core 0) [pid: 8|app: 0|req: 1824/3658] 199.204.45.95 () {34 vars in 1079 bytes} [Mon Jun 22 17:38:41 2026] GET /v2.0/ports?tenant_id=7e2a57b333544f4ebf5b168ccb0a971a&device_id=e64956cf-d637-4439-ab10-084a4b1b046d => generated 1438 bytes in 36 msecs (HTTP/1.1 200) 4 headers in 158 bytes (1 switches on core 0) [pid: 7|app: 0|req: 1835/3659] 199.204.45.95 () {34 vars in 985 bytes} [Mon Jun 22 17:38:41 2026] GET /v2.0/networks?id=dedf4d3e-687c-4bbe-9fd8-a5585f11b44a => generated 842 bytes in 47 msecs (HTTP/1.1 200) 4 headers in 157 bytes (1 switches on core 0) [pid: 8|app: 0|req: 1825/3660] 199.204.45.95 () {34 vars in 1057 bytes} [Mon Jun 22 17:38:41 2026] GET /v2.0/floatingips?fixed_ip_address=10.2.2.199&port_id=b10a7aa9-0d55-421c-9d00-1c422bdc5f35 => generated 19 bytes in 19 msecs (HTTP/1.1 200) 4 headers in 156 bytes (1 switches on core 0) [pid: 7|app: 0|req: 1836/3661] 199.204.45.95 () {34 vars in 1103 bytes} [Mon Jun 22 17:38:41 2026] GET /v2.0/floatingips?fixed_ip_address=fd77%3A1457%3A4cf0%3A26a8%3A%3Aaa&port_id=b10a7aa9-0d55-421c-9d00-1c422bdc5f35 => generated 19 bytes in 24 msecs (HTTP/1.1 200) 4 headers in 156 bytes (1 switches on core 0) [pid: 8|app: 0|req: 1826/3662] 199.204.45.95 () {34 vars in 1063 bytes} [Mon Jun 22 17:38:41 2026] GET /v2.0/subnets?id=f9451066-6138-47fd-8d9d-f42fb4eec34e&id=91292020-54c7-4979-bab7-3380c4c77e5a => generated 1415 bytes in 32 msecs (HTTP/1.1 200) 4 headers in 158 bytes (1 switches on core 0) [pid: 7|app: 0|req: 1837/3663] 199.204.45.95 () {34 vars in 1051 bytes} [Mon Jun 22 17:38:41 2026] GET /v2.0/ports?network_id=dedf4d3e-687c-4bbe-9fd8-a5585f11b44a&device_owner=network%3Adhcp => generated 12 bytes in 22 msecs (HTTP/1.1 200) 4 headers in 156 bytes (1 switches on core 0) [pid: 8|app: 0|req: 1827/3664] 199.204.45.95 () {34 vars in 1051 bytes} [Mon Jun 22 17:38:41 2026] GET /v2.0/ports?network_id=dedf4d3e-687c-4bbe-9fd8-a5585f11b44a&device_owner=network%3Adhcp => generated 12 bytes in 21 msecs (HTTP/1.1 200) 4 headers in 156 bytes (1 switches on core 0) [pid: 7|app: 0|req: 1838/3665] 199.204.45.95 () {34 vars in 1011 bytes} [Mon Jun 22 17:38:41 2026] GET /v2.0/networks/dedf4d3e-687c-4bbe-9fd8-a5585f11b44a?fields=segments => generated 14 bytes in 57 msecs (HTTP/1.1 200) 4 headers in 156 bytes (1 switches on core 0) [pid: 8|app: 0|req: 1828/3666] 199.204.45.95 () {34 vars in 1111 bytes} [Mon Jun 22 17:38:41 2026] GET /v2.0/networks/dedf4d3e-687c-4bbe-9fd8-a5585f11b44a?fields=provider%3Aphysical_network&fields=provider%3Anetwork_type => generated 79 bytes in 66 msecs (HTTP/1.1 200) 4 headers in 156 bytes (1 switches on core 0)
2026-06-22 17:38:41.874 8 INFO neutron.plugins.ml2.drivers.ovn.mech_driver.mech_driver [None req-36c5a6c6-1106-42b2-8c67-e81d9bd9a6f0 - - - - - -] OVN reports status down for port: b10a7aa9-0d55-421c-9d00-1c422bdc5f35
2026-06-22 17:38:42.116 8 INFO neutron.db.ovn_revision_numbers_db [None req-36c5a6c6-1106-42b2-8c67-e81d9bd9a6f0 - - - - - -] Successfully bumped revision number for resource b10a7aa9-0d55-421c-9d00-1c422bdc5f35 (type: ports) to 6
2026-06-22 17:38:42.672 8 INFO neutron.notifiers.nova [-] Nova event matching ['req-f60490c2-8597-469a-a8f4-9dfae4f708de'] response: {'server_uuid': 'e64956cf-d637-4439-ab10-084a4b1b046d', 'name': 'network-vif-unplugged', 'status': 'completed', 'tag': 'b10a7aa9-0d55-421c-9d00-1c422bdc5f35', 'code': 200}
2026-06-22 17:38:42.672 8 INFO neutron.notifiers.nova [-] Nova event matching ['req-f60490c2-8597-469a-a8f4-9dfae4f708de'] response: {'server_uuid': 'e64956cf-d637-4439-ab10-084a4b1b046d', 'name': 'network-vif-unplugged', 'status': 'completed', 'tag': 'b10a7aa9-0d55-421c-9d00-1c422bdc5f35', 'code': 200} [pid: 7|app: 0|req: 1840/3669] 199.204.45.95 () {34 vars in 993 bytes} [Mon Jun 22 17:38:43 2026] GET /v2.0/ports?device_id=e64956cf-d637-4439-ab10-084a4b1b046d => generated 1198 bytes in 79 msecs (HTTP/1.1 200) 4 headers in 158 bytes (1 switches on core 0) /var/lib/openstack/lib/python3.12/site-packages/pycadf/identifier.py:70: UserWarning: Invalid uuid: neutron. To ensure interoperability, identifiers should be a valid uuid. warnings.warn(('Invalid uuid: %s. To ensure interoperability, '
2026-06-22 17:38:43.263 8 INFO neutron_taas.services.taas.taas_plugin [req-bfb55b98-6013-4889-b30f-02c92c40e8a8 req-6f2af194-0daa-4273-b543-b26666240273 8a68a2fdca764ad98d630c51ff25d216 7e2a57b333544f4ebf5b168ccb0a971a - - default default] TaaS: Handle Delete Port: b10a7aa9-0d55-421c-9d00-1c422bdc5f35
2026-06-22 17:38:43.266 8 INFO neutron_taas.services.taas.tap_mirror_plugin [req-bfb55b98-6013-4889-b30f-02c92c40e8a8 req-6f2af194-0daa-4273-b543-b26666240273 8a68a2fdca764ad98d630c51ff25d216 7e2a57b333544f4ebf5b168ccb0a971a - - default default] Tap Mirror: Handle Delete Port: b10a7aa9-0d55-421c-9d00-1c422bdc5f35 [pid: 8|app: 0|req: 1830/3670] 199.204.45.95 () {36 vars in 996 bytes} [Mon Jun 22 17:38:43 2026] DELETE /v2.0/ports/b10a7aa9-0d55-421c-9d00-1c422bdc5f35 => generated 0 bytes in 299 msecs (HTTP/1.1 204) 3 headers in 131 bytes (1 switches on core 0)
2026-06-22 17:38:44.710 8 INFO neutron.notifiers.nova [-] Nova event matching ['req-4696cfa7-bdb4-40a3-ba3a-9268bb02aa0a'] response: {'server_uuid': 'e64956cf-d637-4439-ab10-084a4b1b046d', 'name': 'network-vif-deleted', 'tag': 'b10a7aa9-0d55-421c-9d00-1c422bdc5f35', 'status': 'completed', 'code': 200} [pid: 7|app: 0|req: 1841/3671] 10.0.0.215 () {34 vars in 990 bytes} [Mon Jun 22 17:38:46 2026] GET /v2.0/ports?device_id=e64956cf-d637-4439-ab10-084a4b1b046d => generated 12 bytes in 29 msecs (HTTP/1.1 200) 4 headers in 156 bytes (1 switches on core 0)
2026-06-22 17:38:51.289 8 INFO neutron_taas.services.taas.taas_plugin [None req-12a2208c-b335-4157-86f4-68a467017edc 8a68a2fdca764ad98d630c51ff25d216 7e2a57b333544f4ebf5b168ccb0a971a - - default default] TaaS: Handle Delete Port: e7376707-614b-41c2-bf0d-62d5022e2392
2026-06-22 17:38:51.293 8 INFO neutron_taas.services.taas.tap_mirror_plugin [None req-12a2208c-b335-4157-86f4-68a467017edc 8a68a2fdca764ad98d630c51ff25d216 7e2a57b333544f4ebf5b168ccb0a971a - - default default] Tap Mirror: Handle Delete Port: e7376707-614b-41c2-bf0d-62d5022e2392
2026-06-22 17:38:51.548 8 INFO neutron.db.l3_db [None req-12a2208c-b335-4157-86f4-68a467017edc 8a68a2fdca764ad98d630c51ff25d216 7e2a57b333544f4ebf5b168ccb0a971a - - default default] Floating IP a02d456a-ff9f-4eaf-b9c1-57b285a2a17c disassociated (deleted). External IP: 10.96.250.204, port: 29a7524a-6826-4c39-87c7-aa1a9e00d958. [pid: 8|app: 0|req: 1831/3672] 10.0.0.101 () {32 vars in 732 bytes} [Mon Jun 22 17:38:51 2026] DELETE /v2.0/floatingips/a02d456a-ff9f-4eaf-b9c1-57b285a2a17c => generated 0 bytes in 471 msecs (HTTP/1.1 204) 2 headers in 112 bytes (1 switches on core 0)
2026-06-22 17:38:51.623 7 INFO neutron.api.v2.resource [None req-eb512cde-377d-4c45-8e89-7228d997d66d 8a68a2fdca764ad98d630c51ff25d216 7e2a57b333544f4ebf5b168ccb0a971a - - default default] show failed (client error): The resource could not be found. [pid: 7|app: 0|req: 1842/3673] 10.0.0.101 () {32 vars in 729 bytes} [Mon Jun 22 17:38:51 2026] GET /v2.0/floatingips/a02d456a-ff9f-4eaf-b9c1-57b285a2a17c => generated 144 bytes in 18 msecs (HTTP/1.1 404) 4 headers in 164 bytes (1 switches on core 0)
2026-06-22 17:38:51.642 8 INFO neutron.notifiers.nova [-] Nova event matching ['req-a1f9e911-19c0-4097-aa37-0c8a353a52b3'] response: {'name': 'network-changed', 'server_uuid': '2f2cd322-b43a-448d-a726-ee2cd2db9407', 'tag': '29a7524a-6826-4c39-87c7-aa1a9e00d958', 'status': 'completed', 'code': 200} /var/lib/openstack/lib/python3.12/site-packages/pycadf/identifier.py:70: UserWarning: Invalid uuid: neutron. To ensure interoperability, identifiers should be a valid uuid. warnings.warn(('Invalid uuid: %s. To ensure interoperability, ' [pid: 8|app: 0|req: 1832/3674] 10.0.0.215 () {34 vars in 990 bytes} [Mon Jun 22 17:38:51 2026] GET /v2.0/ports?device_id=2f2cd322-b43a-448d-a726-ee2cd2db9407 => generated 1200 bytes in 80 msecs (HTTP/1.1 200) 4 headers in 158 bytes (1 switches on core 0) [pid: 7|app: 0|req: 1843/3675] 10.0.0.215 () {34 vars in 1040 bytes} [Mon Jun 22 17:38:51 2026] GET /v2.0/security-groups?id=a3aa5cee-d9b5-4e8b-9bfe-a3647b68ee30&fields=id&fields=name => generated 111 bytes in 40 msecs (HTTP/1.1 200) 4 headers in 157 bytes (1 switches on core 0) [pid: 8|app: 0|req: 1833/3676] 199.204.45.95 () {34 vars in 1079 bytes} [Mon Jun 22 17:38:52 2026] GET /v2.0/ports?tenant_id=7e2a57b333544f4ebf5b168ccb0a971a&device_id=2f2cd322-b43a-448d-a726-ee2cd2db9407 => generated 1438 bytes in 40 msecs (HTTP/1.1 200) 4 headers in 158 bytes (1 switches on core 0) [pid: 7|app: 0|req: 1844/3677] 199.204.45.95 () {34 vars in 985 bytes} [Mon Jun 22 17:38:52 2026] GET /v2.0/networks?id=16634af1-8cb3-4f7b-b580-0a8dcc95b6d1 => generated 839 bytes in 48 msecs (HTTP/1.1 200) 4 headers in 157 bytes (1 switches on core 0) [pid: 8|app: 0|req: 1834/3678] 199.204.45.95 () {34 vars in 1057 bytes} [Mon Jun 22 17:38:52 2026] GET /v2.0/floatingips?fixed_ip_address=10.2.1.246&port_id=29a7524a-6826-4c39-87c7-aa1a9e00d958 => generated 19 bytes in 20 msecs (HTTP/1.1 200) 4 headers in 156 bytes (1 switches on core 0) [pid: 7|app: 0|req: 1845/3679] 199.204.45.95 () {34 vars in 1103 bytes} [Mon Jun 22 17:38:52 2026] GET /v2.0/floatingips?fixed_ip_address=fd7b%3Af9f7%3Afff%3A4eca%3A%3A301&port_id=29a7524a-6826-4c39-87c7-aa1a9e00d958 => generated 19 bytes in 24 msecs (HTTP/1.1 200) 4 headers in 156 bytes (1 switches on core 0) [pid: 8|app: 0|req: 1835/3680] 199.204.45.95 () {34 vars in 1063 bytes} [Mon Jun 22 17:38:52 2026] GET /v2.0/subnets?id=2e28bae2-a12c-4d4b-853a-ac4000b8e41b&id=63e7f02a-808e-4f31-a3f3-ec044eca3302 => generated 1408 bytes in 34 msecs (HTTP/1.1 200) 4 headers in 158 bytes (1 switches on core 0) [pid: 7|app: 0|req: 1846/3681] 199.204.45.95 () {34 vars in 1051 bytes} [Mon Jun 22 17:38:52 2026] GET /v2.0/ports?network_id=16634af1-8cb3-4f7b-b580-0a8dcc95b6d1&device_owner=network%3Adhcp => generated 12 bytes in 22 msecs (HTTP/1.1 200) 4 headers in 156 bytes (1 switches on core 0) [pid: 8|app: 0|req: 1836/3682] 199.204.45.95 () {34 vars in 1051 bytes} [Mon Jun 22 17:38:52 2026] GET /v2.0/ports?network_id=16634af1-8cb3-4f7b-b580-0a8dcc95b6d1&device_owner=network%3Adhcp => generated 12 bytes in 21 msecs (HTTP/1.1 200) 4 headers in 156 bytes (1 switches on core 0) [pid: 7|app: 0|req: 1847/3683] 199.204.45.95 () {34 vars in 1011 bytes} [Mon Jun 22 17:38:52 2026] GET /v2.0/networks/16634af1-8cb3-4f7b-b580-0a8dcc95b6d1?fields=segments => generated 14 bytes in 53 msecs (HTTP/1.1 200) 4 headers in 156 bytes (1 switches on core 0) [pid: 8|app: 0|req: 1837/3684] 199.204.45.95 () {34 vars in 1111 bytes} [Mon Jun 22 17:38:52 2026] GET /v2.0/networks/16634af1-8cb3-4f7b-b580-0a8dcc95b6d1?fields=provider%3Aphysical_network&fields=provider%3Anetwork_type => generated 79 bytes in 46 msecs (HTTP/1.1 200) 4 headers in 156 bytes (1 switches on core 0)
2026-06-22 17:38:52.834 8 INFO neutron.plugins.ml2.drivers.ovn.mech_driver.mech_driver [None req-f491f476-65fb-4d4e-b480-60bc98b238e6 - - - - - -] OVN reports status down for port: 29a7524a-6826-4c39-87c7-aa1a9e00d958
2026-06-22 17:38:53.116 8 INFO neutron.db.ovn_revision_numbers_db [None req-f491f476-65fb-4d4e-b480-60bc98b238e6 - - - - - -] Successfully bumped revision number for resource 29a7524a-6826-4c39-87c7-aa1a9e00d958 (type: ports) to 6
2026-06-22 17:38:53.689 8 INFO neutron.notifiers.nova [-] Nova event matching ['req-6da4e41f-8c52-45ee-874c-16a0c3e0ed7c'] response: {'server_uuid': '2f2cd322-b43a-448d-a726-ee2cd2db9407', 'name': 'network-vif-unplugged', 'status': 'completed', 'tag': '29a7524a-6826-4c39-87c7-aa1a9e00d958', 'code': 200}
2026-06-22 17:38:53.689 8 INFO neutron.notifiers.nova [-] Nova event matching ['req-6da4e41f-8c52-45ee-874c-16a0c3e0ed7c'] response: {'server_uuid': '2f2cd322-b43a-448d-a726-ee2cd2db9407', 'name': 'network-vif-unplugged', 'status': 'completed', 'tag': '29a7524a-6826-4c39-87c7-aa1a9e00d958', 'code': 200} [pid: 7|app: 0|req: 1848/3685] 199.204.45.95 () {34 vars in 993 bytes} [Mon Jun 22 17:38:54 2026] GET /v2.0/ports?device_id=2f2cd322-b43a-448d-a726-ee2cd2db9407 => generated 1198 bytes in 81 msecs (HTTP/1.1 200) 4 headers in 158 bytes (1 switches on core 0) /var/lib/openstack/lib/python3.12/site-packages/pycadf/identifier.py:70: UserWarning: Invalid uuid: neutron. To ensure interoperability, identifiers should be a valid uuid. warnings.warn(('Invalid uuid: %s. To ensure interoperability, '
2026-06-22 17:38:54.262 8 INFO neutron_taas.services.taas.taas_plugin [req-3c5c9432-d079-4f33-bcf8-c5cf7f2b2493 req-3ee16f2f-c20c-4663-b8be-18a12fca67c5 8a68a2fdca764ad98d630c51ff25d216 7e2a57b333544f4ebf5b168ccb0a971a - - default default] TaaS: Handle Delete Port: 29a7524a-6826-4c39-87c7-aa1a9e00d958
2026-06-22 17:38:54.266 8 INFO neutron_taas.services.taas.tap_mirror_plugin [req-3c5c9432-d079-4f33-bcf8-c5cf7f2b2493 req-3ee16f2f-c20c-4663-b8be-18a12fca67c5 8a68a2fdca764ad98d630c51ff25d216 7e2a57b333544f4ebf5b168ccb0a971a - - default default] Tap Mirror: Handle Delete Port: 29a7524a-6826-4c39-87c7-aa1a9e00d958 [pid: 8|app: 0|req: 1838/3686] 199.204.45.95 () {36 vars in 996 bytes} [Mon Jun 22 17:38:54 2026] DELETE /v2.0/ports/29a7524a-6826-4c39-87c7-aa1a9e00d958 => generated 0 bytes in 322 msecs (HTTP/1.1 204) 3 headers in 131 bytes (1 switches on core 0)
2026-06-22 17:38:55.728 8 INFO neutron.notifiers.nova [-] Nova event matching ['req-d4711712-f4c8-431d-982e-33ad41b07d2b'] response: {'server_uuid': '2f2cd322-b43a-448d-a726-ee2cd2db9407', 'name': 'network-vif-deleted', 'tag': '29a7524a-6826-4c39-87c7-aa1a9e00d958', 'status': 'completed', 'code': 200} [pid: 7|app: 0|req: 1849/3687] 10.0.0.215 () {34 vars in 990 bytes} [Mon Jun 22 17:38:56 2026] GET /v2.0/ports?device_id=2f2cd322-b43a-448d-a726-ee2cd2db9407 => generated 12 bytes in 22 msecs (HTTP/1.1 200) 4 headers in 156 bytes (1 switches on core 0) [pid: 8|app: 0|req: 1840/3690] 10.0.0.101 () {32 vars in 750 bytes} [Mon Jun 22 17:39:02 2026] DELETE /v2.0/security-group-rules/6cad4cb2-86c7-4ada-89f5-44cafc242705 => generated 0 bytes in 169 msecs (HTTP/1.1 204) 2 headers in 112 bytes (1 switches on core 0)
2026-06-22 17:39:02.253 7 INFO neutron.api.v2.resource [None req-b8ba2583-2ab2-4d8e-80ce-44064ccc3c02 8a68a2fdca764ad98d630c51ff25d216 7e2a57b333544f4ebf5b168ccb0a971a - - default default] show failed (client error): The resource could not be found. [pid: 7|app: 0|req: 1851/3691] 10.0.0.101 () {32 vars in 747 bytes} [Mon Jun 22 17:39:02 2026] GET /v2.0/security-group-rules/6cad4cb2-86c7-4ada-89f5-44cafc242705 => generated 155 bytes in 15 msecs (HTTP/1.1 404) 4 headers in 164 bytes (1 switches on core 0) [pid: 8|app: 0|req: 1841/3692] 10.0.0.101 () {32 vars in 750 bytes} [Mon Jun 22 17:39:02 2026] DELETE /v2.0/security-group-rules/05ca3fb2-bef4-4235-9866-25d06aafc189 => generated 0 bytes in 120 msecs (HTTP/1.1 204) 2 headers in 112 bytes (1 switches on core 0)
2026-06-22 17:39:02.401 7 INFO neutron.api.v2.resource [None req-c11c7df8-c160-436d-ab9e-2d3bd6c10ff0 8a68a2fdca764ad98d630c51ff25d216 7e2a57b333544f4ebf5b168ccb0a971a - - default default] show failed (client error): The resource could not be found. [pid: 7|app: 0|req: 1852/3693] 10.0.0.101 () {32 vars in 747 bytes} [Mon Jun 22 17:39:02 2026] GET /v2.0/security-group-rules/05ca3fb2-bef4-4235-9866-25d06aafc189 => generated 155 bytes in 17 msecs (HTTP/1.1 404) 4 headers in 164 bytes (1 switches on core 0) [pid: 8|app: 0|req: 1842/3694] 10.0.0.101 () {32 vars in 750 bytes} [Mon Jun 22 17:39:02 2026] DELETE /v2.0/security-group-rules/86a1b0fd-3d88-4b41-9397-06aeb4f2f651 => generated 0 bytes in 142 msecs (HTTP/1.1 204) 2 headers in 112 bytes (1 switches on core 0)
2026-06-22 17:39:02.572 7 INFO neutron.api.v2.resource [None req-e3b7a3df-7805-433a-a293-60e9d406ce84 8a68a2fdca764ad98d630c51ff25d216 7e2a57b333544f4ebf5b168ccb0a971a - - default default] show failed (client error): The resource could not be found. [pid: 7|app: 0|req: 1853/3695] 10.0.0.101 () {32 vars in 747 bytes} [Mon Jun 22 17:39:02 2026] GET /v2.0/security-group-rules/86a1b0fd-3d88-4b41-9397-06aeb4f2f651 => generated 155 bytes in 15 msecs (HTTP/1.1 404) 4 headers in 164 bytes (1 switches on core 0) [pid: 8|app: 0|req: 1843/3696] 10.0.0.101 () {32 vars in 750 bytes} [Mon Jun 22 17:39:02 2026] DELETE /v2.0/security-group-rules/4a8475a5-c63b-44ad-b3d4-ca5189c4c7ac => generated 0 bytes in 155 msecs (HTTP/1.1 204) 2 headers in 112 bytes (1 switches on core 0)
2026-06-22 17:39:02.752 7 INFO neutron.api.v2.resource [None req-a63b9633-94d5-4086-b297-65bf4531d928 8a68a2fdca764ad98d630c51ff25d216 7e2a57b333544f4ebf5b168ccb0a971a - - default default] show failed (client error): The resource could not be found. [pid: 7|app: 0|req: 1854/3697] 10.0.0.101 () {32 vars in 747 bytes} [Mon Jun 22 17:39:02 2026] GET /v2.0/security-group-rules/4a8475a5-c63b-44ad-b3d4-ca5189c4c7ac => generated 155 bytes in 14 msecs (HTTP/1.1 404) 4 headers in 164 bytes (1 switches on core 0) [pid: 8|app: 0|req: 1844/3698] 10.0.0.101 () {32 vars in 750 bytes} [Mon Jun 22 17:39:02 2026] DELETE /v2.0/security-group-rules/d0d21b2d-1fe5-4314-8e9a-b6cef8804a38 => generated 0 bytes in 131 msecs (HTTP/1.1 204) 2 headers in 112 bytes (1 switches on core 0)
2026-06-22 17:39:02.908 7 INFO neutron.api.v2.resource [None req-27cbbdab-18c6-4db6-a125-4600d8df0c11 8a68a2fdca764ad98d630c51ff25d216 7e2a57b333544f4ebf5b168ccb0a971a - - default default] show failed (client error): The resource could not be found. [pid: 7|app: 0|req: 1855/3699] 10.0.0.101 () {32 vars in 747 bytes} [Mon Jun 22 17:39:02 2026] GET /v2.0/security-group-rules/d0d21b2d-1fe5-4314-8e9a-b6cef8804a38 => generated 155 bytes in 15 msecs (HTTP/1.1 404) 4 headers in 164 bytes (1 switches on core 0) [pid: 8|app: 0|req: 1845/3700] 10.0.0.101 () {32 vars in 750 bytes} [Mon Jun 22 17:39:02 2026] DELETE /v2.0/security-group-rules/45e7e9d4-47c2-46b3-9473-1772cef38179 => generated 0 bytes in 133 msecs (HTTP/1.1 204) 2 headers in 112 bytes (1 switches on core 0)
2026-06-22 17:39:03.068 7 INFO neutron.api.v2.resource [None req-dcb935c1-0dbc-4d02-bc8f-63b79fdd468b 8a68a2fdca764ad98d630c51ff25d216 7e2a57b333544f4ebf5b168ccb0a971a - - default default] show failed (client error): The resource could not be found. [pid: 7|app: 0|req: 1856/3701] 10.0.0.101 () {32 vars in 747 bytes} [Mon Jun 22 17:39:03 2026] GET /v2.0/security-group-rules/45e7e9d4-47c2-46b3-9473-1772cef38179 => generated 155 bytes in 18 msecs (HTTP/1.1 404) 4 headers in 164 bytes (1 switches on core 0) [pid: 8|app: 0|req: 1846/3702] 10.0.0.101 () {32 vars in 750 bytes} [Mon Jun 22 17:39:03 2026] DELETE /v2.0/security-group-rules/2c7a6f41-036e-47e8-99c3-800cac2f578d => generated 0 bytes in 115 msecs (HTTP/1.1 204) 2 headers in 112 bytes (1 switches on core 0)
2026-06-22 17:39:03.209 7 INFO neutron.api.v2.resource [None req-8bfee6bc-e32b-4880-b7df-2ebeb64e0c8e 8a68a2fdca764ad98d630c51ff25d216 7e2a57b333544f4ebf5b168ccb0a971a - - default default] show failed (client error): The resource could not be found. [pid: 7|app: 0|req: 1857/3703] 10.0.0.101 () {32 vars in 747 bytes} [Mon Jun 22 17:39:03 2026] GET /v2.0/security-group-rules/2c7a6f41-036e-47e8-99c3-800cac2f578d => generated 155 bytes in 15 msecs (HTTP/1.1 404) 4 headers in 164 bytes (1 switches on core 0) [pid: 8|app: 0|req: 1847/3704] 10.0.0.101 () {32 vars in 750 bytes} [Mon Jun 22 17:39:03 2026] DELETE /v2.0/security-group-rules/e6687169-f8e9-43a7-b59b-7cb6d652ac72 => generated 0 bytes in 129 msecs (HTTP/1.1 204) 2 headers in 112 bytes (1 switches on core 0)
2026-06-22 17:39:03.365 7 INFO neutron.api.v2.resource [None req-0eb67af1-8520-440d-91ef-b46629720a51 8a68a2fdca764ad98d630c51ff25d216 7e2a57b333544f4ebf5b168ccb0a971a - - default default] show failed (client error): The resource could not be found. [pid: 7|app: 0|req: 1858/3705] 10.0.0.101 () {32 vars in 747 bytes} [Mon Jun 22 17:39:03 2026] GET /v2.0/security-group-rules/e6687169-f8e9-43a7-b59b-7cb6d652ac72 => generated 155 bytes in 16 msecs (HTTP/1.1 404) 4 headers in 164 bytes (1 switches on core 0) [pid: 8|app: 0|req: 1848/3706] 10.0.0.101 () {32 vars in 750 bytes} [Mon Jun 22 17:39:03 2026] DELETE /v2.0/security-group-rules/3a17eba5-fc10-4c01-b020-47909caf47d0 => generated 0 bytes in 108 msecs (HTTP/1.1 204) 2 headers in 112 bytes (1 switches on core 0)
2026-06-22 17:39:03.502 7 INFO neutron.api.v2.resource [None req-e574079c-3c0f-44a8-a7c7-aa39d6a47f0d 8a68a2fdca764ad98d630c51ff25d216 7e2a57b333544f4ebf5b168ccb0a971a - - default default] show failed (client error): The resource could not be found. [pid: 7|app: 0|req: 1859/3707] 10.0.0.101 () {32 vars in 747 bytes} [Mon Jun 22 17:39:03 2026] GET /v2.0/security-group-rules/3a17eba5-fc10-4c01-b020-47909caf47d0 => generated 155 bytes in 20 msecs (HTTP/1.1 404) 4 headers in 164 bytes (1 switches on core 0) [pid: 8|app: 0|req: 1849/3708] 10.0.0.101 () {32 vars in 750 bytes} [Mon Jun 22 17:39:03 2026] DELETE /v2.0/security-group-rules/c210972a-5a26-4ce3-965c-91532987c0a7 => generated 0 bytes in 128 msecs (HTTP/1.1 204) 2 headers in 112 bytes (1 switches on core 0)
2026-06-22 17:39:03.652 7 INFO neutron.api.v2.resource [None req-cd726798-6d20-49d2-af2e-5702b6e9569f 8a68a2fdca764ad98d630c51ff25d216 7e2a57b333544f4ebf5b168ccb0a971a - - default default] show failed (client error): The resource could not be found. [pid: 7|app: 0|req: 1860/3709] 10.0.0.101 () {32 vars in 747 bytes} [Mon Jun 22 17:39:03 2026] GET /v2.0/security-group-rules/c210972a-5a26-4ce3-965c-91532987c0a7 => generated 155 bytes in 10 msecs (HTTP/1.1 404) 4 headers in 164 bytes (1 switches on core 0) [pid: 8|app: 0|req: 1850/3710] 10.0.0.101 () {32 vars in 750 bytes} [Mon Jun 22 17:39:03 2026] DELETE /v2.0/security-group-rules/7c795496-d30f-44aa-8a8a-2de63c2204e3 => generated 0 bytes in 112 msecs (HTTP/1.1 204) 2 headers in 112 bytes (1 switches on core 0)
2026-06-22 17:39:03.786 7 INFO neutron.api.v2.resource [None req-ab9d7ecb-aee9-4733-8531-84507e01e560 8a68a2fdca764ad98d630c51ff25d216 7e2a57b333544f4ebf5b168ccb0a971a - - default default] show failed (client error): The resource could not be found. [pid: 7|app: 0|req: 1861/3711] 10.0.0.101 () {32 vars in 747 bytes} [Mon Jun 22 17:39:03 2026] GET /v2.0/security-group-rules/7c795496-d30f-44aa-8a8a-2de63c2204e3 => generated 155 bytes in 11 msecs (HTTP/1.1 404) 4 headers in 164 bytes (1 switches on core 0) [pid: 8|app: 0|req: 1851/3712] 10.0.0.101 () {32 vars in 740 bytes} [Mon Jun 22 17:39:03 2026] DELETE /v2.0/security-groups/a3aa5cee-d9b5-4e8b-9bfe-a3647b68ee30 => generated 0 bytes in 116 msecs (HTTP/1.1 204) 2 headers in 112 bytes (1 switches on core 0)
2026-06-22 17:39:03.926 7 INFO neutron.api.v2.resource [None req-591e50e0-d67b-4efc-a015-ec064c6d12e4 8a68a2fdca764ad98d630c51ff25d216 7e2a57b333544f4ebf5b168ccb0a971a - - default default] show failed (client error): The resource could not be found. [pid: 7|app: 0|req: 1862/3713] 10.0.0.101 () {32 vars in 737 bytes} [Mon Jun 22 17:39:03 2026] GET /v2.0/security-groups/a3aa5cee-d9b5-4e8b-9bfe-a3647b68ee30 => generated 146 bytes in 14 msecs (HTTP/1.1 404) 4 headers in 164 bytes (1 switches on core 0)
2026-06-22 17:39:04.278 8 INFO neutron_taas.services.taas.taas_plugin [None req-249c5179-3f34-4ed8-9f05-23491ab468fd 8a68a2fdca764ad98d630c51ff25d216 7e2a57b333544f4ebf5b168ccb0a971a - - default default] TaaS: Handle Delete Port: 185b0d11-bb51-4c36-92a6-ddc448a8248e
2026-06-22 17:39:04.281 8 INFO neutron_taas.services.taas.tap_mirror_plugin [None req-249c5179-3f34-4ed8-9f05-23491ab468fd 8a68a2fdca764ad98d630c51ff25d216 7e2a57b333544f4ebf5b168ccb0a971a - - default default] Tap Mirror: Handle Delete Port: 185b0d11-bb51-4c36-92a6-ddc448a8248e [pid: 8|app: 0|req: 1852/3714] 10.0.0.101 () {34 vars in 789 bytes} [Mon Jun 22 17:39:03 2026] PUT /v2.0/routers/6b2744e2-1f6b-4a9e-a396-46d845c4c785/remove_router_interface => generated 309 bytes in 862 msecs (HTTP/1.1 200) 4 headers in 157 bytes (1 switches on core 0)
2026-06-22 17:39:04.940 7 INFO neutron.api.v2.resource [None req-cc6cc80e-e90b-415c-bf46-7c5479a0a3bb 8a68a2fdca764ad98d630c51ff25d216 7e2a57b333544f4ebf5b168ccb0a971a - - default default] remove_router_interface failed (client error): The resource could not be found. [pid: 7|app: 0|req: 1863/3715] 10.0.0.101 () {34 vars in 789 bytes} [Mon Jun 22 17:39:04 2026] PUT /v2.0/routers/6b2744e2-1f6b-4a9e-a396-46d845c4c785/remove_router_interface => generated 198 bytes in 100 msecs (HTTP/1.1 404) 4 headers in 164 bytes (1 switches on core 0) /var/lib/openstack/lib/python3.12/site-packages/pycadf/identifier.py:70: UserWarning: Invalid uuid: neutron. To ensure interoperability, identifiers should be a valid uuid. warnings.warn(('Invalid uuid: %s. To ensure interoperability, '
2026-06-22 17:39:05.218 8 INFO neutron_taas.services.taas.taas_plugin [None req-fcbf4477-1127-4205-b715-bcae828a92e3 8a68a2fdca764ad98d630c51ff25d216 7e2a57b333544f4ebf5b168ccb0a971a - - default default] TaaS: Handle Delete Port: 817a6a26-4fde-41ac-bf6b-5f89e1d2f287
2026-06-22 17:39:05.221 8 INFO neutron_taas.services.taas.tap_mirror_plugin [None req-fcbf4477-1127-4205-b715-bcae828a92e3 8a68a2fdca764ad98d630c51ff25d216 7e2a57b333544f4ebf5b168ccb0a971a - - default default] Tap Mirror: Handle Delete Port: 817a6a26-4fde-41ac-bf6b-5f89e1d2f287 [pid: 8|app: 0|req: 1853/3716] 10.0.0.101 () {34 vars in 789 bytes} [Mon Jun 22 17:39:04 2026] PUT /v2.0/routers/6b2744e2-1f6b-4a9e-a396-46d845c4c785/remove_router_interface => generated 309 bytes in 865 msecs (HTTP/1.1 200) 4 headers in 157 bytes (1 switches on core 0)
2026-06-22 17:39:05.921 7 INFO neutron.api.v2.resource [None req-e7da067f-f535-4125-988e-4c04876077a8 8a68a2fdca764ad98d630c51ff25d216 7e2a57b333544f4ebf5b168ccb0a971a - - default default] remove_router_interface failed (client error): The resource could not be found. [pid: 7|app: 0|req: 1864/3717] 10.0.0.101 () {34 vars in 789 bytes} [Mon Jun 22 17:39:05 2026] PUT /v2.0/routers/6b2744e2-1f6b-4a9e-a396-46d845c4c785/remove_router_interface => generated 198 bytes in 101 msecs (HTTP/1.1 404) 4 headers in 164 bytes (1 switches on core 0) /var/lib/openstack/lib/python3.12/site-packages/pycadf/identifier.py:70: UserWarning: Invalid uuid: neutron. To ensure interoperability, identifiers should be a valid uuid. warnings.warn(('Invalid uuid: %s. To ensure interoperability, '
2026-06-22 17:39:06.218 8 INFO neutron_taas.services.taas.taas_plugin [None req-489407d9-22c7-48c7-849a-a1a42bdf94d5 8a68a2fdca764ad98d630c51ff25d216 7e2a57b333544f4ebf5b168ccb0a971a - - default default] TaaS: Handle Delete Port: d5cf8f39-3bbe-4df2-8afc-48b1ede5312e
2026-06-22 17:39:06.222 8 INFO neutron_taas.services.taas.tap_mirror_plugin [None req-489407d9-22c7-48c7-849a-a1a42bdf94d5 8a68a2fdca764ad98d630c51ff25d216 7e2a57b333544f4ebf5b168ccb0a971a - - default default] Tap Mirror: Handle Delete Port: d5cf8f39-3bbe-4df2-8afc-48b1ede5312e [pid: 8|app: 0|req: 1854/3718] 10.0.0.101 () {34 vars in 789 bytes} [Mon Jun 22 17:39:05 2026] PUT /v2.0/routers/6b2744e2-1f6b-4a9e-a396-46d845c4c785/remove_router_interface => generated 309 bytes in 856 msecs (HTTP/1.1 200) 4 headers in 157 bytes (1 switches on core 0)
2026-06-22 17:39:06.905 7 INFO neutron.api.v2.resource [None req-ae04a51e-82a4-4ff1-98fe-0a8e64f595a0 8a68a2fdca764ad98d630c51ff25d216 7e2a57b333544f4ebf5b168ccb0a971a - - default default] remove_router_interface failed (client error): The resource could not be found. [pid: 7|app: 0|req: 1865/3719] 10.0.0.101 () {34 vars in 789 bytes} [Mon Jun 22 17:39:06 2026] PUT /v2.0/routers/6b2744e2-1f6b-4a9e-a396-46d845c4c785/remove_router_interface => generated 198 bytes in 117 msecs (HTTP/1.1 404) 4 headers in 164 bytes (1 switches on core 0) /var/lib/openstack/lib/python3.12/site-packages/pycadf/identifier.py:70: UserWarning: Invalid uuid: neutron. To ensure interoperability, identifiers should be a valid uuid. warnings.warn(('Invalid uuid: %s. To ensure interoperability, '
2026-06-22 17:39:07.267 8 INFO neutron_taas.services.taas.taas_plugin [None req-eaf0e370-e64b-4e84-9246-64e070add7cc 8a68a2fdca764ad98d630c51ff25d216 7e2a57b333544f4ebf5b168ccb0a971a - - default default] TaaS: Handle Delete Port: f120645a-54f6-4374-9f66-1ad5327a5cb3
2026-06-22 17:39:07.271 8 INFO neutron_taas.services.taas.tap_mirror_plugin [None req-eaf0e370-e64b-4e84-9246-64e070add7cc 8a68a2fdca764ad98d630c51ff25d216 7e2a57b333544f4ebf5b168ccb0a971a - - default default] Tap Mirror: Handle Delete Port: f120645a-54f6-4374-9f66-1ad5327a5cb3 [pid: 8|app: 0|req: 1855/3720] 10.0.0.101 () {32 vars in 724 bytes} [Mon Jun 22 17:39:06 2026] DELETE /v2.0/routers/6b2744e2-1f6b-4a9e-a396-46d845c4c785 => generated 0 bytes in 784 msecs (HTTP/1.1 204) 2 headers in 112 bytes (1 switches on core 0)
2026-06-22 17:39:07.721 7 INFO neutron.api.v2.resource [None req-cab6ade7-5703-4f05-8379-6db3df16a1c9 8a68a2fdca764ad98d630c51ff25d216 7e2a57b333544f4ebf5b168ccb0a971a - - default default] show failed (client error): The resource could not be found. [pid: 7|app: 0|req: 1866/3721] 10.0.0.101 () {32 vars in 721 bytes} [Mon Jun 22 17:39:07 2026] GET /v2.0/routers/6b2744e2-1f6b-4a9e-a396-46d845c4c785 => generated 135 bytes in 20 msecs (HTTP/1.1 404) 4 headers in 164 bytes (1 switches on core 0) [pid: 8|app: 0|req: 1856/3722] 10.0.0.101 () {32 vars in 724 bytes} [Mon Jun 22 17:39:07 2026] DELETE /v2.0/subnets/f9451066-6138-47fd-8d9d-f42fb4eec34e => generated 0 bytes in 153 msecs (HTTP/1.1 204) 3 headers in 131 bytes (1 switches on core 0)
2026-06-22 17:39:07.901 7 INFO neutron.pecan_wsgi.hooks.translation [None req-7fea9c8b-db52-4d2e-b0af-b14a32ba8cbb 8a68a2fdca764ad98d630c51ff25d216 7e2a57b333544f4ebf5b168ccb0a971a - - default default] GET failed (client error): The resource could not be found. [pid: 7|app: 0|req: 1867/3723] 10.0.0.101 () {32 vars in 721 bytes} [Mon Jun 22 17:39:07 2026] GET /v2.0/subnets/f9451066-6138-47fd-8d9d-f42fb4eec34e => generated 136 bytes in 18 msecs (HTTP/1.1 404) 4 headers in 164 bytes (1 switches on core 0) [pid: 8|app: 0|req: 1857/3724] 10.0.0.101 () {32 vars in 724 bytes} [Mon Jun 22 17:39:07 2026] DELETE /v2.0/subnets/91292020-54c7-4979-bab7-3380c4c77e5a => generated 0 bytes in 184 msecs (HTTP/1.1 204) 3 headers in 131 bytes (1 switches on core 0)
2026-06-22 17:39:08.116 7 INFO neutron.pecan_wsgi.hooks.translation [None req-1e93df86-cc96-4034-bf05-624a5e4dc5e1 8a68a2fdca764ad98d630c51ff25d216 7e2a57b333544f4ebf5b168ccb0a971a - - default default] GET failed (client error): The resource could not be found. [pid: 7|app: 0|req: 1868/3725] 10.0.0.101 () {32 vars in 721 bytes} [Mon Jun 22 17:39:08 2026] GET /v2.0/subnets/91292020-54c7-4979-bab7-3380c4c77e5a => generated 136 bytes in 21 msecs (HTTP/1.1 404) 4 headers in 164 bytes (1 switches on core 0)
2026-06-22 17:39:08.247 8 INFO neutron_taas.services.taas.taas_plugin [None req-5e0316bb-e631-46e8-89b1-a2a0543b2f96 8a68a2fdca764ad98d630c51ff25d216 7e2a57b333544f4ebf5b168ccb0a971a - - default default] TaaS: Handle Delete Port: e24b9995-32cf-461f-a6f4-e6137672702c
2026-06-22 17:39:08.250 8 INFO neutron_taas.services.taas.tap_mirror_plugin [None req-5e0316bb-e631-46e8-89b1-a2a0543b2f96 8a68a2fdca764ad98d630c51ff25d216 7e2a57b333544f4ebf5b168ccb0a971a - - default default] Tap Mirror: Handle Delete Port: e24b9995-32cf-461f-a6f4-e6137672702c
2026-06-22 17:39:08.458 8 INFO neutron.services.segments.plugin [-] Segment 0a75a3fc-82bc-4c76-abd8-3b3cb75a1bc6 resource provider aggregate not found
2026-06-22 17:39:08.467 8 INFO neutron.services.segments.plugin [-] Segment 0a75a3fc-82bc-4c76-abd8-3b3cb75a1bc6 resource provider aggregate not found
2026-06-22 17:39:08.480 8 INFO neutron.services.segments.plugin [-] Segment 0a75a3fc-82bc-4c76-abd8-3b3cb75a1bc6 resource provider not found; error: Placement Client Error (4xx): {"errors": [{"status": 404, "title": "Not Found", "detail": "The resource could not be found.\n\n No resource provider with uuid 0a75a3fc-82bc-4c76-abd8-3b3cb75a1bc6 found for delete ", "request_id": "req-6f101e38-f439-4abf-a343-22f71a688e81"}]} [pid: 8|app: 0|req: 1858/3726] 10.0.0.101 () {32 vars in 726 bytes} [Mon Jun 22 17:39:08 2026] DELETE /v2.0/networks/dedf4d3e-687c-4bbe-9fd8-a5585f11b44a => generated 0 bytes in 369 msecs (HTTP/1.1 204) 3 headers in 131 bytes (1 switches on core 0)
2026-06-22 17:39:08.491 8 INFO neutron.services.segments.plugin [-] Segment 0a75a3fc-82bc-4c76-abd8-3b3cb75a1bc6 resource provider not found; error: Placement Client Error (4xx): {"errors": [{"status": 404, "title": "Not Found", "detail": "The resource could not be found.\n\n No resource provider with uuid 0a75a3fc-82bc-4c76-abd8-3b3cb75a1bc6 found for delete ", "request_id": "req-737ca65b-b7b5-4687-8536-550d609205f8"}]}
2026-06-22 17:39:08.525 7 INFO neutron.pecan_wsgi.hooks.translation [None req-c11837be-cc29-4627-a57d-c3cb56e48c5b 8a68a2fdca764ad98d630c51ff25d216 7e2a57b333544f4ebf5b168ccb0a971a - - default default] GET failed (client error): The resource could not be found. [pid: 7|app: 0|req: 1869/3727] 10.0.0.101 () {32 vars in 723 bytes} [Mon Jun 22 17:39:08 2026] GET /v2.0/networks/dedf4d3e-687c-4bbe-9fd8-a5585f11b44a => generated 138 bytes in 25 msecs (HTTP/1.1 404) 4 headers in 164 bytes (1 switches on core 0) [pid: 8|app: 0|req: 1859/3728] 10.0.0.101 () {32 vars in 724 bytes} [Mon Jun 22 17:39:08 2026] DELETE /v2.0/subnets/2e28bae2-a12c-4d4b-853a-ac4000b8e41b => generated 0 bytes in 158 msecs (HTTP/1.1 204) 3 headers in 131 bytes (1 switches on core 0)
2026-06-22 17:39:08.708 7 INFO neutron.pecan_wsgi.hooks.translation [None req-4dfdfcdb-a84e-44e9-a143-c5fad7e41d21 8a68a2fdca764ad98d630c51ff25d216 7e2a57b333544f4ebf5b168ccb0a971a - - default default] GET failed (client error): The resource could not be found. [pid: 7|app: 0|req: 1870/3729] 10.0.0.101 () {32 vars in 721 bytes} [Mon Jun 22 17:39:08 2026] GET /v2.0/subnets/2e28bae2-a12c-4d4b-853a-ac4000b8e41b => generated 136 bytes in 14 msecs (HTTP/1.1 404) 4 headers in 164 bytes (1 switches on core 0) [pid: 8|app: 0|req: 1860/3730] 10.0.0.101 () {32 vars in 724 bytes} [Mon Jun 22 17:39:08 2026] DELETE /v2.0/subnets/63e7f02a-808e-4f31-a3f3-ec044eca3302 => generated 0 bytes in 153 msecs (HTTP/1.1 204) 3 headers in 131 bytes (1 switches on core 0)
2026-06-22 17:39:08.889 7 INFO neutron.pecan_wsgi.hooks.translation [None req-61804ffb-2571-4b8f-ab41-439d4d67f294 8a68a2fdca764ad98d630c51ff25d216 7e2a57b333544f4ebf5b168ccb0a971a - - default default] GET failed (client error): The resource could not be found. [pid: 7|app: 0|req: 1871/3731] 10.0.0.101 () {32 vars in 721 bytes} [Mon Jun 22 17:39:08 2026] GET /v2.0/subnets/63e7f02a-808e-4f31-a3f3-ec044eca3302 => generated 136 bytes in 16 msecs (HTTP/1.1 404) 4 headers in 164 bytes (1 switches on core 0)
2026-06-22 17:39:09.020 8 INFO neutron_taas.services.taas.taas_plugin [None req-52cc9c5d-6388-410a-84ad-5816151174ea 8a68a2fdca764ad98d630c51ff25d216 7e2a57b333544f4ebf5b168ccb0a971a - - default default] TaaS: Handle Delete Port: 3cec7e38-63ea-4e70-b306-2c7b22c124e4
2026-06-22 17:39:09.023 8 INFO neutron_taas.services.taas.tap_mirror_plugin [None req-52cc9c5d-6388-410a-84ad-5816151174ea 8a68a2fdca764ad98d630c51ff25d216 7e2a57b333544f4ebf5b168ccb0a971a - - default default] Tap Mirror: Handle Delete Port: 3cec7e38-63ea-4e70-b306-2c7b22c124e4 [pid: 8|app: 0|req: 1861/3732] 10.0.0.101 () {32 vars in 726 bytes} [Mon Jun 22 17:39:08 2026] DELETE /v2.0/networks/16634af1-8cb3-4f7b-b580-0a8dcc95b6d1 => generated 0 bytes in 330 msecs (HTTP/1.1 204) 3 headers in 131 bytes (1 switches on core 0)
2026-06-22 17:39:09.249 7 INFO neutron.pecan_wsgi.hooks.translation [None req-8eb44f4e-7eec-4399-a532-29569f5a8383 8a68a2fdca764ad98d630c51ff25d216 7e2a57b333544f4ebf5b168ccb0a971a - - default default] GET failed (client error): The resource could not be found. [pid: 7|app: 0|req: 1872/3733] 10.0.0.101 () {32 vars in 723 bytes} [Mon Jun 22 17:39:09 2026] GET /v2.0/networks/16634af1-8cb3-4f7b-b580-0a8dcc95b6d1 => generated 138 bytes in 17 msecs (HTTP/1.1 404) 4 headers in 164 bytes (1 switches on core 0) [pid: 8|app: 0|req: 1862/3734] 10.0.0.101 () {32 vars in 724 bytes} [Mon Jun 22 17:39:09 2026] DELETE /v2.0/subnets/cf88e726-4728-4884-b00f-78b0e5767b72 => generated 0 bytes in 127 msecs (HTTP/1.1 204) 3 headers in 131 bytes (1 switches on core 0)
2026-06-22 17:39:09.402 7 INFO neutron.pecan_wsgi.hooks.translation [None req-4d52c7aa-942b-4823-b5c2-7fccef97e8f1 8a68a2fdca764ad98d630c51ff25d216 7e2a57b333544f4ebf5b168ccb0a971a - - default default] GET failed (client error): The resource could not be found. [pid: 7|app: 0|req: 1873/3735] 10.0.0.101 () {32 vars in 721 bytes} [Mon Jun 22 17:39:09 2026] GET /v2.0/subnets/cf88e726-4728-4884-b00f-78b0e5767b72 => generated 136 bytes in 17 msecs (HTTP/1.1 404) 4 headers in 164 bytes (1 switches on core 0) [pid: 8|app: 0|req: 1863/3736] 10.0.0.101 () {32 vars in 724 bytes} [Mon Jun 22 17:39:09 2026] DELETE /v2.0/subnets/1d8e967e-5358-4ae8-83c3-73cc2b3f4310 => generated 0 bytes in 219 msecs (HTTP/1.1 204) 3 headers in 131 bytes (1 switches on core 0)
2026-06-22 17:39:09.651 7 INFO neutron.pecan_wsgi.hooks.translation [None req-1bd1d5f8-8043-4630-b81c-8e19251ca034 8a68a2fdca764ad98d630c51ff25d216 7e2a57b333544f4ebf5b168ccb0a971a - - default default] GET failed (client error): The resource could not be found. [pid: 7|app: 0|req: 1874/3737] 10.0.0.101 () {32 vars in 721 bytes} [Mon Jun 22 17:39:09 2026] GET /v2.0/subnets/1d8e967e-5358-4ae8-83c3-73cc2b3f4310 => generated 136 bytes in 18 msecs (HTTP/1.1 404) 4 headers in 164 bytes (1 switches on core 0)
2026-06-22 17:39:09.780 8 INFO neutron_taas.services.taas.taas_plugin [None req-d82987d3-8ff9-4ad9-be5e-bc4acb885891 8a68a2fdca764ad98d630c51ff25d216 7e2a57b333544f4ebf5b168ccb0a971a - - default default] TaaS: Handle Delete Port: 9f230ae5-3545-46e2-96cb-2c162ebfe6ba
2026-06-22 17:39:09.783 8 INFO neutron_taas.services.taas.tap_mirror_plugin [None req-d82987d3-8ff9-4ad9-be5e-bc4acb885891 8a68a2fdca764ad98d630c51ff25d216 7e2a57b333544f4ebf5b168ccb0a971a - - default default] Tap Mirror: Handle Delete Port: 9f230ae5-3545-46e2-96cb-2c162ebfe6ba [pid: 8|app: 0|req: 1864/3738] 10.0.0.101 () {32 vars in 726 bytes} [Mon Jun 22 17:39:09 2026] DELETE /v2.0/networks/5b405bc0-8fd6-4c00-be11-9364158f6230 => generated 0 bytes in 321 msecs (HTTP/1.1 204) 3 headers in 131 bytes (1 switches on core 0)
2026-06-22 17:39:10.000 7 INFO neutron.pecan_wsgi.hooks.translation [None req-536b7903-f1f3-46eb-b7c0-39981944a1f2 8a68a2fdca764ad98d630c51ff25d216 7e2a57b333544f4ebf5b168ccb0a971a - - default default] GET failed (client error): The resource could not be found. [pid: 7|app: 0|req: 1875/3739] 10.0.0.101 () {32 vars in 723 bytes} [Mon Jun 22 17:39:09 2026] GET /v2.0/networks/5b405bc0-8fd6-4c00-be11-9364158f6230 => generated 138 bytes in 17 msecs (HTTP/1.1 404) 4 headers in 164 bytes (1 switches on core 0)
2026-06-22 17:39:10.502 8 INFO neutron.services.segments.plugin [-] Segment 695760ae-6e5b-4cac-bb22-26cee96a5e97 resource provider aggregate not found
2026-06-22 17:39:10.512 8 INFO neutron.services.segments.plugin [-] Segment 695760ae-6e5b-4cac-bb22-26cee96a5e97 resource provider aggregate not found
2026-06-22 17:39:10.518 8 INFO neutron.services.segments.plugin [-] Segment 695760ae-6e5b-4cac-bb22-26cee96a5e97 resource provider not found; error: Placement Client Error (4xx): {"errors": [{"status": 404, "title": "Not Found", "detail": "The resource could not be found.\n\n No resource provider with uuid 695760ae-6e5b-4cac-bb22-26cee96a5e97 found for delete ", "request_id": "req-41e77bea-50a3-413d-9ec8-ba0e4bb68f73"}]}
2026-06-22 17:39:10.526 8 INFO neutron.services.segments.plugin [-] Segment 695760ae-6e5b-4cac-bb22-26cee96a5e97 resource provider not found; error: Placement Client Error (4xx): {"errors": [{"status": 404, "title": "Not Found", "detail": "The resource could not be found.\n\n No resource provider with uuid 695760ae-6e5b-4cac-bb22-26cee96a5e97 found for delete ", "request_id": "req-a89ff904-7848-4913-b940-433365167106"}]}
2026-06-22 17:39:10.540 8 INFO neutron.services.segments.plugin [-] Segment faaf39dc-5b0a-4aff-a5ff-9b1bb543cc6a resource provider aggregate not found
2026-06-22 17:39:10.547 8 INFO neutron.services.segments.plugin [-] Segment faaf39dc-5b0a-4aff-a5ff-9b1bb543cc6a resource provider aggregate not found
2026-06-22 17:39:10.561 8 INFO neutron.services.segments.plugin [-] Segment faaf39dc-5b0a-4aff-a5ff-9b1bb543cc6a resource provider not found; error: Placement Client Error (4xx): {"errors": [{"status": 404, "title": "Not Found", "detail": "The resource could not be found.\n\n No resource provider with uuid faaf39dc-5b0a-4aff-a5ff-9b1bb543cc6a found for delete ", "request_id": "req-4dcb03d3-541b-44c8-9a40-ea8b25e450cd"}]}
2026-06-22 17:39:10.564 8 INFO neutron.services.segments.plugin [-] Segment faaf39dc-5b0a-4aff-a5ff-9b1bb543cc6a resource provider not found; error: Placement Client Error (4xx): {"errors": [{"status": 404, "title": "Not Found", "detail": "The resource could not be found.\n\n No resource provider with uuid faaf39dc-5b0a-4aff-a5ff-9b1bb543cc6a found for delete ", "request_id": "req-7a2611d6-945f-4fa6-b8b7-c0d83d67ec9a"}]}
2026-06-22 17:39:12.118 8 INFO neutron.db.ovn_revision_numbers_db [None req-77fa542d-4a2c-4d3b-8d9a-a9b06ddd1249 eb592727d3c64280b558d5de4c77bcd3 0091294894ad4b08a8622311416a05b0 - - default default] Successfully bumped revision number for resource f97ea938-3c80-4ffb-8ad4-56e3fc4b9bd3 (type: security_groups) to 1
2026-06-22 17:39:12.129 8 INFO neutron.db.ovn_revision_numbers_db [None req-77fa542d-4a2c-4d3b-8d9a-a9b06ddd1249 eb592727d3c64280b558d5de4c77bcd3 0091294894ad4b08a8622311416a05b0 - - default default] Successfully bumped revision number for resource 618ddd0f-94f6-4787-8703-2bf3cadcd2b6 (type: security_group_rules) to 0
2026-06-22 17:39:12.140 8 INFO neutron.db.ovn_revision_numbers_db [None req-77fa542d-4a2c-4d3b-8d9a-a9b06ddd1249 eb592727d3c64280b558d5de4c77bcd3 0091294894ad4b08a8622311416a05b0 - - default default] Successfully bumped revision number for resource dd253877-5621-4b1a-b96f-9aeb80b7e83a (type: security_group_rules) to 0
2026-06-22 17:39:12.151 8 INFO neutron.db.ovn_revision_numbers_db [None req-77fa542d-4a2c-4d3b-8d9a-a9b06ddd1249 eb592727d3c64280b558d5de4c77bcd3 0091294894ad4b08a8622311416a05b0 - - default default] Successfully bumped revision number for resource de916ade-0e36-4dbd-83bb-2e4edd4ac450 (type: security_group_rules) to 0
2026-06-22 17:39:12.162 8 INFO neutron.db.ovn_revision_numbers_db [None req-77fa542d-4a2c-4d3b-8d9a-a9b06ddd1249 eb592727d3c64280b558d5de4c77bcd3 0091294894ad4b08a8622311416a05b0 - - default default] Successfully bumped revision number for resource ef72fbdf-6722-4799-a072-d667f38b1e38 (type: security_group_rules) to 0 [pid: 8|app: 0|req: 1865/3740] 10.0.0.101 () {32 vars in 774 bytes} [Mon Jun 22 17:39:11 2026] GET /v2.0/security-groups?tenant_id=9f55325e9f974dfead830a112a5963b9&name=default => generated 2929 bytes in 356 msecs (HTTP/1.1 200) 4 headers in 158 bytes (1 switches on core 0) [pid: 7|app: 0|req: 1876/3741] 10.0.0.101 () {32 vars in 740 bytes} [Mon Jun 22 17:39:12 2026] DELETE /v2.0/security-groups/f97ea938-3c80-4ffb-8ad4-56e3fc4b9bd3 => generated 0 bytes in 257 msecs (HTTP/1.1 204) 2 headers in 112 bytes (1 switches on core 0)
2026-06-22 17:39:12.716 8 INFO neutron.db.ovn_revision_numbers_db [None req-e8c77f92-65b9-4d5f-ad39-2bb1b26a8ee0 eb592727d3c64280b558d5de4c77bcd3 0091294894ad4b08a8622311416a05b0 - - default default] Successfully bumped revision number for resource 5cfe1d2f-b190-481a-a876-5b7542cf2971 (type: security_groups) to 1
2026-06-22 17:39:12.726 8 INFO neutron.db.ovn_revision_numbers_db [None req-e8c77f92-65b9-4d5f-ad39-2bb1b26a8ee0 eb592727d3c64280b558d5de4c77bcd3 0091294894ad4b08a8622311416a05b0 - - default default] Successfully bumped revision number for resource 490d3508-22e3-4443-9561-742cf3eee0e0 (type: security_group_rules) to 0
2026-06-22 17:39:12.740 8 INFO neutron.db.ovn_revision_numbers_db [None req-e8c77f92-65b9-4d5f-ad39-2bb1b26a8ee0 eb592727d3c64280b558d5de4c77bcd3 0091294894ad4b08a8622311416a05b0 - - default default] Successfully bumped revision number for resource 5a84dfc8-d58e-4998-8751-a26e48c188b9 (type: security_group_rules) to 0
2026-06-22 17:39:12.752 8 INFO neutron.db.ovn_revision_numbers_db [None req-e8c77f92-65b9-4d5f-ad39-2bb1b26a8ee0 eb592727d3c64280b558d5de4c77bcd3 0091294894ad4b08a8622311416a05b0 - - default default] Successfully bumped revision number for resource 5bb6d061-1036-4515-b577-d3d9695b9be5 (type: security_group_rules) to 0
2026-06-22 17:39:12.762 8 INFO neutron.db.ovn_revision_numbers_db [None req-e8c77f92-65b9-4d5f-ad39-2bb1b26a8ee0 eb592727d3c64280b558d5de4c77bcd3 0091294894ad4b08a8622311416a05b0 - - default default] Successfully bumped revision number for resource ff033337-59d7-4264-92e1-fba9b4ee34ce (type: security_group_rules) to 0 [pid: 8|app: 0|req: 1866/3742] 10.0.0.101 () {32 vars in 774 bytes} [Mon Jun 22 17:39:12 2026] GET /v2.0/security-groups?tenant_id=b5508b207494445eb351242d7bef70f9&name=default => generated 2929 bytes in 217 msecs (HTTP/1.1 200) 4 headers in 158 bytes (1 switches on core 0) [pid: 7|app: 0|req: 1877/3745] 10.0.0.101 () {32 vars in 740 bytes} [Mon Jun 22 17:39:12 2026] DELETE /v2.0/security-groups/5cfe1d2f-b190-481a-a876-5b7542cf2971 => generated 0 bytes in 232 msecs (HTTP/1.1 204) 2 headers in 112 bytes (1 switches on core 0) [pid: 8|app: 0|req: 1869/3746] 10.0.0.101 () {32 vars in 774 bytes} [Mon Jun 22 17:39:13 2026] GET /v2.0/security-groups?tenant_id=7e2a57b333544f4ebf5b168ccb0a971a&name=default => generated 2929 bytes in 32 msecs (HTTP/1.1 200) 4 headers in 158 bytes (1 switches on core 0) [pid: 7|app: 0|req: 1878/3747] 10.0.0.101 () {32 vars in 740 bytes} [Mon Jun 22 17:39:13 2026] DELETE /v2.0/security-groups/6468f8b4-1b43-4ace-bce6-cf75f1a3b951 => generated 0 bytes in 257 msecs (HTTP/1.1 204) 2 headers in 112 bytes (1 