2026-06-22 17:29:59.837 7 INFO neutron_taas.services.taas.taas_plugin [req-b8ca8ba2-6552-48b1-9133-8a9c67c5028c req-4b71fa80-3876-44e2-8649-0f70d0a782d7 e25161914a684966b1d5022136cd502e 1d7964477edc4152a6623c628dd9f313 - - default default] TaaS: Handle Delete Port: e33a9731-e45c-4879-8f3a-273bb7ea1231
2026-06-22 17:29:59.840 7 INFO neutron_taas.services.taas.tap_mirror_plugin [req-b8ca8ba2-6552-48b1-9133-8a9c67c5028c req-4b71fa80-3876-44e2-8649-0f70d0a782d7 e25161914a684966b1d5022136cd502e 1d7964477edc4152a6623c628dd9f313 - - default default] Tap Mirror: Handle Delete Port: e33a9731-e45c-4879-8f3a-273bb7ea1231
2026-06-22 17:29:59.920 8 INFO neutron.db.ovn_revision_numbers_db [None req-cf4c19ae-9b95-46f5-8efc-34268099f9d7 eb592727d3c64280b558d5de4c77bcd3 0091294894ad4b08a8622311416a05b0 - - default default] Successfully bumped revision number for resource cf9addf2-1b64-4027-9b63-d3db90b4506c (type: security_groups) to 1
2026-06-22 17:29:59.934 8 INFO neutron.db.ovn_revision_numbers_db [None req-cf4c19ae-9b95-46f5-8efc-34268099f9d7 eb592727d3c64280b558d5de4c77bcd3 0091294894ad4b08a8622311416a05b0 - - default default] Successfully bumped revision number for resource 4fe126b5-ac80-4ec3-9347-1b6db1cf07b1 (type: security_group_rules) to 0
2026-06-22 17:29:59.953 8 INFO neutron.db.ovn_revision_numbers_db [None req-cf4c19ae-9b95-46f5-8efc-34268099f9d7 eb592727d3c64280b558d5de4c77bcd3 0091294894ad4b08a8622311416a05b0 - - default default] Successfully bumped revision number for resource baef0ecf-ff2d-4c70-8414-15cb7f5db24e (type: security_group_rules) to 0
2026-06-22 17:29:59.968 8 INFO neutron.db.ovn_revision_numbers_db [None req-cf4c19ae-9b95-46f5-8efc-34268099f9d7 eb592727d3c64280b558d5de4c77bcd3 0091294894ad4b08a8622311416a05b0 - - default default] Successfully bumped revision number for resource d74020d5-a6e5-4bcd-9d3e-c2562c85e610 (type: security_group_rules) to 0 [pid: 7|app: 0|req: 864/1749] 199.204.45.95 () {36 vars in 996 bytes} [Mon Jun 22 17:29:59 2026] DELETE /v2.0/ports/e33a9731-e45c-4879-8f3a-273bb7ea1231 => generated 0 bytes in 392 msecs (HTTP/1.1 204) 3 headers in 131 bytes (1 switches on core 0)
2026-06-22 17:30:00.000 8 INFO neutron.db.ovn_revision_numbers_db [None req-cf4c19ae-9b95-46f5-8efc-34268099f9d7 eb592727d3c64280b558d5de4c77bcd3 0091294894ad4b08a8622311416a05b0 - - default default] Successfully bumped revision number for resource dfac2c26-7655-4c62-9c84-98c9b2296c75 (type: security_group_rules) to 0 [pid: 8|app: 0|req: 886/1750] 10.0.0.101 () {32 vars in 774 bytes} [Mon Jun 22 17:29:59 2026] GET /v2.0/security-groups?tenant_id=ec9eb1c4bd6d472cbd4e59a1c7c76476&name=default => generated 2925 bytes in 260 msecs (HTTP/1.1 200) 4 headers in 158 bytes (1 switches on core 0) [pid: 7|app: 0|req: 865/1751] 10.0.0.101 () {32 vars in 740 bytes} [Mon Jun 22 17:30:00 2026] DELETE /v2.0/security-groups/cf9addf2-1b64-4027-9b63-d3db90b4506c => generated 0 bytes in 234 msecs (HTTP/1.1 204) 2 headers in 112 bytes (1 switches on core 0)
2026-06-22 17:30:00.551 7 INFO neutron.notifiers.nova [-] Nova event matching ['req-2a44d492-a1b3-420e-9245-53961ec0ffe7'] response: {'server_uuid': '93b1ae42-30cc-4874-a63d-5184a5d6948a', 'name': 'network-vif-unplugged', 'status': 'completed', 'tag': 'e33a9731-e45c-4879-8f3a-273bb7ea1231', 'code': 200}
2026-06-22 17:30:00.552 7 INFO neutron.notifiers.nova [-] Nova event matching ['req-2a44d492-a1b3-420e-9245-53961ec0ffe7'] response: {'server_uuid': '93b1ae42-30cc-4874-a63d-5184a5d6948a', 'name': 'network-vif-deleted', 'tag': 'e33a9731-e45c-4879-8f3a-273bb7ea1231', 'status': 'completed', 'code': 200}
2026-06-22 17:30:00.623 8 INFO neutron.db.ovn_revision_numbers_db [None req-825d39ae-8580-47c8-b23b-94798f1cecda eb592727d3c64280b558d5de4c77bcd3 0091294894ad4b08a8622311416a05b0 - - default default] Successfully bumped revision number for resource ad64833d-1d6b-44ba-a613-9ae36d160159 (type: security_groups) to 1
2026-06-22 17:30:00.638 8 INFO neutron.db.ovn_revision_numbers_db [None req-825d39ae-8580-47c8-b23b-94798f1cecda eb592727d3c64280b558d5de4c77bcd3 0091294894ad4b08a8622311416a05b0 - - default default] Successfully bumped revision number for resource 20a2e703-89a7-474c-9267-19862154f099 (type: security_group_rules) to 0
2026-06-22 17:30:00.651 8 INFO neutron.db.ovn_revision_numbers_db [None req-825d39ae-8580-47c8-b23b-94798f1cecda eb592727d3c64280b558d5de4c77bcd3 0091294894ad4b08a8622311416a05b0 - - default default] Successfully bumped revision number for resource 90226e79-50cd-48e2-9a22-cbb2b5d63ad1 (type: security_group_rules) to 0
2026-06-22 17:30:00.670 8 INFO neutron.db.ovn_revision_numbers_db [None req-825d39ae-8580-47c8-b23b-94798f1cecda eb592727d3c64280b558d5de4c77bcd3 0091294894ad4b08a8622311416a05b0 - - default default] Successfully bumped revision number for resource 9326005e-98c0-4fe8-86b0-4d9577605c1e (type: security_group_rules) to 0
2026-06-22 17:30:00.685 8 INFO neutron.db.ovn_revision_numbers_db [None req-825d39ae-8580-47c8-b23b-94798f1cecda eb592727d3c64280b558d5de4c77bcd3 0091294894ad4b08a8622311416a05b0 - - default default] Successfully bumped revision number for resource db96e44c-cde5-48aa-9359-f1ee5f5f1bea (type: security_group_rules) to 0 [pid: 8|app: 0|req: 887/1752] 10.0.0.101 () {32 vars in 774 bytes} [Mon Jun 22 17:30:00 2026] GET /v2.0/security-groups?tenant_id=544ae42597284947a79b057f847a5755&name=default => generated 2925 bytes in 247 msecs (HTTP/1.1 200) 4 headers in 158 bytes (1 switches on core 0) [pid: 8|app: 0|req: 888/1753] 10.0.0.215 () {34 vars in 990 bytes} [Mon Jun 22 17:30:00 2026] GET /v2.0/ports?device_id=93b1ae42-30cc-4874-a63d-5184a5d6948a => generated 12 bytes in 24 msecs (HTTP/1.1 200) 4 headers in 156 bytes (1 switches on core 0) [pid: 7|app: 0|req: 866/1754] 10.0.0.101 () {32 vars in 740 bytes} [Mon Jun 22 17:30:00 2026] DELETE /v2.0/security-groups/ad64833d-1d6b-44ba-a613-9ae36d160159 => generated 0 bytes in 278 msecs (HTTP/1.1 204) 2 headers in 112 bytes (1 switches on core 0) [pid: 8|app: 0|req: 889/1755] 10.0.0.79 () {32 vars in 801 bytes} [Mon Jun 22 17:30:01 2026] GET /v2.0/extensions => generated 20541 bytes in 12 msecs (HTTP/1.1 200) 4 headers in 159 bytes (1 switches on core 0) [pid: 7|app: 0|req: 867/1756] 10.0.0.79 () {30 vars in 723 bytes} [Mon Jun 22 17:30:01 2026] GET /v2.0/quotas/65ad0a66d70346af866393b47774d377/details => generated 847 bytes in 94 msecs (HTTP/1.1 200) 4 headers in 157 bytes (1 switches on core 0) [pid: 8|app: 0|req: 890/1757] 10.0.0.215 () {34 vars in 990 bytes} [Mon Jun 22 17:30:01 2026] GET /v2.0/ports?device_id=0a3e2d15-8de7-4f33-bacc-441cd1a0499a => generated 975 bytes in 82 msecs (HTTP/1.1 200) 4 headers in 157 bytes (1 switches on core 0) [pid: 7|app: 0|req: 868/1758] 10.0.0.215 () {34 vars in 1040 bytes} [Mon Jun 22 17:30:01 2026] GET /v2.0/security-groups?id=0a883619-7632-4b35-8386-4819ef0ae60e&fields=id&fields=name => generated 113 bytes in 29 msecs (HTTP/1.1 200) 4 headers in 157 bytes (1 switches on core 0) [pid: 8|app: 0|req: 891/1759] 10.0.0.215 () {34 vars in 990 bytes} [Mon Jun 22 17:30:01 2026] GET /v2.0/ports?device_id=93b1ae42-30cc-4874-a63d-5184a5d6948a => generated 12 bytes in 22 msecs (HTTP/1.1 200) 4 headers in 156 bytes (1 switches on core 0) [pid: 7|app: 0|req: 869/1760] 10.0.0.215 () {34 vars in 990 bytes} [Mon Jun 22 17:30:01 2026] GET /v2.0/ports?device_id=0a3e2d15-8de7-4f33-bacc-441cd1a0499a => generated 975 bytes in 111 msecs (HTTP/1.1 200) 4 headers in 157 bytes (1 switches on core 0) [pid: 8|app: 0|req: 892/1761] 10.0.0.215 () {34 vars in 1040 bytes} [Mon Jun 22 17:30:02 2026] GET /v2.0/security-groups?id=0a883619-7632-4b35-8386-4819ef0ae60e&fields=id&fields=name => generated 113 bytes in 28 msecs (HTTP/1.1 200) 4 headers in 157 bytes (1 switches on core 0)
2026-06-22 17:30:03.083 8 INFO neutron.plugins.ml2.drivers.ovn.mech_driver.mech_driver [None req-a2e1c849-8b4e-40fe-ac08-50d1fad7da4b - - - - - -] OVN reports status down for port: e2a5b5e1-4d13-41f5-8925-0ac69190373f [pid: 7|app: 0|req: 870/1762] 10.0.0.215 () {34 vars in 990 bytes} [Mon Jun 22 17:30:03 2026] GET /v2.0/ports?device_id=93b1ae42-30cc-4874-a63d-5184a5d6948a => generated 12 bytes in 20 msecs (HTTP/1.1 200) 4 headers in 156 bytes (1 switches on core 0)
2026-06-22 17:30:03.226 8 INFO neutron.notifiers.nova [-] Nova event matching ['req-5e78d048-9777-4f3d-933b-5c9f5ce38db8'] response: {'server_uuid': '0a3e2d15-8de7-4f33-bacc-441cd1a0499a', 'name': 'network-vif-unplugged', 'status': 'completed', 'tag': 'e2a5b5e1-4d13-41f5-8925-0ac69190373f', 'code': 200} [pid: 8|app: 0|req: 893/1763] 10.0.0.215 () {34 vars in 990 bytes} [Mon Jun 22 17:30:03 2026] GET /v2.0/ports?device_id=0a3e2d15-8de7-4f33-bacc-441cd1a0499a => generated 973 bytes in 59 msecs (HTTP/1.1 200) 4 headers in 157 bytes (1 switches on core 0) [pid: 7|app: 0|req: 871/1764] 10.0.0.215 () {34 vars in 1040 bytes} [Mon Jun 22 17:30:03 2026] GET /v2.0/security-groups?id=0a883619-7632-4b35-8386-4819ef0ae60e&fields=id&fields=name => generated 113 bytes in 43 msecs (HTTP/1.1 200) 4 headers in 157 bytes (1 switches on core 0)
2026-06-22 17:30:03.405 8 INFO neutron.db.ovn_revision_numbers_db [None req-a2e1c849-8b4e-40fe-ac08-50d1fad7da4b - - - - - -] Successfully bumped revision number for resource e2a5b5e1-4d13-41f5-8925-0ac69190373f (type: ports) to 8 /var/lib/openstack/lib/python3.12/site-packages/pycadf/identifier.py:70: UserWarning: Invalid uuid: neutron. To ensure interoperability, identifiers should be a valid uuid. warnings.warn(('Invalid uuid: %s. To ensure interoperability, ' [pid: 8|app: 0|req: 894/1765] 199.204.45.95 () {34 vars in 993 bytes} [Mon Jun 22 17:30:04 2026] GET /v2.0/ports?device_id=0a3e2d15-8de7-4f33-bacc-441cd1a0499a => generated 973 bytes in 44 msecs (HTTP/1.1 200) 4 headers in 157 bytes (1 switches on core 0) [pid: 8|app: 0|req: 895/1766] 10.0.0.215 () {34 vars in 990 bytes} [Mon Jun 22 17:30:04 2026] GET /v2.0/ports?device_id=0a3e2d15-8de7-4f33-bacc-441cd1a0499a => generated 973 bytes in 46 msecs (HTTP/1.1 200) 4 headers in 157 bytes (1 switches on core 0)
2026-06-22 17:30:04.455 7 INFO neutron_taas.services.taas.taas_plugin [req-b373fb1b-2d54-4985-81c7-54e418e059d0 req-c20cdeab-764d-4f9d-a082-4b6ddcc5be42 33181f9ab7f543dc963f172126dbe0ae d8b8f618443447d4a191386c2599c69f - - default default] TaaS: Handle Delete Port: e2a5b5e1-4d13-41f5-8925-0ac69190373f
2026-06-22 17:30:04.458 7 INFO neutron_taas.services.taas.tap_mirror_plugin [req-b373fb1b-2d54-4985-81c7-54e418e059d0 req-c20cdeab-764d-4f9d-a082-4b6ddcc5be42 33181f9ab7f543dc963f172126dbe0ae d8b8f618443447d4a191386c2599c69f - - default default] Tap Mirror: Handle Delete Port: e2a5b5e1-4d13-41f5-8925-0ac69190373f [pid: 8|app: 0|req: 896/1767] 10.0.0.215 () {34 vars in 1040 bytes} [Mon Jun 22 17:30:04 2026] GET /v2.0/security-groups?id=0a883619-7632-4b35-8386-4819ef0ae60e&fields=id&fields=name => generated 113 bytes in 47 msecs (HTTP/1.1 200) 4 headers in 157 bytes (1 switches on core 0)
2026-06-22 17:30:04.743 7 INFO neutron.db.l3_db [req-b373fb1b-2d54-4985-81c7-54e418e059d0 req-c20cdeab-764d-4f9d-a082-4b6ddcc5be42 33181f9ab7f543dc963f172126dbe0ae d8b8f618443447d4a191386c2599c69f - - default default] Floating IP 51cbf2c5-5229-4568-aeb7-ab6759e3c072 disassociated. External IP: 10.96.250.208, port: e2a5b5e1-4d13-41f5-8925-0ac69190373f. /var/lib/openstack/lib/python3.12/site-packages/pycadf/identifier.py:70: UserWarning: Invalid uuid: neutron. To ensure interoperability, identifiers should be a valid uuid. warnings.warn(('Invalid uuid: %s. To ensure interoperability, ' [pid: 7|app: 0|req: 872/1768] 199.204.45.95 () {36 vars in 996 bytes} [Mon Jun 22 17:30:04 2026] DELETE /v2.0/ports/e2a5b5e1-4d13-41f5-8925-0ac69190373f => generated 0 bytes in 594 msecs (HTTP/1.1 204) 3 headers in 131 bytes (1 switches on core 0)
2026-06-22 17:30:04.927 7 INFO neutron.notifiers.nova [-] Nova event matching ['req-606769dc-65c0-4a9a-bd4b-af6d5bfdb0c1'] response: {'server_uuid': '0a3e2d15-8de7-4f33-bacc-441cd1a0499a', 'name': 'network-vif-deleted', 'tag': 'e2a5b5e1-4d13-41f5-8925-0ac69190373f', 'status': 'completed', 'code': 200}
2026-06-22 17:30:05.037 8 INFO neutron.db.ovn_revision_numbers_db [None req-7ccf913b-3cda-4f5a-8e11-16d5098e6af9 eb592727d3c64280b558d5de4c77bcd3 0091294894ad4b08a8622311416a05b0 - - default default] Successfully bumped revision number for resource d2b416cb-6b12-465d-8efe-9ee86971d979 (type: security_groups) to 1
2026-06-22 17:30:05.049 8 INFO neutron.db.ovn_revision_numbers_db [None req-7ccf913b-3cda-4f5a-8e11-16d5098e6af9 eb592727d3c64280b558d5de4c77bcd3 0091294894ad4b08a8622311416a05b0 - - default default] Successfully bumped revision number for resource 6f296d4d-9d34-4388-b08a-b86d13ea13f5 (type: security_group_rules) to 0
2026-06-22 17:30:05.061 8 INFO neutron.db.ovn_revision_numbers_db [None req-7ccf913b-3cda-4f5a-8e11-16d5098e6af9 eb592727d3c64280b558d5de4c77bcd3 0091294894ad4b08a8622311416a05b0 - - default default] Successfully bumped revision number for resource 76c947c5-b74a-4a60-88a7-389ba33ef9a0 (type: security_group_rules) to 0
2026-06-22 17:30:05.071 8 INFO neutron.db.ovn_revision_numbers_db [None req-7ccf913b-3cda-4f5a-8e11-16d5098e6af9 eb592727d3c64280b558d5de4c77bcd3 0091294894ad4b08a8622311416a05b0 - - default default] Successfully bumped revision number for resource 825ed959-fbb8-4d14-ac90-18a1f92cad9c (type: security_group_rules) to 0
2026-06-22 17:30:05.083 8 INFO neutron.db.ovn_revision_numbers_db [None req-7ccf913b-3cda-4f5a-8e11-16d5098e6af9 eb592727d3c64280b558d5de4c77bcd3 0091294894ad4b08a8622311416a05b0 - - default default] Successfully bumped revision number for resource 8de59cb4-eec2-4398-98e0-04143c2c03b9 (type: security_group_rules) to 0 [pid: 8|app: 0|req: 897/1769] 10.0.0.101 () {32 vars in 774 bytes} [Mon Jun 22 17:30:04 2026] GET /v2.0/security-groups?tenant_id=65ad0a66d70346af866393b47774d377&name=default => generated 2925 bytes in 445 msecs (HTTP/1.1 200) 4 headers in 158 bytes (1 switches on core 0)
2026-06-22 17:30:05.271 8 INFO neutron.notifiers.nova [-] Nova event matching ['req-d46f57d5-6c34-48c9-b85b-90d6cd18be3c'] response: {'server_uuid': '0a3e2d15-8de7-4f33-bacc-441cd1a0499a', 'name': 'network-vif-unplugged', 'status': 'completed', 'tag': 'e2a5b5e1-4d13-41f5-8925-0ac69190373f', 'code': 200} [pid: 7|app: 0|req: 873/1770] 10.0.0.101 () {32 vars in 740 bytes} [Mon Jun 22 17:30:05 2026] DELETE /v2.0/security-groups/d2b416cb-6b12-465d-8efe-9ee86971d979 => generated 0 bytes in 279 msecs (HTTP/1.1 204) 2 headers in 112 bytes (1 switches on core 0)
2026-06-22 17:30:05.716 8 INFO neutron_taas.services.taas.taas_plugin [None req-83448899-763b-4bab-9097-cb1b019b1ed8 eb592727d3c64280b558d5de4c77bcd3 0091294894ad4b08a8622311416a05b0 - - default default] TaaS: Handle Delete Port: fb391782-a36e-41e6-bb0e-278ffb26506e
2026-06-22 17:30:05.719 8 INFO neutron_taas.services.taas.tap_mirror_plugin [None req-83448899-763b-4bab-9097-cb1b019b1ed8 eb592727d3c64280b558d5de4c77bcd3 0091294894ad4b08a8622311416a05b0 - - default default] Tap Mirror: Handle Delete Port: fb391782-a36e-41e6-bb0e-278ffb26506e
2026-06-22 17:30:05.872 7 INFO neutron.db.ovn_revision_numbers_db [None req-62477bf4-e333-43c3-b612-e14a58968ae1 97a4d7985e1b45f69df3d7f93428b21b df5b244c94cc45a3a5da3cd1ac15554e - - default default] Successfully bumped revision number for resource c2b68675-48b7-48d0-93da-55fcb7a25f1b (type: security_groups) to 1
2026-06-22 17:30:05.885 7 INFO neutron.db.ovn_revision_numbers_db [None req-62477bf4-e333-43c3-b612-e14a58968ae1 97a4d7985e1b45f69df3d7f93428b21b df5b244c94cc45a3a5da3cd1ac15554e - - default default] Successfully bumped revision number for resource 801fbbcf-22fe-4508-9895-c45006d361be (type: security_group_rules) to 0
2026-06-22 17:30:05.901 7 INFO neutron.db.ovn_revision_numbers_db [None req-62477bf4-e333-43c3-b612-e14a58968ae1 97a4d7985e1b45f69df3d7f93428b21b df5b244c94cc45a3a5da3cd1ac15554e - - default default] Successfully bumped revision number for resource 906a02c0-db92-4206-9574-d8c96249e534 (type: security_group_rules) to 0
2026-06-22 17:30:05.912 7 INFO neutron.db.ovn_revision_numbers_db [None req-62477bf4-e333-43c3-b612-e14a58968ae1 97a4d7985e1b45f69df3d7f93428b21b df5b244c94cc45a3a5da3cd1ac15554e - - default default] Successfully bumped revision number for resource ae26cdc0-4aa1-419f-93e1-46831938285b (type: security_group_rules) to 0
2026-06-22 17:30:05.938 7 INFO neutron.db.ovn_revision_numbers_db [None req-62477bf4-e333-43c3-b612-e14a58968ae1 97a4d7985e1b45f69df3d7f93428b21b df5b244c94cc45a3a5da3cd1ac15554e - - default default] Successfully bumped revision number for resource becb7b4d-bb1f-4031-9033-3610581801c1 (type: security_group_rules) to 0
2026-06-22 17:30:06.034 7 INFO neutron.db.segments_db [None req-62477bf4-e333-43c3-b612-e14a58968ae1 97a4d7985e1b45f69df3d7f93428b21b df5b244c94cc45a3a5da3cd1ac15554e - - default default] Added segment 61d7decc-989c-4b35-b779-64cd4a224608 of type geneve for network 100ab98a-23dd-40e7-9868-2a2ff751972b
2026-06-22 17:30:06.150 7 INFO neutron.db.ovn_revision_numbers_db [None req-62477bf4-e333-43c3-b612-e14a58968ae1 97a4d7985e1b45f69df3d7f93428b21b df5b244c94cc45a3a5da3cd1ac15554e - - default default] Successfully bumped revision number for resource 100ab98a-23dd-40e7-9868-2a2ff751972b (type: networks) to 1
2026-06-22 17:30:06.328 7 WARNING neutron.scheduler.dhcp_agent_scheduler [None req-62477bf4-e333-43c3-b612-e14a58968ae1 97a4d7985e1b45f69df3d7f93428b21b df5b244c94cc45a3a5da3cd1ac15554e - - default default] No more DHCP agents
2026-06-22 17:30:06.330 7 WARNING neutron.api.rpc.agentnotifiers.dhcp_rpc_agent_api [None req-62477bf4-e333-43c3-b612-e14a58968ae1 97a4d7985e1b45f69df3d7f93428b21b df5b244c94cc45a3a5da3cd1ac15554e - - default default] Unable to schedule network 100ab98a-23dd-40e7-9868-2a2ff751972b: no agents available; will retry on subsequent port and subnet creation events.
2026-06-22 17:30:06.406 8 INFO neutron.plugins.ml2.drivers.ovn.mech_driver.mech_driver [None req-de87daad-c870-4c6d-baba-e42a26c3bc6e - - - - - -] OVN reports status down for port: f3c2fa63-9803-4afc-8f79-4ea0b09a9870
2026-06-22 17:30:06.409 7 INFO neutron.db.ovn_revision_numbers_db [None req-62477bf4-e333-43c3-b612-e14a58968ae1 97a4d7985e1b45f69df3d7f93428b21b df5b244c94cc45a3a5da3cd1ac15554e - - default default] Successfully bumped revision number for resource f3c2fa63-9803-4afc-8f79-4ea0b09a9870 (type: ports) to 1 [pid: 7|app: 0|req: 874/1771] 10.0.0.101 () {34 vars in 670 bytes} [Mon Jun 22 17:30:05 2026] POST /v2.0/networks => generated 651 bytes in 876 msecs (HTTP/1.1 201) 4 headers in 162 bytes (1 switches on core 0) [pid: 7|app: 0|req: 875/1772] 10.0.0.215 () {34 vars in 990 bytes} [Mon Jun 22 17:30:06 2026] GET /v2.0/ports?device_id=0a3e2d15-8de7-4f33-bacc-441cd1a0499a => generated 12 bytes in 17 msecs (HTTP/1.1 200) 4 headers in 156 bytes (1 switches on core 0) [pid: 8|app: 0|req: 898/1773] 10.0.0.101 () {34 vars in 789 bytes} [Mon Jun 22 17:30:05 2026] PUT /v2.0/routers/8aac7369-d910-4da5-b675-ccd09b0a4357/remove_router_interface => generated 309 bytes in 1165 msecs (HTTP/1.1 200) 4 headers in 157 bytes (1 switches on core 0) /var/lib/openstack/lib/python3.12/site-packages/pycadf/identifier.py:70: UserWarning: Invalid uuid: neutron. To ensure interoperability, identifiers should be a valid uuid. warnings.warn(('Invalid uuid: %s. To ensure interoperability, '
2026-06-22 17:30:06.704 7 WARNING neutron.scheduler.dhcp_agent_scheduler [None req-8033f1a9-f146-4010-99bf-945f175fcc68 97a4d7985e1b45f69df3d7f93428b21b df5b244c94cc45a3a5da3cd1ac15554e - - default default] No more DHCP agents
2026-06-22 17:30:06.706 7 WARNING neutron.api.rpc.agentnotifiers.dhcp_rpc_agent_api [None req-8033f1a9-f146-4010-99bf-945f175fcc68 97a4d7985e1b45f69df3d7f93428b21b df5b244c94cc45a3a5da3cd1ac15554e - - default default] Unable to schedule network 100ab98a-23dd-40e7-9868-2a2ff751972b: no agents available; will retry on subsequent port and subnet creation events.
2026-06-22 17:30:06.778 7 INFO neutron.plugins.ml2.drivers.ovn.mech_driver.mech_driver [None req-3a1c3c74-0085-45a9-8e03-4b2943c6dbb6 - - - - - -] OVN reports status down for port: e4be8b23-5638-4439-a455-b19aa0ded505
2026-06-22 17:30:06.839 7 INFO neutron.db.ovn_revision_numbers_db [None req-8033f1a9-f146-4010-99bf-945f175fcc68 97a4d7985e1b45f69df3d7f93428b21b df5b244c94cc45a3a5da3cd1ac15554e - - default default] Successfully bumped revision number for resource e4be8b23-5638-4439-a455-b19aa0ded505 (type: ports) to 1 [pid: 7|app: 0|req: 876/1774] 10.0.0.101 () {34 vars in 664 bytes} [Mon Jun 22 17:30:06 2026] POST /v2.0/ports => generated 743 bytes in 469 msecs (HTTP/1.1 201) 4 headers in 162 bytes (1 switches on core 0) /var/lib/openstack/lib/python3.12/site-packages/pycadf/identifier.py:70: UserWarning: Invalid uuid: neutron. To ensure interoperability, identifiers should be a valid uuid. warnings.warn(('Invalid uuid: %s. To ensure interoperability, '
2026-06-22 17:30:06.950 8 INFO neutron_taas.services.taas.taas_plugin [None req-a1f806a6-0eb2-4a6b-bbb4-985aea888b98 eb592727d3c64280b558d5de4c77bcd3 0091294894ad4b08a8622311416a05b0 - - default default] TaaS: Handle Delete Port: 1b4592e5-686b-47d3-8260-d907cb30a09b
2026-06-22 17:30:06.954 8 INFO neutron_taas.services.taas.tap_mirror_plugin [None req-a1f806a6-0eb2-4a6b-bbb4-985aea888b98 eb592727d3c64280b558d5de4c77bcd3 0091294894ad4b08a8622311416a05b0 - - default default] Tap Mirror: Handle Delete Port: 1b4592e5-686b-47d3-8260-d907cb30a09b [pid: 7|app: 0|req: 877/1775] 10.0.0.101 () {34 vars in 666 bytes} [Mon Jun 22 17:30:06 2026] POST /v2.0/trunks => generated 409 bytes in 264 msecs (HTTP/1.1 201) 4 headers in 162 bytes (1 switches on core 0)
2026-06-22 17:30:07.299 7 INFO neutron.db.segments_db [None req-05215eb5-eb24-4792-b1b7-10d90a09e2f7 97a4d7985e1b45f69df3d7f93428b21b df5b244c94cc45a3a5da3cd1ac15554e - - default default] Added segment 6d44f9d8-29d9-4aee-a7cf-b08035f99439 of type geneve for network 12bd0191-960e-4f36-811e-78adf11cc343 [pid: 8|app: 0|req: 899/1776] 10.0.0.101 () {32 vars in 724 bytes} [Mon Jun 22 17:30:06 2026] DELETE /v2.0/routers/8aac7369-d910-4da5-b675-ccd09b0a4357 => generated 0 bytes in 847 msecs (HTTP/1.1 204) 2 headers in 112 bytes (1 switches on core 0)
2026-06-22 17:30:07.436 7 INFO neutron.db.ovn_revision_numbers_db [None req-05215eb5-eb24-4792-b1b7-10d90a09e2f7 97a4d7985e1b45f69df3d7f93428b21b df5b244c94cc45a3a5da3cd1ac15554e - - default default] Successfully bumped revision number for resource 12bd0191-960e-4f36-811e-78adf11cc343 (type: networks) to 1 [pid: 8|app: 0|req: 900/1777] 10.0.0.101 () {32 vars in 724 bytes} [Mon Jun 22 17:30:07 2026] DELETE /v2.0/subnets/49fd3d28-bfc1-4872-a4f7-a5ceeb579a76 => generated 0 bytes in 237 msecs (HTTP/1.1 204) 3 headers in 131 bytes (1 switches on core 0) [pid: 8|app: 0|req: 901/1778] 10.0.0.215 () {34 vars in 990 bytes} [Mon Jun 22 17:30:07 2026] GET /v2.0/ports?device_id=0a3e2d15-8de7-4f33-bacc-441cd1a0499a => generated 12 bytes in 19 msecs (HTTP/1.1 200) 4 headers in 156 bytes (1 switches on core 0)
2026-06-22 17:30:07.642 7 WARNING neutron.scheduler.dhcp_agent_scheduler [None req-05215eb5-eb24-4792-b1b7-10d90a09e2f7 97a4d7985e1b45f69df3d7f93428b21b df5b244c94cc45a3a5da3cd1ac15554e - - default default] No more DHCP agents
2026-06-22 17:30:07.644 7 WARNING neutron.api.rpc.agentnotifiers.dhcp_rpc_agent_api [None req-05215eb5-eb24-4792-b1b7-10d90a09e2f7 97a4d7985e1b45f69df3d7f93428b21b df5b244c94cc45a3a5da3cd1ac15554e - - default default] Unable to schedule network 12bd0191-960e-4f36-811e-78adf11cc343: no agents available; will retry on subsequent port and subnet creation events.
2026-06-22 17:30:07.700 7 INFO neutron.plugins.ml2.drivers.ovn.mech_driver.mech_driver [None req-3a1c3c74-0085-45a9-8e03-4b2943c6dbb6 - - - - - -] OVN reports status down for port: c21ea778-5b61-41c6-8598-af0f0012522b
2026-06-22 17:30:07.764 7 INFO neutron.db.ovn_revision_numbers_db [None req-05215eb5-eb24-4792-b1b7-10d90a09e2f7 97a4d7985e1b45f69df3d7f93428b21b df5b244c94cc45a3a5da3cd1ac15554e - - default default] Successfully bumped revision number for resource c21ea778-5b61-41c6-8598-af0f0012522b (type: ports) to 1
2026-06-22 17:30:07.792 8 INFO neutron_taas.services.taas.taas_plugin [None req-26f1363e-32d7-4986-b40f-cce51e61543e eb592727d3c64280b558d5de4c77bcd3 0091294894ad4b08a8622311416a05b0 - - default default] TaaS: Handle Delete Port: 9c157aa9-da31-4b86-b785-8c0d48c19f04
2026-06-22 17:30:07.796 8 INFO neutron_taas.services.taas.tap_mirror_plugin [None req-26f1363e-32d7-4986-b40f-cce51e61543e eb592727d3c64280b558d5de4c77bcd3 0091294894ad4b08a8622311416a05b0 - - default default] Tap Mirror: Handle Delete Port: 9c157aa9-da31-4b86-b785-8c0d48c19f04 [pid: 7|app: 0|req: 878/1779] 10.0.0.101 () {34 vars in 670 bytes} [Mon Jun 22 17:30:07 2026] POST /v2.0/networks => generated 651 bytes in 625 msecs (HTTP/1.1 201) 4 headers in 162 bytes (1 switches on core 0)
2026-06-22 17:30:08.011 8 INFO neutron.services.segments.plugin [-] Segment 9a4aa8dc-4fd9-417f-9924-0d2ed2ec956a resource provider aggregate not found
2026-06-22 17:30:08.025 8 INFO neutron.services.segments.plugin [-] Segment 9a4aa8dc-4fd9-417f-9924-0d2ed2ec956a resource provider aggregate not found
2026-06-22 17:30:08.043 8 INFO neutron.services.segments.plugin [-] Segment 9a4aa8dc-4fd9-417f-9924-0d2ed2ec956a resource provider not found; error: Placement Client Error (4xx): {"errors": [{"status": 404, "title": "Not Found", "detail": "The resource could not be found.\n\n No resource provider with uuid 9a4aa8dc-4fd9-417f-9924-0d2ed2ec956a found for delete ", "request_id": "req-0e82b12c-3e6c-487f-b3bf-10024bb3b1c9"}]}
2026-06-22 17:30:08.052 8 INFO neutron.services.segments.plugin [-] Segment 9a4aa8dc-4fd9-417f-9924-0d2ed2ec956a resource provider not found; error: Placement Client Error (4xx): {"errors": [{"status": 404, "title": "Not Found", "detail": "The resource could not be found.\n\n No resource provider with uuid 9a4aa8dc-4fd9-417f-9924-0d2ed2ec956a found for delete ", "request_id": "req-ad40fc8f-87ec-45bc-a282-222aed4d9a4d"}]} [pid: 8|app: 0|req: 902/1780] 10.0.0.101 () {32 vars in 726 bytes} [Mon Jun 22 17:30:07 2026] DELETE /v2.0/networks/91d99c0e-95d3-4078-b350-864a8eef92eb => generated 0 bytes in 449 msecs (HTTP/1.1 204) 3 headers in 131 bytes (1 switches on core 0)
2026-06-22 17:30:08.120 7 WARNING neutron.scheduler.dhcp_agent_scheduler [None req-4c1a7f08-2adb-4f00-922d-cdff56bf5adf 97a4d7985e1b45f69df3d7f93428b21b df5b244c94cc45a3a5da3cd1ac15554e - - default default] No more DHCP agents
2026-06-22 17:30:08.122 7 WARNING neutron.api.rpc.agentnotifiers.dhcp_rpc_agent_api [None req-4c1a7f08-2adb-4f00-922d-cdff56bf5adf 97a4d7985e1b45f69df3d7f93428b21b df5b244c94cc45a3a5da3cd1ac15554e - - default default] Unable to schedule network 12bd0191-960e-4f36-811e-78adf11cc343: no agents available; will retry on subsequent port and subnet creation events.
2026-06-22 17:30:08.179 7 INFO neutron.plugins.ml2.drivers.ovn.mech_driver.mech_driver [None req-3a1c3c74-0085-45a9-8e03-4b2943c6dbb6 - - - - - -] OVN reports status down for port: 6de624c4-b7de-4e13-975e-6110e69274fa
2026-06-22 17:30:08.234 7 INFO neutron.db.ovn_revision_numbers_db [None req-4c1a7f08-2adb-4f00-922d-cdff56bf5adf 97a4d7985e1b45f69df3d7f93428b21b df5b244c94cc45a3a5da3cd1ac15554e - - default default] Successfully bumped revision number for resource 6de624c4-b7de-4e13-975e-6110e69274fa (type: ports) to 1 [pid: 8|app: 0|req: 903/1781] 10.0.0.101 () {32 vars in 774 bytes} [Mon Jun 22 17:30:08 2026] GET /v2.0/security-groups?tenant_id=1d7964477edc4152a6623c628dd9f313&name=default => generated 2925 bytes in 34 msecs (HTTP/1.1 200) 4 headers in 158 bytes (1 switches on core 0) [pid: 7|app: 0|req: 879/1782] 10.0.0.101 () {34 vars in 664 bytes} [Mon Jun 22 17:30:07 2026] POST /v2.0/ports => generated 743 bytes in 493 msecs (HTTP/1.1 201) 4 headers in 162 bytes (1 switches on core 0) /var/lib/openstack/lib/python3.12/site-packages/pycadf/identifier.py:70: UserWarning: Invalid uuid: neutron. To ensure interoperability, identifiers should be a valid uuid. warnings.warn(('Invalid uuid: %s. To ensure interoperability, ' [pid: 7|app: 0|req: 880/1783] 10.0.0.101 () {34 vars in 666 bytes} [Mon Jun 22 17:30:08 2026] POST /v2.0/trunks => generated 409 bytes in 208 msecs (HTTP/1.1 201) 4 headers in 162 bytes (1 switches on core 0) [pid: 8|app: 0|req: 904/1784] 10.0.0.101 () {32 vars in 740 bytes} [Mon Jun 22 17:30:08 2026] DELETE /v2.0/security-groups/04c77131-fc67-4ff0-b960-6f358770c63a => generated 0 bytes in 268 msecs (HTTP/1.1 204) 2 headers in 112 bytes (1 switches on core 0)
2026-06-22 17:30:08.663 8 INFO neutron.db.segments_db [None req-dfe6c899-ba99-4f8a-9db7-3f4669ee7252 97a4d7985e1b45f69df3d7f93428b21b df5b244c94cc45a3a5da3cd1ac15554e - - default default] Added segment b3e7d969-9032-470f-bd0e-fae8c0a2f27a of type geneve for network 458b6f4e-fe62-4937-8029-61fac90204da
2026-06-22 17:30:08.811 8 INFO neutron.db.ovn_revision_numbers_db [None req-dfe6c899-ba99-4f8a-9db7-3f4669ee7252 97a4d7985e1b45f69df3d7f93428b21b df5b244c94cc45a3a5da3cd1ac15554e - - default default] Successfully bumped revision number for resource 458b6f4e-fe62-4937-8029-61fac90204da (type: networks) to 1
2026-06-22 17:30:08.977 7 INFO neutron.db.ovn_revision_numbers_db [None req-f02699ec-a9da-4e84-aeae-f226016ea588 511e41f54bff473aa766f843841279b5 3803a6c431a548f09b0284a7d7b0cb53 - - default default] Successfully bumped revision number for resource 9afe9d0f-c1cf-48a7-9331-4a8c1608359b (type: security_groups) to 1
2026-06-22 17:30:08.991 7 INFO neutron.db.ovn_revision_numbers_db [None req-f02699ec-a9da-4e84-aeae-f226016ea588 511e41f54bff473aa766f843841279b5 3803a6c431a548f09b0284a7d7b0cb53 - - default default] Successfully bumped revision number for resource 169181d1-e50a-4cac-a504-ef95cdbd3086 (type: security_group_rules) to 0
2026-06-22 17:30:09.006 7 INFO neutron.db.ovn_revision_numbers_db [None req-f02699ec-a9da-4e84-aeae-f226016ea588 511e41f54bff473aa766f843841279b5 3803a6c431a548f09b0284a7d7b0cb53 - - default default] Successfully bumped revision number for resource 3e60a45e-a083-4f50-86ac-2512dd5a31b2 (type: security_group_rules) to 0
2026-06-22 17:30:09.010 8 WARNING neutron.scheduler.dhcp_agent_scheduler [None req-dfe6c899-ba99-4f8a-9db7-3f4669ee7252 97a4d7985e1b45f69df3d7f93428b21b df5b244c94cc45a3a5da3cd1ac15554e - - default default] No more DHCP agents
2026-06-22 17:30:09.011 8 WARNING neutron.api.rpc.agentnotifiers.dhcp_rpc_agent_api [None req-dfe6c899-ba99-4f8a-9db7-3f4669ee7252 97a4d7985e1b45f69df3d7f93428b21b df5b244c94cc45a3a5da3cd1ac15554e - - default default] Unable to schedule network 458b6f4e-fe62-4937-8029-61fac90204da: no agents available; will retry on subsequent port and subnet creation events.
2026-06-22 17:30:09.017 7 INFO neutron.db.ovn_revision_numbers_db [None req-f02699ec-a9da-4e84-aeae-f226016ea588 511e41f54bff473aa766f843841279b5 3803a6c431a548f09b0284a7d7b0cb53 - - default default] Successfully bumped revision number for resource 87d24d9e-d207-45e8-96e1-53ac3ae15308 (type: security_group_rules) to 0
2026-06-22 17:30:09.049 7 INFO neutron.db.ovn_revision_numbers_db [None req-f02699ec-a9da-4e84-aeae-f226016ea588 511e41f54bff473aa766f843841279b5 3803a6c431a548f09b0284a7d7b0cb53 - - default default] Successfully bumped revision number for resource fbe34449-8b28-4b34-8dfe-ccefedbd25e6 (type: security_group_rules) to 0
2026-06-22 17:30:09.094 8 INFO neutron.db.ovn_revision_numbers_db [None req-dfe6c899-ba99-4f8a-9db7-3f4669ee7252 97a4d7985e1b45f69df3d7f93428b21b df5b244c94cc45a3a5da3cd1ac15554e - - default default] Successfully bumped revision number for resource c94dcc78-054e-4c15-882e-d84a5b43d263 (type: ports) to 1
2026-06-22 17:30:09.099 7 INFO neutron.plugins.ml2.drivers.ovn.mech_driver.mech_driver [None req-3a1c3c74-0085-45a9-8e03-4b2943c6dbb6 - - - - - -] OVN reports status down for port: c94dcc78-054e-4c15-882e-d84a5b43d263 [pid: 8|app: 0|req: 905/1785] 10.0.0.101 () {34 vars in 670 bytes} [Mon Jun 22 17:30:08 2026] POST /v2.0/networks => generated 651 bytes in 566 msecs (HTTP/1.1 201) 4 headers in 162 bytes (1 switches on core 0)
2026-06-22 17:30:09.181 7 INFO neutron.db.segments_db [None req-f02699ec-a9da-4e84-aeae-f226016ea588 511e41f54bff473aa766f843841279b5 3803a6c431a548f09b0284a7d7b0cb53 - - default default] Added segment 7a0ca9ab-930f-4849-a86f-6434cd476ac1 of type geneve for network f1c228e1-3b0e-4314-a58d-b864f3581529 [pid: 8|app: 0|req: 906/1786] 10.0.0.101 () {32 vars in 740 bytes} [Mon Jun 22 17:30:09 2026] DELETE /v2.0/security-groups/0a883619-7632-4b35-8386-4819ef0ae60e => generated 0 bytes in 164 msecs (HTTP/1.1 204) 2 headers in 112 bytes (1 switches on core 0)
2026-06-22 17:30:09.338 7 INFO neutron.db.ovn_revision_numbers_db [None req-f02699ec-a9da-4e84-aeae-f226016ea588 511e41f54bff473aa766f843841279b5 3803a6c431a548f09b0284a7d7b0cb53 - - default default] Successfully bumped revision number for resource f1c228e1-3b0e-4314-a58d-b864f3581529 (type: networks) to 1
2026-06-22 17:30:09.530 7 WARNING neutron.scheduler.dhcp_agent_scheduler [None req-f02699ec-a9da-4e84-aeae-f226016ea588 511e41f54bff473aa766f843841279b5 3803a6c431a548f09b0284a7d7b0cb53 - - default default] No more DHCP agents
2026-06-22 17:30:09.531 7 WARNING neutron.api.rpc.agentnotifiers.dhcp_rpc_agent_api [None req-f02699ec-a9da-4e84-aeae-f226016ea588 511e41f54bff473aa766f843841279b5 3803a6c431a548f09b0284a7d7b0cb53 - - default default] Unable to schedule network f1c228e1-3b0e-4314-a58d-b864f3581529: no agents available; will retry on subsequent port and subnet creation events.
2026-06-22 17:30:09.536 8 WARNING neutron.scheduler.dhcp_agent_scheduler [None req-2546aed1-f311-4153-b615-b7674a1102b4 97a4d7985e1b45f69df3d7f93428b21b df5b244c94cc45a3a5da3cd1ac15554e - - default default] No more DHCP agents
2026-06-22 17:30:09.538 8 WARNING neutron.api.rpc.agentnotifiers.dhcp_rpc_agent_api [None req-2546aed1-f311-4153-b615-b7674a1102b4 97a4d7985e1b45f69df3d7f93428b21b df5b244c94cc45a3a5da3cd1ac15554e - - default default] Unable to schedule network 458b6f4e-fe62-4937-8029-61fac90204da: no agents available; will retry on subsequent port and subnet creation events.
2026-06-22 17:30:09.612 7 INFO neutron.plugins.ml2.drivers.ovn.mech_driver.mech_driver [None req-3a1c3c74-0085-45a9-8e03-4b2943c6dbb6 - - - - - -] OVN reports status down for port: 5d5b834c-4150-4402-85f6-8a63dd402883
2026-06-22 17:30:09.622 8 INFO neutron.plugins.ml2.drivers.ovn.mech_driver.mech_driver [None req-de87daad-c870-4c6d-baba-e42a26c3bc6e - - - - - -] OVN reports status down for port: 52502c23-b4a9-4478-ad46-a19f4cc70ac5
2026-06-22 17:30:09.691 7 INFO neutron.db.ovn_revision_numbers_db [None req-f02699ec-a9da-4e84-aeae-f226016ea588 511e41f54bff473aa766f843841279b5 3803a6c431a548f09b0284a7d7b0cb53 - - default default] Successfully bumped revision number for resource 5d5b834c-4150-4402-85f6-8a63dd402883 (type: ports) to 1
2026-06-22 17:30:09.692 8 INFO neutron.db.ovn_revision_numbers_db [None req-2546aed1-f311-4153-b615-b7674a1102b4 97a4d7985e1b45f69df3d7f93428b21b df5b244c94cc45a3a5da3cd1ac15554e - - default default] Successfully bumped revision number for resource 52502c23-b4a9-4478-ad46-a19f4cc70ac5 (type: ports) to 1 [pid: 7|app: 0|req: 881/1787] 10.0.0.101 () {34 vars in 671 bytes} [Mon Jun 22 17:30:08 2026] POST /v2.0/networks => generated 652 bytes in 1191 msecs (HTTP/1.1 201) 4 headers in 162 bytes (1 switches on core 0)
2026-06-22 17:30:09.754 7 INFO neutron.api.v2.resource [None req-3c6e5435-7849-4b2f-bd22-60a372d39b94 33181f9ab7f543dc963f172126dbe0ae d8b8f618443447d4a191386c2599c69f - - default default] show failed (client error): The resource could not be found. [pid: 7|app: 0|req: 882/1788] 10.0.0.101 () {32 vars in 737 bytes} [Mon Jun 22 17:30:09 2026] GET /v2.0/security-groups/0a883619-7632-4b35-8386-4819ef0ae60e => generated 146 bytes in 19 msecs (HTTP/1.1 404) 4 headers in 164 bytes (1 switches on core 0) [pid: 8|app: 0|req: 907/1789] 10.0.0.101 () {34 vars in 664 bytes} [Mon Jun 22 17:30:09 2026] POST /v2.0/ports => generated 743 bytes in 519 msecs (HTTP/1.1 201) 4 headers in 162 bytes (1 switches on core 0) /var/lib/openstack/lib/python3.12/site-packages/pycadf/identifier.py:70: UserWarning: Invalid uuid: neutron. To ensure interoperability, identifiers should be a valid uuid. warnings.warn(('Invalid uuid: %s. To ensure interoperability, '
2026-06-22 17:30:09.944 8 INFO neutron_taas.services.taas.taas_plugin [None req-e80f7aa9-a1e8-4c83-b1c8-8064dd8118dc 33181f9ab7f543dc963f172126dbe0ae d8b8f618443447d4a191386c2599c69f - - default default] TaaS: Handle Delete Port: 7a94b700-5a2a-4655-b141-a4d1f44a0854
2026-06-22 17:30:09.947 8 INFO neutron_taas.services.taas.tap_mirror_plugin [None req-e80f7aa9-a1e8-4c83-b1c8-8064dd8118dc 33181f9ab7f543dc963f172126dbe0ae d8b8f618443447d4a191386c2599c69f - - default default] Tap Mirror: Handle Delete Port: 7a94b700-5a2a-4655-b141-a4d1f44a0854 [pid: 8|app: 0|req: 908/1790] 10.0.0.101 () {32 vars in 732 bytes} [Mon Jun 22 17:30:09 2026] DELETE /v2.0/floatingips/51cbf2c5-5229-4568-aeb7-ab6759e3c072 => generated 0 bytes in 283 msecs (HTTP/1.1 204) 2 headers in 112 bytes (1 switches on core 0)
2026-06-22 17:30:10.218 7 WARNING neutron.scheduler.dhcp_agent_scheduler [None req-2d332c7a-73fa-4799-ba4b-01af38510e8a 511e41f54bff473aa766f843841279b5 3803a6c431a548f09b0284a7d7b0cb53 - - default default] No more DHCP agents
2026-06-22 17:30:10.220 7 WARNING neutron.api.rpc.agentnotifiers.dhcp_rpc_agent_api [None req-2d332c7a-73fa-4799-ba4b-01af38510e8a 511e41f54bff473aa766f843841279b5 3803a6c431a548f09b0284a7d7b0cb53 - - default default] Unable to schedule network 4ced58ce-8bff-48ab-9733-b91f53e84989: no agents available; will retry on subsequent port and subnet creation events. [pid: 8|app: 0|req: 909/1791] 10.0.0.101 () {34 vars in 666 bytes} [Mon Jun 22 17:30:10 2026] POST /v2.0/trunks => generated 409 bytes in 207 msecs (HTTP/1.1 201) 4 headers in 162 bytes (1 switches on core 0)
2026-06-22 17:30:10.321 7 INFO neutron.plugins.ml2.drivers.ovn.mech_driver.mech_driver [None req-3a1c3c74-0085-45a9-8e03-4b2943c6dbb6 - - - - - -] OVN reports status down for port: 2742eb22-1ce7-4ca9-be37-56a3729fad4e
2026-06-22 17:30:10.370 7 INFO neutron.db.ovn_revision_numbers_db [None req-2d332c7a-73fa-4799-ba4b-01af38510e8a 511e41f54bff473aa766f843841279b5 3803a6c431a548f09b0284a7d7b0cb53 - - default default] Successfully bumped revision number for resource 2742eb22-1ce7-4ca9-be37-56a3729fad4e (type: ports) to 1
2026-06-22 17:30:10.611 8 INFO neutron_taas.services.taas.taas_plugin [None req-feb7b61a-4a62-42e4-8cf8-75e1599b63e1 eb592727d3c64280b558d5de4c77bcd3 0091294894ad4b08a8622311416a05b0 - - default default] TaaS: Handle Delete Port: f7f4bf5d-930a-4d26-8e05-ac4155db02ef
2026-06-22 17:30:10.615 8 INFO neutron_taas.services.taas.tap_mirror_plugin [None req-feb7b61a-4a62-42e4-8cf8-75e1599b63e1 eb592727d3c64280b558d5de4c77bcd3 0091294894ad4b08a8622311416a05b0 - - default default] Tap Mirror: Handle Delete Port: f7f4bf5d-930a-4d26-8e05-ac4155db02ef
2026-06-22 17:30:11.047 7 INFO neutron.plugins.ml2.drivers.ovn.mech_driver.ovsdb.commands [None req-a220d199-4d06-4a97-8f27-6a04d401dd67 - - - - - -] Schedule LRP lrp-2742eb22-1ce7-4ca9-be37-56a3729fad4e on gateway d29d8afc-17ac-429d-ba70-d780949aea0b with priority 1
2026-06-22 17:30:11.100 7 INFO neutron.plugins.ml2.drivers.ovn.mech_driver.mech_driver [None req-3a1c3c74-0085-45a9-8e03-4b2943c6dbb6 - - - - - -] OVN reports status up for port: 2742eb22-1ce7-4ca9-be37-56a3729fad4e
2026-06-22 17:30:11.123 8 INFO neutron.plugins.ml2.drivers.ovn.mech_driver.ovsdb.ovsdb_monitor [None req-c05cb5c8-222f-4be2-a2c9-fb87a034d84a - - - - - -] Router d1aaacd1-2fde-4f00-b1f8-0c0d820a7b2f is bound to host instance
2026-06-22 17:30:11.144 7 INFO neutron.plugins.ml2.plugin [None req-3a1c3c74-0085-45a9-8e03-4b2943c6dbb6 - - - - - -] Attempt 1 to provision port 2742eb22-1ce7-4ca9-be37-56a3729fad4e
2026-06-22 17:30:11.148 7 INFO neutron.db.ovn_revision_numbers_db [None req-2d332c7a-73fa-4799-ba4b-01af38510e8a 511e41f54bff473aa766f843841279b5 3803a6c431a548f09b0284a7d7b0cb53 - - default default] Successfully bumped revision number for resource 2742eb22-1ce7-4ca9-be37-56a3729fad4e (type: router_ports) to 1
2026-06-22 17:30:11.301 7 INFO neutron.db.ovn_revision_numbers_db [None req-2d332c7a-73fa-4799-ba4b-01af38510e8a 511e41f54bff473aa766f843841279b5 3803a6c431a548f09b0284a7d7b0cb53 - - default default] Successfully bumped revision number for resource d1aaacd1-2fde-4f00-b1f8-0c0d820a7b2f (type: routers) to 2 [pid: 7|app: 0|req: 883/1792] 10.0.0.101 () {34 vars in 669 bytes} [Mon Jun 22 17:30:09 2026] POST /v2.0/routers => generated 954 bytes in 1575 msecs (HTTP/1.1 201) 4 headers in 162 bytes (1 switches on core 0)
2026-06-22 17:30:11.438 7 INFO neutron.db.segments_db [None req-8426d6a9-fe5f-4cb3-a70e-af632456bcfb 97a4d7985e1b45f69df3d7f93428b21b df5b244c94cc45a3a5da3cd1ac15554e - - default default] Added segment 0ed0fb88-9fdb-44c7-94f4-0354753b53cc of type geneve for network 83a9d8c1-aa0e-4b8c-82bd-4e79686d6870 [pid: 8|app: 0|req: 910/1793] 10.0.0.101 () {34 vars in 789 bytes} [Mon Jun 22 17:30:10 2026] PUT /v2.0/routers/e5e5472d-78b2-42e0-bde6-7d603133bea2/remove_router_interface => generated 309 bytes in 1178 msecs (HTTP/1.1 200) 4 headers in 157 bytes (1 switches on core 0)
2026-06-22 17:30:11.566 7 INFO neutron.db.ovn_revision_numbers_db [None req-8426d6a9-fe5f-4cb3-a70e-af632456bcfb 97a4d7985e1b45f69df3d7f93428b21b df5b244c94cc45a3a5da3cd1ac15554e - - default default] Successfully bumped revision number for resource 83a9d8c1-aa0e-4b8c-82bd-4e79686d6870 (type: networks) to 1
2026-06-22 17:30:11.734 7 WARNING neutron.scheduler.dhcp_agent_scheduler [None req-8426d6a9-fe5f-4cb3-a70e-af632456bcfb 97a4d7985e1b45f69df3d7f93428b21b df5b244c94cc45a3a5da3cd1ac15554e - - default default] No more DHCP agents
2026-06-22 17:30:11.735 7 WARNING neutron.api.rpc.agentnotifiers.dhcp_rpc_agent_api [None req-8426d6a9-fe5f-4cb3-a70e-af632456bcfb 97a4d7985e1b45f69df3d7f93428b21b df5b244c94cc45a3a5da3cd1ac15554e - - default default] Unable to schedule network 83a9d8c1-aa0e-4b8c-82bd-4e79686d6870: no agents available; will retry on subsequent port and subnet creation events. /var/lib/openstack/lib/python3.12/site-packages/pycadf/identifier.py:70: UserWarning: Invalid uuid: neutron. To ensure interoperability, identifiers should be a valid uuid. warnings.warn(('Invalid uuid: %s. To ensure interoperability, '
2026-06-22 17:30:11.826 7 INFO neutron.db.ovn_revision_numbers_db [None req-8426d6a9-fe5f-4cb3-a70e-af632456bcfb 97a4d7985e1b45f69df3d7f93428b21b df5b244c94cc45a3a5da3cd1ac15554e - - default default] Successfully bumped revision number for resource b26dc6e5-bf6e-44fa-b035-23f393ac4b20 (type: ports) to 1 [pid: 8|app: 0|req: 911/1794] 10.0.0.101 () {32 vars in 776 bytes} [Mon Jun 22 17:30:11 2026] GET /v2.0/subnets?project_id=3803a6c431a548f09b0284a7d7b0cb53&cidr=10.100.0.0%2F28 => generated 14 bytes in 351 msecs (HTTP/1.1 200) 4 headers in 156 bytes (1 switches on core 0)
2026-06-22 17:30:11.842 8 INFO neutron.plugins.ml2.drivers.ovn.mech_driver.mech_driver [None req-de87daad-c870-4c6d-baba-e42a26c3bc6e - - - - - -] OVN reports status down for port: b26dc6e5-bf6e-44fa-b035-23f393ac4b20 [pid: 7|app: 0|req: 884/1795] 10.0.0.101 () {34 vars in 670 bytes} [Mon Jun 22 17:30:11 2026] POST /v2.0/networks => generated 649 bytes in 519 msecs (HTTP/1.1 201) 4 headers in 162 bytes (1 switches on core 0) [pid: 7|app: 0|req: 885/1796] 10.0.0.101 () {32 vars in 694 bytes} [Mon Jun 22 17:30:11 2026] GET /v2.0/networks?router%3Aexternal=True => generated 791 bytes in 55 msecs (HTTP/1.1 200) 4 headers in 157 bytes (1 switches on core 0)
2026-06-22 17:30:12.131 7 WARNING neutron.scheduler.dhcp_agent_scheduler [None req-c75ec50e-e68b-4008-a3eb-665650d7eabe 97a4d7985e1b45f69df3d7f93428b21b df5b244c94cc45a3a5da3cd1ac15554e - - default default] No more DHCP agents
2026-06-22 17:30:12.132 7 WARNING neutron.api.rpc.agentnotifiers.dhcp_rpc_agent_api [None req-c75ec50e-e68b-4008-a3eb-665650d7eabe 97a4d7985e1b45f69df3d7f93428b21b df5b244c94cc45a3a5da3cd1ac15554e - - default default] Unable to schedule network 83a9d8c1-aa0e-4b8c-82bd-4e79686d6870: no agents available; will retry on subsequent port and subnet creation events.
2026-06-22 17:30:12.254 7 INFO neutron.db.ovn_revision_numbers_db [None req-c75ec50e-e68b-4008-a3eb-665650d7eabe 97a4d7985e1b45f69df3d7f93428b21b df5b244c94cc45a3a5da3cd1ac15554e - - default default] Successfully bumped revision number for resource 8126f9b8-b8ca-4291-934f-948525543abb (type: ports) to 1 [pid: 7|app: 0|req: 886/1797] 10.0.0.101 () {34 vars in 664 bytes} [Mon Jun 22 17:30:11 2026] POST /v2.0/ports => generated 743 bytes in 414 msecs (HTTP/1.1 201) 4 headers in 162 bytes (1 switches on core 0) /var/lib/openstack/lib/python3.12/site-packages/pycadf/identifier.py:70: UserWarning: Invalid uuid: neutron. To ensure interoperability, identifiers should be a valid uuid. warnings.warn(('Invalid uuid: %s. To ensure interoperability, ' [pid: 7|app: 0|req: 887/1798] 10.0.0.101 () {32 vars in 784 bytes} [Mon Jun 22 17:30:12 2026] GET /v2.0/subnets?network_id=4ced58ce-8bff-48ab-9733-b91f53e84989&cidr=10.100.0.0%2F28 => generated 14 bytes in 22 msecs (HTTP/1.1 200) 4 headers in 156 bytes (1 switches on core 0) [pid: 7|app: 0|req: 888/1799] 10.0.0.101 () {34 vars in 666 bytes} [Mon Jun 22 17:30:12 2026] POST /v2.0/trunks => generated 409 bytes in 175 msecs (HTTP/1.1 201) 4 headers in 162 bytes (1 switches on core 0)
2026-06-22 17:30:12.722 7 WARNING neutron.scheduler.dhcp_agent_scheduler [None req-60594603-04b4-4d35-bbe6-7e11ae24214d 511e41f54bff473aa766f843841279b5 3803a6c431a548f09b0284a7d7b0cb53 - - default default] No more DHCP agents
2026-06-22 17:30:12.724 7 WARNING neutron.api.rpc.agentnotifiers.dhcp_rpc_agent_api [None req-60594603-04b4-4d35-bbe6-7e11ae24214d 511e41f54bff473aa766f843841279b5 3803a6c431a548f09b0284a7d7b0cb53 - - default default] Unable to schedule network f1c228e1-3b0e-4314-a58d-b864f3581529: no agents available; will retry on subsequent port and subnet creation events.
2026-06-22 17:30:13.162 7 INFO neutron.db.ovn_revision_numbers_db [None req-e59a6693-1d35-4233-a4bc-5a3638b8b91d - - - - - -] Successfully bumped revision number for resource 5d5b834c-4150-4402-85f6-8a63dd402883 (type: ports) to 2
2026-06-22 17:30:13.214 7 INFO neutron.db.ovn_revision_numbers_db [None req-e59a6693-1d35-4233-a4bc-5a3638b8b91d - - - - - -] Successfully bumped revision number for resource 808fc267-a5da-4b35-a336-43ab094d6e02 (type: subnets) to 0 [pid: 7|app: 0|req: 889/1800] 10.0.0.101 () {34 vars in 669 bytes} [Mon Jun 22 17:30:12 2026] POST /v2.0/subnets => generated 657 bytes in 713 msecs (HTTP/1.1 201) 4 headers in 162 bytes (1 switches on core 0)
2026-06-22 17:30:13.265 8 INFO neutron_taas.services.taas.taas_plugin [None req-d0ada3ff-1fc1-4d03-add6-1057eca544fa eb592727d3c64280b558d5de4c77bcd3 0091294894ad4b08a8622311416a05b0 - - default default] TaaS: Handle Delete Port: f0ed32c2-c7db-4fc9-9e86-1b945ccc37d1
2026-06-22 17:30:13.279 8 INFO neutron_taas.services.taas.tap_mirror_plugin [None req-d0ada3ff-1fc1-4d03-add6-1057eca544fa eb592727d3c64280b558d5de4c77bcd3 0091294894ad4b08a8622311416a05b0 - - default default] Tap Mirror: Handle Delete Port: f0ed32c2-c7db-4fc9-9e86-1b945ccc37d1
2026-06-22 17:30:13.313 7 INFO neutron.db.segments_db [None req-a9fa54f8-9290-4863-9764-7a31ab21ab9f 97a4d7985e1b45f69df3d7f93428b21b df5b244c94cc45a3a5da3cd1ac15554e - - default default] Added segment 094c42a8-c725-4bb1-a8ad-fbad1f9b9414 of type geneve for network bd11e145-4526-47ee-ac06-abe00d6a0190
2026-06-22 17:30:13.440 7 INFO neutron.db.ovn_revision_numbers_db [None req-a9fa54f8-9290-4863-9764-7a31ab21ab9f 97a4d7985e1b45f69df3d7f93428b21b df5b244c94cc45a3a5da3cd1ac15554e - - default default] Successfully bumped revision number for resource bd11e145-4526-47ee-ac06-abe00d6a0190 (type: networks) to 1
2026-06-22 17:30:13.450 8 INFO neutron.db.ovn_revision_numbers_db [None req-3aa10c60-3e1c-414c-9179-1d650cc2df21 - - - - - -] Successfully bumped revision number for resource 2742eb22-1ce7-4ca9-be37-56a3729fad4e (type: ports) to 4
2026-06-22 17:30:13.691 7 WARNING neutron.scheduler.dhcp_agent_scheduler [None req-a9fa54f8-9290-4863-9764-7a31ab21ab9f 97a4d7985e1b45f69df3d7f93428b21b df5b244c94cc45a3a5da3cd1ac15554e - - default default] No more DHCP agents
2026-06-22 17:30:13.693 7 WARNING neutron.api.rpc.agentnotifiers.dhcp_rpc_agent_api [None req-a9fa54f8-9290-4863-9764-7a31ab21ab9f 97a4d7985e1b45f69df3d7f93428b21b df5b244c94cc45a3a5da3cd1ac15554e - - default default] Unable to schedule network bd11e145-4526-47ee-ac06-abe00d6a0190: no agents available; will retry on subsequent port and subnet creation events.
2026-06-22 17:30:13.784 7 INFO neutron.db.ovn_revision_numbers_db [None req-a9fa54f8-9290-4863-9764-7a31ab21ab9f 97a4d7985e1b45f69df3d7f93428b21b df5b244c94cc45a3a5da3cd1ac15554e - - default default] Successfully bumped revision number for resource cfdb2915-b2cc-4a30-b1b7-9574ede4c6b4 (type: ports) to 1 [pid: 7|app: 0|req: 890/1801] 10.0.0.101 () {34 vars in 670 bytes} [Mon Jun 22 17:30:13 2026] POST /v2.0/networks => generated 651 bytes in 580 msecs (HTTP/1.1 201) 4 headers in 162 bytes (1 switches on core 0)
2026-06-22 17:30:13.908 7 INFO neutron.plugins.ml2.drivers.ovn.mech_driver.mech_driver [None req-3a1c3c74-0085-45a9-8e03-4b2943c6dbb6 - - - - - -] OVN reports status down for port: 8126f9b8-b8ca-4291-934f-948525543abb
2026-06-22 17:30:13.969 7 INFO neutron.plugins.ml2.drivers.ovn.mech_driver.mech_driver [None req-3a1c3c74-0085-45a9-8e03-4b2943c6dbb6 - - - - - -] OVN reports status down for port: cfdb2915-b2cc-4a30-b1b7-9574ede4c6b4 [pid: 8|app: 0|req: 912/1802] 10.0.0.101 () {32 vars in 724 bytes} [Mon Jun 22 17:30:11 2026] DELETE /v2.0/routers/e5e5472d-78b2-42e0-bde6-7d603133bea2 => generated 0 bytes in 2287 msecs (HTTP/1.1 204) 2 headers in 112 bytes (1 switches on core 0)
