Sep 08 15:48:09.835986 np0000192203 devstack@neutron-api.service[102321]: DEBUG neutron.api.extensions [None req-0278e8d2-c04c-48cc-af49-43be13929b26 None None] Ext name="agent" alias="agent" description="The agent management extension." updated="2013-02-03T10:00:00-00:00" {{(pid=102321) _check_extension /opt/stack/neutron/neutron/api/extensions.py:415}}
Sep 08 15:48:09.836170 np0000192203 devstack@neutron-api.service[102319]: DEBUG neutron_lib.callbacks.manager [None req-1748853a-5501-4bc0-a55a-e40e5086e82f None None] Subscribe: > network after_delete 55550000, False {{(pid=102319) subscribe /opt/stack/data/venv/lib/python3.12/site-packages/neutron_lib/callbacks/manager.py:52}}
Sep 08 15:48:09.836417 np0000192203 devstack@neutron-api.service[102321]: INFO neutron.api.extensions [None req-0278e8d2-c04c-48cc-af49-43be13929b26 None None] Loaded extension: agent
Sep 08 15:48:09.836576 np0000192203 devstack@neutron-api.service[102319]: DEBUG neutron_lib.callbacks.manager [None req-1748853a-5501-4bc0-a55a-e40e5086e82f None None] Subscribe: > security_group after_create 55550000, False {{(pid=102319) subscribe /opt/stack/data/venv/lib/python3.12/site-packages/neutron_lib/callbacks/manager.py:52}}
Sep 08 15:48:09.836689 np0000192203 devstack@neutron-api.service[102321]: DEBUG neutron.api.extensions [None req-0278e8d2-c04c-48cc-af49-43be13929b26 None None] Loading extension file: agent_resources_synced.py {{(pid=102321) _load_all_extensions_from_path /opt/stack/neutron/neutron/api/extensions.py:449}}
Sep 08 15:48:09.836863 np0000192203 devstack@neutron-api.service[102319]: DEBUG neutron_lib.callbacks.manager [None req-1748853a-5501-4bc0-a55a-e40e5086e82f None None] Subscribe: > security_group after_update 55550000, False {{(pid=102319) subscribe /opt/stack/data/venv/lib/python3.12/site-packages/neutron_lib/callbacks/manager.py:52}}
Sep 08 15:48:09.836863 np0000192203 devstack@neutron-api.service[102319]: DEBUG neutron_lib.callbacks.manager [None req-1748853a-5501-4bc0-a55a-e40e5086e82f None None] Subscribe: > security_group after_delete 55550000, False {{(pid=102319) subscribe /opt/stack/data/venv/lib/python3.12/site-packages/neutron_lib/callbacks/manager.py:52}}
Sep 08 15:48:09.836863 np0000192203 devstack@neutron-api.service[102319]: DEBUG neutron_lib.callbacks.manager [None req-1748853a-5501-4bc0-a55a-e40e5086e82f None None] Subscribe: > security_group_rule after_create 55550000, False {{(pid=102319) subscribe /opt/stack/data/venv/lib/python3.12/site-packages/neutron_lib/callbacks/manager.py:52}}
Sep 08 15:48:09.837238 np0000192203 devstack@neutron-api.service[102321]: DEBUG neutron.api.extensions [None req-0278e8d2-c04c-48cc-af49-43be13929b26 None None] Ext name="Agent's Resource View Synced to Placement" alias="agent-resources-synced" description="Stores success/failure of last sync to Placement" updated="2018-12-19T00:00:00-00:00" {{(pid=102321) _check_extension /opt/stack/neutron/neutron/api/extensions.py:415}}
Sep 08 15:48:09.837425 np0000192203 devstack@neutron-api.service[102319]: DEBUG neutron_lib.callbacks.manager [None req-1748853a-5501-4bc0-a55a-e40e5086e82f None None] Subscribe: > security_group_rule after_update 55550000, False {{(pid=102319) subscribe /opt/stack/data/venv/lib/python3.12/site-packages/neutron_lib/callbacks/manager.py:52}}
Sep 08 15:48:09.837425 np0000192203 devstack@neutron-api.service[102319]: DEBUG neutron_lib.callbacks.manager [None req-1748853a-5501-4bc0-a55a-e40e5086e82f None None] Subscribe: > security_group_rule after_delete 55550000, False {{(pid=102319) subscribe /opt/stack/data/venv/lib/python3.12/site-packages/neutron_lib/callbacks/manager.py:52}}
Sep 08 15:48:09.837559 np0000192203 devstack@neutron-api.service[102321]: INFO neutron.api.extensions [None req-0278e8d2-c04c-48cc-af49-43be13929b26 None None] Extension agent-resources-synced not supported by any of loaded plugins
Sep 08 15:48:09.837588 np0000192203 devstack@neutron-api.service[102319]: DEBUG neutron_lib.callbacks.manager [None req-1748853a-5501-4bc0-a55a-e40e5086e82f None None] Subscribe: > address_group after_create 55550000, False {{(pid=102319) subscribe /opt/stack/data/venv/lib/python3.12/site-packages/neutron_lib/callbacks/manager.py:52}}
Sep 08 15:48:09.837644 np0000192203 devstack@neutron-api.service[102321]: DEBUG neutron.api.extensions [None req-0278e8d2-c04c-48cc-af49-43be13929b26 None None] Loading extension file: agent_sort_key.py {{(pid=102321) _load_all_extensions_from_path /opt/stack/neutron/neutron/api/extensions.py:449}}
Sep 08 15:48:09.837709 np0000192203 devstack@neutron-api.service[102319]: DEBUG neutron_lib.callbacks.manager [None req-1748853a-5501-4bc0-a55a-e40e5086e82f None None] Subscribe: > address_group after_update 55550000, False {{(pid=102319) subscribe /opt/stack/data/venv/lib/python3.12/site-packages/neutron_lib/callbacks/manager.py:52}}
Sep 08 15:48:09.837709 np0000192203 devstack@neutron-api.service[102319]: DEBUG neutron_lib.callbacks.manager [None req-1748853a-5501-4bc0-a55a-e40e5086e82f None None] Subscribe: > address_group after_delete 55550000, False {{(pid=102319) subscribe /opt/stack/data/venv/lib/python3.12/site-packages/neutron_lib/callbacks/manager.py:52}}
Sep 08 15:48:09.837760 np0000192203 devstack@neutron-api.service[102321]: DEBUG neutron.api.extensions [None req-0278e8d2-c04c-48cc-af49-43be13929b26 None None] Ext name="Agents Sort Key" alias="agent_sort_key" description="Enabling the keyword sort_key for sorting in agents." updated="2013-02-03T10:00:00-00:00" {{(pid=102321) _check_extension /opt/stack/neutron/neutron/api/extensions.py:415}}
Sep 08 15:48:09.837847 np0000192203 devstack@neutron-api.service[102319]: DEBUG neutron.plugins.ml2.ovo_rpc [None req-1748853a-5501-4bc0-a55a-e40e5086e82f None None] ML2 OVO RPC backend initialized. {{(pid=102319) __init__ /opt/stack/neutron/neutron/plugins/ml2/ovo_rpc.py:117}}
Sep 08 15:48:09.837914 np0000192203 devstack@neutron-api.service[102321]: INFO neutron.api.extensions [None req-0278e8d2-c04c-48cc-af49-43be13929b26 None None] Extension agent_sort_key not supported by any of loaded plugins
Sep 08 15:48:09.837914 np0000192203 devstack@neutron-api.service[102321]: DEBUG neutron.api.extensions [None req-0278e8d2-c04c-48cc-af49-43be13929b26 None None] Loading extension file: allowedaddresspairs.py {{(pid=102321) _load_all_extensions_from_path /opt/stack/neutron/neutron/api/extensions.py:449}}
Sep 08 15:48:09.838160 np0000192203 devstack@neutron-api.service[102319]: INFO neutron.quota [None req-1748853a-5501-4bc0-a55a-e40e5086e82f None None] Loaded quota_driver: .
Sep 08 15:48:09.838217 np0000192203 devstack@neutron-api.service[102321]: DEBUG neutron.api.extensions [None req-0278e8d2-c04c-48cc-af49-43be13929b26 None None] Ext name="Allowed Address Pairs" alias="allowed-address-pairs" description="Provides allowed address pairs" updated="2013-07-23T10:00:00-00:00" {{(pid=102321) _check_extension /opt/stack/neutron/neutron/api/extensions.py:415}}
Sep 08 15:48:09.838434 np0000192203 devstack@neutron-api.service[102319]: INFO neutron.plugins.ml2.plugin [None req-1748853a-5501-4bc0-a55a-e40e5086e82f None None] Modular L2 Plugin initialization complete
Sep 08 15:48:09.838434 np0000192203 devstack@neutron-api.service[102319]: DEBUG neutron.manager [None req-1748853a-5501-4bc0-a55a-e40e5086e82f None None] Loading services supported by the core plugin {{(pid=102319) _load_services_from_core_plugin /opt/stack/neutron/neutron/manager.py:167}}
Sep 08 15:48:09.838665 np0000192203 devstack@neutron-api.service[102321]: INFO neutron.api.extensions [None req-0278e8d2-c04c-48cc-af49-43be13929b26 None None] Loaded extension: allowed-address-pairs
Sep 08 15:48:09.838853 np0000192203 devstack@neutron-api.service[102319]: INFO neutron.plugins.ml2.managers [None req-1748853a-5501-4bc0-a55a-e40e5086e82f None None] Got port-security extension from driver 'port_security'
Sep 08 15:48:09.839032 np0000192203 devstack@neutron-api.service[102321]: DEBUG neutron.api.extensions [None req-0278e8d2-c04c-48cc-af49-43be13929b26 None None] Loading extension file: auto_allocated_topology.py {{(pid=102321) _load_all_extensions_from_path /opt/stack/neutron/neutron/api/extensions.py:449}}
Sep 08 15:48:09.839107 np0000192203 devstack@neutron-api.service[102319]: DEBUG neutron.manager [None req-1748853a-5501-4bc0-a55a-e40e5086e82f None None] Loading service plugins: ['ovn-router', 'auto_allocate', 'tag', 'timestamp', 'network_ip_availability', 'flavors', 'revisions'] {{(pid=102319) _load_service_plugins /opt/stack/neutron/neutron/manager.py:192}}
Sep 08 15:48:09.839222 np0000192203 devstack@neutron-api.service[102321]: DEBUG neutron.api.extensions [None req-0278e8d2-c04c-48cc-af49-43be13929b26 None None] Ext name="Auto Allocated Topology Services" alias="auto-allocated-topology" description="Auto Allocated Topology Services." updated="2016-01-01T00:00:00-00:00" {{(pid=102321) _check_extension /opt/stack/neutron/neutron/api/extensions.py:415}}
Sep 08 15:48:09.839417 np0000192203 devstack@neutron-api.service[102319]: INFO neutron.manager [None req-1748853a-5501-4bc0-a55a-e40e5086e82f None None] Loading Plugin: ovn-router
Sep 08 15:48:09.839573 np0000192203 devstack@neutron-api.service[102321]: INFO neutron.api.extensions [None req-0278e8d2-c04c-48cc-af49-43be13929b26 None None] Loaded extension: auto-allocated-topology
Sep 08 15:48:09.839573 np0000192203 devstack@neutron-api.service[102321]: DEBUG neutron.api.extensions [None req-0278e8d2-c04c-48cc-af49-43be13929b26 None None] Loading extension file: availability_zone.py {{(pid=102321) _load_all_extensions_from_path /opt/stack/neutron/neutron/api/extensions.py:449}}
Sep 08 15:48:09.840440 np0000192203 devstack@neutron-api.service[102321]: DEBUG neutron.api.extensions [None req-0278e8d2-c04c-48cc-af49-43be13929b26 None None] Ext name="Availability Zone" alias="availability_zone" description="The availability zone extension." updated="2015-01-01T10:00:00-00:00" {{(pid=102321) _check_extension /opt/stack/neutron/neutron/api/extensions.py:415}}
Sep 08 15:48:09.840662 np0000192203 devstack@neutron-api.service[102321]: INFO neutron.api.extensions [None req-0278e8d2-c04c-48cc-af49-43be13929b26 None None] Loaded extension: availability_zone
Sep 08 15:48:09.840714 np0000192203 devstack@neutron-api.service[102321]: DEBUG neutron.api.extensions [None req-0278e8d2-c04c-48cc-af49-43be13929b26 None None] Loading extension file: availability_zone_filter.py {{(pid=102321) _load_all_extensions_from_path /opt/stack/neutron/neutron/api/extensions.py:449}}
Sep 08 15:48:09.841189 np0000192203 devstack@neutron-api.service[102321]: DEBUG neutron.api.extensions [None req-0278e8d2-c04c-48cc-af49-43be13929b26 None None] Ext name="Availability Zone Filter Extension" alias="availability_zone_filter" description="Add filter parameters to AvailabilityZone resource" updated="2018-06-22T10:00:00-00:00" {{(pid=102321) _check_extension /opt/stack/neutron/neutron/api/extensions.py:415}}
Sep 08 15:48:09.841189 np0000192203 devstack@neutron-api.service[102321]: INFO neutron.api.extensions [None req-0278e8d2-c04c-48cc-af49-43be13929b26 None None] Extension availability_zone_filter not supported by any of loaded plugins
Sep 08 15:48:09.841357 np0000192203 devstack@neutron-api.service[102321]: DEBUG neutron.api.extensions [None req-0278e8d2-c04c-48cc-af49-43be13929b26 None None] Loading extension file: data_plane_status.py {{(pid=102321) _load_all_extensions_from_path /opt/stack/neutron/neutron/api/extensions.py:449}}
Sep 08 15:48:09.841497 np0000192203 devstack@neutron-api.service[102321]: DEBUG neutron.api.extensions [None req-0278e8d2-c04c-48cc-af49-43be13929b26 None None] Ext name="Port data plane status extension" alias="data-plane-status" description="Expose status of underlying data plane" updated="2017-01-24T10:00:00-00:00" {{(pid=102321) _check_extension /opt/stack/neutron/neutron/api/extensions.py:415}}
Sep 08 15:48:09.841735 np0000192203 devstack@neutron-api.service[102321]: INFO neutron.api.extensions [None req-0278e8d2-c04c-48cc-af49-43be13929b26 None None] Extension data-plane-status not supported by any of loaded plugins
Sep 08 15:48:09.841735 np0000192203 devstack@neutron-api.service[102321]: DEBUG neutron.api.extensions [None req-0278e8d2-c04c-48cc-af49-43be13929b26 None None] Loading extension file: default_subnetpools.py {{(pid=102321) _load_all_extensions_from_path /opt/stack/neutron/neutron/api/extensions.py:449}}
Sep 08 15:48:09.842024 np0000192203 devstack@neutron-api.service[102318]: DEBUG neutron_lib.callbacks.manager [None req-8d20ae97-0b22-4573-8ceb-fe943139a9dd None None] Subscribe: > router before_delete 55550000, False {{(pid=102318) subscribe /opt/stack/data/venv/lib/python3.12/site-packages/neutron_lib/callbacks/manager.py:52}}
Sep 08 15:48:09.842212 np0000192203 devstack@neutron-api.service[102321]: DEBUG neutron.api.extensions [None req-0278e8d2-c04c-48cc-af49-43be13929b26 None None] Ext name="Default Subnetpools" alias="default-subnetpools" description="Provides ability to mark and use a subnetpool as the default." updated="2016-02-18T18:00:00-00:00" {{(pid=102321) _check_extension /opt/stack/neutron/neutron/api/extensions.py:415}}
Sep 08 15:48:09.842265 np0000192203 devstack@neutron-api.service[102318]: DEBUG neutron_lib.callbacks.manager [None req-8d20ae97-0b22-4573-8ceb-fe943139a9dd None None] Subscribe: port before_update 55550000, False {{(pid=102318) subscribe /opt/stack/data/venv/lib/python3.12/site-packages/neutron_lib/callbacks/manager.py:52}}
Sep 08 15:48:09.842265 np0000192203 devstack@neutron-api.service[102318]: DEBUG neutron_lib.callbacks.manager [None req-8d20ae97-0b22-4573-8ceb-fe943139a9dd None None] Subscribe: port after_update 55550000, False {{(pid=102318) subscribe /opt/stack/data/venv/lib/python3.12/site-packages/neutron_lib/callbacks/manager.py:52}}
Sep 08 15:48:09.842459 np0000192203 devstack@neutron-api.service[102321]: INFO neutron.api.extensions [None req-0278e8d2-c04c-48cc-af49-43be13929b26 None None] Loaded extension: default-subnetpools
Sep 08 15:48:09.842525 np0000192203 devstack@neutron-api.service[102318]: DEBUG neutron_lib.callbacks.manager [None req-8d20ae97-0b22-4573-8ceb-fe943139a9dd None None] Subscribe: > port precommit_delete 55550000, False {{(pid=102318) subscribe /opt/stack/data/venv/lib/python3.12/site-packages/neutron_lib/callbacks/manager.py:52}}
Sep 08 15:48:09.842582 np0000192203 devstack@neutron-api.service[102321]: DEBUG neutron.api.extensions [None req-0278e8d2-c04c-48cc-af49-43be13929b26 None None] Loading extension file: dhcpagentscheduler.py {{(pid=102321) _load_all_extensions_from_path /opt/stack/neutron/neutron/api/extensions.py:449}}
Sep 08 15:48:09.842638 np0000192203 devstack@neutron-api.service[102318]: DEBUG neutron_lib.callbacks.manager [None req-8d20ae97-0b22-4573-8ceb-fe943139a9dd None None] Subscribe: port before_update 55550000, False {{(pid=102318) subscribe /opt/stack/data/venv/lib/python3.12/site-packages/neutron_lib/callbacks/manager.py:52}}
Sep 08 15:48:09.842638 np0000192203 devstack@neutron-api.service[102318]: DEBUG neutron_lib.callbacks.manager [None req-8d20ae97-0b22-4573-8ceb-fe943139a9dd None None] Subscribe: port before_delete 55550000, False {{(pid=102318) subscribe /opt/stack/data/venv/lib/python3.12/site-packages/neutron_lib/callbacks/manager.py:52}}
Sep 08 15:48:09.842638 np0000192203 devstack@neutron-api.service[102318]: DEBUG neutron_lib.callbacks.manager [None req-8d20ae97-0b22-4573-8ceb-fe943139a9dd None None] Subscribe: > router precommit_create 55550000, False {{(pid=102318) subscribe /opt/stack/data/venv/lib/python3.12/site-packages/neutron_lib/callbacks/manager.py:52}}
Sep 08 15:48:09.842721 np0000192203 devstack@neutron-api.service[102318]: DEBUG neutron_lib.callbacks.manager [None req-8d20ae97-0b22-4573-8ceb-fe943139a9dd None None] Subscribe: > router precommit_create 55550000, False {{(pid=102318) subscribe /opt/stack/data/venv/lib/python3.12/site-packages/neutron_lib/callbacks/manager.py:52}}
Sep 08 15:48:09.842784 np0000192203 devstack@neutron-api.service[102318]: DEBUG neutron_lib.callbacks.manager [None req-8d20ae97-0b22-4573-8ceb-fe943139a9dd None None] Subscribe: > router precommit_update 55550000, False {{(pid=102318) subscribe /opt/stack/data/venv/lib/python3.12/site-packages/neutron_lib/callbacks/manager.py:52}}
Sep 08 15:48:09.842855 np0000192203 devstack@neutron-api.service[102321]: DEBUG neutron.api.extensions [None req-0278e8d2-c04c-48cc-af49-43be13929b26 None None] Ext name="DHCP Agent Scheduler" alias="dhcp_agent_scheduler" description="Schedule networks among dhcp agents" updated="2013-02-07T10:00:00-00:00" {{(pid=102321) _check_extension /opt/stack/neutron/neutron/api/extensions.py:415}}
Sep 08 15:48:09.842884 np0000192203 devstack@neutron-api.service[102318]: DEBUG neutron_lib.callbacks.manager [None req-8d20ae97-0b22-4573-8ceb-fe943139a9dd None None] Subscribe: subnet after_update 55550000, False {{(pid=102318) subscribe /opt/stack/data/venv/lib/python3.12/site-packages/neutron_lib/callbacks/manager.py:52}}
Sep 08 15:48:09.843041 np0000192203 devstack@neutron-api.service[102321]: INFO neutron.api.extensions [None req-0278e8d2-c04c-48cc-af49-43be13929b26 None None] Loaded extension: dhcp_agent_scheduler
Sep 08 15:48:09.843078 np0000192203 devstack@neutron-api.service[102318]: DEBUG neutron.quota.resource_registry [None req-8d20ae97-0b22-4573-8ceb-fe943139a9dd None None] Tracking information for resource: router configured {{(pid=102318) set_tracked_resource /opt/stack/neutron/neutron/quota/resource_registry.py:203}}
Sep 08 15:48:09.843278 np0000192203 devstack@neutron-api.service[102321]: DEBUG neutron.api.extensions [None req-0278e8d2-c04c-48cc-af49-43be13929b26 None None] Loading extension file: dns.py {{(pid=102321) _load_all_extensions_from_path /opt/stack/neutron/neutron/api/extensions.py:449}}
Sep 08 15:48:09.843366 np0000192203 devstack@neutron-api.service[102318]: DEBUG neutron.quota.resource_registry [None req-8d20ae97-0b22-4573-8ceb-fe943139a9dd None None] Tracking information for resource: floatingip configured {{(pid=102318) set_tracked_resource /opt/stack/neutron/neutron/quota/resource_registry.py:203}}
Sep 08 15:48:09.843366 np0000192203 devstack@neutron-api.service[102318]: INFO neutron.services.ovn_l3.plugin [None req-8d20ae97-0b22-4573-8ceb-fe943139a9dd None None] Starting OVNL3RouterPlugin
Sep 08 15:48:09.843652 np0000192203 devstack@neutron-api.service[102321]: DEBUG neutron.api.extensions [None req-0278e8d2-c04c-48cc-af49-43be13929b26 None None] Ext name="DNS Integration" alias="dns-integration" description="Provides integration with DNS." updated="2015-08-15T18:00:00-00:00" {{(pid=102321) _check_extension /opt/stack/neutron/neutron/api/extensions.py:415}}
Sep 08 15:48:09.843860 np0000192203 devstack@neutron-api.service[102318]: DEBUG neutron_lib.callbacks.manager [None req-8d20ae97-0b22-4573-8ceb-fe943139a9dd None None] Subscribe: > port_forwarding_plugin after_init 55550000, False {{(pid=102318) subscribe /opt/stack/data/venv/lib/python3.12/site-packages/neutron_lib/callbacks/manager.py:52}}
Sep 08 15:48:09.844146 np0000192203 devstack@neutron-api.service[102321]: INFO neutron.api.extensions [None req-0278e8d2-c04c-48cc-af49-43be13929b26 None None] Loaded extension: dns-integration
Sep 08 15:48:09.844374 np0000192203 devstack@neutron-api.service[102318]: DEBUG neutron_lib.callbacks.manager [None req-8d20ae97-0b22-4573-8ceb-fe943139a9dd None None] Subscribe: > router before_create 55550100, False {{(pid=102318) subscribe /opt/stack/data/venv/lib/python3.12/site-packages/neutron_lib/callbacks/manager.py:52}}
Sep 08 15:48:09.844600 np0000192203 devstack@neutron-api.service[102321]: DEBUG neutron.api.extensions [None req-0278e8d2-c04c-48cc-af49-43be13929b26 None None] Loading extension file: dns_domain_ports.py {{(pid=102321) _load_all_extensions_from_path /opt/stack/neutron/neutron/api/extensions.py:449}}
Sep 08 15:48:09.844660 np0000192203 devstack@neutron-api.service[102318]: DEBUG neutron_lib.callbacks.manager [None req-8d20ae97-0b22-4573-8ceb-fe943139a9dd None None] Subscribe: > router precommit_delete 55550100, False {{(pid=102318) subscribe /opt/stack/data/venv/lib/python3.12/site-packages/neutron_lib/callbacks/manager.py:52}}
Sep 08 15:48:09.844660 np0000192203 devstack@neutron-api.service[102318]: DEBUG neutron_lib.callbacks.manager [None req-8d20ae97-0b22-4573-8ceb-fe943139a9dd None None] Subscribe: > router precommit_create 55550100, False {{(pid=102318) subscribe /opt/stack/data/venv/lib/python3.12/site-packages/neutron_lib/callbacks/manager.py:52}}
Sep 08 15:48:09.844729 np0000192203 devstack@neutron-api.service[102321]: DEBUG neutron.api.extensions [None req-0278e8d2-c04c-48cc-af49-43be13929b26 None None] Ext name="dns_domain for ports" alias="dns-domain-ports" description="Allows the DNS domain to be specified for a network port." updated="2017-04-24T10:00:00-00:00" {{(pid=102321) _check_extension /opt/stack/neutron/neutron/api/extensions.py:415}}
Sep 08 15:48:09.844759 np0000192203 devstack@neutron-api.service[102318]: DEBUG neutron_lib.callbacks.manager [None req-8d20ae97-0b22-4573-8ceb-fe943139a9dd None None] Subscribe: > router precommit_update 55550100, False {{(pid=102318) subscribe /opt/stack/data/venv/lib/python3.12/site-packages/neutron_lib/callbacks/manager.py:52}}
Sep 08 15:48:09.844788 np0000192203 devstack@neutron-api.service[102321]: INFO neutron.api.extensions [None req-0278e8d2-c04c-48cc-af49-43be13929b26 None None] Loaded extension: dns-domain-ports
Sep 08 15:48:09.844788 np0000192203 devstack@neutron-api.service[102321]: DEBUG neutron.api.extensions [None req-0278e8d2-c04c-48cc-af49-43be13929b26 None None] Loading extension file: dns_integration_domain_keywords.py {{(pid=102321) _load_all_extensions_from_path /opt/stack/neutron/neutron/api/extensions.py:449}}
Sep 08 15:48:09.844788 np0000192203 devstack@neutron-api.service[102321]: DEBUG neutron.api.extensions [None req-0278e8d2-c04c-48cc-af49-43be13929b26 None None] Ext name="DNS domain names with keywords allowed" alias="dns-integration-domain-keywords" description="Allows to use keywords like , , and as DNS domain name" updated="2020-06-15T18:00:00-00:00" {{(pid=102321) _check_extension /opt/stack/neutron/neutron/api/extensions.py:415}}
Sep 08 15:48:09.844788 np0000192203 devstack@neutron-api.service[102321]: INFO neutron.api.extensions [None req-0278e8d2-c04c-48cc-af49-43be13929b26 None None] Loaded extension: dns-integration-domain-keywords
Sep 08 15:48:09.844788 np0000192203 devstack@neutron-api.service[102321]: DEBUG neutron.api.extensions [None req-0278e8d2-c04c-48cc-af49-43be13929b26 None None] Loading extension file: dvr.py {{(pid=102321) _load_all_extensions_from_path /opt/stack/neutron/neutron/api/extensions.py:449}}
Sep 08 15:48:09.845007 np0000192203 devstack@neutron-api.service[102321]: DEBUG neutron.api.extensions [None req-0278e8d2-c04c-48cc-af49-43be13929b26 None None] Ext name="Distributed Virtual Router" alias="dvr" description="Enables configuration of Distributed Virtual Routers." updated="2014-06-1T10:00:00-00:00" {{(pid=102321) _check_extension /opt/stack/neutron/neutron/api/extensions.py:415}}
Sep 08 15:48:09.845225 np0000192203 devstack@neutron-api.service[102321]: INFO neutron.api.extensions [None req-0278e8d2-c04c-48cc-af49-43be13929b26 None None] Extension dvr not supported by any of loaded plugins
Sep 08 15:48:09.845338 np0000192203 devstack@neutron-api.service[102321]: DEBUG neutron.api.extensions [None req-0278e8d2-c04c-48cc-af49-43be13929b26 None None] Loading extension file: ecmp_routes.py {{(pid=102321) _load_all_extensions_from_path /opt/stack/neutron/neutron/api/extensions.py:449}}
Sep 08 15:48:09.845668 np0000192203 devstack@neutron-api.service[102321]: DEBUG neutron.api.extensions [None req-0278e8d2-c04c-48cc-af49-43be13929b26 None None] Ext name="Equal Cost Multipath Routing" alias="ecmp_routes" description="Allows traffic to reach thesame destination via multiple different links " updated="2020-11-26T18:00:00-00:00" {{(pid=102321) _check_extension /opt/stack/neutron/neutron/api/extensions.py:415}}
Sep 08 15:48:09.845874 np0000192203 devstack@neutron-api.service[102321]: INFO neutron.api.extensions [None req-0278e8d2-c04c-48cc-af49-43be13929b26 None None] Extension ecmp_routes not supported by any of loaded plugins
Sep 08 15:48:09.845994 np0000192203 devstack@neutron-api.service[102321]: DEBUG neutron.api.extensions [None req-0278e8d2-c04c-48cc-af49-43be13929b26 None None] Loading extension file: empty_string_filtering.py {{(pid=102321) _load_all_extensions_from_path /opt/stack/neutron/neutron/api/extensions.py:449}}
Sep 08 15:48:09.846276 np0000192203 devstack@neutron-api.service[102321]: DEBUG neutron.api.extensions [None req-0278e8d2-c04c-48cc-af49-43be13929b26 None None] Ext name="Empty String Filtering Extension" alias="empty-string-filtering" description="Allow filtering by attributes with empty string value" updated="2018-05-01T10:00:00-00:00" {{(pid=102321) _check_extension /opt/stack/neutron/neutron/api/extensions.py:415}}
Sep 08 15:48:09.846488 np0000192203 devstack@neutron-api.service[102321]: INFO neutron.api.extensions [None req-0278e8d2-c04c-48cc-af49-43be13929b26 None None] Loaded extension: empty-string-filtering
Sep 08 15:48:09.846600 np0000192203 devstack@neutron-api.service[102321]: DEBUG neutron.api.extensions [None req-0278e8d2-c04c-48cc-af49-43be13929b26 None None] Loading extension file: evpn.py {{(pid=102321) _load_all_extensions_from_path /opt/stack/neutron/neutron/api/extensions.py:449}}
Sep 08 15:48:09.846869 np0000192203 devstack@neutron-api.service[102321]: DEBUG neutron.api.extensions [None req-0278e8d2-c04c-48cc-af49-43be13929b26 None None] Ext name="EVPN" alias="evpn" description="Router extension to support EVPN Type-5 route advertisement" updated="2026-04-28T00:00:00-00:00" {{(pid=102321) _check_extension /opt/stack/neutron/neutron/api/extensions.py:415}}
Sep 08 15:48:09.847034 np0000192203 devstack@neutron-api.service[102321]: INFO neutron.api.extensions [None req-0278e8d2-c04c-48cc-af49-43be13929b26 None None] Extension evpn not supported by any of loaded plugins
Sep 08 15:48:09.847120 np0000192203 devstack@neutron-api.service[102321]: DEBUG neutron.api.extensions [None req-0278e8d2-c04c-48cc-af49-43be13929b26 None None] Loading extension file: expose_l3_conntrack_helper.py {{(pid=102321) _load_all_extensions_from_path /opt/stack/neutron/neutron/api/extensions.py:449}}
Sep 08 15:48:09.847363 np0000192203 devstack@neutron-api.service[102321]: DEBUG neutron.api.extensions [None req-0278e8d2-c04c-48cc-af49-43be13929b26 None None] Ext name="Expose CT target rules for conntrack helper" alias="expose-l3-conntrack-helper" description="Expose allow adding CT target rules for conntrack helper" updated="2019-04-04T10:00:00-00:00" {{(pid=102321) _check_extension /opt/stack/neutron/neutron/api/extensions.py:415}}
Sep 08 15:48:09.847421 np0000192203 devstack@neutron-api.service[102318]: DEBUG neutron.services.provider_configuration [None req-8d20ae97-0b22-4573-8ceb-fe943139a9dd None None] Service providers = [] {{(pid=102318) parse_service_provider_opt /opt/stack/neutron/neutron/services/provider_configuration.py:170}}
Sep 08 15:48:09.847530 np0000192203 devstack@neutron-api.service[102321]: INFO neutron.api.extensions [None req-0278e8d2-c04c-48cc-af49-43be13929b26 None None] Extension expose-l3-conntrack-helper not supported by any of loaded plugins
Sep 08 15:48:09.847573 np0000192203 devstack@neutron-api.service[102318]: DEBUG neutron.db.servicetype_db [None req-8d20ae97-0b22-4573-8ceb-fe943139a9dd None None] Adding provider configuration for service L3_ROUTER_NAT {{(pid=102318) add_provider_configuration /opt/stack/neutron/neutron/db/servicetype_db.py:45}}
Sep 08 15:48:09.847648 np0000192203 devstack@neutron-api.service[102321]: DEBUG neutron.api.extensions [None req-0278e8d2-c04c-48cc-af49-43be13929b26 None None] Loading extension file: expose_port_forwarding_in_fip.py {{(pid=102321) _load_all_extensions_from_path /opt/stack/neutron/neutron/api/extensions.py:449}}
Sep 08 15:48:09.847896 np0000192203 devstack@neutron-api.service[102321]: DEBUG neutron.api.extensions [None req-0278e8d2-c04c-48cc-af49-43be13929b26 None None] Ext name="Expose Floating IP port forwardings" alias="expose-port-forwarding-in-fip" description="Expose port forwarding fields in floating IP response" updated="2018-06-28T16:00:00-00:00" {{(pid=102321) _check_extension /opt/stack/neutron/neutron/api/extensions.py:415}}
Sep 08 15:48:09.848059 np0000192203 devstack@neutron-api.service[102321]: INFO neutron.api.extensions [None req-0278e8d2-c04c-48cc-af49-43be13929b26 None None] Extension expose-port-forwarding-in-fip not supported by any of loaded plugins
Sep 08 15:48:09.848167 np0000192203 devstack@neutron-api.service[102321]: DEBUG neutron.api.extensions [None req-0278e8d2-c04c-48cc-af49-43be13929b26 None None] Loading extension file: external_net.py {{(pid=102321) _load_all_extensions_from_path /opt/stack/neutron/neutron/api/extensions.py:449}}
Sep 08 15:48:09.848389 np0000192203 devstack@neutron-api.service[102321]: DEBUG neutron.api.extensions [None req-0278e8d2-c04c-48cc-af49-43be13929b26 None None] Ext name="Neutron external network" alias="external-net" description="Adds external network attribute to network resource." updated="2013-01-14T10:00:00-00:00" {{(pid=102321) _check_extension /opt/stack/neutron/neutron/api/extensions.py:415}}
Sep 08 15:48:09.848564 np0000192203 devstack@neutron-api.service[102321]: INFO neutron.api.extensions [None req-0278e8d2-c04c-48cc-af49-43be13929b26 None None] Loaded extension: external-net
Sep 08 15:48:09.848643 np0000192203 devstack@neutron-api.service[102321]: DEBUG neutron.api.extensions [None req-0278e8d2-c04c-48cc-af49-43be13929b26 None None] Loading extension file: extra_dhcp_opt.py {{(pid=102321) _load_all_extensions_from_path /opt/stack/neutron/neutron/api/extensions.py:449}}
Sep 08 15:48:09.848684 np0000192203 devstack@neutron-api.service[102318]: DEBUG neutron_lib.callbacks.manager [None req-8d20ae97-0b22-4573-8ceb-fe943139a9dd None None] Subscribe: > router precommit_create 55549900, False {{(pid=102318) subscribe /opt/stack/data/venv/lib/python3.12/site-packages/neutron_lib/callbacks/manager.py:52}}
Sep 08 15:48:09.848802 np0000192203 devstack@neutron-api.service[102318]: DEBUG neutron_lib.callbacks.manager [None req-8d20ae97-0b22-4573-8ceb-fe943139a9dd None None] Subscribe: > router_interface after_create 55550000, False {{(pid=102318) subscribe /opt/stack/data/venv/lib/python3.12/site-packages/neutron_lib/callbacks/manager.py:52}}
Sep 08 15:48:09.848905 np0000192203 devstack@neutron-api.service[102321]: DEBUG neutron.api.extensions [None req-0278e8d2-c04c-48cc-af49-43be13929b26 None None] Ext name="Neutron Extra DHCP options" alias="extra_dhcp_opt" description="Extra options configuration for DHCP. For example PXE boot options to DHCP clients can be specified (e.g. tftp-server, server-ip-address, bootfile-name)" updated="2013-03-17T12:00:00-00:00" {{(pid=102321) _check_extension /opt/stack/neutron/neutron/api/extensions.py:415}}
Sep 08 15:48:09.848957 np0000192203 devstack@neutron-api.service[102318]: DEBUG neutron_lib.callbacks.manager [None req-8d20ae97-0b22-4573-8ceb-fe943139a9dd None None] Subscribe: > floatingip after_create 55550000, False {{(pid=102318) subscribe /opt/stack/data/venv/lib/python3.12/site-packages/neutron_lib/callbacks/manager.py:52}}
Sep 08 15:48:09.849020 np0000192203 devstack@neutron-api.service[102318]: DEBUG neutron_lib.callbacks.manager [None req-8d20ae97-0b22-4573-8ceb-fe943139a9dd None None] Subscribe: > floatingip precommit_create 55550000, False {{(pid=102318) subscribe /opt/stack/data/venv/lib/python3.12/site-packages/neutron_lib/callbacks/manager.py:52}}
Sep 08 15:48:09.849066 np0000192203 devstack@neutron-api.service[102321]: INFO neutron.api.extensions [None req-0278e8d2-c04c-48cc-af49-43be13929b26 None None] Loaded extension: extra_dhcp_opt
Sep 08 15:48:09.849118 np0000192203 devstack@neutron-api.service[102318]: DEBUG neutron_lib.callbacks.manager [None req-8d20ae97-0b22-4573-8ceb-fe943139a9dd None None] Subscribe: > floatingip precommit_update 55550000, False {{(pid=102318) subscribe /opt/stack/data/venv/lib/python3.12/site-packages/neutron_lib/callbacks/manager.py:52}}
Sep 08 15:48:09.849173 np0000192203 devstack@neutron-api.service[102321]: DEBUG neutron.api.extensions [None req-0278e8d2-c04c-48cc-af49-43be13929b26 None None] Loading extension file: extraroute.py {{(pid=102321) _load_all_extensions_from_path /opt/stack/neutron/neutron/api/extensions.py:449}}
Sep 08 15:48:09.849227 np0000192203 devstack@neutron-api.service[102318]: DEBUG neutron_lib.callbacks.manager [None req-8d20ae97-0b22-4573-8ceb-fe943139a9dd None None] Subscribe: > floatingip after_delete 55550000, False {{(pid=102318) subscribe /opt/stack/data/venv/lib/python3.12/site-packages/neutron_lib/callbacks/manager.py:52}}
Sep 08 15:48:09.849321 np0000192203 devstack@neutron-api.service[102318]: DEBUG neutron_lib.callbacks.manager [None req-8d20ae97-0b22-4573-8ceb-fe943139a9dd None None] Subscribe: > floatingip after_status_update 55550000, False {{(pid=102318) subscribe /opt/stack/data/venv/lib/python3.12/site-packages/neutron_lib/callbacks/manager.py:52}}
Sep 08 15:48:09.849402 np0000192203 devstack@neutron-api.service[102321]: DEBUG neutron.api.extensions [None req-0278e8d2-c04c-48cc-af49-43be13929b26 None None] Ext name="Neutron Extra Route" alias="extraroute" description="Extra routes configuration for L3 router" updated="2013-02-01T10:00:00-00:00" {{(pid=102321) _check_extension /opt/stack/neutron/neutron/api/extensions.py:415}}
Sep 08 15:48:09.849437 np0000192203 devstack@neutron-api.service[102318]: DEBUG neutron_lib.callbacks.manager [None req-8d20ae97-0b22-4573-8ceb-fe943139a9dd None None] Subscribe: > floatingip after_update 55550000, False {{(pid=102318) subscribe /opt/stack/data/venv/lib/python3.12/site-packages/neutron_lib/callbacks/manager.py:52}}
Sep 08 15:48:09.849523 np0000192203 devstack@neutron-api.service[102318]: DEBUG neutron_lib.callbacks.manager [None req-8d20ae97-0b22-4573-8ceb-fe943139a9dd None None] Subscribe: > port_forwarding after_create 55550000, False {{(pid=102318) subscribe /opt/stack/data/venv/lib/python3.12/site-packages/neutron_lib/callbacks/manager.py:52}}
Sep 08 15:48:09.849587 np0000192203 devstack@neutron-api.service[102321]: INFO neutron.api.extensions [None req-0278e8d2-c04c-48cc-af49-43be13929b26 None None] Loaded extension: extraroute
Sep 08 15:48:09.849620 np0000192203 devstack@neutron-api.service[102318]: DEBUG neutron_lib.callbacks.manager [None req-8d20ae97-0b22-4573-8ceb-fe943139a9dd None None] Subscribe: > router_interface after_delete 55550000, False {{(pid=102318) subscribe /opt/stack/data/venv/lib/python3.12/site-packages/neutron_lib/callbacks/manager.py:52}}
Sep 08 15:48:09.849654 np0000192203 devstack@neutron-api.service[102321]: DEBUG neutron.api.extensions [None req-0278e8d2-c04c-48cc-af49-43be13929b26 None None] Loading extension file: extraroute_atomic.py {{(pid=102321) _load_all_extensions_from_path /opt/stack/neutron/neutron/api/extensions.py:449}}
Sep 08 15:48:09.849721 np0000192203 devstack@neutron-api.service[102318]: DEBUG neutron_lib.callbacks.manager [None req-8d20ae97-0b22-4573-8ceb-fe943139a9dd None None] Subscribe: > router after_create 55550000, False {{(pid=102318) subscribe /opt/stack/data/venv/lib/python3.12/site-packages/neutron_lib/callbacks/manager.py:52}}
Sep 08 15:48:09.849829 np0000192203 devstack@neutron-api.service[102318]: DEBUG neutron_lib.callbacks.manager [None req-8d20ae97-0b22-4573-8ceb-fe943139a9dd None None] Subscribe: > router precommit_create 55550000, False {{(pid=102318) subscribe /opt/stack/data/venv/lib/python3.12/site-packages/neutron_lib/callbacks/manager.py:52}}
Sep 08 15:48:09.849931 np0000192203 devstack@neutron-api.service[102318]: DEBUG neutron_lib.callbacks.manager [None req-8d20ae97-0b22-4573-8ceb-fe943139a9dd None None] Subscribe: > router after_delete 55550000, False {{(pid=102318) subscribe /opt/stack/data/venv/lib/python3.12/site-packages/neutron_lib/callbacks/manager.py:52}}
Sep 08 15:48:09.850001 np0000192203 devstack@neutron-api.service[102321]: DEBUG neutron.api.extensions [None req-0278e8d2-c04c-48cc-af49-43be13929b26 None None] Ext name="Atomically add/remove extra routes" alias="extraroute-atomic" description="Edit extra routes of a router on server side by atomically adding/removing extra routes" updated="2019-07-10T00:00:00+00:00" {{(pid=102321) _check_extension /opt/stack/neutron/neutron/api/extensions.py:415}}
Sep 08 15:48:09.850035 np0000192203 devstack@neutron-api.service[102318]: DEBUG neutron_lib.callbacks.manager [None req-8d20ae97-0b22-4573-8ceb-fe943139a9dd None None] Subscribe: > router after_update 55550000, False {{(pid=102318) subscribe /opt/stack/data/venv/lib/python3.12/site-packages/neutron_lib/callbacks/manager.py:52}}
Sep 08 15:48:09.850108 np0000192203 devstack@neutron-api.service[102321]: INFO neutron.api.extensions [None req-0278e8d2-c04c-48cc-af49-43be13929b26 None None] Loaded extension: extraroute-atomic
Sep 08 15:48:09.850164 np0000192203 devstack@neutron-api.service[102318]: DEBUG neutron.services.service_base [None req-8d20ae97-0b22-4573-8ceb-fe943139a9dd None None] Loaded 'neutron.services.ovn_l3.service_providers.ovn.OvnDriver' provider for service L3_ROUTER_NAT {{(pid=102318) load_drivers /opt/stack/neutron/neutron/services/service_base.py:49}}
Sep 08 15:48:09.850217 np0000192203 devstack@neutron-api.service[102321]: DEBUG neutron.api.extensions [None req-0278e8d2-c04c-48cc-af49-43be13929b26 None None] Loading extension file: filter_validation.py {{(pid=102321) _load_all_extensions_from_path /opt/stack/neutron/neutron/api/extensions.py:449}}
Sep 08 15:48:09.850269 np0000192203 devstack@neutron-api.service[102318]: DEBUG neutron_lib.callbacks.manager [None req-8d20ae97-0b22-4573-8ceb-fe943139a9dd None None] Subscribe: > process after_init 55550001, True {{(pid=102318) subscribe /opt/stack/data/venv/lib/python3.12/site-packages/neutron_lib/callbacks/manager.py:52}}
Sep 08 15:48:09.850376 np0000192203 devstack@neutron-api.service[102318]: DEBUG neutron.manager [None req-8d20ae97-0b22-4573-8ceb-fe943139a9dd None None] Successfully loaded L3_ROUTER_NAT plugin. Description: L3 Router Service Plugin for basic L3 forwarding using OVN {{(pid=102318) _create_and_add_service_plugin /opt/stack/neutron/neutron/manager.py:236}}
Sep 08 15:48:09.850464 np0000192203 devstack@neutron-api.service[102321]: DEBUG neutron.api.extensions [None req-0278e8d2-c04c-48cc-af49-43be13929b26 None None] Ext name="Filter parameters validation" alias="filter-validation" description="Provides validation on filter parameters." updated="2018-07-04T10:00:00-00:00" {{(pid=102321) _check_extension /opt/stack/neutron/neutron/api/extensions.py:415}}
Sep 08 15:48:09.850499 np0000192203 devstack@neutron-api.service[102318]: INFO neutron.manager [None req-8d20ae97-0b22-4573-8ceb-fe943139a9dd None None] Loading Plugin: auto_allocate
Sep 08 15:48:09.850533 np0000192203 devstack@neutron-api.service[102319]: DEBUG neutron_lib.callbacks.manager [None req-1748853a-5501-4bc0-a55a-e40e5086e82f None None] Subscribe: > router before_delete 55550000, False {{(pid=102319) subscribe /opt/stack/data/venv/lib/python3.12/site-packages/neutron_lib/callbacks/manager.py:52}}
Sep 08 15:48:09.850631 np0000192203 devstack@neutron-api.service[102321]: INFO neutron.api.extensions [None req-0278e8d2-c04c-48cc-af49-43be13929b26 None None] Loaded extension: filter-validation
Sep 08 15:48:09.850679 np0000192203 devstack@neutron-api.service[102319]: DEBUG neutron_lib.callbacks.manager [None req-1748853a-5501-4bc0-a55a-e40e5086e82f None None] Subscribe: port before_update 55550000, False {{(pid=102319) subscribe /opt/stack/data/venv/lib/python3.12/site-packages/neutron_lib/callbacks/manager.py:52}}
Sep 08 15:48:09.850710 np0000192203 devstack@neutron-api.service[102321]: DEBUG neutron.api.extensions [None req-0278e8d2-c04c-48cc-af49-43be13929b26 None None] Loading extension file: fip_pf_description.py {{(pid=102321) _load_all_extensions_from_path /opt/stack/neutron/neutron/api/extensions.py:449}}
Sep 08 15:48:09.850784 np0000192203 devstack@neutron-api.service[102319]: DEBUG neutron_lib.callbacks.manager [None req-1748853a-5501-4bc0-a55a-e40e5086e82f None None] Subscribe: port after_update 55550000, False {{(pid=102319) subscribe /opt/stack/data/venv/lib/python3.12/site-packages/neutron_lib/callbacks/manager.py:52}}
Sep 08 15:48:09.850957 np0000192203 devstack@neutron-api.service[102319]: DEBUG neutron_lib.callbacks.manager [None req-1748853a-5501-4bc0-a55a-e40e5086e82f None None] Subscribe: > port precommit_delete 55550000, False {{(pid=102319) subscribe /opt/stack/data/venv/lib/python3.12/site-packages/neutron_lib/callbacks/manager.py:52}}
Sep 08 15:48:09.851027 np0000192203 devstack@neutron-api.service[102321]: DEBUG neutron.api.extensions [None req-0278e8d2-c04c-48cc-af49-43be13929b26 None None] Ext name="Floating IP Port Forwarding new attribute description" alias="floating-ip-port-forwarding-description" description="Add a description field to Port Forwarding rules" updated="2019-11-01T10:00:00-00:00" {{(pid=102321) _check_extension /opt/stack/neutron/neutron/api/extensions.py:415}}
Sep 08 15:48:09.851101 np0000192203 devstack@neutron-api.service[102319]: DEBUG neutron_lib.callbacks.manager [None req-1748853a-5501-4bc0-a55a-e40e5086e82f None None] Subscribe: port before_update 55550000, False {{(pid=102319) subscribe /opt/stack/data/venv/lib/python3.12/site-packages/neutron_lib/callbacks/manager.py:52}}
Sep 08 15:48:09.851158 np0000192203 devstack@neutron-api.service[102321]: INFO neutron.api.extensions [None req-0278e8d2-c04c-48cc-af49-43be13929b26 None None] Extension floating-ip-port-forwarding-description not supported by any of loaded plugins
Sep 08 15:48:09.851212 np0000192203 devstack@neutron-api.service[102319]: DEBUG neutron_lib.callbacks.manager [None req-1748853a-5501-4bc0-a55a-e40e5086e82f None None] Subscribe: port before_delete 55550000, False {{(pid=102319) subscribe /opt/stack/data/venv/lib/python3.12/site-packages/neutron_lib/callbacks/manager.py:52}}
Sep 08 15:48:09.851257 np0000192203 devstack@neutron-api.service[102321]: DEBUG neutron.api.extensions [None req-0278e8d2-c04c-48cc-af49-43be13929b26 None None] Loading extension file: fip_pf_detail.py {{(pid=102321) _load_all_extensions_from_path /opt/stack/neutron/neutron/api/extensions.py:449}}
Sep 08 15:48:09.851315 np0000192203 devstack@neutron-api.service[102319]: DEBUG neutron_lib.callbacks.manager [None req-1748853a-5501-4bc0-a55a-e40e5086e82f None None] Subscribe: > router precommit_create 55550000, False {{(pid=102319) subscribe /opt/stack/data/venv/lib/python3.12/site-packages/neutron_lib/callbacks/manager.py:52}}
Sep 08 15:48:09.851366 np0000192203 devstack@neutron-api.service[102318]: DEBUG neutron_lib.callbacks.manager [None req-8d20ae97-0b22-4573-8ceb-fe943139a9dd None None] Subscribe: network precommit_update 55550000, False {{(pid=102318) subscribe /opt/stack/data/venv/lib/python3.12/site-packages/neutron_lib/callbacks/manager.py:52}}
Sep 08 15:48:09.851425 np0000192203 devstack@neutron-api.service[102319]: DEBUG neutron_lib.callbacks.manager [None req-1748853a-5501-4bc0-a55a-e40e5086e82f None None] Subscribe: > router precommit_create 55550000, False {{(pid=102319) subscribe /opt/stack/data/venv/lib/python3.12/site-packages/neutron_lib/callbacks/manager.py:52}}
Sep 08 15:48:09.851460 np0000192203 devstack@neutron-api.service[102318]: DEBUG neutron_lib.callbacks.manager [None req-8d20ae97-0b22-4573-8ceb-fe943139a9dd None None] Subscribe: network precommit_create 55550000, False {{(pid=102318) subscribe /opt/stack/data/venv/lib/python3.12/site-packages/neutron_lib/callbacks/manager.py:52}}
Sep 08 15:48:09.851511 np0000192203 devstack@neutron-api.service[102321]: DEBUG neutron.api.extensions [None req-0278e8d2-c04c-48cc-af49-43be13929b26 None None] Ext name="Floating IP port forwarding detail" alias="floating-ip-port-forwarding-detail" description="Allow list floating ip return more port forwarding data, include'id' and 'internal_port_id'" updated="2022-05-06T10:00:00-00:00" {{(pid=102321) _check_extension /opt/stack/neutron/neutron/api/extensions.py:415}}
Sep 08 15:48:09.851573 np0000192203 devstack@neutron-api.service[102319]: DEBUG neutron_lib.callbacks.manager [None req-1748853a-5501-4bc0-a55a-e40e5086e82f None None] Subscribe: > router precommit_update 55550000, False {{(pid=102319) subscribe /opt/stack/data/venv/lib/python3.12/site-packages/neutron_lib/callbacks/manager.py:52}}
Sep 08 15:48:09.851654 np0000192203 devstack@neutron-api.service[102319]: DEBUG neutron_lib.callbacks.manager [None req-1748853a-5501-4bc0-a55a-e40e5086e82f None None] Subscribe: subnet after_update 55550000, False {{(pid=102319) subscribe /opt/stack/data/venv/lib/python3.12/site-packages/neutron_lib/callbacks/manager.py:52}}
Sep 08 15:48:09.851716 np0000192203 devstack@neutron-api.service[102318]: DEBUG neutron.manager [None req-8d20ae97-0b22-4573-8ceb-fe943139a9dd None None] Successfully loaded auto-allocated-topology plugin. Description: Auto Allocated Topology - aka get me a network. {{(pid=102318) _create_and_add_service_plugin /opt/stack/neutron/neutron/manager.py:236}}
Sep 08 15:48:09.851749 np0000192203 devstack@neutron-api.service[102321]: INFO neutron.api.extensions [None req-0278e8d2-c04c-48cc-af49-43be13929b26 None None] Loaded extension: floating-ip-port-forwarding-detail
Sep 08 15:48:09.851801 np0000192203 devstack@neutron-api.service[102318]: INFO neutron.manager [None req-8d20ae97-0b22-4573-8ceb-fe943139a9dd None None] Loading Plugin: tag
Sep 08 15:48:09.851856 np0000192203 devstack@neutron-api.service[102321]: DEBUG neutron.api.extensions [None req-0278e8d2-c04c-48cc-af49-43be13929b26 None None] Loading extension file: fip_pf_port_range.py {{(pid=102321) _load_all_extensions_from_path /opt/stack/neutron/neutron/api/extensions.py:449}}
Sep 08 15:48:09.851886 np0000192203 devstack@neutron-api.service[102319]: DEBUG neutron.quota.resource_registry [None req-1748853a-5501-4bc0-a55a-e40e5086e82f None None] Tracking information for resource: router configured {{(pid=102319) set_tracked_resource /opt/stack/neutron/neutron/quota/resource_registry.py:203}}
Sep 08 15:48:09.851971 np0000192203 devstack@neutron-api.service[102319]: DEBUG neutron.quota.resource_registry [None req-1748853a-5501-4bc0-a55a-e40e5086e82f None None] Tracking information for resource: floatingip configured {{(pid=102319) set_tracked_resource /opt/stack/neutron/neutron/quota/resource_registry.py:203}}
Sep 08 15:48:09.852076 np0000192203 devstack@neutron-api.service[102319]: INFO neutron.services.ovn_l3.plugin [None req-1748853a-5501-4bc0-a55a-e40e5086e82f None None] Starting OVNL3RouterPlugin
Sep 08 15:48:09.852115 np0000192203 devstack@neutron-api.service[102321]: DEBUG neutron.api.extensions [None req-0278e8d2-c04c-48cc-af49-43be13929b26 None None] Ext name="Floating IP Port Forwarding support port ranges" alias="floating-ip-port-forwarding-port-ranges" description="Add support to port ranges" updated="2020-07-01T10:00:00-00:00" {{(pid=102321) _check_extension /opt/stack/neutron/neutron/api/extensions.py:415}}
Sep 08 15:48:09.852275 np0000192203 devstack@neutron-api.service[102321]: INFO neutron.api.extensions [None req-0278e8d2-c04c-48cc-af49-43be13929b26 None None] Extension floating-ip-port-forwarding-port-ranges not supported by any of loaded plugins
Sep 08 15:48:09.852365 np0000192203 devstack@neutron-api.service[102321]: DEBUG neutron.api.extensions [None req-0278e8d2-c04c-48cc-af49-43be13929b26 None None] Loading extension file: fip_port_details.py {{(pid=102321) _load_all_extensions_from_path /opt/stack/neutron/neutron/api/extensions.py:449}}
Sep 08 15:48:09.852410 np0000192203 devstack@neutron-api.service[102319]: DEBUG neutron_lib.callbacks.manager [None req-1748853a-5501-4bc0-a55a-e40e5086e82f None None] Subscribe: > port_forwarding_plugin after_init 55550000, False {{(pid=102319) subscribe /opt/stack/data/venv/lib/python3.12/site-packages/neutron_lib/callbacks/manager.py:52}}
Sep 08 15:48:09.852582 np0000192203 devstack@neutron-api.service[102321]: DEBUG neutron.api.extensions [None req-0278e8d2-c04c-48cc-af49-43be13929b26 None None] Ext name="Floating IP Port Details Extension" alias="fip-port-details" description="Add port_details attribute to Floating IP resource" updated="2018-04-09T10:00:00-00:00" {{(pid=102321) _check_extension /opt/stack/neutron/neutron/api/extensions.py:415}}
Sep 08 15:48:09.852671 np0000192203 devstack@neutron-api.service[102319]: DEBUG neutron_lib.callbacks.manager [None req-1748853a-5501-4bc0-a55a-e40e5086e82f None None] Subscribe: > router before_create 55550100, False {{(pid=102319) subscribe /opt/stack/data/venv/lib/python3.12/site-packages/neutron_lib/callbacks/manager.py:52}}
Sep 08 15:48:09.852765 np0000192203 devstack@neutron-api.service[102321]: INFO neutron.api.extensions [None req-0278e8d2-c04c-48cc-af49-43be13929b26 None None] Loaded extension: fip-port-details
Sep 08 15:48:09.852877 np0000192203 devstack@neutron-api.service[102319]: DEBUG neutron_lib.callbacks.manager [None req-1748853a-5501-4bc0-a55a-e40e5086e82f None None] Subscribe: > router precommit_delete 55550100, False {{(pid=102319) subscribe /opt/stack/data/venv/lib/python3.12/site-packages/neutron_lib/callbacks/manager.py:52}}
Sep 08 15:48:09.852989 np0000192203 devstack@neutron-api.service[102321]: DEBUG neutron.api.extensions [None req-0278e8d2-c04c-48cc-af49-43be13929b26 None None] Loading extension file: flavors.py {{(pid=102321) _load_all_extensions_from_path /opt/stack/neutron/neutron/api/extensions.py:449}}
