2026-03-02 17:55:05.948 8 INFO neutron.pecan_wsgi.hooks.translation [None req-9bf657f5-2965-43a1-8207-4ae19720b967 59709240d1054ab38da1aa609755dc70 7c6aad258999422e84cfad31cd263f6b - - default default] DELETE failed (client error): The resource could not be found. [pid: 8|app: 0|req: 714/1380] 10.0.0.90 () {32 vars in 719 bytes} [Mon Mar 2 17:55:05 2026] DELETE /v2.0/ports/805db8db-80e8-403f-8816-902a4203b4a9 => generated 132 bytes in 17 msecs (HTTP/1.1 404) 4 headers in 164 bytes (1 switches on core 0)
2026-03-02 17:55:05.972 8 INFO neutron.pecan_wsgi.hooks.translation [None req-cea938de-972a-4a59-a6c4-9820975bc130 59709240d1054ab38da1aa609755dc70 7c6aad258999422e84cfad31cd263f6b - - default default] DELETE failed (client error): The resource could not be found. [pid: 8|app: 0|req: 715/1381] 10.0.0.90 () {32 vars in 723 bytes} [Mon Mar 2 17:55:05 2026] DELETE /v2.0/subnets/052cd559-2b0c-4edb-b95a-58b6f0c5fcc1 => generated 136 bytes in 17 msecs (HTTP/1.1 404) 4 headers in 164 bytes (1 switches on core 0)
2026-03-02 17:55:05.993 8 INFO neutron.pecan_wsgi.hooks.translation [None req-cf401d84-39b9-4789-81bf-bf885f993fa0 59709240d1054ab38da1aa609755dc70 7c6aad258999422e84cfad31cd263f6b - - default default] DELETE failed (client error): The resource could not be found. [pid: 8|app: 0|req: 716/1382] 10.0.0.90 () {32 vars in 723 bytes} [Mon Mar 2 17:55:05 2026] DELETE /v2.0/subnets/2430e77c-8994-4804-943a-3f90ad400c35 => generated 136 bytes in 15 msecs (HTTP/1.1 404) 4 headers in 164 bytes (1 switches on core 0)
2026-03-02 17:55:06.036 7 WARNING neutron.scheduler.dhcp_agent_scheduler [None req-b563f0ea-5374-4d56-b109-4e6d2e394f36 7972f11c555e4c9e8dbf8e5580583c3d ea498644c9bb448ea104b2c8975a7de0 - - default default] No more DHCP agents
2026-03-02 17:55:06.038 7 WARNING neutron.api.rpc.agentnotifiers.dhcp_rpc_agent_api [None req-b563f0ea-5374-4d56-b109-4e6d2e394f36 7972f11c555e4c9e8dbf8e5580583c3d ea498644c9bb448ea104b2c8975a7de0 - - default default] Unable to schedule network 958d266d-27b5-49ad-abbb-b407805f0bff: no agents available; will retry on subsequent port and subnet creation events.
2026-03-02 17:55:06.122 7 INFO neutron.plugins.ml2.drivers.ovn.mech_driver.mech_driver [None req-984eade4-2e08-408c-942f-46cbe88542fd - - - - - -] OVN reports status down for port: 3c33a67f-b7e6-4be3-b43c-e3fd55acde2b
2026-03-02 17:55:06.166 7 INFO neutron.db.ovn_revision_numbers_db [None req-b563f0ea-5374-4d56-b109-4e6d2e394f36 7972f11c555e4c9e8dbf8e5580583c3d ea498644c9bb448ea104b2c8975a7de0 - - default default] Successfully bumped revision number for resource 3c33a67f-b7e6-4be3-b43c-e3fd55acde2b (type: ports) to 1
2026-03-02 17:55:06.169 8 INFO neutron_taas.services.taas.taas_plugin [None req-f20d61a8-cd7d-4c63-9d94-c4dc5f543e04 59709240d1054ab38da1aa609755dc70 7c6aad258999422e84cfad31cd263f6b - - default default] TaaS: Handle Delete Port: 754c6dbf-a52c-4a14-ac3a-9660779801dd
2026-03-02 17:55:06.174 8 INFO neutron_taas.services.taas.tap_mirror_plugin [None req-f20d61a8-cd7d-4c63-9d94-c4dc5f543e04 59709240d1054ab38da1aa609755dc70 7c6aad258999422e84cfad31cd263f6b - - default default] Tap Mirror: Handle Delete Port: 754c6dbf-a52c-4a14-ac3a-9660779801dd [pid: 7|app: 0|req: 667/1383] 10.0.0.90 () {34 vars in 670 bytes} [Mon Mar 2 17:55:05 2026] POST /v2.0/networks => generated 766 bytes in 1071 msecs (HTTP/1.1 201) 4 headers in 162 bytes (1 switches on core 0) [pid: 8|app: 0|req: 717/1384] 10.0.0.90 () {32 vars in 719 bytes} [Mon Mar 2 17:55:06 2026] DELETE /v2.0/ports/754c6dbf-a52c-4a14-ac3a-9660779801dd => generated 0 bytes in 282 msecs (HTTP/1.1 204) 3 headers in 131 bytes (1 switches on core 0)
2026-03-02 17:55:06.353 7 WARNING neutron.scheduler.dhcp_agent_scheduler [None req-61333bc6-10c8-4e7b-b101-a30e31664437 7972f11c555e4c9e8dbf8e5580583c3d ea498644c9bb448ea104b2c8975a7de0 - - default default] No more DHCP agents
2026-03-02 17:55:06.355 7 WARNING neutron.api.rpc.agentnotifiers.dhcp_rpc_agent_api [None req-61333bc6-10c8-4e7b-b101-a30e31664437 7972f11c555e4c9e8dbf8e5580583c3d ea498644c9bb448ea104b2c8975a7de0 - - default default] Unable to schedule network 958d266d-27b5-49ad-abbb-b407805f0bff: no agents available; will retry on subsequent port and subnet creation events.
2026-03-02 17:55:06.409 8 INFO neutron_taas.services.taas.taas_plugin [None req-f833838e-9ea8-4674-8bf9-771a879d160f 59709240d1054ab38da1aa609755dc70 7c6aad258999422e84cfad31cd263f6b - - default default] TaaS: Handle Delete Port: a773525b-c54c-450d-af83-aa02254e80b6
2026-03-02 17:55:06.412 8 INFO neutron_taas.services.taas.tap_mirror_plugin [None req-f833838e-9ea8-4674-8bf9-771a879d160f 59709240d1054ab38da1aa609755dc70 7c6aad258999422e84cfad31cd263f6b - - default default] Tap Mirror: Handle Delete Port: a773525b-c54c-450d-af83-aa02254e80b6 [pid: 8|app: 0|req: 718/1385] 10.0.0.90 () {32 vars in 725 bytes} [Mon Mar 2 17:55:06 2026] DELETE /v2.0/networks/e1b2d0b0-257c-4c98-a7be-b6e96b917869 => generated 0 bytes in 343 msecs (HTTP/1.1 204) 3 headers in 131 bytes (1 switches on core 0)
2026-03-02 17:55:06.886 7 INFO neutron.db.ovn_revision_numbers_db [None req-9b227fa6-b160-4cda-82c3-0ed97f4e3a71 - - - - - -] Successfully bumped revision number for resource 3c33a67f-b7e6-4be3-b43c-e3fd55acde2b (type: ports) to 2
2026-03-02 17:55:06.944 7 INFO neutron.db.ovn_revision_numbers_db [None req-9b227fa6-b160-4cda-82c3-0ed97f4e3a71 - - - - - -] Successfully bumped revision number for resource 44117abc-a553-451f-9aa2-0b24d2a9db0f (type: subnets) to 0 [pid: 7|app: 0|req: 668/1388] 10.0.0.90 () {34 vars in 668 bytes} [Mon Mar 2 17:55:06 2026] POST /v2.0/subnets => generated 691 bytes in 773 msecs (HTTP/1.1 201) 4 headers in 162 bytes (1 switches on core 0) [pid: 8|app: 0|req: 721/1389] 10.0.0.203 () {28 vars in 599 bytes} [Mon Mar 2 17:55:06 2026] GET /v2.0/security-groups => generated 26109 bytes in 403 msecs (HTTP/1.1 200) 4 headers in 159 bytes (1 switches on core 0)
2026-03-02 17:55:07.231 7 INFO neutron.db.ovn_revision_numbers_db [None req-8a888a45-fab7-4825-bba1-81200dd47b23 7972f11c555e4c9e8dbf8e5580583c3d ea498644c9bb448ea104b2c8975a7de0 - - default default] Successfully bumped revision number for resource 2b7f015d-fc53-4a5a-a49a-ddd530782a6b (type: security_groups) to 1
2026-03-02 17:55:07.248 7 INFO neutron.db.ovn_revision_numbers_db [None req-8a888a45-fab7-4825-bba1-81200dd47b23 7972f11c555e4c9e8dbf8e5580583c3d ea498644c9bb448ea104b2c8975a7de0 - - default default] Successfully bumped revision number for resource 030b2525-d698-4041-a05b-05533f21933e (type: security_group_rules) to 0
2026-03-02 17:55:07.265 7 INFO neutron.db.ovn_revision_numbers_db [None req-8a888a45-fab7-4825-bba1-81200dd47b23 7972f11c555e4c9e8dbf8e5580583c3d ea498644c9bb448ea104b2c8975a7de0 - - default default] Successfully bumped revision number for resource 7d24f693-e311-4f6e-a991-c0293dd5da74 (type: security_group_rules) to 0
2026-03-02 17:55:07.280 7 INFO neutron.db.ovn_revision_numbers_db [None req-8a888a45-fab7-4825-bba1-81200dd47b23 7972f11c555e4c9e8dbf8e5580583c3d ea498644c9bb448ea104b2c8975a7de0 - - default default] Successfully bumped revision number for resource c975da41-ecd1-43bc-9ff5-453c87a4257e (type: security_group_rules) to 0
2026-03-02 17:55:07.300 7 INFO neutron.db.ovn_revision_numbers_db [None req-8a888a45-fab7-4825-bba1-81200dd47b23 7972f11c555e4c9e8dbf8e5580583c3d ea498644c9bb448ea104b2c8975a7de0 - - default default] Successfully bumped revision number for resource e2dcb18d-2713-4e72-b53a-efca9bd918ea (type: security_group_rules) to 0 [pid: 7|app: 0|req: 669/1390] 10.0.0.90 () {32 vars in 773 bytes} [Mon Mar 2 17:55:06 2026] GET /v2.0/security-groups?tenant_id=69b22787a7924914a940ec3910cbe825&name=default => generated 2925 bytes in 365 msecs (HTTP/1.1 200) 4 headers in 158 bytes (1 switches on core 0) [pid: 7|app: 0|req: 670/1391] 10.0.0.203 () {28 vars in 583 bytes} [Mon Mar 2 17:55:07 2026] GET /v2.0/subnets => generated 1989 bytes in 28 msecs (HTTP/1.1 200) 4 headers in 158 bytes (1 switches on core 0) [pid: 7|app: 0|req: 671/1392] 10.0.0.90 () {32 vars in 773 bytes} [Mon Mar 2 17:55:07 2026] GET /v2.0/security-groups?tenant_id=7c6aad258999422e84cfad31cd263f6b&name=default => generated 2925 bytes in 80 msecs (HTTP/1.1 200) 4 headers in 158 bytes (1 switches on core 0)
2026-03-02 17:55:07.598 8 WARNING neutron.scheduler.dhcp_agent_scheduler [None req-7fa72887-85e5-48a9-ac01-1678739673a7 7972f11c555e4c9e8dbf8e5580583c3d ea498644c9bb448ea104b2c8975a7de0 - - default default] No more DHCP agents
2026-03-02 17:55:07.601 8 WARNING neutron.api.rpc.agentnotifiers.dhcp_rpc_agent_api [None req-7fa72887-85e5-48a9-ac01-1678739673a7 7972f11c555e4c9e8dbf8e5580583c3d ea498644c9bb448ea104b2c8975a7de0 - - default default] Unable to schedule network d77b6abf-f94c-4858-88b5-3802d1003d0a: no agents available; will retry on subsequent port and subnet creation events. [pid: 7|app: 0|req: 672/1393] 10.0.0.90 () {32 vars in 739 bytes} [Mon Mar 2 17:55:07 2026] DELETE /v2.0/security-groups/2b7f015d-fc53-4a5a-a49a-ddd530782a6b => generated 0 bytes in 203 msecs (HTTP/1.1 204) 2 headers in 112 bytes (1 switches on core 0) [pid: 7|app: 0|req: 673/1394] 10.0.0.203 () {28 vars in 583 bytes} [Mon Mar 2 17:55:07 2026] GET /v2.0/subnets => generated 1989 bytes in 36 msecs (HTTP/1.1 200) 4 headers in 158 bytes (1 switches on core 0)
2026-03-02 17:55:07.712 8 INFO neutron.plugins.ml2.drivers.ovn.mech_driver.mech_driver [None req-58392e20-98dd-4fcd-b68c-934803d8e951 - - - - - -] OVN reports status down for port: 943a0105-dbe1-4024-ab8a-fda0210c1e06
2026-03-02 17:55:07.781 8 INFO neutron.db.ovn_revision_numbers_db [None req-7fa72887-85e5-48a9-ac01-1678739673a7 7972f11c555e4c9e8dbf8e5580583c3d ea498644c9bb448ea104b2c8975a7de0 - - default default] Successfully bumped revision number for resource 943a0105-dbe1-4024-ab8a-fda0210c1e06 (type: ports) to 1
2026-03-02 17:55:07.939 8 INFO neutron.services.segments.plugin [-] Segment 4bc67374-fd4d-4fff-baa4-3b73129cd030 resource provider aggregate not found
2026-03-02 17:55:07.942 8 INFO neutron.services.segments.plugin [-] Segment 4bc67374-fd4d-4fff-baa4-3b73129cd030 resource provider aggregate not found
2026-03-02 17:55:07.963 8 INFO neutron.services.segments.plugin [-] Segment 4bc67374-fd4d-4fff-baa4-3b73129cd030 resource provider not found; error: Placement Client Error (4xx): {"errors": [{"status": 404, "title": "Not Found", "detail": "The resource could not be found.\n\n No resource provider with uuid 4bc67374-fd4d-4fff-baa4-3b73129cd030 found for delete ", "request_id": "req-d0805b84-1ac1-49b3-98ae-f4b7d5bee0e1"}]}
2026-03-02 17:55:07.963 8 INFO neutron.services.segments.plugin [-] Segment 4bc67374-fd4d-4fff-baa4-3b73129cd030 resource provider not found; error: Placement Client Error (4xx): {"errors": [{"status": 404, "title": "Not Found", "detail": "The resource could not be found.\n\n No resource provider with uuid 4bc67374-fd4d-4fff-baa4-3b73129cd030 found for delete ", "request_id": "req-c53e4138-f184-4b3a-a635-e859821315ea"}]} [pid: 7|app: 0|req: 674/1395] 10.0.0.90 () {32 vars in 739 bytes} [Mon Mar 2 17:55:07 2026] DELETE /v2.0/security-groups/76aca815-1010-44cc-9362-b2cec2050320 => generated 0 bytes in 288 msecs (HTTP/1.1 204) 2 headers in 112 bytes (1 switches on core 0) [pid: 7|app: 0|req: 675/1396] 10.0.0.203 () {28 vars in 591 bytes} [Mon Mar 2 17:55:07 2026] GET /v2.0/subnetpools => generated 19 bytes in 11 msecs (HTTP/1.1 200) 4 headers in 156 bytes (1 switches on core 0) [pid: 7|app: 0|req: 676/1397] 10.0.0.90 () {32 vars in 773 bytes} [Mon Mar 2 17:55:07 2026] GET /v2.0/security-groups?tenant_id=37cc4d70a2914f5e899d9df1712d1152&name=default => generated 2925 bytes in 38 msecs (HTTP/1.1 200) 4 headers in 158 bytes (1 switches on core 0) [pid: 7|app: 0|req: 677/1398] 10.0.0.203 () {28 vars in 585 bytes} [Mon Mar 2 17:55:08 2026] GET /v2.0/networks => generated 3087 bytes in 75 msecs (HTTP/1.1 200) 4 headers in 158 bytes (1 switches on core 0) [pid: 7|app: 0|req: 678/1399] 10.0.0.90 () {32 vars in 739 bytes} [Mon Mar 2 17:55:08 2026] DELETE /v2.0/security-groups/1e090be7-2ea9-4b65-8335-0c144e4101bd => generated 0 bytes in 231 msecs (HTTP/1.1 204) 2 headers in 112 bytes (1 switches on core 0) [pid: 7|app: 0|req: 679/1400] 10.0.0.203 () {28 vars in 591 bytes} [Mon Mar 2 17:55:08 2026] GET /v2.0/floatingips => generated 19 bytes in 23 msecs (HTTP/1.1 200) 4 headers in 156 bytes (1 switches on core 0) [pid: 7|app: 0|req: 680/1401] 10.0.0.203 () {28 vars in 579 bytes} [Mon Mar 2 17:55:08 2026] GET /v2.0/ports => generated 7221 bytes in 56 msecs (HTTP/1.1 200) 4 headers in 158 bytes (1 switches on core 0) [pid: 7|app: 0|req: 681/1402] 10.0.0.203 () {28 vars in 583 bytes} [Mon Mar 2 17:55:08 2026] GET /v2.0/routers => generated 972 bytes in 67 msecs (HTTP/1.1 200) 4 headers in 157 bytes (1 switches on core 0)
2026-03-02 17:55:08.520 8 INFO neutron.plugins.ml2.drivers.ovn.mech_driver.ovsdb.commands [None req-2a68de7f-77ff-408b-ba86-104fb458c459 - - - - - -] Schedule LRP lrp-943a0105-dbe1-4024-ab8a-fda0210c1e06 on gateway 307fbaea-669b-4b98-89bc-76f3ed88339f with priority 1 [pid: 7|app: 0|req: 682/1403] 10.0.0.203 () {28 vars in 624 bytes} [Mon Mar 2 17:55:08 2026] GET /v2.0/agents?binary=ovn-controller => generated 416 bytes in 18 msecs (HTTP/1.1 200) 4 headers in 157 bytes (1 switches on core 0)
2026-03-02 17:55:08.538 8 INFO neutron.plugins.ml2.drivers.ovn.mech_driver.mech_driver [None req-58392e20-98dd-4fcd-b68c-934803d8e951 - - - - - -] OVN reports status up for port: 943a0105-dbe1-4024-ab8a-fda0210c1e06
2026-03-02 17:55:08.558 7 INFO neutron.plugins.ml2.drivers.ovn.mech_driver.ovsdb.ovsdb_monitor [None req-a61fe50d-6e11-4937-b726-bae339b78eb9 - - - - - -] Router 6345c90b-4765-4d27-be94-2f6fcea757be is bound to host instance [pid: 7|app: 0|req: 683/1404] 10.0.0.203 () {28 vars in 581 bytes} [Mon Mar 2 17:55:08 2026] GET /v2.0/agents => generated 1214 bytes in 37 msecs (HTTP/1.1 200) 4 headers in 158 bytes (1 switches on core 0)
2026-03-02 17:55:08.590 8 INFO neutron.plugins.ml2.plugin [None req-58392e20-98dd-4fcd-b68c-934803d8e951 - - - - - -] Attempt 1 to provision port 943a0105-dbe1-4024-ab8a-fda0210c1e06
2026-03-02 17:55:08.593 8 INFO neutron.db.ovn_revision_numbers_db [None req-7fa72887-85e5-48a9-ac01-1678739673a7 7972f11c555e4c9e8dbf8e5580583c3d ea498644c9bb448ea104b2c8975a7de0 - - default default] Successfully bumped revision number for resource 943a0105-dbe1-4024-ab8a-fda0210c1e06 (type: router_ports) to 1 [pid: 7|app: 0|req: 684/1405] 10.0.0.203 () {28 vars in 619 bytes} [Mon Mar 2 17:55:08 2026] GET /v2.0/network-ip-availabilities => generated 1582 bytes in 40 msecs (HTTP/1.1 200) 4 headers in 158 bytes (1 switches on core 0)
2026-03-02 17:55:08.735 8 INFO neutron.db.ovn_revision_numbers_db [None req-7fa72887-85e5-48a9-ac01-1678739673a7 7972f11c555e4c9e8dbf8e5580583c3d ea498644c9bb448ea104b2c8975a7de0 - - default default] Successfully bumped revision number for resource 6345c90b-4765-4d27-be94-2f6fcea757be (type: routers) to 2 [pid: 8|app: 0|req: 722/1406] 10.0.0.90 () {34 vars in 668 bytes} [Mon Mar 2 17:55:07 2026] POST /v2.0/routers => generated 969 bytes in 1731 msecs (HTTP/1.1 201) 4 headers in 162 bytes (1 switches on core 0)
2026-03-02 17:55:09.571 7 WARNING neutron.scheduler.dhcp_agent_scheduler [None req-480ccb95-1019-4969-b57a-885ce2715e31 7972f11c555e4c9e8dbf8e5580583c3d ea498644c9bb448ea104b2c8975a7de0 - - default default] No more DHCP agents
2026-03-02 17:55:09.573 7 WARNING neutron.api.rpc.agentnotifiers.dhcp_rpc_agent_api [None req-480ccb95-1019-4969-b57a-885ce2715e31 7972f11c555e4c9e8dbf8e5580583c3d ea498644c9bb448ea104b2c8975a7de0 - - default default] Unable to schedule network 958d266d-27b5-49ad-abbb-b407805f0bff: no agents available; will retry on subsequent port and subnet creation events.
2026-03-02 17:55:09.843 7 INFO neutron.db.ovn_revision_numbers_db [None req-480ccb95-1019-4969-b57a-885ce2715e31 7972f11c555e4c9e8dbf8e5580583c3d ea498644c9bb448ea104b2c8975a7de0 - - default default] Successfully bumped revision number for resource 7b51c97a-cecf-435e-8f53-97214d7a1c47 (type: ports) to 1
2026-03-02 17:55:09.914 7 INFO neutron.db.ovn_revision_numbers_db [None req-9cc8e2ce-55be-4029-a72f-032909e983d9 - - - - - -] Successfully bumped revision number for resource 943a0105-dbe1-4024-ab8a-fda0210c1e06 (type: ports) to 4
2026-03-02 17:55:10.294 8 INFO neutron.db.ovn_revision_numbers_db [None req-6d602075-1e13-4717-a2aa-61304df97fb1 7972f11c555e4c9e8dbf8e5580583c3d ea498644c9bb448ea104b2c8975a7de0 - - default default] Successfully bumped revision number for resource f113ca23-0a8c-4753-92bb-9541635dd732 (type: security_groups) to 1
2026-03-02 17:55:10.306 8 INFO neutron.db.ovn_revision_numbers_db [None req-6d602075-1e13-4717-a2aa-61304df97fb1 7972f11c555e4c9e8dbf8e5580583c3d ea498644c9bb448ea104b2c8975a7de0 - - default default] Successfully bumped revision number for resource 638243d5-9e72-48e6-87a7-d1cc5831e124 (type: security_group_rules) to 0
2026-03-02 17:55:10.320 8 INFO neutron.db.ovn_revision_numbers_db [None req-6d602075-1e13-4717-a2aa-61304df97fb1 7972f11c555e4c9e8dbf8e5580583c3d ea498644c9bb448ea104b2c8975a7de0 - - default default] Successfully bumped revision number for resource c9ed0b05-d4cf-4aae-844d-90b720807811 (type: security_group_rules) to 0
2026-03-02 17:55:10.334 8 INFO neutron.db.ovn_revision_numbers_db [None req-6d602075-1e13-4717-a2aa-61304df97fb1 7972f11c555e4c9e8dbf8e5580583c3d ea498644c9bb448ea104b2c8975a7de0 - - default default] Successfully bumped revision number for resource dd36c5cb-b3ef-4843-902e-b57c201695cb (type: security_group_rules) to 0
2026-03-02 17:55:10.348 8 INFO neutron.db.ovn_revision_numbers_db [None req-6d602075-1e13-4717-a2aa-61304df97fb1 7972f11c555e4c9e8dbf8e5580583c3d ea498644c9bb448ea104b2c8975a7de0 - - default default] Successfully bumped revision number for resource e4029f99-868a-4e18-898e-055beedcf3cc (type: security_group_rules) to 0
2026-03-02 17:55:10.436 8 INFO neutron.db.segments_db [None req-6d602075-1e13-4717-a2aa-61304df97fb1 7972f11c555e4c9e8dbf8e5580583c3d ea498644c9bb448ea104b2c8975a7de0 - - default default] Added segment 2cd971d2-0633-4714-a150-e2f62bdbf156 of type geneve for network eb703b67-1f40-4cb0-8284-2885f436c5df
2026-03-02 17:55:10.554 8 INFO neutron.db.ovn_revision_numbers_db [None req-6d602075-1e13-4717-a2aa-61304df97fb1 7972f11c555e4c9e8dbf8e5580583c3d ea498644c9bb448ea104b2c8975a7de0 - - default default] Successfully bumped revision number for resource eb703b67-1f40-4cb0-8284-2885f436c5df (type: networks) to 1
2026-03-02 17:55:10.696 7 INFO neutron.db.ovn_revision_numbers_db [None req-9cc8e2ce-55be-4029-a72f-032909e983d9 - - - - - -] Successfully bumped revision number for resource 943a0105-dbe1-4024-ab8a-fda0210c1e06 (type: ports) to 5
2026-03-02 17:55:10.841 8 WARNING neutron.scheduler.dhcp_agent_scheduler [None req-6d602075-1e13-4717-a2aa-61304df97fb1 7972f11c555e4c9e8dbf8e5580583c3d ea498644c9bb448ea104b2c8975a7de0 - - default default] No more DHCP agents
2026-03-02 17:55:10.843 8 WARNING neutron.api.rpc.agentnotifiers.dhcp_rpc_agent_api [None req-6d602075-1e13-4717-a2aa-61304df97fb1 7972f11c555e4c9e8dbf8e5580583c3d ea498644c9bb448ea104b2c8975a7de0 - - default default] Unable to schedule network eb703b67-1f40-4cb0-8284-2885f436c5df: no agents available; will retry on subsequent port and subnet creation events.
2026-03-02 17:55:10.890 7 INFO neutron.plugins.ml2.drivers.ovn.mech_driver.mech_driver [None req-984eade4-2e08-408c-942f-46cbe88542fd - - - - - -] OVN reports status down for port: 6b17ef81-bcf8-49fc-a240-40ba95c93176
2026-03-02 17:55:10.928 8 INFO neutron.db.ovn_revision_numbers_db [None req-6d602075-1e13-4717-a2aa-61304df97fb1 7972f11c555e4c9e8dbf8e5580583c3d ea498644c9bb448ea104b2c8975a7de0 - - default default] Successfully bumped revision number for resource 6b17ef81-bcf8-49fc-a240-40ba95c93176 (type: ports) to 1 [pid: 8|app: 0|req: 723/1407] 10.0.0.90 () {34 vars in 670 bytes} [Mon Mar 2 17:55:09 2026] POST /v2.0/networks => generated 763 bytes in 1149 msecs (HTTP/1.1 201) 4 headers in 162 bytes (1 switches on core 0)
2026-03-02 17:55:11.114 8 WARNING neutron.scheduler.dhcp_agent_scheduler [None req-541e2e7d-86e8-4bec-a1da-b4329475875a 7972f11c555e4c9e8dbf8e5580583c3d ea498644c9bb448ea104b2c8975a7de0 - - default default] No more DHCP agents
2026-03-02 17:55:11.115 8 WARNING neutron.api.rpc.agentnotifiers.dhcp_rpc_agent_api [None req-541e2e7d-86e8-4bec-a1da-b4329475875a 7972f11c555e4c9e8dbf8e5580583c3d ea498644c9bb448ea104b2c8975a7de0 - - default default] Unable to schedule network eb703b67-1f40-4cb0-8284-2885f436c5df: no agents available; will retry on subsequent port and subnet creation events.
2026-03-02 17:55:11.118 7 WARNING neutron.scheduler.dhcp_agent_scheduler [None req-480ccb95-1019-4969-b57a-885ce2715e31 7972f11c555e4c9e8dbf8e5580583c3d ea498644c9bb448ea104b2c8975a7de0 - - default default] No more DHCP agents
2026-03-02 17:55:11.119 7 WARNING neutron.api.rpc.agentnotifiers.dhcp_rpc_agent_api [None req-480ccb95-1019-4969-b57a-885ce2715e31 7972f11c555e4c9e8dbf8e5580583c3d ea498644c9bb448ea104b2c8975a7de0 - - default default] Unable to schedule network 958d266d-27b5-49ad-abbb-b407805f0bff: no agents available; will retry on subsequent port and subnet creation events.
2026-03-02 17:55:11.240 8 INFO neutron.plugins.ml2.drivers.ovn.mech_driver.mech_driver [None req-58392e20-98dd-4fcd-b68c-934803d8e951 - - - - - -] OVN reports status down for port: 7b51c97a-cecf-435e-8f53-97214d7a1c47
2026-03-02 17:55:11.328 8 WARNING neutron.plugins.ml2.drivers.ovn.mech_driver.ovsdb.ovn_client [None req-58392e20-98dd-4fcd-b68c-934803d8e951 - - - - - -] Logical_Switch_Port %s host information not removed, the port state is up
2026-03-02 17:55:11.328 8 INFO neutron.plugins.ml2.drivers.ovn.mech_driver.mech_driver [None req-58392e20-98dd-4fcd-b68c-934803d8e951 - - - - - -] OVN reports status up for port: 7b51c97a-cecf-435e-8f53-97214d7a1c47
2026-03-02 17:55:11.351 8 INFO neutron.plugins.ml2.plugin [None req-58392e20-98dd-4fcd-b68c-934803d8e951 - - - - - -] Attempt 1 to provision port 7b51c97a-cecf-435e-8f53-97214d7a1c47
2026-03-02 17:55:11.558 7 INFO neutron.db.ovn_revision_numbers_db [None req-480ccb95-1019-4969-b57a-885ce2715e31 7972f11c555e4c9e8dbf8e5580583c3d ea498644c9bb448ea104b2c8975a7de0 - - default default] Successfully bumped revision number for resource 7b51c97a-cecf-435e-8f53-97214d7a1c47 (type: router_ports) to 1 [pid: 7|app: 0|req: 685/1408] 10.0.0.90 () {34 vars in 782 bytes} [Mon Mar 2 17:55:08 2026] PUT /v2.0/routers/6345c90b-4765-4d27-be94-2f6fcea757be/add_router_interface => generated 309 bytes in 2786 msecs (HTTP/1.1 200) 4 headers in 157 bytes (1 switches on core 0)
2026-03-02 17:55:11.843 7 INFO neutron.db.ovn_revision_numbers_db [None req-a91093db-d332-4fff-b5d0-43f9a8665e57 7972f11c555e4c9e8dbf8e5580583c3d ea498644c9bb448ea104b2c8975a7de0 - - default default] Successfully bumped revision number for resource cf5db9c1-d25c-45dc-a31d-8c2299628eaf (type: security_groups) to 1
2026-03-02 17:55:11.863 7 INFO neutron.db.ovn_revision_numbers_db [None req-a91093db-d332-4fff-b5d0-43f9a8665e57 7972f11c555e4c9e8dbf8e5580583c3d ea498644c9bb448ea104b2c8975a7de0 - - default default] Successfully bumped revision number for resource 5e8388a8-7763-48e6-a6c7-5d11481240ad (type: security_group_rules) to 0
2026-03-02 17:55:11.882 7 INFO neutron.db.ovn_revision_numbers_db [None req-a91093db-d332-4fff-b5d0-43f9a8665e57 7972f11c555e4c9e8dbf8e5580583c3d ea498644c9bb448ea104b2c8975a7de0 - - default default] Successfully bumped revision number for resource 7f31f966-0176-45a3-a2d7-be89a754b761 (type: security_group_rules) to 0
2026-03-02 17:55:11.894 7 INFO neutron.db.ovn_revision_numbers_db [None req-a91093db-d332-4fff-b5d0-43f9a8665e57 7972f11c555e4c9e8dbf8e5580583c3d ea498644c9bb448ea104b2c8975a7de0 - - default default] Successfully bumped revision number for resource 81b346f7-a360-4daa-9f23-1261115f1866 (type: security_group_rules) to 0
2026-03-02 17:55:11.905 7 INFO neutron.db.ovn_revision_numbers_db [None req-a91093db-d332-4fff-b5d0-43f9a8665e57 7972f11c555e4c9e8dbf8e5580583c3d ea498644c9bb448ea104b2c8975a7de0 - - default default] Successfully bumped revision number for resource b99b0322-d670-41ce-83bc-7bcad9eb4b09 (type: security_group_rules) to 0
2026-03-02 17:55:11.942 8 INFO neutron.db.ovn_revision_numbers_db [None req-e8d1db78-2785-440b-98db-786096ae0e98 - - - - - -] Successfully bumped revision number for resource 6b17ef81-bcf8-49fc-a240-40ba95c93176 (type: ports) to 2 [pid: 7|app: 0|req: 686/1409] 10.0.0.90 () {32 vars in 773 bytes} [Mon Mar 2 17:55:11 2026] GET /v2.0/security-groups?tenant_id=18caa6e5ac224f1a82610dce78cf6340&name=default => generated 2925 bytes in 379 msecs (HTTP/1.1 200) 4 headers in 158 bytes (1 switches on core 0)
2026-03-02 17:55:12.034 8 INFO neutron.db.ovn_revision_numbers_db [None req-e8d1db78-2785-440b-98db-786096ae0e98 - - - - - -] Successfully bumped revision number for resource 4f36941e-37be-4840-a4ce-0b9c2a1694f7 (type: subnets) to 0 [pid: 7|app: 0|req: 687/1410] 10.0.0.90 () {34 vars in 677 bytes} [Mon Mar 2 17:55:11 2026] POST /v2.0/qos/policies => generated 359 bytes in 95 msecs (HTTP/1.1 201) 4 headers in 162 bytes (1 switches on core 0) [pid: 8|app: 0|req: 724/1411] 10.0.0.90 () {34 vars in 668 bytes} [Mon Mar 2 17:55:10 2026] POST /v2.0/subnets => generated 688 bytes in 1099 msecs (HTTP/1.1 201) 4 headers in 162 bytes (1 switches on core 0) [pid: 8|app: 0|req: 725/1412] 10.0.0.90 () {34 vars in 752 bytes} [Mon Mar 2 17:55:12 2026] PUT /v2.0/policies/6edaa4b7-b9b7-4d34-9615-480258b59a65/tags => generated 25 bytes in 112 msecs (HTTP/1.1 200) 4 headers in 156 bytes (1 switches on core 0)
2026-03-02 17:55:12.188 8 INFO neutron.db.ovn_revision_numbers_db [None req-58392e20-98dd-4fcd-b68c-934803d8e951 - - - - - -] Successfully bumped revision number for resource 7b51c97a-cecf-435e-8f53-97214d7a1c47 (type: ports) to 2 [pid: 7|app: 0|req: 688/1413] 10.0.0.90 () {32 vars in 739 bytes} [Mon Mar 2 17:55:12 2026] DELETE /v2.0/security-groups/cf5db9c1-d25c-45dc-a31d-8c2299628eaf => generated 0 bytes in 207 msecs (HTTP/1.1 204) 2 headers in 112 bytes (1 switches on core 0)
2026-03-02 17:55:12.343 7 INFO neutron.db.ovn_revision_numbers_db [None req-f74a3bc2-4367-4651-acaa-3125758c28b2 3efccfceb0244bb6952a6f64fa848971 5374432e762b405fa22fa5eb851f8206 - - default default] Successfully bumped revision number for resource 77c79a5f-65cf-463e-b76e-4f33a852a306 (type: security_groups) to 1
2026-03-02 17:55:12.355 7 INFO neutron.db.ovn_revision_numbers_db [None req-f74a3bc2-4367-4651-acaa-3125758c28b2 3efccfceb0244bb6952a6f64fa848971 5374432e762b405fa22fa5eb851f8206 - - default default] Successfully bumped revision number for resource 27fb0ed6-c532-478c-8f4b-615e41ba5293 (type: security_group_rules) to 0
2026-03-02 17:55:12.365 7 INFO neutron.db.ovn_revision_numbers_db [None req-f74a3bc2-4367-4651-acaa-3125758c28b2 3efccfceb0244bb6952a6f64fa848971 5374432e762b405fa22fa5eb851f8206 - - default default] Successfully bumped revision number for resource dd0cfd3f-4cc1-4f5e-94e4-473ba87e696f (type: security_group_rules) to 0 [pid: 7|app: 0|req: 689/1414] 10.0.0.90 () {34 vars in 684 bytes} [Mon Mar 2 17:55:12 2026] POST /v2.0/security-groups => generated 1661 bytes in 145 msecs (HTTP/1.1 201) 4 headers in 163 bytes (1 switches on core 0) [pid: 7|app: 0|req: 690/1415] 10.0.0.90 () {32 vars in 732 bytes} [Mon Mar 2 17:55:12 2026] GET /v2.0/policies/6edaa4b7-b9b7-4d34-9615-480258b59a65/tags => generated 25 bytes in 24 msecs (HTTP/1.1 200) 4 headers in 156 bytes (1 switches on core 0)
2026-03-02 17:55:12.518 7 INFO neutron.db.ovn_revision_numbers_db [None req-a01b377e-25b2-49e1-b800-90fcfe1b66b9 3efccfceb0244bb6952a6f64fa848971 5374432e762b405fa22fa5eb851f8206 - - default default] Successfully bumped revision number for resource d95f5396-24f7-4264-a1d1-a21f2a426d96 (type: security_group_rules) to 0 [pid: 7|app: 0|req: 691/1416] 10.0.0.90 () {34 vars in 694 bytes} [Mon Mar 2 17:55:12 2026] POST /v2.0/security-group-rules => generated 597 bytes in 125 msecs (HTTP/1.1 201) 4 headers in 162 bytes (1 switches on core 0) [pid: 7|app: 0|req: 692/1417] 10.0.0.90 () {34 vars in 763 bytes} [Mon Mar 2 17:55:12 2026] PUT /v2.0/policies/6edaa4b7-b9b7-4d34-9615-480258b59a65/tags/green => generated 4 bytes in 114 msecs (HTTP/1.1 201) 4 headers in 160 bytes (1 switches on core 0)
2026-03-02 17:55:12.768 8 WARNING neutron.scheduler.dhcp_agent_scheduler [None req-90c7bca7-53ef-4b18-8bc7-8fcb38f27ce2 7972f11c555e4c9e8dbf8e5580583c3d ea498644c9bb448ea104b2c8975a7de0 - - default default] No more DHCP agents
2026-03-02 17:55:12.769 8 WARNING neutron.api.rpc.agentnotifiers.dhcp_rpc_agent_api [None req-90c7bca7-53ef-4b18-8bc7-8fcb38f27ce2 7972f11c555e4c9e8dbf8e5580583c3d ea498644c9bb448ea104b2c8975a7de0 - - default default] Unable to schedule network d77b6abf-f94c-4858-88b5-3802d1003d0a: no agents available; will retry on subsequent port and subnet creation events.
2026-03-02 17:55:12.786 7 INFO neutron.db.ovn_revision_numbers_db [None req-1abd5f6e-c125-4f36-8abd-1b969e79f7d2 3efccfceb0244bb6952a6f64fa848971 5374432e762b405fa22fa5eb851f8206 - - default default] Successfully bumped revision number for resource 9a8f9f70-dcbe-461f-ba61-8b117f7ccf5d (type: security_group_rules) to 0 [pid: 7|app: 0|req: 693/1418] 10.0.0.90 () {34 vars in 694 bytes} [Mon Mar 2 17:55:12 2026] POST /v2.0/security-group-rules => generated 602 bytes in 164 msecs (HTTP/1.1 201) 4 headers in 162 bytes (1 switches on core 0) [pid: 7|app: 0|req: 694/1419] 10.0.0.90 () {32 vars in 732 bytes} [Mon Mar 2 17:55:12 2026] GET /v2.0/policies/6edaa4b7-b9b7-4d34-9615-480258b59a65/tags => generated 34 bytes in 29 msecs (HTTP/1.1 200) 4 headers in 156 bytes (1 switches on core 0)
2026-03-02 17:55:12.921 8 INFO neutron.db.ovn_revision_numbers_db [None req-90c7bca7-53ef-4b18-8bc7-8fcb38f27ce2 7972f11c555e4c9e8dbf8e5580583c3d ea498644c9bb448ea104b2c8975a7de0 - - default default] Successfully bumped revision number for resource 368468a3-3384-4854-b6df-77ced04a58c8 (type: ports) to 1
2026-03-02 17:55:13.130 7 WARNING neutron.scheduler.dhcp_agent_scheduler [None req-14de3d8a-2794-4a1a-ae62-86dc4dc0547c 3efccfceb0244bb6952a6f64fa848971 5374432e762b405fa22fa5eb851f8206 - - default default] No more DHCP agents
2026-03-02 17:55:13.132 7 WARNING neutron.api.rpc.agentnotifiers.dhcp_rpc_agent_api [None req-14de3d8a-2794-4a1a-ae62-86dc4dc0547c 3efccfceb0244bb6952a6f64fa848971 5374432e762b405fa22fa5eb851f8206 - - default default] Unable to schedule network d77b6abf-f94c-4858-88b5-3802d1003d0a: no agents available; will retry on subsequent port and subnet creation events. [pid: 7|app: 0|req: 695/1420] 10.0.0.90 () {34 vars in 675 bytes} [Mon Mar 2 17:55:12 2026] POST /v2.0/floatingips => generated 552 bytes in 585 msecs (HTTP/1.1 201) 4 headers in 162 bytes (1 switches on core 0) [pid: 7|app: 0|req: 696/1421] 10.0.0.90 () {34 vars in 759 bytes} [Mon Mar 2 17:55:13 2026] PUT /v2.0/policies/6edaa4b7-b9b7-4d34-9615-480258b59a65/tags/red => generated 4 bytes in 39 msecs (HTTP/1.1 201) 4 headers in 160 bytes (1 switches on core 0) [pid: 7|app: 0|req: 697/1422] 10.0.0.90 () {32 vars in 732 bytes} [Mon Mar 2 17:55:13 2026] GET /v2.0/policies/6edaa4b7-b9b7-4d34-9615-480258b59a65/tags => generated 34 bytes in 25 msecs (HTTP/1.1 200) 4 headers in 156 bytes (1 switches on core 0) [pid: 7|app: 0|req: 698/1423] 10.0.0.90 () {34 vars in 781 bytes} [Mon Mar 2 17:55:13 2026] PUT /v2.0/policies/6edaa4b7-b9b7-4d34-9615-480258b59a65/tags/black.or.white => generated 4 bytes in 48 msecs (HTTP/1.1 201) 4 headers in 160 bytes (1 switches on core 0)
2026-03-02 17:55:13.558 8 INFO neutron.plugins.ml2.drivers.ovn.mech_driver.ovsdb.commands [None req-2a68de7f-77ff-408b-ba86-104fb458c459 - - - - - -] Schedule LRP lrp-368468a3-3384-4854-b6df-77ced04a58c8 on gateway 307fbaea-669b-4b98-89bc-76f3ed88339f with priority 1
2026-03-02 17:55:13.594 8 INFO neutron.plugins.ml2.drivers.ovn.mech_driver.ovsdb.ovsdb_monitor [None req-71fac214-ac7a-4273-8ca8-1f0d2b4c8c08 - - - - - -] Router 11430655-bec8-49ae-9acf-0dbf25e908c6 is bound to host instance [pid: 7|app: 0|req: 699/1424] 10.0.0.90 () {32 vars in 732 bytes} [Mon Mar 2 17:55:13 2026] GET /v2.0/policies/6edaa4b7-b9b7-4d34-9615-480258b59a65/tags => generated 52 bytes in 64 msecs (HTTP/1.1 200) 4 headers in 156 bytes (1 switches on core 0)
2026-03-02 17:55:13.642 8 INFO neutron.db.ovn_revision_numbers_db [None req-90c7bca7-53ef-4b18-8bc7-8fcb38f27ce2 7972f11c555e4c9e8dbf8e5580583c3d ea498644c9bb448ea104b2c8975a7de0 - - default default] Successfully bumped revision number for resource 368468a3-3384-4854-b6df-77ced04a58c8 (type: router_ports) to 1 [pid: 7|app: 0|req: 700/1425] 10.0.0.90 () {34 vars in 752 bytes} [Mon Mar 2 17:55:13 2026] PUT /v2.0/policies/6edaa4b7-b9b7-4d34-9615-480258b59a65/tags => generated 37 bytes in 62 msecs (HTTP/1.1 200) 4 headers in 156 bytes (1 switches on core 0)
2026-03-02 17:55:13.733 8 INFO neutron.db.ovn_revision_numbers_db [None req-90c7bca7-53ef-4b18-8bc7-8fcb38f27ce2 7972f11c555e4c9e8dbf8e5580583c3d ea498644c9bb448ea104b2c8975a7de0 - - default default] Successfully bumped revision number for resource 11430655-bec8-49ae-9acf-0dbf25e908c6 (type: routers) to 2 [pid: 7|app: 0|req: 701/1426] 10.0.0.90 () {32 vars in 732 bytes} [Mon Mar 2 17:55:13 2026] GET /v2.0/policies/6edaa4b7-b9b7-4d34-9615-480258b59a65/tags => generated 37 bytes in 40 msecs (HTTP/1.1 200) 4 headers in 156 bytes (1 switches on core 0) [pid: 8|app: 0|req: 726/1427] 10.0.0.90 () {34 vars in 668 bytes} [Mon Mar 2 17:55:12 2026] POST /v2.0/routers => generated 966 bytes in 1574 msecs (HTTP/1.1 201) 4 headers in 162 bytes (1 switches on core 0) [pid: 7|app: 0|req: 702/1428] 10.0.0.90 () {32 vars in 740 bytes} [Mon Mar 2 17:55:13 2026] GET /v2.0/policies/6edaa4b7-b9b7-4d34-9615-480258b59a65/tags/red => generated 0 bytes in 36 msecs (HTTP/1.1 204) 2 headers in 112 bytes (1 switches on core 0)
2026-03-02 17:55:13.821 7 INFO neutron.api.v2.resource [None req-8b32c1a5-fbd1-43e1-9476-a5802be9ef4f a836488807054cab888e174e8c8c5f2a f962dcf11d7f42b8b457a9cbb581111d - - default default] show failed (client error): The resource could not be found. [pid: 7|app: 0|req: 703/1429] 10.0.0.90 () {32 vars in 744 bytes} [Mon Mar 2 17:55:13 2026] GET /v2.0/policies/6edaa4b7-b9b7-4d34-9615-480258b59a65/tags/green => generated 99 bytes in 37 msecs (HTTP/1.1 404) 4 headers in 163 bytes (1 switches on core 0) [pid: 7|app: 0|req: 704/1430] 10.0.0.90 () {32 vars in 743 bytes} [Mon Mar 2 17:55:13 2026] DELETE /v2.0/policies/6edaa4b7-b9b7-4d34-9615-480258b59a65/tags/red => generated 0 bytes in 55 msecs (HTTP/1.1 204) 2 headers in 112 bytes (1 switches on core 0) [pid: 7|app: 0|req: 705/1431] 10.0.0.90 () {32 vars in 732 bytes} [Mon Mar 2 17:55:13 2026] GET /v2.0/policies/6edaa4b7-b9b7-4d34-9615-480258b59a65/tags => generated 30 bytes in 44 msecs (HTTP/1.1 200) 4 headers in 156 bytes (1 switches on core 0) [pid: 7|app: 0|req: 706/1432] 10.0.0.165 () {34 vars in 1100 bytes} [Mon Mar 2 17:55:13 2026] GET /v2.0/security-groups?name=tempest-securitygroup--1472093387&fields=id&tenant_id=5374432e762b405fa22fa5eb851f8206 => generated 69 bytes in 29 msecs (HTTP/1.1 200) 4 headers in 156 bytes (1 switches on core 0)
2026-03-02 17:55:13.992 7 INFO neutron.api.v2.resource [None req-977e94a5-93d2-4d59-b5d9-8a6deb50cebf a836488807054cab888e174e8c8c5f2a f962dcf11d7f42b8b457a9cbb581111d - - default default] delete failed (client error): The resource could not be found. [pid: 7|app: 0|req: 707/1433] 10.0.0.90 () {32 vars in 747 bytes} [Mon Mar 2 17:55:13 2026] DELETE /v2.0/policies/6edaa4b7-b9b7-4d34-9615-480258b59a65/tags/green => generated 99 bytes in 33 msecs (HTTP/1.1 404) 4 headers in 163 bytes (1 switches on core 0) [pid: 7|app: 0|req: 708/1434] 10.0.0.165 () {34 vars in 982 bytes} [Mon Mar 2 17:55:13 2026] GET /v2.0/networks?id=958d266d-27b5-49ad-abbb-b407805f0bff => generated 714 bytes in 43 msecs (HTTP/1.1 200) 4 headers in 157 bytes (1 switches on core 0) [pid: 7|app: 0|req: 709/1435] 10.0.0.90 () {32 vars in 735 bytes} [Mon Mar 2 17:55:14 2026] DELETE /v2.0/policies/6edaa4b7-b9b7-4d34-9615-480258b59a65/tags => generated 0 bytes in 50 msecs (HTTP/1.1 204) 2 headers in 112 bytes (1 switches on core 0) [pid: 7|app: 0|req: 710/1436] 10.0.0.165 () {34 vars in 965 bytes} [Mon Mar 2 17:55:14 2026] GET /v2.0/quotas/5374432e762b405fa22fa5eb851f8206 => generated 292 bytes in 11 msecs (HTTP/1.1 200) 4 headers in 157 bytes (1 switches on core 0) [pid: 7|app: 0|req: 711/1437] 10.0.0.90 () {32 vars in 732 bytes} [Mon Mar 2 17:55:14 2026] GET /v2.0/policies/6edaa4b7-b9b7-4d34-9615-480258b59a65/tags => generated 12 bytes in 28 msecs (HTTP/1.1 200) 4 headers in 156 bytes (1 switches on core 0) [pid: 7|app: 0|req: 712/1438] 10.0.0.165 () {34 vars in 1002 bytes} [Mon Mar 2 17:55:14 2026] GET /v2.0/ports?tenant_id=5374432e762b405fa22fa5eb851f8206&fields=id => generated 103 bytes in 69 msecs (HTTP/1.1 200) 4 headers in 157 bytes (1 switches on core 0) [pid: 7|app: 0|req: 713/1439] 10.0.0.90 () {32 vars in 733 bytes} [Mon Mar 2 17:55:14 2026] DELETE /v2.0/qos/policies/6edaa4b7-b9b7-4d34-9615-480258b59a65 => generated 0 bytes in 60 msecs (HTTP/1.1 204) 2 headers in 112 bytes (1 switches on core 0) [pid: 7|app: 0|req: 714/1440] 10.0.0.165 () {34 vars in 1008 bytes} [Mon Mar 2 17:55:14 2026] GET /v2.0/networks/958d266d-27b5-49ad-abbb-b407805f0bff?fields=segments => generated 14 bytes in 39 msecs (HTTP/1.1 200) 4 headers in 156 bytes (1 switches on core 0) [pid: 7|app: 0|req: 715/1441] 10.0.0.165 () {34 vars in 1108 bytes} [Mon Mar 2 17:55:14 2026] GET /v2.0/networks/958d266d-27b5-49ad-abbb-b407805f0bff?fields=provider%3Aphysical_network&fields=provider%3Anetwork_type => generated 79 bytes in 42 msecs (HTTP/1.1 200) 4 headers in 156 bytes (1 switches on core 0) [pid: 7|app: 0|req: 716/1442] 10.0.0.165 () {34 vars in 990 bytes} [Mon Mar 2 17:55:14 2026] GET /v2.0/ports?device_id=a1a676fd-b36b-4148-b6d7-c653686d3a79 => generated 12 bytes in 30 msecs (HTTP/1.1 200) 4 headers in 156 bytes (1 switches on core 0)
2026-03-02 17:55:14.563 8 WARNING neutron.scheduler.dhcp_agent_scheduler [None req-2b20a4ab-60c4-4c30-b8d0-9fb0a6f3f719 7972f11c555e4c9e8dbf8e5580583c3d ea498644c9bb448ea104b2c8975a7de0 - - default default] No more DHCP agents
2026-03-02 17:55:14.566 8 WARNING neutron.api.rpc.agentnotifiers.dhcp_rpc_agent_api [None req-2b20a4ab-60c4-4c30-b8d0-9fb0a6f3f719 7972f11c555e4c9e8dbf8e5580583c3d ea498644c9bb448ea104b2c8975a7de0 - - default default] Unable to schedule network eb703b67-1f40-4cb0-8284-2885f436c5df: no agents available; will retry on subsequent port and subnet creation events.
2026-03-02 17:55:14.767 7 INFO neutron.plugins.ml2.drivers.ovn.mech_driver.mech_driver [None req-984eade4-2e08-408c-942f-46cbe88542fd - - - - - -] OVN reports status down for port: bc4a5c9b-c2cf-43d1-8fa3-2725a83c91f1
2026-03-02 17:55:14.822 8 INFO neutron.db.ovn_revision_numbers_db [None req-2b20a4ab-60c4-4c30-b8d0-9fb0a6f3f719 7972f11c555e4c9e8dbf8e5580583c3d ea498644c9bb448ea104b2c8975a7de0 - - default default] Successfully bumped revision number for resource bc4a5c9b-c2cf-43d1-8fa3-2725a83c91f1 (type: ports) to 1
2026-03-02 17:55:15.057 8 INFO neutron.db.ovn_revision_numbers_db [None req-c7b1cf92-2b1d-48c6-a020-0612ddef222c - - - - - -] Successfully bumped revision number for resource 368468a3-3384-4854-b6df-77ced04a58c8 (type: ports) to 4
2026-03-02 17:55:15.329 7 INFO neutron.db.ovn_revision_numbers_db [None req-76b6bf8f-bac8-4fe8-b0d7-0804a7f9bb8f 7972f11c555e4c9e8dbf8e5580583c3d ea498644c9bb448ea104b2c8975a7de0 - - default default] Successfully bumped revision number for resource 6d02612b-9377-4168-a923-d9da649e0db7 (type: security_groups) to 1
2026-03-02 17:55:15.346 7 INFO neutron.db.ovn_revision_numbers_db [None req-76b6bf8f-bac8-4fe8-b0d7-0804a7f9bb8f 7972f11c555e4c9e8dbf8e5580583c3d ea498644c9bb448ea104b2c8975a7de0 - - default default] Successfully bumped revision number for resource 28c2555b-8f20-4d48-803c-24bdeebf6d1f (type: security_group_rules) to 0
2026-03-02 17:55:15.359 7 INFO neutron.db.ovn_revision_numbers_db [None req-76b6bf8f-bac8-4fe8-b0d7-0804a7f9bb8f 7972f11c555e4c9e8dbf8e5580583c3d ea498644c9bb448ea104b2c8975a7de0 - - default default] Successfully bumped revision number for resource 45da1ae6-3e87-4d14-b353-b2b9a58e735d (type: security_group_rules) to 0
2026-03-02 17:55:15.388 7 INFO neutron.db.ovn_revision_numbers_db [None req-76b6bf8f-bac8-4fe8-b0d7-0804a7f9bb8f 7972f11c555e4c9e8dbf8e5580583c3d ea498644c9bb448ea104b2c8975a7de0 - - default default] Successfully bumped revision number for resource 77f7ec78-dd1f-4296-b94b-ee444d03b30e (type: security_group_rules) to 0
2026-03-02 17:55:15.407 7 INFO neutron.db.ovn_revision_numbers_db [None req-76b6bf8f-bac8-4fe8-b0d7-0804a7f9bb8f 7972f11c555e4c9e8dbf8e5580583c3d ea498644c9bb448ea104b2c8975a7de0 - - default default] Successfully bumped revision number for resource c18b3c65-ced1-4b3f-80de-36d1afee7320 (type: security_group_rules) to 0 [pid: 7|app: 0|req: 717/1443] 10.0.0.90 () {32 vars in 773 bytes} [Mon Mar 2 17:55:14 2026] GET /v2.0/security-groups?tenant_id=99b46d9c34474a7c9af6c4d8152ca667&name=default => generated 2925 bytes in 482 msecs (HTTP/1.1 200) 4 headers in 158 bytes (1 switches on core 0)
2026-03-02 17:55:15.757 7 INFO neutron.db.ovn_revision_numbers_db [None req-04070c5a-559a-4172-ac4b-25ee47b1cd1d 09f65cfe025440f38a5e985e8474241a a3add16c6cd84d588118227829b9a667 - - default default] Successfully bumped revision number for resource 4b352f93-f41a-40d6-b151-65189f4942f0 (type: security_groups) to 1
2026-03-02 17:55:15.774 7 INFO neutron.db.ovn_revision_numbers_db [None req-04070c5a-559a-4172-ac4b-25ee47b1cd1d 09f65cfe025440f38a5e985e8474241a a3add16c6cd84d588118227829b9a667 - - default default] Successfully bumped revision number for resource 4d7c7278-25c1-4c7a-a7c8-165e66de9529 (type: security_group_rules) to 0
2026-03-02 17:55:15.792 7 INFO neutron.db.ovn_revision_numbers_db [None req-04070c5a-559a-4172-ac4b-25ee47b1cd1d 09f65cfe025440f38a5e985e8474241a a3add16c6cd84d588118227829b9a667 - - default default] Successfully bumped revision number for resource d7c39913-46f2-49e3-a7d6-09d985af416e (type: security_group_rules) to 0
2026-03-02 17:55:15.805 7 INFO neutron.db.ovn_revision_numbers_db [None req-04070c5a-559a-4172-ac4b-25ee47b1cd1d 09f65cfe025440f38a5e985e8474241a a3add16c6cd84d588118227829b9a667 - - default default] Successfully bumped revision number for resource daaac38a-4573-4ec9-8c47-998c1ff24f38 (type: security_group_rules) to 0
2026-03-02 17:55:15.818 7 INFO neutron.db.ovn_revision_numbers_db [None req-04070c5a-559a-4172-ac4b-25ee47b1cd1d 09f65cfe025440f38a5e985e8474241a a3add16c6cd84d588118227829b9a667 - - default default] Successfully bumped revision number for resource e594bc11-1f01-4f94-98fe-6383075ba4e5 (type: security_group_rules) to 0
2026-03-02 17:55:15.915 7 INFO neutron.db.segments_db [None req-04070c5a-559a-4172-ac4b-25ee47b1cd1d 09f65cfe025440f38a5e985e8474241a a3add16c6cd84d588118227829b9a667 - - default default] Added segment f9775c88-8bdb-4eea-9d11-bcaa749a4fd9 of type geneve for network eb3fa519-59b9-4c30-8182-b05dc69ec43a
2026-03-02 17:55:16.044 7 INFO neutron.db.ovn_revision_numbers_db [None req-04070c5a-559a-4172-ac4b-25ee47b1cd1d 09f65cfe025440f38a5e985e8474241a a3add16c6cd84d588118227829b9a667 - - default default] Successfully bumped revision number for resource eb3fa519-59b9-4c30-8182-b05dc69ec43a (type: networks) to 1
2026-03-02 17:55:16.241 7 WARNING neutron.scheduler.dhcp_agent_scheduler [None req-04070c5a-559a-4172-ac4b-25ee47b1cd1d 09f65cfe025440f38a5e985e8474241a a3add16c6cd84d588118227829b9a667 - - default default] No more DHCP agents
2026-03-02 17:55:16.242 7 WARNING neutron.api.rpc.agentnotifiers.dhcp_rpc_agent_api [None req-04070c5a-559a-4172-ac4b-25ee47b1cd1d 09f65cfe025440f38a5e985e8474241a a3add16c6cd84d588118227829b9a667 - - default default] Unable to schedule network eb3fa519-59b9-4c30-8182-b05dc69ec43a: no agents available; will retry on subsequent port and subnet creation events.
2026-03-02 17:55:16.292 7 INFO neutron.plugins.ml2.drivers.ovn.mech_driver.mech_driver [None req-984eade4-2e08-408c-942f-46cbe88542fd - - - - - -] OVN reports status down for port: cc8fa716-152a-4aa6-87c4-806931ccb620
2026-03-02 17:55:16.345 8 INFO neutron.db.ovn_revision_numbers_db [None req-c7b1cf92-2b1d-48c6-a020-0612ddef222c - - - - - -] Successfully bumped revision number for resource 368468a3-3384-4854-b6df-77ced04a58c8 (type: ports) to 5
2026-03-02 17:55:16.352 7 INFO neutron.db.ovn_revision_numbers_db [None req-04070c5a-559a-4172-ac4b-25ee47b1cd1d 09f65cfe025440f38a5e985e8474241a a3add16c6cd84d588118227829b9a667 - - default default] Successfully bumped revision number for resource cc8fa716-152a-4aa6-87c4-806931ccb620 (type: ports) to 1 [pid: 7|app: 0|req: 718/1444] 10.0.0.90 () {34 vars in 670 bytes} [Mon Mar 2 17:55:15 2026] POST /v2.0/networks => generated 651 bytes in 957 msecs (HTTP/1.1 201) 4 headers in 162 bytes (1 switches on core 0)
2026-03-02 17:55:16.488 7 INFO neutron.plugins.ml2.drivers.ovn.mech_driver.mech_driver [None req-984eade4-2e08-408c-942f-46cbe88542fd - - - - - -] OVN reports status up for port: bc4a5c9b-c2cf-43d1-8fa3-2725a83c91f1
2026-03-02 17:55:16.514 7 INFO neutron.plugins.ml2.plugin [None req-984eade4-2e08-408c-942f-46cbe88542fd - - - - - -] Attempt 1 to provision port bc4a5c9b-c2cf-43d1-8fa3-2725a83c91f1
2026-03-02 17:55:16.518 8 INFO neutron.plugins.ml2.plugin [None req-2b20a4ab-60c4-4c30-b8d0-9fb0a6f3f719 7972f11c555e4c9e8dbf8e5580583c3d ea498644c9bb448ea104b2c8975a7de0 - - default default] Attempt 1 to provision port bc4a5c9b-c2cf-43d1-8fa3-2725a83c91f1
2026-03-02 17:55:16.581 8 WARNING neutron.scheduler.dhcp_agent_scheduler [None req-2b20a4ab-60c4-4c30-b8d0-9fb0a6f3f719 7972f11c555e4c9e8dbf8e5580583c3d ea498644c9bb448ea104b2c8975a7de0 - - default default] No more DHCP agents
2026-03-02 17:55:16.582 8 WARNING neutron.api.rpc.agentnotifiers.dhcp_rpc_agent_api [None req-2b20a4ab-60c4-4c30-b8d0-9fb0a6f3f719 7972f11c555e4c9e8dbf8e5580583c3d ea498644c9bb448ea104b2c8975a7de0 - - default default] Unable to schedule network eb703b67-1f40-4cb0-8284-2885f436c5df: no agents available; will retry on subsequent port and subnet creation events. [pid: 7|app: 0|req: 719/1445] 10.0.0.90 () {32 vars in 739 bytes} [Mon Mar 2 17:55:16 2026] DELETE /v2.0/security-groups/6d02612b-9377-4168-a923-d9da649e0db7 => generated 0 bytes in 470 msecs (HTTP/1.1 204) 2 headers in 112 bytes (1 switches on core 0) [pid: 7|app: 0|req: 720/1446] 10.0.0.165 () {34 vars in 990 bytes} [Mon Mar 2 17:55:16 2026] GET /v2.0/ports?device_id=a1a676fd-b36b-4148-b6d7-c653686d3a79 => generated 12 bytes in 38 msecs (HTTP/1.1 200) 4 headers in 156 bytes (1 switches on core 0)
2026-03-02 17:55:17.010 8 INFO neutron.db.ovn_revision_numbers_db [None req-2b20a4ab-60c4-4c30-b8d0-9fb0a6f3f719 7972f11c555e4c9e8dbf8e5580583c3d ea498644c9bb448ea104b2c8975a7de0 - - default default] Successfully bumped revision number for resource bc4a5c9b-c2cf-43d1-8fa3-2725a83c91f1 (type: router_ports) to 1 [pid: 8|app: 0|req: 727/1447] 10.0.0.90 () {34 vars in 782 bytes} [Mon Mar 2 17:55:13 2026] PUT /v2.0/routers/11430655-bec8-49ae-9acf-0dbf25e908c6/add_router_interface => generated 309 bytes in 3252 msecs (HTTP/1.1 200) 4 headers in 157 bytes (1 switches on core 0)
2026-03-02 17:55:17.144 8 INFO neutron.db.ovn_revision_numbers_db [None req-b7f52a7f-fb47-4e0f-87cb-35bbe9805b66 7972f11c555e4c9e8dbf8e5580583c3d ea498644c9bb448ea104b2c8975a7de0 - - default default] Successfully bumped revision number for resource e24ea64c-7f1d-4f6e-b47d-8507a8113337 (type: security_groups) to 1
2026-03-02 17:55:17.157 8 INFO neutron.db.ovn_revision_numbers_db [None req-b7f52a7f-fb47-4e0f-87cb-35bbe9805b66 7972f11c555e4c9e8dbf8e5580583c3d ea498644c9bb448ea104b2c8975a7de0 - - default default] Successfully bumped revision number for resource 0f7e3810-4a03-414f-8451-1f934642f957 (type: security_group_rules) to 0
2026-03-02 17:55:17.177 8 INFO neutron.db.ovn_revision_numbers_db [None req-b7f52a7f-fb47-4e0f-87cb-35bbe9805b66 7972f11c555e4c9e8dbf8e5580583c3d ea498644c9bb448ea104b2c8975a7de0 - - default default] Successfully bumped revision number for resource 203b9b60-14a5-4c11-8a56-5572ca8e5f3d (type: security_group_rules) to 0
2026-03-02 17:55:17.193 8 INFO neutron.db.ovn_revision_numbers_db [None req-b7f52a7f-fb47-4e0f-87cb-35bbe9805b66 7972f11c555e4c9e8dbf8e5580583c3d ea498644c9bb448ea104b2c8975a7de0 - - default default] Successfully bumped revision number for resource 9685ae6b-596f-41b1-8d79-5412974f4a95 (type: security_group_rules) to 0
2026-03-02 17:55:17.212 8 INFO neutron.db.ovn_revision_numbers_db [None req-b7f52a7f-fb47-4e0f-87cb-35bbe9805b66 7972f11c555e4c9e8dbf8e5580583c3d ea498644c9bb448ea104b2c8975a7de0 - - default default] Successfully bumped revision number for resource c1917551-6f8a-4db7-95c4-6038b5815139 (type: security_group_rules) to 0 [pid: 8|app: 0|req: 728/1448] 10.0.0.90 () {32 vars in 773 bytes} [Mon Mar 2 17:55:17 2026] GET /v2.0/security-groups?tenant_id=f962dcf11d7f42b8b457a9cbb581111d&name=default => generated 2925 bytes in 240 msecs (HTTP/1.1 200) 4 headers in 158 bytes (1 switches on core 0)
2026-03-02 17:55:17.336 7 INFO neutron.db.ovn_revision_numbers_db [None req-984eade4-2e08-408c-942f-46cbe88542fd - - - - - -] Successfully bumped revision number for resource bc4a5c9b-c2cf-43d1-8fa3-2725a83c91f1 (type: ports) to 2 [pid: 8|app: 0|req: 729/1449] 10.0.0.90 () {32 vars in 739 bytes} [Mon Mar 2 17:55:17 2026] DELETE /v2.0/security-groups/e24ea64c-7f1d-4f6e-b47d-8507a8113337 => generated 0 bytes in 230 msecs (HTTP/1.1 204) 2 headers in 112 bytes (1 switches on core 0)
2026-03-02 17:55:17.675 7 WARNING neutron.scheduler.dhcp_agent_scheduler [None req-be2de905-5610-4d58-80e6-ccef7a062c44 09f65cfe025440f38a5e985e8474241a a3add16c6cd84d588118227829b9a667 - - default default] No more DHCP agents
