2026-04-27 22:09:18.385 8 INFO placement.requestlog [req-ee57da6c-4453-4c98-8ab9-b4cbf4bb77cc req-c91234ef-dc38-4536-b4c5-7d1401fd5710 6e8717502b6c4ed8bb8d0a0e0220b6be b63e6221d7744496900c71ae1d5e0804 - - 1611e27ec57347bab94588ad918639a4 1611e27ec57347bab94588ad918639a4] 199.204.45.23 "GET /resource_providers/b842fa49-3042-4d5f-9ee5-a410383a7d4b/allocations" status: 200 len: 353 microversion: 1.0 [pid: 8|app: 0|req: 464/930] 199.204.45.23 () {32 vars in 856 bytes} [Mon Apr 27 22:09:18 2026] GET /resource_providers/b842fa49-3042-4d5f-9ee5-a410383a7d4b/allocations => generated 353 bytes in 20 msecs (HTTP/1.1 200) 6 headers in 224 bytes (1 switches on core 0)
2026-04-27 22:09:18.422 7 INFO placement.requestlog [req-ee57da6c-4453-4c98-8ab9-b4cbf4bb77cc req-edcc2763-9916-4ce8-8ee2-be2a37809ec9 6e8717502b6c4ed8bb8d0a0e0220b6be b63e6221d7744496900c71ae1d5e0804 - - 1611e27ec57347bab94588ad918639a4 1611e27ec57347bab94588ad918639a4] 199.204.45.23 "GET /allocations/57422021-cf9a-4cad-bda3-f01cb599812c" status: 200 len: 258 microversion: 1.28 [pid: 7|app: 0|req: 467/931] 199.204.45.23 () {34 vars in 862 bytes} [Mon Apr 27 22:09:18 2026] GET /allocations/57422021-cf9a-4cad-bda3-f01cb599812c => generated 258 bytes in 29 msecs (HTTP/1.1 200) 8 headers in 296 bytes (1 switches on core 0)
2026-04-27 22:09:18.456 8 INFO placement.requestlog [req-ee57da6c-4453-4c98-8ab9-b4cbf4bb77cc req-edd74e97-4e42-4a04-98d1-5e02528ec396 6e8717502b6c4ed8bb8d0a0e0220b6be b63e6221d7744496900c71ae1d5e0804 - - 1611e27ec57347bab94588ad918639a4 1611e27ec57347bab94588ad918639a4] 199.204.45.23 "GET /allocations/8125cc56-25e1-4dac-9e7b-f384c4f58ddf" status: 200 len: 258 microversion: 1.28 [pid: 8|app: 0|req: 465/932] 199.204.45.23 () {34 vars in 862 bytes} [Mon Apr 27 22:09:18 2026] GET /allocations/8125cc56-25e1-4dac-9e7b-f384c4f58ddf => generated 258 bytes in 25 msecs (HTTP/1.1 200) 8 headers in 296 bytes (1 switches on core 0)
2026-04-27 22:09:18.479 7 INFO placement.requestlog [req-ee57da6c-4453-4c98-8ab9-b4cbf4bb77cc req-8b1d2cc0-b69e-43fd-b3f7-98e2db11bd7d 6e8717502b6c4ed8bb8d0a0e0220b6be b63e6221d7744496900c71ae1d5e0804 - - 1611e27ec57347bab94588ad918639a4 1611e27ec57347bab94588ad918639a4] 199.204.45.23 "GET /allocations/7714cee8-a8f6-461d-9b82-8592ba20668b" status: 200 len: 258 microversion: 1.28 [pid: 7|app: 0|req: 468/933] 199.204.45.23 () {34 vars in 862 bytes} [Mon Apr 27 22:09:18 2026] GET /allocations/7714cee8-a8f6-461d-9b82-8592ba20668b => generated 258 bytes in 16 msecs (HTTP/1.1 200) 8 headers in 296 bytes (1 switches on core 0)
2026-04-27 22:09:19.528 8 INFO placement.requestlog [req-ee57da6c-4453-4c98-8ab9-b4cbf4bb77cc req-02364129-9037-4d35-8691-b60a5bee89a7 6e8717502b6c4ed8bb8d0a0e0220b6be b63e6221d7744496900c71ae1d5e0804 - - 1611e27ec57347bab94588ad918639a4 1611e27ec57347bab94588ad918639a4] 199.204.45.23 "DELETE /allocations/7714cee8-a8f6-461d-9b82-8592ba20668b" status: 204 len: 0 microversion: 1.0 [pid: 8|app: 0|req: 466/934] 199.204.45.23 () {34 vars in 840 bytes} [Mon Apr 27 22:09:19 2026] DELETE /allocations/7714cee8-a8f6-461d-9b82-8592ba20668b => generated 0 bytes in 25 msecs (HTTP/1.1 204) 5 headers in 198 bytes (1 switches on core 0)
2026-04-27 22:09:20.333 7 INFO placement.requestlog [None req-83f30248-16ce-4fb4-905a-93e89ac438f7 - - - - - -] 10.0.0.73 "GET /" status: 200 len: 136 microversion: 1.0
2026-04-27 22:09:20.333 8 INFO placement.requestlog [None req-a6993a16-212f-4e5a-a24b-5a5cf01ceae0 - - - - - -] 10.0.0.73 "GET /" status: 200 len: 136 microversion: 1.0
2026-04-27 22:09:22.621 7 INFO placement.requestlog [None req-176b0f87-806e-4b18-8fd2-56275b0bc392 c6e0b03a28e44e2fb60f14eaa2a3904d b63e6221d7744496900c71ae1d5e0804 - - 1611e27ec57347bab94588ad918639a4 1611e27ec57347bab94588ad918639a4] 10.0.0.86 "GET /resource_providers/e67aad35-458c-472c-9ed4-f626a75d6d4b/aggregates" status: 404 len: 235 microversion: 1.1 [pid: 7|app: 0|req: 470/937] 10.0.0.86 () {32 vars in 815 bytes} [Mon Apr 27 22:09:22 2026] GET /resource_providers/e67aad35-458c-472c-9ed4-f626a75d6d4b/aggregates => generated 235 bytes in 14 msecs (HTTP/1.1 404) 5 headers in 202 bytes (1 switches on core 0)
2026-04-27 22:09:22.625 8 INFO placement.requestlog [None req-31d96bee-8a8f-429e-ab06-dc480505e713 c6e0b03a28e44e2fb60f14eaa2a3904d b63e6221d7744496900c71ae1d5e0804 - - 1611e27ec57347bab94588ad918639a4 1611e27ec57347bab94588ad918639a4] 10.0.0.86 "GET /resource_providers/e67aad35-458c-472c-9ed4-f626a75d6d4b/aggregates" status: 404 len: 235 microversion: 1.1 [pid: 8|app: 0|req: 468/938] 10.0.0.86 () {32 vars in 815 bytes} [Mon Apr 27 22:09:22 2026] GET /resource_providers/e67aad35-458c-472c-9ed4-f626a75d6d4b/aggregates => generated 235 bytes in 13 msecs (HTTP/1.1 404) 5 headers in 202 bytes (1 switches on core 0)
2026-04-27 22:09:22.647 7 INFO placement.requestlog [None req-3dd8d084-ff16-4646-8c5d-bde17ff9aaa8 c6e0b03a28e44e2fb60f14eaa2a3904d b63e6221d7744496900c71ae1d5e0804 - - 1611e27ec57347bab94588ad918639a4 1611e27ec57347bab94588ad918639a4] 10.0.0.86 "DELETE /resource_providers/e67aad35-458c-472c-9ed4-f626a75d6d4b" status: 404 len: 246 microversion: 1.1 [pid: 7|app: 0|req: 471/939] 10.0.0.86 () {34 vars in 815 bytes} [Mon Apr 27 22:09:22 2026] DELETE /resource_providers/e67aad35-458c-472c-9ed4-f626a75d6d4b => generated 246 bytes in 12 msecs (HTTP/1.1 404) 6 headers in 231 bytes (1 switches on core 0)
2026-04-27 22:09:22.654 8 INFO placement.requestlog [None req-d562bfd6-c27f-420a-96b2-fa8411c4fb5c c6e0b03a28e44e2fb60f14eaa2a3904d b63e6221d7744496900c71ae1d5e0804 - - 1611e27ec57347bab94588ad918639a4 1611e27ec57347bab94588ad918639a4] 10.0.0.86 "DELETE /resource_providers/e67aad35-458c-472c-9ed4-f626a75d6d4b" status: 404 len: 246 microversion: 1.1 [pid: 8|app: 0|req: 469/940] 10.0.0.86 () {34 vars in 815 bytes} [Mon Apr 27 22:09:22 2026] DELETE /resource_providers/e67aad35-458c-472c-9ed4-f626a75d6d4b => generated 246 bytes in 19 msecs (HTTP/1.1 404) 6 headers in 231 bytes (1 switches on core 0)
2026-04-27 22:09:24.420 7 INFO placement.requestlog [req-e47e8bba-0a0a-4042-99e5-b0ad4b7ca0ac req-bc55faf5-3427-4cce-adb5-828aa91570a7 6e8717502b6c4ed8bb8d0a0e0220b6be b63e6221d7744496900c71ae1d5e0804 - - 1611e27ec57347bab94588ad918639a4 1611e27ec57347bab94588ad918639a4] 10.0.0.77 "GET /allocation_candidates?limit=1000&resources=DISK_GB%3A1%2CMEMORY_MB%3A512%2CVCPU%3A1&root_required=%21COMPUTE_STATUS_DISABLED" status: 200 len: 2784 microversion: 1.36 [pid: 7|app: 0|req: 472/941] 10.0.0.77 () {34 vars in 1011 bytes} [Mon Apr 27 22:09:24 2026] GET /allocation_candidates?limit=1000&resources=DISK_GB%3A1%2CMEMORY_MB%3A512%2CVCPU%3A1&root_required=%21COMPUTE_STATUS_DISABLED => generated 2784 bytes in 39 msecs (HTTP/1.1 200) 8 headers in 297 bytes (1 switches on core 0)
2026-04-27 22:09:24.448 8 INFO placement.requestlog [req-e47e8bba-0a0a-4042-99e5-b0ad4b7ca0ac req-62a8231d-eaca-4436-912b-1c372e03035f 6e8717502b6c4ed8bb8d0a0e0220b6be b63e6221d7744496900c71ae1d5e0804 - - 1611e27ec57347bab94588ad918639a4 1611e27ec57347bab94588ad918639a4] 10.0.0.77 "GET /allocations/489c817f-eb02-46e5-b282-c39dd6a66da4" status: 200 len: 19 microversion: 1.28 [pid: 8|app: 0|req: 470/942] 10.0.0.77 () {34 vars in 860 bytes} [Mon Apr 27 22:09:24 2026] GET /allocations/489c817f-eb02-46e5-b282-c39dd6a66da4 => generated 19 bytes in 11 msecs (HTTP/1.1 200) 8 headers in 295 bytes (1 switches on core 0)
2026-04-27 22:09:24.517 7 INFO placement.requestlog [req-e47e8bba-0a0a-4042-99e5-b0ad4b7ca0ac req-fbbd8069-25ca-462b-8ad9-169417d9299c 6e8717502b6c4ed8bb8d0a0e0220b6be b63e6221d7744496900c71ae1d5e0804 - - 1611e27ec57347bab94588ad918639a4 1611e27ec57347bab94588ad918639a4] 10.0.0.77 "PUT /allocations/489c817f-eb02-46e5-b282-c39dd6a66da4" status: 204 len: 0 microversion: 1.36 [pid: 7|app: 0|req: 473/943] 10.0.0.77 () {38 vars in 913 bytes} [Mon Apr 27 22:09:24 2026] PUT /allocations/489c817f-eb02-46e5-b282-c39dd6a66da4 => generated 0 bytes in 63 msecs (HTTP/1.1 204) 5 headers in 199 bytes (1 switches on core 0)
2026-04-27 22:09:26.034 8 INFO placement.requestlog [req-e47e8bba-0a0a-4042-99e5-b0ad4b7ca0ac req-c2b5d0a8-e45e-488e-8809-bbd44e0c2229 6e8717502b6c4ed8bb8d0a0e0220b6be b63e6221d7744496900c71ae1d5e0804 - - 1611e27ec57347bab94588ad918639a4 1611e27ec57347bab94588ad918639a4] 199.204.45.23 "GET /allocations/489c817f-eb02-46e5-b282-c39dd6a66da4" status: 200 len: 258 microversion: 1.28 [pid: 8|app: 0|req: 471/944] 199.204.45.23 () {34 vars in 862 bytes} [Mon Apr 27 22:09:26 2026] GET /allocations/489c817f-eb02-46e5-b282-c39dd6a66da4 => generated 258 bytes in 11 msecs (HTTP/1.1 200) 8 headers in 296 bytes (1 switches on core 0)
2026-04-27 22:09:27.077 7 INFO placement.requestlog [req-e47e8bba-0a0a-4042-99e5-b0ad4b7ca0ac req-d20435a0-fedb-4274-a357-164256dfc64f 6e8717502b6c4ed8bb8d0a0e0220b6be b63e6221d7744496900c71ae1d5e0804 - - 1611e27ec57347bab94588ad918639a4 1611e27ec57347bab94588ad918639a4] 199.204.45.23 "GET /resource_providers/b842fa49-3042-4d5f-9ee5-a410383a7d4b/allocations" status: 200 len: 353 microversion: 1.0 [pid: 7|app: 0|req: 474/945] 199.204.45.23 () {32 vars in 856 bytes} [Mon Apr 27 22:09:27 2026] GET /resource_providers/b842fa49-3042-4d5f-9ee5-a410383a7d4b/allocations => generated 353 bytes in 19 msecs (HTTP/1.1 200) 6 headers in 224 bytes (1 switches on core 0)
2026-04-27 22:09:27.096 8 INFO placement.requestlog [req-e47e8bba-0a0a-4042-99e5-b0ad4b7ca0ac req-55e7e2b9-ac1c-45b7-ab21-a4cbdacd8c7e 6e8717502b6c4ed8bb8d0a0e0220b6be b63e6221d7744496900c71ae1d5e0804 - - 1611e27ec57347bab94588ad918639a4 1611e27ec57347bab94588ad918639a4] 199.204.45.23 "GET /allocations/489c817f-eb02-46e5-b282-c39dd6a66da4" status: 200 len: 258 microversion: 1.28 [pid: 8|app: 0|req: 472/946] 199.204.45.23 () {34 vars in 862 bytes} [Mon Apr 27 22:09:27 2026] GET /allocations/489c817f-eb02-46e5-b282-c39dd6a66da4 => generated 258 bytes in 13 msecs (HTTP/1.1 200) 8 headers in 296 bytes (1 switches on core 0)
2026-04-27 22:09:27.116 7 INFO placement.requestlog [req-e47e8bba-0a0a-4042-99e5-b0ad4b7ca0ac req-461529a1-4274-4810-9ee5-577cea9e9fd0 6e8717502b6c4ed8bb8d0a0e0220b6be b63e6221d7744496900c71ae1d5e0804 - - 1611e27ec57347bab94588ad918639a4 1611e27ec57347bab94588ad918639a4] 199.204.45.23 "GET /allocations/57422021-cf9a-4cad-bda3-f01cb599812c" status: 200 len: 258 microversion: 1.28 [pid: 7|app: 0|req: 475/947] 199.204.45.23 () {34 vars in 862 bytes} [Mon Apr 27 22:09:27 2026] GET /allocations/57422021-cf9a-4cad-bda3-f01cb599812c => generated 258 bytes in 14 msecs (HTTP/1.1 200) 8 headers in 296 bytes (1 switches on core 0)
2026-04-27 22:09:27.137 8 INFO placement.requestlog [req-e47e8bba-0a0a-4042-99e5-b0ad4b7ca0ac req-dfa04416-0e88-49a3-aa00-3f147558a024 6e8717502b6c4ed8bb8d0a0e0220b6be b63e6221d7744496900c71ae1d5e0804 - - 1611e27ec57347bab94588ad918639a4 1611e27ec57347bab94588ad918639a4] 199.204.45.23 "GET /allocations/8125cc56-25e1-4dac-9e7b-f384c4f58ddf" status: 200 len: 258 microversion: 1.28 [pid: 8|app: 0|req: 473/948] 199.204.45.23 () {34 vars in 862 bytes} [Mon Apr 27 22:09:27 2026] GET /allocations/8125cc56-25e1-4dac-9e7b-f384c4f58ddf => generated 258 bytes in 17 msecs (HTTP/1.1 200) 8 headers in 296 bytes (1 switches on core 0)
2026-04-27 22:09:30.336 7 INFO placement.requestlog [None req-3b1454e1-2f24-4f16-b732-678f1f0ecc73 - - - - - -] 10.0.0.73 "GET /" status: 200 len: 136 microversion: 1.0
2026-04-27 22:09:30.337 8 INFO placement.requestlog [None req-a931bd41-1168-457c-bd51-a4d09780e2b8 - - - - - -] 10.0.0.73 "GET /" status: 200 len: 136 microversion: 1.0
2026-04-27 22:09:33.071 7 INFO placement.requestlog [None req-3a394ce2-c53f-4444-ad6d-8d240b6e1b18 c6e0b03a28e44e2fb60f14eaa2a3904d b63e6221d7744496900c71ae1d5e0804 - - 1611e27ec57347bab94588ad918639a4 1611e27ec57347bab94588ad918639a4] 10.0.0.86 "GET /resource_providers/498b3673-6f37-4f74-89d3-0de2009b579b/aggregates" status: 404 len: 235 microversion: 1.1 [pid: 7|app: 0|req: 477/951] 10.0.0.86 () {32 vars in 815 bytes} [Mon Apr 27 22:09:33 2026] GET /resource_providers/498b3673-6f37-4f74-89d3-0de2009b579b/aggregates => generated 235 bytes in 10 msecs (HTTP/1.1 404) 5 headers in 202 bytes (1 switches on core 0)
2026-04-27 22:09:33.083 8 INFO placement.requestlog [None req-61bdd60e-7ed8-4563-810e-a973bc9f9159 c6e0b03a28e44e2fb60f14eaa2a3904d b63e6221d7744496900c71ae1d5e0804 - - 1611e27ec57347bab94588ad918639a4 1611e27ec57347bab94588ad918639a4] 10.0.0.86 "GET /resource_providers/498b3673-6f37-4f74-89d3-0de2009b579b/aggregates" status: 404 len: 235 microversion: 1.1 [pid: 8|app: 0|req: 475/952] 10.0.0.86 () {32 vars in 815 bytes} [Mon Apr 27 22:09:33 2026] GET /resource_providers/498b3673-6f37-4f74-89d3-0de2009b579b/aggregates => generated 235 bytes in 12 msecs (HTTP/1.1 404) 5 headers in 202 bytes (1 switches on core 0)
2026-04-27 22:09:33.097 7 INFO placement.requestlog [None req-78385e2a-5a28-40ab-9af0-7c8bbf8cbd36 c6e0b03a28e44e2fb60f14eaa2a3904d b63e6221d7744496900c71ae1d5e0804 - - 1611e27ec57347bab94588ad918639a4 1611e27ec57347bab94588ad918639a4] 10.0.0.86 "DELETE /resource_providers/498b3673-6f37-4f74-89d3-0de2009b579b" status: 404 len: 246 microversion: 1.1 [pid: 7|app: 0|req: 478/953] 10.0.0.86 () {34 vars in 815 bytes} [Mon Apr 27 22:09:33 2026] DELETE /resource_providers/498b3673-6f37-4f74-89d3-0de2009b579b => generated 246 bytes in 17 msecs (HTTP/1.1 404) 6 headers in 231 bytes (1 switches on core 0)
2026-04-27 22:09:33.101 8 INFO placement.requestlog [None req-5250e510-f139-48c5-8242-653a809773ac c6e0b03a28e44e2fb60f14eaa2a3904d b63e6221d7744496900c71ae1d5e0804 - - 1611e27ec57347bab94588ad918639a4 1611e27ec57347bab94588ad918639a4] 10.0.0.86 "DELETE /resource_providers/498b3673-6f37-4f74-89d3-0de2009b579b" status: 404 len: 246 microversion: 1.1 [pid: 8|app: 0|req: 476/954] 10.0.0.86 () {34 vars in 815 bytes} [Mon Apr 27 22:09:33 2026] DELETE /resource_providers/498b3673-6f37-4f74-89d3-0de2009b579b => generated 246 bytes in 10 msecs (HTTP/1.1 404) 6 headers in 231 bytes (1 switches on core 0)
2026-04-27 22:09:33.780 8 INFO placement.requestlog [None req-124a1f16-f1bb-4129-93f1-a03353f63c4b c6e0b03a28e44e2fb60f14eaa2a3904d b63e6221d7744496900c71ae1d5e0804 - - 1611e27ec57347bab94588ad918639a4 1611e27ec57347bab94588ad918639a4] 10.0.0.86 "GET /resource_providers/26afc23f-d51a-4e84-914e-99e2b6de7aed/aggregates" status: 404 len: 235 microversion: 1.1 [pid: 8|app: 0|req: 477/955] 10.0.0.86 () {32 vars in 815 bytes} [Mon Apr 27 22:09:33 2026] GET /resource_providers/26afc23f-d51a-4e84-914e-99e2b6de7aed/aggregates => generated 235 bytes in 12 msecs (HTTP/1.1 404) 5 headers in 202 bytes (1 switches on core 0)
2026-04-27 22:09:33.783 7 INFO placement.requestlog [None req-c85d3c41-6527-4eb4-b988-18fd077fa4b4 c6e0b03a28e44e2fb60f14eaa2a3904d b63e6221d7744496900c71ae1d5e0804 - - 1611e27ec57347bab94588ad918639a4 1611e27ec57347bab94588ad918639a4] 10.0.0.86 "GET /resource_providers/26afc23f-d51a-4e84-914e-99e2b6de7aed/aggregates" status: 404 len: 235 microversion: 1.1 [pid: 7|app: 0|req: 479/956] 10.0.0.86 () {32 vars in 815 bytes} [Mon Apr 27 22:09:33 2026] GET /resource_providers/26afc23f-d51a-4e84-914e-99e2b6de7aed/aggregates => generated 235 bytes in 16 msecs (HTTP/1.1 404) 5 headers in 202 bytes (1 switches on core 0)
2026-04-27 22:09:33.799 7 INFO placement.requestlog [None req-bf46f3d2-0614-4c1c-b7be-d2b6f933bd66 c6e0b03a28e44e2fb60f14eaa2a3904d b63e6221d7744496900c71ae1d5e0804 - - 1611e27ec57347bab94588ad918639a4 1611e27ec57347bab94588ad918639a4] 10.0.0.86 "DELETE /resource_providers/26afc23f-d51a-4e84-914e-99e2b6de7aed" status: 404 len: 246 microversion: 1.1 [pid: 7|app: 0|req: 480/957] 10.0.0.86 () {34 vars in 815 bytes} [Mon Apr 27 22:09:33 2026] DELETE /resource_providers/26afc23f-d51a-4e84-914e-99e2b6de7aed => generated 246 bytes in 10 msecs (HTTP/1.1 404) 6 headers in 231 bytes (1 switches on core 0)
2026-04-27 22:09:33.800 8 INFO placement.requestlog [None req-59571d96-c49e-4004-9acc-8eed5c3090a3 c6e0b03a28e44e2fb60f14eaa2a3904d b63e6221d7744496900c71ae1d5e0804 - - 1611e27ec57347bab94588ad918639a4 1611e27ec57347bab94588ad918639a4] 10.0.0.86 "DELETE /resource_providers/26afc23f-d51a-4e84-914e-99e2b6de7aed" status: 404 len: 246 microversion: 1.1 [pid: 8|app: 0|req: 478/958] 10.0.0.86 () {34 vars in 815 bytes} [Mon Apr 27 22:09:33 2026] DELETE /resource_providers/26afc23f-d51a-4e84-914e-99e2b6de7aed => generated 246 bytes in 11 msecs (HTTP/1.1 404) 6 headers in 231 bytes (1 switches on core 0)
2026-04-27 22:09:35.129 8 INFO placement.requestlog [None req-03f69e2a-f1e9-4e7b-aa21-c430f37288b5 c6e0b03a28e44e2fb60f14eaa2a3904d b63e6221d7744496900c71ae1d5e0804 - - 1611e27ec57347bab94588ad918639a4 1611e27ec57347bab94588ad918639a4] 10.0.0.86 "GET /resource_providers/0d34cc47-7203-4a03-9497-c2d11ec79e15/aggregates" status: 404 len: 235 microversion: 1.1 [pid: 8|app: 0|req: 479/959] 10.0.0.86 () {32 vars in 815 bytes} [Mon Apr 27 22:09:35 2026] GET /resource_providers/0d34cc47-7203-4a03-9497-c2d11ec79e15/aggregates => generated 235 bytes in 11 msecs (HTTP/1.1 404) 5 headers in 202 bytes (1 switches on core 0)
2026-04-27 22:09:35.133 7 INFO placement.requestlog [None req-cb883c88-472c-456e-beb0-27a3f7c4790b c6e0b03a28e44e2fb60f14eaa2a3904d b63e6221d7744496900c71ae1d5e0804 - - 1611e27ec57347bab94588ad918639a4 1611e27ec57347bab94588ad918639a4] 10.0.0.86 "GET /resource_providers/0d34cc47-7203-4a03-9497-c2d11ec79e15/aggregates" status: 404 len: 235 microversion: 1.1 [pid: 7|app: 0|req: 481/960] 10.0.0.86 () {32 vars in 815 bytes} [Mon Apr 27 22:09:35 2026] GET /resource_providers/0d34cc47-7203-4a03-9497-c2d11ec79e15/aggregates => generated 235 bytes in 18 msecs (HTTP/1.1 404) 5 headers in 202 bytes (1 switches on core 0)
2026-04-27 22:09:35.164 8 INFO placement.requestlog [None req-a6cbd117-274f-4fa6-8c8b-ee5d9e5ca79a c6e0b03a28e44e2fb60f14eaa2a3904d b63e6221d7744496900c71ae1d5e0804 - - 1611e27ec57347bab94588ad918639a4 1611e27ec57347bab94588ad918639a4] 10.0.0.86 "DELETE /resource_providers/0d34cc47-7203-4a03-9497-c2d11ec79e15" status: 404 len: 246 microversion: 1.1 [pid: 8|app: 0|req: 480/961] 10.0.0.86 () {34 vars in 815 bytes} [Mon Apr 27 22:09:35 2026] DELETE /resource_providers/0d34cc47-7203-4a03-9497-c2d11ec79e15 => generated 246 bytes in 13 msecs (HTTP/1.1 404) 6 headers in 231 bytes (1 switches on core 0)
2026-04-27 22:09:35.180 7 INFO placement.requestlog [None req-b9b1f896-8aba-4f08-a2ce-905b6468a2e9 c6e0b03a28e44e2fb60f14eaa2a3904d b63e6221d7744496900c71ae1d5e0804 - - 1611e27ec57347bab94588ad918639a4 1611e27ec57347bab94588ad918639a4] 10.0.0.86 "DELETE /resource_providers/0d34cc47-7203-4a03-9497-c2d11ec79e15" status: 404 len: 246 microversion: 1.1 [pid: 7|app: 0|req: 482/962] 10.0.0.86 () {34 vars in 815 bytes} [Mon Apr 27 22:09:35 2026] DELETE /resource_providers/0d34cc47-7203-4a03-9497-c2d11ec79e15 => generated 246 bytes in 28 msecs (HTTP/1.1 404) 6 headers in 231 bytes (1 switches on core 0)
2026-04-27 22:09:35.194 7 INFO placement.requestlog [None req-5d8fd25c-c870-4067-a99d-ca2b61be1342 c6e0b03a28e44e2fb60f14eaa2a3904d b63e6221d7744496900c71ae1d5e0804 - - 1611e27ec57347bab94588ad918639a4 1611e27ec57347bab94588ad918639a4] 10.0.0.86 "GET /resource_providers/6c08ff58-c4ab-404e-9068-311971f06cea/aggregates" status: 404 len: 235 microversion: 1.1 [pid: 7|app: 0|req: 483/963] 10.0.0.86 () {32 vars in 815 bytes} [Mon Apr 27 22:09:35 2026] GET /resource_providers/6c08ff58-c4ab-404e-9068-311971f06cea/aggregates => generated 235 bytes in 7 msecs (HTTP/1.1 404) 5 headers in 202 bytes (1 switches on core 0)
2026-04-27 22:09:35.199 8 INFO placement.requestlog [None req-4b6a2c33-65f4-42fc-a166-55dffb866b66 c6e0b03a28e44e2fb60f14eaa2a3904d b63e6221d7744496900c71ae1d5e0804 - - 1611e27ec57347bab94588ad918639a4 1611e27ec57347bab94588ad918639a4] 10.0.0.86 "GET /resource_providers/6c08ff58-c4ab-404e-9068-311971f06cea/aggregates" status: 404 len: 235 microversion: 1.1 [pid: 8|app: 0|req: 481/964] 10.0.0.86 () {32 vars in 815 bytes} [Mon Apr 27 22:09:35 2026] GET /resource_providers/6c08ff58-c4ab-404e-9068-311971f06cea/aggregates => generated 235 bytes in 12 msecs (HTTP/1.1 404) 5 headers in 202 bytes (1 switches on core 0)
2026-04-27 22:09:35.222 7 INFO placement.requestlog [None req-99a54b3b-3f57-42f3-98d3-44ac56686adc c6e0b03a28e44e2fb60f14eaa2a3904d b63e6221d7744496900c71ae1d5e0804 - - 1611e27ec57347bab94588ad918639a4 1611e27ec57347bab94588ad918639a4] 10.0.0.86 "DELETE /resource_providers/6c08ff58-c4ab-404e-9068-311971f06cea" status: 404 len: 246 microversion: 1.1 [pid: 7|app: 0|req: 484/965] 10.0.0.86 () {34 vars in 815 bytes} [Mon Apr 27 22:09:35 2026] DELETE /resource_providers/6c08ff58-c4ab-404e-9068-311971f06cea => generated 246 bytes in 9 msecs (HTTP/1.1 404) 6 headers in 231 bytes (1 switches on core 0)
2026-04-27 22:09:35.239 8 INFO placement.requestlog [None req-30d72511-8f36-4679-b180-a40a57d28bff c6e0b03a28e44e2fb60f14eaa2a3904d b63e6221d7744496900c71ae1d5e0804 - - 1611e27ec57347bab94588ad918639a4 1611e27ec57347bab94588ad918639a4] 10.0.0.86 "DELETE /resource_providers/6c08ff58-c4ab-404e-9068-311971f06cea" status: 404 len: 246 microversion: 1.1 [pid: 8|app: 0|req: 482/966] 10.0.0.86 () {34 vars in 815 bytes} [Mon Apr 27 22:09:35 2026] DELETE /resource_providers/6c08ff58-c4ab-404e-9068-311971f06cea => generated 246 bytes in 16 msecs (HTTP/1.1 404) 6 headers in 231 bytes (1 switches on core 0)
2026-04-27 22:09:35.826 7 INFO placement.requestlog [None req-945a90f1-01c1-4990-99df-f4cefbab7958 c6e0b03a28e44e2fb60f14eaa2a3904d b63e6221d7744496900c71ae1d5e0804 - - 1611e27ec57347bab94588ad918639a4 1611e27ec57347bab94588ad918639a4] 10.0.0.86 "GET /resource_providers/56dd99a5-b645-4d48-8c4e-bfee73c433ca/aggregates" status: 404 len: 235 microversion: 1.1 [pid: 7|app: 0|req: 485/967] 10.0.0.86 () {32 vars in 815 bytes} [Mon Apr 27 22:09:35 2026] GET /resource_providers/56dd99a5-b645-4d48-8c4e-bfee73c433ca/aggregates => generated 235 bytes in 11 msecs (HTTP/1.1 404) 5 headers in 202 bytes (1 switches on core 0)
2026-04-27 22:09:35.829 8 INFO placement.requestlog [None req-05d17d7a-3352-46ca-9ade-5a20322401a3 c6e0b03a28e44e2fb60f14eaa2a3904d b63e6221d7744496900c71ae1d5e0804 - - 1611e27ec57347bab94588ad918639a4 1611e27ec57347bab94588ad918639a4] 10.0.0.86 "GET /resource_providers/56dd99a5-b645-4d48-8c4e-bfee73c433ca/aggregates" status: 404 len: 235 microversion: 1.1 [pid: 8|app: 0|req: 483/968] 10.0.0.86 () {32 vars in 815 bytes} [Mon Apr 27 22:09:35 2026] GET /resource_providers/56dd99a5-b645-4d48-8c4e-bfee73c433ca/aggregates => generated 235 bytes in 9 msecs (HTTP/1.1 404) 5 headers in 202 bytes (1 switches on core 0)
2026-04-27 22:09:35.878 8 INFO placement.requestlog [None req-bcebaccf-2f66-47f6-a1e6-21336e148a3c c6e0b03a28e44e2fb60f14eaa2a3904d b63e6221d7744496900c71ae1d5e0804 - - 1611e27ec57347bab94588ad918639a4 1611e27ec57347bab94588ad918639a4] 10.0.0.86 "DELETE /resource_providers/56dd99a5-b645-4d48-8c4e-bfee73c433ca" status: 404 len: 246 microversion: 1.1 [pid: 8|app: 0|req: 484/969] 10.0.0.86 () {34 vars in 815 bytes} [Mon Apr 27 22:09:35 2026] DELETE /resource_providers/56dd99a5-b645-4d48-8c4e-bfee73c433ca => generated 246 bytes in 8 msecs (HTTP/1.1 404) 6 headers in 231 bytes (1 switches on core 0)
2026-04-27 22:09:35.879 7 INFO placement.requestlog [None req-60684f51-c9bd-46bb-8944-4c3da4990007 c6e0b03a28e44e2fb60f14eaa2a3904d b63e6221d7744496900c71ae1d5e0804 - - 1611e27ec57347bab94588ad918639a4 1611e27ec57347bab94588ad918639a4] 10.0.0.86 "DELETE /resource_providers/56dd99a5-b645-4d48-8c4e-bfee73c433ca" status: 404 len: 246 microversion: 1.1 [pid: 7|app: 0|req: 486/970] 10.0.0.86 () {34 vars in 815 bytes} [Mon Apr 27 22:09:35 2026] DELETE /resource_providers/56dd99a5-b645-4d48-8c4e-bfee73c433ca => generated 246 bytes in 8 msecs (HTTP/1.1 404) 6 headers in 231 bytes (1 switches on core 0)
2026-04-27 22:09:37.579 8 INFO placement.requestlog [req-b418b7d2-c0a3-4cbb-af0a-c0cc295f009e req-32e83870-6079-43a9-9845-9270b563bf5b 6e8717502b6c4ed8bb8d0a0e0220b6be b63e6221d7744496900c71ae1d5e0804 - - 1611e27ec57347bab94588ad918639a4 1611e27ec57347bab94588ad918639a4] 199.204.45.23 "GET /resource_providers/b842fa49-3042-4d5f-9ee5-a410383a7d4b/allocations" status: 200 len: 353 microversion: 1.0 [pid: 8|app: 0|req: 485/971] 199.204.45.23 () {32 vars in 856 bytes} [Mon Apr 27 22:09:37 2026] GET /resource_providers/b842fa49-3042-4d5f-9ee5-a410383a7d4b/allocations => generated 353 bytes in 21 msecs (HTTP/1.1 200) 6 headers in 224 bytes (1 switches on core 0)
2026-04-27 22:09:37.599 7 INFO placement.requestlog [req-b418b7d2-c0a3-4cbb-af0a-c0cc295f009e req-da30aa1b-f481-44d9-93c0-b7ba8c8189ed 6e8717502b6c4ed8bb8d0a0e0220b6be b63e6221d7744496900c71ae1d5e0804 - - 1611e27ec57347bab94588ad918639a4 1611e27ec57347bab94588ad918639a4] 199.204.45.23 "GET /allocations/489c817f-eb02-46e5-b282-c39dd6a66da4" status: 200 len: 258 microversion: 1.28 [pid: 7|app: 0|req: 487/972] 199.204.45.23 () {34 vars in 862 bytes} [Mon Apr 27 22:09:37 2026] GET /allocations/489c817f-eb02-46e5-b282-c39dd6a66da4 => generated 258 bytes in 13 msecs (HTTP/1.1 200) 8 headers in 296 bytes (1 switches on core 0)
2026-04-27 22:09:37.619 8 INFO placement.requestlog [req-b418b7d2-c0a3-4cbb-af0a-c0cc295f009e req-88a5862c-77aa-4622-80d3-8677e01bf3bb 6e8717502b6c4ed8bb8d0a0e0220b6be b63e6221d7744496900c71ae1d5e0804 - - 1611e27ec57347bab94588ad918639a4 1611e27ec57347bab94588ad918639a4] 199.204.45.23 "GET /allocations/57422021-cf9a-4cad-bda3-f01cb599812c" status: 200 len: 258 microversion: 1.28 [pid: 8|app: 0|req: 486/973] 199.204.45.23 () {34 vars in 862 bytes} [Mon Apr 27 22:09:37 2026] GET /allocations/57422021-cf9a-4cad-bda3-f01cb599812c => generated 258 bytes in 13 msecs (HTTP/1.1 200) 8 headers in 296 bytes (1 switches on core 0)
2026-04-27 22:09:37.634 7 INFO placement.requestlog [req-b418b7d2-c0a3-4cbb-af0a-c0cc295f009e req-1940a93d-62d9-4fd0-855d-6f07363dd360 6e8717502b6c4ed8bb8d0a0e0220b6be b63e6221d7744496900c71ae1d5e0804 - - 1611e27ec57347bab94588ad918639a4 1611e27ec57347bab94588ad918639a4] 199.204.45.23 "GET /allocations/8125cc56-25e1-4dac-9e7b-f384c4f58ddf" status: 200 len: 258 microversion: 1.28 [pid: 7|app: 0|req: 488/974] 199.204.45.23 () {34 vars in 862 bytes} [Mon Apr 27 22:09:37 2026] GET /allocations/8125cc56-25e1-4dac-9e7b-f384c4f58ddf => generated 258 bytes in 9 msecs (HTTP/1.1 200) 8 headers in 296 bytes (1 switches on core 0)
2026-04-27 22:09:38.707 8 INFO placement.requestlog [req-b418b7d2-c0a3-4cbb-af0a-c0cc295f009e req-9c3ecab1-0f17-4804-9401-7ffbceea0999 6e8717502b6c4ed8bb8d0a0e0220b6be b63e6221d7744496900c71ae1d5e0804 - - 1611e27ec57347bab94588ad918639a4 1611e27ec57347bab94588ad918639a4] 199.204.45.23 "DELETE /allocations/8125cc56-25e1-4dac-9e7b-f384c4f58ddf" status: 204 len: 0 microversion: 1.0 [pid: 8|app: 0|req: 487/975] 199.204.45.23 () {34 vars in 840 bytes} [Mon Apr 27 22:09:38 2026] DELETE /allocations/8125cc56-25e1-4dac-9e7b-f384c4f58ddf => generated 0 bytes in 50 msecs (HTTP/1.1 204) 5 headers in 198 bytes (1 switches on core 0)
2026-04-27 22:09:40.333 7 INFO placement.requestlog [None req-d91ce99e-ba0c-475a-9324-a52bbb60cfba - - - - - -] 10.0.0.73 "GET /" status: 200 len: 136 microversion: 1.0
2026-04-27 22:09:40.336 8 INFO placement.requestlog [None req-5a96b7f2-6212-417b-b2d9-217d1d88f521 - - - - - -] 10.0.0.73 "GET /" status: 200 len: 136 microversion: 1.0
2026-04-27 22:09:43.696 7 INFO placement.requestlog [None req-6c0b051a-3537-4b69-9727-979a85a502ca c6e0b03a28e44e2fb60f14eaa2a3904d b63e6221d7744496900c71ae1d5e0804 - - 1611e27ec57347bab94588ad918639a4 1611e27ec57347bab94588ad918639a4] 10.0.0.86 "GET /resource_providers/8ffe2269-99e4-4d70-b41a-3a95868cbd56/aggregates" status: 404 len: 235 microversion: 1.1 [pid: 7|app: 0|req: 490/978] 10.0.0.86 () {32 vars in 815 bytes} [Mon Apr 27 22:09:43 2026] GET /resource_providers/8ffe2269-99e4-4d70-b41a-3a95868cbd56/aggregates => generated 235 bytes in 13 msecs (HTTP/1.1 404) 5 headers in 202 bytes (1 switches on core 0)
2026-04-27 22:09:43.696 8 INFO placement.requestlog [None req-8134c19f-5711-430c-a8ac-6756cafd03a1 c6e0b03a28e44e2fb60f14eaa2a3904d b63e6221d7744496900c71ae1d5e0804 - - 1611e27ec57347bab94588ad918639a4 1611e27ec57347bab94588ad918639a4] 10.0.0.86 "GET /resource_providers/8ffe2269-99e4-4d70-b41a-3a95868cbd56/aggregates" status: 404 len: 235 microversion: 1.1 [pid: 8|app: 0|req: 489/979] 10.0.0.86 () {32 vars in 815 bytes} [Mon Apr 27 22:09:43 2026] GET /resource_providers/8ffe2269-99e4-4d70-b41a-3a95868cbd56/aggregates => generated 235 bytes in 12 msecs (HTTP/1.1 404) 5 headers in 202 bytes (1 switches on core 0)
2026-04-27 22:09:43.744 7 INFO placement.requestlog [None req-faf757bd-eed6-46c9-84e0-f1e3312580a3 c6e0b03a28e44e2fb60f14eaa2a3904d b63e6221d7744496900c71ae1d5e0804 - - 1611e27ec57347bab94588ad918639a4 1611e27ec57347bab94588ad918639a4] 10.0.0.86 "DELETE /resource_providers/8ffe2269-99e4-4d70-b41a-3a95868cbd56" status: 404 len: 246 microversion: 1.1 [pid: 7|app: 0|req: 491/980] 10.0.0.86 () {34 vars in 815 bytes} [Mon Apr 27 22:09:43 2026] DELETE /resource_providers/8ffe2269-99e4-4d70-b41a-3a95868cbd56 => generated 246 bytes in 10 msecs (HTTP/1.1 404) 6 headers in 231 bytes (1 switches on core 0)
2026-04-27 22:09:43.745 8 INFO placement.requestlog [None req-83dc2435-0ea9-47cc-82f8-120200fe9428 c6e0b03a28e44e2fb60f14eaa2a3904d b63e6221d7744496900c71ae1d5e0804 - - 1611e27ec57347bab94588ad918639a4 1611e27ec57347bab94588ad918639a4] 10.0.0.86 "DELETE /resource_providers/8ffe2269-99e4-4d70-b41a-3a95868cbd56" status: 404 len: 246 microversion: 1.1 [pid: 8|app: 0|req: 490/981] 10.0.0.86 () {34 vars in 815 bytes} [Mon Apr 27 22:09:43 2026] DELETE /resource_providers/8ffe2269-99e4-4d70-b41a-3a95868cbd56 => generated 246 bytes in 10 msecs (HTTP/1.1 404) 6 headers in 231 bytes (1 switches on core 0)
2026-04-27 22:09:46.588 8 INFO placement.requestlog [None req-43dd8dfd-fb67-486c-9938-98585534ee9f c6e0b03a28e44e2fb60f14eaa2a3904d b63e6221d7744496900c71ae1d5e0804 - - 1611e27ec57347bab94588ad918639a4 1611e27ec57347bab94588ad918639a4] 10.0.0.86 "GET /resource_providers/48ac36f2-d46c-43f5-b7d4-5bf013e8a965/aggregates" status: 404 len: 235 microversion: 1.1 [pid: 8|app: 0|req: 491/982] 10.0.0.86 () {32 vars in 815 bytes} [Mon Apr 27 22:09:46 2026] GET /resource_providers/48ac36f2-d46c-43f5-b7d4-5bf013e8a965/aggregates => generated 235 bytes in 9 msecs (HTTP/1.1 404) 5 headers in 202 bytes (1 switches on core 0)
2026-04-27 22:09:46.590 7 INFO placement.requestlog [None req-c3baf932-675b-4d37-b06b-63d4e75f0133 c6e0b03a28e44e2fb60f14eaa2a3904d b63e6221d7744496900c71ae1d5e0804 - - 1611e27ec57347bab94588ad918639a4 1611e27ec57347bab94588ad918639a4] 10.0.0.86 "GET /resource_providers/48ac36f2-d46c-43f5-b7d4-5bf013e8a965/aggregates" status: 404 len: 235 microversion: 1.1 [pid: 7|app: 0|req: 492/983] 10.0.0.86 () {32 vars in 815 bytes} [Mon Apr 27 22:09:46 2026] GET /resource_providers/48ac36f2-d46c-43f5-b7d4-5bf013e8a965/aggregates => generated 235 bytes in 13 msecs (HTTP/1.1 404) 5 headers in 202 bytes (1 switches on core 0)
2026-04-27 22:09:46.613 7 INFO placement.requestlog [None req-093a90a0-d346-4afa-bef0-52534504f42b c6e0b03a28e44e2fb60f14eaa2a3904d b63e6221d7744496900c71ae1d5e0804 - - 1611e27ec57347bab94588ad918639a4 1611e27ec57347bab94588ad918639a4] 10.0.0.86 "DELETE /resource_providers/48ac36f2-d46c-43f5-b7d4-5bf013e8a965" status: 404 len: 246 microversion: 1.1 [pid: 7|app: 0|req: 493/984] 10.0.0.86 () {34 vars in 815 bytes} [Mon Apr 27 22:09:46 2026] DELETE /resource_providers/48ac36f2-d46c-43f5-b7d4-5bf013e8a965 => generated 246 bytes in 8 msecs (HTTP/1.1 404) 6 headers in 231 bytes (1 switches on core 0)
2026-04-27 22:09:46.615 8 INFO placement.requestlog [None req-7c8e5954-b2a1-4ea6-8ca3-3a7730e14708 c6e0b03a28e44e2fb60f14eaa2a3904d b63e6221d7744496900c71ae1d5e0804 - - 1611e27ec57347bab94588ad918639a4 1611e27ec57347bab94588ad918639a4] 10.0.0.86 "DELETE /resource_providers/48ac36f2-d46c-43f5-b7d4-5bf013e8a965" status: 404 len: 246 microversion: 1.1 [pid: 8|app: 0|req: 492/985] 10.0.0.86 () {34 vars in 815 bytes} [Mon Apr 27 22:09:46 2026] DELETE /resource_providers/48ac36f2-d46c-43f5-b7d4-5bf013e8a965 => generated 246 bytes in 13 msecs (HTTP/1.1 404) 6 headers in 231 bytes (1 switches on core 0)
2026-04-27 22:09:50.332 8 INFO placement.requestlog [None req-d3bb06b0-2d6a-48bf-98ee-f4bdbf4b7ae3 - - - - - -] 10.0.0.73 "GET /" status: 200 len: 136 microversion: 1.0
2026-04-27 22:09:50.332 7 INFO placement.requestlog [None req-5d3d66bd-31e2-4fd5-bc22-09507c71fe85 - - - - - -] 10.0.0.73 "GET /" status: 200 len: 136 microversion: 1.0
2026-04-27 22:09:51.190 8 INFO placement.requestlog [None req-876503a8-c9fb-4b8d-9e64-e1b64eef3722 c6e0b03a28e44e2fb60f14eaa2a3904d b63e6221d7744496900c71ae1d5e0804 - - 1611e27ec57347bab94588ad918639a4 1611e27ec57347bab94588ad918639a4] 10.0.0.86 "GET /resource_providers/4c4f170f-3c7e-47f1-930e-94b87b116746/aggregates" status: 404 len: 235 microversion: 1.1 [pid: 8|app: 0|req: 494/988] 10.0.0.86 () {32 vars in 815 bytes} [Mon Apr 27 22:09:51 2026] GET /resource_providers/4c4f170f-3c7e-47f1-930e-94b87b116746/aggregates => generated 235 bytes in 13 msecs (HTTP/1.1 404) 5 headers in 202 bytes (1 switches on core 0)
2026-04-27 22:09:51.193 7 INFO placement.requestlog [None req-fae138c1-2fd3-430a-8e45-9d14d7f64e60 c6e0b03a28e44e2fb60f14eaa2a3904d b63e6221d7744496900c71ae1d5e0804 - - 1611e27ec57347bab94588ad918639a4 1611e27ec57347bab94588ad918639a4] 10.0.0.86 "GET /resource_providers/4c4f170f-3c7e-47f1-930e-94b87b116746/aggregates" status: 404 len: 235 microversion: 1.1 [pid: 7|app: 0|req: 495/989] 10.0.0.86 () {32 vars in 815 bytes} [Mon Apr 27 22:09:51 2026] GET /resource_providers/4c4f170f-3c7e-47f1-930e-94b87b116746/aggregates => generated 235 bytes in 10 msecs (HTTP/1.1 404) 5 headers in 202 bytes (1 switches on core 0)
2026-04-27 22:09:51.215 8 INFO placement.requestlog [None req-604ef451-b5e7-40d2-8f72-439270ea24ab c6e0b03a28e44e2fb60f14eaa2a3904d b63e6221d7744496900c71ae1d5e0804 - - 1611e27ec57347bab94588ad918639a4 1611e27ec57347bab94588ad918639a4] 10.0.0.86 "DELETE /resource_providers/4c4f170f-3c7e-47f1-930e-94b87b116746" status: 404 len: 246 microversion: 1.1 [pid: 8|app: 0|req: 495/990] 10.0.0.86 () {34 vars in 815 bytes} [Mon Apr 27 22:09:51 2026] DELETE /resource_providers/4c4f170f-3c7e-47f1-930e-94b87b116746 => generated 246 bytes in 13 msecs (HTTP/1.1 404) 6 headers in 231 bytes (1 switches on core 0)
2026-04-27 22:09:51.219 7 INFO placement.requestlog [None req-38cd4230-63eb-4b0b-ad54-7607515b819f c6e0b03a28e44e2fb60f14eaa2a3904d b63e6221d7744496900c71ae1d5e0804 - - 1611e27ec57347bab94588ad918639a4 1611e27ec57347bab94588ad918639a4] 10.0.0.86 "DELETE /resource_providers/4c4f170f-3c7e-47f1-930e-94b87b116746" status: 404 len: 246 microversion: 1.1 [pid: 7|app: 0|req: 496/991] 10.0.0.86 () {34 vars in 815 bytes} [Mon Apr 27 22:09:51 2026] DELETE /resource_providers/4c4f170f-3c7e-47f1-930e-94b87b116746 => generated 246 bytes in 11 msecs (HTTP/1.1 404) 6 headers in 231 bytes (1 switches on core 0)
2026-04-27 22:09:51.608 8 INFO placement.requestlog [None req-1d72e618-d225-41e6-91d7-e07f49cdf07d c6e0b03a28e44e2fb60f14eaa2a3904d b63e6221d7744496900c71ae1d5e0804 - - 1611e27ec57347bab94588ad918639a4 1611e27ec57347bab94588ad918639a4] 10.0.0.86 "GET /resource_providers/f47068c4-60be-41f5-9bc5-9e73c3f9c179/aggregates" status: 404 len: 235 microversion: 1.1 [pid: 8|app: 0|req: 496/992] 10.0.0.86 () {32 vars in 815 bytes} [Mon Apr 27 22:09:51 2026] GET /resource_providers/f47068c4-60be-41f5-9bc5-9e73c3f9c179/aggregates => generated 235 bytes in 14 msecs (HTTP/1.1 404) 5 headers in 202 bytes (1 switches on core 0)
2026-04-27 22:09:51.612 7 INFO placement.requestlog [None req-d39e9b4d-5a6a-42f3-b681-a4c80a549c1b c6e0b03a28e44e2fb60f14eaa2a3904d b63e6221d7744496900c71ae1d5e0804 - - 1611e27ec57347bab94588ad918639a4 1611e27ec57347bab94588ad918639a4] 10.0.0.86 "GET /resource_providers/f47068c4-60be-41f5-9bc5-9e73c3f9c179/aggregates" status: 404 len: 235 microversion: 1.1 [pid: 7|app: 0|req: 497/993] 10.0.0.86 () {32 vars in 815 bytes} [Mon Apr 27 22:09:51 2026] GET /resource_providers/f47068c4-60be-41f5-9bc5-9e73c3f9c179/aggregates => generated 235 bytes in 16 msecs (HTTP/1.1 404) 5 headers in 202 bytes (1 switches on core 0)
2026-04-27 22:09:51.626 8 INFO placement.requestlog [None req-6ba7fb38-a7ba-442c-a008-5e87d1629b35 c6e0b03a28e44e2fb60f14eaa2a3904d b63e6221d7744496900c71ae1d5e0804 - - 1611e27ec57347bab94588ad918639a4 1611e27ec57347bab94588ad918639a4] 10.0.0.86 "DELETE /resource_providers/f47068c4-60be-41f5-9bc5-9e73c3f9c179" status: 404 len: 246 microversion: 1.1 [pid: 8|app: 0|req: 497/994] 10.0.0.86 () {34 vars in 815 bytes} [Mon Apr 27 22:09:51 2026] DELETE /resource_providers/f47068c4-60be-41f5-9bc5-9e73c3f9c179 => generated 246 bytes in 8 msecs (HTTP/1.1 404) 6 headers in 231 bytes (1 switches on core 0)
2026-04-27 22:09:51.640 7 INFO placement.requestlog [None req-2c5f955e-fe5c-43c4-9ee5-9eb0692d3a40 c6e0b03a28e44e2fb60f14eaa2a3904d b63e6221d7744496900c71ae1d5e0804 - - 1611e27ec57347bab94588ad918639a4 1611e27ec57347bab94588ad918639a4] 10.0.0.86 "DELETE /resource_providers/f47068c4-60be-41f5-9bc5-9e73c3f9c179" status: 404 len: 246 microversion: 1.1 [pid: 7|app: 0|req: 498/995] 10.0.0.86 () {34 vars in 815 bytes} [Mon Apr 27 22:09:51 2026] DELETE /resource_providers/f47068c4-60be-41f5-9bc5-9e73c3f9c179 => generated 246 bytes in 12 msecs (HTTP/1.1 404) 6 headers in 231 bytes (1 switches on core 0)
2026-04-27 22:09:53.645 8 INFO placement.requestlog [None req-68dd1b2f-30e5-4c6c-8265-7d62a7274137 c6e0b03a28e44e2fb60f14eaa2a3904d b63e6221d7744496900c71ae1d5e0804 - - 1611e27ec57347bab94588ad918639a4 1611e27ec57347bab94588ad918639a4] 10.0.0.86 "GET /resource_providers/f3528bdf-5904-4ab3-99c3-537b9e462897/aggregates" status: 404 len: 235 microversion: 1.1 [pid: 8|app: 0|req: 498/996] 10.0.0.86 () {32 vars in 815 bytes} [Mon Apr 27 22:09:53 2026] GET /resource_providers/f3528bdf-5904-4ab3-99c3-537b9e462897/aggregates => generated 235 bytes in 10 msecs (HTTP/1.1 404) 5 headers in 202 bytes (1 switches on core 0)
2026-04-27 22:09:53.662 8 INFO placement.requestlog [None req-2a37cadb-3576-463f-b81d-3e1f79d0b928 c6e0b03a28e44e2fb60f14eaa2a3904d b63e6221d7744496900c71ae1d5e0804 - - 1611e27ec57347bab94588ad918639a4 1611e27ec57347bab94588ad918639a4] 10.0.0.86 "DELETE /resource_providers/f3528bdf-5904-4ab3-99c3-537b9e462897" status: 404 len: 246 microversion: 1.1 [pid: 8|app: 0|req: 499/997] 10.0.0.86 () {34 vars in 815 bytes} [Mon Apr 27 22:09:53 2026] DELETE /resource_providers/f3528bdf-5904-4ab3-99c3-537b9e462897 => generated 246 bytes in 9 msecs (HTTP/1.1 404) 6 headers in 231 bytes (1 switches on core 0)
2026-04-27 22:09:53.668 7 INFO placement.requestlog [None req-3dd4a84b-eacb-4014-b479-fd08ad46b3d1 c6e0b03a28e44e2fb60f14eaa2a3904d b63e6221d7744496900c71ae1d5e0804 - - 1611e27ec57347bab94588ad918639a4 1611e27ec57347bab94588ad918639a4] 10.0.0.86 "GET /resource_providers/f3528bdf-5904-4ab3-99c3-537b9e462897/aggregates" status: 404 len: 235 microversion: 1.1 [pid: 7|app: 0|req: 499/998] 10.0.0.86 () {32 vars in 815 bytes} [Mon Apr 27 22:09:53 2026] GET /resource_providers/f3528bdf-5904-4ab3-99c3-537b9e462897/aggregates => generated 235 bytes in 13 msecs (HTTP/1.1 404) 5 headers in 202 bytes (1 switches on core 0)
2026-04-27 22:09:53.701 8 INFO placement.requestlog [None req-50d8fdcb-fe49-4d84-b996-80349674061b c6e0b03a28e44e2fb60f14eaa2a3904d b63e6221d7744496900c71ae1d5e0804 - - 1611e27ec57347bab94588ad918639a4 1611e27ec57347bab94588ad918639a4] 10.0.0.86 "DELETE /resource_providers/f3528bdf-5904-4ab3-99c3-537b9e462897" status: 404 len: 246 microversion: 1.1 [pid: 8|app: 0|req: 500/999] 10.0.0.86 () {34 vars in 815 bytes} [Mon Apr 27 22:09:53 2026] DELETE /resource_providers/f3528bdf-5904-4ab3-99c3-537b9e462897 => generated 246 bytes in 10 msecs (HTTP/1.1 404) 6 headers in 231 bytes (1 switches on core 0)
2026-04-27 22:09:53.718 7 INFO placement.requestlog [None req-ed94af83-02f1-4a14-84e4-dc7eec608f1b c6e0b03a28e44e2fb60f14eaa2a3904d b63e6221d7744496900c71ae1d5e0804 - - 1611e27ec57347bab94588ad918639a4 1611e27ec57347bab94588ad918639a4] 10.0.0.86 "GET /resource_providers/8d2800f7-8a99-45ee-849f-9e37c0c9c387/aggregates" status: 404 len: 235 microversion: 1.1 [pid: 7|app: 0|req: 500/1000] 10.0.0.86 () {32 vars in 815 bytes} [Mon Apr 27 22:09:53 2026] GET /resource_providers/8d2800f7-8a99-45ee-849f-9e37c0c9c387/aggregates => generated 235 bytes in 11 msecs (HTTP/1.1 404) 5 headers in 202 bytes (1 switches on core 0)
2026-04-27 22:09:53.749 8 INFO placement.requestlog [None req-3a1c2a77-b3a4-43c6-ae79-5be2e3fcb1c8 c6e0b03a28e44e2fb60f14eaa2a3904d b63e6221d7744496900c71ae1d5e0804 - - 1611e27ec57347bab94588ad918639a4 1611e27ec57347bab94588ad918639a4] 10.0.0.86 "GET /resource_providers/8d2800f7-8a99-45ee-849f-9e37c0c9c387/aggregates" status: 404 len: 235 microversion: 1.1 [pid: 8|app: 0|req: 501/1001] 10.0.0.86 () {32 vars in 815 bytes} [Mon Apr 27 22:09:53 2026] GET /resource_providers/8d2800f7-8a99-45ee-849f-9e37c0c9c387/aggregates => generated 235 bytes in 8 msecs (HTTP/1.1 404) 5 headers in 202 bytes (1 switches on core 0)
2026-04-27 22:09:53.775 8 INFO placement.requestlog [None req-17e2298c-6a9c-4827-a2a6-239c78a82f5a c6e0b03a28e44e2fb60f14eaa2a3904d b63e6221d7744496900c71ae1d5e0804 - - 1611e27ec57347bab94588ad918639a4 1611e27ec57347bab94588ad918639a4] 10.0.0.86 "DELETE /resource_providers/8d2800f7-8a99-45ee-849f-9e37c0c9c387" status: 404 len: 246 microversion: 1.1 [pid: 8|app: 0|req: 502/1002] 10.0.0.86 () {34 vars in 815 bytes} [Mon Apr 27 22:09:53 2026] DELETE /resource_providers/8d2800f7-8a99-45ee-849f-9e37c0c9c387 => generated 246 bytes in 5 msecs (HTTP/1.1 404) 6 headers in 231 bytes (1 switches on core 0)
2026-04-27 22:09:53.780 7 INFO placement.requestlog [None req-4cc4bc02-0ed4-413a-a73f-4ea4f84e332d c6e0b03a28e44e2fb60f14eaa2a3904d b63e6221d7744496900c71ae1d5e0804 - - 1611e27ec57347bab94588ad918639a4 1611e27ec57347bab94588ad918639a4] 10.0.0.86 "DELETE /resource_providers/8d2800f7-8a99-45ee-849f-9e37c0c9c387" status: 404 len: 246 microversion: 1.1 [pid: 7|app: 0|req: 501/1003] 10.0.0.86 () {34 vars in 815 bytes} [Mon Apr 27 22:09:53 2026] DELETE /resource_providers/8d2800f7-8a99-45ee-849f-9e37c0c9c387 => generated 246 bytes in 17 msecs (HTTP/1.1 404) 6 headers in 231 bytes (1 switches on core 0)
2026-04-27 22:09:53.793 8 INFO placement.requestlog [None req-ec97f08f-645d-4c21-9fb7-bf9d73456182 c6e0b03a28e44e2fb60f14eaa2a3904d b63e6221d7744496900c71ae1d5e0804 - - 1611e27ec57347bab94588ad918639a4 1611e27ec57347bab94588ad918639a4] 10.0.0.86 "GET /resource_providers/10c99383-5229-45b7-b5db-9bc93c0becb6/aggregates" status: 404 len: 235 microversion: 1.1 [pid: 8|app: 0|req: 503/1004] 10.0.0.86 () {32 vars in 815 bytes} [Mon Apr 27 22:09:53 2026] GET /resource_providers/10c99383-5229-45b7-b5db-9bc93c0becb6/aggregates => generated 235 bytes in 5 msecs (HTTP/1.1 404) 5 headers in 202 bytes (1 switches on core 0)
2026-04-27 22:09:53.797 7 INFO placement.requestlog [None req-98009040-1bd7-43ff-85d9-8b14b696b203 c6e0b03a28e44e2fb60f14eaa2a3904d b63e6221d7744496900c71ae1d5e0804 - - 1611e27ec57347bab94588ad918639a4 1611e27ec57347bab94588ad918639a4] 10.0.0.86 "GET /resource_providers/10c99383-5229-45b7-b5db-9bc93c0becb6/aggregates" status: 404 len: 235 microversion: 1.1 [pid: 7|app: 0|req: 502/1005] 10.0.0.86 () {32 vars in 815 bytes} [Mon Apr 27 22:09:53 2026] GET /resource_providers/10c99383-5229-45b7-b5db-9bc93c0becb6/aggregates => generated 235 bytes in 9 msecs (HTTP/1.1 404) 5 headers in 202 bytes (1 switches on core 0)
2026-04-27 22:09:53.818 8 INFO placement.requestlog [None req-ceee3c54-27ff-4523-9969-c436896e667b c6e0b03a28e44e2fb60f14eaa2a3904d b63e6221d7744496900c71ae1d5e0804 - - 1611e27ec57347bab94588ad918639a4 1611e27ec57347bab94588ad918639a4] 10.0.0.86 "DELETE /resource_providers/10c99383-5229-45b7-b5db-9bc93c0becb6" status: 404 len: 246 microversion: 1.1 [pid: 8|app: 0|req: 504/1006] 10.0.0.86 () {34 vars in 815 bytes} [Mon Apr 27 22:09:53 2026] DELETE /resource_providers/10c99383-5229-45b7-b5db-9bc93c0becb6 => generated 246 bytes in 5 msecs (HTTP/1.1 404) 6 headers in 231 bytes (1 switches on core 0)
2026-04-27 22:09:53.829 7 INFO placement.requestlog [None req-63508506-102b-4589-9c94-a51f001622a7 c6e0b03a28e44e2fb60f14eaa2a3904d b63e6221d7744496900c71ae1d5e0804 - - 1611e27ec57347bab94588ad918639a4 1611e27ec57347bab94588ad918639a4] 10.0.0.86 "DELETE /resource_providers/10c99383-5229-45b7-b5db-9bc93c0becb6" status: 404 len: 246 microversion: 1.1 [pid: 7|app: 0|req: 503/1007] 10.0.0.86 () {34 vars in 815 bytes} [Mon Apr 27 22:09:53 2026] DELETE /resource_providers/10c99383-5229-45b7-b5db-9bc93c0becb6 => generated 246 bytes in 11 msecs (HTTP/1.1 404) 6 headers in 231 bytes (1 switches on core 0)
2026-04-27 22:10:00.332 7 INFO placement.requestlog [None req-b35e6efa-e830-4c2c-aebc-a0cb6cf6aa39 - - - - - -] 10.0.0.73 "GET /" status: 200 len: 136 microversion: 1.0
2026-04-27 22:10:00.333 8 INFO placement.requestlog [None req-f7541d77-85ae-4ede-bc07-805b90919911 - - - - - -] 10.0.0.73 "GET /" status: 200 len: 136 microversion: 1.0
2026-04-27 22:10:02.517 7 INFO placement.requestlog [req-a2621d01-0c50-4e0c-b870-ee1da31dee40 req-cca5f26d-f538-4504-b715-69ee56004bf7 6e8717502b6c4ed8bb8d0a0e0220b6be b63e6221d7744496900c71ae1d5e0804 - - 1611e27ec57347bab94588ad918639a4 1611e27ec57347bab94588ad918639a4] 199.204.45.23 "GET /resource_providers/b842fa49-3042-4d5f-9ee5-a410383a7d4b/allocations" status: 200 len: 253 microversion: 1.0 [pid: 7|app: 0|req: 505/1010] 199.204.45.23 () {32 vars in 856 bytes} [Mon Apr 27 22:10:02 2026] GET /resource_providers/b842fa49-3042-4d5f-9ee5-a410383a7d4b/allocations => generated 253 bytes in 20 msecs (HTTP/1.1 200) 6 headers in 224 bytes (1 switches on core 0)
2026-04-27 22:10:02.549 8 INFO placement.requestlog [req-a2621d01-0c50-4e0c-b870-ee1da31dee40 req-cc08f1d2-c198-4121-8341-9987b804254a 6e8717502b6c4ed8bb8d0a0e0220b6be b63e6221d7744496900c71ae1d5e0804 - - 1611e27ec57347bab94588ad918639a4 1611e27ec57347bab94588ad918639a4] 199.204.45.23 "GET /resource_providers/b842fa49-3042-4d5f-9ee5-a410383a7d4b/allocations" status: 200 len: 253 microversion: 1.0 [pid: 8|app: 0|req: 506/1011] 199.204.45.23 () {32 vars in 856 bytes} [Mon Apr 27 22:10:02 2026] GET /resource_providers/b842fa49-3042-4d5f-9ee5-a410383a7d4b/allocations => generated 253 bytes in 21 msecs (HTTP/1.1 200) 6 headers in 224 bytes (1 switches on core 0)
2026-04-27 22:10:02.577 7 INFO placement.requestlog [req-a2621d01-0c50-4e0c-b870-ee1da31dee40 req-c0e0f7a0-ffea-46cb-a37f-310332efce4b 6e8717502b6c4ed8bb8d0a0e0220b6be b63e6221d7744496900c71ae1d5e0804 - - 1611e27ec57347bab94588ad918639a4 1611e27ec57347bab94588ad918639a4] 199.204.45.23 "GET /allocations/489c817f-eb02-46e5-b282-c39dd6a66da4" status: 200 len: 258 microversion: 1.28 [pid: 7|app: 0|req: 506/1012] 199.204.45.23 () {34 vars in 862 bytes} [Mon Apr 27 22:10:02 2026] GET /allocations/489c817f-eb02-46e5-b282-c39dd6a66da4 => generated 258 bytes in 19 msecs (HTTP/1.1 200) 8 headers in 296 bytes (1 switches on core 0)
2026-04-27 22:10:02.597 8 INFO placement.requestlog [req-a2621d01-0c50-4e0c-b870-ee1da31dee40 req-e9255824-30d7-4fd9-8375-4210a9f83462 6e8717502b6c4ed8bb8d0a0e0220b6be b63e6221d7744496900c71ae1d5e0804 - - 1611e27ec57347bab94588ad918639a4 1611e27ec57347bab94588ad918639a4] 199.204.45.23 "GET /allocations/57422021-cf9a-4cad-bda3-f01cb599812c" status: 200 len: 258 microversion: 1.28 [pid: 8|app: 0|req: 507/1013] 199.204.45.23 () {34 vars in 862 bytes} [Mon Apr 27 22:10:02 2026] GET /allocations/57422021-cf9a-4cad-bda3-f01cb599812c => generated 258 bytes in 11 msecs (HTTP/1.1 200) 8 headers in 296 bytes (1 switches on core 0)
2026-04-27 22:10:07.767 7 INFO placement.requestlog [req-a9d64e25-2149-49d2-a2d5-b31fa2dac2a9 req-8cf44371-9d08-4dae-971d-413d976a20d1 6e8717502b6c4ed8bb8d0a0e0220b6be b63e6221d7744496900c71ae1d5e0804 - - 1611e27ec57347bab94588ad918639a4 1611e27ec57347bab94588ad918639a4] 10.0.0.77 "GET /allocation_candidates?limit=1000&resources=MEMORY_MB%3A2048%2CVCPU%3A2&root_required=%21COMPUTE_STATUS_DISABLED" status: 200 len: 2771 microversion: 1.36 [pid: 7|app: 0|req: 507/1014] 10.0.0.77 () {34 vars in 985 bytes} [Mon Apr 27 22:10:07 2026] GET /allocation_candidates?limit=1000&resources=MEMORY_MB%3A2048%2CVCPU%3A2&root_required=%21COMPUTE_STATUS_DISABLED => generated 2771 bytes in 62 msecs (HTTP/1.1 200) 8 headers in 297 bytes (1 switches on core 0)
2026-04-27 22:10:07.809 8 INFO placement.requestlog [req-a9d64e25-2149-49d2-a2d5-b31fa2dac2a9 req-9eb65fb7-e598-41f1-b458-2e21a80cfe36 6e8717502b6c4ed8bb8d0a0e0220b6be b63e6221d7744496900c71ae1d5e0804 - - 1611e27ec57347bab94588ad918639a4 1611e27ec57347bab94588ad918639a4] 10.0.0.77 "GET /allocations/37cf1861-aa78-40ae-9349-634f807c994f" status: 200 len: 19 microversion: 1.28 [pid: 8|app: 0|req: 508/1015] 10.0.0.77 () {34 vars in 860 bytes} [Mon Apr 27 22:10:07 2026] GET /allocations/37cf1861-aa78-40ae-9349-634f807c994f => generated 19 bytes in 9 msecs (HTTP/1.1 200) 8 headers in 295 bytes (1 switches on core 0)
2026-04-27 22:10:07.896 7 INFO placement.requestlog [req-a9d64e25-2149-49d2-a2d5-b31fa2dac2a9 req-725683b7-8ef6-4bd8-bbea-467da7f00476 6e8717502b6c4ed8bb8d0a0e0220b6be b63e6221d7744496900c71ae1d5e0804 - - 1611e27ec57347bab94588ad918639a4 1611e27ec57347bab94588ad918639a4] 10.0.0.77 "PUT /allocations/37cf1861-aa78-40ae-9349-634f807c994f" status: 204 len: 0 microversion: 1.36 [pid: 7|app: 0|req: 508/1016] 10.0.0.77 () {38 vars in 913 bytes} [Mon Apr 27 22:10:07 2026] PUT /allocations/37cf1861-aa78-40ae-9349-634f807c994f => generated 0 bytes in 80 msecs (HTTP/1.1 204) 5 headers in 199 bytes (1 switches on core 0)
