2026-04-27 22:11:02.849 7 INFO placement.requestlog [req-137cbe54-5e05-40fd-abf2-c0028d893def req-8f849b5d-cf03-4b77-bb9f-df2cbf9caf63 6e8717502b6c4ed8bb8d0a0e0220b6be b63e6221d7744496900c71ae1d5e0804 - - 1611e27ec57347bab94588ad918639a4 1611e27ec57347bab94588ad918639a4] 199.204.45.23 "GET /allocations/37cf1861-aa78-40ae-9349-634f807c994f" status: 200 len: 245 microversion: 1.28 [pid: 7|app: 0|req: 553/1106] 199.204.45.23 () {34 vars in 862 bytes} [Mon Apr 27 22:11:02 2026] GET /allocations/37cf1861-aa78-40ae-9349-634f807c994f => generated 245 bytes in 11 msecs (HTTP/1.1 200) 8 headers in 296 bytes (1 switches on core 0)
2026-04-27 22:11:08.002 8 INFO placement.requestlog [None req-2f32f40f-8623-4042-94c7-61273c977418 c6e0b03a28e44e2fb60f14eaa2a3904d b63e6221d7744496900c71ae1d5e0804 - - 1611e27ec57347bab94588ad918639a4 1611e27ec57347bab94588ad918639a4] 10.0.0.86 "GET /resource_providers/41ccd02a-7e26-4523-9eda-229731f0e3a9/aggregates" status: 404 len: 235 microversion: 1.1 [pid: 8|app: 0|req: 554/1107] 10.0.0.86 () {32 vars in 815 bytes} [Mon Apr 27 22:11:07 2026] GET /resource_providers/41ccd02a-7e26-4523-9eda-229731f0e3a9/aggregates => generated 235 bytes in 57 msecs (HTTP/1.1 404) 5 headers in 202 bytes (1 switches on core 0)
2026-04-27 22:11:08.011 7 INFO placement.requestlog [None req-fe4672dc-79aa-46ab-885b-a0246388960a c6e0b03a28e44e2fb60f14eaa2a3904d b63e6221d7744496900c71ae1d5e0804 - - 1611e27ec57347bab94588ad918639a4 1611e27ec57347bab94588ad918639a4] 10.0.0.86 "GET /resource_providers/41ccd02a-7e26-4523-9eda-229731f0e3a9/aggregates" status: 404 len: 235 microversion: 1.1 [pid: 7|app: 0|req: 554/1108] 10.0.0.86 () {32 vars in 815 bytes} [Mon Apr 27 22:11:07 2026] GET /resource_providers/41ccd02a-7e26-4523-9eda-229731f0e3a9/aggregates => generated 235 bytes in 65 msecs (HTTP/1.1 404) 5 headers in 202 bytes (1 switches on core 0)
2026-04-27 22:11:08.020 8 INFO placement.requestlog [None req-d352c2ca-6bb7-40b6-812d-88968e5d3d11 c6e0b03a28e44e2fb60f14eaa2a3904d b63e6221d7744496900c71ae1d5e0804 - - 1611e27ec57347bab94588ad918639a4 1611e27ec57347bab94588ad918639a4] 10.0.0.86 "DELETE /resource_providers/41ccd02a-7e26-4523-9eda-229731f0e3a9" status: 404 len: 246 microversion: 1.1 [pid: 8|app: 0|req: 555/1109] 10.0.0.86 () {34 vars in 815 bytes} [Mon Apr 27 22:11:08 2026] DELETE /resource_providers/41ccd02a-7e26-4523-9eda-229731f0e3a9 => generated 246 bytes in 8 msecs (HTTP/1.1 404) 6 headers in 231 bytes (1 switches on core 0)
2026-04-27 22:11:08.033 7 INFO placement.requestlog [None req-7c786401-ae21-4668-bd8c-9c2dd90931e6 c6e0b03a28e44e2fb60f14eaa2a3904d b63e6221d7744496900c71ae1d5e0804 - - 1611e27ec57347bab94588ad918639a4 1611e27ec57347bab94588ad918639a4] 10.0.0.86 "DELETE /resource_providers/41ccd02a-7e26-4523-9eda-229731f0e3a9" status: 404 len: 246 microversion: 1.1 [pid: 7|app: 0|req: 555/1110] 10.0.0.86 () {34 vars in 815 bytes} [Mon Apr 27 22:11:08 2026] DELETE /resource_providers/41ccd02a-7e26-4523-9eda-229731f0e3a9 => generated 246 bytes in 10 msecs (HTTP/1.1 404) 6 headers in 231 bytes (1 switches on core 0)
2026-04-27 22:11:10.333 8 INFO placement.requestlog [None req-68230327-a466-4bbf-bbd6-7e3ff557e9d7 - - - - - -] 10.0.0.73 "GET /" status: 200 len: 136 microversion: 1.0
2026-04-27 22:11:10.334 7 INFO placement.requestlog [None req-9fb87216-41cb-4d4c-aebb-c05662b76bcf - - - - - -] 10.0.0.73 "GET /" status: 200 len: 136 microversion: 1.0
2026-04-27 22:11:20.332 8 INFO placement.requestlog [None req-74516ac0-8795-445c-b652-8be07d497161 - - - - - -] 10.0.0.73 "GET /" status: 200 len: 136 microversion: 1.0
2026-04-27 22:11:20.333 7 INFO placement.requestlog [None req-dca297f3-8198-4d3e-a6d4-bb30c7bcc9ee - - - - - -] 10.0.0.73 "GET /" status: 200 len: 136 microversion: 1.0
2026-04-27 22:11:24.627 7 INFO placement.requestlog [None req-dd0e5714-5756-4a74-ac4d-995547762b95 c6e0b03a28e44e2fb60f14eaa2a3904d b63e6221d7744496900c71ae1d5e0804 - - 1611e27ec57347bab94588ad918639a4 1611e27ec57347bab94588ad918639a4] 10.0.0.86 "GET /resource_providers/83b08817-4d49-4b63-8ea6-e069d141645c/aggregates" status: 404 len: 235 microversion: 1.1 [pid: 7|app: 0|req: 558/1115] 10.0.0.86 () {32 vars in 815 bytes} [Mon Apr 27 22:11:24 2026] GET /resource_providers/83b08817-4d49-4b63-8ea6-e069d141645c/aggregates => generated 235 bytes in 8 msecs (HTTP/1.1 404) 5 headers in 202 bytes (1 switches on core 0)
2026-04-27 22:11:24.636 8 INFO placement.requestlog [None req-ecd27c1e-1c42-416d-b374-4062ff0d8865 c6e0b03a28e44e2fb60f14eaa2a3904d b63e6221d7744496900c71ae1d5e0804 - - 1611e27ec57347bab94588ad918639a4 1611e27ec57347bab94588ad918639a4] 10.0.0.86 "GET /resource_providers/83b08817-4d49-4b63-8ea6-e069d141645c/aggregates" status: 404 len: 235 microversion: 1.1 [pid: 8|app: 0|req: 558/1116] 10.0.0.86 () {32 vars in 815 bytes} [Mon Apr 27 22:11:24 2026] GET /resource_providers/83b08817-4d49-4b63-8ea6-e069d141645c/aggregates => generated 235 bytes in 17 msecs (HTTP/1.1 404) 5 headers in 202 bytes (1 switches on core 0)
2026-04-27 22:11:24.643 7 INFO placement.requestlog [None req-184e7c45-3fd2-4a57-99f8-435caf93bef4 c6e0b03a28e44e2fb60f14eaa2a3904d b63e6221d7744496900c71ae1d5e0804 - - 1611e27ec57347bab94588ad918639a4 1611e27ec57347bab94588ad918639a4] 10.0.0.86 "DELETE /resource_providers/83b08817-4d49-4b63-8ea6-e069d141645c" status: 404 len: 246 microversion: 1.1 [pid: 7|app: 0|req: 559/1117] 10.0.0.86 () {34 vars in 815 bytes} [Mon Apr 27 22:11:24 2026] DELETE /resource_providers/83b08817-4d49-4b63-8ea6-e069d141645c => generated 246 bytes in 6 msecs (HTTP/1.1 404) 6 headers in 231 bytes (1 switches on core 0)
2026-04-27 22:11:24.666 8 INFO placement.requestlog [None req-572f2f84-e2b2-440f-8f69-add327521b2b c6e0b03a28e44e2fb60f14eaa2a3904d b63e6221d7744496900c71ae1d5e0804 - - 1611e27ec57347bab94588ad918639a4 1611e27ec57347bab94588ad918639a4] 10.0.0.86 "DELETE /resource_providers/83b08817-4d49-4b63-8ea6-e069d141645c" status: 404 len: 246 microversion: 1.1 [pid: 8|app: 0|req: 559/1118] 10.0.0.86 () {34 vars in 815 bytes} [Mon Apr 27 22:11:24 2026] DELETE /resource_providers/83b08817-4d49-4b63-8ea6-e069d141645c => generated 246 bytes in 16 msecs (HTTP/1.1 404) 6 headers in 231 bytes (1 switches on core 0)
2026-04-27 22:11:28.280 7 INFO placement.requestlog [None req-93575021-d765-469e-aa33-9c430af1ebc7 c6e0b03a28e44e2fb60f14eaa2a3904d b63e6221d7744496900c71ae1d5e0804 - - 1611e27ec57347bab94588ad918639a4 1611e27ec57347bab94588ad918639a4] 10.0.0.86 "GET /resource_providers/7bdb3b0f-aac5-4c7b-8a64-272c5093850f/aggregates" status: 404 len: 235 microversion: 1.1 [pid: 7|app: 0|req: 560/1119] 10.0.0.86 () {32 vars in 815 bytes} [Mon Apr 27 22:11:28 2026] GET /resource_providers/7bdb3b0f-aac5-4c7b-8a64-272c5093850f/aggregates => generated 235 bytes in 10 msecs (HTTP/1.1 404) 5 headers in 202 bytes (1 switches on core 0)
2026-04-27 22:11:28.285 8 INFO placement.requestlog [None req-13d93274-9849-4f8a-850e-a44b82eb583b c6e0b03a28e44e2fb60f14eaa2a3904d b63e6221d7744496900c71ae1d5e0804 - - 1611e27ec57347bab94588ad918639a4 1611e27ec57347bab94588ad918639a4] 10.0.0.86 "GET /resource_providers/7bdb3b0f-aac5-4c7b-8a64-272c5093850f/aggregates" status: 404 len: 235 microversion: 1.1 [pid: 8|app: 0|req: 560/1120] 10.0.0.86 () {32 vars in 815 bytes} [Mon Apr 27 22:11:28 2026] GET /resource_providers/7bdb3b0f-aac5-4c7b-8a64-272c5093850f/aggregates => generated 235 bytes in 11 msecs (HTTP/1.1 404) 5 headers in 202 bytes (1 switches on core 0)
2026-04-27 22:11:28.303 7 INFO placement.requestlog [None req-14373249-b011-46d4-8264-8f88a3fdcb80 c6e0b03a28e44e2fb60f14eaa2a3904d b63e6221d7744496900c71ae1d5e0804 - - 1611e27ec57347bab94588ad918639a4 1611e27ec57347bab94588ad918639a4] 10.0.0.86 "DELETE /resource_providers/7bdb3b0f-aac5-4c7b-8a64-272c5093850f" status: 404 len: 246 microversion: 1.1 [pid: 7|app: 0|req: 561/1121] 10.0.0.86 () {34 vars in 815 bytes} [Mon Apr 27 22:11:28 2026] DELETE /resource_providers/7bdb3b0f-aac5-4c7b-8a64-272c5093850f => generated 246 bytes in 9 msecs (HTTP/1.1 404) 6 headers in 231 bytes (1 switches on core 0)
2026-04-27 22:11:28.306 8 INFO placement.requestlog [None req-b1e33076-9b10-4d37-8569-6df47de7cba2 c6e0b03a28e44e2fb60f14eaa2a3904d b63e6221d7744496900c71ae1d5e0804 - - 1611e27ec57347bab94588ad918639a4 1611e27ec57347bab94588ad918639a4] 10.0.0.86 "DELETE /resource_providers/7bdb3b0f-aac5-4c7b-8a64-272c5093850f" status: 404 len: 246 microversion: 1.1 [pid: 8|app: 0|req: 561/1122] 10.0.0.86 () {34 vars in 815 bytes} [Mon Apr 27 22:11:28 2026] DELETE /resource_providers/7bdb3b0f-aac5-4c7b-8a64-272c5093850f => generated 246 bytes in 10 msecs (HTTP/1.1 404) 6 headers in 231 bytes (1 switches on core 0)
2026-04-27 22:11:30.332 7 INFO placement.requestlog [None req-e55946bb-2639-4f22-9f50-b7fba8519303 - - - - - -] 10.0.0.73 "GET /" status: 200 len: 136 microversion: 1.0
2026-04-27 22:11:30.332 8 INFO placement.requestlog [None req-9bb12cb3-4711-4a82-b51f-272d82ac32f7 - - - - - -] 10.0.0.73 "GET /" status: 200 len: 136 microversion: 1.0
2026-04-27 22:11:32.165 7 INFO placement.requestlog [None req-d2f626d2-8640-4dba-8876-421940e3e879 c6e0b03a28e44e2fb60f14eaa2a3904d b63e6221d7744496900c71ae1d5e0804 - - 1611e27ec57347bab94588ad918639a4 1611e27ec57347bab94588ad918639a4] 10.0.0.86 "GET /resource_providers/b3465c94-13ce-479d-abc8-f6849861cf24/aggregates" status: 404 len: 235 microversion: 1.1 [pid: 7|app: 0|req: 563/1125] 10.0.0.86 () {32 vars in 815 bytes} [Mon Apr 27 22:11:32 2026] GET /resource_providers/b3465c94-13ce-479d-abc8-f6849861cf24/aggregates => generated 235 bytes in 15 msecs (HTTP/1.1 404) 5 headers in 202 bytes (1 switches on core 0)
2026-04-27 22:11:32.166 8 INFO placement.requestlog [None req-85f07336-4731-4be4-8595-789672ec858c c6e0b03a28e44e2fb60f14eaa2a3904d b63e6221d7744496900c71ae1d5e0804 - - 1611e27ec57347bab94588ad918639a4 1611e27ec57347bab94588ad918639a4] 10.0.0.86 "GET /resource_providers/b3465c94-13ce-479d-abc8-f6849861cf24/aggregates" status: 404 len: 235 microversion: 1.1 [pid: 8|app: 0|req: 563/1126] 10.0.0.86 () {32 vars in 815 bytes} [Mon Apr 27 22:11:32 2026] GET /resource_providers/b3465c94-13ce-479d-abc8-f6849861cf24/aggregates => generated 235 bytes in 15 msecs (HTTP/1.1 404) 5 headers in 202 bytes (1 switches on core 0)
2026-04-27 22:11:32.189 7 INFO placement.requestlog [None req-304fc22a-18a9-4421-b846-1b6a883cde33 c6e0b03a28e44e2fb60f14eaa2a3904d b63e6221d7744496900c71ae1d5e0804 - - 1611e27ec57347bab94588ad918639a4 1611e27ec57347bab94588ad918639a4] 10.0.0.86 "DELETE /resource_providers/b3465c94-13ce-479d-abc8-f6849861cf24" status: 404 len: 246 microversion: 1.1 [pid: 7|app: 0|req: 564/1127] 10.0.0.86 () {34 vars in 815 bytes} [Mon Apr 27 22:11:32 2026] DELETE /resource_providers/b3465c94-13ce-479d-abc8-f6849861cf24 => generated 246 bytes in 10 msecs (HTTP/1.1 404) 6 headers in 231 bytes (1 switches on core 0)
2026-04-27 22:11:32.190 8 INFO placement.requestlog [None req-9e47b599-76d3-4818-8115-d561127b2859 c6e0b03a28e44e2fb60f14eaa2a3904d b63e6221d7744496900c71ae1d5e0804 - - 1611e27ec57347bab94588ad918639a4 1611e27ec57347bab94588ad918639a4] 10.0.0.86 "DELETE /resource_providers/b3465c94-13ce-479d-abc8-f6849861cf24" status: 404 len: 246 microversion: 1.1 [pid: 8|app: 0|req: 564/1128] 10.0.0.86 () {34 vars in 815 bytes} [Mon Apr 27 22:11:32 2026] DELETE /resource_providers/b3465c94-13ce-479d-abc8-f6849861cf24 => generated 246 bytes in 13 msecs (HTTP/1.1 404) 6 headers in 231 bytes (1 switches on core 0)
2026-04-27 22:11:40.336 7 INFO placement.requestlog [None req-6086697f-6787-4fe3-ac88-ecd640c62aee - - - - - -] 10.0.0.73 "GET /" status: 200 len: 136 microversion: 1.0
2026-04-27 22:11:40.337 8 INFO placement.requestlog [None req-4f7519c7-a0e5-4428-a04c-d601bc0b7ce2 - - - - - -] 10.0.0.73 "GET /" status: 200 len: 136 microversion: 1.0
2026-04-27 22:11:41.204 7 INFO placement.requestlog [None req-ea078a5d-e7c8-4bb3-96ed-36b7fa81ecf1 c6e0b03a28e44e2fb60f14eaa2a3904d b63e6221d7744496900c71ae1d5e0804 - - 1611e27ec57347bab94588ad918639a4 1611e27ec57347bab94588ad918639a4] 10.0.0.86 "GET /resource_providers/6f442dee-aa29-4a29-8170-4395628a5bbc/aggregates" status: 404 len: 235 microversion: 1.1
2026-04-27 22:11:41.205 8 INFO placement.requestlog [None req-daa45776-a56d-4273-bf1f-a64d36127c15 c6e0b03a28e44e2fb60f14eaa2a3904d b63e6221d7744496900c71ae1d5e0804 - - 1611e27ec57347bab94588ad918639a4 1611e27ec57347bab94588ad918639a4] 10.0.0.86 "GET /resource_providers/6f442dee-aa29-4a29-8170-4395628a5bbc/aggregates" status: 404 len: 235 microversion: 1.1 [pid: 8|app: 0|req: 566/1132] 10.0.0.86 () {32 vars in 815 bytes} [Mon Apr 27 22:11:41 2026] GET /resource_providers/6f442dee-aa29-4a29-8170-4395628a5bbc/aggregates => generated 235 bytes in 20 msecs (HTTP/1.1 404) 5 headers in 202 bytes (1 switches on core 0) [pid: 7|app: 0|req: 566/1132] 10.0.0.86 () {32 vars in 815 bytes} [Mon Apr 27 22:11:41 2026] GET /resource_providers/6f442dee-aa29-4a29-8170-4395628a5bbc/aggregates => generated 235 bytes in 25 msecs (HTTP/1.1 404) 5 headers in 202 bytes (1 switches on core 0)
2026-04-27 22:11:41.227 8 INFO placement.requestlog [None req-d6162141-ca25-4064-9124-6cef5931be11 c6e0b03a28e44e2fb60f14eaa2a3904d b63e6221d7744496900c71ae1d5e0804 - - 1611e27ec57347bab94588ad918639a4 1611e27ec57347bab94588ad918639a4] 10.0.0.86 "DELETE /resource_providers/6f442dee-aa29-4a29-8170-4395628a5bbc" status: 404 len: 246 microversion: 1.1 [pid: 8|app: 0|req: 567/1133] 10.0.0.86 () {34 vars in 815 bytes} [Mon Apr 27 22:11:41 2026] DELETE /resource_providers/6f442dee-aa29-4a29-8170-4395628a5bbc => generated 246 bytes in 10 msecs (HTTP/1.1 404) 6 headers in 231 bytes (1 switches on core 0)
2026-04-27 22:11:41.231 7 INFO placement.requestlog [None req-8c9214f2-dd90-4696-88c4-8077e8fae21d c6e0b03a28e44e2fb60f14eaa2a3904d b63e6221d7744496900c71ae1d5e0804 - - 1611e27ec57347bab94588ad918639a4 1611e27ec57347bab94588ad918639a4] 10.0.0.86 "DELETE /resource_providers/6f442dee-aa29-4a29-8170-4395628a5bbc" status: 404 len: 246 microversion: 1.1 [pid: 7|app: 0|req: 567/1134] 10.0.0.86 () {34 vars in 815 bytes} [Mon Apr 27 22:11:41 2026] DELETE /resource_providers/6f442dee-aa29-4a29-8170-4395628a5bbc => generated 246 bytes in 14 msecs (HTTP/1.1 404) 6 headers in 231 bytes (1 switches on core 0)
2026-04-27 22:11:41.624 8 INFO placement.requestlog [None req-5419802b-a774-4fca-b33d-d5e188fe3f42 c6e0b03a28e44e2fb60f14eaa2a3904d b63e6221d7744496900c71ae1d5e0804 - - 1611e27ec57347bab94588ad918639a4 1611e27ec57347bab94588ad918639a4] 10.0.0.86 "GET /resource_providers/3a13d538-f127-4f13-8c74-88502551b436/aggregates" status: 404 len: 235 microversion: 1.1 [pid: 8|app: 0|req: 568/1135] 10.0.0.86 () {32 vars in 815 bytes} [Mon Apr 27 22:11:41 2026] GET /resource_providers/3a13d538-f127-4f13-8c74-88502551b436/aggregates => generated 235 bytes in 63 msecs (HTTP/1.1 404) 5 headers in 202 bytes (1 switches on core 0)
2026-04-27 22:11:41.634 7 INFO placement.requestlog [None req-dfffbda0-444d-4539-a0ab-711040661ddd c6e0b03a28e44e2fb60f14eaa2a3904d b63e6221d7744496900c71ae1d5e0804 - - 1611e27ec57347bab94588ad918639a4 1611e27ec57347bab94588ad918639a4] 10.0.0.86 "GET /resource_providers/3a13d538-f127-4f13-8c74-88502551b436/aggregates" status: 404 len: 235 microversion: 1.1 [pid: 7|app: 0|req: 568/1136] 10.0.0.86 () {32 vars in 815 bytes} [Mon Apr 27 22:11:41 2026] GET /resource_providers/3a13d538-f127-4f13-8c74-88502551b436/aggregates => generated 235 bytes in 57 msecs (HTTP/1.1 404) 5 headers in 202 bytes (1 switches on core 0)
2026-04-27 22:11:41.639 8 INFO placement.requestlog [None req-809a5e21-5127-40e7-9b6c-d27507c7655d c6e0b03a28e44e2fb60f14eaa2a3904d b63e6221d7744496900c71ae1d5e0804 - - 1611e27ec57347bab94588ad918639a4 1611e27ec57347bab94588ad918639a4] 10.0.0.86 "DELETE /resource_providers/3a13d538-f127-4f13-8c74-88502551b436" status: 404 len: 246 microversion: 1.1 [pid: 8|app: 0|req: 569/1137] 10.0.0.86 () {34 vars in 815 bytes} [Mon Apr 27 22:11:41 2026] DELETE /resource_providers/3a13d538-f127-4f13-8c74-88502551b436 => generated 246 bytes in 8 msecs (HTTP/1.1 404) 6 headers in 231 bytes (1 switches on core 0)
2026-04-27 22:11:41.648 7 INFO placement.requestlog [None req-5b24363d-4256-4054-b0a1-f11a7f244d1e c6e0b03a28e44e2fb60f14eaa2a3904d b63e6221d7744496900c71ae1d5e0804 - - 1611e27ec57347bab94588ad918639a4 1611e27ec57347bab94588ad918639a4] 10.0.0.86 "DELETE /resource_providers/3a13d538-f127-4f13-8c74-88502551b436" status: 404 len: 246 microversion: 1.1 [pid: 7|app: 0|req: 569/1138] 10.0.0.86 () {34 vars in 815 bytes} [Mon Apr 27 22:11:41 2026] DELETE /resource_providers/3a13d538-f127-4f13-8c74-88502551b436 => generated 246 bytes in 6 msecs (HTTP/1.1 404) 6 headers in 231 bytes (1 switches on core 0)
2026-04-27 22:11:43.255 7 INFO placement.requestlog [None req-5b44d318-c5f9-4aaf-b820-1ba181c0616e c6e0b03a28e44e2fb60f14eaa2a3904d b63e6221d7744496900c71ae1d5e0804 - - 1611e27ec57347bab94588ad918639a4 1611e27ec57347bab94588ad918639a4] 10.0.0.86 "GET /resource_providers/20518b32-7cc2-4b2b-bd19-be6eeeb833e7/aggregates" status: 404 len: 235 microversion: 1.1
2026-04-27 22:11:43.255 8 INFO placement.requestlog [None req-f20047db-6677-416b-95c2-db342a499663 c6e0b03a28e44e2fb60f14eaa2a3904d b63e6221d7744496900c71ae1d5e0804 - - 1611e27ec57347bab94588ad918639a4 1611e27ec57347bab94588ad918639a4] 10.0.0.86 "GET /resource_providers/20518b32-7cc2-4b2b-bd19-be6eeeb833e7/aggregates" status: 404 len: 235 microversion: 1.1 [pid: 8|app: 0|req: 570/1139] 10.0.0.86 () {32 vars in 815 bytes} [Mon Apr 27 22:11:43 2026] GET /resource_providers/20518b32-7cc2-4b2b-bd19-be6eeeb833e7/aggregates => generated 235 bytes in 14 msecs (HTTP/1.1 404) 5 headers in 202 bytes (1 switches on core 0) [pid: 7|app: 0|req: 570/1140] 10.0.0.86 () {32 vars in 815 bytes} [Mon Apr 27 22:11:43 2026] GET /resource_providers/20518b32-7cc2-4b2b-bd19-be6eeeb833e7/aggregates => generated 235 bytes in 11 msecs (HTTP/1.1 404) 5 headers in 202 bytes (1 switches on core 0)
2026-04-27 22:11:43.276 8 INFO placement.requestlog [None req-63b4a454-7b2f-4300-a07b-d2f6a87fd4a3 c6e0b03a28e44e2fb60f14eaa2a3904d b63e6221d7744496900c71ae1d5e0804 - - 1611e27ec57347bab94588ad918639a4 1611e27ec57347bab94588ad918639a4] 10.0.0.86 "DELETE /resource_providers/20518b32-7cc2-4b2b-bd19-be6eeeb833e7" status: 404 len: 246 microversion: 1.1
2026-04-27 22:11:43.276 7 INFO placement.requestlog [None req-385aee92-599f-433b-8d27-647be15bacf4 c6e0b03a28e44e2fb60f14eaa2a3904d b63e6221d7744496900c71ae1d5e0804 - - 1611e27ec57347bab94588ad918639a4 1611e27ec57347bab94588ad918639a4] 10.0.0.86 "DELETE /resource_providers/20518b32-7cc2-4b2b-bd19-be6eeeb833e7" status: 404 len: 246 microversion: 1.1 [pid: 7|app: 0|req: 571/1141] 10.0.0.86 () {34 vars in 815 bytes} [Mon Apr 27 22:11:43 2026] DELETE /resource_providers/20518b32-7cc2-4b2b-bd19-be6eeeb833e7 => generated 246 bytes in 7 msecs (HTTP/1.1 404) 6 headers in 231 bytes (1 switches on core 0) [pid: 8|app: 0|req: 571/1142] 10.0.0.86 () {34 vars in 815 bytes} [Mon Apr 27 22:11:43 2026] DELETE /resource_providers/20518b32-7cc2-4b2b-bd19-be6eeeb833e7 => generated 246 bytes in 9 msecs (HTTP/1.1 404) 6 headers in 231 bytes (1 switches on core 0)
2026-04-27 22:11:50.333 8 INFO placement.requestlog [None req-2adcb112-9616-4ebb-b1a3-43089e8a725e - - - - - -] 10.0.0.73 "GET /" status: 200 len: 136 microversion: 1.0
2026-04-27 22:11:50.333 7 INFO placement.requestlog [None req-5f20e4fc-94f5-4181-b8d1-990ee827cea8 - - - - - -] 10.0.0.73 "GET /" status: 200 len: 136 microversion: 1.0
2026-04-27 22:12:00.332 7 INFO placement.requestlog [None req-f544f984-948a-494d-ba07-da3f270d393e - - - - - -] 10.0.0.73 "GET /" status: 200 len: 136 microversion: 1.0
2026-04-27 22:12:00.332 8 INFO placement.requestlog [None req-b99c2d12-29e1-4dd5-8971-8304472b610a - - - - - -] 10.0.0.73 "GET /" status: 200 len: 136 microversion: 1.0
2026-04-27 22:12:04.972 7 INFO placement.requestlog [req-f7d16d1a-23de-450b-9429-f58986824584 req-e1a474b2-90e6-4834-8278-67314786d48e 6e8717502b6c4ed8bb8d0a0e0220b6be b63e6221d7744496900c71ae1d5e0804 - - 1611e27ec57347bab94588ad918639a4 1611e27ec57347bab94588ad918639a4] 199.204.45.23 "GET /resource_providers/b842fa49-3042-4d5f-9ee5-a410383a7d4b/allocations" status: 200 len: 340 microversion: 1.0 [pid: 7|app: 0|req: 574/1147] 199.204.45.23 () {32 vars in 856 bytes} [Mon Apr 27 22:12:04 2026] GET /resource_providers/b842fa49-3042-4d5f-9ee5-a410383a7d4b/allocations => generated 340 bytes in 14 msecs (HTTP/1.1 200) 6 headers in 224 bytes (1 switches on core 0)
2026-04-27 22:12:04.995 8 INFO placement.requestlog [req-f7d16d1a-23de-450b-9429-f58986824584 req-25b924b2-1f7c-43ef-851b-42e47a174aae 6e8717502b6c4ed8bb8d0a0e0220b6be b63e6221d7744496900c71ae1d5e0804 - - 1611e27ec57347bab94588ad918639a4 1611e27ec57347bab94588ad918639a4] 199.204.45.23 "GET /resource_providers/b842fa49-3042-4d5f-9ee5-a410383a7d4b/allocations" status: 200 len: 340 microversion: 1.0 [pid: 8|app: 0|req: 574/1148] 199.204.45.23 () {32 vars in 856 bytes} [Mon Apr 27 22:12:04 2026] GET /resource_providers/b842fa49-3042-4d5f-9ee5-a410383a7d4b/allocations => generated 340 bytes in 15 msecs (HTTP/1.1 200) 6 headers in 224 bytes (1 switches on core 0)
2026-04-27 22:12:05.017 7 INFO placement.requestlog [req-f7d16d1a-23de-450b-9429-f58986824584 req-cb520be4-1fad-4490-ab0d-8dc0b0756e3f 6e8717502b6c4ed8bb8d0a0e0220b6be b63e6221d7744496900c71ae1d5e0804 - - 1611e27ec57347bab94588ad918639a4 1611e27ec57347bab94588ad918639a4] 199.204.45.23 "GET /allocations/489c817f-eb02-46e5-b282-c39dd6a66da4" status: 200 len: 258 microversion: 1.28 [pid: 7|app: 0|req: 575/1149] 199.204.45.23 () {34 vars in 862 bytes} [Mon Apr 27 22:12:05 2026] GET /allocations/489c817f-eb02-46e5-b282-c39dd6a66da4 => generated 258 bytes in 16 msecs (HTTP/1.1 200) 8 headers in 296 bytes (1 switches on core 0)
2026-04-27 22:12:05.035 8 INFO placement.requestlog [req-f7d16d1a-23de-450b-9429-f58986824584 req-1b019435-055f-4da5-ab10-4ca66b5e134d 6e8717502b6c4ed8bb8d0a0e0220b6be b63e6221d7744496900c71ae1d5e0804 - - 1611e27ec57347bab94588ad918639a4 1611e27ec57347bab94588ad918639a4] 199.204.45.23 "GET /allocations/57422021-cf9a-4cad-bda3-f01cb599812c" status: 200 len: 258 microversion: 1.28 [pid: 8|app: 0|req: 575/1150] 199.204.45.23 () {34 vars in 862 bytes} [Mon Apr 27 22:12:05 2026] GET /allocations/57422021-cf9a-4cad-bda3-f01cb599812c => generated 258 bytes in 11 msecs (HTTP/1.1 200) 8 headers in 296 bytes (1 switches on core 0)
2026-04-27 22:12:05.055 7 INFO placement.requestlog [req-f7d16d1a-23de-450b-9429-f58986824584 req-bb9ee73f-dbbb-4ac2-9df6-6cdd4a6f938e 6e8717502b6c4ed8bb8d0a0e0220b6be b63e6221d7744496900c71ae1d5e0804 - - 1611e27ec57347bab94588ad918639a4 1611e27ec57347bab94588ad918639a4] 199.204.45.23 "GET /allocations/37cf1861-aa78-40ae-9349-634f807c994f" status: 200 len: 245 microversion: 1.28 [pid: 7|app: 0|req: 576/1151] 199.204.45.23 () {34 vars in 862 bytes} [Mon Apr 27 22:12:05 2026] GET /allocations/37cf1861-aa78-40ae-9349-634f807c994f => generated 245 bytes in 14 msecs (HTTP/1.1 200) 8 headers in 296 bytes (1 switches on core 0)
2026-04-27 22:12:10.333 7 INFO placement.requestlog [None req-026b1587-4973-47af-a386-97c7f9fc34a7 - - - - - -] 10.0.0.73 "GET /" status: 200 len: 136 microversion: 1.0
2026-04-27 22:12:10.333 8 INFO placement.requestlog [None req-57df3f98-1621-41e0-87de-0c30bffd6da8 - - - - - -] 10.0.0.73 "GET /" status: 200 len: 136 microversion: 1.0
2026-04-27 22:12:20.333 7 INFO placement.requestlog [None req-e866b4ca-355c-4bf7-9a7a-1b0a5c06ec6e - - - - - -] 10.0.0.73 "GET /" status: 200 len: 136 microversion: 1.0
2026-04-27 22:12:20.333 8 INFO placement.requestlog [None req-9b055c07-3c8a-401e-a9ff-2c6e8205123c - - - - - -] 10.0.0.73 "GET /" status: 200 len: 136 microversion: 1.0
2026-04-27 22:12:30.332 7 INFO placement.requestlog [None req-4f2968bb-bd98-4b61-978a-8038d0abf827 - - - - - -] 10.0.0.73 "GET /" status: 200 len: 136 microversion: 1.0
2026-04-27 22:12:30.332 8 INFO placement.requestlog [None req-2d63e07a-95ef-4bc8-88a2-fae128b86519 - - - - - -] 10.0.0.73 "GET /" status: 200 len: 136 microversion: 1.0
2026-04-27 22:12:40.333 7 INFO placement.requestlog [None req-04ea0930-7a74-4162-8db5-fc88e6d27abd - - - - - -] 10.0.0.73 "GET /" status: 200 len: 136 microversion: 1.0
2026-04-27 22:12:40.333 8 INFO placement.requestlog [None req-8db35b28-97be-4d03-9096-e5e5a81cbc5a - - - - - -] 10.0.0.73 "GET /" status: 200 len: 136 microversion: 1.0
2026-04-27 22:12:50.333 8 INFO placement.requestlog [None req-a3829324-9da5-4da9-8fcd-f2fab2f23b5f - - - - - -] 10.0.0.73 "GET /" status: 200 len: 136 microversion: 1.0
2026-04-27 22:12:50.333 7 INFO placement.requestlog [None req-0b233ef5-9bf4-4f75-885a-fa0451bb172c - - - - - -] 10.0.0.73 "GET /" status: 200 len: 136 microversion: 1.0
2026-04-27 22:12:59.679 8 INFO placement.requestlog [req-14d57fdb-d730-4ea7-bccc-e6c1676c601e req-f6ab445c-efa9-4f42-b569-c1f120dc8433 6e8717502b6c4ed8bb8d0a0e0220b6be b63e6221d7744496900c71ae1d5e0804 - - 1611e27ec57347bab94588ad918639a4 1611e27ec57347bab94588ad918639a4] 199.204.45.23 "GET /resource_providers/b842fa49-3042-4d5f-9ee5-a410383a7d4b/allocations" status: 200 len: 340 microversion: 1.0 [pid: 8|app: 0|req: 581/1162] 199.204.45.23 () {32 vars in 856 bytes} [Mon Apr 27 22:12:59 2026] GET /resource_providers/b842fa49-3042-4d5f-9ee5-a410383a7d4b/allocations => generated 340 bytes in 18 msecs (HTTP/1.1 200) 6 headers in 224 bytes (1 switches on core 0)
2026-04-27 22:12:59.714 7 INFO placement.requestlog [req-14d57fdb-d730-4ea7-bccc-e6c1676c601e req-d745241e-7497-4dfd-bb59-358a66f46271 6e8717502b6c4ed8bb8d0a0e0220b6be b63e6221d7744496900c71ae1d5e0804 - - 1611e27ec57347bab94588ad918639a4 1611e27ec57347bab94588ad918639a4] 199.204.45.23 "GET /allocations/489c817f-eb02-46e5-b282-c39dd6a66da4" status: 200 len: 258 microversion: 1.28 [pid: 7|app: 0|req: 582/1163] 199.204.45.23 () {34 vars in 862 bytes} [Mon Apr 27 22:12:59 2026] GET /allocations/489c817f-eb02-46e5-b282-c39dd6a66da4 => generated 258 bytes in 25 msecs (HTTP/1.1 200) 8 headers in 296 bytes (1 switches on core 0)
2026-04-27 22:12:59.736 8 INFO placement.requestlog [req-14d57fdb-d730-4ea7-bccc-e6c1676c601e req-5e9cf3d4-5e8d-42eb-a258-93096be23b87 6e8717502b6c4ed8bb8d0a0e0220b6be b63e6221d7744496900c71ae1d5e0804 - - 1611e27ec57347bab94588ad918639a4 1611e27ec57347bab94588ad918639a4] 199.204.45.23 "GET /allocations/57422021-cf9a-4cad-bda3-f01cb599812c" status: 200 len: 258 microversion: 1.28 [pid: 8|app: 0|req: 582/1164] 199.204.45.23 () {34 vars in 862 bytes} [Mon Apr 27 22:12:59 2026] GET /allocations/57422021-cf9a-4cad-bda3-f01cb599812c => generated 258 bytes in 15 msecs (HTTP/1.1 200) 8 headers in 296 bytes (1 switches on core 0)
2026-04-27 22:12:59.757 7 INFO placement.requestlog [req-14d57fdb-d730-4ea7-bccc-e6c1676c601e req-c6b9a27f-9739-4749-bbda-26d3df1731d9 6e8717502b6c4ed8bb8d0a0e0220b6be b63e6221d7744496900c71ae1d5e0804 - - 1611e27ec57347bab94588ad918639a4 1611e27ec57347bab94588ad918639a4] 199.204.45.23 "GET /allocations/37cf1861-aa78-40ae-9349-634f807c994f" status: 200 len: 245 microversion: 1.28 [pid: 7|app: 0|req: 583/1165] 199.204.45.23 () {34 vars in 862 bytes} [Mon Apr 27 22:12:59 2026] GET /allocations/37cf1861-aa78-40ae-9349-634f807c994f => generated 245 bytes in 13 msecs (HTTP/1.1 200) 8 headers in 296 bytes (1 switches on core 0)
2026-04-27 22:13:00.334 7 INFO placement.requestlog [None req-381e56ba-bfce-444b-a9e7-c30143b4993e - - - - - -] 10.0.0.73 "GET /" status: 200 len: 136 microversion: 1.0
2026-04-27 22:13:00.334 8 INFO placement.requestlog [None req-337c23fb-b968-4626-908e-25587bb6eb28 - - - - - -] 10.0.0.73 "GET /" status: 200 len: 136 microversion: 1.0
2026-04-27 22:13:00.814 7 INFO placement.requestlog [req-14d57fdb-d730-4ea7-bccc-e6c1676c601e req-167ff981-c481-4abe-83a9-be0bd8b4e4e7 6e8717502b6c4ed8bb8d0a0e0220b6be b63e6221d7744496900c71ae1d5e0804 - - 1611e27ec57347bab94588ad918639a4 1611e27ec57347bab94588ad918639a4] 199.204.45.23 "DELETE /allocations/37cf1861-aa78-40ae-9349-634f807c994f" status: 204 len: 0 microversion: 1.0 [pid: 7|app: 0|req: 585/1168] 199.204.45.23 () {34 vars in 840 bytes} [Mon Apr 27 22:13:00 2026] DELETE /allocations/37cf1861-aa78-40ae-9349-634f807c994f => generated 0 bytes in 32 msecs (HTTP/1.1 204) 5 headers in 198 bytes (1 switches on core 0)
2026-04-27 22:13:03.066 8 INFO placement.requestlog [req-d87f39f5-32fe-4a3a-9336-a89d17be7af5 req-e3548d2a-a453-41c8-acb6-d6026e4c19e3 6e8717502b6c4ed8bb8d0a0e0220b6be b63e6221d7744496900c71ae1d5e0804 - - 1611e27ec57347bab94588ad918639a4 1611e27ec57347bab94588ad918639a4] 199.204.45.23 "GET /resource_providers/b842fa49-3042-4d5f-9ee5-a410383a7d4b/allocations" status: 200 len: 253 microversion: 1.0 [pid: 8|app: 0|req: 584/1169] 199.204.45.23 () {32 vars in 856 bytes} [Mon Apr 27 22:13:03 2026] GET /resource_providers/b842fa49-3042-4d5f-9ee5-a410383a7d4b/allocations => generated 253 bytes in 19 msecs (HTTP/1.1 200) 6 headers in 224 bytes (1 switches on core 0)
2026-04-27 22:13:03.100 7 INFO placement.requestlog [req-d87f39f5-32fe-4a3a-9336-a89d17be7af5 req-045cd857-3e1a-4880-8dad-b388dd0ef396 6e8717502b6c4ed8bb8d0a0e0220b6be b63e6221d7744496900c71ae1d5e0804 - - 1611e27ec57347bab94588ad918639a4 1611e27ec57347bab94588ad918639a4] 199.204.45.23 "GET /allocations/489c817f-eb02-46e5-b282-c39dd6a66da4" status: 200 len: 258 microversion: 1.28 [pid: 7|app: 0|req: 586/1170] 199.204.45.23 () {34 vars in 862 bytes} [Mon Apr 27 22:13:03 2026] GET /allocations/489c817f-eb02-46e5-b282-c39dd6a66da4 => generated 258 bytes in 26 msecs (HTTP/1.1 200) 8 headers in 296 bytes (1 switches on core 0)
2026-04-27 22:13:03.118 8 INFO placement.requestlog [req-d87f39f5-32fe-4a3a-9336-a89d17be7af5 req-411290e3-8c61-42c2-a411-492c14857555 6e8717502b6c4ed8bb8d0a0e0220b6be b63e6221d7744496900c71ae1d5e0804 - - 1611e27ec57347bab94588ad918639a4 1611e27ec57347bab94588ad918639a4] 199.204.45.23 "GET /allocations/57422021-cf9a-4cad-bda3-f01cb599812c" status: 200 len: 258 microversion: 1.28 [pid: 8|app: 0|req: 585/1171] 199.204.45.23 () {34 vars in 862 bytes} [Mon Apr 27 22:13:03 2026] GET /allocations/57422021-cf9a-4cad-bda3-f01cb599812c => generated 258 bytes in 11 msecs (HTTP/1.1 200) 8 headers in 296 bytes (1 switches on core 0)
2026-04-27 22:13:04.168 7 INFO placement.requestlog [req-d87f39f5-32fe-4a3a-9336-a89d17be7af5 req-2df02f57-6423-40ad-ab9b-bf5aa5f6f9b4 6e8717502b6c4ed8bb8d0a0e0220b6be b63e6221d7744496900c71ae1d5e0804 - - 1611e27ec57347bab94588ad918639a4 1611e27ec57347bab94588ad918639a4] 199.204.45.23 "DELETE /allocations/489c817f-eb02-46e5-b282-c39dd6a66da4" status: 204 len: 0 microversion: 1.0 [pid: 7|app: 0|req: 587/1172] 199.204.45.23 () {34 vars in 840 bytes} [Mon Apr 27 22:13:04 2026] DELETE /allocations/489c817f-eb02-46e5-b282-c39dd6a66da4 => generated 0 bytes in 26 msecs (HTTP/1.1 204) 5 headers in 198 bytes (1 switches on core 0)
2026-04-27 22:13:06.583 8 INFO placement.requestlog [req-4c4b05b8-32d8-471a-9571-c72b16e18ac7 req-34eae5e2-9eee-4346-8611-a373b5b2519e 6e8717502b6c4ed8bb8d0a0e0220b6be b63e6221d7744496900c71ae1d5e0804 - - 1611e27ec57347bab94588ad918639a4 1611e27ec57347bab94588ad918639a4] 199.204.45.23 "GET /resource_providers/b842fa49-3042-4d5f-9ee5-a410383a7d4b/allocations" status: 200 len: 153 microversion: 1.0 [pid: 8|app: 0|req: 586/1173] 199.204.45.23 () {32 vars in 856 bytes} [Mon Apr 27 22:13:06 2026] GET /resource_providers/b842fa49-3042-4d5f-9ee5-a410383a7d4b/allocations => generated 153 bytes in 19 msecs (HTTP/1.1 200) 6 headers in 224 bytes (1 switches on core 0)
2026-04-27 22:13:06.609 7 INFO placement.requestlog [req-4c4b05b8-32d8-471a-9571-c72b16e18ac7 req-96123892-9a99-494b-9704-6dc518d0b9fc 6e8717502b6c4ed8bb8d0a0e0220b6be b63e6221d7744496900c71ae1d5e0804 - - 1611e27ec57347bab94588ad918639a4 1611e27ec57347bab94588ad918639a4] 199.204.45.23 "GET /resource_providers/b842fa49-3042-4d5f-9ee5-a410383a7d4b/allocations" status: 200 len: 153 microversion: 1.0 [pid: 7|app: 0|req: 588/1174] 199.204.45.23 () {32 vars in 856 bytes} [Mon Apr 27 22:13:06 2026] GET /resource_providers/b842fa49-3042-4d5f-9ee5-a410383a7d4b/allocations => generated 153 bytes in 18 msecs (HTTP/1.1 200) 6 headers in 224 bytes (1 switches on core 0)
2026-04-27 22:13:06.632 8 INFO placement.requestlog [req-4c4b05b8-32d8-471a-9571-c72b16e18ac7 req-a1f588e5-46a1-418f-a0f1-271b674f73c0 6e8717502b6c4ed8bb8d0a0e0220b6be b63e6221d7744496900c71ae1d5e0804 - - 1611e27ec57347bab94588ad918639a4 1611e27ec57347bab94588ad918639a4] 199.204.45.23 "GET /allocations/57422021-cf9a-4cad-bda3-f01cb599812c" status: 200 len: 258 microversion: 1.28 [pid: 8|app: 0|req: 587/1175] 199.204.45.23 () {34 vars in 862 bytes} [Mon Apr 27 22:13:06 2026] GET /allocations/57422021-cf9a-4cad-bda3-f01cb599812c => generated 258 bytes in 15 msecs (HTTP/1.1 200) 8 headers in 296 bytes (1 switches on core 0)
2026-04-27 22:13:10.333 8 INFO placement.requestlog [None req-2437fc27-f616-42a3-8911-9e938a06d039 - - - - - -] 10.0.0.73 "GET /" status: 200 len: 136 microversion: 1.0
2026-04-27 22:13:10.333 7 INFO placement.requestlog [None req-c1eddad9-b37a-4975-a379-8c5e5f3aa9d3 - - - - - -] 10.0.0.73 "GET /" status: 200 len: 136 microversion: 1.0
2026-04-27 22:13:13.997 8 INFO placement.requestlog [req-fecebc9d-1eca-444b-942c-d79137883d29 req-d4be9f7c-c693-4c38-8bf8-089ea8f79c9c 6e8717502b6c4ed8bb8d0a0e0220b6be b63e6221d7744496900c71ae1d5e0804 - - 1611e27ec57347bab94588ad918639a4 1611e27ec57347bab94588ad918639a4] 199.204.45.23 "GET /resource_providers/b842fa49-3042-4d5f-9ee5-a410383a7d4b/allocations" status: 200 len: 153 microversion: 1.0 [pid: 8|app: 0|req: 589/1178] 199.204.45.23 () {32 vars in 856 bytes} [Mon Apr 27 22:13:13 2026] GET /resource_providers/b842fa49-3042-4d5f-9ee5-a410383a7d4b/allocations => generated 153 bytes in 20 msecs (HTTP/1.1 200) 6 headers in 224 bytes (1 switches on core 0)
2026-04-27 22:13:14.017 7 INFO placement.requestlog [req-fecebc9d-1eca-444b-942c-d79137883d29 req-18d75b2d-a79e-407e-ba4f-9af66c9d2456 6e8717502b6c4ed8bb8d0a0e0220b6be b63e6221d7744496900c71ae1d5e0804 - - 1611e27ec57347bab94588ad918639a4 1611e27ec57347bab94588ad918639a4] 199.204.45.23 "GET /allocations/57422021-cf9a-4cad-bda3-f01cb599812c" status: 200 len: 258 microversion: 1.28 [pid: 7|app: 0|req: 590/1179] 199.204.45.23 () {34 vars in 862 bytes} [Mon Apr 27 22:13:14 2026] GET /allocations/57422021-cf9a-4cad-bda3-f01cb599812c => generated 258 bytes in 12 msecs (HTTP/1.1 200) 8 headers in 296 bytes (1 switches on core 0)
2026-04-27 22:13:15.083 8 INFO placement.requestlog [req-fecebc9d-1eca-444b-942c-d79137883d29 req-b7352347-9631-46c6-8061-11c74deba147 6e8717502b6c4ed8bb8d0a0e0220b6be b63e6221d7744496900c71ae1d5e0804 - - 1611e27ec57347bab94588ad918639a4 1611e27ec57347bab94588ad918639a4] 199.204.45.23 "DELETE /allocations/57422021-cf9a-4cad-bda3-f01cb599812c" status: 204 len: 0 microversion: 1.0 [pid: 8|app: 0|req: 590/1180] 199.204.45.23 () {34 vars in 840 bytes} [Mon Apr 27 22:13:15 2026] DELETE /allocations/57422021-cf9a-4cad-bda3-f01cb599812c => generated 0 bytes in 42 msecs (HTTP/1.1 204) 5 headers in 198 bytes (1 switches on core 0)
2026-04-27 22:13:20.333 8 INFO placement.requestlog [None req-d82fc234-c04e-4fc7-af1e-cfd47931109f - - - - - -] 10.0.0.73 "GET /" status: 200 len: 136 microversion: 1.0
2026-04-27 22:13:20.333 7 INFO placement.requestlog [None req-70082006-f892-46ec-823d-11ba3dcc1ac8 - - - - - -] 10.0.0.73 "GET /" status: 200 len: 136 microversion: 1.0
2026-04-27 22:13:26.945 8 INFO placement.requestlog [None req-983cb64f-4741-4f17-b625-c37aa3e65614 c6e0b03a28e44e2fb60f14eaa2a3904d b63e6221d7744496900c71ae1d5e0804 - - 1611e27ec57347bab94588ad918639a4 1611e27ec57347bab94588ad918639a4] 10.0.0.86 "GET /resource_providers/0c5a854a-9ef9-4de0-992e-725576672cd1/aggregates" status: 404 len: 235 microversion: 1.1 [pid: 8|app: 0|req: 592/1183] 10.0.0.86 () {32 vars in 815 bytes} [Mon Apr 27 22:13:26 2026] GET /resource_providers/0c5a854a-9ef9-4de0-992e-725576672cd1/aggregates => generated 235 bytes in 8 msecs (HTTP/1.1 404) 5 headers in 202 bytes (1 switches on core 0)
2026-04-27 22:13:26.953 7 INFO placement.requestlog [None req-eb37ce25-4fc8-479b-ac39-08fc8482a4d2 c6e0b03a28e44e2fb60f14eaa2a3904d b63e6221d7744496900c71ae1d5e0804 - - 1611e27ec57347bab94588ad918639a4 1611e27ec57347bab94588ad918639a4] 10.0.0.86 "GET /resource_providers/0c5a854a-9ef9-4de0-992e-725576672cd1/aggregates" status: 404 len: 235 microversion: 1.1 [pid: 7|app: 0|req: 592/1184] 10.0.0.86 () {32 vars in 815 bytes} [Mon Apr 27 22:13:26 2026] GET /resource_providers/0c5a854a-9ef9-4de0-992e-725576672cd1/aggregates => generated 235 bytes in 13 msecs (HTTP/1.1 404) 5 headers in 202 bytes (1 switches on core 0)
2026-04-27 22:13:26.970 8 INFO placement.requestlog [None req-146b5f12-5d4a-4731-b22a-1926692e07f1 c6e0b03a28e44e2fb60f14eaa2a3904d b63e6221d7744496900c71ae1d5e0804 - - 1611e27ec57347bab94588ad918639a4 1611e27ec57347bab94588ad918639a4] 10.0.0.86 "DELETE /resource_providers/0c5a854a-9ef9-4de0-992e-725576672cd1" status: 404 len: 246 microversion: 1.1 [pid: 8|app: 0|req: 593/1185] 10.0.0.86 () {34 vars in 815 bytes} [Mon Apr 27 22:13:26 2026] DELETE /resource_providers/0c5a854a-9ef9-4de0-992e-725576672cd1 => generated 246 bytes in 10 msecs (HTTP/1.1 404) 6 headers in 231 bytes (1 switches on core 0)
2026-04-27 22:13:26.973 7 INFO placement.requestlog [None req-bfc17136-1ea0-4790-96af-b57f07b5c52c c6e0b03a28e44e2fb60f14eaa2a3904d b63e6221d7744496900c71ae1d5e0804 - - 1611e27ec57347bab94588ad918639a4 1611e27ec57347bab94588ad918639a4] 10.0.0.86 "DELETE /resource_providers/0c5a854a-9ef9-4de0-992e-725576672cd1" status: 404 len: 246 microversion: 1.1 [pid: 7|app: 0|req: 593/1186] 10.0.0.86 () {34 vars in 815 bytes} [Mon Apr 27 22:13:26 2026] DELETE /resource_providers/0c5a854a-9ef9-4de0-992e-725576672cd1 => generated 246 bytes in 11 msecs (HTTP/1.1 404) 6 headers in 231 bytes (1 switches on core 0)
2026-04-27 22:13:28.995 8 INFO placement.requestlog [None req-048bbf91-91f8-4582-837b-1a4654c09ae0 c6e0b03a28e44e2fb60f14eaa2a3904d b63e6221d7744496900c71ae1d5e0804 - - 1611e27ec57347bab94588ad918639a4 1611e27ec57347bab94588ad918639a4] 10.0.0.86 "GET /resource_providers/9417f72e-49d9-41e1-8bf6-79192ee9e43d/aggregates" status: 404 len: 235 microversion: 1.1 [pid: 8|app: 0|req: 594/1187] 10.0.0.86 () {32 vars in 815 bytes} [Mon Apr 27 22:13:28 2026] GET /resource_providers/9417f72e-49d9-41e1-8bf6-79192ee9e43d/aggregates => generated 235 bytes in 12 msecs (HTTP/1.1 404) 5 headers in 202 bytes (1 switches on core 0)
2026-04-27 22:13:28.996 7 INFO placement.requestlog [None req-36cad8ca-0ca4-4e12-8652-c6e04c6cd1b1 c6e0b03a28e44e2fb60f14eaa2a3904d b63e6221d7744496900c71ae1d5e0804 - - 1611e27ec57347bab94588ad918639a4 1611e27ec57347bab94588ad918639a4] 10.0.0.86 "GET /resource_providers/9417f72e-49d9-41e1-8bf6-79192ee9e43d/aggregates" status: 404 len: 235 microversion: 1.1 [pid: 7|app: 0|req: 594/1188] 10.0.0.86 () {32 vars in 815 bytes} [Mon Apr 27 22:13:28 2026] GET /resource_providers/9417f72e-49d9-41e1-8bf6-79192ee9e43d/aggregates => generated 235 bytes in 10 msecs (HTTP/1.1 404) 5 headers in 202 bytes (1 switches on core 0)
2026-04-27 22:13:29.017 7 INFO placement.requestlog [None req-0e4e28f3-2fca-4d80-84c8-db0570d5bd65 c6e0b03a28e44e2fb60f14eaa2a3904d b63e6221d7744496900c71ae1d5e0804 - - 1611e27ec57347bab94588ad918639a4 1611e27ec57347bab94588ad918639a4] 10.0.0.86 "DELETE /resource_providers/9417f72e-49d9-41e1-8bf6-79192ee9e43d" status: 404 len: 246 microversion: 1.1 [pid: 7|app: 0|req: 595/1189] 10.0.0.86 () {34 vars in 815 bytes} [Mon Apr 27 22:13:29 2026] DELETE /resource_providers/9417f72e-49d9-41e1-8bf6-79192ee9e43d => generated 246 bytes in 8 msecs (HTTP/1.1 404) 6 headers in 231 bytes (1 switches on core 0)
2026-04-27 22:13:29.017 8 INFO placement.requestlog [None req-4b40f7b4-c3bc-4dc4-bd81-eed1b91bf31b c6e0b03a28e44e2fb60f14eaa2a3904d b63e6221d7744496900c71ae1d5e0804 - - 1611e27ec57347bab94588ad918639a4 1611e27ec57347bab94588ad918639a4] 10.0.0.86 "DELETE /resource_providers/9417f72e-49d9-41e1-8bf6-79192ee9e43d" status: 404 len: 246 microversion: 1.1 [pid: 8|app: 0|req: 595/1190] 10.0.0.86 () {34 vars in 815 bytes} [Mon Apr 27 22:13:29 2026] DELETE /resource_providers/9417f72e-49d9-41e1-8bf6-79192ee9e43d => generated 246 bytes in 10 msecs (HTTP/1.1 404) 6 headers in 231 bytes (1 switches on core 0)
2026-04-27 22:13:29.035 7 INFO placement.requestlog [None req-5587d03f-0169-4b64-8f35-1206ffd6cdc1 c6e0b03a28e44e2fb60f14eaa2a3904d b63e6221d7744496900c71ae1d5e0804 - - 1611e27ec57347bab94588ad918639a4 1611e27ec57347bab94588ad918639a4] 10.0.0.86 "GET /resource_providers/76a0170e-c5f0-425a-9178-379ead3ba706/aggregates" status: 404 len: 235 microversion: 1.1 [pid: 7|app: 0|req: 596/1191] 10.0.0.86 () {32 vars in 815 bytes} [Mon Apr 27 22:13:29 2026] GET /resource_providers/76a0170e-c5f0-425a-9178-379ead3ba706/aggregates => generated 235 bytes in 8 msecs (HTTP/1.1 404) 5 headers in 202 bytes (1 switches on core 0)
2026-04-27 22:13:29.039 8 INFO placement.requestlog [None req-1cf036eb-2953-4c41-9fcf-cd06b6e6335f c6e0b03a28e44e2fb60f14eaa2a3904d b63e6221d7744496900c71ae1d5e0804 - - 1611e27ec57347bab94588ad918639a4 1611e27ec57347bab94588ad918639a4] 10.0.0.86 "GET /resource_providers/76a0170e-c5f0-425a-9178-379ead3ba706/aggregates" status: 404 len: 235 microversion: 1.1 [pid: 8|app: 0|req: 596/1192] 10.0.0.86 () {32 vars in 815 bytes} [Mon Apr 27 22:13:29 2026] GET /resource_providers/76a0170e-c5f0-425a-9178-379ead3ba706/aggregates => generated 235 bytes in 9 msecs (HTTP/1.1 404) 5 headers in 202 bytes (1 switches on core 0)
2026-04-27 22:13:29.052 7 INFO placement.requestlog [None req-eb40f2aa-e760-49ba-bb28-27cca25d8d2e c6e0b03a28e44e2fb60f14eaa2a3904d b63e6221d7744496900c71ae1d5e0804 - - 1611e27ec57347bab94588ad918639a4 1611e27ec57347bab94588ad918639a4] 10.0.0.86 "DELETE /resource_providers/76a0170e-c5f0-425a-9178-379ead3ba706" status: 404 len: 246 microversion: 1.1 [pid: 7|app: 0|req: 597/1193] 10.0.0.86 () {34 vars in 815 bytes} [Mon Apr 27 22:13:29 2026] DELETE /resource_providers/76a0170e-c5f0-425a-9178-379ead3ba706 => generated 246 bytes in 8 msecs (HTTP/1.1 404) 6 headers in 231 bytes (1 switches on core 0)
2026-04-27 22:13:29.055 8 INFO placement.requestlog [None req-e3980a90-78b7-41e9-bb31-49a6b75b1724 c6e0b03a28e44e2fb60f14eaa2a3904d b63e6221d7744496900c71ae1d5e0804 - - 1611e27ec57347bab94588ad918639a4 1611e27ec57347bab94588ad918639a4] 10.0.0.86 "DELETE /resource_providers/76a0170e-c5f0-425a-9178-379ead3ba706" status: 404 len: 246 microversion: 1.1 [pid: 8|app: 0|req: 597/1194] 10.0.0.86 () {34 vars in 815 bytes} [Mon Apr 27 22:13:29 2026] DELETE /resource_providers/76a0170e-c5f0-425a-9178-379ead3ba706 => generated 246 bytes in 10 msecs (HTTP/1.1 404) 6 headers in 231 bytes (1 switches on core 0)
2026-04-27 22:13:30.333 7 INFO placement.requestlog [None req-04f265df-a70e-44c3-88f8-ea455d28c57b - - - - - -] 10.0.0.73 "GET /" status: 200 len: 136 microversion: 1.0
2026-04-27 22:13:30.333 8 INFO placement.requestlog [None req-93c6f094-0b02-4464-a5a2-f80879ca9a86 - - - - - -] 10.0.0.73 "GET /" status: 200 len: 136 microversion: 1.0
2026-04-27 22:13:40.333 8 INFO placement.requestlog [None req-34f7ddfa-e313-4afe-83fb-6088cd68c303 - - - - - -] 10.0.0.73 "GET /" status: 200 len: 136 microversion: 1.0
2026-04-27 22:13:40.333 7 INFO placement.requestlog [None req-3d8a8f94-451c-43c2-8bc1-233be83a82e7 - - - - - -] 10.0.0.73 "GET /" status: 200 len: 136 microversion: 1.0
2026-04-27 22:13:50.333 7 INFO placement.requestlog [None req-db037b55-8e1d-4d50-bce7-b7cb6ec14b10 - - - - - -] 10.0.0.73 "GET /" status: 200 len: 136 microversion: 1.0
2026-04-27 22:13:50.333 8 INFO placement.requestlog [None req-f98383b1-aa93-4a0b-9abc-78ba1c211188 - - - - - -] 10.0.0.73 "GET /" status: 200 len: 136 microversion: 1.0
2026-04-27 22:14:00.332 8 INFO placement.requestlog [None req-a6621894-1ed3-45a8-91af-a8e5432f52c9 - - - - - -] 10.0.0.73 "GET /" status: 200 len: 136 microversion: 1.0
2026-04-27 22:14:00.333 7 INFO placement.requestlog [None req-13ebf103-9a8a-44ed-ab66-18f5a3f176fb - - - - - -] 10.0.0.73 "GET /" status: 200 len: 136 microversion: 1.0
2026-04-27 22:14:05.121 8 INFO placement.requestlog [req-19445fd7-f901-49ca-8bf3-0e3bed2664a4 req-b4ee2e2f-af4d-4f43-b33d-f682d13c3c06 6e8717502b6c4ed8bb8d0a0e0220b6be b63e6221d7744496900c71ae1d5e0804 - - 1611e27ec57347bab94588ad918639a4 1611e27ec57347bab94588ad918639a4] 199.204.45.23 "GET /resource_providers/b842fa49-3042-4d5f-9ee5-a410383a7d4b/allocations" status: 200 len: 55 microversion: 1.0 [pid: 8|app: 0|req: 602/1203] 199.204.45.23 () {32 vars in 856 bytes} [Mon Apr 27 22:14:05 2026] GET /resource_providers/b842fa49-3042-4d5f-9ee5-a410383a7d4b/allocations => generated 55 bytes in 12 msecs (HTTP/1.1 200) 6 headers in 223 bytes (1 switches on core 0)
2026-04-27 22:14:05.162 7 INFO placement.requestlog [req-19445fd7-f901-49ca-8bf3-0e3bed2664a4 req-31da570b-fe6a-468b-aaab-2d002c556779 6e8717502b6c4ed8bb8d0a0e0220b6be b63e6221d7744496900c71ae1d5e0804 - - 1611e27ec57347bab94588ad918639a4 1611e27ec57347bab94588ad918639a4] 199.204.45.23 "GET /resource_providers/b842fa49-3042-4d5f-9ee5-a410383a7d4b/allocations" status: 200 len: 55 microversion: 1.0 [pid: 7|app: 0|req: 602/1204] 199.204.45.23 () {32 vars in 856 bytes} [Mon Apr 27 22:14:05 2026] GET /resource_providers/b842fa49-3042-4d5f-9ee5-a410383a7d4b/allocations => generated 55 bytes in 33 msecs (HTTP/1.1 200) 6 headers in 223 bytes (1 switches on core 0)
2026-04-27 22:14:10.333 7 INFO placement.requestlog [None req-b078cced-b1c8-4645-bcf8-2c65732d71f1 - - - - - -] 10.0.0.73 "GET /" status: 200 len: 136 microversion: 1.0
2026-04-27 22:14:10.333 8 INFO placement.requestlog [None req-fe70bed6-7358-467b-8d59-9978d2065888 - - - - - -] 10.0.0.73 "GET /" status: 200 len: 136 microversion: 1.0
2026-04-27 22:14:20.333 8 INFO placement.requestlog [None req-979f50c3-d561-40c4-9b13-c28ae2b53173 - - - - - -] 10.0.0.73 "GET /" status: 200 len: 136 microversion: 1.0
2026-04-27 22:14:20.333 7 INFO placement.requestlog [None req-a0a3cb78-2d5d-48ea-a0be-b0b41665d45e - - - - - -] 10.0.0.73 "GET /" status: 200 len: 136 microversion: 1.0
2026-04-27 22:14:30.333 8 INFO placement.requestlog [None req-918d0006-7aff-40d7-bdad-bb1e75e00a3e - - - - - -] 10.0.0.73 "GET /" status: 200 len: 136 microversion: 1.0
2026-04-27 22:14:30.334 7 INFO placement.requestlog [None req-39f3ca92-df89-4b20-9ec3-a6f553e9bbdc - - - - - -] 10.0.0.73 "GET /" status: 200 len: 136 microversion: 1.0
2026-04-27 22:14:40.333 7 INFO placement.requestlog [None req-fdd98824-963e-4e26-9246-f51d5e9de6f8 - - - - - -] 10.0.0.73 "GET /" status: 200 len: 136 microversion: 1.0
2026-04-27 22:14:40.334 8 INFO placement.requestlog [None req-546061e3-e088-47b3-b178-921470352cc8 - - - - - -] 10.0.0.73 "GET /" status: 200 len: 136 microversion: 1.0
2026-04-27 22:14:50.334 8 INFO placement.requestlog [None req-98f9038b-4125-4d8f-90d8-f04a3b299cb9 - - - - - -] 10.0.0.73 "GET /" status: 200 len: 136 microversion: 1.0
2026-04-27 22:14:50.335 7 INFO placement.requestlog [None req-594bcaf9-21a4-4770-b430-604c78a54f27 - - - - - -] 10.0.0.73 "GET /" status: 200 len: 136 microversion: 1.0
2026-04-27 22:15:00.334 7 INFO placement.requestlog [None req-df50884a-57db-4fa5-9e19-48eed46b6a48 - - - - - -] 10.0.0.73 "GET /" status: 200 len: 136 microversion: 1.0
2026-04-27 22:15:00.334 8 INFO placement.requestlog [None req-72150bed-41f6-44fd-aac1-ef39aae43c50 - - - - - -] 10.0.0.73 "GET /" status: 200 len: 136 microversion: 1.0
2026-04-27 22:15:07.152 7 INFO placement.requestlog [req-7e0c85ea-63a3-47fd-999e-753a89ed0b1d req-70c88081-86e4-40cd-994d-8397898db010 6e8717502b6c4ed8bb8d0a0e0220b6be b63e6221d7744496900c71ae1d5e0804 - - 1611e27ec57347bab94588ad918639a4 1611e27ec57347bab94588ad918639a4] 199.204.45.23 "GET /resource_providers/b842fa49-3042-4d5f-9ee5-a410383a7d4b/allocations" status: 200 len: 55 microversion: 1.0 [pid: 7|app: 0|req: 609/1217] 199.204.45.23 () {32 vars in 856 bytes} [Mon Apr 27 22:15:07 2026] GET /resource_providers/b842fa49-3042-4d5f-9ee5-a410383a7d4b/allocations => generated 55 bytes in 14 msecs (HTTP/1.1 200) 6 headers in 223 bytes (1 switches on core 0)
2026-04-27 22:15:07.175 8 INFO placement.requestlog [req-7e0c85ea-63a3-47fd-999e-753a89ed0b1d req-dfcd586c-e218-46be-85ba-6cd0c611ce36 6e8717502b6c4ed8bb8d0a0e0220b6be b63e6221d7744496900c71ae1d5e0804 - - 1611e27ec57347bab94588ad918639a4 1611e27ec57347bab94588ad918639a4] 199.204.45.23 "GET /resource_providers/b842fa49-3042-4d5f-9ee5-a410383a7d4b/allocations" status: 200 len: 55 microversion: 1.0 [pid: 8|app: 0|req: 609/1218] 199.204.45.23 () {32 vars in 856 bytes} [Mon Apr 27 22:15:07 2026] GET /resource_providers/b842fa49-3042-4d5f-9ee5-a410383a7d4b/allocations => generated 55 bytes in 16 msecs (HTTP/1.1 200) 6 headers in 223 bytes (1 switches on core 0)
2026-04-27 22:15:10.333 7 INFO placement.requestlog [None req-a3340e9b-3095-48b8-b1dd-392f30dc7917 - - - - - -] 10.0.0.73 "GET /" status: 200 len: 136 microversion: 1.0
2026-04-27 22:15:10.336 8 INFO placement.requestlog [None req-9efd81a3-b103-46a5-ac15-922ffea433a1 - - - - - -] 10.0.0.73 "GET /" status: 200 len: 136 microversion: 1.0
2026-04-27 22:15:20.333 7 INFO placement.requestlog [None req-28111ef5-a729-4aca-a703-4811ff094757 - - - - - -] 10.0.0.73 "GET /" status: 200 len: 136 microversion: 1.0
2026-04-27 22:15:20.334 8 INFO placement.requestlog [None req-65391412-d57c-4f61-91d1-a7bdc7c3dd35 - - - - - -] 10.0.0.73 "GET /" status: 200 len: 136 microversion: 1.0
2026-04-27 22:15:30.333 8 INFO placement.requestlog [None req-6795303e-5f22-4622-abf9-0da8e6b007b1 - - - - - -] 10.0.0.73 "GET /" status: 200 len: 136 microversion: 1.0
2026-04-27 22:15:30.333 7 INFO placement.requestlog [None req-8b55b550-1b9e-4ffa-abff-ad2a5d1f0d30 - - - - - -] 10.0.0.73 "GET /" status: 200 len: 136 microversion: 1.0
2026-04-27 22:15:40.332 8 INFO placement.requestlog [None req-f75decfd-56fd-452a-90b7-276f7e6b1bcb - - - - - -] 10.0.0.73 "GET /" status: 200 len: 136 microversion: 1.0
