2026-04-27 22:07:06.500 8 INFO placement.requestlog [None req-346c303b-2ec4-4c2d-b247-e1b6f6b3ad60 c6e0b03a28e44e2fb60f14eaa2a3904d b63e6221d7744496900c71ae1d5e0804 - - 1611e27ec57347bab94588ad918639a4 1611e27ec57347bab94588ad918639a4] 10.0.0.86 "GET /resource_providers/a878cdfd-a747-4c9e-96b2-85cc8db8ff69/aggregates" status: 404 len: 235 microversion: 1.1 [pid: 8|app: 0|req: 378/752] 10.0.0.86 () {32 vars in 815 bytes} [Mon Apr 27 22:07:06 2026] GET /resource_providers/a878cdfd-a747-4c9e-96b2-85cc8db8ff69/aggregates => generated 235 bytes in 8 msecs (HTTP/1.1 404) 5 headers in 202 bytes (1 switches on core 0)
2026-04-27 22:07:06.501 7 INFO placement.requestlog [None req-a4b7e52d-b26c-4db8-812a-0ff3c4d61986 c6e0b03a28e44e2fb60f14eaa2a3904d b63e6221d7744496900c71ae1d5e0804 - - 1611e27ec57347bab94588ad918639a4 1611e27ec57347bab94588ad918639a4] 10.0.0.86 "GET /resource_providers/a878cdfd-a747-4c9e-96b2-85cc8db8ff69/aggregates" status: 404 len: 235 microversion: 1.1 [pid: 7|app: 0|req: 375/753] 10.0.0.86 () {32 vars in 815 bytes} [Mon Apr 27 22:07:06 2026] GET /resource_providers/a878cdfd-a747-4c9e-96b2-85cc8db8ff69/aggregates => generated 235 bytes in 10 msecs (HTTP/1.1 404) 5 headers in 202 bytes (1 switches on core 0)
2026-04-27 22:07:06.526 7 INFO placement.requestlog [None req-2e983f25-f6b4-4b88-847c-c6535e4f6e07 c6e0b03a28e44e2fb60f14eaa2a3904d b63e6221d7744496900c71ae1d5e0804 - - 1611e27ec57347bab94588ad918639a4 1611e27ec57347bab94588ad918639a4] 10.0.0.86 "DELETE /resource_providers/a878cdfd-a747-4c9e-96b2-85cc8db8ff69" status: 404 len: 246 microversion: 1.1 [pid: 7|app: 0|req: 376/754] 10.0.0.86 () {34 vars in 815 bytes} [Mon Apr 27 22:07:06 2026] DELETE /resource_providers/a878cdfd-a747-4c9e-96b2-85cc8db8ff69 => generated 246 bytes in 10 msecs (HTTP/1.1 404) 6 headers in 231 bytes (1 switches on core 0)
2026-04-27 22:07:06.530 8 INFO placement.requestlog [None req-a88b824d-71ae-4173-8c94-7f33887d82ae c6e0b03a28e44e2fb60f14eaa2a3904d b63e6221d7744496900c71ae1d5e0804 - - 1611e27ec57347bab94588ad918639a4 1611e27ec57347bab94588ad918639a4] 10.0.0.86 "DELETE /resource_providers/a878cdfd-a747-4c9e-96b2-85cc8db8ff69" status: 404 len: 246 microversion: 1.1 [pid: 8|app: 0|req: 379/755] 10.0.0.86 () {34 vars in 815 bytes} [Mon Apr 27 22:07:06 2026] DELETE /resource_providers/a878cdfd-a747-4c9e-96b2-85cc8db8ff69 => generated 246 bytes in 15 msecs (HTTP/1.1 404) 6 headers in 231 bytes (1 switches on core 0)
2026-04-27 22:07:10.333 7 INFO placement.requestlog [None req-c7f59e80-2a67-4d8a-9e12-ca59da7d7eca - - - - - -] 10.0.0.73 "GET /" status: 200 len: 136 microversion: 1.0
2026-04-27 22:07:10.335 8 INFO placement.requestlog [None req-69756755-4ce1-40a9-9c13-086df9037079 - - - - - -] 10.0.0.73 "GET /" status: 200 len: 136 microversion: 1.0
2026-04-27 22:07:19.940 7 INFO placement.requestlog [req-f4aa502d-76e4-4884-81b6-47708f9d187e req-0fced8b4-0688-4601-98f8-26dce62083dd 6e8717502b6c4ed8bb8d0a0e0220b6be b63e6221d7744496900c71ae1d5e0804 - - 1611e27ec57347bab94588ad918639a4 1611e27ec57347bab94588ad918639a4] 199.204.45.23 "GET /resource_providers/b842fa49-3042-4d5f-9ee5-a410383a7d4b/allocations" status: 200 len: 152 microversion: 1.0 [pid: 7|app: 0|req: 378/758] 199.204.45.23 () {32 vars in 856 bytes} [Mon Apr 27 22:07:19 2026] GET /resource_providers/b842fa49-3042-4d5f-9ee5-a410383a7d4b/allocations => generated 152 bytes in 20 msecs (HTTP/1.1 200) 6 headers in 224 bytes (1 switches on core 0)
2026-04-27 22:07:19.957 8 INFO placement.requestlog [req-f4aa502d-76e4-4884-81b6-47708f9d187e req-bbc4ae59-ba64-40d5-a213-c3cac9b365fa 6e8717502b6c4ed8bb8d0a0e0220b6be b63e6221d7744496900c71ae1d5e0804 - - 1611e27ec57347bab94588ad918639a4 1611e27ec57347bab94588ad918639a4] 199.204.45.23 "GET /allocations/8f59bf7f-cc2b-4ba4-9401-81ccfbe277ae" status: 200 len: 257 microversion: 1.28 [pid: 8|app: 0|req: 381/759] 199.204.45.23 () {34 vars in 862 bytes} [Mon Apr 27 22:07:19 2026] GET /allocations/8f59bf7f-cc2b-4ba4-9401-81ccfbe277ae => generated 257 bytes in 9 msecs (HTTP/1.1 200) 8 headers in 296 bytes (1 switches on core 0)
2026-04-27 22:07:20.333 8 INFO placement.requestlog [None req-07fafc06-ec1d-4eb5-9740-07bc2ad5916b - - - - - -] 10.0.0.73 "GET /" status: 200 len: 136 microversion: 1.0
2026-04-27 22:07:20.333 7 INFO placement.requestlog [None req-48cee245-006b-4fa4-aac6-cc384ede8218 - - - - - -] 10.0.0.73 "GET /" status: 200 len: 136 microversion: 1.0
2026-04-27 22:07:21.008 8 INFO placement.requestlog [req-f4aa502d-76e4-4884-81b6-47708f9d187e req-e93e43ea-6144-4c05-9073-a075461dc68c 6e8717502b6c4ed8bb8d0a0e0220b6be b63e6221d7744496900c71ae1d5e0804 - - 1611e27ec57347bab94588ad918639a4 1611e27ec57347bab94588ad918639a4] 199.204.45.23 "DELETE /allocations/8f59bf7f-cc2b-4ba4-9401-81ccfbe277ae" status: 204 len: 0 microversion: 1.0 [pid: 8|app: 0|req: 383/762] 199.204.45.23 () {34 vars in 840 bytes} [Mon Apr 27 22:07:20 2026] DELETE /allocations/8f59bf7f-cc2b-4ba4-9401-81ccfbe277ae => generated 0 bytes in 27 msecs (HTTP/1.1 204) 5 headers in 198 bytes (1 switches on core 0)
2026-04-27 22:07:23.855 7 INFO placement.requestlog [None req-2b319538-1091-4757-9a5a-29a5c11e491d c6e0b03a28e44e2fb60f14eaa2a3904d b63e6221d7744496900c71ae1d5e0804 - - 1611e27ec57347bab94588ad918639a4 1611e27ec57347bab94588ad918639a4] 10.0.0.86 "GET /resource_providers/ca1b8ddf-4f90-421a-8be1-0e17cc2d2660/aggregates" status: 404 len: 235 microversion: 1.1 [pid: 7|app: 0|req: 380/763] 10.0.0.86 () {32 vars in 815 bytes} [Mon Apr 27 22:07:23 2026] GET /resource_providers/ca1b8ddf-4f90-421a-8be1-0e17cc2d2660/aggregates => generated 235 bytes in 12 msecs (HTTP/1.1 404) 5 headers in 202 bytes (1 switches on core 0)
2026-04-27 22:07:23.858 8 INFO placement.requestlog [None req-80e0442b-3552-4619-9d0f-e7e544b30859 c6e0b03a28e44e2fb60f14eaa2a3904d b63e6221d7744496900c71ae1d5e0804 - - 1611e27ec57347bab94588ad918639a4 1611e27ec57347bab94588ad918639a4] 10.0.0.86 "GET /resource_providers/ca1b8ddf-4f90-421a-8be1-0e17cc2d2660/aggregates" status: 404 len: 235 microversion: 1.1 [pid: 8|app: 0|req: 384/764] 10.0.0.86 () {32 vars in 815 bytes} [Mon Apr 27 22:07:23 2026] GET /resource_providers/ca1b8ddf-4f90-421a-8be1-0e17cc2d2660/aggregates => generated 235 bytes in 11 msecs (HTTP/1.1 404) 5 headers in 202 bytes (1 switches on core 0)
2026-04-27 22:07:23.875 8 INFO placement.requestlog [None req-3dd4d227-1164-4563-b8d9-9c89fbfac8cf c6e0b03a28e44e2fb60f14eaa2a3904d b63e6221d7744496900c71ae1d5e0804 - - 1611e27ec57347bab94588ad918639a4 1611e27ec57347bab94588ad918639a4] 10.0.0.86 "DELETE /resource_providers/ca1b8ddf-4f90-421a-8be1-0e17cc2d2660" status: 404 len: 246 microversion: 1.1
2026-04-27 22:07:23.875 7 INFO placement.requestlog [None req-2d71ebce-029c-47ba-b0fd-70fffda315d1 c6e0b03a28e44e2fb60f14eaa2a3904d b63e6221d7744496900c71ae1d5e0804 - - 1611e27ec57347bab94588ad918639a4 1611e27ec57347bab94588ad918639a4] 10.0.0.86 "DELETE /resource_providers/ca1b8ddf-4f90-421a-8be1-0e17cc2d2660" status: 404 len: 246 microversion: 1.1 [pid: 8|app: 0|req: 385/765] 10.0.0.86 () {34 vars in 815 bytes} [Mon Apr 27 22:07:23 2026] DELETE /resource_providers/ca1b8ddf-4f90-421a-8be1-0e17cc2d2660 => generated 246 bytes in 6 msecs (HTTP/1.1 404) 6 headers in 231 bytes (1 switches on core 0) [pid: 7|app: 0|req: 381/766] 10.0.0.86 () {34 vars in 815 bytes} [Mon Apr 27 22:07:23 2026] DELETE /resource_providers/ca1b8ddf-4f90-421a-8be1-0e17cc2d2660 => generated 246 bytes in 9 msecs (HTTP/1.1 404) 6 headers in 231 bytes (1 switches on core 0)
2026-04-27 22:07:30.334 7 INFO placement.requestlog [None req-84c2d0a9-9283-4942-bf4f-80a3fd2f727e - - - - - -] 10.0.0.73 "GET /" status: 200 len: 136 microversion: 1.0
2026-04-27 22:07:30.334 8 INFO placement.requestlog [None req-597f2a7c-e662-4bd3-93ed-0ecfa1796142 - - - - - -] 10.0.0.73 "GET /" status: 200 len: 136 microversion: 1.0
2026-04-27 22:07:31.707 7 INFO placement.requestlog [None req-d12e7872-5cec-46e5-a591-6258a61fffdc c6e0b03a28e44e2fb60f14eaa2a3904d b63e6221d7744496900c71ae1d5e0804 - - 1611e27ec57347bab94588ad918639a4 1611e27ec57347bab94588ad918639a4] 10.0.0.86 "GET /resource_providers/05136ef3-1e4a-4c29-9059-a8ed018ecdac/aggregates" status: 404 len: 235 microversion: 1.1 [pid: 7|app: 0|req: 383/769] 10.0.0.86 () {32 vars in 815 bytes} [Mon Apr 27 22:07:31 2026] GET /resource_providers/05136ef3-1e4a-4c29-9059-a8ed018ecdac/aggregates => generated 235 bytes in 13 msecs (HTTP/1.1 404) 5 headers in 202 bytes (1 switches on core 0)
2026-04-27 22:07:31.711 8 INFO placement.requestlog [None req-60d8fbd3-ff14-4593-bdac-e2d1d935adc4 c6e0b03a28e44e2fb60f14eaa2a3904d b63e6221d7744496900c71ae1d5e0804 - - 1611e27ec57347bab94588ad918639a4 1611e27ec57347bab94588ad918639a4] 10.0.0.86 "GET /resource_providers/05136ef3-1e4a-4c29-9059-a8ed018ecdac/aggregates" status: 404 len: 235 microversion: 1.1 [pid: 8|app: 0|req: 387/770] 10.0.0.86 () {32 vars in 815 bytes} [Mon Apr 27 22:07:31 2026] GET /resource_providers/05136ef3-1e4a-4c29-9059-a8ed018ecdac/aggregates => generated 235 bytes in 11 msecs (HTTP/1.1 404) 5 headers in 202 bytes (1 switches on core 0)
2026-04-27 22:07:31.730 7 INFO placement.requestlog [None req-bd9bbd5a-488b-46a2-9b22-c62a691abf81 c6e0b03a28e44e2fb60f14eaa2a3904d b63e6221d7744496900c71ae1d5e0804 - - 1611e27ec57347bab94588ad918639a4 1611e27ec57347bab94588ad918639a4] 10.0.0.86 "DELETE /resource_providers/05136ef3-1e4a-4c29-9059-a8ed018ecdac" status: 404 len: 246 microversion: 1.1 [pid: 7|app: 0|req: 384/771] 10.0.0.86 () {34 vars in 815 bytes} [Mon Apr 27 22:07:31 2026] DELETE /resource_providers/05136ef3-1e4a-4c29-9059-a8ed018ecdac => generated 246 bytes in 7 msecs (HTTP/1.1 404) 6 headers in 231 bytes (1 switches on core 0)
2026-04-27 22:07:31.733 8 INFO placement.requestlog [None req-4fdf28f2-4a35-4c3f-8c6d-fd94f8e5a175 c6e0b03a28e44e2fb60f14eaa2a3904d b63e6221d7744496900c71ae1d5e0804 - - 1611e27ec57347bab94588ad918639a4 1611e27ec57347bab94588ad918639a4] 10.0.0.86 "DELETE /resource_providers/05136ef3-1e4a-4c29-9059-a8ed018ecdac" status: 404 len: 246 microversion: 1.1 [pid: 8|app: 0|req: 388/772] 10.0.0.86 () {34 vars in 815 bytes} [Mon Apr 27 22:07:31 2026] DELETE /resource_providers/05136ef3-1e4a-4c29-9059-a8ed018ecdac => generated 246 bytes in 10 msecs (HTTP/1.1 404) 6 headers in 231 bytes (1 switches on core 0)
2026-04-27 22:07:32.551 7 INFO placement.requestlog [None req-40f2395e-d4d9-4e63-b73a-844347ab94e3 c6e0b03a28e44e2fb60f14eaa2a3904d b63e6221d7744496900c71ae1d5e0804 - - 1611e27ec57347bab94588ad918639a4 1611e27ec57347bab94588ad918639a4] 10.0.0.86 "GET /resource_providers/06e15ec5-e532-400b-a196-8399e867442d/aggregates" status: 404 len: 235 microversion: 1.1 [pid: 7|app: 0|req: 385/773] 10.0.0.86 () {32 vars in 815 bytes} [Mon Apr 27 22:07:32 2026] GET /resource_providers/06e15ec5-e532-400b-a196-8399e867442d/aggregates => generated 235 bytes in 11 msecs (HTTP/1.1 404) 5 headers in 202 bytes (1 switches on core 0)
2026-04-27 22:07:32.554 8 INFO placement.requestlog [None req-40d0a7b2-dfb9-4cea-ac3b-fb9f6d2bd576 c6e0b03a28e44e2fb60f14eaa2a3904d b63e6221d7744496900c71ae1d5e0804 - - 1611e27ec57347bab94588ad918639a4 1611e27ec57347bab94588ad918639a4] 10.0.0.86 "GET /resource_providers/06e15ec5-e532-400b-a196-8399e867442d/aggregates" status: 404 len: 235 microversion: 1.1 [pid: 8|app: 0|req: 389/774] 10.0.0.86 () {32 vars in 815 bytes} [Mon Apr 27 22:07:32 2026] GET /resource_providers/06e15ec5-e532-400b-a196-8399e867442d/aggregates => generated 235 bytes in 10 msecs (HTTP/1.1 404) 5 headers in 202 bytes (1 switches on core 0)
2026-04-27 22:07:32.582 7 INFO placement.requestlog [None req-f3d7b433-b839-4fb2-a5eb-f69d42cf700c c6e0b03a28e44e2fb60f14eaa2a3904d b63e6221d7744496900c71ae1d5e0804 - - 1611e27ec57347bab94588ad918639a4 1611e27ec57347bab94588ad918639a4] 10.0.0.86 "DELETE /resource_providers/06e15ec5-e532-400b-a196-8399e867442d" status: 404 len: 246 microversion: 1.1 [pid: 7|app: 0|req: 386/775] 10.0.0.86 () {34 vars in 815 bytes} [Mon Apr 27 22:07:32 2026] DELETE /resource_providers/06e15ec5-e532-400b-a196-8399e867442d => generated 246 bytes in 14 msecs (HTTP/1.1 404) 6 headers in 231 bytes (1 switches on core 0)
2026-04-27 22:07:32.583 8 INFO placement.requestlog [None req-c1d19471-024e-4240-99db-15d9b1b14a61 c6e0b03a28e44e2fb60f14eaa2a3904d b63e6221d7744496900c71ae1d5e0804 - - 1611e27ec57347bab94588ad918639a4 1611e27ec57347bab94588ad918639a4] 10.0.0.86 "DELETE /resource_providers/06e15ec5-e532-400b-a196-8399e867442d" status: 404 len: 246 microversion: 1.1 [pid: 8|app: 0|req: 390/776] 10.0.0.86 () {34 vars in 815 bytes} [Mon Apr 27 22:07:32 2026] DELETE /resource_providers/06e15ec5-e532-400b-a196-8399e867442d => generated 246 bytes in 14 msecs (HTTP/1.1 404) 6 headers in 231 bytes (1 switches on core 0)
2026-04-27 22:07:33.757 7 INFO placement.requestlog [None req-05ca45b3-a1ef-4cdd-ba7a-89c97a9c90b9 c6e0b03a28e44e2fb60f14eaa2a3904d b63e6221d7744496900c71ae1d5e0804 - - 1611e27ec57347bab94588ad918639a4 1611e27ec57347bab94588ad918639a4] 10.0.0.86 "GET /resource_providers/26029045-32e5-4138-833b-968263fe14c3/aggregates" status: 404 len: 235 microversion: 1.1 [pid: 7|app: 0|req: 387/777] 10.0.0.86 () {32 vars in 815 bytes} [Mon Apr 27 22:07:33 2026] GET /resource_providers/26029045-32e5-4138-833b-968263fe14c3/aggregates => generated 235 bytes in 10 msecs (HTTP/1.1 404) 5 headers in 202 bytes (1 switches on core 0)
2026-04-27 22:07:33.762 8 INFO placement.requestlog [None req-5c8256bd-cbd6-4031-837e-1f24ca915bc1 c6e0b03a28e44e2fb60f14eaa2a3904d b63e6221d7744496900c71ae1d5e0804 - - 1611e27ec57347bab94588ad918639a4 1611e27ec57347bab94588ad918639a4] 10.0.0.86 "GET /resource_providers/26029045-32e5-4138-833b-968263fe14c3/aggregates" status: 404 len: 235 microversion: 1.1 [pid: 8|app: 0|req: 391/778] 10.0.0.86 () {32 vars in 815 bytes} [Mon Apr 27 22:07:33 2026] GET /resource_providers/26029045-32e5-4138-833b-968263fe14c3/aggregates => generated 235 bytes in 9 msecs (HTTP/1.1 404) 5 headers in 202 bytes (1 switches on core 0)
2026-04-27 22:07:33.780 7 INFO placement.requestlog [None req-d056b0a7-af9e-41d3-be4e-efeedc714155 c6e0b03a28e44e2fb60f14eaa2a3904d b63e6221d7744496900c71ae1d5e0804 - - 1611e27ec57347bab94588ad918639a4 1611e27ec57347bab94588ad918639a4] 10.0.0.86 "DELETE /resource_providers/26029045-32e5-4138-833b-968263fe14c3" status: 404 len: 246 microversion: 1.1 [pid: 7|app: 0|req: 388/779] 10.0.0.86 () {34 vars in 815 bytes} [Mon Apr 27 22:07:33 2026] DELETE /resource_providers/26029045-32e5-4138-833b-968263fe14c3 => generated 246 bytes in 8 msecs (HTTP/1.1 404) 6 headers in 231 bytes (1 switches on core 0)
2026-04-27 22:07:33.791 8 INFO placement.requestlog [None req-77d8a768-ebf8-4130-8433-46c0399e1815 c6e0b03a28e44e2fb60f14eaa2a3904d b63e6221d7744496900c71ae1d5e0804 - - 1611e27ec57347bab94588ad918639a4 1611e27ec57347bab94588ad918639a4] 10.0.0.86 "DELETE /resource_providers/26029045-32e5-4138-833b-968263fe14c3" status: 404 len: 246 microversion: 1.1 [pid: 8|app: 0|req: 392/780] 10.0.0.86 () {34 vars in 815 bytes} [Mon Apr 27 22:07:33 2026] DELETE /resource_providers/26029045-32e5-4138-833b-968263fe14c3 => generated 246 bytes in 9 msecs (HTTP/1.1 404) 6 headers in 231 bytes (1 switches on core 0)
2026-04-27 22:07:35.800 7 INFO placement.requestlog [None req-d71e6462-5da1-405d-b965-782c4d16b572 c6e0b03a28e44e2fb60f14eaa2a3904d b63e6221d7744496900c71ae1d5e0804 - - 1611e27ec57347bab94588ad918639a4 1611e27ec57347bab94588ad918639a4] 10.0.0.86 "GET /resource_providers/1553e455-0eef-45ef-8120-5f48f71d3bd2/aggregates" status: 404 len: 235 microversion: 1.1 [pid: 7|app: 0|req: 389/781] 10.0.0.86 () {32 vars in 815 bytes} [Mon Apr 27 22:07:35 2026] GET /resource_providers/1553e455-0eef-45ef-8120-5f48f71d3bd2/aggregates => generated 235 bytes in 6 msecs (HTTP/1.1 404) 5 headers in 202 bytes (1 switches on core 0)
2026-04-27 22:07:35.819 8 INFO placement.requestlog [None req-67d091ac-6ce8-4619-9612-ba7950750ffd c6e0b03a28e44e2fb60f14eaa2a3904d b63e6221d7744496900c71ae1d5e0804 - - 1611e27ec57347bab94588ad918639a4 1611e27ec57347bab94588ad918639a4] 10.0.0.86 "GET /resource_providers/1553e455-0eef-45ef-8120-5f48f71d3bd2/aggregates" status: 404 len: 235 microversion: 1.1
2026-04-27 22:07:35.820 7 INFO placement.requestlog [None req-fc670da0-f24f-4903-9018-5e9fe7508ece c6e0b03a28e44e2fb60f14eaa2a3904d b63e6221d7744496900c71ae1d5e0804 - - 1611e27ec57347bab94588ad918639a4 1611e27ec57347bab94588ad918639a4] 10.0.0.86 "DELETE /resource_providers/1553e455-0eef-45ef-8120-5f48f71d3bd2" status: 404 len: 246 microversion: 1.1 [pid: 8|app: 0|req: 393/782] 10.0.0.86 () {32 vars in 815 bytes} [Mon Apr 27 22:07:35 2026] GET /resource_providers/1553e455-0eef-45ef-8120-5f48f71d3bd2/aggregates => generated 235 bytes in 9 msecs (HTTP/1.1 404) 5 headers in 202 bytes (1 switches on core 0) [pid: 7|app: 0|req: 390/783] 10.0.0.86 () {34 vars in 815 bytes} [Mon Apr 27 22:07:35 2026] DELETE /resource_providers/1553e455-0eef-45ef-8120-5f48f71d3bd2 => generated 246 bytes in 9 msecs (HTTP/1.1 404) 6 headers in 231 bytes (1 switches on core 0)
2026-04-27 22:07:35.851 8 INFO placement.requestlog [None req-ef9ff711-c0c1-4eb9-8615-2783d70b0cba c6e0b03a28e44e2fb60f14eaa2a3904d b63e6221d7744496900c71ae1d5e0804 - - 1611e27ec57347bab94588ad918639a4 1611e27ec57347bab94588ad918639a4] 10.0.0.86 "DELETE /resource_providers/1553e455-0eef-45ef-8120-5f48f71d3bd2" status: 404 len: 246 microversion: 1.1 [pid: 8|app: 0|req: 394/784] 10.0.0.86 () {34 vars in 815 bytes} [Mon Apr 27 22:07:35 2026] DELETE /resource_providers/1553e455-0eef-45ef-8120-5f48f71d3bd2 => generated 246 bytes in 14 msecs (HTTP/1.1 404) 6 headers in 231 bytes (1 switches on core 0)
2026-04-27 22:07:37.857 7 INFO placement.requestlog [None req-4fb290a4-19b5-4123-87d7-0d0a85304843 c6e0b03a28e44e2fb60f14eaa2a3904d b63e6221d7744496900c71ae1d5e0804 - - 1611e27ec57347bab94588ad918639a4 1611e27ec57347bab94588ad918639a4] 10.0.0.86 "GET /resource_providers/044944be-c9de-4b95-bb9f-5eca80ccc07c/aggregates" status: 404 len: 235 microversion: 1.1 [pid: 7|app: 0|req: 391/785] 10.0.0.86 () {32 vars in 815 bytes} [Mon Apr 27 22:07:37 2026] GET /resource_providers/044944be-c9de-4b95-bb9f-5eca80ccc07c/aggregates => generated 235 bytes in 10 msecs (HTTP/1.1 404) 5 headers in 202 bytes (1 switches on core 0)
2026-04-27 22:07:37.881 7 INFO placement.requestlog [None req-88553858-cdfa-4d06-9040-d12d6afc8a8d c6e0b03a28e44e2fb60f14eaa2a3904d b63e6221d7744496900c71ae1d5e0804 - - 1611e27ec57347bab94588ad918639a4 1611e27ec57347bab94588ad918639a4] 10.0.0.86 "GET /resource_providers/044944be-c9de-4b95-bb9f-5eca80ccc07c/aggregates" status: 404 len: 235 microversion: 1.1
2026-04-27 22:07:37.882 8 INFO placement.requestlog [None req-f16b09c3-e673-458d-be25-be4b8bee2cbf c6e0b03a28e44e2fb60f14eaa2a3904d b63e6221d7744496900c71ae1d5e0804 - - 1611e27ec57347bab94588ad918639a4 1611e27ec57347bab94588ad918639a4] 10.0.0.86 "DELETE /resource_providers/044944be-c9de-4b95-bb9f-5eca80ccc07c" status: 404 len: 246 microversion: 1.1 [pid: 7|app: 0|req: 392/786] 10.0.0.86 () {32 vars in 815 bytes} [Mon Apr 27 22:07:37 2026] GET /resource_providers/044944be-c9de-4b95-bb9f-5eca80ccc07c/aggregates => generated 235 bytes in 11 msecs (HTTP/1.1 404) 5 headers in 202 bytes (1 switches on core 0) [pid: 8|app: 0|req: 395/787] 10.0.0.86 () {34 vars in 815 bytes} [Mon Apr 27 22:07:37 2026] DELETE /resource_providers/044944be-c9de-4b95-bb9f-5eca80ccc07c => generated 246 bytes in 12 msecs (HTTP/1.1 404) 6 headers in 231 bytes (1 switches on core 0)
2026-04-27 22:07:37.908 7 INFO placement.requestlog [None req-9dc3335d-7166-44c8-a085-bdc258d4115a c6e0b03a28e44e2fb60f14eaa2a3904d b63e6221d7744496900c71ae1d5e0804 - - 1611e27ec57347bab94588ad918639a4 1611e27ec57347bab94588ad918639a4] 10.0.0.86 "DELETE /resource_providers/044944be-c9de-4b95-bb9f-5eca80ccc07c" status: 404 len: 246 microversion: 1.1 [pid: 7|app: 0|req: 393/788] 10.0.0.86 () {34 vars in 815 bytes} [Mon Apr 27 22:07:37 2026] DELETE /resource_providers/044944be-c9de-4b95-bb9f-5eca80ccc07c => generated 246 bytes in 10 msecs (HTTP/1.1 404) 6 headers in 231 bytes (1 switches on core 0)
2026-04-27 22:07:38.807 8 INFO placement.requestlog [None req-97855110-6be5-4ace-ae16-2f96e844ed35 c6e0b03a28e44e2fb60f14eaa2a3904d b63e6221d7744496900c71ae1d5e0804 - - 1611e27ec57347bab94588ad918639a4 1611e27ec57347bab94588ad918639a4] 10.0.0.86 "GET /resource_providers/c239d9fa-ea1b-49b4-bd92-f5d8df60f935/aggregates" status: 404 len: 235 microversion: 1.1 [pid: 8|app: 0|req: 396/789] 10.0.0.86 () {32 vars in 815 bytes} [Mon Apr 27 22:07:38 2026] GET /resource_providers/c239d9fa-ea1b-49b4-bd92-f5d8df60f935/aggregates => generated 235 bytes in 11 msecs (HTTP/1.1 404) 5 headers in 202 bytes (1 switches on core 0)
2026-04-27 22:07:38.811 7 INFO placement.requestlog [None req-5321f053-fe6e-4f97-ab14-106b4cd96794 c6e0b03a28e44e2fb60f14eaa2a3904d b63e6221d7744496900c71ae1d5e0804 - - 1611e27ec57347bab94588ad918639a4 1611e27ec57347bab94588ad918639a4] 10.0.0.86 "GET /resource_providers/c239d9fa-ea1b-49b4-bd92-f5d8df60f935/aggregates" status: 404 len: 235 microversion: 1.1 [pid: 7|app: 0|req: 394/790] 10.0.0.86 () {32 vars in 815 bytes} [Mon Apr 27 22:07:38 2026] GET /resource_providers/c239d9fa-ea1b-49b4-bd92-f5d8df60f935/aggregates => generated 235 bytes in 9 msecs (HTTP/1.1 404) 5 headers in 202 bytes (1 switches on core 0)
2026-04-27 22:07:38.831 8 INFO placement.requestlog [None req-ff3e7ce8-1601-4e60-8a34-0a6d2ddf78d9 c6e0b03a28e44e2fb60f14eaa2a3904d b63e6221d7744496900c71ae1d5e0804 - - 1611e27ec57347bab94588ad918639a4 1611e27ec57347bab94588ad918639a4] 10.0.0.86 "DELETE /resource_providers/c239d9fa-ea1b-49b4-bd92-f5d8df60f935" status: 404 len: 246 microversion: 1.1 [pid: 8|app: 0|req: 397/791] 10.0.0.86 () {34 vars in 815 bytes} [Mon Apr 27 22:07:38 2026] DELETE /resource_providers/c239d9fa-ea1b-49b4-bd92-f5d8df60f935 => generated 246 bytes in 10 msecs (HTTP/1.1 404) 6 headers in 231 bytes (1 switches on core 0)
2026-04-27 22:07:38.834 7 INFO placement.requestlog [None req-4f87f7b0-e226-44ca-bb44-d66cea49a07c c6e0b03a28e44e2fb60f14eaa2a3904d b63e6221d7744496900c71ae1d5e0804 - - 1611e27ec57347bab94588ad918639a4 1611e27ec57347bab94588ad918639a4] 10.0.0.86 "DELETE /resource_providers/c239d9fa-ea1b-49b4-bd92-f5d8df60f935" status: 404 len: 246 microversion: 1.1 [pid: 7|app: 0|req: 395/792] 10.0.0.86 () {34 vars in 815 bytes} [Mon Apr 27 22:07:38 2026] DELETE /resource_providers/c239d9fa-ea1b-49b4-bd92-f5d8df60f935 => generated 246 bytes in 10 msecs (HTTP/1.1 404) 6 headers in 231 bytes (1 switches on core 0)
2026-04-27 22:07:40.333 8 INFO placement.requestlog [None req-8931912e-c9dc-44cc-8b32-be31217e402a - - - - - -] 10.0.0.73 "GET /" status: 200 len: 136 microversion: 1.0
2026-04-27 22:07:40.335 7 INFO placement.requestlog [None req-1746b856-d330-4ada-bf36-a37d6cad8c54 - - - - - -] 10.0.0.73 "GET /" status: 200 len: 136 microversion: 1.0
2026-04-27 22:07:40.961 8 INFO placement.requestlog [None req-fcb522f9-aa32-4f26-a57d-df8a184fe50e c6e0b03a28e44e2fb60f14eaa2a3904d b63e6221d7744496900c71ae1d5e0804 - - 1611e27ec57347bab94588ad918639a4 1611e27ec57347bab94588ad918639a4] 10.0.0.86 "GET /resource_providers/700bc021-d83d-443a-9839-8f635e32f07a/aggregates" status: 404 len: 235 microversion: 1.1 [pid: 8|app: 0|req: 399/795] 10.0.0.86 () {32 vars in 815 bytes} [Mon Apr 27 22:07:40 2026] GET /resource_providers/700bc021-d83d-443a-9839-8f635e32f07a/aggregates => generated 235 bytes in 9 msecs (HTTP/1.1 404) 5 headers in 202 bytes (1 switches on core 0)
2026-04-27 22:07:40.963 7 INFO placement.requestlog [None req-1c265b59-24ba-42e6-933b-cc672a995939 c6e0b03a28e44e2fb60f14eaa2a3904d b63e6221d7744496900c71ae1d5e0804 - - 1611e27ec57347bab94588ad918639a4 1611e27ec57347bab94588ad918639a4] 10.0.0.86 "GET /resource_providers/700bc021-d83d-443a-9839-8f635e32f07a/aggregates" status: 404 len: 235 microversion: 1.1 [pid: 7|app: 0|req: 397/796] 10.0.0.86 () {32 vars in 815 bytes} [Mon Apr 27 22:07:40 2026] GET /resource_providers/700bc021-d83d-443a-9839-8f635e32f07a/aggregates => generated 235 bytes in 10 msecs (HTTP/1.1 404) 5 headers in 202 bytes (1 switches on core 0)
2026-04-27 22:07:40.988 8 INFO placement.requestlog [None req-4791cfb9-6d6c-4dfa-a2ea-800175e3de7b c6e0b03a28e44e2fb60f14eaa2a3904d b63e6221d7744496900c71ae1d5e0804 - - 1611e27ec57347bab94588ad918639a4 1611e27ec57347bab94588ad918639a4] 10.0.0.86 "DELETE /resource_providers/700bc021-d83d-443a-9839-8f635e32f07a" status: 404 len: 246 microversion: 1.1 [pid: 8|app: 0|req: 400/797] 10.0.0.86 () {34 vars in 815 bytes} [Mon Apr 27 22:07:40 2026] DELETE /resource_providers/700bc021-d83d-443a-9839-8f635e32f07a => generated 246 bytes in 12 msecs (HTTP/1.1 404) 6 headers in 231 bytes (1 switches on core 0)
2026-04-27 22:07:40.992 7 INFO placement.requestlog [None req-1e41833f-8aa1-4482-bcfa-e51ea1781893 c6e0b03a28e44e2fb60f14eaa2a3904d b63e6221d7744496900c71ae1d5e0804 - - 1611e27ec57347bab94588ad918639a4 1611e27ec57347bab94588ad918639a4] 10.0.0.86 "DELETE /resource_providers/700bc021-d83d-443a-9839-8f635e32f07a" status: 404 len: 246 microversion: 1.1 [pid: 7|app: 0|req: 398/798] 10.0.0.86 () {34 vars in 815 bytes} [Mon Apr 27 22:07:40 2026] DELETE /resource_providers/700bc021-d83d-443a-9839-8f635e32f07a => generated 246 bytes in 11 msecs (HTTP/1.1 404) 6 headers in 231 bytes (1 switches on core 0)
2026-04-27 22:07:50.332 7 INFO placement.requestlog [None req-42357686-2ade-47e2-b9fb-ad2c6318f6e4 - - - - - -] 10.0.0.73 "GET /" status: 200 len: 136 microversion: 1.0
2026-04-27 22:07:50.333 8 INFO placement.requestlog [None req-5295ae49-edd1-434a-b650-0fd4e0abb8c1 - - - - - -] 10.0.0.73 "GET /" status: 200 len: 136 microversion: 1.0
2026-04-27 22:07:58.978 7 INFO placement.requestlog [req-bdab9a89-f08a-41bb-88a7-50f229c6794c req-bf493dc1-483d-4f72-a3ea-ade02da7b7a2 6e8717502b6c4ed8bb8d0a0e0220b6be b63e6221d7744496900c71ae1d5e0804 - - 1611e27ec57347bab94588ad918639a4 1611e27ec57347bab94588ad918639a4] 10.0.0.77 "GET /allocation_candidates?limit=1000&resources=DISK_GB%3A1%2CMEMORY_MB%3A512%2CVCPU%3A1&root_required=%21COMPUTE_STATUS_DISABLED" status: 200 len: 2781 microversion: 1.36 [pid: 7|app: 0|req: 400/801] 10.0.0.77 () {34 vars in 1011 bytes} [Mon Apr 27 22:07:58 2026] GET /allocation_candidates?limit=1000&resources=DISK_GB%3A1%2CMEMORY_MB%3A512%2CVCPU%3A1&root_required=%21COMPUTE_STATUS_DISABLED => generated 2781 bytes in 36 msecs (HTTP/1.1 200) 8 headers in 297 bytes (1 switches on core 0)
2026-04-27 22:07:59.005 8 INFO placement.requestlog [req-bdab9a89-f08a-41bb-88a7-50f229c6794c req-425fd9a8-a29e-4700-8d5c-dbc1d97f314a 6e8717502b6c4ed8bb8d0a0e0220b6be b63e6221d7744496900c71ae1d5e0804 - - 1611e27ec57347bab94588ad918639a4 1611e27ec57347bab94588ad918639a4] 10.0.0.77 "GET /allocations/10f9418b-9989-4d16-8a59-51d9781ba4a5" status: 200 len: 19 microversion: 1.28 [pid: 8|app: 0|req: 402/802] 10.0.0.77 () {34 vars in 860 bytes} [Mon Apr 27 22:07:58 2026] GET /allocations/10f9418b-9989-4d16-8a59-51d9781ba4a5 => generated 19 bytes in 8 msecs (HTTP/1.1 200) 8 headers in 295 bytes (1 switches on core 0)
2026-04-27 22:07:59.060 7 INFO placement.requestlog [req-bdab9a89-f08a-41bb-88a7-50f229c6794c req-4e81d2f9-4221-404c-97f4-54d89c95b39d 6e8717502b6c4ed8bb8d0a0e0220b6be b63e6221d7744496900c71ae1d5e0804 - - 1611e27ec57347bab94588ad918639a4 1611e27ec57347bab94588ad918639a4] 10.0.0.77 "PUT /allocations/10f9418b-9989-4d16-8a59-51d9781ba4a5" status: 204 len: 0 microversion: 1.36 [pid: 7|app: 0|req: 401/803] 10.0.0.77 () {38 vars in 913 bytes} [Mon Apr 27 22:07:59 2026] PUT /allocations/10f9418b-9989-4d16-8a59-51d9781ba4a5 => generated 0 bytes in 49 msecs (HTTP/1.1 204) 5 headers in 199 bytes (1 switches on core 0)
2026-04-27 22:07:59.139 8 INFO placement.requestlog [req-6671fe4d-e055-42e5-8925-1c1e4c64eb11 req-fcb671de-34a4-4f39-adbf-b7a2516d2df9 6e8717502b6c4ed8bb8d0a0e0220b6be b63e6221d7744496900c71ae1d5e0804 - - 1611e27ec57347bab94588ad918639a4 1611e27ec57347bab94588ad918639a4] 199.204.45.23 "GET /resource_providers/b842fa49-3042-4d5f-9ee5-a410383a7d4b/allocations" status: 200 len: 152 microversion: 1.0 [pid: 8|app: 0|req: 403/804] 199.204.45.23 () {32 vars in 856 bytes} [Mon Apr 27 22:07:59 2026] GET /resource_providers/b842fa49-3042-4d5f-9ee5-a410383a7d4b/allocations => generated 152 bytes in 17 msecs (HTTP/1.1 200) 6 headers in 224 bytes (1 switches on core 0)
2026-04-27 22:07:59.669 7 INFO placement.requestlog [req-6671fe4d-e055-42e5-8925-1c1e4c64eb11 req-302353b4-76a1-4e3a-bed5-365417dfb60e 6e8717502b6c4ed8bb8d0a0e0220b6be b63e6221d7744496900c71ae1d5e0804 - - 1611e27ec57347bab94588ad918639a4 1611e27ec57347bab94588ad918639a4] 199.204.45.23 "GET /resource_providers/b842fa49-3042-4d5f-9ee5-a410383a7d4b/allocations" status: 200 len: 152 microversion: 1.0 [pid: 7|app: 0|req: 402/805] 199.204.45.23 () {32 vars in 856 bytes} [Mon Apr 27 22:07:59 2026] GET /resource_providers/b842fa49-3042-4d5f-9ee5-a410383a7d4b/allocations => generated 152 bytes in 17 msecs (HTTP/1.1 200) 6 headers in 224 bytes (1 switches on core 0)
2026-04-27 22:07:59.691 8 INFO placement.requestlog [req-6671fe4d-e055-42e5-8925-1c1e4c64eb11 req-7897fc0b-65e6-4027-a9a3-82f9c114a3c8 6e8717502b6c4ed8bb8d0a0e0220b6be b63e6221d7744496900c71ae1d5e0804 - - 1611e27ec57347bab94588ad918639a4 1611e27ec57347bab94588ad918639a4] 199.204.45.23 "GET /allocations/10f9418b-9989-4d16-8a59-51d9781ba4a5" status: 200 len: 257 microversion: 1.28 [pid: 8|app: 0|req: 404/806] 199.204.45.23 () {34 vars in 862 bytes} [Mon Apr 27 22:07:59 2026] GET /allocations/10f9418b-9989-4d16-8a59-51d9781ba4a5 => generated 257 bytes in 14 msecs (HTTP/1.1 200) 8 headers in 296 bytes (1 switches on core 0)
2026-04-27 22:08:00.333 7 INFO placement.requestlog [None req-93f8987e-b93a-4056-8773-0791d92328ab - - - - - -] 10.0.0.73 "GET /" status: 200 len: 136 microversion: 1.0
2026-04-27 22:08:00.333 8 INFO placement.requestlog [None req-8b3854c3-4812-4383-a6db-380c09e5c35e - - - - - -] 10.0.0.73 "GET /" status: 200 len: 136 microversion: 1.0
2026-04-27 22:08:00.594 7 INFO placement.requestlog [req-bdab9a89-f08a-41bb-88a7-50f229c6794c req-b57c0e61-0e84-4608-b53a-ba73b077661f 6e8717502b6c4ed8bb8d0a0e0220b6be b63e6221d7744496900c71ae1d5e0804 - - 1611e27ec57347bab94588ad918639a4 1611e27ec57347bab94588ad918639a4] 199.204.45.23 "GET /allocations/10f9418b-9989-4d16-8a59-51d9781ba4a5" status: 200 len: 257 microversion: 1.28 [pid: 7|app: 0|req: 404/809] 199.204.45.23 () {34 vars in 862 bytes} [Mon Apr 27 22:08:00 2026] GET /allocations/10f9418b-9989-4d16-8a59-51d9781ba4a5 => generated 257 bytes in 12 msecs (HTTP/1.1 200) 8 headers in 296 bytes (1 switches on core 0)
2026-04-27 22:08:01.756 8 INFO placement.requestlog [req-bdab9a89-f08a-41bb-88a7-50f229c6794c req-fc982060-da0d-46a6-842a-c983e37228b5 6e8717502b6c4ed8bb8d0a0e0220b6be b63e6221d7744496900c71ae1d5e0804 - - 1611e27ec57347bab94588ad918639a4 1611e27ec57347bab94588ad918639a4] 199.204.45.23 "GET /resource_providers/b842fa49-3042-4d5f-9ee5-a410383a7d4b/allocations" status: 200 len: 152 microversion: 1.0 [pid: 8|app: 0|req: 406/810] 199.204.45.23 () {32 vars in 856 bytes} [Mon Apr 27 22:08:01 2026] GET /resource_providers/b842fa49-3042-4d5f-9ee5-a410383a7d4b/allocations => generated 152 bytes in 23 msecs (HTTP/1.1 200) 6 headers in 224 bytes (1 switches on core 0)
2026-04-27 22:08:01.775 7 INFO placement.requestlog [req-bdab9a89-f08a-41bb-88a7-50f229c6794c req-28dfd8b3-7818-45f7-b29a-e6113fbd0bec 6e8717502b6c4ed8bb8d0a0e0220b6be b63e6221d7744496900c71ae1d5e0804 - - 1611e27ec57347bab94588ad918639a4 1611e27ec57347bab94588ad918639a4] 199.204.45.23 "GET /allocations/10f9418b-9989-4d16-8a59-51d9781ba4a5" status: 200 len: 257 microversion: 1.28 [pid: 7|app: 0|req: 405/811] 199.204.45.23 () {34 vars in 862 bytes} [Mon Apr 27 22:08:01 2026] GET /allocations/10f9418b-9989-4d16-8a59-51d9781ba4a5 => generated 257 bytes in 13 msecs (HTTP/1.1 200) 8 headers in 296 bytes (1 switches on core 0)
2026-04-27 22:08:02.245 7 INFO placement.requestlog [None req-5fb6c7c1-7fa6-4c32-b8b9-a14e356bcc7c c6e0b03a28e44e2fb60f14eaa2a3904d b63e6221d7744496900c71ae1d5e0804 - - 1611e27ec57347bab94588ad918639a4 1611e27ec57347bab94588ad918639a4] 10.0.0.86 "GET /resource_providers/8f4e567c-4fff-45d2-a6e0-0776569480f1/aggregates" status: 404 len: 235 microversion: 1.1 [pid: 7|app: 0|req: 406/812] 10.0.0.86 () {32 vars in 815 bytes} [Mon Apr 27 22:08:02 2026] GET /resource_providers/8f4e567c-4fff-45d2-a6e0-0776569480f1/aggregates => generated 235 bytes in 12 msecs (HTTP/1.1 404) 5 headers in 202 bytes (1 switches on core 0)
2026-04-27 22:08:02.251 8 INFO placement.requestlog [None req-de4d09a3-d86d-4a0c-b131-069710a213d7 c6e0b03a28e44e2fb60f14eaa2a3904d b63e6221d7744496900c71ae1d5e0804 - - 1611e27ec57347bab94588ad918639a4 1611e27ec57347bab94588ad918639a4] 10.0.0.86 "GET /resource_providers/8f4e567c-4fff-45d2-a6e0-0776569480f1/aggregates" status: 404 len: 235 microversion: 1.1 [pid: 8|app: 0|req: 407/813] 10.0.0.86 () {32 vars in 815 bytes} [Mon Apr 27 22:08:02 2026] GET /resource_providers/8f4e567c-4fff-45d2-a6e0-0776569480f1/aggregates => generated 235 bytes in 20 msecs (HTTP/1.1 404) 5 headers in 202 bytes (1 switches on core 0)
2026-04-27 22:08:02.267 7 INFO placement.requestlog [None req-1a279f95-2fc0-4efb-8fba-9205b293eceb c6e0b03a28e44e2fb60f14eaa2a3904d b63e6221d7744496900c71ae1d5e0804 - - 1611e27ec57347bab94588ad918639a4 1611e27ec57347bab94588ad918639a4] 10.0.0.86 "DELETE /resource_providers/8f4e567c-4fff-45d2-a6e0-0776569480f1" status: 404 len: 246 microversion: 1.1 [pid: 7|app: 0|req: 407/814] 10.0.0.86 () {34 vars in 815 bytes} [Mon Apr 27 22:08:02 2026] DELETE /resource_providers/8f4e567c-4fff-45d2-a6e0-0776569480f1 => generated 246 bytes in 8 msecs (HTTP/1.1 404) 6 headers in 231 bytes (1 switches on core 0)
2026-04-27 22:08:02.276 8 INFO placement.requestlog [None req-155c76ec-b6bc-4884-abbd-dabfab41a133 c6e0b03a28e44e2fb60f14eaa2a3904d b63e6221d7744496900c71ae1d5e0804 - - 1611e27ec57347bab94588ad918639a4 1611e27ec57347bab94588ad918639a4] 10.0.0.86 "DELETE /resource_providers/8f4e567c-4fff-45d2-a6e0-0776569480f1" status: 404 len: 246 microversion: 1.1 [pid: 8|app: 0|req: 408/815] 10.0.0.86 () {34 vars in 815 bytes} [Mon Apr 27 22:08:02 2026] DELETE /resource_providers/8f4e567c-4fff-45d2-a6e0-0776569480f1 => generated 246 bytes in 13 msecs (HTTP/1.1 404) 6 headers in 231 bytes (1 switches on core 0)
2026-04-27 22:08:02.396 7 INFO placement.requestlog [req-bd9f378b-7ba0-4018-9758-ee8f48d2ef3d req-80ba5867-f2c1-4d4c-9984-36a4748af6b2 6e8717502b6c4ed8bb8d0a0e0220b6be b63e6221d7744496900c71ae1d5e0804 - - 1611e27ec57347bab94588ad918639a4 1611e27ec57347bab94588ad918639a4] 10.0.0.77 "GET /allocation_candidates?limit=1000&resources=DISK_GB%3A1%2CMEMORY_MB%3A512%2CVCPU%3A1&root_required=%21COMPUTE_STATUS_DISABLED" status: 200 len: 2783 microversion: 1.36 [pid: 7|app: 0|req: 408/816] 10.0.0.77 () {34 vars in 1011 bytes} [Mon Apr 27 22:08:02 2026] GET /allocation_candidates?limit=1000&resources=DISK_GB%3A1%2CMEMORY_MB%3A512%2CVCPU%3A1&root_required=%21COMPUTE_STATUS_DISABLED => generated 2783 bytes in 39 msecs (HTTP/1.1 200) 8 headers in 297 bytes (1 switches on core 0)
2026-04-27 22:08:02.424 8 INFO placement.requestlog [req-bd9f378b-7ba0-4018-9758-ee8f48d2ef3d req-a0752ed3-7e2c-4924-a117-6cbd9a03aaae 6e8717502b6c4ed8bb8d0a0e0220b6be b63e6221d7744496900c71ae1d5e0804 - - 1611e27ec57347bab94588ad918639a4 1611e27ec57347bab94588ad918639a4] 10.0.0.77 "GET /allocations/7714cee8-a8f6-461d-9b82-8592ba20668b" status: 200 len: 19 microversion: 1.28 [pid: 8|app: 0|req: 409/817] 10.0.0.77 () {34 vars in 860 bytes} [Mon Apr 27 22:08:02 2026] GET /allocations/7714cee8-a8f6-461d-9b82-8592ba20668b => generated 19 bytes in 11 msecs (HTTP/1.1 200) 8 headers in 295 bytes (1 switches on core 0)
2026-04-27 22:08:02.473 7 INFO placement.requestlog [req-bd9f378b-7ba0-4018-9758-ee8f48d2ef3d req-e663b708-6e95-4df7-8535-34b39361c0de 6e8717502b6c4ed8bb8d0a0e0220b6be b63e6221d7744496900c71ae1d5e0804 - - 1611e27ec57347bab94588ad918639a4 1611e27ec57347bab94588ad918639a4] 10.0.0.77 "PUT /allocations/7714cee8-a8f6-461d-9b82-8592ba20668b" status: 204 len: 0 microversion: 1.36 [pid: 7|app: 0|req: 409/818] 10.0.0.77 () {38 vars in 913 bytes} [Mon Apr 27 22:08:02 2026] PUT /allocations/7714cee8-a8f6-461d-9b82-8592ba20668b => generated 0 bytes in 45 msecs (HTTP/1.1 204) 5 headers in 199 bytes (1 switches on core 0)
2026-04-27 22:08:04.005 8 INFO placement.requestlog [req-bd9f378b-7ba0-4018-9758-ee8f48d2ef3d req-b2b85aff-1a77-4bd9-9452-03726b87fd95 6e8717502b6c4ed8bb8d0a0e0220b6be b63e6221d7744496900c71ae1d5e0804 - - 1611e27ec57347bab94588ad918639a4 1611e27ec57347bab94588ad918639a4] 199.204.45.23 "GET /allocations/7714cee8-a8f6-461d-9b82-8592ba20668b" status: 200 len: 258 microversion: 1.28 [pid: 8|app: 0|req: 410/819] 199.204.45.23 () {34 vars in 862 bytes} [Mon Apr 27 22:08:03 2026] GET /allocations/7714cee8-a8f6-461d-9b82-8592ba20668b => generated 258 bytes in 14 msecs (HTTP/1.1 200) 8 headers in 296 bytes (1 switches on core 0)
2026-04-27 22:08:05.057 7 INFO placement.requestlog [req-bd9f378b-7ba0-4018-9758-ee8f48d2ef3d req-c645098d-7ec1-4ebc-a3d3-09d877959940 6e8717502b6c4ed8bb8d0a0e0220b6be b63e6221d7744496900c71ae1d5e0804 - - 1611e27ec57347bab94588ad918639a4 1611e27ec57347bab94588ad918639a4] 199.204.45.23 "GET /resource_providers/b842fa49-3042-4d5f-9ee5-a410383a7d4b/allocations" status: 200 len: 253 microversion: 1.0 [pid: 7|app: 0|req: 410/820] 199.204.45.23 () {32 vars in 856 bytes} [Mon Apr 27 22:08:05 2026] GET /resource_providers/b842fa49-3042-4d5f-9ee5-a410383a7d4b/allocations => generated 253 bytes in 23 msecs (HTTP/1.1 200) 6 headers in 224 bytes (1 switches on core 0)
2026-04-27 22:08:05.082 8 INFO placement.requestlog [req-bd9f378b-7ba0-4018-9758-ee8f48d2ef3d req-4058721e-41f1-4465-9849-bbb340e2df49 6e8717502b6c4ed8bb8d0a0e0220b6be b63e6221d7744496900c71ae1d5e0804 - - 1611e27ec57347bab94588ad918639a4 1611e27ec57347bab94588ad918639a4] 199.204.45.23 "GET /allocations/10f9418b-9989-4d16-8a59-51d9781ba4a5" status: 200 len: 258 microversion: 1.28 [pid: 8|app: 0|req: 411/821] 199.204.45.23 () {34 vars in 862 bytes} [Mon Apr 27 22:08:05 2026] GET /allocations/10f9418b-9989-4d16-8a59-51d9781ba4a5 => generated 258 bytes in 14 msecs (HTTP/1.1 200) 8 headers in 296 bytes (1 switches on core 0)
2026-04-27 22:08:05.103 7 INFO placement.requestlog [req-bd9f378b-7ba0-4018-9758-ee8f48d2ef3d req-2d33373f-b954-4c4a-a1b6-204eab6c79aa 6e8717502b6c4ed8bb8d0a0e0220b6be b63e6221d7744496900c71ae1d5e0804 - - 1611e27ec57347bab94588ad918639a4 1611e27ec57347bab94588ad918639a4] 199.204.45.23 "GET /allocations/7714cee8-a8f6-461d-9b82-8592ba20668b" status: 200 len: 258 microversion: 1.28 [pid: 7|app: 0|req: 411/822] 199.204.45.23 () {34 vars in 862 bytes} [Mon Apr 27 22:08:05 2026] GET /allocations/7714cee8-a8f6-461d-9b82-8592ba20668b => generated 258 bytes in 15 msecs (HTTP/1.1 200) 8 headers in 296 bytes (1 switches on core 0)
2026-04-27 22:08:08.716 7 INFO placement.requestlog [None req-6c047f5d-8e9f-4ba9-89cf-781036b945fb c6e0b03a28e44e2fb60f14eaa2a3904d b63e6221d7744496900c71ae1d5e0804 - - 1611e27ec57347bab94588ad918639a4 1611e27ec57347bab94588ad918639a4] 10.0.0.86 "GET /resource_providers/08cf8948-9926-43c0-85b7-6acb611f9ee7/aggregates" status: 404 len: 235 microversion: 1.1 [pid: 7|app: 0|req: 412/823] 10.0.0.86 () {32 vars in 815 bytes} [Mon Apr 27 22:08:08 2026] GET /resource_providers/08cf8948-9926-43c0-85b7-6acb611f9ee7/aggregates => generated 235 bytes in 11 msecs (HTTP/1.1 404) 5 headers in 202 bytes (1 switches on core 0)
2026-04-27 22:08:08.719 8 INFO placement.requestlog [None req-f1e65c0e-8c2c-4e96-8115-b93c99738789 c6e0b03a28e44e2fb60f14eaa2a3904d b63e6221d7744496900c71ae1d5e0804 - - 1611e27ec57347bab94588ad918639a4 1611e27ec57347bab94588ad918639a4] 10.0.0.86 "GET /resource_providers/08cf8948-9926-43c0-85b7-6acb611f9ee7/aggregates" status: 404 len: 235 microversion: 1.1 [pid: 8|app: 0|req: 412/824] 10.0.0.86 () {32 vars in 815 bytes} [Mon Apr 27 22:08:08 2026] GET /resource_providers/08cf8948-9926-43c0-85b7-6acb611f9ee7/aggregates => generated 235 bytes in 14 msecs (HTTP/1.1 404) 5 headers in 202 bytes (1 switches on core 0)
2026-04-27 22:08:08.738 7 INFO placement.requestlog [None req-a71f1967-81b9-4459-966c-37c69f14b13c c6e0b03a28e44e2fb60f14eaa2a3904d b63e6221d7744496900c71ae1d5e0804 - - 1611e27ec57347bab94588ad918639a4 1611e27ec57347bab94588ad918639a4] 10.0.0.86 "DELETE /resource_providers/08cf8948-9926-43c0-85b7-6acb611f9ee7" status: 404 len: 246 microversion: 1.1 [pid: 7|app: 0|req: 413/825] 10.0.0.86 () {34 vars in 815 bytes} [Mon Apr 27 22:08:08 2026] DELETE /resource_providers/08cf8948-9926-43c0-85b7-6acb611f9ee7 => generated 246 bytes in 9 msecs (HTTP/1.1 404) 6 headers in 231 bytes (1 switches on core 0)
2026-04-27 22:08:08.741 8 INFO placement.requestlog [None req-41d9213b-2ee7-40fd-a987-da9c41f97139 c6e0b03a28e44e2fb60f14eaa2a3904d b63e6221d7744496900c71ae1d5e0804 - - 1611e27ec57347bab94588ad918639a4 1611e27ec57347bab94588ad918639a4] 10.0.0.86 "DELETE /resource_providers/08cf8948-9926-43c0-85b7-6acb611f9ee7" status: 404 len: 246 microversion: 1.1 [pid: 8|app: 0|req: 413/826] 10.0.0.86 () {34 vars in 815 bytes} [Mon Apr 27 22:08:08 2026] DELETE /resource_providers/08cf8948-9926-43c0-85b7-6acb611f9ee7 => generated 246 bytes in 10 msecs (HTTP/1.1 404) 6 headers in 231 bytes (1 switches on core 0)
2026-04-27 22:08:10.332 7 INFO placement.requestlog [None req-6af44404-3f7e-4840-96a3-748ca3cb54d5 - - - - - -] 10.0.0.73 "GET /" status: 200 len: 136 microversion: 1.0
2026-04-27 22:08:10.332 8 INFO placement.requestlog [None req-7279aa5d-0fa3-4508-b4b1-d5ca0a81c3d3 - - - - - -] 10.0.0.73 "GET /" status: 200 len: 136 microversion: 1.0
2026-04-27 22:08:10.767 8 INFO placement.requestlog [None req-5eb58b93-1ce4-409b-b30e-bfdab9ff1548 c6e0b03a28e44e2fb60f14eaa2a3904d b63e6221d7744496900c71ae1d5e0804 - - 1611e27ec57347bab94588ad918639a4 1611e27ec57347bab94588ad918639a4] 10.0.0.86 "GET /resource_providers/028358e7-733b-4495-b250-bd558972bf24/aggregates" status: 404 len: 235 microversion: 1.1 [pid: 8|app: 0|req: 415/829] 10.0.0.86 () {32 vars in 815 bytes} [Mon Apr 27 22:08:10 2026] GET /resource_providers/028358e7-733b-4495-b250-bd558972bf24/aggregates => generated 235 bytes in 14 msecs (HTTP/1.1 404) 5 headers in 202 bytes (1 switches on core 0)
2026-04-27 22:08:10.782 8 INFO placement.requestlog [None req-d26375ff-6cd9-4c1d-acca-df38acc1239d c6e0b03a28e44e2fb60f14eaa2a3904d b63e6221d7744496900c71ae1d5e0804 - - 1611e27ec57347bab94588ad918639a4 1611e27ec57347bab94588ad918639a4] 10.0.0.86 "DELETE /resource_providers/028358e7-733b-4495-b250-bd558972bf24" status: 404 len: 246 microversion: 1.1 [pid: 8|app: 0|req: 416/830] 10.0.0.86 () {34 vars in 815 bytes} [Mon Apr 27 22:08:10 2026] DELETE /resource_providers/028358e7-733b-4495-b250-bd558972bf24 => generated 246 bytes in 8 msecs (HTTP/1.1 404) 6 headers in 231 bytes (1 switches on core 0)
2026-04-27 22:08:10.783 7 INFO placement.requestlog [None req-a087cdb7-4b52-4c22-9a78-828a43d3843c c6e0b03a28e44e2fb60f14eaa2a3904d b63e6221d7744496900c71ae1d5e0804 - - 1611e27ec57347bab94588ad918639a4 1611e27ec57347bab94588ad918639a4] 10.0.0.86 "GET /resource_providers/028358e7-733b-4495-b250-bd558972bf24/aggregates" status: 404 len: 235 microversion: 1.1 [pid: 7|app: 0|req: 415/831] 10.0.0.86 () {32 vars in 815 bytes} [Mon Apr 27 22:08:10 2026] GET /resource_providers/028358e7-733b-4495-b250-bd558972bf24/aggregates => generated 235 bytes in 14 msecs (HTTP/1.1 404) 5 headers in 202 bytes (1 switches on core 0)
2026-04-27 22:08:10.796 8 INFO placement.requestlog [None req-ced09a35-e13e-414d-b7c0-99757beb10a2 c6e0b03a28e44e2fb60f14eaa2a3904d b63e6221d7744496900c71ae1d5e0804 - - 1611e27ec57347bab94588ad918639a4 1611e27ec57347bab94588ad918639a4] 10.0.0.86 "DELETE /resource_providers/028358e7-733b-4495-b250-bd558972bf24" status: 404 len: 246 microversion: 1.1 [pid: 8|app: 0|req: 417/832] 10.0.0.86 () {34 vars in 815 bytes} [Mon Apr 27 22:08:10 2026] DELETE /resource_providers/028358e7-733b-4495-b250-bd558972bf24 => generated 246 bytes in 6 msecs (HTTP/1.1 404) 6 headers in 231 bytes (1 switches on core 0)
2026-04-27 22:08:16.620 7 INFO placement.requestlog [None req-d9119eac-d82b-44e2-bea8-4d97c00baa66 c6e0b03a28e44e2fb60f14eaa2a3904d b63e6221d7744496900c71ae1d5e0804 - - 1611e27ec57347bab94588ad918639a4 1611e27ec57347bab94588ad918639a4] 10.0.0.86 "GET /resource_providers/a2d8fa6f-4201-4ad4-beba-1f051ccb44a7/aggregates" status: 404 len: 235 microversion: 1.1
2026-04-27 22:08:16.620 8 INFO placement.requestlog [None req-8c90ee31-9446-41eb-a10c-f60d0487ce98 c6e0b03a28e44e2fb60f14eaa2a3904d b63e6221d7744496900c71ae1d5e0804 - - 1611e27ec57347bab94588ad918639a4 1611e27ec57347bab94588ad918639a4] 10.0.0.86 "GET /resource_providers/a2d8fa6f-4201-4ad4-beba-1f051ccb44a7/aggregates" status: 404 len: 235 microversion: 1.1 [pid: 7|app: 0|req: 416/833] 10.0.0.86 () {32 vars in 815 bytes} [Mon Apr 27 22:08:16 2026] GET /resource_providers/a2d8fa6f-4201-4ad4-beba-1f051ccb44a7/aggregates => generated 235 bytes in 12 msecs (HTTP/1.1 404) 5 headers in 202 bytes (1 switches on core 0) [pid: 8|app: 0|req: 418/834] 10.0.0.86 () {32 vars in 815 bytes} [Mon Apr 27 22:08:16 2026] GET /resource_providers/a2d8fa6f-4201-4ad4-beba-1f051ccb44a7/aggregates => generated 235 bytes in 12 msecs (HTTP/1.1 404) 5 headers in 202 bytes (1 switches on core 0)
2026-04-27 22:08:16.646 7 INFO placement.requestlog [None req-72bccd48-0598-4c21-baf8-9dc1aac46dbc c6e0b03a28e44e2fb60f14eaa2a3904d b63e6221d7744496900c71ae1d5e0804 - - 1611e27ec57347bab94588ad918639a4 1611e27ec57347bab94588ad918639a4] 10.0.0.86 "DELETE /resource_providers/a2d8fa6f-4201-4ad4-beba-1f051ccb44a7" status: 404 len: 246 microversion: 1.1 [pid: 7|app: 0|req: 417/835] 10.0.0.86 () {34 vars in 815 bytes} [Mon Apr 27 22:08:16 2026] DELETE /resource_providers/a2d8fa6f-4201-4ad4-beba-1f051ccb44a7 => generated 246 bytes in 15 msecs (HTTP/1.1 404) 6 headers in 231 bytes (1 switches on core 0)
2026-04-27 22:08:16.649 8 INFO placement.requestlog [None req-c9c03e4f-9910-42b5-8e00-ad3a5c3a93f0 c6e0b03a28e44e2fb60f14eaa2a3904d b63e6221d7744496900c71ae1d5e0804 - - 1611e27ec57347bab94588ad918639a4 1611e27ec57347bab94588ad918639a4] 10.0.0.86 "DELETE /resource_providers/a2d8fa6f-4201-4ad4-beba-1f051ccb44a7" status: 404 len: 246 microversion: 1.1 [pid: 8|app: 0|req: 419/836] 10.0.0.86 () {34 vars in 815 bytes} [Mon Apr 27 22:08:16 2026] DELETE /resource_providers/a2d8fa6f-4201-4ad4-beba-1f051ccb44a7 => generated 246 bytes in 15 msecs (HTTP/1.1 404) 6 headers in 231 bytes (1 switches on core 0)
2026-04-27 22:08:18.807 7 INFO placement.requestlog [None req-646d937b-87c0-4f25-a520-d64e3793b7fd c6e0b03a28e44e2fb60f14eaa2a3904d b63e6221d7744496900c71ae1d5e0804 - - 1611e27ec57347bab94588ad918639a4 1611e27ec57347bab94588ad918639a4] 10.0.0.86 "GET /resource_providers/60a06354-6e78-48a5-b268-7332dd66b0c2/aggregates" status: 404 len: 235 microversion: 1.1 [pid: 7|app: 0|req: 418/837] 10.0.0.86 () {32 vars in 815 bytes} [Mon Apr 27 22:08:18 2026] GET /resource_providers/60a06354-6e78-48a5-b268-7332dd66b0c2/aggregates => generated 235 bytes in 10 msecs (HTTP/1.1 404) 5 headers in 202 bytes (1 switches on core 0)
2026-04-27 22:08:18.811 8 INFO placement.requestlog [None req-fa1b97d8-6745-473b-bcfe-d8baa8fdfded c6e0b03a28e44e2fb60f14eaa2a3904d b63e6221d7744496900c71ae1d5e0804 - - 1611e27ec57347bab94588ad918639a4 1611e27ec57347bab94588ad918639a4] 10.0.0.86 "GET /resource_providers/60a06354-6e78-48a5-b268-7332dd66b0c2/aggregates" status: 404 len: 235 microversion: 1.1 [pid: 8|app: 0|req: 420/838] 10.0.0.86 () {32 vars in 815 bytes} [Mon Apr 27 22:08:18 2026] GET /resource_providers/60a06354-6e78-48a5-b268-7332dd66b0c2/aggregates => generated 235 bytes in 11 msecs (HTTP/1.1 404) 5 headers in 202 bytes (1 switches on core 0)
2026-04-27 22:08:18.821 7 INFO placement.requestlog [None req-cf94e44b-75ee-4fa2-a871-654394f2c0f0 c6e0b03a28e44e2fb60f14eaa2a3904d b63e6221d7744496900c71ae1d5e0804 - - 1611e27ec57347bab94588ad918639a4 1611e27ec57347bab94588ad918639a4] 10.0.0.86 "DELETE /resource_providers/60a06354-6e78-48a5-b268-7332dd66b0c2" status: 404 len: 246 microversion: 1.1 [pid: 7|app: 0|req: 419/839] 10.0.0.86 () {34 vars in 815 bytes} [Mon Apr 27 22:08:18 2026] DELETE /resource_providers/60a06354-6e78-48a5-b268-7332dd66b0c2 => generated 246 bytes in 6 msecs (HTTP/1.1 404) 6 headers in 231 bytes (1 switches on core 0)
2026-04-27 22:08:18.823 8 INFO placement.requestlog [None req-f079a221-cf76-4224-b0b9-f0cc75e51399 c6e0b03a28e44e2fb60f14eaa2a3904d b63e6221d7744496900c71ae1d5e0804 - - 1611e27ec57347bab94588ad918639a4 1611e27ec57347bab94588ad918639a4] 10.0.0.86 "DELETE /resource_providers/60a06354-6e78-48a5-b268-7332dd66b0c2" status: 404 len: 246 microversion: 1.1 [pid: 8|app: 0|req: 421/840] 10.0.0.86 () {34 vars in 815 bytes} [Mon Apr 27 22:08:18 2026] DELETE /resource_providers/60a06354-6e78-48a5-b268-7332dd66b0c2 => generated 246 bytes in 5 msecs (HTTP/1.1 404) 6 headers in 231 bytes (1 switches on core 0)
2026-04-27 22:08:19.245 7 INFO placement.requestlog [req-0dcfd959-5221-4ba3-815d-f8f50b886c5c req-d043c3fc-5b4e-4de4-a1b7-f43687eb7f50 6e8717502b6c4ed8bb8d0a0e0220b6be b63e6221d7744496900c71ae1d5e0804 - - 1611e27ec57347bab94588ad918639a4 1611e27ec57347bab94588ad918639a4] 199.204.45.23 "GET /resource_providers/b842fa49-3042-4d5f-9ee5-a410383a7d4b/allocations" status: 200 len: 253 microversion: 1.0 [pid: 7|app: 0|req: 420/841] 199.204.45.23 () {32 vars in 856 bytes} [Mon Apr 27 22:08:19 2026] GET /resource_providers/b842fa49-3042-4d5f-9ee5-a410383a7d4b/allocations => generated 253 bytes in 17 msecs (HTTP/1.1 200) 6 headers in 224 bytes (1 switches on core 0)
