2026-04-27 22:08:57.880 8 INFO neutron.db.ovn_revision_numbers_db [None req-a7c4c871-df54-4e6b-a3d5-fdfaa24ba017 cca4da8e53fb4222908692ec9d0f4fc0 9ea542bc041f43058d9a84dd00865dd6 - - default default] Successfully bumped revision number for resource 4e5dc033-0194-49ac-9384-7822fe548b5e (type: floatingips) to 5
2026-04-27 22:08:57.881 8 INFO neutron.db.l3_db [None req-a7c4c871-df54-4e6b-a3d5-fdfaa24ba017 cca4da8e53fb4222908692ec9d0f4fc0 9ea542bc041f43058d9a84dd00865dd6 - - default default] Floating IP 4e5dc033-0194-49ac-9384-7822fe548b5e associated. External IP: 10.96.250.205, port: c6644b36-1350-4a6f-9d79-2f592a05fde6. [pid: 8|app: 0|req: 1122/2121] 10.0.0.104 () {34 vars in 749 bytes} [Mon Apr 27 22:08:57 2026] PUT /v2.0/floatingips/4e5dc033-0194-49ac-9384-7822fe548b5e => generated 856 bytes in 575 msecs (HTTP/1.1 200) 4 headers in 157 bytes (1 switches on core 0)
2026-04-27 22:08:57.936 7 INFO neutron.db.ovn_revision_numbers_db [None req-1f8b926a-11a1-4bf7-b66a-765cbfe3edce ab6a880eb9fc49f29b7a623f8f1e67f8 5a1f42884a6843bab7ec41f607ef37b2 - - default default] Successfully bumped revision number for resource 1bf53351-055e-46cb-be4b-88dd8ac2886c (type: security_group_rules) to 0
2026-04-27 22:08:57.949 8 INFO neutron.notifiers.nova [-] Nova event matching ['req-59b4c59c-513e-4ba8-be97-2fd287ee9f87'] response: {'name': 'network-changed', 'server_uuid': 'cc585833-ef3e-4656-9ede-3c1e41b88590', 'tag': 'c6644b36-1350-4a6f-9d79-2f592a05fde6', 'status': 'completed', 'code': 200}
2026-04-27 22:08:57.970 8 INFO neutron.db.securitygroups_db [None req-392842aa-a397-4a36-88be-57fa5c7556ff 6ebeb8e27e5e4174960f72ad8390c2e2 0adc8e1df97c45d3acbfcdb604d39f47 - - default default] Project 0adc8e1df97c45d3acbfcdb604d39f47 added a security group rule with legacy IPv6 ICMP protocol name icmp, ipv6-icmp should be used instead. It was automatically converted. [pid: 7|app: 0|req: 1000/2122] 10.0.0.104 () {34 vars in 695 bytes} [Mon Apr 27 22:08:57 2026] POST /v2.0/security-group-rules => generated 597 bytes in 158 msecs (HTTP/1.1 201) 4 headers in 162 bytes (1 switches on core 0)
2026-04-27 22:08:58.054 8 INFO neutron.db.ovn_revision_numbers_db [None req-392842aa-a397-4a36-88be-57fa5c7556ff 6ebeb8e27e5e4174960f72ad8390c2e2 0adc8e1df97c45d3acbfcdb604d39f47 - - default default] Successfully bumped revision number for resource 4054478e-37cf-41f7-bed1-2529525ef25c (type: security_group_rules) to 0 [pid: 8|app: 0|req: 1123/2123] 10.0.0.104 () {34 vars in 695 bytes} [Mon Apr 27 22:08:57 2026] POST /v2.0/security-group-rules => generated 607 bytes in 170 msecs (HTTP/1.1 201) 4 headers in 162 bytes (1 switches on core 0)
2026-04-27 22:08:58.101 7 INFO neutron_taas.services.taas.taas_plugin [None req-c52a5fb9-c68a-46de-8fb0-69fb2bf668ea 4284e1ae7b20477b9a696db9b854b859 75406181cff148ee9ff5a1bbb02f73bd - - default default] TaaS: Handle Delete Port: 9ed49625-a65a-4a1a-96f8-aaa30ef865f9
2026-04-27 22:08:58.104 7 INFO neutron_taas.services.taas.tap_mirror_plugin [None req-c52a5fb9-c68a-46de-8fb0-69fb2bf668ea 4284e1ae7b20477b9a696db9b854b859 75406181cff148ee9ff5a1bbb02f73bd - - default default] Tap Mirror: Handle Delete Port: 9ed49625-a65a-4a1a-96f8-aaa30ef865f9 [pid: 8|app: 0|req: 1124/2124] 10.0.0.104 () {32 vars in 729 bytes} [Mon Apr 27 22:08:58 2026] GET /v2.0/floatingips/4e5dc033-0194-49ac-9384-7822fe548b5e => generated 858 bytes in 41 msecs (HTTP/1.1 200) 4 headers in 157 bytes (1 switches on core 0)
2026-04-27 22:08:58.262 8 INFO neutron.db.ovn_revision_numbers_db [None req-65febac0-046d-4f11-98ff-61068063f0ef ab6a880eb9fc49f29b7a623f8f1e67f8 5a1f42884a6843bab7ec41f607ef37b2 - - default default] Successfully bumped revision number for resource bda8176d-ceed-404c-9c57-a4cd04c3dd23 (type: security_group_rules) to 0 [pid: 8|app: 0|req: 1125/2125] 10.0.0.104 () {34 vars in 695 bytes} [Mon Apr 27 22:08:58 2026] POST /v2.0/security-group-rules => generated 599 bytes in 167 msecs (HTTP/1.1 201) 4 headers in 162 bytes (1 switches on core 0) [pid: 7|app: 0|req: 1001/2126] 10.0.0.104 () {32 vars in 726 bytes} [Mon Apr 27 22:08:57 2026] DELETE /v2.0/networks/8bbb006d-c49e-4a5e-9d6a-50c873f8fe03 => generated 0 bytes in 336 msecs (HTTP/1.1 204) 3 headers in 131 bytes (1 switches on core 0)
2026-04-27 22:08:58.332 8 INFO neutron.db.securitygroups_db [None req-e8746912-23d7-411a-bf25-cf87c723965c 6ebeb8e27e5e4174960f72ad8390c2e2 0adc8e1df97c45d3acbfcdb604d39f47 - - default default] Project 0adc8e1df97c45d3acbfcdb604d39f47 added a security group rule with legacy IPv6 ICMP protocol name icmp, ipv6-icmp should be used instead. It was automatically converted.
2026-04-27 22:08:58.426 8 INFO neutron.db.ovn_revision_numbers_db [None req-e8746912-23d7-411a-bf25-cf87c723965c 6ebeb8e27e5e4174960f72ad8390c2e2 0adc8e1df97c45d3acbfcdb604d39f47 - - default default] Successfully bumped revision number for resource dbb36e9d-fb38-4614-a8ed-0e6b69fdffe7 (type: security_group_rules) to 0
2026-04-27 22:08:58.454 7 INFO neutron.db.ovn_revision_numbers_db [None req-5328c3f1-290f-4945-b2e3-c11b5a18a7f3 ab6a880eb9fc49f29b7a623f8f1e67f8 5a1f42884a6843bab7ec41f607ef37b2 - - default default] Successfully bumped revision number for resource 30682280-03b6-4e2d-ae50-44f585ddff81 (type: security_group_rules) to 0 [pid: 8|app: 0|req: 1126/2127] 10.0.0.104 () {34 vars in 695 bytes} [Mon Apr 27 22:08:58 2026] POST /v2.0/security-group-rules => generated 606 bytes in 171 msecs (HTTP/1.1 201) 4 headers in 162 bytes (1 switches on core 0) [pid: 7|app: 0|req: 1002/2128] 10.0.0.104 () {34 vars in 695 bytes} [Mon Apr 27 22:08:58 2026] POST /v2.0/security-group-rules => generated 601 bytes in 176 msecs (HTTP/1.1 201) 4 headers in 162 bytes (1 switches on core 0) [pid: 7|app: 0|req: 1003/2129] 199.204.45.23 () {34 vars in 1079 bytes} [Mon Apr 27 22:08:58 2026] GET /v2.0/ports?tenant_id=9ea542bc041f43058d9a84dd00865dd6&device_id=cc585833-ef3e-4656-9ede-3c1e41b88590 => generated 1236 bytes in 34 msecs (HTTP/1.1 200) 4 headers in 158 bytes (1 switches on core 0)
2026-04-27 22:08:58.550 8 INFO neutron.db.segments_db [None req-740c5b40-a595-4d5a-bf7a-017cc84c73a2 4284e1ae7b20477b9a696db9b854b859 75406181cff148ee9ff5a1bbb02f73bd - - default default] Added segment 2f06d84b-eda3-4ca5-ae8b-7d26ee7ba425 of type geneve for network 78656475-28f3-4653-8ee7-a0ac7f6cf341
2026-04-27 22:08:58.667 7 INFO neutron.db.ovn_revision_numbers_db [None req-66b012b2-4700-4c3c-9019-3ac7a6ba224a ab6a880eb9fc49f29b7a623f8f1e67f8 5a1f42884a6843bab7ec41f607ef37b2 - - default default] Successfully bumped revision number for resource 23202c82-0c9a-4438-a7cb-361bb05e6df9 (type: security_group_rules) to 0
2026-04-27 22:08:58.695 8 INFO neutron.db.ovn_revision_numbers_db [None req-740c5b40-a595-4d5a-bf7a-017cc84c73a2 4284e1ae7b20477b9a696db9b854b859 75406181cff148ee9ff5a1bbb02f73bd - - default default] Successfully bumped revision number for resource 78656475-28f3-4653-8ee7-a0ac7f6cf341 (type: networks) to 1 [pid: 7|app: 0|req: 1004/2130] 10.0.0.104 () {34 vars in 695 bytes} [Mon Apr 27 22:08:58 2026] POST /v2.0/security-group-rules => generated 601 bytes in 174 msecs (HTTP/1.1 201) 4 headers in 162 bytes (1 switches on core 0) [pid: 7|app: 0|req: 1005/2131] 199.204.45.23 () {34 vars in 985 bytes} [Mon Apr 27 22:08:58 2026] GET /v2.0/networks?id=8e87fb0f-85f6-4322-b3da-10dff3ecd1d7 => generated 796 bytes in 42 msecs (HTTP/1.1 200) 4 headers in 157 bytes (1 switches on core 0)
2026-04-27 22:08:58.864 7 INFO neutron.db.ovn_revision_numbers_db [None req-824f0f26-8157-49ef-a6f2-989e8a657899 ab6a880eb9fc49f29b7a623f8f1e67f8 5a1f42884a6843bab7ec41f607ef37b2 - - default default] Successfully bumped revision number for resource a2d80512-4252-44ce-95c5-f8aab86d4c82 (type: security_group_rules) to 0
2026-04-27 22:08:58.886 8 WARNING neutron.scheduler.dhcp_agent_scheduler [None req-740c5b40-a595-4d5a-bf7a-017cc84c73a2 4284e1ae7b20477b9a696db9b854b859 75406181cff148ee9ff5a1bbb02f73bd - - default default] No more DHCP agents
2026-04-27 22:08:58.888 8 WARNING neutron.api.rpc.agentnotifiers.dhcp_rpc_agent_api [None req-740c5b40-a595-4d5a-bf7a-017cc84c73a2 4284e1ae7b20477b9a696db9b854b859 75406181cff148ee9ff5a1bbb02f73bd - - default default] Unable to schedule network 78656475-28f3-4653-8ee7-a0ac7f6cf341: no agents available; will retry on subsequent port and subnet creation events. [pid: 7|app: 0|req: 1006/2132] 10.0.0.104 () {34 vars in 695 bytes} [Mon Apr 27 22:08:58 2026] POST /v2.0/security-group-rules => generated 597 bytes in 143 msecs (HTTP/1.1 201) 4 headers in 162 bytes (1 switches on core 0) [pid: 7|app: 0|req: 1007/2133] 199.204.45.23 () {34 vars in 1059 bytes} [Mon Apr 27 22:08:58 2026] GET /v2.0/floatingips?fixed_ip_address=10.100.0.14&port_id=c6644b36-1350-4a6f-9d79-2f592a05fde6 => generated 861 bytes in 51 msecs (HTTP/1.1 200) 4 headers in 157 bytes (1 switches on core 0)
2026-04-27 22:08:58.990 8 INFO neutron.db.ovn_revision_numbers_db [None req-740c5b40-a595-4d5a-bf7a-017cc84c73a2 4284e1ae7b20477b9a696db9b854b859 75406181cff148ee9ff5a1bbb02f73bd - - default default] Successfully bumped revision number for resource bd265ea0-ddfe-4a74-aa21-9d257272df54 (type: ports) to 1 [pid: 8|app: 0|req: 1127/2134] 10.0.0.104 () {34 vars in 670 bytes} [Mon Apr 27 22:08:58 2026] POST /v2.0/networks => generated 668 bytes in 545 msecs (HTTP/1.1 201) 4 headers in 162 bytes (1 switches on core 0)
2026-04-27 22:08:59.061 7 INFO neutron.db.ovn_revision_numbers_db [None req-88b15c2d-97d6-44f1-a258-cb121943d34b 6ebeb8e27e5e4174960f72ad8390c2e2 0adc8e1df97c45d3acbfcdb604d39f47 - - default default] Successfully bumped revision number for resource 8073ae03-44aa-4336-b522-c8bc48fb7f59 (type: security_groups) to 1
2026-04-27 22:08:59.073 7 INFO neutron.db.ovn_revision_numbers_db [None req-88b15c2d-97d6-44f1-a258-cb121943d34b 6ebeb8e27e5e4174960f72ad8390c2e2 0adc8e1df97c45d3acbfcdb604d39f47 - - default default] Successfully bumped revision number for resource 4d7f13b3-d65c-4ca9-b7fe-99b1e628be53 (type: security_group_rules) to 0
2026-04-27 22:08:59.083 7 INFO neutron.db.ovn_revision_numbers_db [None req-88b15c2d-97d6-44f1-a258-cb121943d34b 6ebeb8e27e5e4174960f72ad8390c2e2 0adc8e1df97c45d3acbfcdb604d39f47 - - default default] Successfully bumped revision number for resource ef4108f8-8b87-4a83-9da3-17e3efe30708 (type: security_group_rules) to 0 [pid: 7|app: 0|req: 1008/2135] 10.0.0.104 () {34 vars in 685 bytes} [Mon Apr 27 22:08:58 2026] POST /v2.0/security-groups => generated 1660 bytes in 171 msecs (HTTP/1.1 201) 4 headers in 163 bytes (1 switches on core 0)
2026-04-27 22:08:59.138 8 INFO neutron.db.ovn_revision_numbers_db [None req-7714d85c-b204-4a8a-a0cc-590c3594cf8f ab6a880eb9fc49f29b7a623f8f1e67f8 5a1f42884a6843bab7ec41f607ef37b2 - - default default] Successfully bumped revision number for resource bbce9fe6-3f7b-4ea0-b493-e03d49ff71ec (type: security_group_rules) to 0 [pid: 7|app: 0|req: 1009/2136] 199.204.45.23 () {34 vars in 983 bytes} [Mon Apr 27 22:08:59 2026] GET /v2.0/subnets?id=8b654ff9-d0c3-4b90-a1ec-5c6b1cdf1639 => generated 675 bytes in 35 msecs (HTTP/1.1 200) 4 headers in 157 bytes (1 switches on core 0) [pid: 8|app: 0|req: 1128/2137] 10.0.0.104 () {34 vars in 695 bytes} [Mon Apr 27 22:08:59 2026] POST /v2.0/security-group-rules => generated 597 bytes in 154 msecs (HTTP/1.1 201) 4 headers in 162 bytes (1 switches on core 0)
2026-04-27 22:08:59.281 8 INFO neutron.db.ovn_revision_numbers_db [None req-fd4692cd-f227-4ae9-bff5-27b832a28ab6 6ebeb8e27e5e4174960f72ad8390c2e2 0adc8e1df97c45d3acbfcdb604d39f47 - - default default] Successfully bumped revision number for resource 6cb007cd-5bc5-48af-8d3e-4457d9e6be3c (type: security_group_rules) to 0 [pid: 8|app: 0|req: 1129/2138] 10.0.0.104 () {34 vars in 695 bytes} [Mon Apr 27 22:08:59 2026] POST /v2.0/security-group-rules => generated 597 bytes in 146 msecs (HTTP/1.1 201) 4 headers in 162 bytes (1 switches on core 0) [pid: 8|app: 0|req: 1130/2139] 199.204.45.23 () {34 vars in 1051 bytes} [Mon Apr 27 22:08:59 2026] GET /v2.0/ports?network_id=8e87fb0f-85f6-4322-b3da-10dff3ecd1d7&device_owner=network%3Adhcp => generated 12 bytes in 16 msecs (HTTP/1.1 200) 4 headers in 156 bytes (1 switches on core 0)
2026-04-27 22:08:59.356 7 WARNING neutron.scheduler.dhcp_agent_scheduler [None req-ce3fb31c-ba74-4315-b370-63f46848f22e 4284e1ae7b20477b9a696db9b854b859 75406181cff148ee9ff5a1bbb02f73bd - - default default] No more DHCP agents
2026-04-27 22:08:59.357 7 WARNING neutron.api.rpc.agentnotifiers.dhcp_rpc_agent_api [None req-ce3fb31c-ba74-4315-b370-63f46848f22e 4284e1ae7b20477b9a696db9b854b859 75406181cff148ee9ff5a1bbb02f73bd - - default default] Unable to schedule network 78656475-28f3-4653-8ee7-a0ac7f6cf341: no agents available; will retry on subsequent port and subnet creation events.
2026-04-27 22:08:59.462 8 INFO neutron.db.ovn_revision_numbers_db [None req-ccdab52b-b4ba-43a8-aeb3-9e88a38ea817 ab6a880eb9fc49f29b7a623f8f1e67f8 5a1f42884a6843bab7ec41f607ef37b2 - - default default] Successfully bumped revision number for resource 78d7ebdb-cc78-4a49-9057-47f8e18d03bc (type: security_group_rules) to 0 [pid: 8|app: 0|req: 1131/2140] 10.0.0.104 () {34 vars in 695 bytes} [Mon Apr 27 22:08:59 2026] POST /v2.0/security-group-rules => generated 597 bytes in 165 msecs (HTTP/1.1 201) 4 headers in 162 bytes (1 switches on core 0)
2026-04-27 22:08:59.626 8 INFO neutron.db.ovn_revision_numbers_db [None req-6f5f189f-42a4-4d5a-a972-9ba5b789dd37 6ebeb8e27e5e4174960f72ad8390c2e2 0adc8e1df97c45d3acbfcdb604d39f47 - - default default] Successfully bumped revision number for resource 6dff362d-d00f-4ade-ada2-41be42570137 (type: security_group_rules) to 0 [pid: 8|app: 0|req: 1132/2141] 10.0.0.104 () {34 vars in 695 bytes} [Mon Apr 27 22:08:59 2026] POST /v2.0/security-group-rules => generated 602 bytes in 185 msecs (HTTP/1.1 201) 4 headers in 162 bytes (1 switches on core 0) [pid: 8|app: 0|req: 1133/2142] 199.204.45.23 () {34 vars in 1011 bytes} [Mon Apr 27 22:08:59 2026] GET /v2.0/networks/8e87fb0f-85f6-4322-b3da-10dff3ecd1d7?fields=segments => generated 14 bytes in 42 msecs (HTTP/1.1 200) 4 headers in 156 bytes (1 switches on core 0)
2026-04-27 22:08:59.827 7 INFO neutron.services.segments.plugin [-] Segment 862fef7e-c786-4eca-93de-55c08d02bf3c resource provider aggregate not found
2026-04-27 22:08:59.831 7 INFO neutron.services.segments.plugin [-] Segment 862fef7e-c786-4eca-93de-55c08d02bf3c resource provider aggregate not found
2026-04-27 22:08:59.876 8 INFO neutron.db.ovn_revision_numbers_db [None req-eed1917c-2171-4c71-aa53-2c61d0f026fb ab6a880eb9fc49f29b7a623f8f1e67f8 5a1f42884a6843bab7ec41f607ef37b2 - - default default] Successfully bumped revision number for resource e0d07ab7-58db-437e-a4fb-f29a9bae076a (type: security_group_rules) to 0
2026-04-27 22:08:59.894 7 INFO neutron.services.segments.plugin [-] Segment 862fef7e-c786-4eca-93de-55c08d02bf3c resource provider not found; error: Placement Client Error (4xx): {"errors": [{"status": 404, "title": "Not Found", "detail": "The resource could not be found.\n\n No resource provider with uuid 862fef7e-c786-4eca-93de-55c08d02bf3c found for delete ", "request_id": "req-18fc4ff5-8bf8-40d8-bde0-81f56b255442"}]}
2026-04-27 22:08:59.896 7 INFO neutron.services.segments.plugin [-] Segment 862fef7e-c786-4eca-93de-55c08d02bf3c resource provider not found; error: Placement Client Error (4xx): {"errors": [{"status": 404, "title": "Not Found", "detail": "The resource could not be found.\n\n No resource provider with uuid 862fef7e-c786-4eca-93de-55c08d02bf3c found for delete ", "request_id": "req-9c6f40a4-7342-49bf-967e-8fa63910d28a"}]}
2026-04-27 22:08:59.986 7 INFO neutron.db.ovn_revision_numbers_db [None req-ce3fb31c-ba74-4315-b370-63f46848f22e 4284e1ae7b20477b9a696db9b854b859 75406181cff148ee9ff5a1bbb02f73bd - - default default] Successfully bumped revision number for resource bd265ea0-ddfe-4a74-aa21-9d257272df54 (type: ports) to 2 [pid: 8|app: 0|req: 1134/2143] 10.0.0.104 () {34 vars in 695 bytes} [Mon Apr 27 22:08:59 2026] POST /v2.0/security-group-rules => generated 599 bytes in 272 msecs (HTTP/1.1 201) 4 headers in 162 bytes (1 switches on core 0)
2026-04-27 22:09:00.007 7 INFO neutron.db.ovn_revision_numbers_db [None req-ce3fb31c-ba74-4315-b370-63f46848f22e 4284e1ae7b20477b9a696db9b854b859 75406181cff148ee9ff5a1bbb02f73bd - - default default] Successfully bumped revision number for resource 71a065bd-629b-41e7-8102-c6fee7337084 (type: subnets) to 0 [pid: 7|app: 0|req: 1010/2144] 10.0.0.104 () {34 vars in 669 bytes} [Mon Apr 27 22:08:59 2026] POST /v2.0/subnets => generated 626 bytes in 869 msecs (HTTP/1.1 201) 4 headers in 162 bytes (1 switches on core 0) [pid: 7|app: 0|req: 1011/2145] 199.204.45.23 () {34 vars in 1111 bytes} [Mon Apr 27 22:09:00 2026] GET /v2.0/networks/8e87fb0f-85f6-4322-b3da-10dff3ecd1d7?fields=provider%3Aphysical_network&fields=provider%3Anetwork_type => generated 79 bytes in 32 msecs (HTTP/1.1 200) 4 headers in 156 bytes (1 switches on core 0)
2026-04-27 22:09:00.191 7 INFO neutron.db.ovn_revision_numbers_db [None req-eedf3857-e146-432a-aa9d-0f4d00e9129c ab6a880eb9fc49f29b7a623f8f1e67f8 5a1f42884a6843bab7ec41f607ef37b2 - - default default] Successfully bumped revision number for resource 729c04cd-d9d4-4117-84cb-7d93e55ce4c0 (type: security_group_rules) to 0 [pid: 7|app: 0|req: 1012/2146] 10.0.0.104 () {34 vars in 695 bytes} [Mon Apr 27 22:09:00 2026] POST /v2.0/security-group-rules => generated 601 bytes in 168 msecs (HTTP/1.1 201) 4 headers in 162 bytes (1 switches on core 0)
2026-04-27 22:09:00.241 8 WARNING neutron.scheduler.dhcp_agent_scheduler [None req-9f31a495-2906-4b99-a8e3-220da661eb64 6ebeb8e27e5e4174960f72ad8390c2e2 0adc8e1df97c45d3acbfcdb604d39f47 - - default default] No more DHCP agents
2026-04-27 22:09:00.242 8 WARNING neutron.api.rpc.agentnotifiers.dhcp_rpc_agent_api [None req-9f31a495-2906-4b99-a8e3-220da661eb64 6ebeb8e27e5e4174960f72ad8390c2e2 0adc8e1df97c45d3acbfcdb604d39f47 - - default default] Unable to schedule network d0c04b00-ab06-4f72-9574-b576fcb78f26: no agents available; will retry on subsequent port and subnet creation events.
2026-04-27 22:09:00.364 7 INFO neutron.db.ovn_revision_numbers_db [None req-7761cb01-b9c2-4e23-8d29-bc6b9b04966f 4284e1ae7b20477b9a696db9b854b859 75406181cff148ee9ff5a1bbb02f73bd - - default default] Successfully bumped revision number for resource 5d11c3b4-3f9e-4c00-9847-4265d73f0df9 (type: routers) to 1 [pid: 7|app: 0|req: 1013/2147] 10.0.0.104 () {34 vars in 669 bytes} [Mon Apr 27 22:09:00 2026] POST /v2.0/routers => generated 624 bytes in 155 msecs (HTTP/1.1 201) 4 headers in 162 bytes (1 switches on core 0)
2026-04-27 22:09:00.526 7 INFO neutron.db.ovn_revision_numbers_db [None req-3e430329-4259-49ff-bd4d-b2f8a83d4581 ab6a880eb9fc49f29b7a623f8f1e67f8 5a1f42884a6843bab7ec41f607ef37b2 - - default default] Successfully bumped revision number for resource 7783b64e-c59b-4880-95b3-cbe72a073e4a (type: security_group_rules) to 0 [pid: 8|app: 0|req: 1135/2148] 10.0.0.104 () {34 vars in 676 bytes} [Mon Apr 27 22:08:59 2026] POST /v2.0/floatingips => generated 552 bytes in 558 msecs (HTTP/1.1 201) 4 headers in 162 bytes (1 switches on core 0) [pid: 7|app: 0|req: 1014/2149] 10.0.0.104 () {34 vars in 695 bytes} [Mon Apr 27 22:09:00 2026] POST /v2.0/security-group-rules => generated 597 bytes in 174 msecs (HTTP/1.1 201) 4 headers in 162 bytes (1 switches on core 0)
2026-04-27 22:09:00.662 7 WARNING neutron.db.securitygroups_db [req-3bd72efb-05a0-467f-be5c-1b67c5d028f8 req-ffc9d0e4-6b63-4514-9508-e40c19a3706c 6ebeb8e27e5e4174960f72ad8390c2e2 0adc8e1df97c45d3acbfcdb604d39f47 - - default default] project_id key not found in filters, using tenant_id instead. This support has been deprecated and will be removed in a future release. [pid: 7|app: 0|req: 1015/2150] 10.0.0.155 () {34 vars in 1100 bytes} [Mon Apr 27 22:09:00 2026] GET /v2.0/security-groups?name=tempest-secgroup-smoke-1292453085&fields=id&tenant_id=0adc8e1df97c45d3acbfcdb604d39f47 => generated 69 bytes in 33 msecs (HTTP/1.1 200) 4 headers in 156 bytes (1 switches on core 0)
2026-04-27 22:09:00.707 7 WARNING neutron.db.securitygroups_db [req-3bd72efb-05a0-467f-be5c-1b67c5d028f8 req-a5c1a17a-285c-4219-8ab3-9c5d5504a4dc 6ebeb8e27e5e4174960f72ad8390c2e2 0adc8e1df97c45d3acbfcdb604d39f47 - - default default] project_id key not found in filters, using tenant_id instead. This support has been deprecated and will be removed in a future release. [pid: 7|app: 0|req: 1016/2151] 10.0.0.155 () {34 vars in 1100 bytes} [Mon Apr 27 22:09:00 2026] GET /v2.0/security-groups?name=tempest-securitygroup--1368695591&fields=id&tenant_id=0adc8e1df97c45d3acbfcdb604d39f47 => generated 69 bytes in 34 msecs (HTTP/1.1 200) 4 headers in 156 bytes (1 switches on core 0) [pid: 7|app: 0|req: 1017/2152] 10.0.0.155 () {34 vars in 982 bytes} [Mon Apr 27 22:09:00 2026] GET /v2.0/networks?id=75102ea3-edce-41ea-9ee7-5fa5be9ab46f => generated 711 bytes in 54 msecs (HTTP/1.1 200) 4 headers in 157 bytes (1 switches on core 0)
2026-04-27 22:09:00.811 7 WARNING neutron.db.securitygroups_db [req-24988e2f-ac5a-4d6d-8001-120774b952ac req-97a96782-a364-41cf-9ebe-b6355b8d58c6 ab6a880eb9fc49f29b7a623f8f1e67f8 5a1f42884a6843bab7ec41f607ef37b2 - - default default] project_id key not found in filters, using tenant_id instead. This support has been deprecated and will be removed in a future release. [pid: 7|app: 0|req: 1018/2153] 10.0.0.155 () {34 vars in 1096 bytes} [Mon Apr 27 22:09:00 2026] GET /v2.0/security-groups?name=tempest-lb_member_SG-1062254005&fields=id&tenant_id=5a1f42884a6843bab7ec41f607ef37b2 => generated 69 bytes in 37 msecs (HTTP/1.1 200) 4 headers in 156 bytes (1 switches on core 0)
2026-04-27 22:09:00.843 8 WARNING neutron.scheduler.dhcp_agent_scheduler [None req-a4313aad-2e9e-4296-82b1-9cbb82509bf0 4284e1ae7b20477b9a696db9b854b859 75406181cff148ee9ff5a1bbb02f73bd - - default default] No more DHCP agents
2026-04-27 22:09:00.845 8 WARNING neutron.api.rpc.agentnotifiers.dhcp_rpc_agent_api [None req-a4313aad-2e9e-4296-82b1-9cbb82509bf0 4284e1ae7b20477b9a696db9b854b859 75406181cff148ee9ff5a1bbb02f73bd - - default default] Unable to schedule network 78656475-28f3-4653-8ee7-a0ac7f6cf341: no agents available; will retry on subsequent port and subnet creation events. [pid: 7|app: 0|req: 1019/2154] 10.0.0.155 () {34 vars in 965 bytes} [Mon Apr 27 22:09:00 2026] GET /v2.0/quotas/0adc8e1df97c45d3acbfcdb604d39f47 => generated 292 bytes in 9 msecs (HTTP/1.1 200) 4 headers in 157 bytes (1 switches on core 0) [pid: 7|app: 0|req: 1020/2155] 10.0.0.155 () {34 vars in 982 bytes} [Mon Apr 27 22:09:00 2026] GET /v2.0/networks?id=a83d1d03-ce30-4046-a046-b7efe429286a => generated 743 bytes in 42 msecs (HTTP/1.1 200) 4 headers in 157 bytes (1 switches on core 0) [pid: 7|app: 0|req: 1021/2156] 10.0.0.155 () {34 vars in 1002 bytes} [Mon Apr 27 22:09:00 2026] GET /v2.0/ports?tenant_id=0adc8e1df97c45d3acbfcdb604d39f47&fields=id => generated 103 bytes in 72 msecs (HTTP/1.1 200) 4 headers in 157 bytes (1 switches on core 0) [pid: 7|app: 0|req: 1022/2157] 10.0.0.155 () {34 vars in 965 bytes} [Mon Apr 27 22:09:00 2026] GET /v2.0/quotas/5a1f42884a6843bab7ec41f607ef37b2 => generated 292 bytes in 24 msecs (HTTP/1.1 200) 4 headers in 157 bytes (1 switches on core 0)
2026-04-27 22:09:01.042 8 INFO neutron.db.ovn_revision_numbers_db [None req-a4313aad-2e9e-4296-82b1-9cbb82509bf0 4284e1ae7b20477b9a696db9b854b859 75406181cff148ee9ff5a1bbb02f73bd - - default default] Successfully bumped revision number for resource 3c409c28-eafa-4cf7-a487-77e06c3af931 (type: ports) to 1 [pid: 7|app: 0|req: 1023/2158] 10.0.0.155 () {34 vars in 1008 bytes} [Mon Apr 27 22:09:00 2026] GET /v2.0/networks/75102ea3-edce-41ea-9ee7-5fa5be9ab46f?fields=segments => generated 14 bytes in 50 msecs (HTTP/1.1 200) 4 headers in 156 bytes (1 switches on core 0) [pid: 8|app: 0|req: 1136/2159] 10.0.0.104 () {34 vars in 665 bytes} [Mon Apr 27 22:09:00 2026] POST /v2.0/ports => generated 951 bytes in 553 msecs (HTTP/1.1 201) 4 headers in 162 bytes (1 switches on core 0) /var/lib/openstack/lib/python3.12/site-packages/pycadf/identifier.py:70: UserWarning: Invalid uuid: neutron. To ensure interoperability, identifiers should be a valid uuid. warnings.warn(('Invalid uuid: %s. To ensure interoperability, ' [pid: 8|app: 0|req: 1137/2160] 10.0.0.155 () {34 vars in 1108 bytes} [Mon Apr 27 22:09:01 2026] GET /v2.0/networks/75102ea3-edce-41ea-9ee7-5fa5be9ab46f?fields=provider%3Aphysical_network&fields=provider%3Anetwork_type => generated 79 bytes in 36 msecs (HTTP/1.1 200) 4 headers in 156 bytes (1 switches on core 0) [pid: 7|app: 0|req: 1024/2161] 10.0.0.155 () {34 vars in 1002 bytes} [Mon Apr 27 22:09:01 2026] GET /v2.0/ports?tenant_id=5a1f42884a6843bab7ec41f607ef37b2&fields=id => generated 287 bytes in 187 msecs (HTTP/1.1 200) 4 headers in 157 bytes (1 switches on core 0) [pid: 7|app: 0|req: 1025/2162] 10.0.0.155 () {34 vars in 1008 bytes} [Mon Apr 27 22:09:01 2026] GET /v2.0/networks/a83d1d03-ce30-4046-a046-b7efe429286a?fields=segments => generated 14 bytes in 55 msecs (HTTP/1.1 200) 4 headers in 156 bytes (1 switches on core 0) [pid: 7|app: 0|req: 1026/2163] 10.0.0.155 () {34 vars in 1108 bytes} [Mon Apr 27 22:09:01 2026] GET /v2.0/networks/a83d1d03-ce30-4046-a046-b7efe429286a?fields=provider%3Aphysical_network&fields=provider%3Anetwork_type => generated 79 bytes in 41 msecs (HTTP/1.1 200) 4 headers in 156 bytes (1 switches on core 0) [pid: 7|app: 0|req: 1027/2164] 10.0.0.155 () {34 vars in 990 bytes} [Mon Apr 27 22:09:01 2026] GET /v2.0/ports?device_id=8125cc56-25e1-4dac-9e7b-f384c4f58ddf => generated 12 bytes in 18 msecs (HTTP/1.1 200) 4 headers in 156 bytes (1 switches on core 0) [pid: 7|app: 0|req: 1028/2165] 10.0.0.155 () {34 vars in 990 bytes} [Mon Apr 27 22:09:01 2026] GET /v2.0/ports?device_id=57422021-cf9a-4cad-bda3-f01cb599812c => generated 12 bytes in 23 msecs (HTTP/1.1 200) 4 headers in 156 bytes (1 switches on core 0)
2026-04-27 22:09:01.624 8 WARNING neutron.plugins.ml2.drivers.ovn.mech_driver.ovsdb.ovn_client [None req-26712031-95ff-4784-b23e-5cf6fa76577f - - - - - -] No hosting information found for port 7b9c4526-5793-4065-aa97-5e475997ce92: RuntimeError: No hosting information found for port 7b9c4526-5793-4065-aa97-5e475997ce92
2026-04-27 22:09:01.713 8 INFO neutron.common.ovn.utils [None req-26712031-95ff-4784-b23e-5cf6fa76577f - - - - - -] HA Chassis Group neutron-a83d1d03-ce30-4046-a046-b7efe429286a synchronized; highest priority chassis 7f71a13d-29f4-4bfd-9cfd-a9f77daf1f1c
2026-04-27 22:09:01.751 8 INFO neutron.db.ovn_revision_numbers_db [None req-1f3a136e-2a56-494f-b96b-78e1a2c82657 4284e1ae7b20477b9a696db9b854b859 75406181cff148ee9ff5a1bbb02f73bd - - default default] Successfully bumped revision number for resource 3c409c28-eafa-4cf7-a487-77e06c3af931 (type: ports) to 2
2026-04-27 22:09:01.845 8 INFO neutron.db.ovn_revision_numbers_db [None req-26712031-95ff-4784-b23e-5cf6fa76577f - - - - - -] Successfully bumped revision number for resource 7b9c4526-5793-4065-aa97-5e475997ce92 (type: router_ports) to 2
2026-04-27 22:09:01.846 8 INFO neutron.plugins.ml2.drivers.ovn.mech_driver.mech_driver [None req-26712031-95ff-4784-b23e-5cf6fa76577f - - - - - -] OVN reports status down for port: 360a651f-14bd-469c-b9e5-9a9b9d948541
2026-04-27 22:09:01.890 7 WARNING neutron.plugins.ml2.drivers.ovn.mech_driver.ovsdb.ovn_client [None req-26febaec-bd9f-4491-8049-56b8993fb81c - - - - - -] No hosting information found for port 5f5b9245-358c-469f-8f76-1cfa662c8863: RuntimeError: No hosting information found for port 5f5b9245-358c-469f-8f76-1cfa662c8863
2026-04-27 22:09:01.919 7 INFO neutron.common.ovn.utils [None req-26febaec-bd9f-4491-8049-56b8993fb81c - - - - - -] HA Chassis Group neutron-30e9abf3-991e-4d99-9b91-c6381cfa0d90 synchronized; highest priority chassis 7f71a13d-29f4-4bfd-9cfd-a9f77daf1f1c
2026-04-27 22:09:01.977 8 WARNING neutron.plugins.ml2.drivers.ovn.mech_driver.ovsdb.ovn_client [None req-26712031-95ff-4784-b23e-5cf6fa76577f - - - - - -] Logical_Switch_Port 360a651f-14bd-469c-b9e5-9a9b9d948541 host information not removed, the port state is up
2026-04-27 22:09:01.978 8 INFO neutron.plugins.ml2.drivers.ovn.mech_driver.mech_driver [None req-26712031-95ff-4784-b23e-5cf6fa76577f - - - - - -] OVN reports status up for port: 360a651f-14bd-469c-b9e5-9a9b9d948541
2026-04-27 22:09:01.999 7 INFO neutron.db.ovn_revision_numbers_db [None req-26febaec-bd9f-4491-8049-56b8993fb81c - - - - - -] Successfully bumped revision number for resource 5f5b9245-358c-469f-8f76-1cfa662c8863 (type: router_ports) to 2
2026-04-27 22:09:01.999 7 INFO neutron.plugins.ml2.drivers.ovn.mech_driver.mech_driver [None req-26febaec-bd9f-4491-8049-56b8993fb81c - - - - - -] OVN reports status down for port: d6917bad-58a6-4f53-bea4-00ac4337d30b
2026-04-27 22:09:02.008 8 INFO neutron.plugins.ml2.plugin [None req-26712031-95ff-4784-b23e-5cf6fa76577f - - - - - -] Attempt 1 to provision port 360a651f-14bd-469c-b9e5-9a9b9d948541
2026-04-27 22:09:02.314 7 INFO neutron.db.ovn_revision_numbers_db [None req-26febaec-bd9f-4491-8049-56b8993fb81c - - - - - -] Successfully bumped revision number for resource d6917bad-58a6-4f53-bea4-00ac4337d30b (type: ports) to 6
2026-04-27 22:09:02.382 7 WARNING neutron.plugins.ml2.drivers.ovn.mech_driver.ovsdb.ovn_client [None req-c2e7dde9-f650-468f-9b28-d548b222679a - - - - - -] Logical_Switch_Port d6917bad-58a6-4f53-bea4-00ac4337d30b host information not removed, the port state is up
2026-04-27 22:09:02.391 7 INFO neutron.plugins.ml2.drivers.ovn.mech_driver.mech_driver [None req-c2e7dde9-f650-468f-9b28-d548b222679a - - - - - -] OVN reports status up for port: d6917bad-58a6-4f53-bea4-00ac4337d30b
2026-04-27 22:09:02.403 7 INFO neutron.plugins.ml2.plugin [None req-c2e7dde9-f650-468f-9b28-d548b222679a - - - - - -] Attempt 1 to provision port d6917bad-58a6-4f53-bea4-00ac4337d30b [pid: 7|app: 0|req: 1029/2166] 10.0.0.155 () {34 vars in 990 bytes} [Mon Apr 27 22:09:02 2026] GET /v2.0/ports?device_id=8125cc56-25e1-4dac-9e7b-f384c4f58ddf => generated 12 bytes in 32 msecs (HTTP/1.1 200) 4 headers in 156 bytes (1 switches on core 0)
2026-04-27 22:09:02.755 7 INFO neutron.db.ovn_revision_numbers_db [None req-c2e7dde9-f650-468f-9b28-d548b222679a - - - - - -] Successfully bumped revision number for resource d6917bad-58a6-4f53-bea4-00ac4337d30b (type: ports) to 7
2026-04-27 22:09:02.838 7 INFO neutron.plugins.ml2.drivers.ovn.mech_driver.mech_driver [None req-0e99b624-fbd4-4976-a227-2cc50615faeb - - - - - -] OVN reports status down for port: 9f97d6ce-d86c-4867-86b4-6af93cbefc1e
2026-04-27 22:09:02.882 8 INFO neutron.db.ovn_revision_numbers_db [None req-26712031-95ff-4784-b23e-5cf6fa76577f - - - - - -] Successfully bumped revision number for resource 360a651f-14bd-469c-b9e5-9a9b9d948541 (type: ports) to 2
2026-04-27 22:09:02.889 7 WARNING neutron.plugins.ml2.drivers.ovn.mech_driver.ovsdb.ovn_client [None req-0e99b624-fbd4-4976-a227-2cc50615faeb - - - - - -] Logical_Switch_Port 9f97d6ce-d86c-4867-86b4-6af93cbefc1e host information not removed, the port state is up
2026-04-27 22:09:02.889 7 INFO neutron.plugins.ml2.drivers.ovn.mech_driver.mech_driver [None req-0e99b624-fbd4-4976-a227-2cc50615faeb - - - - - -] OVN reports status up for port: 9f97d6ce-d86c-4867-86b4-6af93cbefc1e
2026-04-27 22:09:02.898 7 INFO neutron.plugins.ml2.plugin [None req-0e99b624-fbd4-4976-a227-2cc50615faeb - - - - - -] Attempt 1 to provision port 9f97d6ce-d86c-4867-86b4-6af93cbefc1e
2026-04-27 22:09:02.977 8 WARNING neutron.scheduler.dhcp_agent_scheduler [None req-1f3a136e-2a56-494f-b96b-78e1a2c82657 4284e1ae7b20477b9a696db9b854b859 75406181cff148ee9ff5a1bbb02f73bd - - default default] No more DHCP agents
2026-04-27 22:09:02.980 8 WARNING neutron.api.rpc.agentnotifiers.dhcp_rpc_agent_api [None req-1f3a136e-2a56-494f-b96b-78e1a2c82657 4284e1ae7b20477b9a696db9b854b859 75406181cff148ee9ff5a1bbb02f73bd - - default default] Unable to schedule network 78656475-28f3-4653-8ee7-a0ac7f6cf341: no agents available; will retry on subsequent port and subnet creation events.
2026-04-27 22:09:03.269 7 INFO neutron.db.ovn_revision_numbers_db [None req-0e99b624-fbd4-4976-a227-2cc50615faeb - - - - - -] Successfully bumped revision number for resource 9f97d6ce-d86c-4867-86b4-6af93cbefc1e (type: ports) to 2
2026-04-27 22:09:03.279 8 INFO neutron.db.ovn_revision_numbers_db [None req-1f3a136e-2a56-494f-b96b-78e1a2c82657 4284e1ae7b20477b9a696db9b854b859 75406181cff148ee9ff5a1bbb02f73bd - - default default] Successfully bumped revision number for resource 3c409c28-eafa-4cf7-a487-77e06c3af931 (type: router_ports) to 2 [pid: 8|app: 0|req: 1138/2167] 10.0.0.104 () {34 vars in 783 bytes} [Mon Apr 27 22:09:01 2026] PUT /v2.0/routers/5d11c3b4-3f9e-4c00-9847-4265d73f0df9/add_router_interface => generated 310 bytes in 2140 msecs (HTTP/1.1 200) 4 headers in 157 bytes (1 switches on core 0) [pid: 7|app: 0|req: 1030/2168] 10.0.0.104 () {32 vars in 717 bytes} [Mon Apr 27 22:09:03 2026] GET /v2.0/ports/3c409c28-eafa-4cf7-a487-77e06c3af931 => generated 1011 bytes in 73 msecs (HTTP/1.1 200) 4 headers in 158 bytes (1 switches on core 0) /var/lib/openstack/lib/python3.12/site-packages/pycadf/identifier.py:70: UserWarning: Invalid uuid: neutron. To ensure interoperability, identifiers should be a valid uuid. warnings.warn(('Invalid uuid: %s. To ensure interoperability, '
2026-04-27 22:09:03.599 8 INFO neutron_taas.services.taas.taas_plugin [None req-9c1c4a18-6fb2-472d-8e01-a355dc7e4593 4284e1ae7b20477b9a696db9b854b859 75406181cff148ee9ff5a1bbb02f73bd - - default default] TaaS: Handle Delete Port: 3c409c28-eafa-4cf7-a487-77e06c3af931
2026-04-27 22:09:03.603 8 INFO neutron_taas.services.taas.tap_mirror_plugin [None req-9c1c4a18-6fb2-472d-8e01-a355dc7e4593 4284e1ae7b20477b9a696db9b854b859 75406181cff148ee9ff5a1bbb02f73bd - - default default] Tap Mirror: Handle Delete Port: 3c409c28-eafa-4cf7-a487-77e06c3af931 [pid: 7|app: 0|req: 1031/2169] 10.0.0.155 () {34 vars in 990 bytes} [Mon Apr 27 22:09:03 2026] GET /v2.0/ports?device_id=8125cc56-25e1-4dac-9e7b-f384c4f58ddf => generated 12 bytes in 35 msecs (HTTP/1.1 200) 4 headers in 156 bytes (1 switches on core 0) [pid: 8|app: 0|req: 1139/2170] 10.0.0.104 () {34 vars in 789 bytes} [Mon Apr 27 22:09:03 2026] PUT /v2.0/routers/5d11c3b4-3f9e-4c00-9847-4265d73f0df9/remove_router_interface => generated 310 bytes in 582 msecs (HTTP/1.1 200) 4 headers in 157 bytes (1 switches on core 0)
2026-04-27 22:09:04.052 7 INFO neutron.api.v2.resource [None req-1bd42275-2b15-43d2-b5c1-b4df4dce0021 4284e1ae7b20477b9a696db9b854b859 75406181cff148ee9ff5a1bbb02f73bd - - default default] remove_router_interface failed (client error): The resource could not be found. [pid: 7|app: 0|req: 1032/2171] 10.0.0.104 () {34 vars in 789 bytes} [Mon Apr 27 22:09:03 2026] PUT /v2.0/routers/5d11c3b4-3f9e-4c00-9847-4265d73f0df9/remove_router_interface => generated 197 bytes in 99 msecs (HTTP/1.1 404) 4 headers in 164 bytes (1 switches on core 0) /var/lib/openstack/lib/python3.12/site-packages/pycadf/identifier.py:70: UserWarning: Invalid uuid: neutron. To ensure interoperability, identifiers should be a valid uuid. warnings.warn(('Invalid uuid: %s. To ensure interoperability, ' [pid: 8|app: 0|req: 1140/2172] 10.0.0.104 () {32 vars in 736 bytes} [Mon Apr 27 22:09:04 2026] GET /v2.0/ports?device_id=5d11c3b4-3f9e-4c00-9847-4265d73f0df9 => generated 12 bytes in 26 msecs (HTTP/1.1 200) 4 headers in 156 bytes (1 switches on core 0) [pid: 7|app: 0|req: 1033/2173] 10.0.0.104 () {32 vars in 724 bytes} [Mon Apr 27 22:09:04 2026] DELETE /v2.0/routers/5d11c3b4-3f9e-4c00-9847-4265d73f0df9 => generated 0 bytes in 189 msecs (HTTP/1.1 204) 2 headers in 112 bytes (1 switches on core 0) [pid: 8|app: 0|req: 1141/2174] 10.0.0.104 () {32 vars in 724 bytes} [Mon Apr 27 22:09:04 2026] DELETE /v2.0/subnets/71a065bd-629b-41e7-8102-c6fee7337084 => generated 0 bytes in 167 msecs (HTTP/1.1 204) 3 headers in 131 bytes (1 switches on core 0)
2026-04-27 22:09:04.589 7 INFO neutron_taas.services.taas.taas_plugin [None req-01c5ab82-44c1-48b2-a59d-1609a7232361 4284e1ae7b20477b9a696db9b854b859 75406181cff148ee9ff5a1bbb02f73bd - - default default] TaaS: Handle Delete Port: bd265ea0-ddfe-4a74-aa21-9d257272df54
2026-04-27 22:09:04.592 7 INFO neutron_taas.services.taas.tap_mirror_plugin [None req-01c5ab82-44c1-48b2-a59d-1609a7232361 4284e1ae7b20477b9a696db9b854b859 75406181cff148ee9ff5a1bbb02f73bd - - default default] Tap Mirror: Handle Delete Port: bd265ea0-ddfe-4a74-aa21-9d257272df54
2026-04-27 22:09:04.761 7 INFO neutron.services.segments.plugin [-] Segment 2f06d84b-eda3-4ca5-ae8b-7d26ee7ba425 resource provider aggregate not found
2026-04-27 22:09:04.762 7 INFO neutron.services.segments.plugin [-] Segment 2f06d84b-eda3-4ca5-ae8b-7d26ee7ba425 resource provider aggregate not found
2026-04-27 22:09:04.783 7 INFO neutron.services.segments.plugin [-] Segment 2f06d84b-eda3-4ca5-ae8b-7d26ee7ba425 resource provider not found; error: Placement Client Error (4xx): {"errors": [{"status": 404, "title": "Not Found", "detail": "The resource could not be found.\n\n No resource provider with uuid 2f06d84b-eda3-4ca5-ae8b-7d26ee7ba425 found for delete ", "request_id": "req-9c1c71a5-bc06-48d4-9766-8ccb649689a5"}]}
2026-04-27 22:09:04.788 7 INFO neutron.services.segments.plugin [-] Segment 2f06d84b-eda3-4ca5-ae8b-7d26ee7ba425 resource provider not found; error: Placement Client Error (4xx): {"errors": [{"status": 404, "title": "Not Found", "detail": "The resource could not be found.\n\n No resource provider with uuid 2f06d84b-eda3-4ca5-ae8b-7d26ee7ba425 found for delete ", "request_id": "req-67ac0fbb-5208-44e1-a575-a4c7ae31f2e3"}]} [pid: 7|app: 0|req: 1034/2175] 10.0.0.104 () {32 vars in 726 bytes} [Mon Apr 27 22:09:04 2026] DELETE /v2.0/networks/78656475-28f3-4653-8ee7-a0ac7f6cf341 => generated 0 bytes in 352 msecs (HTTP/1.1 204) 3 headers in 131 bytes (1 switches on core 0) [pid: 7|app: 0|req: 1035/2176] 10.0.0.76 () {34 vars in 989 bytes} [Mon Apr 27 22:09:04 2026] GET /v2.0/ports?device_id=cc585833-ef3e-4656-9ede-3c1e41b88590 => generated 1236 bytes in 51 msecs (HTTP/1.1 200) 4 headers in 158 bytes (1 switches on core 0)
2026-04-27 22:09:04.913 8 INFO neutron.db.segments_db [None req-545f8cdd-c207-4ab9-85c5-81c69477c745 4284e1ae7b20477b9a696db9b854b859 75406181cff148ee9ff5a1bbb02f73bd - - default default] Added segment 6999901b-9a34-4ae9-9453-6cd7e97596bc of type geneve for network 8432b29d-e2b9-482b-a842-32a35a48a8cf [pid: 7|app: 0|req: 1036/2177] 10.0.0.76 () {34 vars in 1039 bytes} [Mon Apr 27 22:09:04 2026] GET /v2.0/security-groups?id=d494b51d-dad9-4ead-ba48-d76fc642bb71&fields=id&fields=name => generated 114 bytes in 32 msecs (HTTP/1.1 200) 4 headers in 157 bytes (1 switches on core 0) [pid: 7|app: 0|req: 1037/2178] 10.0.0.155 () {34 vars in 990 bytes} [Mon Apr 27 22:09:04 2026] GET /v2.0/ports?device_id=8125cc56-25e1-4dac-9e7b-f384c4f58ddf => generated 12 bytes in 18 msecs (HTTP/1.1 200) 4 headers in 156 bytes (1 switches on core 0)
2026-04-27 22:09:05.043 8 INFO neutron.db.ovn_revision_numbers_db [None req-545f8cdd-c207-4ab9-85c5-81c69477c745 4284e1ae7b20477b9a696db9b854b859 75406181cff148ee9ff5a1bbb02f73bd - - default default] Successfully bumped revision number for resource 8432b29d-e2b9-482b-a842-32a35a48a8cf (type: networks) to 1
2026-04-27 22:09:05.231 8 WARNING neutron.scheduler.dhcp_agent_scheduler [None req-545f8cdd-c207-4ab9-85c5-81c69477c745 4284e1ae7b20477b9a696db9b854b859 75406181cff148ee9ff5a1bbb02f73bd - - default default] No more DHCP agents
2026-04-27 22:09:05.233 8 WARNING neutron.api.rpc.agentnotifiers.dhcp_rpc_agent_api [None req-545f8cdd-c207-4ab9-85c5-81c69477c745 4284e1ae7b20477b9a696db9b854b859 75406181cff148ee9ff5a1bbb02f73bd - - default default] Unable to schedule network 8432b29d-e2b9-482b-a842-32a35a48a8cf: no agents available; will retry on subsequent port and subnet creation events.
2026-04-27 22:09:05.339 8 INFO neutron.db.ovn_revision_numbers_db [None req-545f8cdd-c207-4ab9-85c5-81c69477c745 4284e1ae7b20477b9a696db9b854b859 75406181cff148ee9ff5a1bbb02f73bd - - default default] Successfully bumped revision number for resource b7994320-771a-40af-b435-6e59b141681b (type: ports) to 1 [pid: 8|app: 0|req: 1142/2179] 10.0.0.104 () {34 vars in 670 bytes} [Mon Apr 27 22:09:04 2026] POST /v2.0/networks => generated 667 bytes in 555 msecs (HTTP/1.1 201) 4 headers in 162 bytes (1 switches on core 0)
2026-04-27 22:09:05.549 7 WARNING neutron.scheduler.dhcp_agent_scheduler [None req-d584f3a6-13ff-4f61-b964-5f760e8e02f7 4284e1ae7b20477b9a696db9b854b859 75406181cff148ee9ff5a1bbb02f73bd - - default default] No more DHCP agents
2026-04-27 22:09:05.550 7 WARNING neutron.api.rpc.agentnotifiers.dhcp_rpc_agent_api [None req-d584f3a6-13ff-4f61-b964-5f760e8e02f7 4284e1ae7b20477b9a696db9b854b859 75406181cff148ee9ff5a1bbb02f73bd - - default default] Unable to schedule network 8432b29d-e2b9-482b-a842-32a35a48a8cf: no agents available; will retry on subsequent port and subnet creation events.
2026-04-27 22:09:06.040 7 INFO neutron.db.ovn_revision_numbers_db [None req-d584f3a6-13ff-4f61-b964-5f760e8e02f7 4284e1ae7b20477b9a696db9b854b859 75406181cff148ee9ff5a1bbb02f73bd - - default default] Successfully bumped revision number for resource b7994320-771a-40af-b435-6e59b141681b (type: ports) to 2 [pid: 8|app: 0|req: 1143/2180] 10.0.0.155 () {34 vars in 990 bytes} [Mon Apr 27 22:09:06 2026] GET /v2.0/ports?device_id=8125cc56-25e1-4dac-9e7b-f384c4f58ddf => generated 12 bytes in 22 msecs (HTTP/1.1 200) 4 headers in 156 bytes (1 switches on core 0)
2026-04-27 22:09:06.078 7 INFO neutron.db.ovn_revision_numbers_db [None req-d584f3a6-13ff-4f61-b964-5f760e8e02f7 4284e1ae7b20477b9a696db9b854b859 75406181cff148ee9ff5a1bbb02f73bd - - default default] Successfully bumped revision number for resource d0fd7f3e-97c0-4691-8ab4-85dac32bb4f9 (type: subnets) to 0 [pid: 7|app: 0|req: 1038/2181] 10.0.0.104 () {34 vars in 669 bytes} [Mon Apr 27 22:09:05 2026] POST /v2.0/subnets => generated 626 bytes in 722 msecs (HTTP/1.1 201) 4 headers in 162 bytes (1 switches on core 0)
2026-04-27 22:09:06.218 8 INFO neutron.db.ovn_revision_numbers_db [None req-b0a28bbf-fb53-40d2-b20d-18ccb06ebd19 4284e1ae7b20477b9a696db9b854b859 75406181cff148ee9ff5a1bbb02f73bd - - default default] Successfully bumped revision number for resource 8bc90335-7b14-4ab6-9150-9b30a3b72db4 (type: routers) to 1 [pid: 8|app: 0|req: 1144/2182] 10.0.0.104 () {34 vars in 669 bytes} [Mon Apr 27 22:09:06 2026] POST /v2.0/routers => generated 624 bytes in 136 msecs (HTTP/1.1 201) 4 headers in 162 bytes (1 switches on core 0)
2026-04-27 22:09:06.558 7 WARNING neutron.scheduler.dhcp_agent_scheduler [None req-79cf4a25-b107-4c0e-993d-ced7261f564c 4284e1ae7b20477b9a696db9b854b859 75406181cff148ee9ff5a1bbb02f73bd - - default default] No more DHCP agents
2026-04-27 22:09:06.559 7 WARNING neutron.api.rpc.agentnotifiers.dhcp_rpc_agent_api [None req-79cf4a25-b107-4c0e-993d-ced7261f564c 4284e1ae7b20477b9a696db9b854b859 75406181cff148ee9ff5a1bbb02f73bd - - default default] Unable to schedule network 8432b29d-e2b9-482b-a842-32a35a48a8cf: no agents available; will retry on subsequent port and subnet creation events. [pid: 8|app: 0|req: 1145/2183] 10.0.0.155 () {34 vars in 990 bytes} [Mon Apr 27 22:09:06 2026] GET /v2.0/ports?device_id=57422021-cf9a-4cad-bda3-f01cb599812c => generated 12 bytes in 22 msecs (HTTP/1.1 200) 4 headers in 156 bytes (1 switches on core 0)
2026-04-27 22:09:06.712 7 INFO neutron.db.ovn_revision_numbers_db [None req-79cf4a25-b107-4c0e-993d-ced7261f564c 4284e1ae7b20477b9a696db9b854b859 75406181cff148ee9ff5a1bbb02f73bd - - default default] Successfully bumped revision number for resource 7ed9328b-c1de-4d2b-bcd1-b11cf5b83dc0 (type: ports) to 1 [pid: 8|app: 0|req: 1146/2184] 10.0.0.155 () {34 vars in 990 bytes} [Mon Apr 27 22:09:07 2026] GET /v2.0/ports?device_id=8125cc56-25e1-4dac-9e7b-f384c4f58ddf => generated 12 bytes in 18 msecs (HTTP/1.1 200) 4 headers in 156 bytes (1 switches on core 0) [pid: 8|app: 0|req: 1147/2185] 199.204.45.23 () {34 vars in 985 bytes} [Mon Apr 27 22:09:07 2026] GET /v2.0/networks?id=75102ea3-edce-41ea-9ee7-5fa5be9ab46f => generated 711 bytes in 77 msecs (HTTP/1.1 200) 4 headers in 157 bytes (1 switches on core 0)
2026-04-27 22:09:07.334 8 WARNING neutron.db.securitygroups_db [req-3bd72efb-05a0-467f-be5c-1b67c5d028f8 req-47952924-7f68-416f-aac5-2f9f9a2e72f7 6ebeb8e27e5e4174960f72ad8390c2e2 0adc8e1df97c45d3acbfcdb604d39f47 - - default default] project_id key not found in filters, using tenant_id instead. This support has been deprecated and will be removed in a future release.
2026-04-27 22:09:07.337 7 WARNING neutron.scheduler.dhcp_agent_scheduler [None req-79cf4a25-b107-4c0e-993d-ced7261f564c 4284e1ae7b20477b9a696db9b854b859 75406181cff148ee9ff5a1bbb02f73bd - - default default] No more DHCP agents
2026-04-27 22:09:07.338 7 WARNING neutron.api.rpc.agentnotifiers.dhcp_rpc_agent_api [None req-79cf4a25-b107-4c0e-993d-ced7261f564c 4284e1ae7b20477b9a696db9b854b859 75406181cff148ee9ff5a1bbb02f73bd - - default default] Unable to schedule network 8432b29d-e2b9-482b-a842-32a35a48a8cf: no agents available; will retry on subsequent port and subnet creation events. [pid: 8|app: 0|req: 1148/2186] 199.204.45.23 () {34 vars in 1049 bytes} [Mon Apr 27 22:09:07 2026] GET /v2.0/security-groups?fields=id&fields=name&tenant_id=0adc8e1df97c45d3acbfcdb604d39f47 => generated 274 bytes in 33 msecs (HTTP/1.1 200) 4 headers in 157 bytes (1 switches on core 0)
2026-04-27 22:09:07.553 7 INFO neutron.db.ovn_revision_numbers_db [None req-79cf4a25-b107-4c0e-993d-ced7261f564c 4284e1ae7b20477b9a696db9b854b859 75406181cff148ee9ff5a1bbb02f73bd - - default default] Successfully bumped revision number for resource 7ed9328b-c1de-4d2b-bcd1-b11cf5b83dc0 (type: router_ports) to 1 [pid: 7|app: 0|req: 1039/2187] 10.0.0.104 () {34 vars in 783 bytes} [Mon Apr 27 22:09:06 2026] PUT /v2.0/routers/8bc90335-7b14-4ab6-9150-9b30a3b72db4/add_router_interface => generated 310 bytes in 1315 msecs (HTTP/1.1 200) 4 headers in 157 bytes (1 switches on core 0) [pid: 7|app: 0|req: 1040/2188] 10.0.0.155 () {34 vars in 990 bytes} [Mon Apr 27 22:09:07 2026] GET /v2.0/ports?device_id=cc585833-ef3e-4656-9ede-3c1e41b88590 => generated 975 bytes in 72 msecs (HTTP/1.1 200) 4 headers in 157 bytes (1 switches on core 0) [pid: 7|app: 0|req: 1041/2189] 10.0.0.104 () {32 vars in 717 bytes} [Mon Apr 27 22:09:07 2026] GET /v2.0/ports/7ed9328b-c1de-4d2b-bcd1-b11cf5b83dc0 => generated 941 bytes in 32 msecs (HTTP/1.1 200) 4 headers in 157 bytes (1 switches on core 0) [pid: 7|app: 0|req: 1042/2190] 10.0.0.155 () {34 vars in 1040 bytes} [Mon Apr 27 22:09:07 2026] GET /v2.0/security-groups?id=d494b51d-dad9-4ead-ba48-d76fc642bb71&fields=id&fields=name => generated 114 bytes in 35 msecs (HTTP/1.1 200) 4 headers in 157 bytes (1 switches on core 0) [pid: 7|app: 0|req: 1043/2191] 10.0.0.104 () {32 vars in 717 bytes} [Mon Apr 27 22:09:07 2026] GET /v2.0/ports/7ed9328b-c1de-4d2b-bcd1-b11cf5b83dc0 => generated 941 bytes in 33 msecs (HTTP/1.1 200) 4 headers in 157 bytes (1 switches on core 0)
2026-04-27 22:09:07.746 8 WARNING neutron.scheduler.dhcp_agent_scheduler [req-3bd72efb-05a0-467f-be5c-1b67c5d028f8 req-e8e09ac1-5b6b-42c7-a0c1-f6d33816eca5 6ebeb8e27e5e4174960f72ad8390c2e2 0adc8e1df97c45d3acbfcdb604d39f47 - - default default] No more DHCP agents
2026-04-27 22:09:07.748 8 WARNING neutron.api.rpc.agentnotifiers.dhcp_rpc_agent_api [req-3bd72efb-05a0-467f-be5c-1b67c5d028f8 req-e8e09ac1-5b6b-42c7-a0c1-f6d33816eca5 6ebeb8e27e5e4174960f72ad8390c2e2 0adc8e1df97c45d3acbfcdb604d39f47 - - default default] Unable to schedule network 75102ea3-edce-41ea-9ee7-5fa5be9ab46f: no agents available; will retry on subsequent port and subnet creation events.
2026-04-27 22:09:07.909 8 INFO neutron.db.ovn_revision_numbers_db [req-3bd72efb-05a0-467f-be5c-1b67c5d028f8 req-e8e09ac1-5b6b-42c7-a0c1-f6d33816eca5 6ebeb8e27e5e4174960f72ad8390c2e2 0adc8e1df97c45d3acbfcdb604d39f47 - - default default] Successfully bumped revision number for resource 332ff487-a390-4bf1-a265-54a4f0f61a64 (type: ports) to 1 [pid: 8|app: 0|req: 1149/2192] 199.204.45.23 () {38 vars in 954 bytes} [Mon Apr 27 22:09:07 2026] POST /v2.0/ports => generated 993 bytes in 594 msecs (HTTP/1.1 201) 4 headers in 162 bytes (1 switches on core 0)
2026-04-27 22:09:08.163 7 WARNING neutron.plugins.ml2.drivers.ovn.mech_driver.ovsdb.ovn_client [None req-31bc99dd-9b74-49eb-89bd-430803643907 - - - - - -] No hosting information found for port 9f97d6ce-d86c-4867-86b4-6af93cbefc1e: RuntimeError: No hosting information found for port 9f97d6ce-d86c-4867-86b4-6af93cbefc1e
2026-04-27 22:09:08.220 7 INFO neutron.common.ovn.utils [None req-31bc99dd-9b74-49eb-89bd-430803643907 - - - - - -] HA Chassis Group neutron-4da32ce6-f646-4258-81f7-bb338c72ff8f synchronized; highest priority chassis 7f71a13d-29f4-4bfd-9cfd-a9f77daf1f1c /var/lib/openstack/lib/python3.12/site-packages/pycadf/identifier.py:70: UserWarning: Invalid uuid: neutron. To ensure interoperability, identifiers should be a valid uuid. warnings.warn(('Invalid uuid: %s. To ensure interoperability, ' [pid: 8|app: 0|req: 1150/2193] 10.0.0.155 () {34 vars in 990 bytes} [Mon Apr 27 22:09:08 2026] GET /v2.0/ports?device_id=8125cc56-25e1-4dac-9e7b-f384c4f58ddf => generated 1008 bytes in 39 msecs (HTTP/1.1 200) 4 headers in 158 bytes (1 switches on core 0)
2026-04-27 22:09:08.332 8 WARNING neutron.plugins.ml2.drivers.ovn.mech_driver.ovsdb.ovn_client [None req-b1aa15ae-8a53-4e36-8a7e-60259b3b9038 - - - - - -] No hosting information found for port 360a651f-14bd-469c-b9e5-9a9b9d948541: RuntimeError: No hosting information found for port 360a651f-14bd-469c-b9e5-9a9b9d948541
