+ COMMAND=start + start + for KEYSTONE_WSGI_SCRIPT in keystone-wsgi-public ++ type -p keystone-wsgi-public + cp -a /var/lib/openstack/bin/keystone-wsgi-public /var/www/cgi-bin/keystone/ + '[' -f /etc/apache2/envvars ']' + source /etc/apache2/envvars ++ unset HOME ++ '[' '' '!=' '' ']' ++ SUFFIX= ++ export APACHE_RUN_USER=www-data ++ APACHE_RUN_USER=www-data ++ export APACHE_RUN_GROUP=www-data ++ APACHE_RUN_GROUP=www-data ++ export APACHE_PID_FILE=/var/run/apache2/apache2.pid ++ APACHE_PID_FILE=/var/run/apache2/apache2.pid ++ export APACHE_RUN_DIR=/var/run/apache2 ++ APACHE_RUN_DIR=/var/run/apache2 ++ export APACHE_LOCK_DIR=/var/lock/apache2 ++ APACHE_LOCK_DIR=/var/lock/apache2 ++ export APACHE_LOG_DIR=/var/log/apache2 ++ APACHE_LOG_DIR=/var/log/apache2 ++ export LANG=C ++ LANG=C ++ export LANG + '[' -f /var/run/apache2/apache2.pid ']' + exec apache2 -DFOREGROUND AH00558: apache2: Could not reliably determine the server's fully qualified domain name, using 10.0.0.92. Set the 'ServerName' directive globally to suppress this message AH00558: apache2: Could not reliably determine the server's fully qualified domain name, using 10.0.0.92. Set the 'ServerName' directive globally to suppress this message
[Mon Apr 27 21:08:50.333539 2026] [mpm_event:notice] [pid 1:tid 140595021391744] AH00489: Apache/2.4.58 (Ubuntu) mod_wsgi/5.0.0 Python/3.12 configured -- resuming normal operations
[Mon Apr 27 21:08:50.333682 2026] [core:notice] [pid 1:tid 140595021391744] AH00094: Command line: 'apache2 -D FOREGROUND'
[Mon Apr 27 21:09:53.106306 2026] [wsgi:error] [pid 12:tid 140594384619200] /var/lib/openstack/lib/python3.12/site-packages/oslo_utils/importutils.py:77: EventletDeprecationWarning:
[Mon Apr 27 21:09:53.106345 2026] [wsgi:error] [pid 12:tid 140594384619200] Eventlet is deprecated. It is currently being maintained in bugfix mode, and
[Mon Apr 27 21:09:53.106347 2026] [wsgi:error] [pid 12:tid 140594384619200] we strongly recommend against using it for new projects.
[Mon Apr 27 21:09:53.106348 2026] [wsgi:error] [pid 12:tid 140594384619200]
[Mon Apr 27 21:09:53.106349 2026] [wsgi:error] [pid 12:tid 140594384619200] If you are already using Eventlet, we recommend migrating to a different
[Mon Apr 27 21:09:53.106350 2026] [wsgi:error] [pid 12:tid 140594384619200] framework. For more detail see
[Mon Apr 27 21:09:53.106352 2026] [wsgi:error] [pid 12:tid 140594384619200] https://eventlet.readthedocs.io/en/latest/asyncio/migration.html
[Mon Apr 27 21:09:53.106353 2026] [wsgi:error] [pid 12:tid 140594384619200]
[Mon Apr 27 21:09:53.106354 2026] [wsgi:error] [pid 12:tid 140594384619200] __import__(import_str)
[Mon Apr 27 21:09:53.128297 2026] [wsgi:error] [pid 9:tid 140594384619200] /var/lib/openstack/lib/python3.12/site-packages/oslo_utils/importutils.py:77: EventletDeprecationWarning:
[Mon Apr 27 21:09:53.128333 2026] [wsgi:error] [pid 9:tid 140594384619200] Eventlet is deprecated. It is currently being maintained in bugfix mode, and
[Mon Apr 27 21:09:53.128335 2026] [wsgi:error] [pid 9:tid 140594384619200] we strongly recommend against using it for new projects.
[Mon Apr 27 21:09:53.128336 2026] [wsgi:error] [pid 9:tid 140594384619200]
[Mon Apr 27 21:09:53.128337 2026] [wsgi:error] [pid 9:tid 140594384619200] If you are already using Eventlet, we recommend migrating to a different
[Mon Apr 27 21:09:53.128339 2026] [wsgi:error] [pid 9:tid 140594384619200] framework. For more detail see
[Mon Apr 27 21:09:53.128340 2026] [wsgi:error] [pid 9:tid 140594384619200] https://eventlet.readthedocs.io/en/latest/asyncio/migration.html
[Mon Apr 27 21:09:53.128341 2026] [wsgi:error] [pid 9:tid 140594384619200]
[Mon Apr 27 21:09:53.128342 2026] [wsgi:error] [pid 9:tid 140594384619200] __import__(import_str) 10.0.0.73 - - [27/Apr/2026:21:09:52 +0000] "GET /v3/ HTTP/1.1" 200 249 10.0.0.73 - - [27/Apr/2026:21:09:52 +0000] "GET /v3/ HTTP/1.1" 200 249
[Mon Apr 27 21:10:05.881958 2026] [wsgi:error] [pid 10:tid 140594384619200] /var/lib/openstack/lib/python3.12/site-packages/oslo_utils/importutils.py:77: EventletDeprecationWarning:
[Mon Apr 27 21:10:05.881995 2026] [wsgi:error] [pid 10:tid 140594384619200] Eventlet is deprecated. It is currently being maintained in bugfix mode, and
[Mon Apr 27 21:10:05.881997 2026] [wsgi:error] [pid 10:tid 140594384619200] we strongly recommend against using it for new projects.
[Mon Apr 27 21:10:05.881999 2026] [wsgi:error] [pid 10:tid 140594384619200]
[Mon Apr 27 21:10:05.882000 2026] [wsgi:error] [pid 10:tid 140594384619200] If you are already using Eventlet, we recommend migrating to a different
[Mon Apr 27 21:10:05.882001 2026] [wsgi:error] [pid 10:tid 140594384619200] framework. For more detail see
[Mon Apr 27 21:10:05.882003 2026] [wsgi:error] [pid 10:tid 140594384619200] https://eventlet.readthedocs.io/en/latest/asyncio/migration.html
[Mon Apr 27 21:10:05.882004 2026] [wsgi:error] [pid 10:tid 140594384619200]
[Mon Apr 27 21:10:05.882005 2026] [wsgi:error] [pid 10:tid 140594384619200] __import__(import_str) 10.0.0.32 - - [27/Apr/2026:21:10:04 +0000] "GET / HTTP/1.1" 300 295
[Mon Apr 27 21:10:11.113363 2026] [wsgi:error] [pid 11:tid 140594384619200] /var/lib/openstack/lib/python3.12/site-packages/oslo_utils/importutils.py:77: EventletDeprecationWarning:
[Mon Apr 27 21:10:11.113398 2026] [wsgi:error] [pid 11:tid 140594384619200] Eventlet is deprecated. It is currently being maintained in bugfix mode, and
[Mon Apr 27 21:10:11.113400 2026] [wsgi:error] [pid 11:tid 140594384619200] we strongly recommend against using it for new projects.
[Mon Apr 27 21:10:11.113401 2026] [wsgi:error] [pid 11:tid 140594384619200]
[Mon Apr 27 21:10:11.113402 2026] [wsgi:error] [pid 11:tid 140594384619200] If you are already using Eventlet, we recommend migrating to a different
[Mon Apr 27 21:10:11.113404 2026] [wsgi:error] [pid 11:tid 140594384619200] framework. For more detail see
[Mon Apr 27 21:10:11.113405 2026] [wsgi:error] [pid 11:tid 140594384619200] https://eventlet.readthedocs.io/en/latest/asyncio/migration.html
[Mon Apr 27 21:10:11.113406 2026] [wsgi:error] [pid 11:tid 140594384619200]
[Mon Apr 27 21:10:11.113407 2026] [wsgi:error] [pid 11:tid 140594384619200] __import__(import_str)
[Mon Apr 27 21:10:15.571532 2026] [wsgi:error] [pid 11:tid 140594384619200] [remote 10.0.0.32:42894] 2026-04-27 21:10:15.568 11 WARNING keystone.identity.core [None req-38e31181-c32f-410a-bab9-01c02ae2078e - - - - - -] Invalid domain name (atmosphere) found in config file name: keystone.exception.DomainNotFound: Could not find domain: atmosphere.
[Mon Apr 27 21:10:15.626641 2026] [wsgi:error] [pid 11:tid 140594384619200] [remote 10.0.0.32:42894] 2026-04-27 21:10:15.626 11 WARNING keystone.common.password_hashing [None req-38e31181-c32f-410a-bab9-01c02ae2078e - - - - - -] Truncating password to algorithm specific maximum length 72 characters.
[Mon Apr 27 21:10:15.909166 2026] [wsgi:error] [pid 11:tid 140594384619200] [remote 10.0.0.32:42894] 2026-04-27 21:10:15.909 11 WARNING keystone.common.fernet_utils [None req-38e31181-c32f-410a-bab9-01c02ae2078e - - - - - -] key_repository is world readable: /etc/keystone/fernet-keys/ 10.0.0.32 - - [27/Apr/2026:21:10:10 +0000] "POST /v3/auth/tokens HTTP/1.1" 201 1359
[Mon Apr 27 21:10:16.241052 2026] [wsgi:error] [pid 12:tid 140594384619200] [remote 10.0.0.32:42894] 2026-04-27 21:10:16.237 12 WARNING keystone.identity.core [None req-2c060dc8-d009-4527-9a53-cf80c46ef901 - - - - - -] Invalid domain name (atmosphere) found in config file name: keystone.exception.DomainNotFound: Could not find domain: atmosphere. 10.0.0.32 - - [27/Apr/2026:21:10:16 +0000] "POST /v3/domains HTTP/1.1" 201 261 10.0.0.20 - - [27/Apr/2026:21:10:27 +0000] "GET / HTTP/1.1" 300 295
[Mon Apr 27 21:10:27.522943 2026] [wsgi:error] [pid 10:tid 140594384619200] [remote 10.0.0.20:54906] 2026-04-27 21:10:27.522 10 WARNING keystone.common.password_hashing [None req-c2e6fad3-83b1-45f8-957d-9d6d99dc4ee1 - - - - - -] Truncating password to algorithm specific maximum length 72 characters.
[Mon Apr 27 21:10:27.793638 2026] [wsgi:error] [pid 10:tid 140594384619200] [remote 10.0.0.20:54906] 2026-04-27 21:10:27.793 10 WARNING keystone.common.fernet_utils [None req-c2e6fad3-83b1-45f8-957d-9d6d99dc4ee1 - - - - - -] key_repository is world readable: /etc/keystone/fernet-keys/ 10.0.0.20 - - [27/Apr/2026:21:10:27 +0000] "POST /v3/auth/tokens HTTP/1.1" 201 1359 10.0.0.20 - - [27/Apr/2026:21:10:27 +0000] "GET /v3/roles/admin HTTP/1.1" 404 83
[Mon Apr 27 21:10:28.007795 2026] [wsgi:error] [pid 12:tid 140594384619200] [remote 10.0.0.20:54906] 2026-04-27 21:10:28.007 12 WARNING keystone.common.rbac_enforcer.enforcer [None req-32fbc4cc-a61a-4468-ad1b-9abdad4d9c54 e534c0c238ef463d8d4a3d2bbcbdf414 c8387fc48d0e4a0a8c118b0e4daaf444 - - default default] Deprecated policy rules found. Use oslopolicy-policy-generator and oslopolicy-policy-upgrade to detect and resolve deprecated policies in your configuration. 10.0.0.20 - - [27/Apr/2026:21:10:27 +0000] "GET /v3/roles?name=admin HTTP/1.1" 200 389
[Mon Apr 27 21:10:28.366872 2026] [wsgi:error] [pid 9:tid 140594384619200] [remote 10.0.0.20:54906] 2026-04-27 21:10:28.366 9 WARNING keystone.common.rbac_enforcer.enforcer [None req-7a18425c-2527-4cfe-949e-a4fb1b56901b e534c0c238ef463d8d4a3d2bbcbdf414 c8387fc48d0e4a0a8c118b0e4daaf444 - - default default] Deprecated policy rules found. Use oslopolicy-policy-generator and oslopolicy-policy-upgrade to detect and resolve deprecated policies in your configuration. 10.0.0.20 - - [27/Apr/2026:21:10:28 +0000] "GET /v3/users/admin-RegionOne HTTP/1.1" 404 93
[Mon Apr 27 21:10:28.496003 2026] [wsgi:error] [pid 10:tid 140594384619200] [remote 10.0.0.20:54906] 2026-04-27 21:10:28.495 10 WARNING keystone.common.rbac_enforcer.enforcer [None req-91436d74-d025-4dae-8566-24cfb2680141 e534c0c238ef463d8d4a3d2bbcbdf414 c8387fc48d0e4a0a8c118b0e4daaf444 - - default default] Deprecated policy rules found. Use oslopolicy-policy-generator and oslopolicy-policy-upgrade to detect and resolve deprecated policies in your configuration. 10.0.0.20 - - [27/Apr/2026:21:10:28 +0000] "GET /v3/users?name=admin-RegionOne HTTP/1.1" 200 422
[Mon Apr 27 21:10:28.653417 2026] [wsgi:error] [pid 11:tid 140594384619200] [remote 10.0.0.20:54906] 2026-04-27 21:10:28.653 11 WARNING keystone.common.rbac_enforcer.enforcer [None req-0f2c392e-5224-4c6b-8e60-12974dafd50d e534c0c238ef463d8d4a3d2bbcbdf414 c8387fc48d0e4a0a8c118b0e4daaf444 - - default default] Deprecated policy rules found. Use oslopolicy-policy-generator and oslopolicy-policy-upgrade to detect and resolve deprecated policies in your configuration. 10.0.0.20 - - [27/Apr/2026:21:10:28 +0000] "GET /v3/domains/default HTTP/1.1" 200 224 10.0.0.20 - - [27/Apr/2026:21:10:28 +0000] "PUT /v3/domains/default/users/e534c0c238ef463d8d4a3d2bbcbdf414/roles/a623e914e9ee4008a32f65a033db40de HTTP/1.1" 204 - 10.0.0.73 - - [27/Apr/2026:21:10:38 +0000] "GET / HTTP/1.1" 300 280 10.0.0.73 - - [27/Apr/2026:21:10:40 +0000] "GET /v3 HTTP/1.1" 200 265
[Mon Apr 27 21:10:40.066928 2026] [wsgi:error] [pid 11:tid 140594384619200] [remote 10.0.0.73:45788] 2026-04-27 21:10:40.066 11 WARNING keystone.common.password_hashing [None req-c0565938-6f3f-4ea8-8d84-20970892a995 - - - - - -] Truncating password to algorithm specific maximum length 72 characters.
[Mon Apr 27 21:10:40.339165 2026] [wsgi:error] [pid 11:tid 140594384619200] [remote 10.0.0.73:45788] 2026-04-27 21:10:40.339 11 WARNING keystone.common.fernet_utils [None req-c0565938-6f3f-4ea8-8d84-20970892a995 - - - - - -] key_repository is world readable: /etc/keystone/fernet-keys/ 10.0.0.73 - - [27/Apr/2026:21:10:40 +0000] "POST /v3/auth/tokens HTTP/1.1" 201 1359 10.0.0.73 - - [27/Apr/2026:21:10:40 +0000] "GET / HTTP/1.1" 300 280 10.0.0.73 - - [27/Apr/2026:21:10:40 +0000] "GET /v3/domains/atmosphere HTTP/1.1" 404 90 10.0.0.73 - - [27/Apr/2026:21:10:40 +0000] "GET /v3/domains?name=atmosphere HTTP/1.1" 200 368 10.0.0.73 - - [27/Apr/2026:21:10:40 +0000] "GET /v3/domains/1f7b6364db2e476ea99e691899a5d419 HTTP/1.1" 200 246 10.0.0.73 - - [27/Apr/2026:21:10:41 +0000] "GET /v3 HTTP/1.1" 200 265
[Mon Apr 27 21:10:41.400692 2026] [wsgi:error] [pid 9:tid 140594384619200] [remote 10.0.0.73:45788] 2026-04-27 21:10:41.400 9 WARNING keystone.common.password_hashing [None req-e2725bd3-8ea7-40d0-ac02-636f118022d4 - - - - - -] Truncating password to algorithm specific maximum length 72 characters.
[Mon Apr 27 21:10:41.670003 2026] [wsgi:error] [pid 9:tid 140594384619200] [remote 10.0.0.73:45788] 2026-04-27 21:10:41.669 9 WARNING keystone.common.fernet_utils [None req-e2725bd3-8ea7-40d0-ac02-636f118022d4 - - - - - -] key_repository is world readable: /etc/keystone/fernet-keys/ 10.0.0.73 - - [27/Apr/2026:21:10:41 +0000] "POST /v3/auth/tokens HTTP/1.1" 201 1359 10.0.0.73 - - [27/Apr/2026:21:10:41 +0000] "GET / HTTP/1.1" 300 280 10.0.0.73 - - [27/Apr/2026:21:10:41 +0000] "GET /v3/OS-FEDERATION/identity_providers/atmosphere HTTP/1.1" 404 101 10.0.0.73 - - [27/Apr/2026:21:10:41 +0000] "GET /v3/OS-FEDERATION/identity_providers HTTP/1.1" 200 155 10.0.0.73 - - [27/Apr/2026:21:10:41 +0000] "PUT /v3/OS-FEDERATION/identity_providers/atmosphere HTTP/1.1" 201 340 10.0.0.73 - - [27/Apr/2026:21:10:42 +0000] "GET /v3 HTTP/1.1" 200 265
[Mon Apr 27 21:10:42.495724 2026] [wsgi:error] [pid 11:tid 140594384619200] [remote 10.0.0.73:45788] 2026-04-27 21:10:42.495 11 WARNING keystone.common.password_hashing [None req-8138c18e-8ff6-4098-83f5-cd400c572673 - - - - - -] Truncating password to algorithm specific maximum length 72 characters.
[Mon Apr 27 21:10:42.767578 2026] [wsgi:error] [pid 11:tid 140594384619200] [remote 10.0.0.73:45788] 2026-04-27 21:10:42.767 11 WARNING keystone.common.fernet_utils [None req-8138c18e-8ff6-4098-83f5-cd400c572673 - - - - - -] key_repository is world readable: /etc/keystone/fernet-keys/ 10.0.0.73 - - [27/Apr/2026:21:10:42 +0000] "POST /v3/auth/tokens HTTP/1.1" 201 1359 10.0.0.73 - - [27/Apr/2026:21:10:42 +0000] "GET / HTTP/1.1" 300 280 10.0.0.73 - - [27/Apr/2026:21:10:42 +0000] "GET /v3/OS-FEDERATION/mappings/atmosphere-openid HTTP/1.1" 404 98 10.0.0.73 - - [27/Apr/2026:21:10:42 +0000] "GET /v3/OS-FEDERATION/mappings HTTP/1.1" 200 135 10.0.0.73 - - [27/Apr/2026:21:10:42 +0000] "PUT /v3/OS-FEDERATION/mappings/atmosphere-openid HTTP/1.1" 201 356 10.0.0.73 - - [27/Apr/2026:21:10:43 +0000] "GET /v3 HTTP/1.1" 200 265
[Mon Apr 27 21:10:43.572336 2026] [wsgi:error] [pid 9:tid 140594384619200] [remote 10.0.0.73:45794] 2026-04-27 21:10:43.572 9 WARNING keystone.common.password_hashing [None req-e27b55bd-c6df-4131-8166-dd0b69052261 - - - - - -] Truncating password to algorithm specific maximum length 72 characters.
[Mon Apr 27 21:10:43.844372 2026] [wsgi:error] [pid 9:tid 140594384619200] [remote 10.0.0.73:45794] 2026-04-27 21:10:43.844 9 WARNING keystone.common.fernet_utils [None req-e27b55bd-c6df-4131-8166-dd0b69052261 - - - - - -] key_repository is world readable: /etc/keystone/fernet-keys/ 10.0.0.73 - - [27/Apr/2026:21:10:43 +0000] "POST /v3/auth/tokens HTTP/1.1" 201 1359 10.0.0.73 - - [27/Apr/2026:21:10:43 +0000] "GET / HTTP/1.1" 300 280 10.0.0.73 - - [27/Apr/2026:21:10:43 +0000] "GET /v3/OS-FEDERATION/identity_providers/atmosphere/protocols/openid?idp_id=atmosphere HTTP/1.1" 404 131 10.0.0.73 - - [27/Apr/2026:21:10:43 +0000] "GET /v3/OS-FEDERATION/identity_providers/atmosphere/protocols HTTP/1.1" 200 167 10.0.0.73 - - [27/Apr/2026:21:10:43 +0000] "PUT /v3/OS-FEDERATION/identity_providers/atmosphere/protocols/openid HTTP/1.1" 201 222 10.0.0.73 - - [27/Apr/2026:21:10:52 +0000] "GET /v3/ HTTP/1.1" 200 249 10.0.0.73 - - [27/Apr/2026:21:10:52 +0000] "GET /v3/ HTTP/1.1" 200 249 10.0.0.73 - - [27/Apr/2026:21:11:52 +0000] "GET /v3/ HTTP/1.1" 200 249 10.0.0.73 - - [27/Apr/2026:21:11:52 +0000] "GET /v3/ HTTP/1.1" 200 249 10.0.0.228 - - [27/Apr/2026:21:12:07 +0000] "GET / HTTP/1.1" 300 295
[Mon Apr 27 21:12:07.129121 2026] [wsgi:error] [pid 11:tid 140594384619200] [remote 10.0.0.228:43244] 2026-04-27 21:12:07.128 11 WARNING keystone.common.password_hashing [None req-a2d167f6-3cf4-45d3-968c-6b7f4a9c8e06 - - - - - -] Truncating password to algorithm specific maximum length 72 characters.
[Mon Apr 27 21:12:07.397348 2026] [wsgi:error] [pid 11:tid 140594384619200] [remote 10.0.0.228:43244] 2026-04-27 21:12:07.397 11 WARNING keystone.common.fernet_utils [None req-a2d167f6-3cf4-45d3-968c-6b7f4a9c8e06 - - - - - -] key_repository is world readable: /etc/keystone/fernet-keys/ 10.0.0.228 - - [27/Apr/2026:21:12:07 +0000] "POST /v3/auth/tokens HTTP/1.1" 201 1359 10.0.0.228 - - [27/Apr/2026:21:12:07 +0000] "GET /v3/services HTTP/1.1" 200 355 10.0.0.228 - - [27/Apr/2026:21:12:10 +0000] "GET / HTTP/1.1" 300 295
[Mon Apr 27 21:12:10.869268 2026] [wsgi:error] [pid 10:tid 140594384619200] [remote 10.0.0.228:51904] 2026-04-27 21:12:10.869 10 WARNING keystone.common.password_hashing [None req-579a615e-e49b-446c-b6c8-bf3079fb4776 - - - - - -] Truncating password to algorithm specific maximum length 72 characters.
[Mon Apr 27 21:12:11.139303 2026] [wsgi:error] [pid 10:tid 140594384619200] [remote 10.0.0.228:51904] 2026-04-27 21:12:11.139 10 WARNING keystone.common.fernet_utils [None req-579a615e-e49b-446c-b6c8-bf3079fb4776 - - - - - -] key_repository is world readable: /etc/keystone/fernet-keys/ 10.0.0.228 - - [27/Apr/2026:21:12:10 +0000] "POST /v3/auth/tokens HTTP/1.1" 201 1359 10.0.0.228 - - [27/Apr/2026:21:12:11 +0000] "GET /v3/services HTTP/1.1" 200 355 10.0.0.228 - - [27/Apr/2026:21:12:14 +0000] "GET / HTTP/1.1" 300 295
[Mon Apr 27 21:12:14.520294 2026] [wsgi:error] [pid 9:tid 140594384619200] [remote 10.0.0.228:51906] 2026-04-27 21:12:14.520 9 WARNING keystone.common.password_hashing [None req-3b3949d3-1482-4bab-9d32-25395848dbf2 - - - - - -] Truncating password to algorithm specific maximum length 72 characters.
[Mon Apr 27 21:12:14.799586 2026] [wsgi:error] [pid 9:tid 140594384619200] [remote 10.0.0.228:51906] 2026-04-27 21:12:14.799 9 WARNING keystone.common.fernet_utils [None req-3b3949d3-1482-4bab-9d32-25395848dbf2 - - - - - -] key_repository is world readable: /etc/keystone/fernet-keys/ 10.0.0.228 - - [27/Apr/2026:21:12:14 +0000] "POST /v3/auth/tokens HTTP/1.1" 201 1359 10.0.0.228 - - [27/Apr/2026:21:12:14 +0000] "GET /v3/services HTTP/1.1" 200 355 10.0.0.228 - - [27/Apr/2026:21:12:18 +0000] "GET / HTTP/1.1" 300 295
[Mon Apr 27 21:12:18.217902 2026] [wsgi:error] [pid 12:tid 140594384619200] [remote 10.0.0.228:58910] 2026-04-27 21:12:18.217 12 WARNING keystone.common.password_hashing [None req-7f855f1b-364d-4a0f-b247-5c70651b3e91 - - - - - -] Truncating password to algorithm specific maximum length 72 characters.
[Mon Apr 27 21:12:18.491295 2026] [wsgi:error] [pid 12:tid 140594384619200] [remote 10.0.0.228:58910] 2026-04-27 21:12:18.491 12 WARNING keystone.common.fernet_utils [None req-7f855f1b-364d-4a0f-b247-5c70651b3e91 - - - - - -] key_repository is world readable: /etc/keystone/fernet-keys/ 10.0.0.228 - - [27/Apr/2026:21:12:18 +0000] "POST /v3/auth/tokens HTTP/1.1" 201 1359 10.0.0.228 - - [27/Apr/2026:21:12:18 +0000] "POST /v3/services HTTP/1.1" 201 296 10.0.0.145 - - [27/Apr/2026:21:12:29 +0000] "GET / HTTP/1.1" 300 295
[Mon Apr 27 21:12:29.290125 2026] [wsgi:error] [pid 11:tid 140594384619200] [remote 10.0.0.145:55586] 2026-04-27 21:12:29.289 11 WARNING keystone.common.password_hashing [None req-ae3e71b0-d64f-471b-890b-65a75f3d45c9 - - - - - -] Truncating password to algorithm specific maximum length 72 characters. 10.0.0.145 - - [27/Apr/2026:21:12:29 +0000] "GET / HTTP/1.1" 300 295 10.0.0.145 - - [27/Apr/2026:21:12:29 +0000] "GET / HTTP/1.1" 300 295
[Mon Apr 27 21:12:29.395329 2026] [wsgi:error] [pid 9:tid 140594384619200] [remote 10.0.0.145:55594] 2026-04-27 21:12:29.395 9 WARNING keystone.common.password_hashing [None req-6cae75eb-5675-4c54-8d15-bb1968b37127 - - - - - -] Truncating password to algorithm specific maximum length 72 characters.
[Mon Apr 27 21:12:29.409647 2026] [wsgi:error] [pid 12:tid 140594384619200] [remote 10.0.0.145:55610] 2026-04-27 21:12:29.409 12 WARNING keystone.common.password_hashing [None req-6dced6c9-dcc6-4f25-b524-647304ef2f1b - - - - - -] Truncating password to algorithm specific maximum length 72 characters.
[Mon Apr 27 21:12:29.589386 2026] [wsgi:error] [pid 11:tid 140594384619200] [remote 10.0.0.145:55586] 2026-04-27 21:12:29.589 11 WARNING keystone.common.fernet_utils [None req-ae3e71b0-d64f-471b-890b-65a75f3d45c9 - - - - - -] key_repository is world readable: /etc/keystone/fernet-keys/ 10.0.0.145 - - [27/Apr/2026:21:12:29 +0000] "POST /v3/auth/tokens HTTP/1.1" 201 1463
[Mon Apr 27 21:12:29.665401 2026] [wsgi:error] [pid 9:tid 140594384619200] [remote 10.0.0.145:55594] 2026-04-27 21:12:29.665 9 WARNING keystone.common.fernet_utils [None req-6cae75eb-5675-4c54-8d15-bb1968b37127 - - - - - -] key_repository is world readable: /etc/keystone/fernet-keys/ 10.0.0.145 - - [27/Apr/2026:21:12:29 +0000] "POST /v3/auth/tokens HTTP/1.1" 201 1463
[Mon Apr 27 21:12:29.686465 2026] [wsgi:error] [pid 12:tid 140594384619200] [remote 10.0.0.145:55610] 2026-04-27 21:12:29.686 12 WARNING keystone.common.fernet_utils [None req-6dced6c9-dcc6-4f25-b524-647304ef2f1b - - - - - -] key_repository is world readable: /etc/keystone/fernet-keys/ 10.0.0.145 - - [27/Apr/2026:21:12:29 +0000] "POST /v3/auth/tokens HTTP/1.1" 201 1463 10.0.0.145 - - [27/Apr/2026:21:12:29 +0000] "GET /v3/services HTTP/1.1" 200 639 10.0.0.145 - - [27/Apr/2026:21:12:29 +0000] "GET /v3/services HTTP/1.1" 200 639 10.0.0.145 - - [27/Apr/2026:21:12:29 +0000] "GET /v3/services HTTP/1.1" 200 639 10.0.0.145 - - [27/Apr/2026:21:12:31 +0000] "GET / HTTP/1.1" 300 295
[Mon Apr 27 21:12:31.046239 2026] [wsgi:error] [pid 10:tid 140594384619200] [remote 10.0.0.145:55620] 2026-04-27 21:12:31.046 10 WARNING keystone.common.password_hashing [None req-16443f7d-3924-4608-ba05-8c3c19db3637 - - - - - -] Truncating password to algorithm specific maximum length 72 characters. 10.0.0.145 - - [27/Apr/2026:21:12:31 +0000] "GET / HTTP/1.1" 300 295
[Mon Apr 27 21:12:31.089966 2026] [wsgi:error] [pid 9:tid 140594384619200] [remote 10.0.0.145:55634] 2026-04-27 21:12:31.089 9 WARNING keystone.common.password_hashing [None req-3921c964-f267-41ce-b2ab-5e287235e3cd - - - - - -] Truncating password to algorithm specific maximum length 72 characters. 10.0.0.145 - - [27/Apr/2026:21:12:31 +0000] "GET / HTTP/1.1" 300 295
[Mon Apr 27 21:12:31.157320 2026] [wsgi:error] [pid 11:tid 140594384619200] [remote 10.0.0.145:55636] 2026-04-27 21:12:31.157 11 WARNING keystone.common.password_hashing [None req-7baedfce-312d-4efa-b74d-433cd3951acc - - - - - -] Truncating password to algorithm specific maximum length 72 characters.
[Mon Apr 27 21:12:31.317105 2026] [wsgi:error] [pid 10:tid 140594384619200] [remote 10.0.0.145:55620] 2026-04-27 21:12:31.316 10 WARNING keystone.common.fernet_utils [None req-16443f7d-3924-4608-ba05-8c3c19db3637 - - - - - -] key_repository is world readable: /etc/keystone/fernet-keys/ 10.0.0.145 - - [27/Apr/2026:21:12:31 +0000] "POST /v3/auth/tokens HTTP/1.1" 201 1463
[Mon Apr 27 21:12:31.360250 2026] [wsgi:error] [pid 9:tid 140594384619200] [remote 10.0.0.145:55634] 2026-04-27 21:12:31.360 9 WARNING keystone.common.fernet_utils [None req-3921c964-f267-41ce-b2ab-5e287235e3cd - - - - - -] key_repository is world readable: /etc/keystone/fernet-keys/ 10.0.0.145 - - [27/Apr/2026:21:12:31 +0000] "POST /v3/auth/tokens HTTP/1.1" 201 1463
[Mon Apr 27 21:12:31.428804 2026] [wsgi:error] [pid 11:tid 140594384619200] [remote 10.0.0.145:55636] 2026-04-27 21:12:31.428 11 WARNING keystone.common.fernet_utils [None req-7baedfce-312d-4efa-b74d-433cd3951acc - - - - - -] key_repository is world readable: /etc/keystone/fernet-keys/ 10.0.0.145 - - [27/Apr/2026:21:12:31 +0000] "POST /v3/auth/tokens HTTP/1.1" 201 1463 10.0.0.145 - - [27/Apr/2026:21:12:31 +0000] "GET /v3/endpoints HTTP/1.1" 200 1226 10.0.0.145 - - [27/Apr/2026:21:12:31 +0000] "GET /v3/services/8d0473c1c656440da04deb23e3ab142f HTTP/1.1" 200 233 10.0.0.145 - - [27/Apr/2026:21:12:31 +0000] "GET /v3/services/8d0473c1c656440da04deb23e3ab142f HTTP/1.1" 200 233 10.0.0.145 - - [27/Apr/2026:21:12:31 +0000] "GET /v3/endpoints HTTP/1.1" 200 1226 10.0.0.145 - - [27/Apr/2026:21:12:31 +0000] "GET /v3/services/8d0473c1c656440da04deb23e3ab142f HTTP/1.1" 200 233 10.0.0.145 - - [27/Apr/2026:21:12:31 +0000] "GET /v3/services/8d0473c1c656440da04deb23e3ab142f HTTP/1.1" 200 233 10.0.0.145 - - [27/Apr/2026:21:12:31 +0000] "GET /v3/services/8d0473c1c656440da04deb23e3ab142f HTTP/1.1" 200 233 10.0.0.145 - - [27/Apr/2026:21:12:31 +0000] "GET /v3/services/8d0473c1c656440da04deb23e3ab142f HTTP/1.1" 200 233 10.0.0.145 - - [27/Apr/2026:21:12:31 +0000] "GET /v3/endpoints HTTP/1.1" 200 1226 10.0.0.145 - - [27/Apr/2026:21:12:31 +0000] "GET /v3/services/8d0473c1c656440da04deb23e3ab142f HTTP/1.1" 200 233 10.0.0.145 - - [27/Apr/2026:21:12:31 +0000] "GET /v3/services/8d0473c1c656440da04deb23e3ab142f HTTP/1.1" 200 233 10.0.0.145 - - [27/Apr/2026:21:12:31 +0000] "GET /v3/services/8d0473c1c656440da04deb23e3ab142f HTTP/1.1" 200 233 10.0.0.145 - - [27/Apr/2026:21:12:32 +0000] "GET / HTTP/1.1" 300 295 10.0.0.145 - - [27/Apr/2026:21:12:32 +0000] "GET / HTTP/1.1" 300 295
[Mon Apr 27 21:12:32.771958 2026] [wsgi:error] [pid 12:tid 140594384619200] [remote 10.0.0.145:55644] 2026-04-27 21:12:32.771 12 WARNING keystone.common.password_hashing [None req-6964e057-1694-47a6-9192-bb85096e1055 - - - - - -] Truncating password to algorithm specific maximum length 72 characters.
[Mon Apr 27 21:12:32.781506 2026] [wsgi:error] [pid 9:tid 140594384619200] [remote 10.0.0.145:55656] 2026-04-27 21:12:32.781 9 WARNING keystone.common.password_hashing [None req-43fb1246-7583-49a4-b557-6a0ec74cb5a0 - - - - - -] Truncating password to algorithm specific maximum length 72 characters. 10.0.0.145 - - [27/Apr/2026:21:12:32 +0000] "GET / HTTP/1.1" 300 295
[Mon Apr 27 21:12:32.882420 2026] [wsgi:error] [pid 11:tid 140594384619200] [remote 10.0.0.145:55672] 2026-04-27 21:12:32.882 11 WARNING keystone.common.password_hashing [None req-bdaef42e-c653-45dd-9e60-f84edeaec59c - - - - - -] Truncating password to algorithm specific maximum length 72 characters.
[Mon Apr 27 21:12:33.047793 2026] [wsgi:error] [pid 9:tid 140594384619200] [remote 10.0.0.145:55656] 2026-04-27 21:12:33.047 9 WARNING keystone.common.fernet_utils [None req-43fb1246-7583-49a4-b557-6a0ec74cb5a0 - - - - - -] key_repository is world readable: /etc/keystone/fernet-keys/
[Mon Apr 27 21:12:33.047823 2026] [wsgi:error] [pid 12:tid 140594384619200] [remote 10.0.0.145:55644] 2026-04-27 21:12:33.047 12 WARNING keystone.common.fernet_utils [None req-6964e057-1694-47a6-9192-bb85096e1055 - - - - - -] key_repository is world readable: /etc/keystone/fernet-keys/ 10.0.0.145 - - [27/Apr/2026:21:12:32 +0000] "POST /v3/auth/tokens HTTP/1.1" 201 1463 10.0.0.145 - - [27/Apr/2026:21:12:32 +0000] "POST /v3/auth/tokens HTTP/1.1" 201 1463
[Mon Apr 27 21:12:33.163471 2026] [wsgi:error] [pid 11:tid 140594384619200] [remote 10.0.0.145:55672] 2026-04-27 21:12:33.163 11 WARNING keystone.common.fernet_utils [None req-bdaef42e-c653-45dd-9e60-f84edeaec59c - - - - - -] key_repository is world readable: /etc/keystone/fernet-keys/ 10.0.0.145 - - [27/Apr/2026:21:12:32 +0000] "POST /v3/auth/tokens HTTP/1.1" 201 1463 10.0.0.145 - - [27/Apr/2026:21:12:33 +0000] "GET /v3/services/4d23246416d24626b2ad9d5bb0bc09d4 HTTP/1.1" 200 296 10.0.0.145 - - [27/Apr/2026:21:12:33 +0000] "GET /v3/services/4d23246416d24626b2ad9d5bb0bc09d4 HTTP/1.1" 200 296 10.0.0.145 - - [27/Apr/2026:21:12:33 +0000] "GET /v3/regions/RegionOne HTTP/1.1" 200 173 10.0.0.145 - - [27/Apr/2026:21:12:33 +0000] "GET /v3/regions/RegionOne HTTP/1.1" 200 173 10.0.0.145 - - [27/Apr/2026:21:12:33 +0000] "POST /v3/endpoints HTTP/1.1" 201 369 10.0.0.145 - - [27/Apr/2026:21:12:33 +0000] "GET /v3/services/4d23246416d24626b2ad9d5bb0bc09d4 HTTP/1.1" 200 296 10.0.0.145 - - [27/Apr/2026:21:12:33 +0000] "GET /v3/regions/RegionOne HTTP/1.1" 200 173 10.0.0.145 - - [27/Apr/2026:21:12:33 +0000] "POST /v3/endpoints HTTP/1.1" 201 383 10.0.0.145 - - [27/Apr/2026:21:12:33 +0000] "POST /v3/endpoints HTTP/1.1" 201 380 10.0.0.145 - - [27/Apr/2026:21:12:34 +0000] "GET / HTTP/1.1" 300 295
[Mon Apr 27 21:12:34.525172 2026] [wsgi:error] [pid 9:tid 140594384619200] [remote 10.0.0.145:55684] 2026-04-27 21:12:34.524 9 WARNING keystone.common.password_hashing [None req-3d4ebb72-3bda-4fb6-ac34-a50dad05ecbb - - - - - -] Truncating password to algorithm specific maximum length 72 characters. 10.0.0.145 - - [27/Apr/2026:21:12:34 +0000] "GET / HTTP/1.1" 300 295
[Mon Apr 27 21:12:34.617563 2026] [wsgi:error] [pid 10:tid 140594384619200] [remote 10.0.0.145:55694] 2026-04-27 21:12:34.617 10 WARNING keystone.common.password_hashing [None req-63512f16-4015-4da6-863b-0c3f92e1133c - - - - - -] Truncating password to algorithm specific maximum length 72 characters. 10.0.0.145 - - [27/Apr/2026:21:12:34 +0000] "GET / HTTP/1.1" 300 295
[Mon Apr 27 21:12:34.647173 2026] [wsgi:error] [pid 12:tid 140594384619200] [remote 10.0.0.145:55710] 2026-04-27 21:12:34.646 12 WARNING keystone.common.password_hashing [None req-a0949456-d651-4799-85d2-337e89e80bcd - - - - - -] Truncating password to algorithm specific maximum length 72 characters.
[Mon Apr 27 21:12:34.793505 2026] [wsgi:error] [pid 9:tid 140594384619200] [remote 10.0.0.145:55684] 2026-04-27 21:12:34.793 9 WARNING keystone.common.fernet_utils [None req-3d4ebb72-3bda-4fb6-ac34-a50dad05ecbb - - - - - -] key_repository is world readable: /etc/keystone/fernet-keys/ 10.0.0.145 - - [27/Apr/2026:21:12:34 +0000] "POST /v3/auth/tokens HTTP/1.1" 201 1990
[Mon Apr 27 21:12:34.896021 2026] [wsgi:error] [pid 10:tid 140594384619200] [remote 10.0.0.145:55694] 2026-04-27 21:12:34.895 10 WARNING keystone.common.fernet_utils [None req-63512f16-4015-4da6-863b-0c3f92e1133c - - - - - -] key_repository is world readable: /etc/keystone/fernet-keys/ 10.0.0.145 - - [27/Apr/2026:21:12:34 +0000] "POST /v3/auth/tokens HTTP/1.1" 201 1990
[Mon Apr 27 21:12:34.933947 2026] [wsgi:error] [pid 12:tid 140594384619200] [remote 10.0.0.145:55710] 2026-04-27 21:12:34.933 12 WARNING keystone.common.fernet_utils [None req-a0949456-d651-4799-85d2-337e89e80bcd - - - - - -] key_repository is world readable: /etc/keystone/fernet-keys/ 10.0.0.145 - - [27/Apr/2026:21:12:34 +0000] "GET /v3/endpoints/dab3bb04b6d2473faf2ed7c48acee93b HTTP/1.1" 200 369 10.0.0.145 - - [27/Apr/2026:21:12:34 +0000] "POST /v3/auth/tokens HTTP/1.1" 201 1990 10.0.0.145 - - [27/Apr/2026:21:12:34 +0000] "GET /v3/services/4d23246416d24626b2ad9d5bb0bc09d4 HTTP/1.1" 200 296 10.0.0.145 - - [27/Apr/2026:21:12:35 +0000] "GET /v3/endpoints/1d1e3a4defa84692be42119883a3b9ee HTTP/1.1" 200 383 10.0.0.145 - - [27/Apr/2026:21:12:35 +0000] "GET /v3/services/4d23246416d24626b2ad9d5bb0bc09d4 HTTP/1.1" 200 296 10.0.0.145 - - [27/Apr/2026:21:12:35 +0000] "GET /v3/endpoints/599c60f760894f1996d1f1e4595fba71 HTTP/1.1" 200 380 10.0.0.145 - - [27/Apr/2026:21:12:35 +0000] "GET /v3/services/4d23246416d24626b2ad9d5bb0bc09d4 HTTP/1.1" 200 296 10.0.0.37 - - [27/Apr/2026:21:12:44 +0000] "GET / HTTP/1.1" 300 295
[Mon Apr 27 21:12:44.457933 2026] [wsgi:error] [pid 11:tid 140594384619200] [remote 10.0.0.37:39536] 2026-04-27 21:12:44.457 11 WARNING keystone.common.password_hashing [None req-8fe3136b-cf59-41ae-a93d-8ad29afbf3e9 - - - - - -] Truncating password to algorithm specific maximum length 72 characters.
[Mon Apr 27 21:12:44.728149 2026] [wsgi:error] [pid 11:tid 140594384619200] [remote 10.0.0.37:39536] 2026-04-27 21:12:44.727 11 WARNING keystone.common.fernet_utils [None req-8fe3136b-cf59-41ae-a93d-8ad29afbf3e9 - - - - - -] key_repository is world readable: /etc/keystone/fernet-keys/ 10.0.0.37 - - [27/Apr/2026:21:12:44 +0000] "POST /v3/auth/tokens HTTP/1.1" 201 1990 10.0.0.37 - - [27/Apr/2026:21:12:44 +0000] "POST /v3/domains HTTP/1.1" 201 284 10.0.0.37 - - [27/Apr/2026:21:12:46 +0000] "GET / HTTP/1.1" 300 295
[Mon Apr 27 21:12:46.178141 2026] [wsgi:error] [pid 10:tid 140594384619200] [remote 10.0.0.37:39546] 2026-04-27 21:12:46.177 10 WARNING keystone.common.password_hashing [None req-6c5ea480-47ac-469f-adfe-67f9401c5dd6 - - - - - -] Truncating password to algorithm specific maximum length 72 characters.
[Mon Apr 27 21:12:46.461396 2026] [wsgi:error] [pid 10:tid 140594384619200] [remote 10.0.0.37:39546] 2026-04-27 21:12:46.461 10 WARNING keystone.common.fernet_utils [None req-6c5ea480-47ac-469f-adfe-67f9401c5dd6 - - - - - -] key_repository is world readable: /etc/keystone/fernet-keys/ 10.0.0.37 - - [27/Apr/2026:21:12:46 +0000] "POST /v3/auth/tokens HTTP/1.1" 201 1990
[Mon Apr 27 21:12:46.627859 2026] [wsgi:error] [pid 11:tid 140594384619200] [remote 10.0.0.37:39546] 2026-04-27 21:12:46.614 11 ERROR keystone.server.flask.application [None req-df5ea792-78e2-49a9-a5bf-6f0f6bdd79e0 e534c0c238ef463d8d4a3d2bbcbdf414 c8387fc48d0e4a0a8c118b0e4daaf444 - - default default] Conflict occurred attempting to store project - it is not permitted to have two projects acting as domains with the same name: service.: keystone.exception.Conflict: Conflict occurred attempting to store project - it is not permitted to have two projects acting as domains with the same name: service.
[Mon Apr 27 21:12:46.627884 2026] [wsgi:error] [pid 11:tid 140594384619200] [remote 10.0.0.37:39546] 2026-04-27 21:12:46.614 11 ERROR keystone.server.flask.application
Traceback (most recent call last):
[Mon Apr 27 21:12:46.627887 2026] [wsgi:error] [pid 11:tid 140594384619200] [remote 10.0.0.37:39546] 2026-04-27 21:12:46.614 11 ERROR keystone.server.flask.application
File "/var/lib/openstack/lib/python3.12/site-packages/sqlalchemy/engine/base.py", line 1967, in _exec_single_context
[Mon Apr 27 21:12:46.627889 2026] [wsgi:error] [pid 11:tid 140594384619200] [remote 10.0.0.37:39546] 2026-04-27 21:12:46.614 11 ERROR keystone.server.flask.application self.dialect.do_execute(
[Mon Apr 27 21:12:46.627891 2026] [wsgi:error] [pid 11:tid 140594384619200] [remote 10.0.0.37:39546] 2026-04-27 21:12:46.614 11 ERROR keystone.server.flask.application
File "/var/lib/openstack/lib/python3.12/site-packages/sqlalchemy/engine/default.py", line 952, in do_execute
[Mon Apr 27 21:12:46.627894 2026] [wsgi:error] [pid 11:tid 140594384619200] [remote 10.0.0.37:39546] 2026-04-27 21:12:46.614 11 ERROR keystone.server.flask.application cursor.execute(statement, parameters)
[Mon Apr 27 21:12:46.627896 2026] [wsgi:error] [pid 11:tid 140594384619200] [remote 10.0.0.37:39546] 2026-04-27 21:12:46.614 11 ERROR keystone.server.flask.application
File "/var/lib/openstack/lib/python3.12/site-packages/pymysql/cursors.py", line 153, in execute
[Mon Apr 27 21:12:46.627898 2026] [wsgi:error] [pid 11:tid 140594384619200] [remote 10.0.0.37:39546] 2026-04-27 21:12:46.614 11 ERROR keystone.server.flask.application result = self._query(query)
[Mon Apr 27 21:12:46.627899 2026] [wsgi:error] [pid 11:tid 140594384619200] [remote 10.0.0.37:39546] 2026-04-27 21:12:46.614 11 ERROR keystone.server.flask.application ^^^^^^^^^^^^^^^^^^
[Mon Apr 27 21:12:46.627901 2026] [wsgi:error] [pid 11:tid 140594384619200] [remote 10.0.0.37:39546] 2026-04-27 21:12:46.614 11 ERROR keystone.server.flask.application
File "/var/lib/openstack/lib/python3.12/site-packages/pymysql/cursors.py", line 322, in _query
[Mon Apr 27 21:12:46.627904 2026] [wsgi:error] [pid 11:tid 140594384619200] [remote 10.0.0.37:39546] 2026-04-27 21:12:46.614 11 ERROR keystone.server.flask.application conn.query(q)
[Mon Apr 27 21:12:46.627905 2026] [wsgi:error] [pid 11:tid 140594384619200] [remote 10.0.0.37:39546] 2026-04-27 21:12:46.614 11 ERROR keystone.server.flask.application
File "/var/lib/openstack/lib/python3.12/site-packages/pymysql/connections.py", line 575, in query
[Mon Apr 27 21:12:46.627908 2026] [wsgi:error] [pid 11:tid 140594384619200] [remote 10.0.0.37:39546] 2026-04-27 21:12:46.614 11 ERROR keystone.server.flask.application self._affected_rows = self._read_query_result(unbuffered=unbuffered)
[Mon Apr 27 21:12:46.627910 2026] [wsgi:error] [pid 11:tid 140594384619200] [remote 10.0.0.37:39546] 2026-04-27 21:12:46.614 11 ERROR keystone.server.flask.application ^^^^^^^^^^^^^^^^^^^^^^^^^^^^^^^^^^^^^^^^^^^^^^
[Mon Apr 27 21:12:46.627912 2026] [wsgi:error] [pid 11:tid 140594384619200] [remote 10.0.0.37:39546] 2026-04-27 21:12:46.614 11 ERROR keystone.server.flask.application
File "/var/lib/openstack/lib/python3.12/site-packages/pymysql/connections.py", line 826, in _read_query_result
[Mon Apr 27 21:12:46.627914 2026] [wsgi:error] [pid 11:tid 140594384619200] [remote 10.0.0.37:39546] 2026-04-27 21:12:46.614 11 ERROR keystone.server.flask.application result.read()
[Mon Apr 27 21:12:46.627917 2026] [wsgi:error] [pid 11:tid 140594384619200] [remote 10.0.0.37:39546] 2026-04-27 21:12:46.614 11 ERROR keystone.server.flask.application
File "/var/lib/openstack/lib/python3.12/site-packages/pymysql/connections.py", line 1203, in read
[Mon Apr 27 21:12:46.627919 2026] [wsgi:error] [pid 11:tid 140594384619200] [remote 10.0.0.37:39546] 2026-04-27 21:12:46.614 11 ERROR keystone.server.flask.application first_packet = self.connection._read_packet()
[Mon Apr 27 21:12:46.627922 2026] [wsgi:error] [pid 11:tid 140594384619200] [remote 10.0.0.37:39546] 2026-04-27 21:12:46.614 11 ERROR keystone.server.flask.application ^^^^^^^^^^^^^^^^^^^^^^^^^^^^^^
[Mon Apr 27 21:12:46.627924 2026] [wsgi:error] [pid 11:tid 140594384619200] [remote 10.0.0.37:39546] 2026-04-27 21:12:46.614 11 ERROR keystone.server.flask.application
File "/var/lib/openstack/lib/python3.12/site-packages/pymysql/connections.py", line 782, in _read_packet
[Mon Apr 27 21:12:46.627926 2026] [wsgi:error] [pid 11:tid 140594384619200] [remote 10.0.0.37:39546] 2026-04-27 21:12:46.614 11 ERROR keystone.server.flask.application packet.raise_for_error()
[Mon Apr 27 21:12:46.627928 2026] [wsgi:error] [pid 11:tid 140594384619200] [remote 10.0.0.37:39546] 2026-04-27 21:12:46.614 11 ERROR keystone.server.flask.application
File "/var/lib/openstack/lib/python3.12/site-packages/pymysql/protocol.py", line 219, in raise_for_error
[Mon Apr 27 21:12:46.627930 2026] [wsgi:error] [pid 11:tid 140594384619200] [remote 10.0.0.37:39546] 2026-04-27 21:12:46.614 11 ERROR keystone.server.flask.application err.raise_mysql_exception(self._data)
[Mon Apr 27 21:12:46.627932 2026] [wsgi:error] [pid 11:tid 140594384619200] [remote 10.0.0.37:39546] 2026-04-27 21:12:46.614 11 ERROR keystone.server.flask.application
File "/var/lib/openstack/lib/python3.12/site-packages/pymysql/err.py", line 150, in raise_mysql_exception
[Mon Apr 27 21:12:46.627934 2026] [wsgi:error] [pid 11:tid 140594384619200] [remote 10.0.0.37:39546] 2026-04-27 21:12:46.614 11 ERROR keystone.server.flask.application raise errorclass(errno, errval)
[Mon Apr 27 21:12:46.627936 2026] [wsgi:error] [pid 11:tid 140594384619200] [remote 10.0.0.37:39546] 2026-04-27 21:12:46.614 11 ERROR keystone.server.flask.application pymysql.err.IntegrityError: (1062, "Duplicate entry '<>-service' for key 'project.ixu_project_name_domain_id'")
[Mon Apr 27 21:12:46.627938 2026] [wsgi:error] [pid 11:tid 140594384619200] [remote 10.0.0.37:39546] 2026-04-27 21:12:46.614 11 ERROR keystone.server.flask.application
[Mon Apr 27 21:12:46.627940 2026] [wsgi:error] [pid 11:tid 140594384619200] [remote 10.0.0.37:39546] 2026-04-27 21:12:46.614 11 ERROR keystone.server.flask.application The above exception was the direct cause of the following exception:
[Mon Apr 27 21:12:46.627942 2026] [wsgi:error] [pid 11:tid 140594384619200] [remote 10.0.0.37:39546] 2026-04-27 21:12:46.614 11 ERROR keystone.server.flask.application
[Mon Apr 27 21:12:46.627953 2026] [wsgi:error] [pid 11:tid 140594384619200] [remote 10.0.0.37:39546] 2026-04-27 21:12:46.614 11 ERROR keystone.server.flask.application
Traceback (most recent call last):
[Mon Apr 27 21:12:46.627955 2026] [wsgi:error] [pid 11:tid 140594384619200] [remote 10.0.0.37:39546] 2026-04-27 21:12:46.614 11 ERROR keystone.server.flask.application
File "/var/lib/openstack/lib/python3.12/site-packages/keystone/common/sql/core.py", line 575, in wrapper
[Mon Apr 27 21:12:46.627958 2026] [wsgi:error] [pid 11:tid 140594384619200] [remote 10.0.0.37:39546] 2026-04-27 21:12:46.614 11 ERROR keystone.server.flask.application return method(*args, **kwargs)
[Mon Apr 27 21:12:46.627959 2026] [wsgi:error] [pid 11:tid 140594384619200] [remote 10.0.0.37:39546] 2026-04-27 21:12:46.614 11 ERROR keystone.server.flask.application ^^^^^^^^^^^^^^^^^^^^^^^
[Mon Apr 27 21:12:46.627962 2026] [wsgi:error] [pid 11:tid 140594384619200] [remote 10.0.0.37:39546] 2026-04-27 21:12:46.614 11 ERROR keystone.server.flask.application
File "/var/lib/openstack/lib/python3.12/site-packages/keystone/resource/backends/sql.py", line 278, in create_project
[Mon Apr 27 21:12:46.627964 2026] [wsgi:error] [pid 11:tid 140594384619200] [remote 10.0.0.37:39546] 2026-04-27 21:12:46.614 11 ERROR keystone.server.flask.application with sql.session_for_write() as session:
[Mon Apr 27 21:12:46.627966 2026] [wsgi:error] [pid 11:tid 140594384619200] [remote 10.0.0.37:39546] 2026-04-27 21:12:46.614 11 ERROR keystone.server.flask.application
File "/usr/lib/python3.12/contextlib.py", line 144, in __exit__
[Mon Apr 27 21:12:46.627968 2026] [wsgi:error] [pid 11:tid 140594384619200] [remote 10.0.0.37:39546] 2026-04-27 21:12:46.614 11 ERROR keystone.server.flask.application next(self.gen)
[Mon Apr 27 21:12:46.627970 2026] [wsgi:error] [pid 11:tid 140594384619200] [remote 10.0.0.37:39546] 2026-04-27 21:12:46.614 11 ERROR keystone.server.flask.application
File "/var/lib/openstack/lib/python3.12/site-packages/oslo_db/sqlalchemy/enginefacade.py", line 1175, in _transaction_scope
[Mon Apr 27 21:12:46.627972 2026] [wsgi:error] [pid 11:tid 140594384619200] [remote 10.0.0.37:39546] 2026-04-27 21:12:46.614 11 ERROR keystone.server.flask.application with current._produce_block(
[Mon Apr 27 21:12:46.627974 2026] [wsgi:error] [pid 11:tid 140594384619200] [remote 10.0.0.37:39546] 2026-04-27 21:12:46.614 11 ERROR keystone.server.flask.application
File "/usr/lib/python3.12/contextlib.py", line 144, in __exit__
[Mon Apr 27 21:12:46.627976 2026] [wsgi:error] [pid 11:tid 140594384619200] [remote 10.0.0.37:39546] 2026-04-27 21:12:46.614 11 ERROR keystone.server.flask.application next(self.gen)
[Mon Apr 27 21:12:46.627980 2026] [wsgi:error] [pid 11:tid 140594384619200] [remote 10.0.0.37:39546] 2026-04-27 21:12:46.614 11 ERROR keystone.server.flask.application
File "/var/lib/openstack/lib/python3.12/site-packages/oslo_db/sqlalchemy/enginefacade.py", line 837, in _session
[Mon Apr 27 21:12:46.627982 2026] [wsgi:error] [pid 11:tid 140594384619200] [remote 10.0.0.37:39546] 2026-04-27 21:12:46.614 11 ERROR keystone.server.flask.application with excutils.save_and_reraise_exception():
[Mon Apr 27 21:12:46.627984 2026] [wsgi:error] [pid 11:tid 140594384619200] [remote 10.0.0.37:39546] 2026-04-27 21:12:46.614 11 ERROR keystone.server.flask.application
File "/var/lib/openstack/lib/python3.12/site-packages/oslo_utils/excutils.py", line 271, in __exit__
[Mon Apr 27 21:12:46.627987 2026] [wsgi:error] [pid 11:tid 140594384619200] [remote 10.0.0.37:39546] 2026-04-27 21:12:46.614 11 ERROR keystone.server.flask.application self.force_reraise()
[Mon Apr 27 21:12:46.627989 2026] [wsgi:error] [pid 11:tid 140594384619200] [remote 10.0.0.37:39546] 2026-04-27 21:12:46.614 11 ERROR keystone.server.flask.application
File "/var/lib/openstack/lib/python3.12/site-packages/oslo_utils/excutils.py", line 233, in force_reraise
[Mon Apr 27 21:12:46.627993 2026] [wsgi:error] [pid 11:tid 140594384619200] [remote 10.0.0.37:39546] 2026-04-27 21:12:46.614 11 ERROR keystone.server.flask.application raise self.value
[Mon Apr 27 21:12:46.627995 2026] [wsgi:error] [pid 11:tid 140594384619200] [remote 10.0.0.37:39546] 2026-04-27 21:12:46.614 11 ERROR keystone.server.flask.application
File "/var/lib/openstack/lib/python3.12/site-packages/oslo_db/sqlalchemy/enginefacade.py", line 835, in _session
[Mon Apr 27 21:12:46.627997 2026] [wsgi:error] [pid 11:tid 140594384619200] [remote 10.0.0.37:39546] 2026-04-27 21:12:46.614 11 ERROR keystone.server.flask.application self._end_session_transaction(self.session)
[Mon Apr 27 21:12:46.628000 2026] [wsgi:error] [pid 11:tid 140594384619200] [remote 10.0.0.37:39546] 2026-04-27 21:12:46.614 11 ERROR keystone.server.flask.application
File "/var/lib/openstack/lib/python3.12/site-packages/oslo_db/sqlalchemy/enginefacade.py", line 748, in _end_session_transaction
[Mon Apr 27 21:12:46.628003 2026] [wsgi:error] [pid 11:tid 140594384619200] [remote 10.0.0.37:39546] 2026-04-27 21:12:46.614 11 ERROR keystone.server.flask.application session.commit()
[Mon Apr 27 21:12:46.628005 2026] [wsgi:error] [pid 11:tid 140594384619200] [remote 10.0.0.37:39546] 2026-04-27 21:12:46.614 11 ERROR keystone.server.flask.application
File "/var/lib/openstack/lib/python3.12/site-packages/sqlalchemy/orm/session.py", line 2030, in commit
[Mon Apr 27 21:12:46.628009 2026] [wsgi:error] [pid 11:tid 140594384619200] [remote 10.0.0.37:39546] 2026-04-27 21:12:46.614 11 ERROR keystone.server.flask.application trans.commit(_to_root=True)
[Mon Apr 27 21:12:46.628011 2026] [wsgi:error] [pid 11:tid 140594384619200] [remote 10.0.0.37:39546] 2026-04-27 21:12:46.614 11 ERROR keystone.server.flask.application File "", line 2, in commit
[Mon Apr 27 21:12:46.628013 2026] [wsgi:error] [pid 11:tid 140594384619200] [remote 10.0.0.37:39546] 2026-04-27 21:12:46.614 11 ERROR keystone.server.flask.application
File "/var/lib/openstack/lib/python3.12/site-packages/sqlalchemy/orm/state_changes.py", line 137, in _go
[Mon Apr 27 21:12:46.628016 2026] [wsgi:error] [pid 11:tid 140594384619200] [remote 10.0.0.37:39546] 2026-04-27 21:12:46.614 11 ERROR keystone.server.flask.application ret_value = fn(self, *arg, **kw)
[Mon Apr 27 21:12:46.628018 2026] [wsgi:error] [pid 11:tid 140594384619200] [remote 10.0.0.37:39546] 2026-04-27 21:12:46.614 11 ERROR keystone.server.flask.application ^^^^^^^^^^^^^^^^^^^^
[Mon Apr 27 21:12:46.628021 2026] [wsgi:error] [pid 11:tid 140594384619200] [remote 10.0.0.37:39546] 2026-04-27 21:12:46.614 11 ERROR keystone.server.flask.application
File "/var/lib/openstack/lib/python3.12/site-packages/sqlalchemy/orm/session.py", line 1311, in commit
[Mon Apr 27 21:12:46.628024 2026] [wsgi:error] [pid 11:tid 140594384619200] [remote 10.0.0.37:39546] 2026-04-27 21:12:46.614 11 ERROR keystone.server.flask.application self._prepare_impl()
[Mon Apr 27 21:12:46.628026 2026] [wsgi:error] [pid 11:tid 140594384619200] [remote 10.0.0.37:39546] 2026-04-27 21:12:46.614 11 ERROR keystone.server.flask.application File "", line 2, in _prepare_impl
[Mon Apr 27 21:12:46.628029 2026] [wsgi:error] [pid 11:tid 140594384619200] [remote 10.0.0.37:39546] 2026-04-27 21:12:46.614 11 ERROR keystone.server.flask.application
File "/var/lib/openstack/lib/python3.12/site-packages/sqlalchemy/orm/state_changes.py", line 137, in _go
[Mon Apr 27 21:12:46.628032 2026] [wsgi:error] [pid 11:tid 140594384619200] [remote 10.0.0.37:39546] 2026-04-27 21:12:46.614 11 ERROR keystone.server.flask.application ret_value = fn(self, *arg, **kw)
[Mon Apr 27 21:12:46.628034 2026] [wsgi:error] [pid 11:tid 140594384619200] [remote 10.0.0.37:39546] 2026-04-27 21:12:46.614 11 ERROR keystone.server.flask.application ^^^^^^^^^^^^^^^^^^^^
[Mon Apr 27 21:12:46.628036 2026] [wsgi:error] [pid 11:tid 140594384619200] [remote 10.0.0.37:39546] 2026-04-27 21:12:46.614 11 ERROR keystone.server.flask.application
File "/var/lib/openstack/lib/python3.12/site-packages/sqlalchemy/orm/session.py", line 1286, in _prepare_impl
[Mon Apr 27 21:12:46.628039 2026] [wsgi:error] [pid 11:tid 140594384619200] [remote 10.0.0.37:39546] 2026-04-27 21:12:46.614 11 ERROR keystone.server.flask.application self.session.flush()
[Mon Apr 27 21:12:46.628041 2026] [wsgi:error] [pid 11:tid 140594384619200] [remote 10.0.0.37:39546] 2026-04-27 21:12:46.614 11 ERROR keystone.server.flask.application
File "/var/lib/openstack/lib/python3.12/site-packages/sqlalchemy/orm/session.py", line 4331, in flush
[Mon Apr 27 21:12:46.628043 2026] [wsgi:error] [pid 11:tid 140594384619200] [remote 10.0.0.37:39546] 2026-04-27 21:12:46.614 11 ERROR keystone.server.flask.application self._flush(objects)
[Mon Apr 27 21:12:46.628045 2026] [wsgi:error] [pid 11:tid 140594384619200] [remote 10.0.0.37:39546] 2026-04-27 21:12:46.614 11 ERROR keystone.server.flask.application
File "/var/lib/openstack/lib/python3.12/site-packages/sqlalchemy/orm/session.py", line 4466, in _flush
[Mon Apr 27 21:12:46.628047 2026] [wsgi:error] [pid 11:tid 140594384619200] [remote 10.0.0.37:39546] 2026-04-27 21:12:46.614 11 ERROR keystone.server.flask.application with util.safe_reraise():
[Mon Apr 27 21:12:46.628049 2026] [wsgi:error] [pid 11:tid 140594384619200] [remote 10.0.0.37:39546] 2026-04-27 21:12:46.614 11 ERROR keystone.server.flask.application
File "/var/lib/openstack/lib/python3.12/site-packages/sqlalchemy/util/langhelpers.py", line 121, in __exit__
[Mon Apr 27 21:12:46.628051 2026] [wsgi:error] [pid 11:tid 140594384619200] [remote 10.0.0.37:39546] 2026-04-27 21:12:46.614 11 ERROR keystone.server.flask.application raise exc_value.with_traceback(exc_tb)
[Mon Apr 27 21:12:46.628054 2026] [wsgi:error] [pid 11:tid 140594384619200] [remote 10.0.0.37:39546] 2026-04-27 21:12:46.614 11 ERROR keystone.server.flask.application
File "/var/lib/openstack/lib/python3.12/site-packages/sqlalchemy/orm/session.py", line 4427, in _flush
[Mon Apr 27 21:12:46.628056 2026] [wsgi:error] [pid 11:tid 140594384619200] [remote 10.0.0.37:39546] 2026-04-27 21:12:46.614 11 ERROR keystone.server.flask.application flush_context.execute()
[Mon Apr 27 21:12:46.628058 2026] [wsgi:error] [pid 11:tid 140594384619200] [remote 10.0.0.37:39546] 2026-04-27 21:12:46.614 11 ERROR keystone.server.flask.application
File "/var/lib/openstack/lib/python3.12/site-packages/sqlalchemy/orm/unitofwork.py", line 466, in execute
