2026-04-22 19:40:30.178 8 INFO neutron.services.segments.plugin [-] Segment a71d56cd-ec96-4662-99e9-0b4fa77617c8 resource provider not found; error: Placement Client Error (4xx): {"errors": [{"status": 404, "title": "Not Found", "detail": "The resource could not be found.\n\n No resource provider with uuid a71d56cd-ec96-4662-99e9-0b4fa77617c8 found for delete ", "request_id": "req-6c01600f-d279-4c92-b16f-69c6446a69b2"}]}
2026-04-22 19:40:30.212 7 INFO neutron.plugins.ml2.drivers.ovn.mech_driver.mech_driver [None req-ec39ae10-c59a-4c9c-ad06-9db11141ba02 - - - - - -] OVN reports status down for port: 9365d92c-883d-41e4-be32-0a669e7c311f [pid: 8|app: 0|req: 1347/2639] 10.0.0.62 () {32 vars in 725 bytes} [Wed Apr 22 19:40:29 2026] DELETE /v2.0/networks/79675658-0503-45a4-8468-8e485ad41580 => generated 0 bytes in 471 msecs (HTTP/1.1 204) 3 headers in 131 bytes (1 switches on core 0)
2026-04-22 19:40:30.378 7 WARNING neutron.plugins.ml2.drivers.ovn.mech_driver.ovsdb.ovn_client [None req-ec39ae10-c59a-4c9c-ad06-9db11141ba02 - - - - - -] Logical_Switch_Port 9365d92c-883d-41e4-be32-0a669e7c311f host information not removed, the port state is up
2026-04-22 19:40:30.378 7 INFO neutron.plugins.ml2.drivers.ovn.mech_driver.mech_driver [None req-ec39ae10-c59a-4c9c-ad06-9db11141ba02 - - - - - -] OVN reports status up for port: 9365d92c-883d-41e4-be32-0a669e7c311f
2026-04-22 19:40:30.391 7 INFO neutron.plugins.ml2.plugin [None req-ec39ae10-c59a-4c9c-ad06-9db11141ba02 - - - - - -] Attempt 1 to provision port 9365d92c-883d-41e4-be32-0a669e7c311f
2026-04-22 19:40:30.406 8 INFO neutron_taas.services.taas.taas_plugin [None req-9170b474-5e96-4594-a401-e9d0e17159ca 365e90a3240149ecab51c8eb5ff7fe33 2d831d0e1bec491cb02b1e6fa97b8762 - - default default] TaaS: Handle Delete Port: 333cb7c2-8cc3-4438-8b54-8cb2c9577401
2026-04-22 19:40:30.409 8 INFO neutron_taas.services.taas.tap_mirror_plugin [None req-9170b474-5e96-4594-a401-e9d0e17159ca 365e90a3240149ecab51c8eb5ff7fe33 2d831d0e1bec491cb02b1e6fa97b8762 - - default default] Tap Mirror: Handle Delete Port: 333cb7c2-8cc3-4438-8b54-8cb2c9577401 [pid: 8|app: 0|req: 1348/2640] 10.0.0.62 () {32 vars in 725 bytes} [Wed Apr 22 19:40:30 2026] DELETE /v2.0/networks/db2f632f-b05f-43c7-9220-61f19b39a424 => generated 0 bytes in 408 msecs (HTTP/1.1 204) 3 headers in 131 bytes (1 switches on core 0) [pid: 7|app: 0|req: 1293/2641] 10.0.0.62 () {32 vars in 725 bytes} [Wed Apr 22 19:40:29 2026] DELETE /v2.0/networks/3625dd1b-2764-4107-9948-8934f68c18c6 => generated 0 bytes in 937 msecs (HTTP/1.1 204) 3 headers in 131 bytes (1 switches on core 0)
2026-04-22 19:40:30.836 8 INFO neutron_taas.services.taas.taas_plugin [None req-8f4c3bf7-e6ae-42c2-a063-e5d186812dc4 365e90a3240149ecab51c8eb5ff7fe33 2d831d0e1bec491cb02b1e6fa97b8762 - - default default] TaaS: Handle Delete Port: 61a3a2a8-565c-4a88-99ae-9c0c9fb52087
2026-04-22 19:40:30.838 8 INFO neutron_taas.services.taas.tap_mirror_plugin [None req-8f4c3bf7-e6ae-42c2-a063-e5d186812dc4 365e90a3240149ecab51c8eb5ff7fe33 2d831d0e1bec491cb02b1e6fa97b8762 - - default default] Tap Mirror: Handle Delete Port: 61a3a2a8-565c-4a88-99ae-9c0c9fb52087 [pid: 8|app: 0|req: 1349/2642] 10.0.0.62 () {32 vars in 725 bytes} [Wed Apr 22 19:40:30 2026] DELETE /v2.0/networks/6127d906-cb25-47c0-ad7b-bcc53ff1e390 => generated 0 bytes in 364 msecs (HTTP/1.1 204) 3 headers in 131 bytes (1 switches on core 0)
2026-04-22 19:40:31.179 7 INFO neutron_taas.services.taas.taas_plugin [None req-42abe4dd-69dd-4a1b-b49b-9173a46301c3 c19f067133d24012a3049fb034604d8e 109ba935ff184764b8b85c02871df485 - - default default] TaaS: Handle Delete Port: 9365d92c-883d-41e4-be32-0a669e7c311f
2026-04-22 19:40:31.182 7 INFO neutron_taas.services.taas.tap_mirror_plugin [None req-42abe4dd-69dd-4a1b-b49b-9173a46301c3 c19f067133d24012a3049fb034604d8e 109ba935ff184764b8b85c02871df485 - - default default] Tap Mirror: Handle Delete Port: 9365d92c-883d-41e4-be32-0a669e7c311f
2026-04-22 19:40:31.194 8 INFO neutron_taas.services.taas.taas_plugin [None req-fb7b2202-a265-4016-ab49-6b327b189365 365e90a3240149ecab51c8eb5ff7fe33 2d831d0e1bec491cb02b1e6fa97b8762 - - default default] TaaS: Handle Delete Port: 0b556da0-57a9-4028-b83e-f35a0180da1a
2026-04-22 19:40:31.197 8 INFO neutron_taas.services.taas.tap_mirror_plugin [None req-fb7b2202-a265-4016-ab49-6b327b189365 365e90a3240149ecab51c8eb5ff7fe33 2d831d0e1bec491cb02b1e6fa97b8762 - - default default] Tap Mirror: Handle Delete Port: 0b556da0-57a9-4028-b83e-f35a0180da1a [pid: 8|app: 0|req: 1350/2643] 10.0.0.62 () {32 vars in 725 bytes} [Wed Apr 22 19:40:31 2026] DELETE /v2.0/networks/2ea8e7b1-e8a0-4063-b3fe-dcd1ab03282a => generated 0 bytes in 367 msecs (HTTP/1.1 204) 3 headers in 131 bytes (1 switches on core 0)
2026-04-22 19:40:31.568 7 INFO neutron.services.segments.plugin [-] Segment d49128b6-fa23-4925-8139-1cb329472ded resource provider aggregate not found
2026-04-22 19:40:31.583 7 INFO neutron.services.segments.plugin [-] Segment d49128b6-fa23-4925-8139-1cb329472ded resource provider aggregate not found
2026-04-22 19:40:31.599 7 INFO neutron.services.segments.plugin [-] Segment d49128b6-fa23-4925-8139-1cb329472ded resource provider not found; error: Placement Client Error (4xx): {"errors": [{"status": 404, "title": "Not Found", "detail": "The resource could not be found.\n\n No resource provider with uuid d49128b6-fa23-4925-8139-1cb329472ded found for delete ", "request_id": "req-4885323f-5580-41b2-a14f-60b76c542ee5"}]}
2026-04-22 19:40:31.600 7 INFO neutron.services.segments.plugin [-] Segment d49128b6-fa23-4925-8139-1cb329472ded resource provider not found; error: Placement Client Error (4xx): {"errors": [{"status": 404, "title": "Not Found", "detail": "The resource could not be found.\n\n No resource provider with uuid d49128b6-fa23-4925-8139-1cb329472ded found for delete ", "request_id": "req-ffbe131b-4c8c-413c-afa3-74b8000e7f24"}]} [pid: 7|app: 0|req: 1294/2644] 10.0.0.62 () {32 vars in 723 bytes} [Wed Apr 22 19:40:30 2026] DELETE /v2.0/routers/926a5513-acdf-4e07-aa87-2ad563aeb642 => generated 0 bytes in 839 msecs (HTTP/1.1 204) 2 headers in 112 bytes (1 switches on core 0)
2026-04-22 19:40:31.672 8 WARNING neutron.api.v2.base [None req-1d86f96b-0a95-4297-9572-62da537f841a 6eabca9aec25487bbfd504c1ed2082b5 d90143161ddd43d29f10f6e93ed4a7eb - - default default] An exception happened while processing the request body. The exception message is [Invalid input for description. Reason: 'yyyyyyyyyyyyyyyyyyyyyyyyyyyyyyyyyyyyyyyyyyyyyyyyyyyyyyyyyyyyyyyyyyyyyyyyyyyyyyyyyyyyyyyyyyyyyyyyyyyyyyyyyyyyyyyyyyyyyyyyyyyyyyyyyyyyyyyyyyyyyyyyyyyyyyyyyyyyyyyyyyyyyyyyyyyyyyyyyyyyyyyyyyyyyyyyyyyyyyyyyyyyyyyyyyyyyyyyyyyyyyyyyyyyyyyyyyyyyyyyyyyyyyyyyyyyyyyy' exceeds maximum length of 255.].: webob.exc.HTTPBadRequest: Invalid input for description. Reason: 'yyyyyyyyyyyyyyyyyyyyyyyyyyyyyyyyyyyyyyyyyyyyyyyyyyyyyyyyyyyyyyyyyyyyyyyyyyyyyyyyyyyyyyyyyyyyyyyyyyyyyyyyyyyyyyyyyyyyyyyyyyyyyyyyyyyyyyyyyyyyyyyyyyyyyyyyyyyyyyyyyyyyyyyyyyyyyyyyyyyyyyyyyyyyyyyyyyyyyyyyyyyyyyyyyyyyyyyyyyyyyyyyyyyyyyyyyyyyyyyyyyyyyyyyyyyyyyyy' exceeds maximum length of 255.
2026-04-22 19:40:31.673 8 INFO neutron.api.v2.resource [None req-1d86f96b-0a95-4297-9572-62da537f841a 6eabca9aec25487bbfd504c1ed2082b5 d90143161ddd43d29f10f6e93ed4a7eb - - default default] create failed (client error): Invalid input for description. Reason: 'yyyyyyyyyyyyyyyyyyyyyyyyyyyyyyyyyyyyyyyyyyyyyyyyyyyyyyyyyyyyyyyyyyyyyyyyyyyyyyyyyyyyyyyyyyyyyyyyyyyyyyyyyyyyyyyyyyyyyyyyyyyyyyyyyyyyyyyyyyyyyyyyyyyyyyyyyyyyyyyyyyyyyyyyyyyyyyyyyyyyyyyyyyyyyyyyyyyyyyyyyyyyyyyyyyyyyyyyyyyyyyyyyyyyyyyyyyyyyyyyyyyyyyyyyyyyyyyy' exceeds maximum length of 255. [pid: 8|app: 0|req: 1351/2645] 10.0.0.62 () {34 vars in 684 bytes} [Wed Apr 22 19:40:31 2026] POST /v2.0/vpn/vpnservices => generated 401 bytes in 8 msecs (HTTP/1.1 400) 4 headers in 166 bytes (1 switches on core 0)
2026-04-22 19:40:31.686 7 WARNING neutron.api.v2.base [None req-6999c59e-05bf-42f5-ad53-fbecc8dfae34 6eabca9aec25487bbfd504c1ed2082b5 d90143161ddd43d29f10f6e93ed4a7eb - - default default] An exception happened while processing the request body. The exception message is [Invalid input for name. Reason: 'xxxxxxxxxxxxxxxxxxxxxxxxxxxxxxxxxxxxxxxxxxxxxxxxxxxxxxxxxxxxxxxxxxxxxxxxxxxxxxxxxxxxxxxxxxxxxxxxxxxxxxxxxxxxxxxxxxxxxxxxxxxxxxxxxxxxxxxxxxxxxxxxxxxxxxxxxxxxxxxxxxxxxxxxxxxxxxxxxxxxxxxxxxxxxxxxxxxxxxxxxxxxxxxxxxxxxxxxxxxxxxxxxxxxxxxxxxxxxxxxxxxxxxxxxxxxxxxx' exceeds maximum length of 255.].: webob.exc.HTTPBadRequest: Invalid input for name. Reason: 'xxxxxxxxxxxxxxxxxxxxxxxxxxxxxxxxxxxxxxxxxxxxxxxxxxxxxxxxxxxxxxxxxxxxxxxxxxxxxxxxxxxxxxxxxxxxxxxxxxxxxxxxxxxxxxxxxxxxxxxxxxxxxxxxxxxxxxxxxxxxxxxxxxxxxxxxxxxxxxxxxxxxxxxxxxxxxxxxxxxxxxxxxxxxxxxxxxxxxxxxxxxxxxxxxxxxxxxxxxxxxxxxxxxxxxxxxxxxxxxxxxxxxxxxxxxxxxxx' exceeds maximum length of 255.
2026-04-22 19:40:31.686 7 INFO neutron.api.v2.resource [None req-6999c59e-05bf-42f5-ad53-fbecc8dfae34 6eabca9aec25487bbfd504c1ed2082b5 d90143161ddd43d29f10f6e93ed4a7eb - - default default] create failed (client error): Invalid input for name. Reason: 'xxxxxxxxxxxxxxxxxxxxxxxxxxxxxxxxxxxxxxxxxxxxxxxxxxxxxxxxxxxxxxxxxxxxxxxxxxxxxxxxxxxxxxxxxxxxxxxxxxxxxxxxxxxxxxxxxxxxxxxxxxxxxxxxxxxxxxxxxxxxxxxxxxxxxxxxxxxxxxxxxxxxxxxxxxxxxxxxxxxxxxxxxxxxxxxxxxxxxxxxxxxxxxxxxxxxxxxxxxxxxxxxxxxxxxxxxxxxxxxxxxxxxxxxxxxxxxxx' exceeds maximum length of 255. [pid: 7|app: 0|req: 1295/2646] 10.0.0.62 () {34 vars in 684 bytes} [Wed Apr 22 19:40:31 2026] POST /v2.0/vpn/vpnservices => generated 394 bytes in 7 msecs (HTTP/1.1 400) 4 headers in 166 bytes (1 switches on core 0)
2026-04-22 19:40:31.720 8 INFO neutron.api.v2.resource [None req-bb174221-22d2-4ddb-b5ff-49db28364e79 6eabca9aec25487bbfd504c1ed2082b5 d90143161ddd43d29f10f6e93ed4a7eb - - default default] create failed (client error): The server could not comply with the request since it is either malformed or otherwise incorrect. [pid: 8|app: 0|req: 1352/2647] 10.0.0.62 () {34 vars in 692 bytes} [Wed Apr 22 19:40:31 2026] POST /v2.0/vpn/endpoint-groups => generated 183 bytes in 30 msecs (HTTP/1.1 400) 4 headers in 166 bytes (1 switches on core 0)
2026-04-22 19:40:31.766 7 INFO neutron.api.v2.resource [None req-924421ee-ccd0-4635-9371-95718bb1dc8f 6eabca9aec25487bbfd504c1ed2082b5 d90143161ddd43d29f10f6e93ed4a7eb - - default default] create failed (client error): The server could not comply with the request since it is either malformed or otherwise incorrect. [pid: 7|app: 0|req: 1296/2648] 10.0.0.62 () {34 vars in 692 bytes} [Wed Apr 22 19:40:31 2026] POST /v2.0/vpn/endpoint-groups => generated 160 bytes in 39 msecs (HTTP/1.1 400) 4 headers in 166 bytes (1 switches on core 0)
2026-04-22 19:40:31.807 8 INFO neutron.api.v2.resource [None req-ec9c9f34-d564-4bff-8b5b-81347f04a701 6eabca9aec25487bbfd504c1ed2082b5 d90143161ddd43d29f10f6e93ed4a7eb - - default default] create failed (client error): The server could not comply with the request since it is either malformed or otherwise incorrect. [pid: 8|app: 0|req: 1353/2649] 10.0.0.62 () {34 vars in 692 bytes} [Wed Apr 22 19:40:31 2026] POST /v2.0/vpn/endpoint-groups => generated 154 bytes in 33 msecs (HTTP/1.1 400) 4 headers in 166 bytes (1 switches on core 0) [pid: 7|app: 0|req: 1297/2650] 10.0.0.62 () {32 vars in 662 bytes} [Wed Apr 22 19:40:31 2026] GET /v2.0/vpn/ikepolicies => generated 408 bytes in 11 msecs (HTTP/1.1 200) 4 headers in 157 bytes (1 switches on core 0) [pid: 8|app: 0|req: 1354/2651] 10.0.0.62 () {32 vars in 666 bytes} [Wed Apr 22 19:40:31 2026] GET /v2.0/vpn/ipsecpolicies => generated 417 bytes in 9 msecs (HTTP/1.1 200) 4 headers in 157 bytes (1 switches on core 0) [pid: 7|app: 0|req: 1298/2652] 10.0.0.62 () {32 vars in 684 bytes} [Wed Apr 22 19:40:31 2026] GET /v2.0/vpn/ipsec-site-connections => generated 806 bytes in 12 msecs (HTTP/1.1 200) 4 headers in 157 bytes (1 switches on core 0) [pid: 8|app: 0|req: 1355/2653] 10.0.0.62 () {32 vars in 662 bytes} [Wed Apr 22 19:40:31 2026] GET /v2.0/vpn/vpnservices => generated 869 bytes in 8 msecs (HTTP/1.1 200) 4 headers in 157 bytes (1 switches on core 0) [pid: 7|app: 0|req: 1299/2654] 10.0.0.62 () {32 vars in 744 bytes} [Wed Apr 22 19:40:31 2026] GET /v2.0/vpn/endpoint-groups/4e54bc06-bb2f-4834-a63c-56a0e8e9d0f9 => generated 328 bytes in 11 msecs (HTTP/1.1 200) 4 headers in 157 bytes (1 switches on core 0) [pid: 8|app: 0|req: 1356/2655] 10.0.0.62 () {32 vars in 744 bytes} [Wed Apr 22 19:40:31 2026] GET /v2.0/vpn/endpoint-groups/127cc638-3ad0-449c-84ca-5ac843dc0b80 => generated 320 bytes in 11 msecs (HTTP/1.1 200) 4 headers in 157 bytes (1 switches on core 0) [pid: 7|app: 0|req: 1300/2656] 10.0.0.62 () {32 vars in 736 bytes} [Wed Apr 22 19:40:31 2026] GET /v2.0/vpn/ikepolicies/45d23fac-6b2a-470f-b383-162a2caa4c41 => generated 404 bytes in 11 msecs (HTTP/1.1 200) 4 headers in 157 bytes (1 switches on core 0) [pid: 8|app: 0|req: 1357/2657] 10.0.0.62 () {32 vars in 740 bytes} [Wed Apr 22 19:40:31 2026] GET /v2.0/vpn/ipsecpolicies/32c68a03-8869-41e2-9fed-fe7768cf86e3 => generated 413 bytes in 11 msecs (HTTP/1.1 200) 4 headers in 157 bytes (1 switches on core 0) [pid: 7|app: 0|req: 1301/2658] 10.0.0.62 () {32 vars in 736 bytes} [Wed Apr 22 19:40:31 2026] GET /v2.0/vpn/vpnservices/ccc9f310-cfda-460f-a6a3-0251ae19bca3 => generated 457 bytes in 11 msecs (HTTP/1.1 200) 4 headers in 157 bytes (1 switches on core 0)
2026-04-22 19:40:32.204 8 INFO neutron.services.segments.plugin [-] Segment 846cd280-18bd-42c8-b2b8-8e5e955a2df3 resource provider aggregate not found
2026-04-22 19:40:32.209 8 INFO neutron.services.segments.plugin [-] Segment 846cd280-18bd-42c8-b2b8-8e5e955a2df3 resource provider aggregate not found
2026-04-22 19:40:32.228 8 INFO neutron.services.segments.plugin [-] Segment 846cd280-18bd-42c8-b2b8-8e5e955a2df3 resource provider not found; error: Placement Client Error (4xx): {"errors": [{"status": 404, "title": "Not Found", "detail": "The resource could not be found.\n\n No resource provider with uuid 846cd280-18bd-42c8-b2b8-8e5e955a2df3 found for delete ", "request_id": "req-50980469-e3c0-45ad-bff5-010682101042"}]}
2026-04-22 19:40:32.235 8 INFO neutron.services.segments.plugin [-] Segment 846cd280-18bd-42c8-b2b8-8e5e955a2df3 resource provider not found; error: Placement Client Error (4xx): {"errors": [{"status": 404, "title": "Not Found", "detail": "The resource could not be found.\n\n No resource provider with uuid 846cd280-18bd-42c8-b2b8-8e5e955a2df3 found for delete ", "request_id": "req-e40e654c-1205-4255-b491-bfee341f721e"}]}
2026-04-22 19:40:32.256 8 INFO neutron.services.segments.plugin [-] Segment bfcfbb70-e40c-49a7-943c-dee71974f5f9 resource provider aggregate not found
2026-04-22 19:40:32.264 8 INFO neutron.services.segments.plugin [-] Segment bfcfbb70-e40c-49a7-943c-dee71974f5f9 resource provider aggregate not found
2026-04-22 19:40:32.280 8 INFO neutron.services.segments.plugin [-] Segment bfcfbb70-e40c-49a7-943c-dee71974f5f9 resource provider not found; error: Placement Client Error (4xx): {"errors": [{"status": 404, "title": "Not Found", "detail": "The resource could not be found.\n\n No resource provider with uuid bfcfbb70-e40c-49a7-943c-dee71974f5f9 found for delete ", "request_id": "req-3892ccbd-4cd9-42a2-b986-e75dacf01149"}]}
2026-04-22 19:40:32.287 8 INFO neutron.services.segments.plugin [-] Segment bfcfbb70-e40c-49a7-943c-dee71974f5f9 resource provider not found; error: Placement Client Error (4xx): {"errors": [{"status": 404, "title": "Not Found", "detail": "The resource could not be found.\n\n No resource provider with uuid bfcfbb70-e40c-49a7-943c-dee71974f5f9 found for delete ", "request_id": "req-a1e09196-9cbf-4aa7-8c52-bdd1b273f2d4"}]}
2026-04-22 19:40:32.299 8 INFO neutron.services.segments.plugin [-] Segment fe2b5649-2875-4488-9c54-ac7b4e7495ec resource provider aggregate not found
2026-04-22 19:40:32.316 8 INFO neutron.services.segments.plugin [-] Segment fe2b5649-2875-4488-9c54-ac7b4e7495ec resource provider aggregate not found
2026-04-22 19:40:32.321 8 INFO neutron.services.segments.plugin [-] Segment fe2b5649-2875-4488-9c54-ac7b4e7495ec resource provider not found; error: Placement Client Error (4xx): {"errors": [{"status": 404, "title": "Not Found", "detail": "The resource could not be found.\n\n No resource provider with uuid fe2b5649-2875-4488-9c54-ac7b4e7495ec found for delete ", "request_id": "req-b7d4d047-24bf-4682-9f6c-83989dc5598f"}]}
2026-04-22 19:40:32.338 8 INFO neutron.services.segments.plugin [-] Segment fe2b5649-2875-4488-9c54-ac7b4e7495ec resource provider not found; error: Placement Client Error (4xx): {"errors": [{"status": 404, "title": "Not Found", "detail": "The resource could not be found.\n\n No resource provider with uuid fe2b5649-2875-4488-9c54-ac7b4e7495ec found for delete ", "request_id": "req-7e35c831-d709-4de6-b3fe-d047f829c656"}]} [pid: 7|app: 0|req: 1302/2659] 10.0.0.62 () {32 vars in 773 bytes} [Wed Apr 22 19:40:32 2026] GET /v2.0/security-groups?tenant_id=2d831d0e1bec491cb02b1e6fa97b8762&name=default => generated 2925 bytes in 199 msecs (HTTP/1.1 200) 4 headers in 158 bytes (1 switches on core 0)
2026-04-22 19:40:32.575 8 INFO neutron.db.ovn_revision_numbers_db [None req-eeb784c4-37cf-4b1f-86bc-9113225cc3b4 6eabca9aec25487bbfd504c1ed2082b5 d90143161ddd43d29f10f6e93ed4a7eb - - default default] Successfully bumped revision number for resource d454913b-538b-47d9-a9a6-d4ddf7cd13a3 (type: routers) to 10 [pid: 8|app: 0|req: 1358/2660] 10.0.0.62 () {32 vars in 761 bytes} [Wed Apr 22 19:40:31 2026] DELETE /v2.0/vpn/ipsec-site-connections/9862e75f-4433-49aa-bc34-6d49d4d4e35c => generated 0 bytes in 622 msecs (HTTP/1.1 204) 2 headers in 112 bytes (1 switches on core 0) [pid: 8|app: 0|req: 1359/2661] 10.0.0.62 () {32 vars in 747 bytes} [Wed Apr 22 19:40:32 2026] DELETE /v2.0/vpn/endpoint-groups/4e54bc06-bb2f-4834-a63c-56a0e8e9d0f9 => generated 0 bytes in 19 msecs (HTTP/1.1 204) 2 headers in 112 bytes (1 switches on core 0) [pid: 8|app: 0|req: 1360/2662] 10.0.0.62 () {32 vars in 747 bytes} [Wed Apr 22 19:40:32 2026] DELETE /v2.0/vpn/endpoint-groups/127cc638-3ad0-449c-84ca-5ac843dc0b80 => generated 0 bytes in 33 msecs (HTTP/1.1 204) 2 headers in 112 bytes (1 switches on core 0) [pid: 8|app: 0|req: 1361/2663] 10.0.0.62 () {32 vars in 743 bytes} [Wed Apr 22 19:40:32 2026] DELETE /v2.0/vpn/ipsecpolicies/32c68a03-8869-41e2-9fed-fe7768cf86e3 => generated 0 bytes in 22 msecs (HTTP/1.1 204) 2 headers in 112 bytes (1 switches on core 0) [pid: 8|app: 0|req: 1362/2664] 10.0.0.62 () {32 vars in 739 bytes} [Wed Apr 22 19:40:32 2026] DELETE /v2.0/vpn/ikepolicies/45d23fac-6b2a-470f-b383-162a2caa4c41 => generated 0 bytes in 39 msecs (HTTP/1.1 204) 2 headers in 112 bytes (1 switches on core 0) [pid: 7|app: 0|req: 1303/2665] 10.0.0.62 () {32 vars in 739 bytes} [Wed Apr 22 19:40:32 2026] DELETE /v2.0/security-groups/f03efd33-1a6a-4b90-8c15-d72e5f7ea5e4 => generated 0 bytes in 288 msecs (HTTP/1.1 204) 2 headers in 112 bytes (1 switches on core 0) [pid: 8|app: 0|req: 1363/2666] 10.0.0.62 () {32 vars in 739 bytes} [Wed Apr 22 19:40:32 2026] DELETE /v2.0/vpn/vpnservices/ccc9f310-cfda-460f-a6a3-0251ae19bca3 => generated 0 bytes in 59 msecs (HTTP/1.1 204) 2 headers in 112 bytes (1 switches on core 0)
2026-04-22 19:40:33.041 8 INFO neutron.db.ovn_revision_numbers_db [None req-e1a78275-3c21-4694-9bf4-fb63d5ac34b7 7a580cc6d44a406c9bddba5659c23255 226cc3af6d9847a7951ce62a6ce0234a - - default default] Successfully bumped revision number for resource be2e7006-e692-4d73-952e-3fadcaac26cd (type: security_groups) to 1
2026-04-22 19:40:33.053 8 INFO neutron.db.ovn_revision_numbers_db [None req-e1a78275-3c21-4694-9bf4-fb63d5ac34b7 7a580cc6d44a406c9bddba5659c23255 226cc3af6d9847a7951ce62a6ce0234a - - default default] Successfully bumped revision number for resource 20b8b05a-abd8-424d-a380-1ea94df4090f (type: security_group_rules) to 0
2026-04-22 19:40:33.067 8 INFO neutron.db.ovn_revision_numbers_db [None req-e1a78275-3c21-4694-9bf4-fb63d5ac34b7 7a580cc6d44a406c9bddba5659c23255 226cc3af6d9847a7951ce62a6ce0234a - - default default] Successfully bumped revision number for resource 46d5a860-f277-4450-bdc9-6d06ef2b0ee3 (type: security_group_rules) to 0
2026-04-22 19:40:33.079 8 INFO neutron.db.ovn_revision_numbers_db [None req-e1a78275-3c21-4694-9bf4-fb63d5ac34b7 7a580cc6d44a406c9bddba5659c23255 226cc3af6d9847a7951ce62a6ce0234a - - default default] Successfully bumped revision number for resource 5ee49a00-3402-448c-8259-a4ea0c1274f0 (type: security_group_rules) to 0
2026-04-22 19:40:33.092 8 INFO neutron.db.ovn_revision_numbers_db [None req-e1a78275-3c21-4694-9bf4-fb63d5ac34b7 7a580cc6d44a406c9bddba5659c23255 226cc3af6d9847a7951ce62a6ce0234a - - default default] Successfully bumped revision number for resource b9a530a3-a506-4179-8cfd-1be6a2ea2c4b (type: security_group_rules) to 0
2026-04-22 19:40:33.116 7 INFO neutron_taas.services.taas.taas_plugin [None req-ace25427-2947-48dc-bd9b-932411097a66 6eabca9aec25487bbfd504c1ed2082b5 d90143161ddd43d29f10f6e93ed4a7eb - - default default] TaaS: Handle Delete Port: 1d9254dc-e56c-4acb-a8fb-4cf0234efbb7
2026-04-22 19:40:33.120 7 INFO neutron_taas.services.taas.tap_mirror_plugin [None req-ace25427-2947-48dc-bd9b-932411097a66 6eabca9aec25487bbfd504c1ed2082b5 d90143161ddd43d29f10f6e93ed4a7eb - - default default] Tap Mirror: Handle Delete Port: 1d9254dc-e56c-4acb-a8fb-4cf0234efbb7 [pid: 8|app: 0|req: 1364/2667] 10.0.0.62 () {32 vars in 773 bytes} [Wed Apr 22 19:40:32 2026] GET /v2.0/security-groups?tenant_id=811e35cba0a2463fad8d741f25ca84a6&name=default => generated 2929 bytes in 254 msecs (HTTP/1.1 200) 4 headers in 158 bytes (1 switches on core 0) [pid: 8|app: 0|req: 1365/2668] 10.0.0.62 () {32 vars in 739 bytes} [Wed Apr 22 19:40:33 2026] DELETE /v2.0/security-groups/be2e7006-e692-4d73-952e-3fadcaac26cd => generated 0 bytes in 329 msecs (HTTP/1.1 204) 2 headers in 112 bytes (1 switches on core 0)
2026-04-22 19:40:33.476 7 INFO neutron_taas.services.taas.taas_plugin [None req-132a0a97-d2df-4652-ad36-650fa8458a1a - - - - - -] TaaS: Handle Delete Port: 8327d592-4183-47c7-b166-2a559fad297b
2026-04-22 19:40:33.479 7 INFO neutron_taas.services.taas.tap_mirror_plugin [None req-132a0a97-d2df-4652-ad36-650fa8458a1a - - - - - -] Tap Mirror: Handle Delete Port: 8327d592-4183-47c7-b166-2a559fad297b
2026-04-22 19:40:33.813 8 INFO neutron.db.ovn_revision_numbers_db [None req-39df7305-c43d-460e-8bcf-5bbe55a4f065 7a580cc6d44a406c9bddba5659c23255 226cc3af6d9847a7951ce62a6ce0234a - - default default] Successfully bumped revision number for resource 23fad845-227a-4519-88c5-cdb7b1f99ed8 (type: security_groups) to 1
2026-04-22 19:40:33.827 8 INFO neutron.db.ovn_revision_numbers_db [None req-39df7305-c43d-460e-8bcf-5bbe55a4f065 7a580cc6d44a406c9bddba5659c23255 226cc3af6d9847a7951ce62a6ce0234a - - default default] Successfully bumped revision number for resource 76cf15aa-1cd0-49bb-93e6-8bc42d85eb81 (type: security_group_rules) to 0
2026-04-22 19:40:33.840 8 INFO neutron.db.ovn_revision_numbers_db [None req-39df7305-c43d-460e-8bcf-5bbe55a4f065 7a580cc6d44a406c9bddba5659c23255 226cc3af6d9847a7951ce62a6ce0234a - - default default] Successfully bumped revision number for resource a8ca44c0-7fbd-4272-84c3-02a7d2d79c0c (type: security_group_rules) to 0
2026-04-22 19:40:33.853 8 INFO neutron.db.ovn_revision_numbers_db [None req-39df7305-c43d-460e-8bcf-5bbe55a4f065 7a580cc6d44a406c9bddba5659c23255 226cc3af6d9847a7951ce62a6ce0234a - - default default] Successfully bumped revision number for resource b3ff4002-b006-4ed1-9305-34987d7a1495 (type: security_group_rules) to 0
2026-04-22 19:40:33.864 8 INFO neutron.db.ovn_revision_numbers_db [None req-39df7305-c43d-460e-8bcf-5bbe55a4f065 7a580cc6d44a406c9bddba5659c23255 226cc3af6d9847a7951ce62a6ce0234a - - default default] Successfully bumped revision number for resource e9e95650-6679-49e8-951f-9420824067fc (type: security_group_rules) to 0 [pid: 8|app: 0|req: 1366/2669] 10.0.0.62 () {32 vars in 773 bytes} [Wed Apr 22 19:40:33 2026] GET /v2.0/security-groups?tenant_id=85147320151742caa7ec23871c5194ae&name=default => generated 2929 bytes in 297 msecs (HTTP/1.1 200) 4 headers in 158 bytes (1 switches on core 0)
2026-04-22 19:40:33.948 7 INFO neutron_taas.services.taas.taas_plugin [None req-d22e93f0-9ab6-469d-81f6-c92900b5f415 - - - - - -] TaaS: Handle Delete Port: 4146a961-917f-4b45-a7fa-fefa9decee78
2026-04-22 19:40:33.952 7 INFO neutron_taas.services.taas.tap_mirror_plugin [None req-d22e93f0-9ab6-469d-81f6-c92900b5f415 - - - - - -] Tap Mirror: Handle Delete Port: 4146a961-917f-4b45-a7fa-fefa9decee78
2026-04-22 19:40:34.320 8 INFO neutron.db.ovn_revision_numbers_db [None req-68766a38-7c51-46f6-b56f-da8970a39760 60238f42e9694e65ba9daf0a4e614f85 069ccbdb1592467db9d8706f19779cbe - - default default] Successfully bumped revision number for resource 4029eaa2-c913-4168-91f6-b09bb0e4a338 (type: security_groups) to 1
2026-04-22 19:40:34.335 8 INFO neutron.db.ovn_revision_numbers_db [None req-68766a38-7c51-46f6-b56f-da8970a39760 60238f42e9694e65ba9daf0a4e614f85 069ccbdb1592467db9d8706f19779cbe - - default default] Successfully bumped revision number for resource 10d5a30c-d5a4-41d4-9461-339e477f5bda (type: security_group_rules) to 0
2026-04-22 19:40:34.348 8 INFO neutron.db.ovn_revision_numbers_db [None req-68766a38-7c51-46f6-b56f-da8970a39760 60238f42e9694e65ba9daf0a4e614f85 069ccbdb1592467db9d8706f19779cbe - - default default] Successfully bumped revision number for resource 575a4d9d-f178-454f-bb6c-6c00bbcd86fd (type: security_group_rules) to 0
2026-04-22 19:40:34.362 8 INFO neutron.db.ovn_revision_numbers_db [None req-68766a38-7c51-46f6-b56f-da8970a39760 60238f42e9694e65ba9daf0a4e614f85 069ccbdb1592467db9d8706f19779cbe - - default default] Successfully bumped revision number for resource a89dc5bf-be11-4e8b-8e96-bcbcf2855ad6 (type: security_group_rules) to 0
2026-04-22 19:40:34.377 8 INFO neutron.db.ovn_revision_numbers_db [None req-68766a38-7c51-46f6-b56f-da8970a39760 60238f42e9694e65ba9daf0a4e614f85 069ccbdb1592467db9d8706f19779cbe - - default default] Successfully bumped revision number for resource ad653871-8667-455e-a635-1ab95da294fb (type: security_group_rules) to 0
2026-04-22 19:40:34.453 8 INFO neutron.db.segments_db [None req-68766a38-7c51-46f6-b56f-da8970a39760 60238f42e9694e65ba9daf0a4e614f85 069ccbdb1592467db9d8706f19779cbe - - default default] Added segment 36feb92f-67df-4994-ba89-5f5a9e294c26 of type geneve for network 3b602fbc-7175-424f-aa11-90b55ec3ddb5
2026-04-22 19:40:34.584 8 INFO neutron.db.ovn_revision_numbers_db [None req-68766a38-7c51-46f6-b56f-da8970a39760 60238f42e9694e65ba9daf0a4e614f85 069ccbdb1592467db9d8706f19779cbe - - default default] Successfully bumped revision number for resource 3b602fbc-7175-424f-aa11-90b55ec3ddb5 (type: networks) to 1
2026-04-22 19:40:34.781 8 WARNING neutron.scheduler.dhcp_agent_scheduler [None req-68766a38-7c51-46f6-b56f-da8970a39760 60238f42e9694e65ba9daf0a4e614f85 069ccbdb1592467db9d8706f19779cbe - - default default] No more DHCP agents
2026-04-22 19:40:34.782 8 WARNING neutron.api.rpc.agentnotifiers.dhcp_rpc_agent_api [None req-68766a38-7c51-46f6-b56f-da8970a39760 60238f42e9694e65ba9daf0a4e614f85 069ccbdb1592467db9d8706f19779cbe - - default default] Unable to schedule network 3b602fbc-7175-424f-aa11-90b55ec3ddb5: no agents available; will retry on subsequent port and subnet creation events.
2026-04-22 19:40:34.896 8 INFO neutron.db.ovn_revision_numbers_db [None req-68766a38-7c51-46f6-b56f-da8970a39760 60238f42e9694e65ba9daf0a4e614f85 069ccbdb1592467db9d8706f19779cbe - - default default] Successfully bumped revision number for resource a659aafb-38df-4115-9e4b-3a9fa52d6705 (type: ports) to 1 [pid: 8|app: 0|req: 1367/2670] 10.0.0.62 () {34 vars in 669 bytes} [Wed Apr 22 19:40:33 2026] POST /v2.0/networks => generated 632 bytes in 1015 msecs (HTTP/1.1 201) 4 headers in 162 bytes (1 switches on core 0)
2026-04-22 19:40:34.920 7 INFO neutron_taas.services.taas.taas_plugin [None req-d22e93f0-9ab6-469d-81f6-c92900b5f415 - - - - - -] TaaS: Handle Delete Port: 4baf329d-dfb0-4241-8132-de3f9f6c9b42
2026-04-22 19:40:34.925 7 INFO neutron_taas.services.taas.tap_mirror_plugin [None req-d22e93f0-9ab6-469d-81f6-c92900b5f415 - - - - - -] Tap Mirror: Handle Delete Port: 4baf329d-dfb0-4241-8132-de3f9f6c9b42
2026-04-22 19:40:35.187 7 INFO neutron.services.segments.plugin [-] Segment 813555ad-9293-47a2-8427-a8476dffed17 resource provider aggregate not found
2026-04-22 19:40:35.193 7 INFO neutron.services.segments.plugin [-] Segment 813555ad-9293-47a2-8427-a8476dffed17 resource provider aggregate not found
2026-04-22 19:40:35.209 7 INFO neutron.services.segments.plugin [-] Segment 813555ad-9293-47a2-8427-a8476dffed17 resource provider not found; error: Placement Client Error (4xx): {"errors": [{"status": 404, "title": "Not Found", "detail": "The resource could not be found.\n\n No resource provider with uuid 813555ad-9293-47a2-8427-a8476dffed17 found for delete ", "request_id": "req-00e0610b-2f2e-4436-8354-2ccff2176a4b"}]}
2026-04-22 19:40:35.214 7 INFO neutron.services.segments.plugin [-] Segment 813555ad-9293-47a2-8427-a8476dffed17 resource provider not found; error: Placement Client Error (4xx): {"errors": [{"status": 404, "title": "Not Found", "detail": "The resource could not be found.\n\n No resource provider with uuid 813555ad-9293-47a2-8427-a8476dffed17 found for delete ", "request_id": "req-653c38eb-4668-470c-b891-3ec8eefcd954"}]} [pid: 8|app: 0|req: 1368/2671] 10.0.0.62 () {32 vars in 739 bytes} [Wed Apr 22 19:40:34 2026] DELETE /v2.0/security-groups/23fad845-227a-4519-88c5-cdb7b1f99ed8 => generated 0 bytes in 355 msecs (HTTP/1.1 204) 2 headers in 112 bytes (1 switches on core 0) [pid: 7|app: 0|req: 1304/2672] 10.0.0.62 () {32 vars in 739 bytes} [Wed Apr 22 19:40:32 2026] DELETE /v2.0/vpn/vpnservices/b66ac121-3c61-49ac-a71f-b031c3752aad => generated 0 bytes in 2497 msecs (HTTP/1.1 204) 2 headers in 112 bytes (1 switches on core 0) /var/lib/openstack/lib/python3.12/site-packages/pycadf/identifier.py:70: UserWarning: Invalid uuid: neutron. To ensure interoperability, identifiers should be a valid uuid. warnings.warn(('Invalid uuid: %s. To ensure interoperability, ' [pid: 7|app: 0|req: 1305/2673] 10.0.0.62 () {32 vars in 720 bytes} [Wed Apr 22 19:40:35 2026] GET /v2.0/routers/d454913b-538b-47d9-a9a6-d4ddf7cd13a3 => generated 943 bytes in 74 msecs (HTTP/1.1 200) 4 headers in 157 bytes (1 switches on core 0)
2026-04-22 19:40:35.488 8 WARNING neutron.scheduler.dhcp_agent_scheduler [None req-c057dd5b-7773-4987-97de-02734521e23d 60238f42e9694e65ba9daf0a4e614f85 069ccbdb1592467db9d8706f19779cbe - - default default] No more DHCP agents
2026-04-22 19:40:35.490 8 WARNING neutron.api.rpc.agentnotifiers.dhcp_rpc_agent_api [None req-c057dd5b-7773-4987-97de-02734521e23d 60238f42e9694e65ba9daf0a4e614f85 069ccbdb1592467db9d8706f19779cbe - - default default] Unable to schedule network 3b602fbc-7175-424f-aa11-90b55ec3ddb5: no agents available; will retry on subsequent port and subnet creation events.
2026-04-22 19:40:35.627 8 INFO neutron.db.ovn_revision_numbers_db [None req-c057dd5b-7773-4987-97de-02734521e23d 60238f42e9694e65ba9daf0a4e614f85 069ccbdb1592467db9d8706f19779cbe - - default default] Successfully bumped revision number for resource 39b3a008-2a1f-420a-8ea7-0726ad6d1e86 (type: ports) to 1
2026-04-22 19:40:35.657 7 WARNING neutron.plugins.ml2.drivers.ovn.mech_driver.ovsdb.ovn_client [None req-ec39ae10-c59a-4c9c-ad06-9db11141ba02 - - - - - -] No port found with ID 9365d92c-883d-41e4-be32-0a669e7c311f: RuntimeError: No port found with ID 9365d92c-883d-41e4-be32-0a669e7c311f
2026-04-22 19:40:35.658 7 INFO neutron.plugins.ml2.drivers.ovn.mech_driver.mech_driver [None req-ec39ae10-c59a-4c9c-ad06-9db11141ba02 - - - - - -] OVN reports status down for port: a659aafb-38df-4115-9e4b-3a9fa52d6705 [pid: 8|app: 0|req: 1369/2674] 10.0.0.62 () {34 vars in 663 bytes} [Wed Apr 22 19:40:35 2026] POST /v2.0/ports => generated 743 bytes in 405 msecs (HTTP/1.1 201) 4 headers in 162 bytes (1 switches on core 0) /var/lib/openstack/lib/python3.12/site-packages/pycadf/identifier.py:70: UserWarning: Invalid uuid: neutron. To ensure interoperability, identifiers should be a valid uuid. warnings.warn(('Invalid uuid: %s. To ensure interoperability, '
2026-04-22 19:40:35.825 7 INFO neutron.plugins.ml2.drivers.ovn.mech_driver.mech_driver [None req-ec39ae10-c59a-4c9c-ad06-9db11141ba02 - - - - - -] OVN reports status down for port: 39b3a008-2a1f-420a-8ea7-0726ad6d1e86 [pid: 8|app: 0|req: 1370/2675] 10.0.0.62 () {34 vars in 665 bytes} [Wed Apr 22 19:40:35 2026] POST /v2.0/trunks => generated 409 bytes in 283 msecs (HTTP/1.1 201) 4 headers in 162 bytes (1 switches on core 0)
2026-04-22 19:40:36.066 8 INFO neutron.db.segments_db [None req-c4aedd1d-7403-41d3-9a1a-b9d0204e077c 60238f42e9694e65ba9daf0a4e614f85 069ccbdb1592467db9d8706f19779cbe - - default default] Added segment e2517096-f44c-4910-aa59-c69fff493967 of type geneve for network 92406e44-7d5f-449a-b30e-5632bdbd705f
2026-04-22 19:40:36.199 8 INFO neutron.db.ovn_revision_numbers_db [None req-c4aedd1d-7403-41d3-9a1a-b9d0204e077c 60238f42e9694e65ba9daf0a4e614f85 069ccbdb1592467db9d8706f19779cbe - - default default] Successfully bumped revision number for resource 92406e44-7d5f-449a-b30e-5632bdbd705f (type: networks) to 1
2026-04-22 19:40:36.218 7 INFO neutron.db.ovn_revision_numbers_db [None req-67f2f61f-21b6-4576-97f2-61ef0a2b24ec 6eabca9aec25487bbfd504c1ed2082b5 d90143161ddd43d29f10f6e93ed4a7eb - - default default] Successfully bumped revision number for resource d454913b-538b-47d9-a9a6-d4ddf7cd13a3 (type: routers) to 11 [pid: 7|app: 0|req: 1306/2676] 10.0.0.62 () {34 vars in 741 bytes} [Wed Apr 22 19:40:35 2026] PUT /v2.0/routers/d454913b-538b-47d9-a9a6-d4ddf7cd13a3 => generated 943 bytes in 841 msecs (HTTP/1.1 200) 4 headers in 157 bytes (1 switches on core 0) [pid: 7|app: 0|req: 1307/2677] 10.0.0.62 () {32 vars in 735 bytes} [Wed Apr 22 19:40:36 2026] GET /v2.0/ports?device_id=d454913b-538b-47d9-a9a6-d4ddf7cd13a3 => generated 946 bytes in 76 msecs (HTTP/1.1 200) 4 headers in 157 bytes (1 switches on core 0)
2026-04-22 19:40:36.359 8 WARNING neutron.scheduler.dhcp_agent_scheduler [None req-c4aedd1d-7403-41d3-9a1a-b9d0204e077c 60238f42e9694e65ba9daf0a4e614f85 069ccbdb1592467db9d8706f19779cbe - - default default] No more DHCP agents
2026-04-22 19:40:36.361 8 WARNING neutron.api.rpc.agentnotifiers.dhcp_rpc_agent_api [None req-c4aedd1d-7403-41d3-9a1a-b9d0204e077c 60238f42e9694e65ba9daf0a4e614f85 069ccbdb1592467db9d8706f19779cbe - - default default] Unable to schedule network 92406e44-7d5f-449a-b30e-5632bdbd705f: no agents available; will retry on subsequent port and subnet creation events.
2026-04-22 19:40:36.473 8 INFO neutron.db.ovn_revision_numbers_db [None req-c4aedd1d-7403-41d3-9a1a-b9d0204e077c 60238f42e9694e65ba9daf0a4e614f85 069ccbdb1592467db9d8706f19779cbe - - default default] Successfully bumped revision number for resource 40d893ab-9564-4d9b-8b47-e8f6eb6d8eb0 (type: ports) to 1
2026-04-22 19:40:36.476 7 INFO neutron.plugins.ml2.drivers.ovn.mech_driver.mech_driver [None req-ec39ae10-c59a-4c9c-ad06-9db11141ba02 - - - - - -] OVN reports status down for port: 40d893ab-9564-4d9b-8b47-e8f6eb6d8eb0 [pid: 8|app: 0|req: 1371/2678] 10.0.0.62 () {34 vars in 669 bytes} [Wed Apr 22 19:40:35 2026] POST /v2.0/networks => generated 631 bytes in 522 msecs (HTTP/1.1 201) 4 headers in 162 bytes (1 switches on core 0)
2026-04-22 19:40:36.718 7 INFO neutron_taas.services.taas.taas_plugin [None req-e0602654-22ee-41b1-8ec6-bff4cc97375a 6eabca9aec25487bbfd504c1ed2082b5 d90143161ddd43d29f10f6e93ed4a7eb - - default default] TaaS: Handle Delete Port: ca2697ae-0039-4e5a-b51e-5952957c68dd
2026-04-22 19:40:36.721 7 INFO neutron_taas.services.taas.tap_mirror_plugin [None req-e0602654-22ee-41b1-8ec6-bff4cc97375a 6eabca9aec25487bbfd504c1ed2082b5 d90143161ddd43d29f10f6e93ed4a7eb - - default default] Tap Mirror: Handle Delete Port: ca2697ae-0039-4e5a-b51e-5952957c68dd
2026-04-22 19:40:36.723 8 WARNING neutron.scheduler.dhcp_agent_scheduler [None req-530a4951-744c-4666-bb1c-f9f19ea81c7d 60238f42e9694e65ba9daf0a4e614f85 069ccbdb1592467db9d8706f19779cbe - - default default] No more DHCP agents
2026-04-22 19:40:36.724 8 WARNING neutron.api.rpc.agentnotifiers.dhcp_rpc_agent_api [None req-530a4951-744c-4666-bb1c-f9f19ea81c7d 60238f42e9694e65ba9daf0a4e614f85 069ccbdb1592467db9d8706f19779cbe - - default default] Unable to schedule network 92406e44-7d5f-449a-b30e-5632bdbd705f: no agents available; will retry on subsequent port and subnet creation events.
2026-04-22 19:40:36.845 7 INFO neutron.plugins.ml2.drivers.ovn.mech_driver.mech_driver [None req-ec39ae10-c59a-4c9c-ad06-9db11141ba02 - - - - - -] OVN reports status down for port: 6c022881-f82b-446f-a87f-7c6399ccb437
2026-04-22 19:40:36.878 8 INFO neutron.db.ovn_revision_numbers_db [None req-530a4951-744c-4666-bb1c-f9f19ea81c7d 60238f42e9694e65ba9daf0a4e614f85 069ccbdb1592467db9d8706f19779cbe - - default default] Successfully bumped revision number for resource 6c022881-f82b-446f-a87f-7c6399ccb437 (type: ports) to 1 [pid: 8|app: 0|req: 1372/2679] 10.0.0.62 () {34 vars in 663 bytes} [Wed Apr 22 19:40:36 2026] POST /v2.0/ports => generated 743 bytes in 434 msecs (HTTP/1.1 201) 4 headers in 162 bytes (1 switches on core 0) /var/lib/openstack/lib/python3.12/site-packages/pycadf/identifier.py:70: UserWarning: Invalid uuid: neutron. To ensure interoperability, identifiers should be a valid uuid. warnings.warn(('Invalid uuid: %s. To ensure interoperability, ' [pid: 8|app: 0|req: 1373/2680] 10.0.0.62 () {34 vars in 665 bytes} [Wed Apr 22 19:40:36 2026] POST /v2.0/trunks => generated 409 bytes in 198 msecs (HTTP/1.1 201) 4 headers in 162 bytes (1 switches on core 0)
2026-04-22 19:40:37.221 8 INFO neutron.db.segments_db [None req-84b0f2bf-0d08-40d0-97f8-021630873ba5 60238f42e9694e65ba9daf0a4e614f85 069ccbdb1592467db9d8706f19779cbe - - default default] Added segment 1cfe6df7-2a51-4209-af26-cee583b1c3f3 of type geneve for network 897d9d79-1d58-494e-8a2c-c29cfb5985c4
2026-04-22 19:40:37.340 8 INFO neutron.db.ovn_revision_numbers_db [None req-84b0f2bf-0d08-40d0-97f8-021630873ba5 60238f42e9694e65ba9daf0a4e614f85 069ccbdb1592467db9d8706f19779cbe - - default default] Successfully bumped revision number for resource 897d9d79-1d58-494e-8a2c-c29cfb5985c4 (type: networks) to 1 [pid: 7|app: 0|req: 1308/2681] 10.0.0.62 () {34 vars in 788 bytes} [Wed Apr 22 19:40:36 2026] PUT /v2.0/routers/d454913b-538b-47d9-a9a6-d4ddf7cd13a3/remove_router_interface => generated 309 bytes in 1111 msecs (HTTP/1.1 200) 4 headers in 157 bytes (1 switches on core 0) /var/lib/openstack/lib/python3.12/site-packages/pycadf/identifier.py:70: UserWarning: Invalid uuid: neutron. To ensure interoperability, identifiers should be a valid uuid. warnings.warn(('Invalid uuid: %s. To ensure interoperability, '
2026-04-22 19:40:37.546 8 WARNING neutron.scheduler.dhcp_agent_scheduler [None req-84b0f2bf-0d08-40d0-97f8-021630873ba5 60238f42e9694e65ba9daf0a4e614f85 069ccbdb1592467db9d8706f19779cbe - - default default] No more DHCP agents
2026-04-22 19:40:37.547 8 WARNING neutron.api.rpc.agentnotifiers.dhcp_rpc_agent_api [None req-84b0f2bf-0d08-40d0-97f8-021630873ba5 60238f42e9694e65ba9daf0a4e614f85 069ccbdb1592467db9d8706f19779cbe - - default default] Unable to schedule network 897d9d79-1d58-494e-8a2c-c29cfb5985c4: no agents available; will retry on subsequent port and subnet creation events.
2026-04-22 19:40:37.647 8 INFO neutron.db.ovn_revision_numbers_db [None req-84b0f2bf-0d08-40d0-97f8-021630873ba5 60238f42e9694e65ba9daf0a4e614f85 069ccbdb1592467db9d8706f19779cbe - - default default] Successfully bumped revision number for resource 12c2b871-4e4b-4bec-aa5c-7a32f8067f54 (type: ports) to 1
2026-04-22 19:40:37.665 7 INFO neutron.plugins.ml2.drivers.ovn.mech_driver.mech_driver [None req-ec39ae10-c59a-4c9c-ad06-9db11141ba02 - - - - - -] OVN reports status down for port: 12c2b871-4e4b-4bec-aa5c-7a32f8067f54 [pid: 8|app: 0|req: 1374/2682] 10.0.0.62 () {34 vars in 669 bytes} [Wed Apr 22 19:40:37 2026] POST /v2.0/networks => generated 632 bytes in 528 msecs (HTTP/1.1 201) 4 headers in 162 bytes (1 switches on core 0)
2026-04-22 19:40:37.845 7 INFO neutron_taas.services.taas.taas_plugin [None req-38f4bc53-9350-472b-af61-1f18b6e7b138 6eabca9aec25487bbfd504c1ed2082b5 d90143161ddd43d29f10f6e93ed4a7eb - - default default] TaaS: Handle Delete Port: 9d89951c-7bf3-4602-be94-c70db0138cf0
2026-04-22 19:40:37.849 7 INFO neutron_taas.services.taas.tap_mirror_plugin [None req-38f4bc53-9350-472b-af61-1f18b6e7b138 6eabca9aec25487bbfd504c1ed2082b5 d90143161ddd43d29f10f6e93ed4a7eb - - default default] Tap Mirror: Handle Delete Port: 9d89951c-7bf3-4602-be94-c70db0138cf0
2026-04-22 19:40:37.870 8 WARNING neutron.scheduler.dhcp_agent_scheduler [None req-f1a4b007-5c0b-4210-a962-23134cbae012 60238f42e9694e65ba9daf0a4e614f85 069ccbdb1592467db9d8706f19779cbe - - default default] No more DHCP agents
2026-04-22 19:40:37.871 8 WARNING neutron.api.rpc.agentnotifiers.dhcp_rpc_agent_api [None req-f1a4b007-5c0b-4210-a962-23134cbae012 60238f42e9694e65ba9daf0a4e614f85 069ccbdb1592467db9d8706f19779cbe - - default default] Unable to schedule network 897d9d79-1d58-494e-8a2c-c29cfb5985c4: no agents available; will retry on subsequent port and subnet creation events.
2026-04-22 19:40:38.011 7 INFO neutron.plugins.ml2.drivers.ovn.mech_driver.mech_driver [None req-ec39ae10-c59a-4c9c-ad06-9db11141ba02 - - - - - -] OVN reports status down for port: 07772ae7-c38b-4695-8fb4-e7366268b151
2026-04-22 19:40:38.019 8 INFO neutron.db.ovn_revision_numbers_db [None req-f1a4b007-5c0b-4210-a962-23134cbae012 60238f42e9694e65ba9daf0a4e614f85 069ccbdb1592467db9d8706f19779cbe - - default default] Successfully bumped revision number for resource 07772ae7-c38b-4695-8fb4-e7366268b151 (type: ports) to 1 [pid: 8|app: 0|req: 1375/2683] 10.0.0.62 () {34 vars in 663 bytes} [Wed Apr 22 19:40:37 2026] POST /v2.0/ports => generated 743 bytes in 393 msecs (HTTP/1.1 201) 4 headers in 162 bytes (1 switches on core 0) /var/lib/openstack/lib/python3.12/site-packages/pycadf/identifier.py:70: UserWarning: Invalid uuid: neutron. To ensure interoperability, identifiers should be a valid uuid. warnings.warn(('Invalid uuid: %s. To ensure interoperability, ' [pid: 8|app: 0|req: 1376/2684] 10.0.0.62 () {34 vars in 665 bytes} [Wed Apr 22 19:40:38 2026] POST /v2.0/trunks => generated 409 bytes in 209 msecs (HTTP/1.1 201) 4 headers in 162 bytes (1 switches on core 0)
2026-04-22 19:40:38.399 8 INFO neutron.db.segments_db [None req-7d2bf868-c285-4006-958c-9db5d673ca82 60238f42e9694e65ba9daf0a4e614f85 069ccbdb1592467db9d8706f19779cbe - - default default] Added segment e90a80e3-8962-4a27-b009-c16aef492ed5 of type geneve for network 68e91f01-15cc-41f7-bf1c-658885e45b3f [pid: 7|app: 0|req: 1309/2685] 10.0.0.62 () {32 vars in 723 bytes} [Wed Apr 22 19:40:37 2026] DELETE /v2.0/routers/d454913b-538b-47d9-a9a6-d4ddf7cd13a3 => generated 0 bytes in 1000 msecs (HTTP/1.1 204) 2 headers in 112 bytes (1 switches on core 0) [pid: 7|app: 0|req: 1310/2686] 10.0.0.62 () {32 vars in 720 bytes} [Wed Apr 22 19:40:38 2026] GET /v2.0/routers/be306d94-54cc-4ac6-93f3-2137175f9a31 => generated 941 bytes in 90 msecs (HTTP/1.1 200) 4 headers in 157 bytes (1 switches on core 0)
2026-04-22 19:40:38.529 8 INFO neutron.db.ovn_revision_numbers_db [None req-7d2bf868-c285-4006-958c-9db5d673ca82 60238f42e9694e65ba9daf0a4e614f85 069ccbdb1592467db9d8706f19779cbe - - default default] Successfully bumped revision number for resource 68e91f01-15cc-41f7-bf1c-658885e45b3f (type: networks) to 1
2026-04-22 19:40:38.688 8 WARNING neutron.scheduler.dhcp_agent_scheduler [None req-7d2bf868-c285-4006-958c-9db5d673ca82 60238f42e9694e65ba9daf0a4e614f85 069ccbdb1592467db9d8706f19779cbe - - default default] No more DHCP agents
2026-04-22 19:40:38.689 8 WARNING neutron.api.rpc.agentnotifiers.dhcp_rpc_agent_api [None req-7d2bf868-c285-4006-958c-9db5d673ca82 60238f42e9694e65ba9daf0a4e614f85 069ccbdb1592467db9d8706f19779cbe - - default default] Unable to schedule network 68e91f01-15cc-41f7-bf1c-658885e45b3f: no agents available; will retry on subsequent port and subnet creation events.
2026-04-22 19:40:38.791 7 INFO neutron.plugins.ml2.drivers.ovn.mech_driver.mech_driver [None req-ec39ae10-c59a-4c9c-ad06-9db11141ba02 - - - - - -] OVN reports status down for port: f8222fcb-823a-4fbe-b45a-7eb04c039575
2026-04-22 19:40:38.795 8 INFO neutron.db.ovn_revision_numbers_db [None req-7d2bf868-c285-4006-958c-9db5d673ca82 60238f42e9694e65ba9daf0a4e614f85 069ccbdb1592467db9d8706f19779cbe - - default default] Successfully bumped revision number for resource f8222fcb-823a-4fbe-b45a-7eb04c039575 (type: ports) to 1 [pid: 8|app: 0|req: 1377/2687] 10.0.0.62 () {34 vars in 669 bytes} [Wed Apr 22 19:40:38 2026] POST /v2.0/networks => generated 632 bytes in 524 msecs (HTTP/1.1 201) 4 headers in 162 bytes (1 switches on core 0)
2026-04-22 19:40:38.996 8 WARNING neutron.scheduler.dhcp_agent_scheduler [None req-859a2b9e-9662-41aa-8a3e-a1a249ec5762 60238f42e9694e65ba9daf0a4e614f85 069ccbdb1592467db9d8706f19779cbe - - default default] No more DHCP agents
2026-04-22 19:40:38.998 8 WARNING neutron.api.rpc.agentnotifiers.dhcp_rpc_agent_api [None req-859a2b9e-9662-41aa-8a3e-a1a249ec5762 60238f42e9694e65ba9daf0a4e614f85 069ccbdb1592467db9d8706f19779cbe - - default default] Unable to schedule network 68e91f01-15cc-41f7-bf1c-658885e45b3f: no agents available; will retry on subsequent port and subnet creation events.
2026-04-22 19:40:39.127 7 INFO neutron.plugins.ml2.drivers.ovn.mech_driver.mech_driver [None req-ec39ae10-c59a-4c9c-ad06-9db11141ba02 - - - - - -] OVN reports status down for port: b430126f-7a0a-484b-ac29-8dc77fb02d3c
2026-04-22 19:40:39.130 8 INFO neutron.db.ovn_revision_numbers_db [None req-859a2b9e-9662-41aa-8a3e-a1a249ec5762 60238f42e9694e65ba9daf0a4e614f85 069ccbdb1592467db9d8706f19779cbe - - default default] Successfully bumped revision number for resource b430126f-7a0a-484b-ac29-8dc77fb02d3c (type: ports) to 1 [pid: 8|app: 0|req: 1378/2688] 10.0.0.62 () {34 vars in 663 bytes} [Wed Apr 22 19:40:38 2026] POST /v2.0/ports => generated 743 bytes in 361 msecs (HTTP/1.1 201) 4 headers in 162 bytes (1 switches on core 0) /var/lib/openstack/lib/python3.12/site-packages/pycadf/identifier.py:70: UserWarning: Invalid uuid: neutron. To ensure interoperability, identifiers should be a valid uuid. warnings.warn(('Invalid uuid: %s. To ensure interoperability, ' [pid: 8|app: 0|req: 1379/2689] 10.0.0.62 () {34 vars in 665 bytes} [Wed Apr 22 19:40:39 2026] POST /v2.0/trunks => generated 409 bytes in 148 msecs (HTTP/1.1 201) 4 headers in 162 bytes (1 switches on core 0)
2026-04-22 19:40:39.425 7 INFO neutron.db.ovn_revision_numbers_db [None req-143f261b-134c-4476-9d50-494707d8fdc4 6eabca9aec25487bbfd504c1ed2082b5 d90143161ddd43d29f10f6e93ed4a7eb - - default default] Successfully bumped revision number for resource be306d94-54cc-4ac6-93f3-2137175f9a31 (type: routers) to 5 [pid: 7|app: 0|req: 1311/2690] 10.0.0.62 () {34 vars in 741 bytes} [Wed Apr 22 19:40:38 2026] PUT /v2.0/routers/be306d94-54cc-4ac6-93f3-2137175f9a31 => generated 941 bytes in 909 msecs (HTTP/1.1 200) 4 headers in 157 bytes (1 switches on core 0)
2026-04-22 19:40:39.521 7 INFO neutron.db.segments_db [None req-d5c98e4b-2ac8-4263-8ec7-b5a7bf79acf4 60238f42e9694e65ba9daf0a4e614f85 069ccbdb1592467db9d8706f19779cbe - - default default] Added segment 01951b33-2b8f-4cd5-806c-72f66b19ae48 of type geneve for network 906b1ced-ecf9-44f0-87e6-62cf3b1bcc97
2026-04-22 19:40:39.576 8 INFO neutron.db.ovn_revision_numbers_db [None req-f9e753bf-ebc2-4975-9245-c0b6b10442f9 7cf0f32e684c48f4890a73dc6ef0de96 c86df77577bc432fb23399d730efe38b - - default default] Successfully bumped revision number for resource 0fadcb87-07b2-4cb3-9fa0-f971af4b592b (type: routers) to 1 [pid: 8|app: 0|req: 1380/2691] 10.0.0.62 () {34 vars in 667 bytes} [Wed Apr 22 19:40:39 2026] POST /v2.0/routers => generated 570 bytes in 263 msecs (HTTP/1.1 201) 4 headers in 162 bytes (1 switches on core 0)
2026-04-22 19:40:39.667 7 INFO neutron.db.ovn_revision_numbers_db [None req-d5c98e4b-2ac8-4263-8ec7-b5a7bf79acf4 60238f42e9694e65ba9daf0a4e614f85 069ccbdb1592467db9d8706f19779cbe - - default default] Successfully bumped revision number for resource 906b1ced-ecf9-44f0-87e6-62cf3b1bcc97 (type: networks) to 1 [pid: 8|app: 0|req: 1381/2692] 10.0.0.62 () {32 vars in 735 bytes} [Wed Apr 22 19:40:39 2026] GET /v2.0/ports?device_id=be306d94-54cc-4ac6-93f3-2137175f9a31 => generated 950 bytes in 113 msecs (HTTP/1.1 200) 4 headers in 157 bytes (1 switches on core 0)
2026-04-22 19:40:39.822 8 INFO neutron.db.ovn_revision_numbers_db [None req-ca5e76cd-1e97-4b4e-84ef-7c999892f20a 7cf0f32e684c48f4890a73dc6ef0de96 c86df77577bc432fb23399d730efe38b - - default default] Successfully bumped revision number for resource 445ec271-caa5-42c1-a6d1-d31c34862c86 (type: routers) to 1 [pid: 8|app: 0|req: 1382/2693] 10.0.0.62 () {34 vars in 667 bytes} [Wed Apr 22 19:40:39 2026] POST /v2.0/routers => generated 570 bytes in 129 msecs (HTTP/1.1 201) 4 headers in 162 bytes (1 switches on core 0)
2026-04-22 19:40:39.843 7 WARNING neutron.scheduler.dhcp_agent_scheduler [None req-d5c98e4b-2ac8-4263-8ec7-b5a7bf79acf4 60238f42e9694e65ba9daf0a4e614f85 069ccbdb1592467db9d8706f19779cbe - - default default] No more DHCP agents
2026-04-22 19:40:39.845 7 WARNING neutron.api.rpc.agentnotifiers.dhcp_rpc_agent_api [None req-d5c98e4b-2ac8-4263-8ec7-b5a7bf79acf4 60238f42e9694e65ba9daf0a4e614f85 069ccbdb1592467db9d8706f19779cbe - - default default] Unable to schedule network 906b1ced-ecf9-44f0-87e6-62cf3b1bcc97: no agents available; will retry on subsequent port and subnet creation events.
2026-04-22 19:40:39.906 7 INFO neutron.plugins.ml2.drivers.ovn.mech_driver.mech_driver [None req-ec39ae10-c59a-4c9c-ad06-9db11141ba02 - - - - - -] OVN reports status down for port: e954e5e6-939e-4518-8409-d6d1612f2a29
