2026-04-22 19:38:12.218 8 INFO neutron.db.ovn_revision_numbers_db [None req-0b744a7e-1776-4bf3-bf24-66e29031adf2 3c697e2cd71b4743b31eebc2b65fdcda ca3d0fc344ab412da326081e44dcc632 - - default default] Successfully bumped revision number for resource 9f8bc938-942a-4995-8c38-b8eb20678cee (type: ports) to 1 [pid: 8|app: 0|req: 882/1696] 10.0.0.62 () {34 vars in 664 bytes} [Wed Apr 22 19:38:11 2026] POST /v2.0/ports => generated 924 bytes in 479 msecs (HTTP/1.1 201) 4 headers in 162 bytes (1 switches on core 0) [pid: 7|app: 0|req: 815/1697] 10.0.0.62 () {34 vars in 669 bytes} [Wed Apr 22 19:38:10 2026] POST /v2.0/networks => generated 1244 bytes in 1579 msecs (HTTP/1.1 201) 4 headers in 163 bytes (1 switches on core 0) [pid: 8|app: 0|req: 883/1698] 199.204.45.132 () {34 vars in 1052 bytes} [Wed Apr 22 19:38:12 2026] GET /v2.0/ports?network_id=75752e79-0546-49a4-9c52-ceb99e2172c4&device_owner=network%3Adhcp => generated 12 bytes in 17 msecs (HTTP/1.1 200) 4 headers in 156 bytes (1 switches on core 0)
2026-04-22 19:38:12.306 7 INFO neutron.plugins.ml2.drivers.ovn.mech_driver.mech_driver [None req-71a372b7-4b79-4df0-96e7-c127a78253b9 - - - - - -] OVN reports status down for port: 9f8bc938-942a-4995-8c38-b8eb20678cee
2026-04-22 19:38:12.362 7 INFO neutron.db.segments_db [None req-399a729f-463a-4c18-b39c-faef54a0640b e3a7ac24bd60477ba4f0b1425af155fb 42d435e8a8124f4a856c0158b9a6ea3c - - default default] Added segment 7eb10aa3-e12a-48ad-b184-316ace16b97b of type geneve for network d58a0e73-05c7-4197-a85f-b9b8f00caf4b
2026-04-22 19:38:12.374 8 INFO neutron_taas.services.taas.taas_plugin [None req-c95a2b14-7049-4069-b2e5-a3ba620ad43a 3c697e2cd71b4743b31eebc2b65fdcda ca3d0fc344ab412da326081e44dcc632 - - default default] TaaS: Handle Delete Port: 9f8bc938-942a-4995-8c38-b8eb20678cee
2026-04-22 19:38:12.377 8 INFO neutron_taas.services.taas.tap_mirror_plugin [None req-c95a2b14-7049-4069-b2e5-a3ba620ad43a 3c697e2cd71b4743b31eebc2b65fdcda ca3d0fc344ab412da326081e44dcc632 - - default default] Tap Mirror: Handle Delete Port: 9f8bc938-942a-4995-8c38-b8eb20678cee
2026-04-22 19:38:12.487 7 INFO neutron.db.ovn_revision_numbers_db [None req-399a729f-463a-4c18-b39c-faef54a0640b e3a7ac24bd60477ba4f0b1425af155fb 42d435e8a8124f4a856c0158b9a6ea3c - - default default] Successfully bumped revision number for resource d58a0e73-05c7-4197-a85f-b9b8f00caf4b (type: networks) to 1 [pid: 8|app: 0|req: 884/1699] 10.0.0.62 () {32 vars in 719 bytes} [Wed Apr 22 19:38:12 2026] DELETE /v2.0/ports/9f8bc938-942a-4995-8c38-b8eb20678cee => generated 0 bytes in 282 msecs (HTTP/1.1 204) 3 headers in 131 bytes (1 switches on core 0) [pid: 8|app: 0|req: 885/1700] 10.0.0.62 () {32 vars in 648 bytes} [Wed Apr 22 19:38:12 2026] GET /v2.0/networks => generated 1855 bytes in 49 msecs (HTTP/1.1 200) 4 headers in 158 bytes (1 switches on core 0) [pid: 8|app: 0|req: 886/1701] 199.204.45.132 () {34 vars in 1012 bytes} [Wed Apr 22 19:38:12 2026] GET /v2.0/networks/75752e79-0546-49a4-9c52-ceb99e2172c4?fields=segments => generated 14 bytes in 36 msecs (HTTP/1.1 200) 4 headers in 156 bytes (1 switches on core 0)
2026-04-22 19:38:12.643 8 INFO neutron.pecan_wsgi.hooks.translation [None req-3dd99b11-4ebf-4184-9e10-a5530263bc48 3c697e2cd71b4743b31eebc2b65fdcda ca3d0fc344ab412da326081e44dcc632 - - default default] GET failed (client error): The resource could not be found. [pid: 8|app: 0|req: 889/1704] 10.0.0.62 () {32 vars in 716 bytes} [Wed Apr 22 19:38:12 2026] GET /v2.0/ports/9f8bc938-942a-4995-8c38-b8eb20678cee => generated 132 bytes in 13 msecs (HTTP/1.1 404) 4 headers in 164 bytes (1 switches on core 0)
2026-04-22 19:38:12.691 7 WARNING neutron.scheduler.dhcp_agent_scheduler [None req-399a729f-463a-4c18-b39c-faef54a0640b e3a7ac24bd60477ba4f0b1425af155fb 42d435e8a8124f4a856c0158b9a6ea3c - - default default] No more DHCP agents
2026-04-22 19:38:12.693 7 WARNING neutron.api.rpc.agentnotifiers.dhcp_rpc_agent_api [None req-399a729f-463a-4c18-b39c-faef54a0640b e3a7ac24bd60477ba4f0b1425af155fb 42d435e8a8124f4a856c0158b9a6ea3c - - default default] Unable to schedule network d58a0e73-05c7-4197-a85f-b9b8f00caf4b: no agents available; will retry on subsequent port and subnet creation events.
2026-04-22 19:38:12.771 7 INFO neutron.plugins.ml2.drivers.ovn.mech_driver.mech_driver [None req-71a372b7-4b79-4df0-96e7-c127a78253b9 - - - - - -] OVN reports status down for port: a9c6e7dd-5adb-4112-840c-ed0e9839cbd3
2026-04-22 19:38:12.821 8 INFO neutron_taas.services.taas.taas_plugin [None req-0e179520-d8ec-489b-a258-8952bb3b9076 0583ceace2b8461a8bb47ae4b6be1ca6 c4b3caa1ecf14d7a97a5a956ada22caa - - default default] TaaS: Handle Delete Port: 9713fe71-9cef-4f22-bdfd-834fc6575ecc
2026-04-22 19:38:12.823 8 INFO neutron_taas.services.taas.tap_mirror_plugin [None req-0e179520-d8ec-489b-a258-8952bb3b9076 0583ceace2b8461a8bb47ae4b6be1ca6 c4b3caa1ecf14d7a97a5a956ada22caa - - default default] Tap Mirror: Handle Delete Port: 9713fe71-9cef-4f22-bdfd-834fc6575ecc
2026-04-22 19:38:12.836 7 INFO neutron.db.ovn_revision_numbers_db [None req-399a729f-463a-4c18-b39c-faef54a0640b e3a7ac24bd60477ba4f0b1425af155fb 42d435e8a8124f4a856c0158b9a6ea3c - - default default] Successfully bumped revision number for resource a9c6e7dd-5adb-4112-840c-ed0e9839cbd3 (type: ports) to 1 [pid: 7|app: 0|req: 816/1705] 10.0.0.62 () {34 vars in 669 bytes} [Wed Apr 22 19:38:12 2026] POST /v2.0/networks => generated 632 bytes in 637 msecs (HTTP/1.1 201) 4 headers in 162 bytes (1 switches on core 0) [pid: 7|app: 0|req: 817/1706] 199.204.45.132 () {34 vars in 1112 bytes} [Wed Apr 22 19:38:12 2026] GET /v2.0/networks/75752e79-0546-49a4-9c52-ceb99e2172c4?fields=provider%3Aphysical_network&fields=provider%3Anetwork_type => generated 79 bytes in 80 msecs (HTTP/1.1 200) 4 headers in 156 bytes (1 switches on core 0)
2026-04-22 19:38:13.029 8 INFO neutron.services.segments.plugin [-] Segment a6942e43-ca48-4b7d-86ec-4e7ab76d0d5e resource provider aggregate not found
2026-04-22 19:38:13.034 8 INFO neutron.services.segments.plugin [-] Segment a6942e43-ca48-4b7d-86ec-4e7ab76d0d5e resource provider aggregate not found
2026-04-22 19:38:13.046 8 INFO neutron.services.segments.plugin [-] Segment a6942e43-ca48-4b7d-86ec-4e7ab76d0d5e resource provider not found; error: Placement Client Error (4xx): {"errors": [{"status": 404, "title": "Not Found", "detail": "The resource could not be found.\n\n No resource provider with uuid a6942e43-ca48-4b7d-86ec-4e7ab76d0d5e found for delete ", "request_id": "req-b7302793-3fd4-4d86-a5bc-6a5237fe0c8a"}]}
2026-04-22 19:38:13.050 8 INFO neutron.services.segments.plugin [-] Segment a6942e43-ca48-4b7d-86ec-4e7ab76d0d5e resource provider not found; error: Placement Client Error (4xx): {"errors": [{"status": 404, "title": "Not Found", "detail": "The resource could not be found.\n\n No resource provider with uuid a6942e43-ca48-4b7d-86ec-4e7ab76d0d5e found for delete ", "request_id": "req-87210975-ca9f-4919-8097-e2a11f707e7c"}]} [pid: 8|app: 0|req: 890/1707] 10.0.0.62 () {32 vars in 725 bytes} [Wed Apr 22 19:38:12 2026] DELETE /v2.0/networks/bcc39d6c-fc07-41bf-a696-21186c982f68 => generated 0 bytes in 446 msecs (HTTP/1.1 204) 3 headers in 131 bytes (1 switches on core 0) [pid: 7|app: 0|req: 818/1708] 10.0.0.62 () {32 vars in 723 bytes} [Wed Apr 22 19:38:12 2026] DELETE /v2.0/subnets/1923b8be-0187-4088-b029-9d4c201e13aa => generated 0 bytes in 168 msecs (HTTP/1.1 204) 3 headers in 131 bytes (1 switches on core 0) [pid: 8|app: 0|req: 891/1709] 10.0.0.79 () {34 vars in 989 bytes} [Wed Apr 22 19:38:13 2026] GET /v2.0/ports?device_id=1573839a-8764-408a-bb5c-c126be9acf7f => generated 969 bytes in 87 msecs (HTTP/1.1 200) 4 headers in 157 bytes (1 switches on core 0)
2026-04-22 19:38:13.302 8 INFO neutron_taas.services.taas.taas_plugin [None req-cf6bab00-dee1-4b50-84ed-cd85ee78c50b 0583ceace2b8461a8bb47ae4b6be1ca6 c4b3caa1ecf14d7a97a5a956ada22caa - - default default] TaaS: Handle Delete Port: 4e2b8624-1429-4363-9e77-17634af1c1ea
2026-04-22 19:38:13.305 8 INFO neutron_taas.services.taas.tap_mirror_plugin [None req-cf6bab00-dee1-4b50-84ed-cd85ee78c50b 0583ceace2b8461a8bb47ae4b6be1ca6 c4b3caa1ecf14d7a97a5a956ada22caa - - default default] Tap Mirror: Handle Delete Port: 4e2b8624-1429-4363-9e77-17634af1c1ea
2026-04-22 19:38:13.339 7 WARNING neutron.scheduler.dhcp_agent_scheduler [None req-d5755720-bac4-4562-b958-2b06cb6c70e8 e3a7ac24bd60477ba4f0b1425af155fb 42d435e8a8124f4a856c0158b9a6ea3c - - default default] No more DHCP agents
2026-04-22 19:38:13.340 7 WARNING neutron.api.rpc.agentnotifiers.dhcp_rpc_agent_api [None req-d5755720-bac4-4562-b958-2b06cb6c70e8 e3a7ac24bd60477ba4f0b1425af155fb 42d435e8a8124f4a856c0158b9a6ea3c - - default default] Unable to schedule network d58a0e73-05c7-4197-a85f-b9b8f00caf4b: no agents available; will retry on subsequent port and subnet creation events. [pid: 8|app: 0|req: 892/1710] 10.0.0.62 () {32 vars in 725 bytes} [Wed Apr 22 19:38:13 2026] DELETE /v2.0/networks/0ffe764a-a7e1-40df-b217-b1816df0fbf1 => generated 0 bytes in 363 msecs (HTTP/1.1 204) 3 headers in 131 bytes (1 switches on core 0)
2026-04-22 19:38:13.650 8 INFO neutron_taas.services.taas.taas_plugin [None req-f07a7655-bfa2-41aa-bcda-33cf81f861c0 3c697e2cd71b4743b31eebc2b65fdcda ca3d0fc344ab412da326081e44dcc632 - - default default] TaaS: Handle Delete Port: 4ebb6cdf-9d7a-4207-b56d-73eace0bcec8
2026-04-22 19:38:13.652 8 INFO neutron_taas.services.taas.tap_mirror_plugin [None req-f07a7655-bfa2-41aa-bcda-33cf81f861c0 3c697e2cd71b4743b31eebc2b65fdcda ca3d0fc344ab412da326081e44dcc632 - - default default] Tap Mirror: Handle Delete Port: 4ebb6cdf-9d7a-4207-b56d-73eace0bcec8
2026-04-22 19:38:13.898 7 INFO neutron.db.ovn_revision_numbers_db [None req-8d87a65f-b0ff-4cf8-b1b4-f67d0e177193 - - - - - -] Successfully bumped revision number for resource a9c6e7dd-5adb-4112-840c-ed0e9839cbd3 (type: ports) to 2 [pid: 8|app: 0|req: 893/1711] 10.0.0.62 () {32 vars in 725 bytes} [Wed Apr 22 19:38:13 2026] DELETE /v2.0/networks/6b545a6a-8077-4289-a6a5-ee2f47b94620 => generated 0 bytes in 363 msecs (HTTP/1.1 204) 3 headers in 131 bytes (1 switches on core 0) [pid: 8|app: 0|req: 894/1712] 10.0.0.79 () {34 vars in 1039 bytes} [Wed Apr 22 19:38:13 2026] GET /v2.0/security-groups?id=c0529926-5d7d-4713-93c8-987d3bdbc41b&fields=id&fields=name => generated 113 bytes in 26 msecs (HTTP/1.1 200) 4 headers in 157 bytes (1 switches on core 0)
2026-04-22 19:38:13.934 7 INFO neutron.db.ovn_revision_numbers_db [None req-8d87a65f-b0ff-4cf8-b1b4-f67d0e177193 - - - - - -] Successfully bumped revision number for resource 525c0f3e-9667-40d5-9ad9-96a81d7ae90e (type: subnets) to 0 [pid: 7|app: 0|req: 819/1713] 10.0.0.62 () {34 vars in 668 bytes} [Wed Apr 22 19:38:13 2026] POST /v2.0/subnets => generated 626 bytes in 818 msecs (HTTP/1.1 201) 4 headers in 162 bytes (1 switches on core 0) [pid: 8|app: 0|req: 895/1714] 10.0.0.62 () {32 vars in 648 bytes} [Wed Apr 22 19:38:13 2026] GET /v2.0/networks => generated 651 bytes in 53 msecs (HTTP/1.1 200) 4 headers in 157 bytes (1 switches on core 0)
2026-04-22 19:38:14.173 7 WARNING neutron.scheduler.dhcp_agent_scheduler [None req-ca941431-234e-43f3-ad37-b50b140a87a5 3c697e2cd71b4743b31eebc2b65fdcda ca3d0fc344ab412da326081e44dcc632 - - default default] No more DHCP agents
2026-04-22 19:38:14.175 7 WARNING neutron.api.rpc.agentnotifiers.dhcp_rpc_agent_api [None req-ca941431-234e-43f3-ad37-b50b140a87a5 3c697e2cd71b4743b31eebc2b65fdcda ca3d0fc344ab412da326081e44dcc632 - - default default] Unable to schedule network 3ea0721d-64ff-4589-bfe8-7559deed78d1: no agents available; will retry on subsequent port and subnet creation events.
2026-04-22 19:38:14.245 7 INFO neutron.plugins.ml2.drivers.ovn.mech_driver.mech_driver [None req-71a372b7-4b79-4df0-96e7-c127a78253b9 - - - - - -] OVN reports status down for port: 32768f9c-fbb7-4f44-b21d-9c40d7fbe52c
2026-04-22 19:38:14.290 8 WARNING neutron.scheduler.dhcp_agent_scheduler [None req-cfe682a6-a53d-482c-a753-12c7db9064d2 e3a7ac24bd60477ba4f0b1425af155fb 42d435e8a8124f4a856c0158b9a6ea3c - - default default] No more DHCP agents
2026-04-22 19:38:14.292 8 WARNING neutron.api.rpc.agentnotifiers.dhcp_rpc_agent_api [None req-cfe682a6-a53d-482c-a753-12c7db9064d2 e3a7ac24bd60477ba4f0b1425af155fb 42d435e8a8124f4a856c0158b9a6ea3c - - default default] Unable to schedule network d58a0e73-05c7-4197-a85f-b9b8f00caf4b: no agents available; will retry on subsequent port and subnet creation events.
2026-04-22 19:38:14.326 7 INFO neutron.db.ovn_revision_numbers_db [None req-ca941431-234e-43f3-ad37-b50b140a87a5 3c697e2cd71b4743b31eebc2b65fdcda ca3d0fc344ab412da326081e44dcc632 - - default default] Successfully bumped revision number for resource 32768f9c-fbb7-4f44-b21d-9c40d7fbe52c (type: ports) to 1 [pid: 7|app: 0|req: 820/1715] 10.0.0.62 () {34 vars in 664 bytes} [Wed Apr 22 19:38:13 2026] POST /v2.0/ports => generated 779 bytes in 479 msecs (HTTP/1.1 201) 4 headers in 162 bytes (1 switches on core 0) /var/lib/openstack/lib/python3.12/site-packages/pycadf/identifier.py:70: UserWarning: Invalid uuid: neutron. To ensure interoperability, identifiers should be a valid uuid. warnings.warn(('Invalid uuid: %s. To ensure interoperability, '
2026-04-22 19:38:14.479 7 INFO neutron.plugins.ml2.drivers.ovn.mech_driver.mech_driver [None req-71a372b7-4b79-4df0-96e7-c127a78253b9 - - - - - -] OVN reports status down for port: 670d748e-8eaa-4d89-aead-8ac89bbd3464
2026-04-22 19:38:14.547 8 INFO neutron.db.ovn_revision_numbers_db [None req-cfe682a6-a53d-482c-a753-12c7db9064d2 e3a7ac24bd60477ba4f0b1425af155fb 42d435e8a8124f4a856c0158b9a6ea3c - - default default] Successfully bumped revision number for resource 670d748e-8eaa-4d89-aead-8ac89bbd3464 (type: ports) to 1
2026-04-22 19:38:14.554 7 INFO neutron.db.segments_db [None req-4e75000f-e373-41ca-89a0-f5cb109eb207 0583ceace2b8461a8bb47ae4b6be1ca6 c4b3caa1ecf14d7a97a5a956ada22caa - - default default] Added segment ed9dae22-b7f7-47d7-b7a9-a05157f12412 of type geneve for network 65949b20-db9c-4937-be16-b8558ae4d33e [pid: 8|app: 0|req: 896/1716] 10.0.0.62 () {34 vars in 664 bytes} [Wed Apr 22 19:38:13 2026] POST /v2.0/ports => generated 949 bytes in 631 msecs (HTTP/1.1 201) 4 headers in 162 bytes (1 switches on core 0) /var/lib/openstack/lib/python3.12/site-packages/pycadf/identifier.py:70: UserWarning: Invalid uuid: neutron. To ensure interoperability, identifiers should be a valid uuid. warnings.warn(('Invalid uuid: %s. To ensure interoperability, '
2026-04-22 19:38:14.756 7 INFO neutron.db.ovn_revision_numbers_db [None req-4e75000f-e373-41ca-89a0-f5cb109eb207 0583ceace2b8461a8bb47ae4b6be1ca6 c4b3caa1ecf14d7a97a5a956ada22caa - - default default] Successfully bumped revision number for resource 65949b20-db9c-4937-be16-b8558ae4d33e (type: networks) to 1
2026-04-22 19:38:14.903 7 INFO neutron.plugins.ml2.drivers.ovn.mech_driver.mech_driver [None req-71a372b7-4b79-4df0-96e7-c127a78253b9 - - - - - -] OVN reports status down for port: 32768f9c-fbb7-4f44-b21d-9c40d7fbe52c
2026-04-22 19:38:14.938 8 INFO neutron.db.ovn_revision_numbers_db [None req-e324ff6b-8475-44c8-845d-236afb660c68 3c697e2cd71b4743b31eebc2b65fdcda ca3d0fc344ab412da326081e44dcc632 - - default default] Successfully bumped revision number for resource 32768f9c-fbb7-4f44-b21d-9c40d7fbe52c (type: ports) to 2
2026-04-22 19:38:14.942 7 WARNING neutron.scheduler.dhcp_agent_scheduler [None req-4e75000f-e373-41ca-89a0-f5cb109eb207 0583ceace2b8461a8bb47ae4b6be1ca6 c4b3caa1ecf14d7a97a5a956ada22caa - - default default] No more DHCP agents
2026-04-22 19:38:14.945 7 WARNING neutron.api.rpc.agentnotifiers.dhcp_rpc_agent_api [None req-4e75000f-e373-41ca-89a0-f5cb109eb207 0583ceace2b8461a8bb47ae4b6be1ca6 c4b3caa1ecf14d7a97a5a956ada22caa - - default default] Unable to schedule network 65949b20-db9c-4937-be16-b8558ae4d33e: no agents available; will retry on subsequent port and subnet creation events. [pid: 8|app: 0|req: 897/1717] 10.0.0.62 () {34 vars in 736 bytes} [Wed Apr 22 19:38:14 2026] PUT /v2.0/ports/32768f9c-fbb7-4f44-b21d-9c40d7fbe52c => generated 752 bytes in 378 msecs (HTTP/1.1 200) 4 headers in 157 bytes (1 switches on core 0) /var/lib/openstack/lib/python3.12/site-packages/pycadf/identifier.py:70: UserWarning: Invalid uuid: neutron. To ensure interoperability, identifiers should be a valid uuid. warnings.warn(('Invalid uuid: %s. To ensure interoperability, '
2026-04-22 19:38:15.072 8 INFO neutron.services.segments.plugin [-] Segment 11097675-f3c8-4e5a-bdcc-7754cb3bc680 resource provider aggregate not found
2026-04-22 19:38:15.074 8 INFO neutron.services.segments.plugin [-] Segment 11097675-f3c8-4e5a-bdcc-7754cb3bc680 resource provider aggregate not found
2026-04-22 19:38:15.075 7 INFO neutron.plugins.ml2.drivers.ovn.mech_driver.mech_driver [None req-71a372b7-4b79-4df0-96e7-c127a78253b9 - - - - - -] OVN reports status down for port: 9387f730-8b4f-4f9e-9900-db9de5fa3160
2026-04-22 19:38:15.090 8 INFO neutron.services.segments.plugin [-] Segment 11097675-f3c8-4e5a-bdcc-7754cb3bc680 resource provider not found; error: Placement Client Error (4xx): {"errors": [{"status": 404, "title": "Not Found", "detail": "The resource could not be found.\n\n No resource provider with uuid 11097675-f3c8-4e5a-bdcc-7754cb3bc680 found for delete ", "request_id": "req-6d24c04f-afaf-42e5-8637-1f3275b4c94b"}]}
2026-04-22 19:38:15.093 8 INFO neutron.services.segments.plugin [-] Segment 11097675-f3c8-4e5a-bdcc-7754cb3bc680 resource provider not found; error: Placement Client Error (4xx): {"errors": [{"status": 404, "title": "Not Found", "detail": "The resource could not be found.\n\n No resource provider with uuid 11097675-f3c8-4e5a-bdcc-7754cb3bc680 found for delete ", "request_id": "req-2d4c8178-2096-4d50-bdef-d5d9afdfb49f"}]}
2026-04-22 19:38:15.111 7 INFO neutron.db.ovn_revision_numbers_db [None req-4e75000f-e373-41ca-89a0-f5cb109eb207 0583ceace2b8461a8bb47ae4b6be1ca6 c4b3caa1ecf14d7a97a5a956ada22caa - - default default] Successfully bumped revision number for resource 9387f730-8b4f-4f9e-9900-db9de5fa3160 (type: ports) to 1
2026-04-22 19:38:15.116 8 INFO neutron.services.segments.plugin [-] Segment 39a8dd2e-7372-4c4d-80bd-4417258d82f4 resource provider aggregate not found
2026-04-22 19:38:15.124 8 INFO neutron.services.segments.plugin [-] Segment 39a8dd2e-7372-4c4d-80bd-4417258d82f4 resource provider aggregate not found
2026-04-22 19:38:15.140 8 INFO neutron.services.segments.plugin [-] Segment 39a8dd2e-7372-4c4d-80bd-4417258d82f4 resource provider not found; error: Placement Client Error (4xx): {"errors": [{"status": 404, "title": "Not Found", "detail": "The resource could not be found.\n\n No resource provider with uuid 39a8dd2e-7372-4c4d-80bd-4417258d82f4 found for delete ", "request_id": "req-3ab00b92-253a-4f08-ac22-669461b5c533"}]}
2026-04-22 19:38:15.145 8 INFO neutron.services.segments.plugin [-] Segment 39a8dd2e-7372-4c4d-80bd-4417258d82f4 resource provider not found; error: Placement Client Error (4xx): {"errors": [{"status": 404, "title": "Not Found", "detail": "The resource could not be found.\n\n No resource provider with uuid 39a8dd2e-7372-4c4d-80bd-4417258d82f4 found for delete ", "request_id": "req-9ae1a824-e21e-4cc2-abcf-60f0528912ad"}]} [pid: 7|app: 0|req: 821/1718] 10.0.0.62 () {34 vars in 669 bytes} [Wed Apr 22 19:38:14 2026] POST /v2.0/networks => generated 650 bytes in 719 msecs (HTTP/1.1 201) 4 headers in 162 bytes (1 switches on core 0)
2026-04-22 19:38:15.196 8 INFO neutron_taas.services.taas.taas_plugin [None req-1046f6a2-44d3-44fa-8afd-a1ea4c1bb08a e3a7ac24bd60477ba4f0b1425af155fb 42d435e8a8124f4a856c0158b9a6ea3c - - default default] TaaS: Handle Delete Port: 670d748e-8eaa-4d89-aead-8ac89bbd3464
2026-04-22 19:38:15.200 8 INFO neutron_taas.services.taas.tap_mirror_plugin [None req-1046f6a2-44d3-44fa-8afd-a1ea4c1bb08a e3a7ac24bd60477ba4f0b1425af155fb 42d435e8a8124f4a856c0158b9a6ea3c - - default default] Tap Mirror: Handle Delete Port: 670d748e-8eaa-4d89-aead-8ac89bbd3464
2026-04-22 19:38:15.284 7 INFO neutron_taas.services.taas.taas_plugin [None req-8ec02384-355a-4586-9f47-01110256b69c 3c697e2cd71b4743b31eebc2b65fdcda ca3d0fc344ab412da326081e44dcc632 - - default default] TaaS: Handle Delete Port: 32768f9c-fbb7-4f44-b21d-9c40d7fbe52c
2026-04-22 19:38:15.288 7 INFO neutron_taas.services.taas.tap_mirror_plugin [None req-8ec02384-355a-4586-9f47-01110256b69c 3c697e2cd71b4743b31eebc2b65fdcda ca3d0fc344ab412da326081e44dcc632 - - default default] Tap Mirror: Handle Delete Port: 32768f9c-fbb7-4f44-b21d-9c40d7fbe52c [pid: 8|app: 0|req: 898/1719] 10.0.0.62 () {32 vars in 719 bytes} [Wed Apr 22 19:38:14 2026] DELETE /v2.0/ports/670d748e-8eaa-4d89-aead-8ac89bbd3464 => generated 0 bytes in 401 msecs (HTTP/1.1 204) 3 headers in 131 bytes (1 switches on core 0) [pid: 8|app: 0|req: 899/1720] 10.0.0.79 () {34 vars in 989 bytes} [Wed Apr 22 19:38:15 2026] GET /v2.0/ports?device_id=1573839a-8764-408a-bb5c-c126be9acf7f => generated 969 bytes in 70 msecs (HTTP/1.1 200) 4 headers in 157 bytes (1 switches on core 0) [pid: 7|app: 0|req: 822/1721] 10.0.0.62 () {32 vars in 719 bytes} [Wed Apr 22 19:38:15 2026] DELETE /v2.0/ports/32768f9c-fbb7-4f44-b21d-9c40d7fbe52c => generated 0 bytes in 322 msecs (HTTP/1.1 204) 3 headers in 131 bytes (1 switches on core 0)
2026-04-22 19:38:15.491 7 INFO neutron.pecan_wsgi.hooks.translation [None req-ba6517fd-bfe6-4995-b4b6-a4a50f51db77 e3a7ac24bd60477ba4f0b1425af155fb 42d435e8a8124f4a856c0158b9a6ea3c - - default default] DELETE failed (client error): The resource could not be found. [pid: 7|app: 0|req: 823/1722] 10.0.0.62 () {32 vars in 719 bytes} [Wed Apr 22 19:38:15 2026] DELETE /v2.0/ports/670d748e-8eaa-4d89-aead-8ac89bbd3464 => generated 132 bytes in 19 msecs (HTTP/1.1 404) 4 headers in 164 bytes (1 switches on core 0) [pid: 7|app: 0|req: 824/1723] 10.0.0.79 () {34 vars in 1039 bytes} [Wed Apr 22 19:38:15 2026] GET /v2.0/security-groups?id=c0529926-5d7d-4713-93c8-987d3bdbc41b&fields=id&fields=name => generated 113 bytes in 29 msecs (HTTP/1.1 200) 4 headers in 157 bytes (1 switches on core 0)
2026-04-22 19:38:15.568 8 INFO neutron.db.segments_db [None req-90937bbf-d243-4c07-8b97-bef42f3b9ea3 0583ceace2b8461a8bb47ae4b6be1ca6 c4b3caa1ecf14d7a97a5a956ada22caa - - default default] Added segment 35caaddd-1695-4de4-b023-5dcf770bf17e of type geneve for network d996f24d-71e6-41cb-a9c3-b4c2d60ba3d6 [pid: 7|app: 0|req: 825/1724] 10.0.0.62 () {32 vars in 642 bytes} [Wed Apr 22 19:38:15 2026] GET /v2.0/ports => generated 1537 bytes in 73 msecs (HTTP/1.1 200) 4 headers in 158 bytes (1 switches on core 0)
2026-04-22 19:38:15.625 7 INFO neutron.pecan_wsgi.hooks.translation [None req-f7947574-7016-411e-b554-29efc0c6f5cf e3a7ac24bd60477ba4f0b1425af155fb 42d435e8a8124f4a856c0158b9a6ea3c - - default default] GET failed (client error): The resource could not be found. [pid: 7|app: 0|req: 826/1725] 10.0.0.62 () {32 vars in 716 bytes} [Wed Apr 22 19:38:15 2026] GET /v2.0/ports/670d748e-8eaa-4d89-aead-8ac89bbd3464 => generated 132 bytes in 28 msecs (HTTP/1.1 404) 4 headers in 164 bytes (1 switches on core 0)
2026-04-22 19:38:15.657 7 INFO neutron.pecan_wsgi.hooks.translation [None req-6610d9f4-d367-4629-bb0b-bafb904caf21 3c697e2cd71b4743b31eebc2b65fdcda ca3d0fc344ab412da326081e44dcc632 - - default default] GET failed (client error): The resource could not be found. [pid: 7|app: 0|req: 827/1726] 10.0.0.62 () {32 vars in 716 bytes} [Wed Apr 22 19:38:15 2026] GET /v2.0/ports/32768f9c-fbb7-4f44-b21d-9c40d7fbe52c => generated 132 bytes in 34 msecs (HTTP/1.1 404) 4 headers in 164 bytes (1 switches on core 0)
2026-04-22 19:38:15.663 7 INFO neutron.plugins.ml2.drivers.ovn.mech_driver.mech_driver [None req-71a372b7-4b79-4df0-96e7-c127a78253b9 - - - - - -] OVN reports status up for port: 6e54c6f0-102c-49ee-8cdf-014f4031b11f
2026-04-22 19:38:15.696 7 INFO neutron.plugins.ml2.plugin [None req-71a372b7-4b79-4df0-96e7-c127a78253b9 - - - - - -] Attempt 1 to provision port 6e54c6f0-102c-49ee-8cdf-014f4031b11f
2026-04-22 19:38:15.717 8 INFO neutron.db.ovn_revision_numbers_db [None req-90937bbf-d243-4c07-8b97-bef42f3b9ea3 0583ceace2b8461a8bb47ae4b6be1ca6 c4b3caa1ecf14d7a97a5a956ada22caa - - default default] Successfully bumped revision number for resource d996f24d-71e6-41cb-a9c3-b4c2d60ba3d6 (type: networks) to 1
2026-04-22 19:38:15.883 8 WARNING neutron.scheduler.dhcp_agent_scheduler [None req-90937bbf-d243-4c07-8b97-bef42f3b9ea3 0583ceace2b8461a8bb47ae4b6be1ca6 c4b3caa1ecf14d7a97a5a956ada22caa - - default default] No more DHCP agents
2026-04-22 19:38:15.884 8 WARNING neutron.api.rpc.agentnotifiers.dhcp_rpc_agent_api [None req-90937bbf-d243-4c07-8b97-bef42f3b9ea3 0583ceace2b8461a8bb47ae4b6be1ca6 c4b3caa1ecf14d7a97a5a956ada22caa - - default default] Unable to schedule network d996f24d-71e6-41cb-a9c3-b4c2d60ba3d6: no agents available; will retry on subsequent port and subnet creation events.
2026-04-22 19:38:15.944 7 INFO neutron.notifiers.nova [-] Nova event matching ['req-64c774d7-4d0a-46e3-9f0c-a61528be8f0a'] response: {'server_uuid': '1573839a-8764-408a-bb5c-c126be9acf7f', 'name': 'network-vif-plugged', 'status': 'completed', 'tag': '6e54c6f0-102c-49ee-8cdf-014f4031b11f', 'code': 200}
2026-04-22 19:38:15.996 8 INFO neutron.db.ovn_revision_numbers_db [None req-90937bbf-d243-4c07-8b97-bef42f3b9ea3 0583ceace2b8461a8bb47ae4b6be1ca6 c4b3caa1ecf14d7a97a5a956ada22caa - - default default] Successfully bumped revision number for resource 85a6b15f-449b-4c8c-a714-0150aae98174 (type: ports) to 1 [pid: 8|app: 0|req: 900/1727] 10.0.0.62 () {34 vars in 669 bytes} [Wed Apr 22 19:38:15 2026] POST /v2.0/networks => generated 650 bytes in 561 msecs (HTTP/1.1 201) 4 headers in 162 bytes (1 switches on core 0) [pid: 7|app: 0|req: 828/1728] 10.0.0.62 () {32 vars in 723 bytes} [Wed Apr 22 19:38:15 2026] DELETE /v2.0/subnets/525c0f3e-9667-40d5-9ad9-96a81d7ae90e => generated 0 bytes in 402 msecs (HTTP/1.1 204) 3 headers in 131 bytes (1 switches on core 0) [pid: 8|app: 0|req: 901/1729] 10.0.0.62 () {32 vars in 642 bytes} [Wed Apr 22 19:38:16 2026] GET /v2.0/ports => generated 1537 bytes in 42 msecs (HTTP/1.1 200) 4 headers in 158 bytes (1 switches on core 0)
2026-04-22 19:38:16.223 8 INFO neutron_taas.services.taas.taas_plugin [None req-f08bf189-993f-4360-a5a4-35c77fd737e2 e3a7ac24bd60477ba4f0b1425af155fb 42d435e8a8124f4a856c0158b9a6ea3c - - default default] TaaS: Handle Delete Port: a9c6e7dd-5adb-4112-840c-ed0e9839cbd3
2026-04-22 19:38:16.225 8 INFO neutron_taas.services.taas.tap_mirror_plugin [None req-f08bf189-993f-4360-a5a4-35c77fd737e2 e3a7ac24bd60477ba4f0b1425af155fb 42d435e8a8124f4a856c0158b9a6ea3c - - default default] Tap Mirror: Handle Delete Port: a9c6e7dd-5adb-4112-840c-ed0e9839cbd3
2026-04-22 19:38:16.240 7 INFO neutron.db.ovn_revision_numbers_db [None req-71a372b7-4b79-4df0-96e7-c127a78253b9 - - - - - -] Successfully bumped revision number for resource 6e54c6f0-102c-49ee-8cdf-014f4031b11f (type: ports) to 5 [pid: 8|app: 0|req: 902/1730] 10.0.0.62 () {32 vars in 725 bytes} [Wed Apr 22 19:38:16 2026] DELETE /v2.0/networks/d58a0e73-05c7-4197-a85f-b9b8f00caf4b => generated 0 bytes in 402 msecs (HTTP/1.1 204) 3 headers in 131 bytes (1 switches on core 0)
2026-04-22 19:38:16.501 7 INFO neutron.plugins.ml2.drivers.ovn.mech_driver.mech_driver [None req-5eb5b625-5060-49c3-a126-0e17ccfb4ca9 - - - - - -] OVN reports status down for port: 85a6b15f-449b-4c8c-a714-0150aae98174 [pid: 8|app: 0|req: 903/1731] 10.0.0.62 () {32 vars in 716 bytes} [Wed Apr 22 19:38:16 2026] GET /v2.0/ports/ff3af4d7-bb79-4311-b686-9f7137c2ea38 => generated 778 bytes in 32 msecs (HTTP/1.1 200) 4 headers in 157 bytes (1 switches on core 0)
2026-04-22 19:38:16.594 8 INFO neutron.db.segments_db [None req-61ce0840-fefa-44ef-b589-7270c524ea9d e3a7ac24bd60477ba4f0b1425af155fb 42d435e8a8124f4a856c0158b9a6ea3c - - default default] Added segment 39d0c55e-8ec3-4c33-a28c-2855e7c1ea33 of type geneve for network a2ef8437-c687-4111-9e2a-88050a47c3bc
2026-04-22 19:38:16.745 8 INFO neutron.db.ovn_revision_numbers_db [None req-61ce0840-fefa-44ef-b589-7270c524ea9d e3a7ac24bd60477ba4f0b1425af155fb 42d435e8a8124f4a856c0158b9a6ea3c - - default default] Successfully bumped revision number for resource a2ef8437-c687-4111-9e2a-88050a47c3bc (type: networks) to 1
2026-04-22 19:38:16.785 7 WARNING neutron.scheduler.dhcp_agent_scheduler [None req-1ef0ef83-5140-4ef7-b897-003f0e68026f 0583ceace2b8461a8bb47ae4b6be1ca6 c4b3caa1ecf14d7a97a5a956ada22caa - - default default] No more DHCP agents
2026-04-22 19:38:16.786 7 WARNING neutron.api.rpc.agentnotifiers.dhcp_rpc_agent_api [None req-1ef0ef83-5140-4ef7-b897-003f0e68026f 0583ceace2b8461a8bb47ae4b6be1ca6 c4b3caa1ecf14d7a97a5a956ada22caa - - default default] Unable to schedule network 65949b20-db9c-4937-be16-b8558ae4d33e: no agents available; will retry on subsequent port and subnet creation events.
2026-04-22 19:38:16.858 7 INFO neutron.plugins.ml2.drivers.ovn.mech_driver.mech_driver [None req-5eb5b625-5060-49c3-a126-0e17ccfb4ca9 - - - - - -] OVN reports status down for port: 8b4ecc9b-da6a-4725-bcb8-ee4a09bab172
2026-04-22 19:38:16.952 7 INFO neutron.db.ovn_revision_numbers_db [None req-1ef0ef83-5140-4ef7-b897-003f0e68026f 0583ceace2b8461a8bb47ae4b6be1ca6 c4b3caa1ecf14d7a97a5a956ada22caa - - default default] Successfully bumped revision number for resource 8b4ecc9b-da6a-4725-bcb8-ee4a09bab172 (type: ports) to 1
2026-04-22 19:38:16.989 8 WARNING neutron.scheduler.dhcp_agent_scheduler [None req-61ce0840-fefa-44ef-b589-7270c524ea9d e3a7ac24bd60477ba4f0b1425af155fb 42d435e8a8124f4a856c0158b9a6ea3c - - default default] No more DHCP agents
2026-04-22 19:38:16.991 8 WARNING neutron.api.rpc.agentnotifiers.dhcp_rpc_agent_api [None req-61ce0840-fefa-44ef-b589-7270c524ea9d e3a7ac24bd60477ba4f0b1425af155fb 42d435e8a8124f4a856c0158b9a6ea3c - - default default] Unable to schedule network a2ef8437-c687-4111-9e2a-88050a47c3bc: no agents available; will retry on subsequent port and subnet creation events.
2026-04-22 19:38:17.023 7 WARNING neutron.scheduler.dhcp_agent_scheduler [None req-1ef0ef83-5140-4ef7-b897-003f0e68026f 0583ceace2b8461a8bb47ae4b6be1ca6 c4b3caa1ecf14d7a97a5a956ada22caa - - default default] No more DHCP agents
2026-04-22 19:38:17.024 7 WARNING neutron.api.rpc.agentnotifiers.dhcp_rpc_agent_api [None req-1ef0ef83-5140-4ef7-b897-003f0e68026f 0583ceace2b8461a8bb47ae4b6be1ca6 c4b3caa1ecf14d7a97a5a956ada22caa - - default default] Unable to schedule network d996f24d-71e6-41cb-a9c3-b4c2d60ba3d6: no agents available; will retry on subsequent port and subnet creation events.
2026-04-22 19:38:17.085 7 INFO neutron.plugins.ml2.drivers.ovn.mech_driver.mech_driver [None req-5eb5b625-5060-49c3-a126-0e17ccfb4ca9 - - - - - -] OVN reports status down for port: 833759d7-0e86-4542-94d6-f334abcee602
2026-04-22 19:38:17.088 8 INFO neutron.db.ovn_revision_numbers_db [None req-61ce0840-fefa-44ef-b589-7270c524ea9d e3a7ac24bd60477ba4f0b1425af155fb 42d435e8a8124f4a856c0158b9a6ea3c - - default default] Successfully bumped revision number for resource 833759d7-0e86-4542-94d6-f334abcee602 (type: ports) to 1 [pid: 8|app: 0|req: 904/1732] 10.0.0.62 () {34 vars in 669 bytes} [Wed Apr 22 19:38:16 2026] POST /v2.0/networks => generated 631 bytes in 600 msecs (HTTP/1.1 201) 4 headers in 162 bytes (1 switches on core 0)
2026-04-22 19:38:17.136 8 INFO neutron.pecan_wsgi.hooks.translation [None req-165d553a-9079-4778-892a-7a95a0e5e149 3c697e2cd71b4743b31eebc2b65fdcda ca3d0fc344ab412da326081e44dcc632 - - default default] DELETE failed (client error): The resource could not be found. [pid: 8|app: 0|req: 905/1733] 10.0.0.62 () {32 vars in 719 bytes} [Wed Apr 22 19:38:17 2026] DELETE /v2.0/ports/9f8bc938-942a-4995-8c38-b8eb20678cee => generated 132 bytes in 39 msecs (HTTP/1.1 404) 4 headers in 164 bytes (1 switches on core 0)
2026-04-22 19:38:17.173 8 INFO neutron.services.segments.plugin [-] Segment 7eb10aa3-e12a-48ad-b184-316ace16b97b resource provider aggregate not found
2026-04-22 19:38:17.176 8 INFO neutron.services.segments.plugin [-] Segment 7eb10aa3-e12a-48ad-b184-316ace16b97b resource provider aggregate not found
2026-04-22 19:38:17.210 8 INFO neutron.services.segments.plugin [-] Segment 7eb10aa3-e12a-48ad-b184-316ace16b97b resource provider not found; error: Placement Client Error (4xx): {"errors": [{"status": 404, "title": "Not Found", "detail": "The resource could not be found.\n\n No resource provider with uuid 7eb10aa3-e12a-48ad-b184-316ace16b97b found for delete ", "request_id": "req-71c21fa2-f9e3-4fb6-a6bc-12e7756710a0"}]}
2026-04-22 19:38:17.224 8 INFO neutron.services.segments.plugin [-] Segment 7eb10aa3-e12a-48ad-b184-316ace16b97b resource provider not found; error: Placement Client Error (4xx): {"errors": [{"status": 404, "title": "Not Found", "detail": "The resource could not be found.\n\n No resource provider with uuid 7eb10aa3-e12a-48ad-b184-316ace16b97b found for delete ", "request_id": "req-70d01634-bb20-4aa4-bed0-4e66445d3371"}]}
2026-04-22 19:38:17.267 7 INFO neutron.plugins.ml2.drivers.ovn.mech_driver.mech_driver [None req-5eb5b625-5060-49c3-a126-0e17ccfb4ca9 - - - - - -] OVN reports status down for port: 5fcbd90a-d00c-46d2-bb5e-d4db7f552653 [pid: 8|app: 0|req: 906/1734] 10.0.0.79 () {34 vars in 989 bytes} [Wed Apr 22 19:38:17 2026] GET /v2.0/ports?device_id=1573839a-8764-408a-bb5c-c126be9acf7f => generated 971 bytes in 127 msecs (HTTP/1.1 200) 4 headers in 157 bytes (1 switches on core 0)
2026-04-22 19:38:17.328 7 INFO neutron.db.ovn_revision_numbers_db [None req-1ef0ef83-5140-4ef7-b897-003f0e68026f 0583ceace2b8461a8bb47ae4b6be1ca6 c4b3caa1ecf14d7a97a5a956ada22caa - - default default] Successfully bumped revision number for resource 5fcbd90a-d00c-46d2-bb5e-d4db7f552653 (type: ports) to 1 [pid: 7|app: 0|req: 829/1735] 10.0.0.62 () {34 vars in 664 bytes} [Wed Apr 22 19:38:16 2026] POST /v2.0/ports => generated 1505 bytes in 1375 msecs (HTTP/1.1 201) 4 headers in 163 bytes (1 switches on core 0) /var/lib/openstack/lib/python3.12/site-packages/pycadf/identifier.py:70: UserWarning: Invalid uuid: neutron. To ensure interoperability, identifiers should be a valid uuid. warnings.warn(('Invalid uuid: %s. To ensure interoperability, '
2026-04-22 19:38:17.453 7 INFO neutron.pecan_wsgi.hooks.translation [None req-5e70f609-97a9-483a-8fc9-2fb8e19da57b 3c697e2cd71b4743b31eebc2b65fdcda ca3d0fc344ab412da326081e44dcc632 - - default default] DELETE failed (client error): The resource could not be found. [pid: 7|app: 0|req: 830/1736] 10.0.0.62 () {32 vars in 723 bytes} [Wed Apr 22 19:38:17 2026] DELETE /v2.0/subnets/1923b8be-0187-4088-b029-9d4c201e13aa => generated 136 bytes in 16 msecs (HTTP/1.1 404) 4 headers in 164 bytes (1 switches on core 0) [pid: 7|app: 0|req: 831/1737] 10.0.0.79 () {34 vars in 1039 bytes} [Wed Apr 22 19:38:17 2026] GET /v2.0/security-groups?id=c0529926-5d7d-4713-93c8-987d3bdbc41b&fields=id&fields=name => generated 113 bytes in 41 msecs (HTTP/1.1 200) 4 headers in 157 bytes (1 switches on core 0)
2026-04-22 19:38:17.543 8 WARNING neutron.scheduler.dhcp_agent_scheduler [None req-6e27373c-059e-4a46-aaad-533ffd89d7d4 e3a7ac24bd60477ba4f0b1425af155fb 42d435e8a8124f4a856c0158b9a6ea3c - - default default] No more DHCP agents
2026-04-22 19:38:17.545 8 WARNING neutron.api.rpc.agentnotifiers.dhcp_rpc_agent_api [None req-6e27373c-059e-4a46-aaad-533ffd89d7d4 e3a7ac24bd60477ba4f0b1425af155fb 42d435e8a8124f4a856c0158b9a6ea3c - - default default] Unable to schedule network a2ef8437-c687-4111-9e2a-88050a47c3bc: no agents available; will retry on subsequent port and subnet creation events. [pid: 7|app: 0|req: 832/1738] 10.0.0.62 () {32 vars in 642 bytes} [Wed Apr 22 19:38:17 2026] GET /v2.0/ports => generated 3017 bytes in 47 msecs (HTTP/1.1 200) 4 headers in 158 bytes (1 switches on core 0)
2026-04-22 19:38:17.557 7 INFO neutron.pecan_wsgi.hooks.translation [None req-cd31b0eb-ca99-494c-8bd6-b3b922ca5c35 3c697e2cd71b4743b31eebc2b65fdcda ca3d0fc344ab412da326081e44dcc632 - - default default] DELETE failed (client error): The resource could not be found. [pid: 7|app: 0|req: 833/1739] 10.0.0.62 () {32 vars in 723 bytes} [Wed Apr 22 19:38:17 2026] DELETE /v2.0/subnets/c8e06c24-6fa3-43df-ac76-f5009b8cdece => generated 136 bytes in 13 msecs (HTTP/1.1 404) 4 headers in 164 bytes (1 switches on core 0)
2026-04-22 19:38:17.677 7 INFO neutron_taas.services.taas.taas_plugin [None req-846a39d9-bcb4-4105-869c-8c7e1766bbe6 0583ceace2b8461a8bb47ae4b6be1ca6 c4b3caa1ecf14d7a97a5a956ada22caa - - default default] TaaS: Handle Delete Port: 8b4ecc9b-da6a-4725-bcb8-ee4a09bab172
2026-04-22 19:38:17.679 7 INFO neutron_taas.services.taas.tap_mirror_plugin [None req-846a39d9-bcb4-4105-869c-8c7e1766bbe6 0583ceace2b8461a8bb47ae4b6be1ca6 c4b3caa1ecf14d7a97a5a956ada22caa - - default default] Tap Mirror: Handle Delete Port: 8b4ecc9b-da6a-4725-bcb8-ee4a09bab172 [pid: 7|app: 0|req: 834/1740] 10.0.0.62 () {32 vars in 719 bytes} [Wed Apr 22 19:38:17 2026] DELETE /v2.0/ports/8b4ecc9b-da6a-4725-bcb8-ee4a09bab172 => generated 0 bytes in 279 msecs (HTTP/1.1 204) 3 headers in 131 bytes (1 switches on core 0)
2026-04-22 19:38:17.956 7 INFO neutron_taas.services.taas.taas_plugin [None req-f299c4b9-f3d2-454d-b643-56d427ea6b77 3c697e2cd71b4743b31eebc2b65fdcda ca3d0fc344ab412da326081e44dcc632 - - default default] TaaS: Handle Delete Port: ff3af4d7-bb79-4311-b686-9f7137c2ea38
2026-04-22 19:38:17.959 7 INFO neutron_taas.services.taas.tap_mirror_plugin [None req-f299c4b9-f3d2-454d-b643-56d427ea6b77 3c697e2cd71b4743b31eebc2b65fdcda ca3d0fc344ab412da326081e44dcc632 - - default default] Tap Mirror: Handle Delete Port: ff3af4d7-bb79-4311-b686-9f7137c2ea38
2026-04-22 19:38:17.995 7 INFO neutron.notifiers.nova [-] Nova event matching ['req-45d2d298-ac55-4351-b30c-b8c311a8a656'] response: {'server_uuid': '1573839a-8764-408a-bb5c-c126be9acf7f', 'name': 'network-vif-plugged', 'status': 'completed', 'tag': '6e54c6f0-102c-49ee-8cdf-014f4031b11f', 'code': 200} [pid: 7|app: 0|req: 835/1741] 10.0.0.62 () {32 vars in 719 bytes} [Wed Apr 22 19:38:17 2026] DELETE /v2.0/ports/ff3af4d7-bb79-4311-b686-9f7137c2ea38 => generated 0 bytes in 284 msecs (HTTP/1.1 204) 3 headers in 131 bytes (1 switches on core 0)
2026-04-22 19:38:18.201 8 INFO neutron.db.ovn_revision_numbers_db [None req-e8f1499f-d28c-49f0-841a-ccd02b08be52 - - - - - -] Successfully bumped revision number for resource 833759d7-0e86-4542-94d6-f334abcee602 (type: ports) to 2
2026-04-22 19:38:18.235 8 INFO neutron.db.ovn_revision_numbers_db [None req-e8f1499f-d28c-49f0-841a-ccd02b08be52 - - - - - -] Successfully bumped revision number for resource 331f9449-86e0-4357-acf6-c28641df5945 (type: subnets) to 0 [pid: 8|app: 0|req: 907/1742] 10.0.0.62 () {34 vars in 668 bytes} [Wed Apr 22 19:38:17 2026] POST /v2.0/subnets => generated 626 bytes in 977 msecs (HTTP/1.1 201) 4 headers in 162 bytes (1 switches on core 0)
2026-04-22 19:38:18.277 7 INFO neutron_taas.services.taas.taas_plugin [None req-a55f3ed9-4314-4e0e-ba4a-261115641703 0583ceace2b8461a8bb47ae4b6be1ca6 c4b3caa1ecf14d7a97a5a956ada22caa - - default default] TaaS: Handle Delete Port: 5fcbd90a-d00c-46d2-bb5e-d4db7f552653
2026-04-22 19:38:18.279 7 INFO neutron_taas.services.taas.tap_mirror_plugin [None req-a55f3ed9-4314-4e0e-ba4a-261115641703 0583ceace2b8461a8bb47ae4b6be1ca6 c4b3caa1ecf14d7a97a5a956ada22caa - - default default] Tap Mirror: Handle Delete Port: 5fcbd90a-d00c-46d2-bb5e-d4db7f552653
2026-04-22 19:38:18.439 8 INFO neutron_taas.services.taas.taas_plugin [None req-36db54a0-74d3-477a-b8fb-007b7185e43a 3c697e2cd71b4743b31eebc2b65fdcda ca3d0fc344ab412da326081e44dcc632 - - default default] TaaS: Handle Delete Port: bc3645b1-a272-4456-8cb3-869054a3ba9a [pid: 7|app: 0|req: 836/1743] 10.0.0.62 () {32 vars in 719 bytes} [Wed Apr 22 19:38:18 2026] DELETE /v2.0/ports/5fcbd90a-d00c-46d2-bb5e-d4db7f552653 => generated 0 bytes in 317 msecs (HTTP/1.1 204) 3 headers in 131 bytes (1 switches on core 0)
2026-04-22 19:38:18.442 8 INFO neutron_taas.services.taas.tap_mirror_plugin [None req-36db54a0-74d3-477a-b8fb-007b7185e43a 3c697e2cd71b4743b31eebc2b65fdcda ca3d0fc344ab412da326081e44dcc632 - - default default] Tap Mirror: Handle Delete Port: bc3645b1-a272-4456-8cb3-869054a3ba9a [pid: 8|app: 0|req: 908/1744] 10.0.0.62 () {32 vars in 725 bytes} [Wed Apr 22 19:38:18 2026] DELETE /v2.0/networks/3ea0721d-64ff-4589-bfe8-7559deed78d1 => generated 0 bytes in 492 msecs (HTTP/1.1 204) 3 headers in 131 bytes (1 switches on core 0)
2026-04-22 19:38:18.804 7 WARNING neutron.scheduler.dhcp_agent_scheduler [None req-5b5fbe5a-bd94-4dec-8563-a59fdf57e293 e3a7ac24bd60477ba4f0b1425af155fb 42d435e8a8124f4a856c0158b9a6ea3c - - default default] No more DHCP agents
2026-04-22 19:38:18.806 7 WARNING neutron.api.rpc.agentnotifiers.dhcp_rpc_agent_api [None req-5b5fbe5a-bd94-4dec-8563-a59fdf57e293 e3a7ac24bd60477ba4f0b1425af155fb 42d435e8a8124f4a856c0158b9a6ea3c - - default default] Unable to schedule network a2ef8437-c687-4111-9e2a-88050a47c3bc: no agents available; will retry on subsequent port and subnet creation events. [pid: 8|app: 0|req: 909/1745] 10.0.0.62 () {32 vars in 642 bytes} [Wed Apr 22 19:38:18 2026] GET /v2.0/ports => generated 1523 bytes in 88 msecs (HTTP/1.1 200) 4 headers in 158 bytes (1 switches on core 0) [pid: 8|app: 0|req: 910/1746] 10.0.0.79 () {34 vars in 989 bytes} [Wed Apr 22 19:38:18 2026] GET /v2.0/ports?device_id=1573839a-8764-408a-bb5c-c126be9acf7f => generated 971 bytes in 75 msecs (HTTP/1.1 200) 4 headers in 157 bytes (1 switches on core 0)
2026-04-22 19:38:18.995 7 INFO neutron.plugins.ml2.drivers.ovn.mech_driver.mech_driver [None req-5eb5b625-5060-49c3-a126-0e17ccfb4ca9 - - - - - -] OVN reports status down for port: 2a9e42f3-a503-45a2-b04d-3d1e46dabfec
2026-04-22 19:38:19.049 8 INFO neutron.db.segments_db [None req-2b01dde8-4fd0-42bb-9eb1-3743851c8f86 0583ceace2b8461a8bb47ae4b6be1ca6 c4b3caa1ecf14d7a97a5a956ada22caa - - default default] Added segment 0addc95c-bcba-4af2-b1b1-333f3f51098b of type geneve for network a403a0b2-6f68-435d-b3a5-864c8234227e
2026-04-22 19:38:19.070 7 INFO neutron.db.ovn_revision_numbers_db [None req-5b5fbe5a-bd94-4dec-8563-a59fdf57e293 e3a7ac24bd60477ba4f0b1425af155fb 42d435e8a8124f4a856c0158b9a6ea3c - - default default] Successfully bumped revision number for resource 2a9e42f3-a503-45a2-b04d-3d1e46dabfec (type: ports) to 1 [pid: 7|app: 0|req: 837/1747] 10.0.0.62 () {34 vars in 664 bytes} [Wed Apr 22 19:38:18 2026] POST /v2.0/ports => generated 916 bytes in 710 msecs (HTTP/1.1 201) 4 headers in 162 bytes (1 switches on core 0) [pid: 7|app: 0|req: 838/1748] 10.0.0.79 () {34 vars in 1039 bytes} [Wed Apr 22 19:38:19 2026] GET /v2.0/security-groups?id=c0529926-5d7d-4713-93c8-987d3bdbc41b&fields=id&fields=name => generated 113 bytes in 36 msecs (HTTP/1.1 200) 4 headers in 157 bytes (1 switches on core 0)
2026-04-22 19:38:19.233 8 INFO neutron.db.ovn_revision_numbers_db [None req-2b01dde8-4fd0-42bb-9eb1-3743851c8f86 0583ceace2b8461a8bb47ae4b6be1ca6 c4b3caa1ecf14d7a97a5a956ada22caa - - default default] Successfully bumped revision number for resource a403a0b2-6f68-435d-b3a5-864c8234227e (type: networks) to 1
2026-04-22 19:38:19.241 8 INFO neutron.services.segments.plugin [-] Segment 9d08d129-4e17-4bcf-830c-6c3f586f9c0d resource provider aggregate not found
2026-04-22 19:38:19.253 8 INFO neutron.services.segments.plugin [-] Segment 9d08d129-4e17-4bcf-830c-6c3f586f9c0d resource provider aggregate not found
2026-04-22 19:38:19.296 8 INFO neutron.services.segments.plugin [-] Segment 9d08d129-4e17-4bcf-830c-6c3f586f9c0d resource provider not found; error: Placement Client Error (4xx): {"errors": [{"status": 404, "title": "Not Found", "detail": "The resource could not be found.\n\n No resource provider with uuid 9d08d129-4e17-4bcf-830c-6c3f586f9c0d found for delete ", "request_id": "req-00334113-7568-462a-b5ba-cd84717dfa23"}]}
2026-04-22 19:38:19.297 8 INFO neutron.services.segments.plugin [-] Segment 9d08d129-4e17-4bcf-830c-6c3f586f9c0d resource provider not found; error: Placement Client Error (4xx): {"errors": [{"status": 404, "title": "Not Found", "detail": "The resource could not be found.\n\n No resource provider with uuid 9d08d129-4e17-4bcf-830c-6c3f586f9c0d found for delete ", "request_id": "req-b287b48c-36c2-4cda-a9a3-9a46f7df717b"}]}
2026-04-22 19:38:19.393 7 INFO neutron_taas.services.taas.taas_plugin [None req-4761b61b-9ea3-437d-8cc4-720e8e0ff037 e3a7ac24bd60477ba4f0b1425af155fb 42d435e8a8124f4a856c0158b9a6ea3c - - default default] TaaS: Handle Delete Port: 2a9e42f3-a503-45a2-b04d-3d1e46dabfec
2026-04-22 19:38:19.395 7 INFO neutron_taas.services.taas.tap_mirror_plugin [None req-4761b61b-9ea3-437d-8cc4-720e8e0ff037 e3a7ac24bd60477ba4f0b1425af155fb 42d435e8a8124f4a856c0158b9a6ea3c - - default default] Tap Mirror: Handle Delete Port: 2a9e42f3-a503-45a2-b04d-3d1e46dabfec
2026-04-22 19:38:19.461 8 WARNING neutron.scheduler.dhcp_agent_scheduler [None req-2b01dde8-4fd0-42bb-9eb1-3743851c8f86 0583ceace2b8461a8bb47ae4b6be1ca6 c4b3caa1ecf14d7a97a5a956ada22caa - - default default] No more DHCP agents
2026-04-22 19:38:19.463 8 WARNING neutron.api.rpc.agentnotifiers.dhcp_rpc_agent_api [None req-2b01dde8-4fd0-42bb-9eb1-3743851c8f86 0583ceace2b8461a8bb47ae4b6be1ca6 c4b3caa1ecf14d7a97a5a956ada22caa - - default default] Unable to schedule network a403a0b2-6f68-435d-b3a5-864c8234227e: no agents available; will retry on subsequent port and subnet creation events.
2026-04-22 19:38:19.562 7 INFO neutron.plugins.ml2.drivers.ovn.mech_driver.mech_driver [None req-5eb5b625-5060-49c3-a126-0e17ccfb4ca9 - - - - - -] OVN reports status down for port: aa436723-c718-4eee-9ad5-b458b8170bd7
2026-04-22 19:38:19.567 8 INFO neutron.db.ovn_revision_numbers_db [None req-2b01dde8-4fd0-42bb-9eb1-3743851c8f86 0583ceace2b8461a8bb47ae4b6be1ca6 c4b3caa1ecf14d7a97a5a956ada22caa - - default default] Successfully bumped revision number for resource aa436723-c718-4eee-9ad5-b458b8170bd7 (type: ports) to 1 [pid: 8|app: 0|req: 911/1749] 10.0.0.62 () {34 vars in 669 bytes} [Wed Apr 22 19:38:18 2026] POST /v2.0/networks => generated 649 bytes in 701 msecs (HTTP/1.1 201) 4 headers in 162 bytes (1 switches on core 0) [pid: 8|app: 0|req: 912/1751] 10.0.0.79 () {34 vars in 989 bytes} [Wed Apr 22 19:38:19 2026] GET /v2.0/ports?device_id=1573839a-8764-408a-bb5c-c126be9acf7f => generated 971 bytes in 66 msecs (HTTP/1.1 200) 4 headers in 157 bytes (1 switches on core 0) [pid: 7|app: 0|req: 839/1751] 10.0.0.62 () {32 vars in 719 bytes} [Wed Apr 22 19:38:19 2026] DELETE /v2.0/ports/2a9e42f3-a503-45a2-b04d-3d1e46dabfec => generated 0 bytes in 493 msecs (HTTP/1.1 204) 3 headers in 131 bytes (1 switches on core 0)
2026-04-22 19:38:19.771 7 INFO neutron.db.segments_db [None req-9adbdda7-44ee-46dc-a18a-266b4817e02b 0583ceace2b8461a8bb47ae4b6be1ca6 c4b3caa1ecf14d7a97a5a956ada22caa - - default default] Added segment 30c200da-dfbb-4245-906a-f337a991423c of type geneve for network 4bee13e0-e044-4663-b38a-9d90ca323b43 [pid: 8|app: 0|req: 913/1752] 10.0.0.62 () {32 vars in 773 bytes} [Wed Apr 22 19:38:19 2026] GET /v2.0/security-groups?tenant_id=ca3d0fc344ab412da326081e44dcc632&name=default => generated 2925 bytes in 138 msecs (HTTP/1.1 200) 4 headers in 158 bytes (1 switches on core 0)
2026-04-22 19:38:19.835 8 INFO neutron.pecan_wsgi.hooks.translation [None req-91f97f42-bea4-40ee-b315-a4c7b5e18a82 e3a7ac24bd60477ba4f0b1425af155fb 42d435e8a8124f4a856c0158b9a6ea3c - - default default] GET failed (client error): The resource could not be found. [pid: 8|app: 0|req: 914/1753] 10.0.0.62 () {32 vars in 716 bytes} [Wed Apr 22 19:38:19 2026] GET /v2.0/ports/2a9e42f3-a503-45a2-b04d-3d1e46dabfec => generated 132 bytes in 15 msecs (HTTP/1.1 404) 4 headers in 164 bytes (1 switches on core 0) [pid: 8|app: 0|req: 915/1754] 10.0.0.79 () {34 vars in 1039 bytes} [Wed Apr 22 19:38:19 2026] GET /v2.0/security-groups?id=c0529926-5d7d-4713-93c8-987d3bdbc41b&fields=id&fields=name => generated 113 bytes in 38 msecs (HTTP/1.1 200) 4 headers in 157 bytes (1 switches on core 0)
2026-04-22 19:38:19.902 7 INFO neutron.db.ovn_revision_numbers_db [None req-9adbdda7-44ee-46dc-a18a-266b4817e02b 0583ceace2b8461a8bb47ae4b6be1ca6 c4b3caa1ecf14d7a97a5a956ada22caa - - default default] Successfully bumped revision number for resource 4bee13e0-e044-4663-b38a-9d90ca323b43 (type: networks) to 1
2026-04-22 19:38:20.089 7 WARNING neutron.scheduler.dhcp_agent_scheduler [None req-9adbdda7-44ee-46dc-a18a-266b4817e02b 0583ceace2b8461a8bb47ae4b6be1ca6 c4b3caa1ecf14d7a97a5a956ada22caa - - default default] No more DHCP agents
2026-04-22 19:38:20.092 7 WARNING neutron.api.rpc.agentnotifiers.dhcp_rpc_agent_api [None req-9adbdda7-44ee-46dc-a18a-266b4817e02b 0583ceace2b8461a8bb47ae4b6be1ca6 c4b3caa1ecf14d7a97a5a956ada22caa - - default default] Unable to schedule network 4bee13e0-e044-4663-b38a-9d90ca323b43: no agents available; will retry on subsequent port and subnet creation events.
2026-04-22 19:38:20.194 7 INFO neutron.plugins.ml2.drivers.ovn.mech_driver.mech_driver [None req-5eb5b625-5060-49c3-a126-0e17ccfb4ca9 - - - - - -] OVN reports status down for port: 000ed991-2bb8-4be4-9be6-39b66d9feb87 [pid: 8|app: 0|req: 916/1755] 10.0.0.62 () {32 vars in 739 bytes} [Wed Apr 22 19:38:19 2026] DELETE /v2.0/security-groups/5e092d8e-cbec-4eb0-8766-b8b8f28acd0e => generated 0 bytes in 323 msecs (HTTP/1.1 204) 2 headers in 112 bytes (1 switches on core 0)
