Jun 26 22:05:58.825338 np0000183221 devstack@neutron-api.service[103224]: DEBUG futurist.periodics [-] Submitting periodic callback 'neutron.plugins.ml2.drivers.ovn.mech_driver.ovsdb.maintenance.HashRingHealthCheckPeriodics.touch_hash_ring_node' {{(pid=103224) _process_scheduled /opt/stack/data/venv/lib/python3.12/site-packages/futurist/periodics.py:784}}
Jun 26 22:05:58.825998 np0000183221 devstack@neutron-api.service[103224]: DEBUG neutron.plugins.ml2.drivers.ovn.mech_driver.ovsdb.maintenance [-] Touching Hash Ring node "88581d3f5c4a51b494528a8960fad179" from periodic health check thread {{(pid=103224) touch_hash_ring_node /opt/stack/neutron/neutron/plugins/ml2/drivers/ovn/mech_driver/ovsdb/maintenance.py:1419}}
Jun 26 22:05:58.864222 np0000183221 devstack@neutron-api.service[103222]: DEBUG futurist.periodics [-] Submitting periodic callback 'neutron.plugins.ml2.drivers.ovn.mech_driver.ovsdb.maintenance.HashRingHealthCheckPeriodics.touch_hash_ring_node' {{(pid=103222) _process_scheduled /opt/stack/data/venv/lib/python3.12/site-packages/futurist/periodics.py:784}}
Jun 26 22:05:58.866139 np0000183221 devstack@neutron-api.service[103222]: DEBUG neutron.plugins.ml2.drivers.ovn.mech_driver.ovsdb.maintenance [-] Touching Hash Ring node "22b26046c5e05c19bed2196c02302774" from periodic health check thread {{(pid=103222) touch_hash_ring_node /opt/stack/neutron/neutron/plugins/ml2/drivers/ovn/mech_driver/ovsdb/maintenance.py:1419}}
Jun 26 22:05:58.874458 np0000183221 devstack@neutron-api.service[103223]: DEBUG futurist.periodics [-] Submitting periodic callback 'neutron.plugins.ml2.drivers.ovn.mech_driver.ovsdb.maintenance.HashRingHealthCheckPeriodics.touch_hash_ring_node' {{(pid=103223) _process_scheduled /opt/stack/data/venv/lib/python3.12/site-packages/futurist/periodics.py:784}}
Jun 26 22:05:58.875162 np0000183221 devstack@neutron-api.service[103223]: DEBUG neutron.plugins.ml2.drivers.ovn.mech_driver.ovsdb.maintenance [-] Touching Hash Ring node "c218bd65aa8d5e20bdedcbb8fef149aa" from periodic health check thread {{(pid=103223) touch_hash_ring_node /opt/stack/neutron/neutron/plugins/ml2/drivers/ovn/mech_driver/ovsdb/maintenance.py:1419}}
Jun 26 22:06:07.806042 np0000183221 devstack@neutron-api.service[103221]: DEBUG dbcounter [-] [103221] Writing DB stats neutron:UPDATE=1,neutron:SELECT=1 {{(pid=103221) stat_writer /opt/stack/data/venv/lib/python3.12/site-packages/dbcounter.py:115}}
Jun 26 22:06:08.837057 np0000183221 devstack@neutron-api.service[103224]: DEBUG dbcounter [-] [103224] Writing DB stats neutron:UPDATE=1,neutron:SELECT=1 {{(pid=103224) stat_writer /opt/stack/data/venv/lib/python3.12/site-packages/dbcounter.py:115}}
Jun 26 22:06:08.876950 np0000183221 devstack@neutron-api.service[103222]: DEBUG dbcounter [-] [103222] Writing DB stats neutron:UPDATE=1,neutron:SELECT=1 {{(pid=103222) stat_writer /opt/stack/data/venv/lib/python3.12/site-packages/dbcounter.py:115}}
Jun 26 22:06:08.885194 np0000183221 devstack@neutron-api.service[103223]: DEBUG dbcounter [-] [103223] Writing DB stats neutron:UPDATE=1,neutron:SELECT=1 {{(pid=103223) stat_writer /opt/stack/data/venv/lib/python3.12/site-packages/dbcounter.py:115}}
Jun 26 22:06:12.794915 np0000183221 devstack@neutron-api.service[103221]: DEBUG futurist.periodics [-] Submitting periodic callback 'neutron.plugins.ml2.drivers.ovn.mech_driver.ovsdb.maintenance.HashRingHealthCheckPeriodics.touch_hash_ring_node' {{(pid=103221) _process_scheduled /opt/stack/data/venv/lib/python3.12/site-packages/futurist/periodics.py:784}}
Jun 26 22:06:12.795684 np0000183221 devstack@neutron-api.service[103221]: DEBUG neutron.plugins.ml2.drivers.ovn.mech_driver.ovsdb.maintenance [-] Touching Hash Ring node "16ddcf421bc45d55a784e5232930c375" from periodic health check thread {{(pid=103221) touch_hash_ring_node /opt/stack/neutron/neutron/plugins/ml2/drivers/ovn/mech_driver/ovsdb/maintenance.py:1419}}
Jun 26 22:06:13.826378 np0000183221 devstack@neutron-api.service[103224]: DEBUG futurist.periodics [-] Submitting periodic callback 'neutron.plugins.ml2.drivers.ovn.mech_driver.ovsdb.maintenance.HashRingHealthCheckPeriodics.touch_hash_ring_node' {{(pid=103224) _process_scheduled /opt/stack/data/venv/lib/python3.12/site-packages/futurist/periodics.py:784}}
Jun 26 22:06:13.827090 np0000183221 devstack@neutron-api.service[103224]: DEBUG neutron.plugins.ml2.drivers.ovn.mech_driver.ovsdb.maintenance [-] Touching Hash Ring node "88581d3f5c4a51b494528a8960fad179" from periodic health check thread {{(pid=103224) touch_hash_ring_node /opt/stack/neutron/neutron/plugins/ml2/drivers/ovn/mech_driver/ovsdb/maintenance.py:1419}}
Jun 26 22:06:13.866066 np0000183221 devstack@neutron-api.service[103222]: DEBUG futurist.periodics [-] Submitting periodic callback 'neutron.plugins.ml2.drivers.ovn.mech_driver.ovsdb.maintenance.HashRingHealthCheckPeriodics.touch_hash_ring_node' {{(pid=103222) _process_scheduled /opt/stack/data/venv/lib/python3.12/site-packages/futurist/periodics.py:784}}
Jun 26 22:06:13.866645 np0000183221 devstack@neutron-api.service[103222]: DEBUG neutron.plugins.ml2.drivers.ovn.mech_driver.ovsdb.maintenance [-] Touching Hash Ring node "22b26046c5e05c19bed2196c02302774" from periodic health check thread {{(pid=103222) touch_hash_ring_node /opt/stack/neutron/neutron/plugins/ml2/drivers/ovn/mech_driver/ovsdb/maintenance.py:1419}}
Jun 26 22:06:13.875278 np0000183221 devstack@neutron-api.service[103223]: DEBUG futurist.periodics [-] Submitting periodic callback 'neutron.plugins.ml2.drivers.ovn.mech_driver.ovsdb.maintenance.HashRingHealthCheckPeriodics.touch_hash_ring_node' {{(pid=103223) _process_scheduled /opt/stack/data/venv/lib/python3.12/site-packages/futurist/periodics.py:784}}
Jun 26 22:06:13.875883 np0000183221 devstack@neutron-api.service[103223]: DEBUG neutron.plugins.ml2.drivers.ovn.mech_driver.ovsdb.maintenance [-] Touching Hash Ring node "c218bd65aa8d5e20bdedcbb8fef149aa" from periodic health check thread {{(pid=103223) touch_hash_ring_node /opt/stack/neutron/neutron/plugins/ml2/drivers/ovn/mech_driver/ovsdb/maintenance.py:1419}}
Jun 26 22:06:22.807235 np0000183221 devstack@neutron-api.service[103221]: DEBUG dbcounter [-] [103221] Writing DB stats neutron:UPDATE=1,neutron:SELECT=1 {{(pid=103221) stat_writer /opt/stack/data/venv/lib/python3.12/site-packages/dbcounter.py:115}}
Jun 26 22:06:23.839032 np0000183221 devstack@neutron-api.service[103224]: DEBUG dbcounter [-] [103224] Writing DB stats neutron:UPDATE=1,neutron:SELECT=1 {{(pid=103224) stat_writer /opt/stack/data/venv/lib/python3.12/site-packages/dbcounter.py:115}}
Jun 26 22:06:23.875800 np0000183221 devstack@neutron-api.service[103222]: DEBUG dbcounter [-] [103222] Writing DB stats neutron:UPDATE=1,neutron:SELECT=1 {{(pid=103222) stat_writer /opt/stack/data/venv/lib/python3.12/site-packages/dbcounter.py:115}}
Jun 26 22:06:23.920694 np0000183221 devstack@neutron-api.service[103223]: DEBUG dbcounter [-] [103223] Writing DB stats neutron:UPDATE=1,neutron:SELECT=1 {{(pid=103223) stat_writer /opt/stack/data/venv/lib/python3.12/site-packages/dbcounter.py:115}}
Jun 26 22:06:27.701238 np0000183221 devstack@neutron-api.service[103223]: /opt/stack/neutron/neutron/extensions/quotasv2.py:134: UserWarning: "--check-limit" parameter is no longer needed since Epoxy (2025.1) release. By default, Neutron quota engine checks the resource usage before updating the limits
Jun 26 22:06:27.701238 np0000183221 devstack@neutron-api.service[103223]: warnings.warn('"--check-limit" parameter is no longer needed '
Jun 26 22:06:27.702067 np0000183221 devstack@neutron-api.service[103223]: DEBUG neutron.api.v2.base [None req-21bb73e0-97f3-4df4-8197-fd2a8a14fa63 admin admin] Request body: {'quota': {'security_group': 100}} {{(pid=103223) prepare_request_body /opt/stack/neutron/neutron/api/v2/base.py:727}}
Jun 26 22:06:27.722606 np0000183221 devstack@neutron-api.service[103223]: [pid: 103223|app: 0|req: 22/88] 199.204.45.49 () {68 vars in 1442 bytes} [Fri Jun 26 22:06:27 2026] PUT /networking/v2.0/quotas/8de04a90082241fcabaac4c7d19f2ae8 => generated 195 bytes in 28 msecs (HTTP/1.1 200) 4 headers in 157 bytes (1 switches on core 0)
Jun 26 22:06:27.795654 np0000183221 devstack@neutron-api.service[103221]: DEBUG futurist.periodics [-] Submitting periodic callback 'neutron.plugins.ml2.drivers.ovn.mech_driver.ovsdb.maintenance.HashRingHealthCheckPeriodics.touch_hash_ring_node' {{(pid=103221) _process_scheduled /opt/stack/data/venv/lib/python3.12/site-packages/futurist/periodics.py:784}}
Jun 26 22:06:27.796289 np0000183221 devstack@neutron-api.service[103221]: DEBUG neutron.plugins.ml2.drivers.ovn.mech_driver.ovsdb.maintenance [-] Touching Hash Ring node "16ddcf421bc45d55a784e5232930c375" from periodic health check thread {{(pid=103221) touch_hash_ring_node /opt/stack/neutron/neutron/plugins/ml2/drivers/ovn/mech_driver/ovsdb/maintenance.py:1419}}
Jun 26 22:06:28.021668 np0000183221 devstack@neutron-api.service[103222]: /opt/stack/neutron/neutron/extensions/quotasv2.py:134: UserWarning: "--check-limit" parameter is no longer needed since Epoxy (2025.1) release. By default, Neutron quota engine checks the resource usage before updating the limits
Jun 26 22:06:28.021668 np0000183221 devstack@neutron-api.service[103222]: warnings.warn('"--check-limit" parameter is no longer needed '
Jun 26 22:06:28.022301 np0000183221 devstack@neutron-api.service[103222]: DEBUG neutron.api.v2.base [None req-32e0f00a-ce49-435d-ba5b-cc6540f84665 admin admin] Request body: {'quota': {'security_group_rule': 1000}} {{(pid=103222) prepare_request_body /opt/stack/neutron/neutron/api/v2/base.py:727}}
Jun 26 22:06:28.050800 np0000183221 devstack@neutron-api.service[103222]: [pid: 103222|app: 0|req: 22/89] 199.204.45.49 () {68 vars in 1442 bytes} [Fri Jun 26 22:06:28 2026] PUT /networking/v2.0/quotas/8de04a90082241fcabaac4c7d19f2ae8 => generated 196 bytes in 33 msecs (HTTP/1.1 200) 4 headers in 157 bytes (1 switches on core 0)
Jun 26 22:06:28.827183 np0000183221 devstack@neutron-api.service[103224]: DEBUG futurist.periodics [-] Submitting periodic callback 'neutron.plugins.ml2.drivers.ovn.mech_driver.ovsdb.maintenance.HashRingHealthCheckPeriodics.touch_hash_ring_node' {{(pid=103224) _process_scheduled /opt/stack/data/venv/lib/python3.12/site-packages/futurist/periodics.py:784}}
Jun 26 22:06:28.827976 np0000183221 devstack@neutron-api.service[103224]: DEBUG neutron.plugins.ml2.drivers.ovn.mech_driver.ovsdb.maintenance [-] Touching Hash Ring node "88581d3f5c4a51b494528a8960fad179" from periodic health check thread {{(pid=103224) touch_hash_ring_node /opt/stack/neutron/neutron/plugins/ml2/drivers/ovn/mech_driver/ovsdb/maintenance.py:1419}}
Jun 26 22:06:28.866423 np0000183221 devstack@neutron-api.service[103222]: DEBUG futurist.periodics [-] Submitting periodic callback 'neutron.plugins.ml2.drivers.ovn.mech_driver.ovsdb.maintenance.HashRingHealthCheckPeriodics.touch_hash_ring_node' {{(pid=103222) _process_scheduled /opt/stack/data/venv/lib/python3.12/site-packages/futurist/periodics.py:784}}
Jun 26 22:06:28.866903 np0000183221 devstack@neutron-api.service[103222]: DEBUG neutron.plugins.ml2.drivers.ovn.mech_driver.ovsdb.maintenance [-] Touching Hash Ring node "22b26046c5e05c19bed2196c02302774" from periodic health check thread {{(pid=103222) touch_hash_ring_node /opt/stack/neutron/neutron/plugins/ml2/drivers/ovn/mech_driver/ovsdb/maintenance.py:1419}}
Jun 26 22:06:28.876212 np0000183221 devstack@neutron-api.service[103223]: DEBUG futurist.periodics [-] Submitting periodic callback 'neutron.plugins.ml2.drivers.ovn.mech_driver.ovsdb.maintenance.HashRingHealthCheckPeriodics.touch_hash_ring_node' {{(pid=103223) _process_scheduled /opt/stack/data/venv/lib/python3.12/site-packages/futurist/periodics.py:784}}
Jun 26 22:06:28.876792 np0000183221 devstack@neutron-api.service[103223]: DEBUG neutron.plugins.ml2.drivers.ovn.mech_driver.ovsdb.maintenance [-] Touching Hash Ring node "c218bd65aa8d5e20bdedcbb8fef149aa" from periodic health check thread {{(pid=103223) touch_hash_ring_node /opt/stack/neutron/neutron/plugins/ml2/drivers/ovn/mech_driver/ovsdb/maintenance.py:1419}}
Jun 26 22:06:37.806386 np0000183221 devstack@neutron-api.service[103221]: DEBUG dbcounter [-] [103221] Writing DB stats neutron:UPDATE=1,neutron:SELECT=1 {{(pid=103221) stat_writer /opt/stack/data/venv/lib/python3.12/site-packages/dbcounter.py:115}}
Jun 26 22:06:38.840856 np0000183221 devstack@neutron-api.service[103224]: DEBUG dbcounter [-] [103224] Writing DB stats neutron:UPDATE=1,neutron:SELECT=1 {{(pid=103224) stat_writer /opt/stack/data/venv/lib/python3.12/site-packages/dbcounter.py:115}}
Jun 26 22:06:38.877437 np0000183221 devstack@neutron-api.service[103222]: DEBUG dbcounter [-] [103222] Writing DB stats neutron:SELECT=5,neutron:INSERT=1,neutron:UPDATE=1 {{(pid=103222) stat_writer /opt/stack/data/venv/lib/python3.12/site-packages/dbcounter.py:115}}
Jun 26 22:06:38.886691 np0000183221 devstack@neutron-api.service[103223]: DEBUG dbcounter [-] [103223] Writing DB stats neutron:SELECT=5,neutron:INSERT=1,neutron:UPDATE=1 {{(pid=103223) stat_writer /opt/stack/data/venv/lib/python3.12/site-packages/dbcounter.py:115}}
Jun 26 22:06:42.796454 np0000183221 devstack@neutron-api.service[103221]: DEBUG futurist.periodics [-] Submitting periodic callback 'neutron.plugins.ml2.drivers.ovn.mech_driver.ovsdb.maintenance.HashRingHealthCheckPeriodics.touch_hash_ring_node' {{(pid=103221) _process_scheduled /opt/stack/data/venv/lib/python3.12/site-packages/futurist/periodics.py:784}}
Jun 26 22:06:42.797185 np0000183221 devstack@neutron-api.service[103221]: DEBUG neutron.plugins.ml2.drivers.ovn.mech_driver.ovsdb.maintenance [-] Touching Hash Ring node "16ddcf421bc45d55a784e5232930c375" from periodic health check thread {{(pid=103221) touch_hash_ring_node /opt/stack/neutron/neutron/plugins/ml2/drivers/ovn/mech_driver/ovsdb/maintenance.py:1419}}
Jun 26 22:06:43.629251 np0000183221 devstack@neutron-api.service[103221]: DEBUG neutron.pecan_wsgi.hooks.policy_enforcement [None req-a69c8552-8ca9-48aa-a0ba-a80d69d94810 admin admin] Attributes excluded by policy engine: ['standard_attr_id'] {{(pid=103221) _exclude_attributes_by_policy /opt/stack/neutron/neutron/pecan_wsgi/hooks/policy_enforcement.py:259}}
Jun 26 22:06:43.630765 np0000183221 devstack@neutron-api.service[103221]: [pid: 103221|app: 0|req: 24/90] 199.204.45.49 () {64 vars in 1371 bytes} [Fri Jun 26 22:06:43 2026] GET /networking/v2.0/ports?device_owner=network%3Adistributed => generated 1650 bytes in 95 msecs (HTTP/1.1 200) 4 headers in 158 bytes (1 switches on core 0)
Jun 26 22:06:43.828092 np0000183221 devstack@neutron-api.service[103224]: DEBUG futurist.periodics [-] Submitting periodic callback 'neutron.plugins.ml2.drivers.ovn.mech_driver.ovsdb.maintenance.HashRingHealthCheckPeriodics.touch_hash_ring_node' {{(pid=103224) _process_scheduled /opt/stack/data/venv/lib/python3.12/site-packages/futurist/periodics.py:784}}
Jun 26 22:06:43.828747 np0000183221 devstack@neutron-api.service[103224]: DEBUG neutron.plugins.ml2.drivers.ovn.mech_driver.ovsdb.maintenance [-] Touching Hash Ring node "88581d3f5c4a51b494528a8960fad179" from periodic health check thread {{(pid=103224) touch_hash_ring_node /opt/stack/neutron/neutron/plugins/ml2/drivers/ovn/mech_driver/ovsdb/maintenance.py:1419}}
Jun 26 22:06:43.867179 np0000183221 devstack@neutron-api.service[103222]: DEBUG futurist.periodics [-] Submitting periodic callback 'neutron.plugins.ml2.drivers.ovn.mech_driver.ovsdb.maintenance.HashRingHealthCheckPeriodics.touch_hash_ring_node' {{(pid=103222) _process_scheduled /opt/stack/data/venv/lib/python3.12/site-packages/futurist/periodics.py:784}}
Jun 26 22:06:43.867803 np0000183221 devstack@neutron-api.service[103222]: DEBUG neutron.plugins.ml2.drivers.ovn.mech_driver.ovsdb.maintenance [-] Touching Hash Ring node "22b26046c5e05c19bed2196c02302774" from periodic health check thread {{(pid=103222) touch_hash_ring_node /opt/stack/neutron/neutron/plugins/ml2/drivers/ovn/mech_driver/ovsdb/maintenance.py:1419}}
Jun 26 22:06:43.877556 np0000183221 devstack@neutron-api.service[103223]: DEBUG futurist.periodics [-] Submitting periodic callback 'neutron.plugins.ml2.drivers.ovn.mech_driver.ovsdb.maintenance.HashRingHealthCheckPeriodics.touch_hash_ring_node' {{(pid=103223) _process_scheduled /opt/stack/data/venv/lib/python3.12/site-packages/futurist/periodics.py:784}}
Jun 26 22:06:43.879179 np0000183221 devstack@neutron-api.service[103223]: DEBUG neutron.plugins.ml2.drivers.ovn.mech_driver.ovsdb.maintenance [-] Touching Hash Ring node "c218bd65aa8d5e20bdedcbb8fef149aa" from periodic health check thread {{(pid=103223) touch_hash_ring_node /opt/stack/neutron/neutron/plugins/ml2/drivers/ovn/mech_driver/ovsdb/maintenance.py:1419}}
Jun 26 22:06:44.524594 np0000183221 devstack@neutron-api.service[103224]: DEBUG neutron.common.ovn.hash_ring_manager [None req-d8144eb7-9c83-4e28-bdc2-6d6a6330a1ec None None] Hash Ring loaded. 4 active nodes. 0 offline nodes {{(pid=103224) _load_hash_ring /opt/stack/neutron/neutron/common/ovn/hash_ring_manager.py:110}}
Jun 26 22:06:44.525149 np0000183221 devstack@neutron-api.service[103221]: DEBUG neutron.common.ovn.hash_ring_manager [None req-5f8d9053-9e8d-447b-b163-ff3701644776 None None] Hash Ring loaded. 4 active nodes. 0 offline nodes {{(pid=103221) _load_hash_ring /opt/stack/neutron/neutron/common/ovn/hash_ring_manager.py:110}}
Jun 26 22:06:44.533634 np0000183221 devstack@neutron-api.service[103223]: DEBUG neutron.common.ovn.hash_ring_manager [None req-a85a0379-b747-473b-86f5-4c2ab9ef92ac None None] Hash Ring loaded. 4 active nodes. 0 offline nodes {{(pid=103223) _load_hash_ring /opt/stack/neutron/neutron/common/ovn/hash_ring_manager.py:110}}
Jun 26 22:06:44.534159 np0000183221 devstack@neutron-api.service[103223]: DEBUG neutron.plugins.ml2.drivers.ovn.mech_driver.ovsdb.ovsdb_monitor [None req-a85a0379-b747-473b-86f5-4c2ab9ef92ac None None] Hash Ring: Node c218bd65aa8d5e20bdedcbb8fef149aa (host: np0000183221) handling event "update" for row 65d2ddd3-c2d1-4bf9-a27d-de8c37b10fe1 (table: Connection) {{(pid=103223) notify /opt/stack/neutron/neutron/plugins/ml2/drivers/ovn/mech_driver/ovsdb/ovsdb_monitor.py:1015}}
Jun 26 22:06:44.535207 np0000183221 devstack@neutron-api.service[103222]: DEBUG neutron.common.ovn.hash_ring_manager [None req-171a1316-04f0-487d-b4bc-f76e72dc9a2b None None] Hash Ring loaded. 4 active nodes. 0 offline nodes {{(pid=103222) _load_hash_ring /opt/stack/neutron/neutron/common/ovn/hash_ring_manager.py:110}}
Jun 26 22:06:47.055280 np0000183221 devstack@neutron-api.service[103223]: DEBUG neutron.plugins.ml2.drivers.ovn.mech_driver.ovsdb.ovsdb_monitor [None req-a85a0379-b747-473b-86f5-4c2ab9ef92ac None None] Hash Ring: Node c218bd65aa8d5e20bdedcbb8fef149aa (host: np0000183221) handling event "update" for row 65d2ddd3-c2d1-4bf9-a27d-de8c37b10fe1 (table: Connection) {{(pid=103223) notify /opt/stack/neutron/neutron/plugins/ml2/drivers/ovn/mech_driver/ovsdb/ovsdb_monitor.py:1015}}
Jun 26 22:06:54.523070 np0000183221 devstack@neutron-api.service[103224]: DEBUG dbcounter [-] [103224] Writing DB stats neutron:UPDATE=1,neutron:SELECT=3 {{(pid=103224) stat_writer /opt/stack/data/venv/lib/python3.12/site-packages/dbcounter.py:115}}
Jun 26 22:06:54.524246 np0000183221 devstack@neutron-api.service[103221]: DEBUG dbcounter [-] [103221] Writing DB stats neutron:UPDATE=1,neutron:SELECT=12 {{(pid=103221) stat_writer /opt/stack/data/venv/lib/python3.12/site-packages/dbcounter.py:115}}
Jun 26 22:06:54.533109 np0000183221 devstack@neutron-api.service[103223]: DEBUG dbcounter [-] [103223] Writing DB stats neutron:UPDATE=1,neutron:SELECT=3 {{(pid=103223) stat_writer /opt/stack/data/venv/lib/python3.12/site-packages/dbcounter.py:115}}
Jun 26 22:06:54.533519 np0000183221 devstack@neutron-api.service[103222]: DEBUG dbcounter [-] [103222] Writing DB stats neutron:UPDATE=1,neutron:SELECT=3 {{(pid=103222) stat_writer /opt/stack/data/venv/lib/python3.12/site-packages/dbcounter.py:115}}
Jun 26 22:06:57.557048 np0000183221 devstack@neutron-api.service[103224]: INFO neutron.pecan_wsgi.hooks.translation [None req-eed62cbe-333f-4f93-a716-b68bf748e073 admin admin] GET failed (client error): The resource could not be found.
Jun 26 22:06:57.557841 np0000183221 devstack@neutron-api.service[103224]: [pid: 103224|app: 0|req: 23/91] 199.204.45.49 () {64 vars in 1327 bytes} [Fri Jun 26 22:06:57 2026] GET /networking/v2.0/networks/admin_net => generated 111 bytes in 12 msecs (HTTP/1.1 404) 4 headers in 164 bytes (1 switches on core 0)
Jun 26 22:06:57.590623 np0000183221 devstack@neutron-api.service[103223]: [pid: 103223|app: 0|req: 23/92] 199.204.45.49 () {64 vars in 1339 bytes} [Fri Jun 26 22:06:57 2026] GET /networking/v2.0/networks?name=admin_net => generated 15 bytes in 22 msecs (HTTP/1.1 200) 4 headers in 156 bytes (1 switches on core 0)
Jun 26 22:06:57.797010 np0000183221 devstack@neutron-api.service[103221]: DEBUG futurist.periodics [-] Submitting periodic callback 'neutron.plugins.ml2.drivers.ovn.mech_driver.ovsdb.maintenance.HashRingHealthCheckPeriodics.touch_hash_ring_node' {{(pid=103221) _process_scheduled /opt/stack/data/venv/lib/python3.12/site-packages/futurist/periodics.py:784}}
Jun 26 22:06:57.797811 np0000183221 devstack@neutron-api.service[103221]: DEBUG neutron.plugins.ml2.drivers.ovn.mech_driver.ovsdb.maintenance [-] Touching Hash Ring node "16ddcf421bc45d55a784e5232930c375" from periodic health check thread {{(pid=103221) touch_hash_ring_node /opt/stack/neutron/neutron/plugins/ml2/drivers/ovn/mech_driver/ovsdb/maintenance.py:1419}}
Jun 26 22:06:57.843561 np0000183221 devstack@neutron-api.service[103222]: DEBUG neutron.api.v2.base [None req-d0320c12-1d94-4a7b-b811-a11338145b5a admin admin] Request body: {'network': {'project_id': '8a18827e8b7e4d3caac1cbcce0bdf2a7', 'admin_state_up': True, 'name': 'admin_net'}} {{(pid=103222) prepare_request_body /opt/stack/neutron/neutron/api/v2/base.py:727}}
Jun 26 22:06:57.880004 np0000183221 devstack@neutron-api.service[103222]: DEBUG neutron.pecan_wsgi.hooks.quota_enforcement [None req-d0320c12-1d94-4a7b-b811-a11338145b5a admin admin] Made reservation on behalf of 8a18827e8b7e4d3caac1cbcce0bdf2a7 for: {'network': 1} {{(pid=103222) before /opt/stack/neutron/neutron/pecan_wsgi/hooks/quota_enforcement.py:66}}
Jun 26 22:06:57.885251 np0000183221 devstack@neutron-api.service[103222]: DEBUG neutron_lib.callbacks.manager [None req-d0320c12-1d94-4a7b-b811-a11338145b5a admin admin] Publish callbacks ['neutron.plugins.ml2.plugin.SecurityGroupDbMixin._ensure_default_security_group_handler-511320'] for network (None), before_create {{(pid=103222) _notify_loop /opt/stack/data/venv/lib/python3.12/site-packages/neutron_lib/callbacks/manager.py:184}}
Jun 26 22:06:57.891235 np0000183221 devstack@neutron-api.service[103222]: DEBUG neutron_lib.callbacks.manager [None req-d0320c12-1d94-4a7b-b811-a11338145b5a admin admin] Publish callbacks [] for security_group (None), before_create {{(pid=103222) _notify_loop /opt/stack/data/venv/lib/python3.12/site-packages/neutron_lib/callbacks/manager.py:184}}
Jun 26 22:06:57.949560 np0000183221 devstack@neutron-api.service[103222]: DEBUG neutron_lib.callbacks.manager [None req-d0320c12-1d94-4a7b-b811-a11338145b5a admin admin] Publish callbacks ['neutron.plugins.ml2.drivers.ovn.mech_driver.mech_driver.OVNMechanismDriver._create_security_group_precommit-1892774'] for security_group (e91680e4-7e03-42fe-b4c1-92cd54428dda), precommit_create {{(pid=103222) _notify_loop /opt/stack/data/venv/lib/python3.12/site-packages/neutron_lib/callbacks/manager.py:184}}
Jun 26 22:06:57.949741 np0000183221 devstack@neutron-api.service[103222]: DEBUG neutron.db.ovn_revision_numbers_db [None req-d0320c12-1d94-4a7b-b811-a11338145b5a admin admin] create_initial_revision uuid=e91680e4-7e03-42fe-b4c1-92cd54428dda, type=security_groups, rev=-1 {{(pid=103222) create_initial_revision /opt/stack/neutron/neutron/db/ovn_revision_numbers_db.py:98}}
Jun 26 22:06:57.951100 np0000183221 devstack@neutron-api.service[103222]: DEBUG neutron.db.ovn_revision_numbers_db [None req-d0320c12-1d94-4a7b-b811-a11338145b5a admin admin] create_initial_revision uuid=112175e0-8180-4efd-84fe-da454b6199dc, type=security_group_rules, rev=-1 {{(pid=103222) create_initial_revision /opt/stack/neutron/neutron/db/ovn_revision_numbers_db.py:98}}
Jun 26 22:06:57.952122 np0000183221 devstack@neutron-api.service[103222]: DEBUG neutron.db.ovn_revision_numbers_db [None req-d0320c12-1d94-4a7b-b811-a11338145b5a admin admin] create_initial_revision uuid=2ec937c8-33b5-4c3b-9379-95339f552549, type=security_group_rules, rev=-1 {{(pid=103222) create_initial_revision /opt/stack/neutron/neutron/db/ovn_revision_numbers_db.py:98}}
Jun 26 22:06:57.953197 np0000183221 devstack@neutron-api.service[103222]: DEBUG neutron.db.ovn_revision_numbers_db [None req-d0320c12-1d94-4a7b-b811-a11338145b5a admin admin] create_initial_revision uuid=c9983838-04d0-4057-9726-e10fc1ec8756, type=security_group_rules, rev=-1 {{(pid=103222) create_initial_revision /opt/stack/neutron/neutron/db/ovn_revision_numbers_db.py:98}}
Jun 26 22:06:57.954240 np0000183221 devstack@neutron-api.service[103222]: DEBUG neutron.db.ovn_revision_numbers_db [None req-d0320c12-1d94-4a7b-b811-a11338145b5a admin admin] create_initial_revision uuid=eb75211a-77a3-4fb3-abe5-3cf4fd30793e, type=security_group_rules, rev=-1 {{(pid=103222) create_initial_revision /opt/stack/neutron/neutron/db/ovn_revision_numbers_db.py:98}}
Jun 26 22:06:57.960699 np0000183221 devstack@neutron-api.service[103222]: DEBUG neutron_lib.callbacks.manager [None req-d0320c12-1d94-4a7b-b811-a11338145b5a admin admin] Publish callbacks ['neutron.plugins.ml2.drivers.ovn.mech_driver.mech_driver.OVNMechanismDriver._create_security_group-1892752', 'neutron.plugins.ml2.ovo_rpc._ObjectChangeHandler.handle_event-6987019'] for security_group (e91680e4-7e03-42fe-b4c1-92cd54428dda), after_create {{(pid=103222) _notify_loop /opt/stack/data/venv/lib/python3.12/site-packages/neutron_lib/callbacks/manager.py:184}}
Jun 26 22:06:57.961918 np0000183221 devstack@neutron-api.service[103222]: DEBUG ovsdbapp.backend.ovs_idl.transaction [None req-171a1316-04f0-487d-b4bc-f76e72dc9a2b None None] Running txn n=1 command(idx=0): PgAddCommand(_result=None, name=pg_e91680e4_7e03_42fe_b4c1_92cd54428dda, may_exist=False, columns={'acls': [], 'external_ids': {'neutron:security_group_id': 'e91680e4-7e03-42fe-b4c1-92cd54428dda'}}) {{(pid=103222) do_commit /opt/stack/data/venv/lib/python3.12/site-packages/ovsdbapp/backend/ovs_idl/transaction.py:89}}
Jun 26 22:06:57.962654 np0000183221 devstack@neutron-api.service[103222]: DEBUG ovsdbapp.backend.ovs_idl.transaction [None req-171a1316-04f0-487d-b4bc-f76e72dc9a2b None None] Running txn n=1 command(idx=1): PgAclAddCommand(_result=None, entity=pg_e91680e4_7e03_42fe_b4c1_92cd54428dda, direction=to-lport, priority=1002, match=outport == @pg_e91680e4_7e03_42fe_b4c1_92cd54428dda && ip4 && ip4.src == $pg_e91680e4_7e03_42fe_b4c1_92cd54428dda_ip4, action=allow-related, log=False, may_exist=True, severity=[], name=[], meter=[], external_ids={'neutron:security_group_rule_id': '112175e0-8180-4efd-84fe-da454b6199dc'}) {{(pid=103222) do_commit /opt/stack/data/venv/lib/python3.12/site-packages/ovsdbapp/backend/ovs_idl/transaction.py:89}}
Jun 26 22:06:57.963349 np0000183221 devstack@neutron-api.service[103222]: DEBUG ovsdbapp.backend.ovs_idl.transaction [None req-171a1316-04f0-487d-b4bc-f76e72dc9a2b None None] Running txn n=1 command(idx=2): PgAclAddCommand(_result=None, entity=pg_e91680e4_7e03_42fe_b4c1_92cd54428dda, direction=to-lport, priority=1002, match=outport == @pg_e91680e4_7e03_42fe_b4c1_92cd54428dda && ip6 && ip6.src == $pg_e91680e4_7e03_42fe_b4c1_92cd54428dda_ip6, action=allow-related, log=False, may_exist=True, severity=[], name=[], meter=[], external_ids={'neutron:security_group_rule_id': '2ec937c8-33b5-4c3b-9379-95339f552549'}) {{(pid=103222) do_commit /opt/stack/data/venv/lib/python3.12/site-packages/ovsdbapp/backend/ovs_idl/transaction.py:89}}
Jun 26 22:06:57.963897 np0000183221 devstack@neutron-api.service[103222]: DEBUG ovsdbapp.backend.ovs_idl.transaction [None req-171a1316-04f0-487d-b4bc-f76e72dc9a2b None None] Running txn n=1 command(idx=3): PgAclAddCommand(_result=None, entity=pg_e91680e4_7e03_42fe_b4c1_92cd54428dda, direction=from-lport, priority=1002, match=inport == @pg_e91680e4_7e03_42fe_b4c1_92cd54428dda && ip6, action=allow-related, log=False, may_exist=True, severity=[], name=[], meter=[], external_ids={'neutron:security_group_rule_id': 'c9983838-04d0-4057-9726-e10fc1ec8756'}) {{(pid=103222) do_commit /opt/stack/data/venv/lib/python3.12/site-packages/ovsdbapp/backend/ovs_idl/transaction.py:89}}
Jun 26 22:06:57.964487 np0000183221 devstack@neutron-api.service[103222]: DEBUG ovsdbapp.backend.ovs_idl.transaction [None req-171a1316-04f0-487d-b4bc-f76e72dc9a2b None None] Running txn n=1 command(idx=4): PgAclAddCommand(_result=None, entity=pg_e91680e4_7e03_42fe_b4c1_92cd54428dda, direction=from-lport, priority=1002, match=inport == @pg_e91680e4_7e03_42fe_b4c1_92cd54428dda && ip4, action=allow-related, log=False, may_exist=True, severity=[], name=[], meter=[], external_ids={'neutron:security_group_rule_id': 'eb75211a-77a3-4fb3-abe5-3cf4fd30793e'}) {{(pid=103222) do_commit /opt/stack/data/venv/lib/python3.12/site-packages/ovsdbapp/backend/ovs_idl/transaction.py:89}}
Jun 26 22:06:57.974606 np0000183221 devstack@neutron-api.service[103221]: DEBUG neutron.plugins.ml2.drivers.ovn.mech_driver.ovsdb.ovsdb_monitor [None req-5f8d9053-9e8d-447b-b163-ff3701644776 None None] Hash Ring: Node 16ddcf421bc45d55a784e5232930c375 (host: np0000183221) handling event "create" for row 8a8f6453-f081-4daa-8de6-6a5a53b89047 (table: Port_Group) {{(pid=103221) notify /opt/stack/neutron/neutron/plugins/ml2/drivers/ovn/mech_driver/ovsdb/ovsdb_monitor.py:1015}}
Jun 26 22:06:57.975100 np0000183221 devstack@neutron-api.service[103224]: DEBUG neutron.plugins.ml2.drivers.ovn.mech_driver.ovsdb.ovsdb_monitor [None req-d8144eb7-9c83-4e28-bdc2-6d6a6330a1ec None None] Hash Ring: Node 88581d3f5c4a51b494528a8960fad179 (host: np0000183221) handling event "create" for row 024f0d8d-9fb8-44ad-8238-a4e535338cb6 (table: ACL) {{(pid=103224) notify /opt/stack/neutron/neutron/plugins/ml2/drivers/ovn/mech_driver/ovsdb/ovsdb_monitor.py:1015}}
Jun 26 22:06:57.975548 np0000183221 devstack@neutron-api.service[103224]: DEBUG neutron.plugins.ml2.drivers.ovn.mech_driver.ovsdb.ovsdb_monitor [None req-d8144eb7-9c83-4e28-bdc2-6d6a6330a1ec None None] Hash Ring: Node 88581d3f5c4a51b494528a8960fad179 (host: np0000183221) handling event "create" for row 5805e640-2d5f-4fcf-ac08-76013e077e5f (table: ACL) {{(pid=103224) notify /opt/stack/neutron/neutron/plugins/ml2/drivers/ovn/mech_driver/ovsdb/ovsdb_monitor.py:1015}}
Jun 26 22:06:57.975919 np0000183221 devstack@neutron-api.service[103222]: DEBUG neutron.plugins.ml2.drivers.ovn.mech_driver.ovsdb.ovsdb_monitor [None req-171a1316-04f0-487d-b4bc-f76e72dc9a2b None None] Hash Ring: Node 22b26046c5e05c19bed2196c02302774 (host: np0000183221) handling event "create" for row 89bb33a6-831b-46dc-a87f-7868e56d4496 (table: ACL) {{(pid=103222) notify /opt/stack/neutron/neutron/plugins/ml2/drivers/ovn/mech_driver/ovsdb/ovsdb_monitor.py:1015}}
Jun 26 22:06:57.975919 np0000183221 devstack@neutron-api.service[103222]: DEBUG neutron.plugins.ml2.drivers.ovn.mech_driver.ovsdb.ovsdb_monitor [None req-171a1316-04f0-487d-b4bc-f76e72dc9a2b None None] Hash Ring: Node 22b26046c5e05c19bed2196c02302774 (host: np0000183221) handling event "create" for row b68672eb-ee7c-4c00-bd64-17d51dcdaf5b (table: ACL) {{(pid=103222) notify /opt/stack/neutron/neutron/plugins/ml2/drivers/ovn/mech_driver/ovsdb/ovsdb_monitor.py:1015}}
Jun 26 22:06:58.001385 np0000183221 devstack@neutron-api.service[103222]: INFO neutron.db.ovn_revision_numbers_db [None req-d0320c12-1d94-4a7b-b811-a11338145b5a admin admin] Successfully bumped revision number for resource e91680e4-7e03-42fe-b4c1-92cd54428dda (type: security_groups) to 1
Jun 26 22:06:58.017909 np0000183221 devstack@neutron-api.service[103222]: INFO neutron.db.ovn_revision_numbers_db [None req-d0320c12-1d94-4a7b-b811-a11338145b5a admin admin] Successfully bumped revision number for resource 112175e0-8180-4efd-84fe-da454b6199dc (type: security_group_rules) to 0
Jun 26 22:06:58.032289 np0000183221 devstack@neutron-api.service[103222]: INFO neutron.db.ovn_revision_numbers_db [None req-d0320c12-1d94-4a7b-b811-a11338145b5a admin admin] Successfully bumped revision number for resource 2ec937c8-33b5-4c3b-9379-95339f552549 (type: security_group_rules) to 0
Jun 26 22:06:58.045718 np0000183221 devstack@neutron-api.service[103222]: INFO neutron.db.ovn_revision_numbers_db [None req-d0320c12-1d94-4a7b-b811-a11338145b5a admin admin] Successfully bumped revision number for resource c9983838-04d0-4057-9726-e10fc1ec8756 (type: security_group_rules) to 0
Jun 26 22:06:58.060549 np0000183221 devstack@neutron-api.service[103222]: INFO neutron.db.ovn_revision_numbers_db [None req-d0320c12-1d94-4a7b-b811-a11338145b5a admin admin] Successfully bumped revision number for resource eb75211a-77a3-4fb3-abe5-3cf4fd30793e (type: security_group_rules) to 0
Jun 26 22:06:58.085896 np0000183221 devstack@neutron-api.service[103222]: DEBUG neutron.api.rpc.handlers.resources_rpc [None req-d0320c12-1d94-4a7b-b811-a11338145b5a admin admin] Pushing event updated for resources: {'SecurityGroup': ['ID=e91680e4-7e03-42fe-b4c1-92cd54428dda,revision_number=1']} {{(pid=103222) push /opt/stack/neutron/neutron/api/rpc/handlers/resources_rpc.py:237}}
Jun 26 22:06:58.092375 np0000183221 devstack@neutron-api.service[103222]: DEBUG ovsdbapp.backend.ovs_idl.transaction [None req-171a1316-04f0-487d-b4bc-f76e72dc9a2b None None] Running txn n=1 command(idx=0): CheckLivenessCommand(_result=None) {{(pid=103222) do_commit /opt/stack/data/venv/lib/python3.12/site-packages/ovsdbapp/backend/ovs_idl/transaction.py:89}}
Jun 26 22:06:58.098742 np0000183221 devstack@neutron-api.service[103222]: DEBUG neutron.api.rpc.callbacks.version_manager [None req-d0320c12-1d94-4a7b-b811-a11338145b5a admin admin] Tracked resource versions report:
Jun 26 22:06:58.098742 np0000183221 devstack@neutron-api.service[103222]: pushed versions:
Jun 26 22:06:58.098742 np0000183221 devstack@neutron-api.service[103222]: { 'AddressGroup': {'1.2'},
Jun 26 22:06:58.098742 np0000183221 devstack@neutron-api.service[103222]: 'Agent': {'1.1'},
Jun 26 22:06:58.098742 np0000183221 devstack@neutron-api.service[103222]: 'ConntrackHelper': {'1.0'},
Jun 26 22:06:58.098742 np0000183221 devstack@neutron-api.service[103222]: 'LocalIPAssociation': {'1.0'},
Jun 26 22:06:58.098742 np0000183221 devstack@neutron-api.service[103222]: 'Log': {'1.0'},
Jun 26 22:06:58.098742 np0000183221 devstack@neutron-api.service[103222]: 'NDPProxy': {'1.0'},
Jun 26 22:06:58.098742 np0000183221 devstack@neutron-api.service[103222]: 'Network': {'1.3'},
Jun 26 22:06:58.098742 np0000183221 devstack@neutron-api.service[103222]: 'Port': {'1.11'},
Jun 26 22:06:58.098742 np0000183221 devstack@neutron-api.service[103222]: 'PortForwarding': {'1.3'},
Jun 26 22:06:58.098742 np0000183221 devstack@neutron-api.service[103222]: 'QosPolicy': {'1.10'},
Jun 26 22:06:58.098742 np0000183221 devstack@neutron-api.service[103222]: 'SecurityGroup': {'1.6'},
Jun 26 22:06:58.098742 np0000183221 devstack@neutron-api.service[103222]: 'SecurityGroupRule': {'1.3'},
Jun 26 22:06:58.098742 np0000183221 devstack@neutron-api.service[103222]: 'SubPort': {'1.0'},
Jun 26 22:06:58.098742 np0000183221 devstack@neutron-api.service[103222]: 'Subnet': {'1.2'},
Jun 26 22:06:58.098742 np0000183221 devstack@neutron-api.service[103222]: 'Trunk': {'1.1'}}
Jun 26 22:06:58.098742 np0000183221 devstack@neutron-api.service[103222]: consumer versions:
Jun 26 22:06:58.098742 np0000183221 devstack@neutron-api.service[103222]: { OVN Neutron agent@np0000183221: {},
Jun 26 22:06:58.098742 np0000183221 devstack@neutron-api.service[103222]: OVN Controller Gateway agent@np0000183221: {}}
Jun 26 22:06:58.098742 np0000183221 devstack@neutron-api.service[103222]: {{(pid=103222) report /opt/stack/neutron/neutron/api/rpc/callbacks/version_manager.py:183}}
Jun 26 22:06:58.102755 np0000183221 devstack@neutron-api.service[103221]: DEBUG neutron.plugins.ml2.drivers.ovn.mech_driver.ovsdb.ovsdb_monitor [None req-40207fc9-a3f0-4c2a-9447-8ed803986200 None None] ChassisAgentWriteEvent : Matched Chassis_Private, update, None None {{(pid=103221) matches /opt/stack/neutron/neutron/plugins/ml2/drivers/ovn/mech_driver/ovsdb/ovsdb_monitor.py:64}}
Jun 26 22:06:58.105240 np0000183221 devstack@neutron-api.service[103224]: DEBUG neutron.plugins.ml2.drivers.ovn.mech_driver.ovsdb.ovsdb_monitor [None req-02afbb65-9ddf-4d32-add6-efacd14d483e None None] ChassisAgentWriteEvent : Matched Chassis_Private, update, None None {{(pid=103224) matches /opt/stack/neutron/neutron/plugins/ml2/drivers/ovn/mech_driver/ovsdb/ovsdb_monitor.py:64}}
Jun 26 22:06:58.106804 np0000183221 devstack@neutron-api.service[103224]: DEBUG neutron.plugins.ml2.drivers.ovn.mech_driver.ovsdb.ovsdb_monitor [None req-d8144eb7-9c83-4e28-bdc2-6d6a6330a1ec None None] Hash Ring: Node 88581d3f5c4a51b494528a8960fad179 (host: np0000183221) handling event "update" for row 4387f968-2e14-47ef-95d2-6913ab8fea46 (table: NB_Global) {{(pid=103224) notify /opt/stack/neutron/neutron/plugins/ml2/drivers/ovn/mech_driver/ovsdb/ovsdb_monitor.py:1015}}
Jun 26 22:06:58.107219 np0000183221 devstack@neutron-api.service[103223]: DEBUG neutron.plugins.ml2.drivers.ovn.mech_driver.ovsdb.ovsdb_monitor [None req-393647b3-10a4-4134-bcbc-d4ebc35270cc None None] ChassisAgentWriteEvent : Matched Chassis_Private, update, None None {{(pid=103223) matches /opt/stack/neutron/neutron/plugins/ml2/drivers/ovn/mech_driver/ovsdb/ovsdb_monitor.py:64}}
Jun 26 22:06:58.110150 np0000183221 devstack@neutron-api.service[103224]: DEBUG neutron.plugins.ml2.drivers.ovn.mech_driver.ovsdb.ovsdb_monitor [None req-d8144eb7-9c83-4e28-bdc2-6d6a6330a1ec None None] Hash Ring: Node 88581d3f5c4a51b494528a8960fad179 (host: np0000183221) handling event "update" for row 4387f968-2e14-47ef-95d2-6913ab8fea46 (table: NB_Global) {{(pid=103224) notify /opt/stack/neutron/neutron/plugins/ml2/drivers/ovn/mech_driver/ovsdb/ovsdb_monitor.py:1015}}
Jun 26 22:06:58.110353 np0000183221 devstack@neutron-api.service[103222]: DEBUG neutron.plugins.ml2.drivers.ovn.mech_driver.ovsdb.ovsdb_monitor [None req-290d6668-b620-46ed-bb5d-6fdd26fa08a4 None None] ChassisAgentWriteEvent : Matched Chassis_Private, update, None None {{(pid=103222) matches /opt/stack/neutron/neutron/plugins/ml2/drivers/ovn/mech_driver/ovsdb/ovsdb_monitor.py:64}}
Jun 26 22:06:58.111441 np0000183221 devstack@neutron-api.service[103224]: DEBUG neutron.plugins.ml2.drivers.ovn.mech_driver.ovsdb.ovsdb_monitor [None req-d8144eb7-9c83-4e28-bdc2-6d6a6330a1ec None None] Hash Ring: Node 88581d3f5c4a51b494528a8960fad179 (host: np0000183221) handling event "update" for row 4387f968-2e14-47ef-95d2-6913ab8fea46 (table: NB_Global) {{(pid=103224) notify /opt/stack/neutron/neutron/plugins/ml2/drivers/ovn/mech_driver/ovsdb/ovsdb_monitor.py:1015}}
Jun 26 22:06:58.113755 np0000183221 devstack@neutron-api.service[103221]: DEBUG neutron.common.ovn.hash_ring_manager [None req-40207fc9-a3f0-4c2a-9447-8ed803986200 None None] Hash Ring loaded. 4 active nodes. 0 offline nodes {{(pid=103221) _load_hash_ring /opt/stack/neutron/neutron/common/ovn/hash_ring_manager.py:110}}
Jun 26 22:06:58.120125 np0000183221 devstack@neutron-api.service[103224]: DEBUG neutron.common.ovn.hash_ring_manager [None req-02afbb65-9ddf-4d32-add6-efacd14d483e None None] Hash Ring loaded. 4 active nodes. 0 offline nodes {{(pid=103224) _load_hash_ring /opt/stack/neutron/neutron/common/ovn/hash_ring_manager.py:110}}
Jun 26 22:06:58.120305 np0000183221 devstack@neutron-api.service[103224]: DEBUG neutron.plugins.ml2.drivers.ovn.mech_driver.ovsdb.ovsdb_monitor [None req-02afbb65-9ddf-4d32-add6-efacd14d483e None None] Hash Ring: Node 88581d3f5c4a51b494528a8960fad179 (host: np0000183221) handling event "update" for row 7e48275d-0446-4b92-bcb0-7aff4717afcf (table: Chassis_Private) {{(pid=103224) notify /opt/stack/neutron/neutron/plugins/ml2/drivers/ovn/mech_driver/ovsdb/ovsdb_monitor.py:1015}}
Jun 26 22:06:58.121881 np0000183221 devstack@neutron-api.service[103223]: DEBUG neutron.common.ovn.hash_ring_manager [None req-393647b3-10a4-4134-bcbc-d4ebc35270cc None None] Hash Ring loaded. 4 active nodes. 0 offline nodes {{(pid=103223) _load_hash_ring /opt/stack/neutron/neutron/common/ovn/hash_ring_manager.py:110}}
Jun 26 22:06:58.127150 np0000183221 devstack@neutron-api.service[103222]: DEBUG neutron.common.ovn.hash_ring_manager [None req-290d6668-b620-46ed-bb5d-6fdd26fa08a4 None None] Hash Ring loaded. 4 active nodes. 0 offline nodes {{(pid=103222) _load_hash_ring /opt/stack/neutron/neutron/common/ovn/hash_ring_manager.py:110}}
Jun 26 22:06:58.152472 np0000183221 devstack@neutron-api.service[103222]: DEBUG neutron.plugins.ml2.drivers.helpers [None req-d0320c12-1d94-4a7b-b811-a11338145b5a admin admin] geneve segment allocate from pool success with {'geneve_vni': 12518} {{(pid=103222) allocate_partially_specified_segment /opt/stack/neutron/neutron/plugins/ml2/drivers/helpers.py:142}}
Jun 26 22:06:58.163962 np0000183221 devstack@neutron-api.service[103222]: DEBUG neutron_lib.callbacks.manager [None req-d0320c12-1d94-4a7b-b811-a11338145b5a admin admin] Publish callbacks ['neutron.services.segments.db._add_segment_host_mapping_for_segment-8070987159232', 'neutron.plugins.ml2.plugin.Ml2Plugin._handle_segment_change-1834470'] for segment (0f3da5a1-6d07-4320-839c-f10f10563a38), precommit_create {{(pid=103222) _notify_loop /opt/stack/data/venv/lib/python3.12/site-packages/neutron_lib/callbacks/manager.py:184}}
Jun 26 22:06:58.164105 np0000183221 devstack@neutron-api.service[103222]: INFO neutron.db.segments_db [None req-d0320c12-1d94-4a7b-b811-a11338145b5a admin admin] Added segment 0f3da5a1-6d07-4320-839c-f10f10563a38 of type geneve for network 1c1f88f9-61aa-488c-b287-d63f441262d4
Jun 26 22:06:58.179280 np0000183221 devstack@neutron-api.service[103222]: DEBUG neutron_lib.callbacks.manager [None req-d0320c12-1d94-4a7b-b811-a11338145b5a admin admin] Publish callbacks ['neutron.services.auto_allocate.db._ensure_external_network_default_value_callback-8070985892294'] for network (1c1f88f9-61aa-488c-b287-d63f441262d4), precommit_create {{(pid=103222) _notify_loop /opt/stack/data/venv/lib/python3.12/site-packages/neutron_lib/callbacks/manager.py:184}}
Jun 26 22:06:58.192848 np0000183221 devstack@neutron-api.service[103222]: DEBUG neutron.plugins.ml2.drivers.ovn.mech_driver.mech_driver [None req-d0320c12-1d94-4a7b-b811-a11338145b5a admin admin] Validating network segment with type geneve, segmentation ID 12518, physical network None {{(pid=103222) _validate_network_segments /opt/stack/neutron/neutron/plugins/ml2/drivers/ovn/mech_driver/mech_driver.py:646}}
Jun 26 22:06:58.193019 np0000183221 devstack@neutron-api.service[103222]: DEBUG neutron.db.ovn_revision_numbers_db [None req-d0320c12-1d94-4a7b-b811-a11338145b5a admin admin] create_initial_revision uuid=1c1f88f9-61aa-488c-b287-d63f441262d4, type=networks, rev=-1 {{(pid=103222) create_initial_revision /opt/stack/neutron/neutron/db/ovn_revision_numbers_db.py:98}}
Jun 26 22:06:58.203874 np0000183221 devstack@neutron-api.service[103222]: DEBUG neutron_lib.callbacks.manager [None req-d0320c12-1d94-4a7b-b811-a11338145b5a admin admin] Publish callbacks ['neutron.plugins.ml2.ovo_rpc._ObjectChangeHandler.handle_event-6987016'] for network (1c1f88f9-61aa-488c-b287-d63f441262d4), after_create {{(pid=103222) _notify_loop /opt/stack/data/venv/lib/python3.12/site-packages/neutron_lib/callbacks/manager.py:184}}
Jun 26 22:06:58.223211 np0000183221 devstack@neutron-api.service[103222]: DEBUG neutron.api.rpc.handlers.resources_rpc [None req-d0320c12-1d94-4a7b-b811-a11338145b5a admin admin] Pushing event updated for resources: {'Network': ['ID=1c1f88f9-61aa-488c-b287-d63f441262d4,revision_number=1']} {{(pid=103222) push /opt/stack/neutron/neutron/api/rpc/handlers/resources_rpc.py:237}}
Jun 26 22:06:58.232190 np0000183221 devstack@neutron-api.service[103222]: DEBUG ovsdbapp.backend.ovs_idl.transaction [None req-171a1316-04f0-487d-b4bc-f76e72dc9a2b None None] Running txn n=1 command(idx=0): AddNetworkCommand(_result=None, network_uuid=1c1f88f9-61aa-488c-b287-d63f441262d4, may_exist=True, columns={'external_ids': {'neutron:network_name': 'admin_net', 'neutron:mtu': '1372', 'neutron:revision_number': '1', 'neutron:availability_zone_hints': '', 'neutron:provnet-network-type': 'geneve'}, 'other_config': {'mcast_snoop': 'false', 'mcast_flood_unregistered': 'false', 'vlan-passthru': 'false'}}) {{(pid=103222) do_commit /opt/stack/data/venv/lib/python3.12/site-packages/ovsdbapp/backend/ovs_idl/transaction.py:89}}
Jun 26 22:06:58.281830 np0000183221 devstack@neutron-api.service[103223]: DEBUG neutron.plugins.ml2.drivers.ovn.mech_driver.ovsdb.ovsdb_monitor [None req-a85a0379-b747-473b-86f5-4c2ab9ef92ac None None] Hash Ring: Node c218bd65aa8d5e20bdedcbb8fef149aa (host: np0000183221) handling event "create" for row 1c1f88f9-61aa-488c-b287-d63f441262d4 (table: Logical_Switch) {{(pid=103223) notify /opt/stack/neutron/neutron/plugins/ml2/drivers/ovn/mech_driver/ovsdb/ovsdb_monitor.py:1015}}
Jun 26 22:06:58.284462 np0000183221 devstack@neutron-api.service[103223]: DEBUG neutron.plugins.ml2.drivers.ovn.mech_driver.ovsdb.ovsdb_monitor [None req-393647b3-10a4-4134-bcbc-d4ebc35270cc None None] Hash Ring: Node c218bd65aa8d5e20bdedcbb8fef149aa (host: np0000183221) handling event "create" for row 34f5d719-26b0-4382-928e-a09430cc6fa5 (table: Datapath_Binding) {{(pid=103223) notify /opt/stack/neutron/neutron/plugins/ml2/drivers/ovn/mech_driver/ovsdb/ovsdb_monitor.py:1015}}
Jun 26 22:06:58.304808 np0000183221 devstack@neutron-api.service[103222]: INFO neutron.db.ovn_revision_numbers_db [None req-d0320c12-1d94-4a7b-b811-a11338145b5a admin admin] Successfully bumped revision number for resource 1c1f88f9-61aa-488c-b287-d63f441262d4 (type: networks) to 1
Jun 26 22:06:58.320480 np0000183221 devstack@neutron-api.service[103222]: DEBUG neutron_lib.callbacks.manager [None req-d0320c12-1d94-4a7b-b811-a11338145b5a admin admin] Publish callbacks ['neutron.plugins.ml2.plugin.SecurityGroupDbMixin._ensure_default_security_group_handler-511320'] for port (None), before_create {{(pid=103222) _notify_loop /opt/stack/data/venv/lib/python3.12/site-packages/neutron_lib/callbacks/manager.py:184}}
Jun 26 22:06:58.376580 np0000183221 devstack@neutron-api.service[103222]: DEBUG neutron_lib.callbacks.manager [None req-d0320c12-1d94-4a7b-b811-a11338145b5a admin admin] Publish callbacks ['neutron.plugins.ml2.drivers.ovn.mech_driver.mech_driver.OVNMechanismDriver._validate_allowed_address_pairs-1892910'] for allowed_address_pair (7c53d46b-46e3-46d5-98d6-3c88ef7ebacf), before_create {{(pid=103222) _notify_loop /opt/stack/data/venv/lib/python3.12/site-packages/neutron_lib/callbacks/manager.py:184}}
Jun 26 22:06:58.377019 np0000183221 devstack@neutron-api.service[103222]: DEBUG neutron_lib.callbacks.manager [None req-d0320c12-1d94-4a7b-b811-a11338145b5a admin admin] Publish callbacks [] for port (7c53d46b-46e3-46d5-98d6-3c88ef7ebacf), precommit_create {{(pid=103222) _notify_loop /opt/stack/data/venv/lib/python3.12/site-packages/neutron_lib/callbacks/manager.py:184}}
Jun 26 22:06:58.377175 np0000183221 devstack@neutron-api.service[103222]: DEBUG neutron.plugins.ml2.drivers.ovn.mech_driver.mech_driver [None req-d0320c12-1d94-4a7b-b811-a11338145b5a admin admin] No provisioning block for port 7c53d46b-46e3-46d5-98d6-3c88ef7ebacf since it does not have a host {{(pid=103222) _is_port_provisioning_required /opt/stack/neutron/neutron/plugins/ml2/drivers/ovn/mech_driver/mech_driver.py:899}}
Jun 26 22:06:58.377271 np0000183221 devstack@neutron-api.service[103222]: DEBUG neutron.db.ovn_revision_numbers_db [None req-d0320c12-1d94-4a7b-b811-a11338145b5a admin admin] create_initial_revision uuid=7c53d46b-46e3-46d5-98d6-3c88ef7ebacf, type=ports, rev=-1 {{(pid=103222) create_initial_revision /opt/stack/neutron/neutron/db/ovn_revision_numbers_db.py:98}}
Jun 26 22:06:58.413206 np0000183221 devstack@neutron-api.service[103222]: DEBUG neutron_lib.callbacks.manager [None req-d0320c12-1d94-4a7b-b811-a11338145b5a admin admin] Publish callbacks ['neutron.plugins.ml2.ovo_rpc._ObjectChangeHandler.handle_event-6987056'] for port (7c53d46b-46e3-46d5-98d6-3c88ef7ebacf), after_create {{(pid=103222) _notify_loop /opt/stack/data/venv/lib/python3.12/site-packages/neutron_lib/callbacks/manager.py:184}}
Jun 26 22:06:58.445688 np0000183221 devstack@neutron-api.service[103222]: DEBUG neutron.api.rpc.handlers.resources_rpc [None req-d0320c12-1d94-4a7b-b811-a11338145b5a admin admin] Pushing event updated for resources: {'Port': ['ID=7c53d46b-46e3-46d5-98d6-3c88ef7ebacf,revision_number=1']} {{(pid=103222) push /opt/stack/neutron/neutron/api/rpc/handlers/resources_rpc.py:237}}
Jun 26 22:06:58.452961 np0000183221 devstack@neutron-api.service[103222]: DEBUG neutron.plugins.ml2.drivers.ovn.mech_driver.ovsdb.commands [None req-d0320c12-1d94-4a7b-b811-a11338145b5a admin admin] Converting tag [] to a tag_request {{(pid=103222) _tag_column_to_tag_request /opt/stack/neutron/neutron/plugins/ml2/drivers/ovn/mech_driver/ovsdb/commands.py:205}}
