Jun 26 22:03:13.736193 np0000183221 devstack@neutron-api.service[103223]: DEBUG neutron.api.extensions [None req-39e5fa2c-538e-46f1-9288-db5c06ea3c0a None None] Loading extension file: standard_attr_segment.py {{(pid=103223) _load_all_extensions_from_path /opt/stack/neutron/neutron/api/extensions.py:449}}
Jun 26 22:03:13.736332 np0000183221 devstack@neutron-api.service[103222]: DEBUG neutron.api.extensions [None req-29c88a6c-bd49-4698-9d15-f37c00a5fbcb None None] Extended resource: tags {{(pid=103222) __init__ /opt/stack/neutron/neutron/api/extensions.py:156}}
Jun 26 22:03:13.736411 np0000183221 devstack@neutron-api.service[103223]: DEBUG neutron.api.extensions [None req-39e5fa2c-538e-46f1-9288-db5c06ea3c0a None None] Ext name="Standard Attribute Segment Extension" alias="standard-attr-segment" description="Add standard attributes to Segment resource" updated="2018-04-09T10:00:00-00:00" {{(pid=103223) _check_extension /opt/stack/neutron/neutron/api/extensions.py:415}}
Jun 26 22:03:13.736493 np0000183221 devstack@neutron-api.service[103223]: INFO neutron.api.extensions [None req-39e5fa2c-538e-46f1-9288-db5c06ea3c0a None None] Extension standard-attr-segment not supported by any of loaded plugins
Jun 26 22:03:13.736594 np0000183221 devstack@neutron-api.service[103223]: DEBUG neutron.api.extensions [None req-39e5fa2c-538e-46f1-9288-db5c06ea3c0a None None] Loading extension file: standardattrdescription.py {{(pid=103223) _load_all_extensions_from_path /opt/stack/neutron/neutron/api/extensions.py:449}}
Jun 26 22:03:13.737002 np0000183221 devstack@neutron-api.service[103223]: DEBUG neutron.api.extensions [None req-39e5fa2c-538e-46f1-9288-db5c06ea3c0a None None] Ext name="standard-attr-description" alias="standard-attr-description" description="Extension to add descriptions to standard attributes" updated="2016-02-10T10:00:00-00:00" {{(pid=103223) _check_extension /opt/stack/neutron/neutron/api/extensions.py:415}}
Jun 26 22:03:13.737161 np0000183221 devstack@neutron-api.service[103223]: INFO neutron.api.extensions [None req-39e5fa2c-538e-46f1-9288-db5c06ea3c0a None None] Loaded extension: standard-attr-description
Jun 26 22:03:13.737274 np0000183221 devstack@neutron-api.service[103223]: DEBUG neutron.api.extensions [None req-39e5fa2c-538e-46f1-9288-db5c06ea3c0a None None] Loading extension file: stateful_security_group.py {{(pid=103223) _load_all_extensions_from_path /opt/stack/neutron/neutron/api/extensions.py:449}}
Jun 26 22:03:13.737383 np0000183221 devstack@neutron-api.service[103222]: DEBUG neutron.api.extensions [None req-29c88a6c-bd49-4698-9d15-f37c00a5fbcb None None] Extended resource: tags {{(pid=103222) __init__ /opt/stack/neutron/neutron/api/extensions.py:156}}
Jun 26 22:03:13.737457 np0000183221 devstack@neutron-api.service[103223]: DEBUG neutron.api.extensions [None req-39e5fa2c-538e-46f1-9288-db5c06ea3c0a None None] Ext name="Stateful security group" alias="stateful-security-group" description="Indicates if the security group is stateful or not" updated="2019-11-26T09:00:00-00:00" {{(pid=103223) _check_extension /opt/stack/neutron/neutron/api/extensions.py:415}}
Jun 26 22:03:13.737645 np0000183221 devstack@neutron-api.service[103223]: INFO neutron.api.extensions [None req-39e5fa2c-538e-46f1-9288-db5c06ea3c0a None None] Loaded extension: stateful-security-group
Jun 26 22:03:13.737719 np0000183221 devstack@neutron-api.service[103223]: DEBUG neutron.api.extensions [None req-39e5fa2c-538e-46f1-9288-db5c06ea3c0a None None] Loading extension file: stdattrs_common.py {{(pid=103223) _load_all_extensions_from_path /opt/stack/neutron/neutron/api/extensions.py:449}}
Jun 26 22:03:13.737977 np0000183221 devstack@neutron-api.service[103223]: WARNING neutron.api.extensions [None req-39e5fa2c-538e-46f1-9288-db5c06ea3c0a None None] Did not find expected name "Stdattrs_common" in /opt/stack/neutron/neutron/extensions/stdattrs_common.py
Jun 26 22:03:13.738109 np0000183221 devstack@neutron-api.service[103223]: DEBUG neutron.api.extensions [None req-39e5fa2c-538e-46f1-9288-db5c06ea3c0a None None] Loading extension file: subnet_dns_publish_fixed_ip.py {{(pid=103223) _load_all_extensions_from_path /opt/stack/neutron/neutron/api/extensions.py:449}}
Jun 26 22:03:13.738290 np0000183221 devstack@neutron-api.service[103223]: DEBUG neutron.api.extensions [None req-39e5fa2c-538e-46f1-9288-db5c06ea3c0a None None] Ext name="Subnet DNS publish fixed IP" alias="subnet-dns-publish-fixed-ip" description="Support choosing to publish DNS records for IPs from a subnet" updated="2019-05-24T10:00:00-00:00" {{(pid=103223) _check_extension /opt/stack/neutron/neutron/api/extensions.py:415}}
Jun 26 22:03:13.738447 np0000183221 devstack@neutron-api.service[103222]: DEBUG neutron.api.extensions [None req-29c88a6c-bd49-4698-9d15-f37c00a5fbcb None None] Extended resource: tags {{(pid=103222) __init__ /opt/stack/neutron/neutron/api/extensions.py:156}}
Jun 26 22:03:13.738524 np0000183221 devstack@neutron-api.service[103223]: INFO neutron.api.extensions [None req-39e5fa2c-538e-46f1-9288-db5c06ea3c0a None None] Loaded extension: subnet-dns-publish-fixed-ip
Jun 26 22:03:13.738524 np0000183221 devstack@neutron-api.service[103223]: DEBUG neutron.api.extensions [None req-39e5fa2c-538e-46f1-9288-db5c06ea3c0a None None] Loading extension file: subnet_external_network.py {{(pid=103223) _load_all_extensions_from_path /opt/stack/neutron/neutron/api/extensions.py:449}}
Jun 26 22:03:13.738869 np0000183221 devstack@neutron-api.service[103223]: DEBUG neutron.api.extensions [None req-39e5fa2c-538e-46f1-9288-db5c06ea3c0a None None] Ext name="Subnet belongs to an external network" alias="subnet-external-network" description="Informs if the subnet belongs to an external network" updated="2024-02-05T18:00:00-00:00" {{(pid=103223) _check_extension /opt/stack/neutron/neutron/api/extensions.py:415}}
Jun 26 22:03:13.738869 np0000183221 devstack@neutron-api.service[103223]: INFO neutron.api.extensions [None req-39e5fa2c-538e-46f1-9288-db5c06ea3c0a None None] Loaded extension: subnet-external-network
Jun 26 22:03:13.738984 np0000183221 devstack@neutron-api.service[103223]: DEBUG neutron.api.extensions [None req-39e5fa2c-538e-46f1-9288-db5c06ea3c0a None None] Loading extension file: subnet_onboard.py {{(pid=103223) _load_all_extensions_from_path /opt/stack/neutron/neutron/api/extensions.py:449}}
Jun 26 22:03:13.739230 np0000183221 devstack@neutron-api.service[103223]: DEBUG neutron.api.extensions [None req-39e5fa2c-538e-46f1-9288-db5c06ea3c0a None None] Ext name="Subnet Onboard" alias="subnet_onboard" description="Provides support for onboarding subnets into subnet pools" updated="2018-12-18T09:00:00-00:00" {{(pid=103223) _check_extension /opt/stack/neutron/neutron/api/extensions.py:415}}
Jun 26 22:03:13.739391 np0000183221 devstack@neutron-api.service[103223]: INFO neutron.api.extensions [None req-39e5fa2c-538e-46f1-9288-db5c06ea3c0a None None] Loaded extension: subnet_onboard
Jun 26 22:03:13.739473 np0000183221 devstack@neutron-api.service[103222]: DEBUG neutron.api.extensions [None req-29c88a6c-bd49-4698-9d15-f37c00a5fbcb None None] Extended resource: tags {{(pid=103222) __init__ /opt/stack/neutron/neutron/api/extensions.py:156}}
Jun 26 22:03:13.739530 np0000183221 devstack@neutron-api.service[103223]: DEBUG neutron.api.extensions [None req-39e5fa2c-538e-46f1-9288-db5c06ea3c0a None None] Loading extension file: subnet_segmentid_writable.py {{(pid=103223) _load_all_extensions_from_path /opt/stack/neutron/neutron/api/extensions.py:449}}
Jun 26 22:03:13.739715 np0000183221 devstack@neutron-api.service[103223]: DEBUG neutron.api.extensions [None req-39e5fa2c-538e-46f1-9288-db5c06ea3c0a None None] Ext name="Subnet SegmentID (writable)" alias="subnet-segmentid-writable" description="Provides a writable segment_id attribute for a subnet resource." updated="2018-03-12T00:00:00-00:00" {{(pid=103223) _check_extension /opt/stack/neutron/neutron/api/extensions.py:415}}
Jun 26 22:03:13.739877 np0000183221 devstack@neutron-api.service[103223]: INFO neutron.api.extensions [None req-39e5fa2c-538e-46f1-9288-db5c06ea3c0a None None] Extension subnet-segmentid-writable not supported by any of loaded plugins
Jun 26 22:03:13.739964 np0000183221 devstack@neutron-api.service[103223]: DEBUG neutron.api.extensions [None req-39e5fa2c-538e-46f1-9288-db5c06ea3c0a None None] Loading extension file: subnet_service_types.py {{(pid=103223) _load_all_extensions_from_path /opt/stack/neutron/neutron/api/extensions.py:449}}
Jun 26 22:03:13.740190 np0000183221 devstack@neutron-api.service[103223]: DEBUG neutron.api.extensions [None req-39e5fa2c-538e-46f1-9288-db5c06ea3c0a None None] Ext name="Subnet service types" alias="subnet-service-types" description="Provides ability to set the subnet service_types field" updated="2016-03-15T18:00:00-00:00" {{(pid=103223) _check_extension /opt/stack/neutron/neutron/api/extensions.py:415}}
Jun 26 22:03:13.740366 np0000183221 devstack@neutron-api.service[103223]: INFO neutron.api.extensions [None req-39e5fa2c-538e-46f1-9288-db5c06ea3c0a None None] Loaded extension: subnet-service-types
Jun 26 22:03:13.740455 np0000183221 devstack@neutron-api.service[103223]: DEBUG neutron.api.extensions [None req-39e5fa2c-538e-46f1-9288-db5c06ea3c0a None None] Loading extension file: subnetallocation.py {{(pid=103223) _load_all_extensions_from_path /opt/stack/neutron/neutron/api/extensions.py:449}}
Jun 26 22:03:13.740530 np0000183221 devstack@neutron-api.service[103222]: DEBUG neutron.api.extensions [None req-29c88a6c-bd49-4698-9d15-f37c00a5fbcb None None] Extended resource: tags {{(pid=103222) __init__ /opt/stack/neutron/neutron/api/extensions.py:156}}
Jun 26 22:03:13.740686 np0000183221 devstack@neutron-api.service[103223]: DEBUG neutron.api.extensions [None req-39e5fa2c-538e-46f1-9288-db5c06ea3c0a None None] Ext name="Subnet Allocation" alias="subnet_allocation" description="Enables allocation of subnets from a subnet pool" updated="2015-03-30T10:00:00-00:00" {{(pid=103223) _check_extension /opt/stack/neutron/neutron/api/extensions.py:415}}
Jun 26 22:03:13.740878 np0000183221 devstack@neutron-api.service[103223]: INFO neutron.api.extensions [None req-39e5fa2c-538e-46f1-9288-db5c06ea3c0a None None] Loaded extension: subnet_allocation
Jun 26 22:03:13.741006 np0000183221 devstack@neutron-api.service[103223]: DEBUG neutron.api.extensions [None req-39e5fa2c-538e-46f1-9288-db5c06ea3c0a None None] Loading extension file: subnetpool_prefix_ops.py {{(pid=103223) _load_all_extensions_from_path /opt/stack/neutron/neutron/api/extensions.py:449}}
Jun 26 22:03:13.741217 np0000183221 devstack@neutron-api.service[103223]: DEBUG neutron.api.extensions [None req-39e5fa2c-538e-46f1-9288-db5c06ea3c0a None None] Ext name="Subnet Pool Prefix Operations" alias="subnetpool-prefix-ops" description="Provides support for adjusting the prefix list of subnet pools" updated="2019-02-08T10:00:00-00:00" {{(pid=103223) _check_extension /opt/stack/neutron/neutron/api/extensions.py:415}}
Jun 26 22:03:13.741439 np0000183221 devstack@neutron-api.service[103223]: INFO neutron.api.extensions [None req-39e5fa2c-538e-46f1-9288-db5c06ea3c0a None None] Loaded extension: subnetpool-prefix-ops
Jun 26 22:03:13.741439 np0000183221 devstack@neutron-api.service[103223]: DEBUG neutron.api.extensions [None req-39e5fa2c-538e-46f1-9288-db5c06ea3c0a None None] Loading extension file: tag_creation.py {{(pid=103223) _load_all_extensions_from_path /opt/stack/neutron/neutron/api/extensions.py:449}}
Jun 26 22:03:13.741665 np0000183221 devstack@neutron-api.service[103222]: DEBUG neutron.api.extensions [None req-29c88a6c-bd49-4698-9d15-f37c00a5fbcb None None] Extended resource: tags {{(pid=103222) __init__ /opt/stack/neutron/neutron/api/extensions.py:156}}
Jun 26 22:03:13.741736 np0000183221 devstack@neutron-api.service[103223]: DEBUG neutron.api.extensions [None req-39e5fa2c-538e-46f1-9288-db5c06ea3c0a None None] Ext name="Tag creation extension" alias="tag-creation" description="Allow to create multiple tags for a resource" updated="2024-23-07T10:00:00-00:00" {{(pid=103223) _check_extension /opt/stack/neutron/neutron/api/extensions.py:415}}
Jun 26 22:03:13.741848 np0000183221 devstack@neutron-api.service[103223]: INFO neutron.api.extensions [None req-39e5fa2c-538e-46f1-9288-db5c06ea3c0a None None] Loaded extension: tag-creation
Jun 26 22:03:13.741972 np0000183221 devstack@neutron-api.service[103223]: DEBUG neutron.api.extensions [None req-39e5fa2c-538e-46f1-9288-db5c06ea3c0a None None] Loading extension file: tag_ports_during_bulk_creation.py {{(pid=103223) _load_all_extensions_from_path /opt/stack/neutron/neutron/api/extensions.py:449}}
Jun 26 22:03:13.742310 np0000183221 devstack@neutron-api.service[103223]: DEBUG neutron.api.extensions [None req-39e5fa2c-538e-46f1-9288-db5c06ea3c0a None None] Ext name="Tag Ports During Bulk Creation" alias="tag-ports-during-bulk-creation" description="Allow to tag ports during bulk creation" updated="2019-12-29T19:00:00-00:00" {{(pid=103223) _check_extension /opt/stack/neutron/neutron/api/extensions.py:415}}
Jun 26 22:03:13.742415 np0000183221 devstack@neutron-api.service[103223]: INFO neutron.api.extensions [None req-39e5fa2c-538e-46f1-9288-db5c06ea3c0a None None] Extension tag-ports-during-bulk-creation not supported by any of loaded plugins
Jun 26 22:03:13.742530 np0000183221 devstack@neutron-api.service[103223]: DEBUG neutron.api.extensions [None req-39e5fa2c-538e-46f1-9288-db5c06ea3c0a None None] Loading extension file: tagging.py {{(pid=103223) _load_all_extensions_from_path /opt/stack/neutron/neutron/api/extensions.py:449}}
Jun 26 22:03:13.742583 np0000183221 devstack@neutron-api.service[103222]: DEBUG neutron.api.extensions [None req-29c88a6c-bd49-4698-9d15-f37c00a5fbcb None None] Extended resource: tags {{(pid=103222) __init__ /opt/stack/neutron/neutron/api/extensions.py:156}}
Jun 26 22:03:13.743484 np0000183221 devstack@neutron-api.service[103223]: DEBUG neutron.api.extensions [None req-39e5fa2c-538e-46f1-9288-db5c06ea3c0a None None] Ext name="Tag support for resources with standard attribute: port, subnet, subnetpool, network, security_group, router, floatingip, policy, trunk, network_segment_range" alias="standard-attr-tag" description="Enables to set tag on resources with standard attribute." updated="2017-01-01T00:00:00-00:00" {{(pid=103223) _check_extension /opt/stack/neutron/neutron/api/extensions.py:415}}
Jun 26 22:03:13.743627 np0000183221 devstack@neutron-api.service[103222]: DEBUG neutron.api.extensions [None req-29c88a6c-bd49-4698-9d15-f37c00a5fbcb None None] Extended resource: tags {{(pid=103222) __init__ /opt/stack/neutron/neutron/api/extensions.py:156}}
Jun 26 22:03:13.743678 np0000183221 devstack@neutron-api.service[103223]: INFO neutron.api.extensions [None req-39e5fa2c-538e-46f1-9288-db5c06ea3c0a None None] Loaded extension: standard-attr-tag
Jun 26 22:03:13.743780 np0000183221 devstack@neutron-api.service[103223]: DEBUG neutron.api.extensions [None req-39e5fa2c-538e-46f1-9288-db5c06ea3c0a None None] Loading extension file: timestamp.py {{(pid=103223) _load_all_extensions_from_path /opt/stack/neutron/neutron/api/extensions.py:449}}
Jun 26 22:03:13.744036 np0000183221 devstack@neutron-api.service[103223]: DEBUG neutron.api.extensions [None req-39e5fa2c-538e-46f1-9288-db5c06ea3c0a None None] Ext name="Resource timestamps" alias="standard-attr-timestamp" description="Adds created_at and updated_at fields to all Neutron resources that have Neutron standard attributes." updated="2016-09-12T10:00:00-00:00" {{(pid=103223) _check_extension /opt/stack/neutron/neutron/api/extensions.py:415}}
Jun 26 22:03:13.744212 np0000183221 devstack@neutron-api.service[103223]: INFO neutron.api.extensions [None req-39e5fa2c-538e-46f1-9288-db5c06ea3c0a None None] Loaded extension: standard-attr-timestamp
Jun 26 22:03:13.744292 np0000183221 devstack@neutron-api.service[103223]: DEBUG neutron.api.extensions [None req-39e5fa2c-538e-46f1-9288-db5c06ea3c0a None None] Loading extension file: trunk.py {{(pid=103223) _load_all_extensions_from_path /opt/stack/neutron/neutron/api/extensions.py:449}}
Jun 26 22:03:13.744448 np0000183221 devstack@neutron-api.service[103222]: DEBUG neutron.api.extensions [None req-29c88a6c-bd49-4698-9d15-f37c00a5fbcb None None] Extended resource: tags {{(pid=103222) __init__ /opt/stack/neutron/neutron/api/extensions.py:156}}
Jun 26 22:03:13.744548 np0000183221 devstack@neutron-api.service[103223]: DEBUG neutron.api.extensions [None req-39e5fa2c-538e-46f1-9288-db5c06ea3c0a None None] Ext name="Trunk Extension" alias="trunk" description="Provides support for trunk ports" updated="2016-01-01T10:00:00-00:00" {{(pid=103223) _check_extension /opt/stack/neutron/neutron/api/extensions.py:415}}
Jun 26 22:03:13.744771 np0000183221 devstack@neutron-api.service[103223]: INFO neutron.api.extensions [None req-39e5fa2c-538e-46f1-9288-db5c06ea3c0a None None] Extension trunk not supported by any of loaded plugins
Jun 26 22:03:13.744771 np0000183221 devstack@neutron-api.service[103223]: DEBUG neutron.api.extensions [None req-39e5fa2c-538e-46f1-9288-db5c06ea3c0a None None] Loading extension file: trunk_details.py {{(pid=103223) _load_all_extensions_from_path /opt/stack/neutron/neutron/api/extensions.py:449}}
Jun 26 22:03:13.745170 np0000183221 devstack@neutron-api.service[103223]: DEBUG neutron.api.extensions [None req-39e5fa2c-538e-46f1-9288-db5c06ea3c0a None None] Ext name="Trunk port details" alias="trunk-details" description="Expose trunk port details" updated="2016-01-01T10:00:00-00:00" {{(pid=103223) _check_extension /opt/stack/neutron/neutron/api/extensions.py:415}}
Jun 26 22:03:13.745170 np0000183221 devstack@neutron-api.service[103223]: INFO neutron.api.extensions [None req-39e5fa2c-538e-46f1-9288-db5c06ea3c0a None None] Extension trunk-details not supported by any of loaded plugins
Jun 26 22:03:13.745463 np0000183221 devstack@neutron-api.service[103223]: DEBUG neutron.api.extensions [None req-39e5fa2c-538e-46f1-9288-db5c06ea3c0a None None] Loading extension file: uplink_status_propagation.py {{(pid=103223) _load_all_extensions_from_path /opt/stack/neutron/neutron/api/extensions.py:449}}
Jun 26 22:03:13.745683 np0000183221 devstack@neutron-api.service[103222]: DEBUG neutron.api.extensions [None req-29c88a6c-bd49-4698-9d15-f37c00a5fbcb None None] Extended resource: tags {{(pid=103222) __init__ /opt/stack/neutron/neutron/api/extensions.py:156}}
Jun 26 22:03:13.745894 np0000183221 devstack@neutron-api.service[103223]: DEBUG neutron.api.extensions [None req-39e5fa2c-538e-46f1-9288-db5c06ea3c0a None None] Ext name="Uplink status propagation extension" alias="uplink-status-propagation" description="Provides ability to propagate port uplink status." updated="2018-05-31T18:00:00-00:00" {{(pid=103223) _check_extension /opt/stack/neutron/neutron/api/extensions.py:415}}
Jun 26 22:03:13.745894 np0000183221 devstack@neutron-api.service[103223]: INFO neutron.api.extensions [None req-39e5fa2c-538e-46f1-9288-db5c06ea3c0a None None] Extension uplink-status-propagation not supported by any of loaded plugins
Jun 26 22:03:13.745894 np0000183221 devstack@neutron-api.service[103223]: DEBUG neutron.api.extensions [None req-39e5fa2c-538e-46f1-9288-db5c06ea3c0a None None] Loading extension file: uplink_status_propagation_updatable.py {{(pid=103223) _load_all_extensions_from_path /opt/stack/neutron/neutron/api/extensions.py:449}}
Jun 26 22:03:13.746173 np0000183221 devstack@neutron-api.service[103223]: DEBUG neutron.api.extensions [None req-39e5fa2c-538e-46f1-9288-db5c06ea3c0a None None] Ext name="Uplink status propagation updatable extension" alias="uplink-status-propagation-updatable" description="Provides ability to update the port uplink status." updated="2024-09-03T18:00:00-00:00" {{(pid=103223) _check_extension /opt/stack/neutron/neutron/api/extensions.py:415}}
Jun 26 22:03:13.746173 np0000183221 devstack@neutron-api.service[103223]: INFO neutron.api.extensions [None req-39e5fa2c-538e-46f1-9288-db5c06ea3c0a None None] Extension uplink-status-propagation-updatable not supported by any of loaded plugins
Jun 26 22:03:13.746270 np0000183221 devstack@neutron-api.service[103223]: DEBUG neutron.api.extensions [None req-39e5fa2c-538e-46f1-9288-db5c06ea3c0a None None] Loading extension file: vlantransparent.py {{(pid=103223) _load_all_extensions_from_path /opt/stack/neutron/neutron/api/extensions.py:449}}
Jun 26 22:03:13.746680 np0000183221 devstack@neutron-api.service[103223]: DEBUG neutron.api.extensions [None req-39e5fa2c-538e-46f1-9288-db5c06ea3c0a None None] Ext name="Vlantransparent" alias="vlan-transparent" description="Provides Vlan Transparent Networks" updated="2015-03-23T09:00:00-00:00" {{(pid=103223) _check_extension /opt/stack/neutron/neutron/api/extensions.py:415}}
Jun 26 22:03:13.746680 np0000183221 devstack@neutron-api.service[103223]: INFO neutron.api.extensions [None req-39e5fa2c-538e-46f1-9288-db5c06ea3c0a None None] Loaded extension: vlan-transparent
Jun 26 22:03:13.748614 np0000183221 devstack@neutron-api.service[103223]: INFO neutron.quota.resource_registry [None req-39e5fa2c-538e-46f1-9288-db5c06ea3c0a None None] Creating instance of TrackedResource for resource:network
Jun 26 22:03:13.748843 np0000183221 devstack@neutron-api.service[103223]: INFO neutron.quota.resource_registry [None req-39e5fa2c-538e-46f1-9288-db5c06ea3c0a None None] Creating instance of TrackedResource for resource:subnet
Jun 26 22:03:13.749112 np0000183221 devstack@neutron-api.service[103223]: INFO neutron.quota.resource_registry [None req-39e5fa2c-538e-46f1-9288-db5c06ea3c0a None None] Creating instance of TrackedResource for resource:subnetpool
Jun 26 22:03:13.749112 np0000183221 devstack@neutron-api.service[103223]: INFO neutron.quota.resource_registry [None req-39e5fa2c-538e-46f1-9288-db5c06ea3c0a None None] Creating instance of TrackedResource for resource:port
Jun 26 22:03:13.750671 np0000183221 devstack@neutron-api.service[103223]: INFO neutron.quota.resource_registry [None req-39e5fa2c-538e-46f1-9288-db5c06ea3c0a None None] Creating instance of CountableResource for resource:router_route
Jun 26 22:03:13.751973 np0000183221 devstack@neutron-api.service[103223]: DEBUG neutron.api.v2.resource_helper [None req-39e5fa2c-538e-46f1-9288-db5c06ea3c0a None None] Service L3_ROUTER_NAT assigned prefix: {{(pid=103223) build_resource_info /opt/stack/neutron/neutron/api/v2/resource_helper.py:77}}
Jun 26 22:03:13.751973 np0000183221 devstack@neutron-api.service[103223]: DEBUG neutron.api.v2.resource_helper [None req-39e5fa2c-538e-46f1-9288-db5c06ea3c0a None None] Service FLAVORS assigned prefix: {{(pid=103223) build_resource_info /opt/stack/neutron/neutron/api/v2/resource_helper.py:77}}
Jun 26 22:03:13.752295 np0000183221 devstack@neutron-api.service[103223]: DEBUG neutron.api.v2.resource_helper [None req-39e5fa2c-538e-46f1-9288-db5c06ea3c0a None None] Service L3_ROUTER_NAT assigned prefix: {{(pid=103223) build_resource_info /opt/stack/neutron/neutron/api/v2/resource_helper.py:77}}
Jun 26 22:03:13.753503 np0000183221 devstack@neutron-api.service[103223]: DEBUG neutron.api.v2.resource_helper [None req-39e5fa2c-538e-46f1-9288-db5c06ea3c0a None None] Service L3_ROUTER_NAT assigned prefix: {{(pid=103223) build_resource_info /opt/stack/neutron/neutron/api/v2/resource_helper.py:77}}
Jun 26 22:03:13.753503 np0000183221 devstack@neutron-api.service[103223]: INFO neutron.quota.resource_registry [None req-39e5fa2c-538e-46f1-9288-db5c06ea3c0a None None] Creating instance of TrackedResource for resource:router
Jun 26 22:03:13.753503 np0000183221 devstack@neutron-api.service[103223]: INFO neutron.quota.resource_registry [None req-39e5fa2c-538e-46f1-9288-db5c06ea3c0a None None] Creating instance of TrackedResource for resource:floatingip
Jun 26 22:03:13.755338 np0000183221 devstack@neutron-api.service[103223]: INFO neutron.quota.resource_registry [None req-39e5fa2c-538e-46f1-9288-db5c06ea3c0a None None] Creating instance of CountableResource for resource:rbac_policy
Jun 26 22:03:13.756133 np0000183221 devstack@neutron-api.service[103223]: INFO neutron.quota.resource_registry [None req-39e5fa2c-538e-46f1-9288-db5c06ea3c0a None None] Creating instance of TrackedResource for resource:security_group
Jun 26 22:03:13.756133 np0000183221 devstack@neutron-api.service[103223]: INFO neutron.quota.resource_registry [None req-39e5fa2c-538e-46f1-9288-db5c06ea3c0a None None] Creating instance of TrackedResource for resource:security_group_rule
Jun 26 22:03:13.756555 np0000183221 devstack@neutron-api.service[103223]: DEBUG neutron.api.v2.resource_helper [None req-39e5fa2c-538e-46f1-9288-db5c06ea3c0a None None] Service CORE assigned prefix: {{(pid=103223) build_resource_info /opt/stack/neutron/neutron/api/v2/resource_helper.py:77}}
Jun 26 22:03:13.756555 np0000183221 devstack@neutron-api.service[103223]: INFO neutron.quota.resource_registry [None req-39e5fa2c-538e-46f1-9288-db5c06ea3c0a None None] Creating instance of TrackedResource for resource:subnetpool
Jun 26 22:03:13.756896 np0000183221 devstack@neutron-api.service[103223]: WARNING neutron.quota.resource_registry [None req-39e5fa2c-538e-46f1-9288-db5c06ea3c0a None None] subnetpool is already registered
Jun 26 22:03:13.757464 np0000183221 devstack@neutron-api.service[103223]: DEBUG neutron.api.v2.resource_helper [None req-39e5fa2c-538e-46f1-9288-db5c06ea3c0a None None] Service CORE assigned prefix: {{(pid=103223) build_resource_info /opt/stack/neutron/neutron/api/v2/resource_helper.py:77}}
Jun 26 22:03:13.757464 np0000183221 devstack@neutron-api.service[103223]: INFO neutron.quota.resource_registry [None req-39e5fa2c-538e-46f1-9288-db5c06ea3c0a None None] Creating instance of TrackedResource for resource:subnetpool
Jun 26 22:03:13.757464 np0000183221 devstack@neutron-api.service[103223]: WARNING neutron.quota.resource_registry [None req-39e5fa2c-538e-46f1-9288-db5c06ea3c0a None None] subnetpool is already registered
Jun 26 22:03:13.763906 np0000183221 devstack@neutron-api.service[103223]: INFO neutron.quota.resource_registry [None req-39e5fa2c-538e-46f1-9288-db5c06ea3c0a None None] Creating instance of CountableResource for resource:router_route
Jun 26 22:03:13.764481 np0000183221 devstack@neutron-api.service[103222]: DEBUG neutron_lib.callbacks.manager [None req-29c88a6c-bd49-4698-9d15-f37c00a5fbcb None None] Publish callbacks ['neutron.plugins.ml2.drivers.ovn.mech_driver.mech_driver.OVNMechanismDriver.pre_fork_initialize-1892502'] for process (None), before_spawn {{(pid=103222) _notify_loop /opt/stack/data/venv/lib/python3.12/site-packages/neutron_lib/callbacks/manager.py:184}}
Jun 26 22:03:13.764709 np0000183221 devstack@neutron-api.service[103223]: WARNING neutron.quota.resource_registry [None req-39e5fa2c-538e-46f1-9288-db5c06ea3c0a None None] router_route is already registered
Jun 26 22:03:13.764709 np0000183221 devstack@neutron-api.service[103223]: DEBUG neutron.api.v2.resource_helper [None req-39e5fa2c-538e-46f1-9288-db5c06ea3c0a None None] Service L3_ROUTER_NAT assigned prefix: {{(pid=103223) build_resource_info /opt/stack/neutron/neutron/api/v2/resource_helper.py:77}}
Jun 26 22:03:13.764709 np0000183221 devstack@neutron-api.service[103223]: DEBUG neutron.api.v2.resource_helper [None req-39e5fa2c-538e-46f1-9288-db5c06ea3c0a None None] Service FLAVORS assigned prefix: {{(pid=103223) build_resource_info /opt/stack/neutron/neutron/api/v2/resource_helper.py:77}}
Jun 26 22:03:13.765316 np0000183221 devstack@neutron-api.service[103222]: DEBUG oslo_concurrency.processutils [None req-29c88a6c-bd49-4698-9d15-f37c00a5fbcb None None] Running cmd (subprocess): ovsdb-client transact ssl:199.204.45.49:6641 --timeout 180 -p /opt/stack/data/CA/int-ca/private/devstack-cert.key -c /opt/stack/data/CA/int-ca/devstack-cert.crt -C /opt/stack/data/CA/int-ca/ca-chain.pem ["OVN_Northbound", {"op": "wait", "timeout": 0, "table": "Port_Group", "where": [["name", "==", "neutron_pg_drop"]], "until": "==", "rows": []}, {"op": "insert", "table": "ACL", "row": {"action": "drop", "direction": "to-lport", "match": "outport == @neutron_pg_drop && ip", "priority": 1001}, "uuid-name": "droptoport"}, {"op": "insert", "table": "ACL", "row": {"action": "drop", "direction": "from-lport", "match": "inport == @neutron_pg_drop && ip", "priority": 1001}, "uuid-name": "dropfromport"}, {"op": "insert", "table": "Port_Group", "row": {"name": "neutron_pg_drop", "acls": ["set", [["named-uuid", "droptoport"], ["named-uuid", "dropfromport"]]]}}] {{(pid=103222) execute /opt/stack/data/venv/lib/python3.12/site-packages/oslo_concurrency/processutils.py:440}}
Jun 26 22:03:13.765724 np0000183221 devstack@neutron-api.service[103223]: DEBUG neutron.api.v2.resource_helper [None req-39e5fa2c-538e-46f1-9288-db5c06ea3c0a None None] Service L3_ROUTER_NAT assigned prefix: {{(pid=103223) build_resource_info /opt/stack/neutron/neutron/api/v2/resource_helper.py:77}}
Jun 26 22:03:13.765724 np0000183221 devstack@neutron-api.service[103223]: DEBUG neutron.api.v2.resource_helper [None req-39e5fa2c-538e-46f1-9288-db5c06ea3c0a None None] Service L3_ROUTER_NAT assigned prefix: {{(pid=103223) build_resource_info /opt/stack/neutron/neutron/api/v2/resource_helper.py:77}}
Jun 26 22:03:13.765724 np0000183221 devstack@neutron-api.service[103223]: INFO neutron.quota.resource_registry [None req-39e5fa2c-538e-46f1-9288-db5c06ea3c0a None None] Creating instance of TrackedResource for resource:router
Jun 26 22:03:13.765724 np0000183221 devstack@neutron-api.service[103223]: WARNING neutron.quota.resource_registry [None req-39e5fa2c-538e-46f1-9288-db5c06ea3c0a None None] router is already registered
Jun 26 22:03:13.765724 np0000183221 devstack@neutron-api.service[103223]: INFO neutron.quota.resource_registry [None req-39e5fa2c-538e-46f1-9288-db5c06ea3c0a None None] Creating instance of TrackedResource for resource:floatingip
Jun 26 22:03:13.765724 np0000183221 devstack@neutron-api.service[103223]: WARNING neutron.quota.resource_registry [None req-39e5fa2c-538e-46f1-9288-db5c06ea3c0a None None] floatingip is already registered
Jun 26 22:03:13.765724 np0000183221 devstack@neutron-api.service[103223]: INFO neutron.quota.resource_registry [None req-39e5fa2c-538e-46f1-9288-db5c06ea3c0a None None] Creating instance of CountableResource for resource:rbac_policy
Jun 26 22:03:13.765724 np0000183221 devstack@neutron-api.service[103223]: WARNING neutron.quota.resource_registry [None req-39e5fa2c-538e-46f1-9288-db5c06ea3c0a None None] rbac_policy is already registered
Jun 26 22:03:13.765724 np0000183221 devstack@neutron-api.service[103223]: INFO neutron.quota.resource_registry [None req-39e5fa2c-538e-46f1-9288-db5c06ea3c0a None None] Creating instance of TrackedResource for resource:security_group
Jun 26 22:03:13.765724 np0000183221 devstack@neutron-api.service[103223]: WARNING neutron.quota.resource_registry [None req-39e5fa2c-538e-46f1-9288-db5c06ea3c0a None None] security_group is already registered
Jun 26 22:03:13.766233 np0000183221 devstack@neutron-api.service[103223]: INFO neutron.quota.resource_registry [None req-39e5fa2c-538e-46f1-9288-db5c06ea3c0a None None] Creating instance of TrackedResource for resource:security_group_rule
Jun 26 22:03:13.766233 np0000183221 devstack@neutron-api.service[103223]: WARNING neutron.quota.resource_registry [None req-39e5fa2c-538e-46f1-9288-db5c06ea3c0a None None] security_group_rule is already registered
Jun 26 22:03:13.766233 np0000183221 devstack@neutron-api.service[103223]: DEBUG neutron.api.v2.resource_helper [None req-39e5fa2c-538e-46f1-9288-db5c06ea3c0a None None] Service CORE assigned prefix: {{(pid=103223) build_resource_info /opt/stack/neutron/neutron/api/v2/resource_helper.py:77}}
Jun 26 22:03:13.766233 np0000183221 devstack@neutron-api.service[103223]: INFO neutron.quota.resource_registry [None req-39e5fa2c-538e-46f1-9288-db5c06ea3c0a None None] Creating instance of TrackedResource for resource:subnetpool
Jun 26 22:03:13.766233 np0000183221 devstack@neutron-api.service[103223]: WARNING neutron.quota.resource_registry [None req-39e5fa2c-538e-46f1-9288-db5c06ea3c0a None None] subnetpool is already registered
Jun 26 22:03:13.766233 np0000183221 devstack@neutron-api.service[103223]: DEBUG neutron.api.v2.resource_helper [None req-39e5fa2c-538e-46f1-9288-db5c06ea3c0a None None] Service CORE assigned prefix: {{(pid=103223) build_resource_info /opt/stack/neutron/neutron/api/v2/resource_helper.py:77}}
Jun 26 22:03:13.766233 np0000183221 devstack@neutron-api.service[103223]: INFO neutron.quota.resource_registry [None req-39e5fa2c-538e-46f1-9288-db5c06ea3c0a None None] Creating instance of TrackedResource for resource:subnetpool
Jun 26 22:03:13.766233 np0000183221 devstack@neutron-api.service[103223]: WARNING neutron.quota.resource_registry [None req-39e5fa2c-538e-46f1-9288-db5c06ea3c0a None None] subnetpool is already registered
Jun 26 22:03:13.766586 np0000183221 devstack@neutron-api.service[103223]: DEBUG neutron.api.extensions [None req-39e5fa2c-538e-46f1-9288-db5c06ea3c0a None None] Extended resource: extensions {{(pid=103223) __init__ /opt/stack/neutron/neutron/api/extensions.py:156}}
Jun 26 22:03:13.767128 np0000183221 devstack@neutron-api.service[103223]: DEBUG neutron.api.extensions [None req-39e5fa2c-538e-46f1-9288-db5c06ea3c0a None None] Extended resource: address-groups {{(pid=103223) __init__ /opt/stack/neutron/neutron/api/extensions.py:156}}
Jun 26 22:03:13.767880 np0000183221 devstack@neutron-api.service[103223]: DEBUG neutron.api.extensions [None req-39e5fa2c-538e-46f1-9288-db5c06ea3c0a None None] Extended resource: address-scopes {{(pid=103223) __init__ /opt/stack/neutron/neutron/api/extensions.py:156}}
Jun 26 22:03:13.768366 np0000183221 devstack@neutron-api.service[103223]: DEBUG neutron.api.extensions [None req-39e5fa2c-538e-46f1-9288-db5c06ea3c0a None None] Extended resource: agents {{(pid=103223) __init__ /opt/stack/neutron/neutron/api/extensions.py:156}}
Jun 26 22:03:13.769142 np0000183221 devstack@neutron-api.service[103223]: DEBUG neutron.api.extensions [None req-39e5fa2c-538e-46f1-9288-db5c06ea3c0a None None] Extended resource: auto-allocated-topology {{(pid=103223) __init__ /opt/stack/neutron/neutron/api/extensions.py:156}}
Jun 26 22:03:13.769508 np0000183221 devstack@neutron-api.service[103224]: DEBUG oslo_concurrency.processutils [None req-dfd97f36-0060-4718-bf56-5025002f6975 None None] CMD "ovsdb-client transact ssl:199.204.45.49:6641 --timeout 180 -p /opt/stack/data/CA/int-ca/private/devstack-cert.key -c /opt/stack/data/CA/int-ca/devstack-cert.crt -C /opt/stack/data/CA/int-ca/ca-chain.pem ["OVN_Northbound", {"op": "wait", "timeout": 0, "table": "Port_Group", "where": [["name", "==", "neutron_pg_drop"]], "until": "==", "rows": []}, {"op": "insert", "table": "ACL", "row": {"action": "drop", "direction": "to-lport", "match": "outport == @neutron_pg_drop && ip", "priority": 1001}, "uuid-name": "droptoport"}, {"op": "insert", "table": "ACL", "row": {"action": "drop", "direction": "from-lport", "match": "inport == @neutron_pg_drop && ip", "priority": 1001}, "uuid-name": "dropfromport"}, {"op": "insert", "table": "Port_Group", "row": {"name": "neutron_pg_drop", "acls": ["set", [["named-uuid", "droptoport"], ["named-uuid", "dropfromport"]]]}}]" returned: 0 in 0.046s {{(pid=103224) execute /opt/stack/data/venv/lib/python3.12/site-packages/oslo_concurrency/processutils.py:468}}
Jun 26 22:03:13.769781 np0000183221 devstack@neutron-api.service[103223]: DEBUG neutron.api.extensions [None req-39e5fa2c-538e-46f1-9288-db5c06ea3c0a None None] Extended resource: availability_zones {{(pid=103223) __init__ /opt/stack/neutron/neutron/api/extensions.py:156}}
Jun 26 22:03:13.770263 np0000183221 devstack@neutron-api.service[103223]: DEBUG neutron.api.extensions [None req-39e5fa2c-538e-46f1-9288-db5c06ea3c0a None None] Extended resource: dhcp-networks {{(pid=103223) __init__ /opt/stack/neutron/neutron/api/extensions.py:156}}
Jun 26 22:03:13.770565 np0000183221 devstack@neutron-api.service[103224]: DEBUG neutron_lib.callbacks.manager [None req-dfd97f36-0060-4718-bf56-5025002f6975 None None] Publish callbacks ['neutron.plugins.ml2.drivers.ovn.mech_driver.mech_driver.OVNMechanismDriver.post_fork_initialize-261614', 'neutron.services.pvlan.drivers.ovn.driver._initialize_pvlan_pg_drop-8070986825288', 'neutron.services.ovn_l3.plugin.OVNL3RouterPlugin._post_fork_initialize-42462'] for process (None), after_init {{(pid=103224) _notify_loop /opt/stack/data/venv/lib/python3.12/site-packages/neutron_lib/callbacks/manager.py:184}}
Jun 26 22:03:13.770979 np0000183221 devstack@neutron-api.service[103223]: DEBUG neutron.api.extensions [None req-39e5fa2c-538e-46f1-9288-db5c06ea3c0a None None] Extended resource: dhcp-agents {{(pid=103223) __init__ /opt/stack/neutron/neutron/api/extensions.py:156}}
Jun 26 22:03:13.771321 np0000183221 devstack@neutron-api.service[103224]: DEBUG oslo_concurrency.lockutils [None req-dfd97f36-0060-4718-bf56-5025002f6975 None None] Acquiring lock "singleton_lock" {{(pid=103224) lock /opt/stack/data/venv/lib/python3.12/site-packages/oslo_concurrency/lockutils.py:395}}
Jun 26 22:03:13.771321 np0000183221 devstack@neutron-api.service[103224]: DEBUG oslo_concurrency.lockutils [None req-dfd97f36-0060-4718-bf56-5025002f6975 None None] Acquired lock "singleton_lock" {{(pid=103224) lock /opt/stack/data/venv/lib/python3.12/site-packages/oslo_concurrency/lockutils.py:398}}
Jun 26 22:03:13.771676 np0000183221 devstack@neutron-api.service[103223]: DEBUG neutron.api.extensions [None req-39e5fa2c-538e-46f1-9288-db5c06ea3c0a None None] Extended resource: routers {{(pid=103223) __init__ /opt/stack/neutron/neutron/api/extensions.py:156}}
Jun 26 22:03:13.772037 np0000183221 devstack@neutron-api.service[103224]: DEBUG oslo_concurrency.lockutils [None req-dfd97f36-0060-4718-bf56-5025002f6975 None None] Releasing lock "singleton_lock" {{(pid=103224) lock /opt/stack/data/venv/lib/python3.12/site-packages/oslo_concurrency/lockutils.py:418}}
Jun 26 22:03:13.772572 np0000183221 devstack@neutron-api.service[103223]: DEBUG neutron.api.extensions [None req-39e5fa2c-538e-46f1-9288-db5c06ea3c0a None None] Extended resource: flavors {{(pid=103223) __init__ /opt/stack/neutron/neutron/api/extensions.py:156}}
Jun 26 22:03:13.773191 np0000183221 devstack@neutron-api.service[103223]: DEBUG neutron.api.extensions [None req-39e5fa2c-538e-46f1-9288-db5c06ea3c0a None None] Extended resource: service_profiles {{(pid=103223) __init__ /opt/stack/neutron/neutron/api/extensions.py:156}}
Jun 26 22:03:13.773752 np0000183221 devstack@neutron-api.service[103223]: DEBUG neutron.api.extensions [None req-39e5fa2c-538e-46f1-9288-db5c06ea3c0a None None] Extended resource: next_providers {{(pid=103223) __init__ /opt/stack/neutron/neutron/api/extensions.py:156}}
Jun 26 22:03:13.774514 np0000183221 devstack@neutron-api.service[103223]: DEBUG neutron.api.extensions [None req-39e5fa2c-538e-46f1-9288-db5c06ea3c0a None None] Extended resource: service_profiles {{(pid=103223) __init__ /opt/stack/neutron/neutron/api/extensions.py:156}}
Jun 26 22:03:13.775031 np0000183221 devstack@neutron-api.service[103223]: DEBUG neutron.api.extensions [None req-39e5fa2c-538e-46f1-9288-db5c06ea3c0a None None] Extended resource: floatingip-pools {{(pid=103223) __init__ /opt/stack/neutron/neutron/api/extensions.py:156}}
Jun 26 22:03:13.775587 np0000183221 devstack@neutron-api.service[103223]: DEBUG neutron.api.extensions [None req-39e5fa2c-538e-46f1-9288-db5c06ea3c0a None None] Extended resource: routers {{(pid=103223) __init__ /opt/stack/neutron/neutron/api/extensions.py:156}}
Jun 26 22:03:13.776659 np0000183221 devstack@neutron-api.service[103223]: DEBUG neutron.api.extensions [None req-39e5fa2c-538e-46f1-9288-db5c06ea3c0a None None] Extended resource: floatingips {{(pid=103223) __init__ /opt/stack/neutron/neutron/api/extensions.py:156}}
Jun 26 22:03:13.777532 np0000183221 devstack@neutron-api.service[103224]: DEBUG neutron.plugins.ml2.drivers.ovn.mech_driver.mech_driver [None req-dfd97f36-0060-4718-bf56-5025002f6975 None None] Hash Ring setup using WSGI start time 2026-06-26 22:03:06+00:00 {{(pid=103224) _init_hash_ring /opt/stack/neutron/neutron/plugins/ml2/drivers/ovn/mech_driver/mech_driver.py:404}}
Jun 26 22:03:13.777755 np0000183221 devstack@neutron-api.service[103223]: DEBUG neutron.api.extensions [None req-39e5fa2c-538e-46f1-9288-db5c06ea3c0a None None] Extended resource: l3-routers {{(pid=103223) __init__ /opt/stack/neutron/neutron/api/extensions.py:156}}
Jun 26 22:03:13.778484 np0000183221 devstack@neutron-api.service[103223]: DEBUG neutron.api.extensions [None req-39e5fa2c-538e-46f1-9288-db5c06ea3c0a None None] Extended resource: l3-agents {{(pid=103223) __init__ /opt/stack/neutron/neutron/api/extensions.py:156}}
Jun 26 22:03:13.779106 np0000183221 devstack@neutron-api.service[103223]: DEBUG neutron.api.extensions [None req-39e5fa2c-538e-46f1-9288-db5c06ea3c0a None None] Extended resource: network-ip-availabilities {{(pid=103223) __init__ /opt/stack/neutron/neutron/api/extensions.py:156}}
Jun 26 22:03:13.779786 np0000183221 devstack@neutron-api.service[103223]: DEBUG neutron.api.extensions [None req-39e5fa2c-538e-46f1-9288-db5c06ea3c0a None None] Extended resource: network-ip-availabilities {{(pid=103223) __init__ /opt/stack/neutron/neutron/api/extensions.py:156}}
Jun 26 22:03:13.780292 np0000183221 devstack@neutron-api.service[103223]: DEBUG neutron.api.extensions [None req-39e5fa2c-538e-46f1-9288-db5c06ea3c0a None None] Extended resource: bindings {{(pid=103223) __init__ /opt/stack/neutron/neutron/api/extensions.py:156}}
Jun 26 22:03:13.781043 np0000183221 devstack@neutron-api.service[103223]: DEBUG neutron.api.extensions [None req-39e5fa2c-538e-46f1-9288-db5c06ea3c0a None None] Extended resource: quotas {{(pid=103223) __init__ /opt/stack/neutron/neutron/api/extensions.py:156}}
Jun 26 22:03:13.781827 np0000183221 devstack@neutron-api.service[103223]: DEBUG neutron.api.extensions [None req-39e5fa2c-538e-46f1-9288-db5c06ea3c0a None None] Extended resource: quotas {{(pid=103223) __init__ /opt/stack/neutron/neutron/api/extensions.py:156}}
Jun 26 22:03:13.782716 np0000183221 devstack@neutron-api.service[103223]: DEBUG neutron.api.extensions [None req-39e5fa2c-538e-46f1-9288-db5c06ea3c0a None None] Extended resource: rbac-policies {{(pid=103223) __init__ /opt/stack/neutron/neutron/api/extensions.py:156}}
Jun 26 22:03:13.783153 np0000183221 devstack@neutron-api.service[103223]: DEBUG neutron.api.extensions [None req-39e5fa2c-538e-46f1-9288-db5c06ea3c0a None None] Extended resource: default-security-group-rules {{(pid=103223) __init__ /opt/stack/neutron/neutron/api/extensions.py:156}}
Jun 26 22:03:13.783836 np0000183221 devstack@neutron-api.service[103223]: DEBUG neutron.api.extensions [None req-39e5fa2c-538e-46f1-9288-db5c06ea3c0a None None] Extended resource: security-groups-default-statefulness {{(pid=103223) __init__ /opt/stack/neutron/neutron/api/extensions.py:156}}
Jun 26 22:03:13.784397 np0000183221 devstack@neutron-api.service[103223]: DEBUG neutron.api.extensions [None req-39e5fa2c-538e-46f1-9288-db5c06ea3c0a None None] Extended resource: security-groups {{(pid=103223) __init__ /opt/stack/neutron/neutron/api/extensions.py:156}}
Jun 26 22:03:13.784822 np0000183221 devstack@neutron-api.service[103223]: DEBUG neutron.api.extensions [None req-39e5fa2c-538e-46f1-9288-db5c06ea3c0a None None] Extended resource: security-group-rules {{(pid=103223) __init__ /opt/stack/neutron/neutron/api/extensions.py:156}}
Jun 26 22:03:13.785336 np0000183221 devstack@neutron-api.service[103223]: DEBUG neutron.api.extensions [None req-39e5fa2c-538e-46f1-9288-db5c06ea3c0a None None] Extended resource: service-providers {{(pid=103223) __init__ /opt/stack/neutron/neutron/api/extensions.py:156}}
Jun 26 22:03:13.785907 np0000183221 devstack@neutron-api.service[103223]: DEBUG neutron.api.extensions [None req-39e5fa2c-538e-46f1-9288-db5c06ea3c0a None None] Extended resource: subnetpools {{(pid=103223) __init__ /opt/stack/neutron/neutron/api/extensions.py:156}}
Jun 26 22:03:13.786522 np0000183221 devstack@neutron-api.service[103223]: DEBUG neutron.api.extensions [None req-39e5fa2c-538e-46f1-9288-db5c06ea3c0a None None] Extended resource: subnetpools {{(pid=103223) __init__ /opt/stack/neutron/neutron/api/extensions.py:156}}
Jun 26 22:03:13.787279 np0000183221 devstack@neutron-api.service[103223]: DEBUG neutron.api.extensions [None req-39e5fa2c-538e-46f1-9288-db5c06ea3c0a None None] Extended resource: tags {{(pid=103223) __init__ /opt/stack/neutron/neutron/api/extensions.py:156}}
Jun 26 22:03:13.788107 np0000183221 devstack@neutron-api.service[103223]: DEBUG neutron.api.extensions [None req-39e5fa2c-538e-46f1-9288-db5c06ea3c0a None None] Extended resource: tags {{(pid=103223) __init__ /opt/stack/neutron/neutron/api/extensions.py:156}}
Jun 26 22:03:13.788954 np0000183221 devstack@neutron-api.service[103223]: DEBUG neutron.api.extensions [None req-39e5fa2c-538e-46f1-9288-db5c06ea3c0a None None] Extended resource: tags {{(pid=103223) __init__ /opt/stack/neutron/neutron/api/extensions.py:156}}
Jun 26 22:03:13.789853 np0000183221 devstack@neutron-api.service[103223]: DEBUG neutron.api.extensions [None req-39e5fa2c-538e-46f1-9288-db5c06ea3c0a None None] Extended resource: tags {{(pid=103223) __init__ /opt/stack/neutron/neutron/api/extensions.py:156}}
Jun 26 22:03:13.794857 np0000183221 devstack@neutron-api.service[103224]: INFO neutron.db.ovn_hash_ring_db [None req-dfd97f36-0060-4718-bf56-5025002f6975 None None] Nodes from host "np0000183221" and group "mechanism_driver" removed from the Hash Ring created at 2026-06-26 22:03:06+00:00
Jun 26 22:03:13.795276 np0000183221 devstack@neutron-api.service[103223]: DEBUG neutron.api.extensions [None req-39e5fa2c-538e-46f1-9288-db5c06ea3c0a None None] Extended resource: tags {{(pid=103223) __init__ /opt/stack/neutron/neutron/api/extensions.py:156}}
Jun 26 22:03:13.795276 np0000183221 devstack@neutron-api.service[103223]: DEBUG neutron.api.extensions [None req-39e5fa2c-538e-46f1-9288-db5c06ea3c0a None None] Extended resource: tags {{(pid=103223) __init__ /opt/stack/neutron/neutron/api/extensions.py:156}}
Jun 26 22:03:13.795276 np0000183221 devstack@neutron-api.service[103223]: DEBUG neutron.api.extensions [None req-39e5fa2c-538e-46f1-9288-db5c06ea3c0a None None] Extended resource: tags {{(pid=103223) __init__ /opt/stack/neutron/neutron/api/extensions.py:156}}
Jun 26 22:03:13.795276 np0000183221 devstack@neutron-api.service[103223]: DEBUG neutron.api.extensions [None req-39e5fa2c-538e-46f1-9288-db5c06ea3c0a None None] Extended resource: tags {{(pid=103223) __init__ /opt/stack/neutron/neutron/api/extensions.py:156}}
Jun 26 22:03:13.795276 np0000183221 devstack@neutron-api.service[103223]: DEBUG neutron.api.extensions [None req-39e5fa2c-538e-46f1-9288-db5c06ea3c0a None None] Extended resource: tags {{(pid=103223) __init__ /opt/stack/neutron/neutron/api/extensions.py:156}}
Jun 26 22:03:13.795556 np0000183221 devstack@neutron-api.service[103224]: INFO neutron.db.ovn_hash_ring_db [None req-dfd97f36-0060-4718-bf56-5025002f6975 None None] Node 88581d3f5c4a51b494528a8960fad179 from host "np0000183221" and group "mechanism_driver" added to the Hash Ring
Jun 26 22:03:13.795835 np0000183221 devstack@neutron-api.service[103223]: DEBUG neutron.api.extensions [None req-39e5fa2c-538e-46f1-9288-db5c06ea3c0a None None] Extended resource: tags {{(pid=103223) __init__ /opt/stack/neutron/neutron/api/extensions.py:156}}
Jun 26 22:03:13.797308 np0000183221 devstack@neutron-api.service[103224]: DEBUG neutron.plugins.ml2.drivers.ovn.mech_driver.mech_driver [None req-dfd97f36-0060-4718-bf56-5025002f6975 None None] Hash Ring setup, this worker has detected 2 OVN hash ring registers in the database {{(pid=103224) _init_hash_ring /opt/stack/neutron/neutron/plugins/ml2/drivers/ovn/mech_driver/mech_driver.py:414}}
Jun 26 22:03:13.802347 np0000183221 devstack@neutron-api.service[103222]: DEBUG oslo_concurrency.processutils [None req-29c88a6c-bd49-4698-9d15-f37c00a5fbcb None None] CMD "ovsdb-client transact ssl:199.204.45.49:6641 --timeout 180 -p /opt/stack/data/CA/int-ca/private/devstack-cert.key -c /opt/stack/data/CA/int-ca/devstack-cert.crt -C /opt/stack/data/CA/int-ca/ca-chain.pem ["OVN_Northbound", {"op": "wait", "timeout": 0, "table": "Port_Group", "where": [["name", "==", "neutron_pg_drop"]], "until": "==", "rows": []}, {"op": "insert", "table": "ACL", "row": {"action": "drop", "direction": "to-lport", "match": "outport == @neutron_pg_drop && ip", "priority": 1001}, "uuid-name": "droptoport"}, {"op": "insert", "table": "ACL", "row": {"action": "drop", "direction": "from-lport", "match": "inport == @neutron_pg_drop && ip", "priority": 1001}, "uuid-name": "dropfromport"}, {"op": "insert", "table": "Port_Group", "row": {"name": "neutron_pg_drop", "acls": ["set", [["named-uuid", "droptoport"], ["named-uuid", "dropfromport"]]]}}]" returned: 0 in 0.039s {{(pid=103222) execute /opt/stack/data/venv/lib/python3.12/site-packages/oslo_concurrency/processutils.py:468}}
Jun 26 22:03:13.802878 np0000183221 devstack@neutron-api.service[103222]: DEBUG neutron_lib.callbacks.manager [None req-29c88a6c-bd49-4698-9d15-f37c00a5fbcb None None] Publish callbacks ['neutron.plugins.ml2.drivers.ovn.mech_driver.mech_driver.OVNMechanismDriver.post_fork_initialize-1892590', 'neutron.services.pvlan.drivers.ovn.driver._initialize_pvlan_pg_drop-8070986731654', 'neutron.services.ovn_l3.plugin.OVNL3RouterPlugin._post_fork_initialize-463070'] for process (None), after_init {{(pid=103222) _notify_loop /opt/stack/data/venv/lib/python3.12/site-packages/neutron_lib/callbacks/manager.py:184}}
Jun 26 22:03:13.806167 np0000183221 devstack@neutron-api.service[103222]: DEBUG oslo_concurrency.lockutils [None req-29c88a6c-bd49-4698-9d15-f37c00a5fbcb None None] Acquiring lock "singleton_lock" {{(pid=103222) lock /opt/stack/data/venv/lib/python3.12/site-packages/oslo_concurrency/lockutils.py:395}}
