Jun 28 15:23:51.224411 np0000183266 devstack@neutron-api.service[103399]: DEBUG neutron.api.rpc.handlers.resources_rpc [None req-880cdc4c-e77a-4260-9599-be889337526e admin admin] Pushing event updated for resources: {'Network': ['ID=a6106c61-a722-43df-a4a8-e9e2ae4e4fa0,revision_number=1']} {{(pid=103399) push /opt/stack/neutron/neutron/api/rpc/handlers/resources_rpc.py:237}}
Jun 28 15:23:51.234857 np0000183266 devstack@neutron-api.service[103399]: DEBUG ovsdbapp.backend.ovs_idl.transaction [None req-4de81260-4113-45ef-ace8-9b61c4aabc2b None None] Running txn n=1 command(idx=0): AddNetworkCommand(_result=None, network_uuid=a6106c61-a722-43df-a4a8-e9e2ae4e4fa0, may_exist=True, columns={'external_ids': {'neutron:network_name': 'admin_net', 'neutron:mtu': '1372', 'neutron:revision_number': '1', 'neutron:availability_zone_hints': '', 'neutron:provnet-network-type': 'geneve'}, 'other_config': {'mcast_snoop': 'false', 'mcast_flood_unregistered': 'false', 'vlan-passthru': 'false'}}) {{(pid=103399) do_commit /opt/stack/data/venv/lib/python3.12/site-packages/ovsdbapp/backend/ovs_idl/transaction.py:89}}
Jun 28 15:23:51.239058 np0000183266 devstack@neutron-api.service[103399]: DEBUG neutron.plugins.ml2.drivers.ovn.mech_driver.ovsdb.ovsdb_monitor [None req-4de81260-4113-45ef-ace8-9b61c4aabc2b None None] Hash Ring: Node 62b9c096054a57ea8d353b8b40e50008 (host: np0000183266) handling event "create" for row a6106c61-a722-43df-a4a8-e9e2ae4e4fa0 (table: Logical_Switch) {{(pid=103399) notify /opt/stack/neutron/neutron/plugins/ml2/drivers/ovn/mech_driver/ovsdb/ovsdb_monitor.py:1015}}
Jun 28 15:23:51.248528 np0000183266 devstack@neutron-api.service[103399]: DEBUG neutron.plugins.ml2.drivers.ovn.mech_driver.ovsdb.ovsdb_monitor [None req-d6852ada-7510-4b97-abdf-9eb249127c15 None None] Hash Ring: Node 62b9c096054a57ea8d353b8b40e50008 (host: np0000183266) handling event "create" for row bba32ca2-2fa2-4ddc-85e5-e0410eefcd47 (table: Datapath_Binding) {{(pid=103399) notify /opt/stack/neutron/neutron/plugins/ml2/drivers/ovn/mech_driver/ovsdb/ovsdb_monitor.py:1015}}
Jun 28 15:23:51.268270 np0000183266 devstack@neutron-api.service[103399]: INFO neutron.db.ovn_revision_numbers_db [None req-880cdc4c-e77a-4260-9599-be889337526e admin admin] Successfully bumped revision number for resource a6106c61-a722-43df-a4a8-e9e2ae4e4fa0 (type: networks) to 1
Jun 28 15:23:51.282409 np0000183266 devstack@neutron-api.service[103399]: DEBUG neutron_lib.callbacks.manager [None req-880cdc4c-e77a-4260-9599-be889337526e admin admin] Publish callbacks ['neutron.plugins.ml2.plugin.SecurityGroupDbMixin._ensure_default_security_group_handler-1059795'] for port (None), before_create {{(pid=103399) _notify_loop /opt/stack/data/venv/lib/python3.12/site-packages/neutron_lib/callbacks/manager.py:184}}
Jun 28 15:23:51.348449 np0000183266 devstack@neutron-api.service[103399]: DEBUG neutron_lib.callbacks.manager [None req-880cdc4c-e77a-4260-9599-be889337526e admin admin] Publish callbacks ['neutron.plugins.ml2.drivers.ovn.mech_driver.mech_driver.OVNMechanismDriver._validate_allowed_address_pairs-854656'] for allowed_address_pair (0a4c564a-6c39-4450-94f5-a9915fe04a17), before_create {{(pid=103399) _notify_loop /opt/stack/data/venv/lib/python3.12/site-packages/neutron_lib/callbacks/manager.py:184}}
Jun 28 15:23:51.348922 np0000183266 devstack@neutron-api.service[103399]: DEBUG neutron_lib.callbacks.manager [None req-880cdc4c-e77a-4260-9599-be889337526e admin admin] Publish callbacks [] for port (0a4c564a-6c39-4450-94f5-a9915fe04a17), precommit_create {{(pid=103399) _notify_loop /opt/stack/data/venv/lib/python3.12/site-packages/neutron_lib/callbacks/manager.py:184}}
Jun 28 15:23:51.349078 np0000183266 devstack@neutron-api.service[103399]: DEBUG neutron.plugins.ml2.drivers.ovn.mech_driver.mech_driver [None req-880cdc4c-e77a-4260-9599-be889337526e admin admin] No provisioning block for port 0a4c564a-6c39-4450-94f5-a9915fe04a17 since it does not have a host {{(pid=103399) _is_port_provisioning_required /opt/stack/neutron/neutron/plugins/ml2/drivers/ovn/mech_driver/mech_driver.py:899}}
Jun 28 15:23:51.349198 np0000183266 devstack@neutron-api.service[103399]: DEBUG neutron.db.ovn_revision_numbers_db [None req-880cdc4c-e77a-4260-9599-be889337526e admin admin] create_initial_revision uuid=0a4c564a-6c39-4450-94f5-a9915fe04a17, type=ports, rev=-1 {{(pid=103399) create_initial_revision /opt/stack/neutron/neutron/db/ovn_revision_numbers_db.py:98}}
Jun 28 15:23:51.377584 np0000183266 devstack@neutron-api.service[103399]: DEBUG neutron_lib.callbacks.manager [None req-880cdc4c-e77a-4260-9599-be889337526e admin admin] Publish callbacks ['neutron.plugins.ml2.ovo_rpc._ObjectChangeHandler.handle_event-4109887'] for port (0a4c564a-6c39-4450-94f5-a9915fe04a17), after_create {{(pid=103399) _notify_loop /opt/stack/data/venv/lib/python3.12/site-packages/neutron_lib/callbacks/manager.py:184}}
Jun 28 15:23:51.414804 np0000183266 devstack@neutron-api.service[103399]: DEBUG neutron.api.rpc.handlers.resources_rpc [None req-880cdc4c-e77a-4260-9599-be889337526e admin admin] Pushing event updated for resources: {'Port': ['ID=0a4c564a-6c39-4450-94f5-a9915fe04a17,revision_number=1']} {{(pid=103399) push /opt/stack/neutron/neutron/api/rpc/handlers/resources_rpc.py:237}}
Jun 28 15:23:51.421755 np0000183266 devstack@neutron-api.service[103399]: DEBUG neutron.plugins.ml2.drivers.ovn.mech_driver.ovsdb.commands [None req-880cdc4c-e77a-4260-9599-be889337526e admin admin] Converting tag [] to a tag_request {{(pid=103399) _tag_column_to_tag_request /opt/stack/neutron/neutron/plugins/ml2/drivers/ovn/mech_driver/ovsdb/commands.py:205}}
Jun 28 15:23:51.423197 np0000183266 devstack@neutron-api.service[103399]: DEBUG ovsdbapp.backend.ovs_idl.transaction [None req-4de81260-4113-45ef-ace8-9b61c4aabc2b None None] Running txn n=1 command(idx=0): AddLSwitchPortCommand(_result=None, lport=0a4c564a-6c39-4450-94f5-a9915fe04a17, lswitch=neutron-a6106c61-a722-43df-a4a8-e9e2ae4e4fa0, may_exist=True, network_uuid=a6106c61-a722-43df-a4a8-e9e2ae4e4fa0, columns={'addresses': ['fa:16:3e:f7:a2:e3'], 'external_ids': {'neutron:port_name': '', 'neutron:device_id': 'ovnmeta-a6106c61-a722-43df-a4a8-e9e2ae4e4fa0', 'neutron:project_id': '6209e2864b9b451a8824d5e5c5d16ce4', 'neutron:cidrs': '', 'neutron:device_owner': 'network:distributed', 'neutron:subnet_pool_addr_scope4': '', 'neutron:subnet_pool_addr_scope6': '', 'neutron:network_name': 'neutron-a6106c61-a722-43df-a4a8-e9e2ae4e4fa0', 'neutron:security_group_ids': '', 'neutron:revision_number': '1', 'neutron:vnic_type': 'normal', 'neutron:port_capabilities': '', 'neutron:mtu': '1372'}, 'parent_name': [], 'enabled': True, 'options': {}, 'type': 'localport', 'port_security': [], 'dhcpv4_options': [], 'dhcpv6_options': [], 'tag_request': []}) {{(pid=103399) do_commit /opt/stack/data/venv/lib/python3.12/site-packages/ovsdbapp/backend/ovs_idl/transaction.py:89}}
Jun 28 15:23:51.424204 np0000183266 devstack@neutron-api.service[103399]: DEBUG ovsdbapp.backend.ovs_idl.transaction [None req-4de81260-4113-45ef-ace8-9b61c4aabc2b None None] Running txn n=1 command(idx=1): QoSDelCommand(_result=None, switch=neutron-a6106c61-a722-43df-a4a8-e9e2ae4e4fa0, conditions=[('direction', '=', 'to-lport'), ('priority', '=', 2002), ('match', '=', 'outport == "0a4c564a-6c39-4450-94f5-a9915fe04a17"')], if_exists=True) {{(pid=103399) do_commit /opt/stack/data/venv/lib/python3.12/site-packages/ovsdbapp/backend/ovs_idl/transaction.py:89}}
Jun 28 15:23:51.424592 np0000183266 devstack@neutron-api.service[103399]: DEBUG ovsdbapp.backend.ovs_idl.transaction [None req-4de81260-4113-45ef-ace8-9b61c4aabc2b None None] Running txn n=1 command(idx=2): QoSDelCommand(_result=None, switch=neutron-a6106c61-a722-43df-a4a8-e9e2ae4e4fa0, conditions=[('direction', '=', 'from-lport'), ('priority', '=', 2002), ('match', '=', 'inport == "0a4c564a-6c39-4450-94f5-a9915fe04a17"')], if_exists=True) {{(pid=103399) do_commit /opt/stack/data/venv/lib/python3.12/site-packages/ovsdbapp/backend/ovs_idl/transaction.py:89}}
Jun 28 15:23:51.429346 np0000183266 devstack@neutron-api.service[103399]: DEBUG neutron.plugins.ml2.drivers.ovn.mech_driver.ovsdb.ovsdb_monitor [None req-4de81260-4113-45ef-ace8-9b61c4aabc2b None None] Hash Ring: Node 62b9c096054a57ea8d353b8b40e50008 (host: np0000183266) handling event "update" for row a6106c61-a722-43df-a4a8-e9e2ae4e4fa0 (table: Logical_Switch) {{(pid=103399) notify /opt/stack/neutron/neutron/plugins/ml2/drivers/ovn/mech_driver/ovsdb/ovsdb_monitor.py:1015}}
Jun 28 15:23:51.429684 np0000183266 devstack@neutron-api.service[103399]: DEBUG neutron.plugins.ml2.drivers.ovn.mech_driver.ovsdb.ovsdb_monitor [None req-4de81260-4113-45ef-ace8-9b61c4aabc2b None None] Hash Ring: Node 62b9c096054a57ea8d353b8b40e50008 (host: np0000183266) handling event "create" for row d58c4ee9-71ff-4b10-88e2-3122dc5661d6 (table: Logical_Switch_Port) {{(pid=103399) notify /opt/stack/neutron/neutron/plugins/ml2/drivers/ovn/mech_driver/ovsdb/ovsdb_monitor.py:1015}}
Jun 28 15:23:51.431871 np0000183266 devstack@neutron-api.service[103399]: DEBUG ovsdbapp.backend.ovs_idl.event [None req-4de81260-4113-45ef-ace8-9b61c4aabc2b None None] Matched CREATE: LogicalSwitchPortCreateEvent(events=('create',), table='Logical_Switch_Port', conditions=[], old_conditions=None), priority=20 to row=Logical_Switch_Port(uuid=d58c4ee9-71ff-4b10-88e2-3122dc5661d6, addresses=['fa:16:3e:f7:a2:e3'], dhcpv4_options=[], dhcpv6_options=[], dynamic_addresses=[], enabled=True, external_ids={'neutron:cidrs': '', 'neutron:device_id': 'ovnmeta-a6106c61-a722-43df-a4a8-e9e2ae4e4fa0', 'neutron:device_owner': 'network:distributed', 'neutron:mtu': '1372', 'neutron:network_name': 'neutron-a6106c61-a722-43df-a4a8-e9e2ae4e4fa0', 'neutron:port_capabilities': '', 'neutron:port_name': '', 'neutron:project_id': '6209e2864b9b451a8824d5e5c5d16ce4', 'neutron:revision_number': '1', 'neutron:security_group_ids': '', 'neutron:subnet_pool_addr_scope4': '', 'neutron:subnet_pool_addr_scope6': '', 'neutron:vnic_type': 'normal'}, ha_chassis_group=[], mirror_rules=[], name='0a4c564a-6c39-4450-94f5-a9915fe04a17', options={}, parent_name=[], port_security=[], tag=[], tag_request=[], type='localport', up=[]) old= {{(pid=103399) matches /opt/stack/data/venv/lib/python3.12/site-packages/ovsdbapp/backend/ovs_idl/event.py:55}}
Jun 28 15:23:51.433602 np0000183266 devstack@neutron-api.service[103399]: INFO neutron.plugins.ml2.drivers.ovn.mech_driver.mech_driver [None req-1fc18dbe-21be-4b16-aa74-06c9039f0724 None None] OVN reports status down for port: 0a4c564a-6c39-4450-94f5-a9915fe04a17
Jun 28 15:23:51.442692 np0000183266 devstack@neutron-api.service[103396]: DEBUG neutron.plugins.ml2.drivers.ovn.mech_driver.ovsdb.ovsdb_monitor [None req-23a82e3b-01e1-4449-ae27-377244ec7ad3 None None] Hash Ring: Node 8c35641923105cb5acfb93d8c12d1a10 (host: np0000183266) handling event "create" for row e250f02c-9691-4249-9a5e-fbe6574331b7 (table: Port_Binding) {{(pid=103396) notify /opt/stack/neutron/neutron/plugins/ml2/drivers/ovn/mech_driver/ovsdb/ovsdb_monitor.py:1015}}
Jun 28 15:23:51.447703 np0000183266 devstack@neutron-api.service[103399]: DEBUG neutron.plugins.ml2.drivers.ovn.mech_driver.ovsdb.ovsdb_monitor [None req-4de81260-4113-45ef-ace8-9b61c4aabc2b None None] Hash Ring: Node 62b9c096054a57ea8d353b8b40e50008 (host: np0000183266) handling event "update" for row d58c4ee9-71ff-4b10-88e2-3122dc5661d6 (table: Logical_Switch_Port) {{(pid=103399) notify /opt/stack/neutron/neutron/plugins/ml2/drivers/ovn/mech_driver/ovsdb/ovsdb_monitor.py:1015}}
Jun 28 15:23:51.515306 np0000183266 devstack@neutron-api.service[103399]: INFO neutron.db.ovn_revision_numbers_db [None req-880cdc4c-e77a-4260-9599-be889337526e admin admin] Successfully bumped revision number for resource 0a4c564a-6c39-4450-94f5-a9915fe04a17 (type: ports) to 1
Jun 28 15:23:51.517773 np0000183266 devstack@neutron-api.service[103399]: DEBUG neutron.db.provisioning_blocks [None req-1fc18dbe-21be-4b16-aa74-06c9039f0724 None None] Transition to ACTIVE for port object 0a4c564a-6c39-4450-94f5-a9915fe04a17 will not be triggered until provisioned by entity L2. {{(pid=103399) add_provisioning_component /opt/stack/neutron/neutron/db/provisioning_blocks.py:74}}
Jun 28 15:23:51.525816 np0000183266 devstack@neutron-api.service[103399]: DEBUG neutron.pecan_wsgi.hooks.policy_enforcement [None req-880cdc4c-e77a-4260-9599-be889337526e admin admin] Attributes excluded by policy engine: ['standard_attr_id'] {{(pid=103399) _exclude_attributes_by_policy /opt/stack/neutron/neutron/pecan_wsgi/hooks/policy_enforcement.py:259}}
Jun 28 15:23:51.526149 np0000183266 devstack@neutron-api.service[103399]: DEBUG neutron_lib.callbacks.manager [None req-880cdc4c-e77a-4260-9599-be889337526e admin admin] Publish callbacks [] for network (None), before_response {{(pid=103399) _notify_loop /opt/stack/data/venv/lib/python3.12/site-packages/neutron_lib/callbacks/manager.py:184}}
Jun 28 15:23:51.550970 np0000183266 devstack@neutron-api.service[103399]: [pid: 103399|app: 0|req: 23/93] 199.204.45.74 () {68 vars in 1351 bytes} [Sun Jun 28 15:23:50 2026] POST /networking/v2.0/networks => generated 683 bytes in 692 msecs (HTTP/1.1 201) 4 headers in 162 bytes (1 switches on core 0)
Jun 28 15:23:51.571838 np0000183266 devstack@neutron-api.service[103399]: DEBUG neutron.plugins.ml2.plugin [None req-1fc18dbe-21be-4b16-aa74-06c9039f0724 None None] Current status of the port 0a4c564a-6c39-4450-94f5-a9915fe04a17 is: DOWN; New status is: DOWN {{(pid=103399) _update_individual_port_db_status /opt/stack/neutron/neutron/plugins/ml2/plugin.py:2473}}
Jun 28 15:23:51.573222 np0000183266 devstack@neutron-api.service[103399]: DEBUG ovsdbapp.backend.ovs_idl.transaction [None req-4de81260-4113-45ef-ace8-9b61c4aabc2b None None] Running txn n=1 command(idx=0): DbRemoveCommand(_result=None, table=Logical_Switch_Port, record=0a4c564a-6c39-4450-94f5-a9915fe04a17, column=external_ids, values=('neutron:host_id',), keyvalues={}, if_exists=True) {{(pid=103399) do_commit /opt/stack/data/venv/lib/python3.12/site-packages/ovsdbapp/backend/ovs_idl/transaction.py:89}}
Jun 28 15:23:51.773728 np0000183266 devstack@neutron-api.service[103396]: INFO neutron.pecan_wsgi.hooks.translation [None req-1a422b5c-5a79-4511-b277-74627c50c2b7 admin admin] GET failed (client error): The resource could not be found.
Jun 28 15:23:51.774219 np0000183266 devstack@neutron-api.service[103396]: [pid: 103396|app: 0|req: 25/94] 199.204.45.74 () {64 vars in 1327 bytes} [Sun Jun 28 15:23:51 2026] GET /networking/v2.0/networks/admin_net => generated 111 bytes in 12 msecs (HTTP/1.1 404) 4 headers in 164 bytes (1 switches on core 0)
Jun 28 15:23:51.820637 np0000183266 devstack@neutron-api.service[103398]: DEBUG neutron.pecan_wsgi.hooks.policy_enforcement [None req-a2b35876-2071-4a8f-9171-3a5abf001026 admin admin] Attributes excluded by policy engine: ['standard_attr_id'] {{(pid=103398) _exclude_attributes_by_policy /opt/stack/neutron/neutron/pecan_wsgi/hooks/policy_enforcement.py:259}}
Jun 28 15:23:51.821973 np0000183266 devstack@neutron-api.service[103398]: [pid: 103398|app: 0|req: 24/95] 199.204.45.74 () {64 vars in 1339 bytes} [Sun Jun 28 15:23:51 2026] GET /networking/v2.0/networks?name=admin_net => generated 667 bytes in 38 msecs (HTTP/1.1 200) 4 headers in 157 bytes (1 switches on core 0)
Jun 28 15:23:52.052961 np0000183266 devstack@neutron-api.service[103397]: INFO neutron.pecan_wsgi.hooks.translation [None req-c1119d2f-9513-4061-bd86-1ef5f0bac4b6 admin admin] GET failed (client error): The resource could not be found.
Jun 28 15:23:52.053702 np0000183266 devstack@neutron-api.service[103397]: [pid: 103397|app: 0|req: 24/96] 199.204.45.74 () {64 vars in 1333 bytes} [Sun Jun 28 15:23:52 2026] GET /networking/v2.0/subnets/admin_subnet => generated 112 bytes in 16 msecs (HTTP/1.1 404) 4 headers in 164 bytes (1 switches on core 0)
Jun 28 15:23:52.091757 np0000183266 devstack@neutron-api.service[103399]: [pid: 103399|app: 0|req: 24/97] 199.204.45.74 () {64 vars in 1342 bytes} [Sun Jun 28 15:23:52 2026] GET /networking/v2.0/subnets?name=admin_subnet => generated 14 bytes in 23 msecs (HTTP/1.1 200) 4 headers in 156 bytes (1 switches on core 0)
Jun 28 15:23:52.384919 np0000183266 devstack@neutron-api.service[103396]: DEBUG neutron.pecan_wsgi.hooks.policy_enforcement [None req-085a0c6f-5801-49d7-ae5a-21f84aff73de admin admin] Attributes excluded by policy engine: ['standard_attr_id'] {{(pid=103396) _exclude_attributes_by_policy /opt/stack/neutron/neutron/pecan_wsgi/hooks/policy_enforcement.py:259}}
Jun 28 15:23:52.385981 np0000183266 devstack@neutron-api.service[103396]: [pid: 103396|app: 0|req: 26/98] 199.204.45.74 () {64 vars in 1408 bytes} [Sun Jun 28 15:23:52 2026] GET /networking/v2.0/networks/a6106c61-a722-43df-a4a8-e9e2ae4e4fa0 => generated 664 bytes in 28 msecs (HTTP/1.1 200) 4 headers in 157 bytes (1 switches on core 0)
Jun 28 15:23:52.406386 np0000183266 devstack@neutron-api.service[103398]: DEBUG neutron.api.v2.base [None req-dd4b4a48-1666-4f4c-b56b-6e416bdadeaf admin admin] Request body: {'subnet': {'name': 'admin_subnet', 'project_id': '6209e2864b9b451a8824d5e5c5d16ce4', 'network_id': 'a6106c61-a722-43df-a4a8-e9e2ae4e4fa0', 'ip_version': 4, 'gateway_ip': None, 'cidr': '10.2.5.0/24'}} {{(pid=103398) prepare_request_body /opt/stack/neutron/neutron/api/v2/base.py:727}}
Jun 28 15:23:52.424238 np0000183266 devstack@neutron-api.service[103398]: DEBUG neutron.pecan_wsgi.hooks.quota_enforcement [None req-dd4b4a48-1666-4f4c-b56b-6e416bdadeaf admin admin] Made reservation on behalf of 6209e2864b9b451a8824d5e5c5d16ce4 for: {'subnet': 1} {{(pid=103398) before /opt/stack/neutron/neutron/pecan_wsgi/hooks/quota_enforcement.py:66}}
Jun 28 15:23:52.427483 np0000183266 devstack@neutron-api.service[103398]: DEBUG neutron_lib.callbacks.manager [None req-dd4b4a48-1666-4f4c-b56b-6e416bdadeaf admin admin] Publish callbacks [] for subnet (None), before_create {{(pid=103398) _notify_loop /opt/stack/data/venv/lib/python3.12/site-packages/neutron_lib/callbacks/manager.py:184}}
Jun 28 15:23:52.494094 np0000183266 devstack@neutron-api.service[103398]: DEBUG neutron.db.ovn_revision_numbers_db [None req-dd4b4a48-1666-4f4c-b56b-6e416bdadeaf admin admin] create_initial_revision uuid=74ee90a1-3fc3-40bd-b1fa-77bf7c828391, type=subnets, rev=-1 {{(pid=103398) create_initial_revision /opt/stack/neutron/neutron/db/ovn_revision_numbers_db.py:98}}
Jun 28 15:23:52.501754 np0000183266 devstack@neutron-api.service[103398]: DEBUG neutron_lib.callbacks.manager [None req-dd4b4a48-1666-4f4c-b56b-6e416bdadeaf admin admin] Publish callbacks ['neutron.plugins.ml2.ovo_rpc._ObjectChangeHandler.handle_event-3557703'] for subnet (74ee90a1-3fc3-40bd-b1fa-77bf7c828391), after_create {{(pid=103398) _notify_loop /opt/stack/data/venv/lib/python3.12/site-packages/neutron_lib/callbacks/manager.py:184}}
Jun 28 15:23:52.516469 np0000183266 devstack@neutron-api.service[103398]: DEBUG neutron.api.rpc.handlers.resources_rpc [None req-dd4b4a48-1666-4f4c-b56b-6e416bdadeaf admin admin] Pushing event updated for resources: {'Subnet': ['ID=74ee90a1-3fc3-40bd-b1fa-77bf7c828391,revision_number=0']} {{(pid=103398) push /opt/stack/neutron/neutron/api/rpc/handlers/resources_rpc.py:237}}
Jun 28 15:23:52.580420 np0000183266 devstack@neutron-api.service[103398]: DEBUG neutron_lib.callbacks.manager [None req-dd4b4a48-1666-4f4c-b56b-6e416bdadeaf admin admin] Publish callbacks ['neutron.plugins.ml2.plugin.SecurityGroupDbMixin._ensure_default_security_group_handler-233313', 'neutron.services.ovn_l3.plugin.OVNL3RouterPlugin._port_update-7766586133538', 'neutron.db.l3_db.L3_NAT_dbonly_mixin._prevent_internal_ip_change_for_fip-7766587183268'] for port (0a4c564a-6c39-4450-94f5-a9915fe04a17), before_update {{(pid=103398) _notify_loop /opt/stack/data/venv/lib/python3.12/site-packages/neutron_lib/callbacks/manager.py:184}}
Jun 28 15:23:52.670425 np0000183266 devstack@neutron-api.service[103398]: DEBUG neutron.db.db_base_plugin_common [None req-dd4b4a48-1666-4f4c-b56b-6e416bdadeaf admin admin] Allocated IP 10.2.5.1 (a6106c61-a722-43df-a4a8-e9e2ae4e4fa0/74ee90a1-3fc3-40bd-b1fa-77bf7c828391/0a4c564a-6c39-4450-94f5-a9915fe04a17) {{(pid=103398) _store_ip_allocation /opt/stack/neutron/neutron/db/db_base_plugin_common.py:131}}
Jun 28 15:23:52.692805 np0000183266 devstack@neutron-api.service[103396]: DEBUG futurist.periodics [-] Submitting periodic callback 'neutron.plugins.ml2.drivers.ovn.mech_driver.ovsdb.maintenance.HashRingHealthCheckPeriodics.touch_hash_ring_node' {{(pid=103396) _process_scheduled /opt/stack/data/venv/lib/python3.12/site-packages/futurist/periodics.py:784}}
Jun 28 15:23:52.693368 np0000183266 devstack@neutron-api.service[103396]: DEBUG neutron.plugins.ml2.drivers.ovn.mech_driver.ovsdb.maintenance [-] Touching Hash Ring node "8c35641923105cb5acfb93d8c12d1a10" from periodic health check thread {{(pid=103396) touch_hash_ring_node /opt/stack/neutron/neutron/plugins/ml2/drivers/ovn/mech_driver/ovsdb/maintenance.py:1419}}
Jun 28 15:23:52.745191 np0000183266 devstack@neutron-api.service[103398]: DEBUG neutron_lib.callbacks.manager [None req-dd4b4a48-1666-4f4c-b56b-6e416bdadeaf admin admin] Publish callbacks [] for port (0a4c564a-6c39-4450-94f5-a9915fe04a17), precommit_update {{(pid=103398) _notify_loop /opt/stack/data/venv/lib/python3.12/site-packages/neutron_lib/callbacks/manager.py:184}}
Jun 28 15:23:52.745434 np0000183266 devstack@neutron-api.service[103398]: DEBUG neutron.plugins.ml2.drivers.ovn.mech_driver.mech_driver [None req-dd4b4a48-1666-4f4c-b56b-6e416bdadeaf admin admin] No provisioning block for port 0a4c564a-6c39-4450-94f5-a9915fe04a17 since it does not have a host {{(pid=103398) _is_port_provisioning_required /opt/stack/neutron/neutron/plugins/ml2/drivers/ovn/mech_driver/mech_driver.py:899}}
Jun 28 15:23:52.757697 np0000183266 devstack@neutron-api.service[103398]: DEBUG neutron_lib.callbacks.manager [None req-dd4b4a48-1666-4f4c-b56b-6e416bdadeaf admin admin] Publish callbacks ['neutron.plugins.ml2.ovo_rpc._ObjectChangeHandler.handle_event-3557706', 'neutron.services.ovn_l3.plugin.OVNL3RouterPlugin._port_update-7766586133538'] for port (0a4c564a-6c39-4450-94f5-a9915fe04a17), after_update {{(pid=103398) _notify_loop /opt/stack/data/venv/lib/python3.12/site-packages/neutron_lib/callbacks/manager.py:184}}
Jun 28 15:23:52.798220 np0000183266 devstack@neutron-api.service[103398]: DEBUG neutron.api.rpc.handlers.resources_rpc [None req-dd4b4a48-1666-4f4c-b56b-6e416bdadeaf admin admin] Pushing event updated for resources: {'Port': ['ID=0a4c564a-6c39-4450-94f5-a9915fe04a17,revision_number=2']} {{(pid=103398) push /opt/stack/neutron/neutron/api/rpc/handlers/resources_rpc.py:237}}
Jun 28 15:23:52.897000 np0000183266 devstack@neutron-api.service[103398]: DEBUG neutron.plugins.ml2.drivers.ovn.mech_driver.ovsdb.commands [None req-dd4b4a48-1666-4f4c-b56b-6e416bdadeaf admin admin] Converting tag [] to a tag_request {{(pid=103398) _tag_column_to_tag_request /opt/stack/neutron/neutron/plugins/ml2/drivers/ovn/mech_driver/ovsdb/commands.py:205}}
Jun 28 15:23:52.898572 np0000183266 devstack@neutron-api.service[103398]: DEBUG ovsdbapp.backend.ovs_idl.transaction [None req-1801cf28-c8ea-4167-889b-ddd79d17e433 None None] Running txn n=1 command(idx=0): CheckRevisionNumberCommand(_result=None, name=0a4c564a-6c39-4450-94f5-a9915fe04a17, resource={'id': '0a4c564a-6c39-4450-94f5-a9915fe04a17', 'name': '', 'network_id': 'a6106c61-a722-43df-a4a8-e9e2ae4e4fa0', 'project_id': '6209e2864b9b451a8824d5e5c5d16ce4', 'mac_address': 'fa:16:3e:f7:a2:e3', 'admin_state_up': True, 'status': 'DOWN', 'device_id': 'ovnmeta-a6106c61-a722-43df-a4a8-e9e2ae4e4fa0', 'device_owner': 'network:distributed', 'standard_attr_id': 44, 'fixed_ips': [{'subnet_id': '74ee90a1-3fc3-40bd-b1fa-77bf7c828391', 'ip_address': '10.2.5.1'}], 'allowed_address_pairs': [], 'extra_dhcp_opts': [], 'security_groups': [], 'description': '', 'binding:vnic_type': 'normal', 'binding:profile': {}, 'binding:host_id': '', 'binding:vif_type': 'unbound', 'binding:vif_details': {}, 'port_security_enabled': False, 'tags': [], 'created_at': '2026-06-28T15:23:51Z', 'updated_at': '2026-06-28T15:23:52Z', 'revision_number': 2, 'tenant_id': '6209e2864b9b451a8824d5e5c5d16ce4', 'network': {'id': 'a6106c61-a722-43df-a4a8-e9e2ae4e4fa0', 'name': 'admin_net', 'tenant_id': '6209e2864b9b451a8824d5e5c5d16ce4', 'project_id': '6209e2864b9b451a8824d5e5c5d16ce4', 'admin_state_up': True, 'mtu': 1372, 'status': 'ACTIVE', 'subnets': ['74ee90a1-3fc3-40bd-b1fa-77bf7c828391'], 'standard_attr_id': 42, 'shared': False, 'availability_zone_hints': [], 'availability_zones': [], 'ipv4_address_scope': None, 'ipv6_address_scope': None, 'router:external': False, 'qinq': False, 'vlan_transparent': False, 'description': '', 'port_security_enabled': True, 'tags': [], 'created_at': '2026-06-28T15:23:51Z', 'updated_at': '2026-06-28T15:23:52Z', 'revision_number': 2, 'provider:network_type': 'geneve', 'provider:physical_network': None, 'provider:segmentation_id': 14746}}, resource_type=ports, if_exists=True) {{(pid=103398) do_commit /opt/stack/data/venv/lib/python3.12/site-packages/ovsdbapp/backend/ovs_idl/transaction.py:89}}
Jun 28 15:23:52.899502 np0000183266 devstack@neutron-api.service[103398]: DEBUG ovsdbapp.backend.ovs_idl.transaction [None req-1801cf28-c8ea-4167-889b-ddd79d17e433 None None] Running txn n=1 command(idx=1): AddDHCPOptionsCommand(_result=None, columns={'cidr': '10.2.5.0/24', 'options': {'server_id': '10.2.5.1', 'lease_time': '43200', 'mtu': '1372', 'server_mac': 'fa:16:3e:a3:f0:7c', 'dns_server': '{127.0.0.53}', 'classless_static_route': '{169.254.169.254/32,10.2.5.1}'}, 'external_ids': {'subnet_id': '74ee90a1-3fc3-40bd-b1fa-77bf7c828391', 'neutron:network_id': 'a6106c61-a722-43df-a4a8-e9e2ae4e4fa0', 'neutron:revision_number': '0'}}, may_exist=True, subnet_id=74ee90a1-3fc3-40bd-b1fa-77bf7c828391, port_id=None, new_insert=False) {{(pid=103398) do_commit /opt/stack/data/venv/lib/python3.12/site-packages/ovsdbapp/backend/ovs_idl/transaction.py:89}}
Jun 28 15:23:52.900136 np0000183266 devstack@neutron-api.service[103398]: DEBUG ovsdbapp.backend.ovs_idl.transaction [None req-1801cf28-c8ea-4167-889b-ddd79d17e433 None None] Running txn n=1 command(idx=2): SetLSwitchPortCommand(_result=None, lport=0a4c564a-6c39-4450-94f5-a9915fe04a17, external_ids_update=None, columns={'external_ids': {'neutron:port_name': '', 'neutron:device_id': 'ovnmeta-a6106c61-a722-43df-a4a8-e9e2ae4e4fa0', 'neutron:project_id': '6209e2864b9b451a8824d5e5c5d16ce4', 'neutron:cidrs': '10.2.5.1/24', 'neutron:device_owner': 'network:distributed', 'neutron:subnet_pool_addr_scope4': '', 'neutron:subnet_pool_addr_scope6': '', 'neutron:network_name': 'neutron-a6106c61-a722-43df-a4a8-e9e2ae4e4fa0', 'neutron:security_group_ids': '', 'neutron:revision_number': '2', 'neutron:vnic_type': 'normal', 'neutron:port_capabilities': '', 'neutron:mtu': '1372'}, 'parent_name': [], 'options': {}, 'enabled': True, 'port_security': [], 'dhcpv4_options': [], 'dhcpv6_options': [], 'type': 'localport', 'addresses': ['fa:16:3e:f7:a2:e3 10.2.5.1'], 'ha_chassis_group': [], 'tag_request': []}, if_exists=False) {{(pid=103398) do_commit /opt/stack/data/venv/lib/python3.12/site-packages/ovsdbapp/backend/ovs_idl/transaction.py:89}}
Jun 28 15:23:52.901536 np0000183266 devstack@neutron-api.service[103398]: DEBUG ovsdbapp.backend.ovs_idl.transaction [None req-1801cf28-c8ea-4167-889b-ddd79d17e433 None None] Running txn n=1 command(idx=3): PgDelPortCommand(_result=None, port_group=neutron_pg_drop, lsp=['0a4c564a-6c39-4450-94f5-a9915fe04a17'], if_exists=False) {{(pid=103398) do_commit /opt/stack/data/venv/lib/python3.12/site-packages/ovsdbapp/backend/ovs_idl/transaction.py:89}}
Jun 28 15:23:52.908404 np0000183266 devstack@neutron-api.service[103399]: DEBUG neutron.plugins.ml2.drivers.ovn.mech_driver.ovsdb.ovsdb_monitor [None req-4de81260-4113-45ef-ace8-9b61c4aabc2b None None] Hash Ring: Node 62b9c096054a57ea8d353b8b40e50008 (host: np0000183266) handling event "create" for row 98a4e99a-872a-446c-b10f-ef096a57a526 (table: DHCP_Options) {{(pid=103399) notify /opt/stack/neutron/neutron/plugins/ml2/drivers/ovn/mech_driver/ovsdb/ovsdb_monitor.py:1015}}
Jun 28 15:23:52.908892 np0000183266 devstack@neutron-api.service[103399]: DEBUG neutron.plugins.ml2.drivers.ovn.mech_driver.ovsdb.ovsdb_monitor [None req-4de81260-4113-45ef-ace8-9b61c4aabc2b None None] Hash Ring: Node 62b9c096054a57ea8d353b8b40e50008 (host: np0000183266) handling event "update" for row d58c4ee9-71ff-4b10-88e2-3122dc5661d6 (table: Logical_Switch_Port) {{(pid=103399) notify /opt/stack/neutron/neutron/plugins/ml2/drivers/ovn/mech_driver/ovsdb/ovsdb_monitor.py:1015}}
Jun 28 15:23:52.918565 np0000183266 devstack@neutron-api.service[103396]: DEBUG neutron.plugins.ml2.drivers.ovn.mech_driver.ovsdb.ovsdb_monitor [None req-23a82e3b-01e1-4449-ae27-377244ec7ad3 None None] Hash Ring: Node 8c35641923105cb5acfb93d8c12d1a10 (host: np0000183266) handling event "update" for row e250f02c-9691-4249-9a5e-fbe6574331b7 (table: Port_Binding) {{(pid=103396) notify /opt/stack/neutron/neutron/plugins/ml2/drivers/ovn/mech_driver/ovsdb/ovsdb_monitor.py:1015}}
Jun 28 15:23:52.950333 np0000183266 devstack@neutron-api.service[103398]: INFO neutron.db.ovn_revision_numbers_db [None req-dd4b4a48-1666-4f4c-b56b-6e416bdadeaf admin admin] Successfully bumped revision number for resource 0a4c564a-6c39-4450-94f5-a9915fe04a17 (type: ports) to 2
Jun 28 15:23:52.962466 np0000183266 devstack@neutron-api.service[103398]: DEBUG neutron.plugins.ml2.plugin [None req-dd4b4a48-1666-4f4c-b56b-6e416bdadeaf admin admin] In _notify_port_updated(), no bound segment for port 0a4c564a-6c39-4450-94f5-a9915fe04a17 on network a6106c61-a722-43df-a4a8-e9e2ae4e4fa0 {{(pid=103398) _notify_port_updated /opt/stack/neutron/neutron/plugins/ml2/plugin.py:1041}}
Jun 28 15:23:52.983999 np0000183266 devstack@neutron-api.service[103398]: INFO neutron.db.ovn_revision_numbers_db [None req-dd4b4a48-1666-4f4c-b56b-6e416bdadeaf admin admin] Successfully bumped revision number for resource 74ee90a1-3fc3-40bd-b1fa-77bf7c828391 (type: subnets) to 0
Jun 28 15:23:52.986843 np0000183266 devstack@neutron-api.service[103398]: DEBUG neutron.pecan_wsgi.hooks.policy_enforcement [None req-dd4b4a48-1666-4f4c-b56b-6e416bdadeaf admin admin] Attributes excluded by policy engine: ['standard_attr_id', 'shared', 'network'] {{(pid=103398) _exclude_attributes_by_policy /opt/stack/neutron/neutron/pecan_wsgi/hooks/policy_enforcement.py:259}}
Jun 28 15:23:52.987865 np0000183266 devstack@neutron-api.service[103398]: DEBUG neutron_lib.callbacks.manager [None req-dd4b4a48-1666-4f4c-b56b-6e416bdadeaf admin admin] Publish callbacks [] for subnet (None), before_response {{(pid=103398) _notify_loop /opt/stack/data/venv/lib/python3.12/site-packages/neutron_lib/callbacks/manager.py:184}}
Jun 28 15:23:53.003753 np0000183266 devstack@neutron-api.service[103398]: [pid: 103398|app: 0|req: 25/99] 199.204.45.74 () {68 vars in 1348 bytes} [Sun Jun 28 15:23:52 2026] POST /networking/v2.0/subnets => generated 625 bytes in 603 msecs (HTTP/1.1 201) 4 headers in 162 bytes (1 switches on core 0)
Jun 28 15:23:53.150659 np0000183266 devstack@neutron-api.service[103396]: DEBUG neutron.plugins.ml2.drivers.ovn.mech_driver.ovsdb.ovsdb_monitor [None req-23a82e3b-01e1-4449-ae27-377244ec7ad3 None None] ChassisOVNAgentWriteEvent : Matched Chassis_Private, update, None None {{(pid=103396) matches /opt/stack/neutron/neutron/plugins/ml2/drivers/ovn/mech_driver/ovsdb/ovsdb_monitor.py:64}}
Jun 28 15:23:53.151133 np0000183266 devstack@neutron-api.service[103398]: DEBUG neutron.plugins.ml2.drivers.ovn.mech_driver.ovsdb.ovsdb_monitor [None req-9f3c4769-26d2-4cb4-a8c8-8c801a21e8b3 None None] ChassisOVNAgentWriteEvent : Matched Chassis_Private, update, None None {{(pid=103398) matches /opt/stack/neutron/neutron/plugins/ml2/drivers/ovn/mech_driver/ovsdb/ovsdb_monitor.py:64}}
Jun 28 15:23:53.152534 np0000183266 devstack@neutron-api.service[103397]: DEBUG neutron.plugins.ml2.drivers.ovn.mech_driver.ovsdb.ovsdb_monitor [None req-39c26a83-2ff7-47d4-8f8a-24f71aa57ab4 None None] ChassisOVNAgentWriteEvent : Matched Chassis_Private, update, None None {{(pid=103397) matches /opt/stack/neutron/neutron/plugins/ml2/drivers/ovn/mech_driver/ovsdb/ovsdb_monitor.py:64}}
Jun 28 15:23:53.153805 np0000183266 devstack@neutron-api.service[103397]: DEBUG neutron.plugins.ml2.drivers.ovn.mech_driver.ovsdb.ovsdb_monitor [None req-39c26a83-2ff7-47d4-8f8a-24f71aa57ab4 None None] Hash Ring: Node d416f26ed9135b908b06f1cc19306df3 (host: np0000183266) handling event "update" for row 0d2b7158-1508-4a30-a5f6-9d3da04d1251 (table: Chassis_Private) {{(pid=103397) notify /opt/stack/neutron/neutron/plugins/ml2/drivers/ovn/mech_driver/ovsdb/ovsdb_monitor.py:1015}}
Jun 28 15:23:53.153997 np0000183266 devstack@neutron-api.service[103399]: DEBUG neutron.plugins.ml2.drivers.ovn.mech_driver.ovsdb.ovsdb_monitor [None req-d6852ada-7510-4b97-abdf-9eb249127c15 None None] ChassisOVNAgentWriteEvent : Matched Chassis_Private, update, None None {{(pid=103399) matches /opt/stack/neutron/neutron/plugins/ml2/drivers/ovn/mech_driver/ovsdb/ovsdb_monitor.py:64}}
Jun 28 15:23:53.228827 np0000183266 devstack@neutron-api.service[103397]: INFO neutron.pecan_wsgi.hooks.translation [None req-103aa3d5-b64e-4798-aca2-ba9f267fb288 admin admin] GET failed (client error): The resource could not be found.
Jun 28 15:23:53.229629 np0000183266 devstack@neutron-api.service[103397]: [pid: 103397|app: 0|req: 25/100] 199.204.45.74 () {64 vars in 1333 bytes} [Sun Jun 28 15:23:53 2026] GET /networking/v2.0/subnets/admin_subnet => generated 112 bytes in 13 msecs (HTTP/1.1 404) 4 headers in 164 bytes (1 switches on core 0)
Jun 28 15:23:53.265695 np0000183266 devstack@neutron-api.service[103399]: DEBUG neutron.pecan_wsgi.hooks.policy_enforcement [None req-4514dcc9-b426-48a3-91ee-7229d0bcee26 admin admin] Attributes excluded by policy engine: ['standard_attr_id', 'shared'] {{(pid=103399) _exclude_attributes_by_policy /opt/stack/neutron/neutron/pecan_wsgi/hooks/policy_enforcement.py:259}}
Jun 28 15:23:53.267143 np0000183266 devstack@neutron-api.service[103399]: [pid: 103399|app: 0|req: 25/101] 199.204.45.74 () {64 vars in 1342 bytes} [Sun Jun 28 15:23:53 2026] GET /networking/v2.0/subnets?name=admin_subnet => generated 628 bytes in 25 msecs (HTTP/1.1 200) 4 headers in 157 bytes (1 switches on core 0)
Jun 28 15:23:53.717145 np0000183266 devstack@neutron-api.service[103398]: DEBUG futurist.periodics [-] Submitting periodic callback 'neutron.plugins.ml2.drivers.ovn.mech_driver.ovsdb.maintenance.HashRingHealthCheckPeriodics.touch_hash_ring_node' {{(pid=103398) _process_scheduled /opt/stack/data/venv/lib/python3.12/site-packages/futurist/periodics.py:784}}
Jun 28 15:23:53.717888 np0000183266 devstack@neutron-api.service[103398]: DEBUG neutron.plugins.ml2.drivers.ovn.mech_driver.ovsdb.maintenance [-] Touching Hash Ring node "220fb8dd28f2552aa15e3283818e0b2a" from periodic health check thread {{(pid=103398) touch_hash_ring_node /opt/stack/neutron/neutron/plugins/ml2/drivers/ovn/mech_driver/ovsdb/maintenance.py:1419}}
Jun 28 15:23:53.732777 np0000183266 devstack@neutron-api.service[103397]: DEBUG futurist.periodics [-] Submitting periodic callback 'neutron.plugins.ml2.drivers.ovn.mech_driver.ovsdb.maintenance.HashRingHealthCheckPeriodics.touch_hash_ring_node' {{(pid=103397) _process_scheduled /opt/stack/data/venv/lib/python3.12/site-packages/futurist/periodics.py:784}}
Jun 28 15:23:53.734517 np0000183266 devstack@neutron-api.service[103397]: DEBUG neutron.plugins.ml2.drivers.ovn.mech_driver.ovsdb.maintenance [-] Touching Hash Ring node "d416f26ed9135b908b06f1cc19306df3" from periodic health check thread {{(pid=103397) touch_hash_ring_node /opt/stack/neutron/neutron/plugins/ml2/drivers/ovn/mech_driver/ovsdb/maintenance.py:1419}}
Jun 28 15:23:53.864066 np0000183266 devstack@neutron-api.service[103399]: DEBUG futurist.periodics [-] Submitting periodic callback 'neutron.plugins.ml2.drivers.ovn.mech_driver.ovsdb.maintenance.HashRingHealthCheckPeriodics.touch_hash_ring_node' {{(pid=103399) _process_scheduled /opt/stack/data/venv/lib/python3.12/site-packages/futurist/periodics.py:784}}
Jun 28 15:23:53.864907 np0000183266 devstack@neutron-api.service[103399]: DEBUG neutron.plugins.ml2.drivers.ovn.mech_driver.ovsdb.maintenance [-] Touching Hash Ring node "62b9c096054a57ea8d353b8b40e50008" from periodic health check thread {{(pid=103399) touch_hash_ring_node /opt/stack/neutron/neutron/plugins/ml2/drivers/ovn/mech_driver/ovsdb/maintenance.py:1419}}
Jun 28 15:23:58.604910 np0000183266 devstack@neutron-api.service[103396]: [pid: 103396|app: 0|req: 27/102] 199.204.45.74 () {64 vars in 1362 bytes} [Sun Jun 28 15:23:58 2026] GET /networking/v2.0/ports?device_id=manila-admin-share&binding%3Ahost_id=np0000183266 => generated 12 bytes in 407 msecs (HTTP/1.1 200) 4 headers in 156 bytes (1 switches on core 0)
Jun 28 15:23:58.652023 np0000183266 devstack@neutron-api.service[103398]: DEBUG neutron.api.wsgi [None req-b47ce696-b546-4e29-9e0a-ab1623e72399 service neutron] Missing Content-Type {{(pid=103398) get_content_type /opt/stack/neutron/neutron/api/wsgi.py:80}}
Jun 28 15:23:58.652834 np0000183266 devstack@neutron-api.service[103398]: DEBUG neutron.api.wsgi [None req-b47ce696-b546-4e29-9e0a-ab1623e72399 service neutron] https://199.204.45.74/networking/v2.0/extensions returned with HTTP 200 {{(pid=103398) __call__ /opt/stack/neutron/neutron/api/wsgi.py:540}}
Jun 28 15:23:58.653503 np0000183266 devstack@neutron-api.service[103398]: [pid: 103398|app: 0|req: 26/103] 199.204.45.74 () {64 vars in 1258 bytes} [Sun Jun 28 15:23:58 2026] GET /networking/v2.0/extensions => generated 16171 bytes in 8 msecs (HTTP/1.1 200) 4 headers in 159 bytes (1 switches on core 0)
Jun 28 15:23:58.699867 np0000183266 devstack@neutron-api.service[103397]: DEBUG neutron.api.v2.base [None req-b751243b-1ac4-46a7-9f3b-683909987046 service neutron] Request body: {'port': {'network_id': 'a6106c61-a722-43df-a4a8-e9e2ae4e4fa0', 'admin_state_up': True, 'tenant_id': '6209e2864b9b451a8824d5e5c5d16ce4', 'port_security_enabled': False, 'binding:host_id': 'np0000183266', 'fixed_ips': [{'subnet_id': '74ee90a1-3fc3-40bd-b1fa-77bf7c828391'}], 'device_owner': 'manila:share', 'device_id': 'manila-admin-share'}} {{(pid=103397) prepare_request_body /opt/stack/neutron/neutron/api/v2/base.py:727}}
Jun 28 15:23:58.719088 np0000183266 devstack@neutron-api.service[103397]: DEBUG neutron.pecan_wsgi.hooks.quota_enforcement [None req-b751243b-1ac4-46a7-9f3b-683909987046 service neutron] Made reservation on behalf of 6209e2864b9b451a8824d5e5c5d16ce4 for: {'port': 1} {{(pid=103397) before /opt/stack/neutron/neutron/pecan_wsgi/hooks/quota_enforcement.py:66}}
Jun 28 15:23:58.724467 np0000183266 devstack@neutron-api.service[103397]: DEBUG neutron_lib.callbacks.manager [None req-b751243b-1ac4-46a7-9f3b-683909987046 service neutron] Publish callbacks ['neutron.plugins.ml2.plugin.SecurityGroupDbMixin._ensure_default_security_group_handler-1064473'] for port (None), before_create {{(pid=103397) _notify_loop /opt/stack/data/venv/lib/python3.12/site-packages/neutron_lib/callbacks/manager.py:184}}
Jun 28 15:23:58.781201 np0000183266 devstack@neutron-api.service[103397]: DEBUG neutron.db.db_base_plugin_common [None req-b751243b-1ac4-46a7-9f3b-683909987046 service neutron] Allocated IP 10.2.5.227 (a6106c61-a722-43df-a4a8-e9e2ae4e4fa0/74ee90a1-3fc3-40bd-b1fa-77bf7c828391/30fb6788-2868-477c-8f44-50fe1b24d5bc) {{(pid=103397) _store_ip_allocation /opt/stack/neutron/neutron/db/db_base_plugin_common.py:131}}
Jun 28 15:23:58.843977 np0000183266 devstack@neutron-api.service[103397]: DEBUG neutron_lib.callbacks.manager [None req-b751243b-1ac4-46a7-9f3b-683909987046 service neutron] Publish callbacks ['neutron.plugins.ml2.drivers.ovn.mech_driver.mech_driver.OVNMechanismDriver._validate_allowed_address_pairs-855950'] for allowed_address_pair (30fb6788-2868-477c-8f44-50fe1b24d5bc), before_create {{(pid=103397) _notify_loop /opt/stack/data/venv/lib/python3.12/site-packages/neutron_lib/callbacks/manager.py:184}}
Jun 28 15:23:58.845124 np0000183266 devstack@neutron-api.service[103397]: DEBUG neutron_lib.callbacks.manager [None req-b751243b-1ac4-46a7-9f3b-683909987046 service neutron] Publish callbacks [] for port (30fb6788-2868-477c-8f44-50fe1b24d5bc), precommit_create {{(pid=103397) _notify_loop /opt/stack/data/venv/lib/python3.12/site-packages/neutron_lib/callbacks/manager.py:184}}
Jun 28 15:23:58.848690 np0000183266 devstack@neutron-api.service[103397]: DEBUG neutron.db.provisioning_blocks [None req-b751243b-1ac4-46a7-9f3b-683909987046 service neutron] Transition to ACTIVE for port object 30fb6788-2868-477c-8f44-50fe1b24d5bc will not be triggered until provisioned by entity L2. {{(pid=103397) add_provisioning_component /opt/stack/neutron/neutron/db/provisioning_blocks.py:74}}
Jun 28 15:23:58.850300 np0000183266 devstack@neutron-api.service[103397]: DEBUG neutron.db.ovn_revision_numbers_db [None req-b751243b-1ac4-46a7-9f3b-683909987046 service neutron] create_initial_revision uuid=30fb6788-2868-477c-8f44-50fe1b24d5bc, type=ports, rev=-1 {{(pid=103397) create_initial_revision /opt/stack/neutron/neutron/db/ovn_revision_numbers_db.py:98}}
Jun 28 15:23:58.860063 np0000183266 devstack@neutron-api.service[103397]: DEBUG neutron_lib.callbacks.manager [None req-b751243b-1ac4-46a7-9f3b-683909987046 service neutron] Publish callbacks ['neutron.plugins.ml2.ovo_rpc._ObjectChangeHandler.handle_event-3557669'] for port (30fb6788-2868-477c-8f44-50fe1b24d5bc), after_create {{(pid=103397) _notify_loop /opt/stack/data/venv/lib/python3.12/site-packages/neutron_lib/callbacks/manager.py:184}}
Jun 28 15:23:58.884079 np0000183266 devstack@neutron-api.service[103397]: DEBUG neutron.api.rpc.handlers.resources_rpc [None req-b751243b-1ac4-46a7-9f3b-683909987046 service neutron] Pushing event updated for resources: {'Port': ['ID=30fb6788-2868-477c-8f44-50fe1b24d5bc,revision_number=1']} {{(pid=103397) push /opt/stack/neutron/neutron/api/rpc/handlers/resources_rpc.py:237}}
Jun 28 15:23:58.889290 np0000183266 devstack@neutron-api.service[103397]: DEBUG neutron.api.rpc.callbacks.version_manager [None req-b751243b-1ac4-46a7-9f3b-683909987046 service neutron] Tracked resource versions report:
Jun 28 15:23:58.889290 np0000183266 devstack@neutron-api.service[103397]: pushed versions:
Jun 28 15:23:58.889290 np0000183266 devstack@neutron-api.service[103397]: { 'AddressGroup': {'1.2'},
Jun 28 15:23:58.889290 np0000183266 devstack@neutron-api.service[103397]: 'Agent': {'1.1'},
Jun 28 15:23:58.889290 np0000183266 devstack@neutron-api.service[103397]: 'ConntrackHelper': {'1.0'},
Jun 28 15:23:58.889290 np0000183266 devstack@neutron-api.service[103397]: 'LocalIPAssociation': {'1.0'},
Jun 28 15:23:58.889290 np0000183266 devstack@neutron-api.service[103397]: 'Log': {'1.0'},
Jun 28 15:23:58.889290 np0000183266 devstack@neutron-api.service[103397]: 'NDPProxy': {'1.0'},
Jun 28 15:23:58.889290 np0000183266 devstack@neutron-api.service[103397]: 'Network': {'1.3'},
Jun 28 15:23:58.889290 np0000183266 devstack@neutron-api.service[103397]: 'Port': {'1.11'},
Jun 28 15:23:58.889290 np0000183266 devstack@neutron-api.service[103397]: 'PortForwarding': {'1.3'},
Jun 28 15:23:58.889290 np0000183266 devstack@neutron-api.service[103397]: 'QosPolicy': {'1.10'},
Jun 28 15:23:58.889290 np0000183266 devstack@neutron-api.service[103397]: 'SecurityGroup': {'1.6'},
Jun 28 15:23:58.889290 np0000183266 devstack@neutron-api.service[103397]: 'SecurityGroupRule': {'1.3'},
Jun 28 15:23:58.889290 np0000183266 devstack@neutron-api.service[103397]: 'SubPort': {'1.0'},
Jun 28 15:23:58.889290 np0000183266 devstack@neutron-api.service[103397]: 'Subnet': {'1.2'},
Jun 28 15:23:58.889290 np0000183266 devstack@neutron-api.service[103397]: 'Trunk': {'1.1'}}
Jun 28 15:23:58.889290 np0000183266 devstack@neutron-api.service[103397]: consumer versions:
Jun 28 15:23:58.889290 np0000183266 devstack@neutron-api.service[103397]: { OVN Controller Gateway agent@np0000183266: {},
Jun 28 15:23:58.889290 np0000183266 devstack@neutron-api.service[103397]: OVN Neutron agent@np0000183266: {}}
Jun 28 15:23:58.889290 np0000183266 devstack@neutron-api.service[103397]: {{(pid=103397) report /opt/stack/neutron/neutron/api/rpc/callbacks/version_manager.py:183}}
Jun 28 15:23:58.928575 np0000183266 devstack@neutron-api.service[103397]: DEBUG neutron.plugins.ml2.drivers.ovn.mech_driver.ovsdb.commands [None req-b751243b-1ac4-46a7-9f3b-683909987046 service neutron] Converting tag [] to a tag_request {{(pid=103397) _tag_column_to_tag_request /opt/stack/neutron/neutron/plugins/ml2/drivers/ovn/mech_driver/ovsdb/commands.py:205}}
Jun 28 15:23:58.929988 np0000183266 devstack@neutron-api.service[103397]: DEBUG ovsdbapp.backend.ovs_idl.transaction [None req-f9b34500-cb8d-4c8b-b0f2-6aa76cb41c53 None None] Running txn n=1 command(idx=0): AddLSwitchPortCommand(_result=None, lport=30fb6788-2868-477c-8f44-50fe1b24d5bc, lswitch=neutron-a6106c61-a722-43df-a4a8-e9e2ae4e4fa0, may_exist=True, network_uuid=a6106c61-a722-43df-a4a8-e9e2ae4e4fa0, columns={'addresses': ['fa:16:3e:33:4f:8b 10.2.5.227', 'unknown'], 'external_ids': {'neutron:port_name': '', 'neutron:device_id': 'manila-admin-share', 'neutron:project_id': '6209e2864b9b451a8824d5e5c5d16ce4', 'neutron:cidrs': '10.2.5.227/24', 'neutron:device_owner': 'manila:share', 'neutron:subnet_pool_addr_scope4': '', 'neutron:subnet_pool_addr_scope6': '', 'neutron:network_name': 'neutron-a6106c61-a722-43df-a4a8-e9e2ae4e4fa0', 'neutron:security_group_ids': '', 'neutron:revision_number': '1', 'neutron:vnic_type': 'normal', 'neutron:port_capabilities': '', 'neutron:mtu': ''}, 'parent_name': [], 'enabled': True, 'options': {'requested-chassis': 'np0000183266'}, 'type': '', 'port_security': [], 'dhcpv4_options': [UUID('98a4e99a-872a-446c-b10f-ef096a57a526')], 'dhcpv6_options': [], 'tag_request': []}) {{(pid=103397) do_commit /opt/stack/data/venv/lib/python3.12/site-packages/ovsdbapp/backend/ovs_idl/transaction.py:89}}
Jun 28 15:23:58.931167 np0000183266 devstack@neutron-api.service[103397]: DEBUG ovsdbapp.backend.ovs_idl.transaction [None req-f9b34500-cb8d-4c8b-b0f2-6aa76cb41c53 None None] Running txn n=1 command(idx=1): QoSDelCommand(_result=None, switch=neutron-a6106c61-a722-43df-a4a8-e9e2ae4e4fa0, conditions=[('direction', '=', 'to-lport'), ('priority', '=', 2002), ('match', '=', 'outport == "30fb6788-2868-477c-8f44-50fe1b24d5bc"')], if_exists=True) {{(pid=103397) do_commit /opt/stack/data/venv/lib/python3.12/site-packages/ovsdbapp/backend/ovs_idl/transaction.py:89}}
Jun 28 15:23:58.931710 np0000183266 devstack@neutron-api.service[103397]: DEBUG ovsdbapp.backend.ovs_idl.transaction [None req-f9b34500-cb8d-4c8b-b0f2-6aa76cb41c53 None None] Running txn n=1 command(idx=2): QoSDelCommand(_result=None, switch=neutron-a6106c61-a722-43df-a4a8-e9e2ae4e4fa0, conditions=[('direction', '=', 'from-lport'), ('priority', '=', 2002), ('match', '=', 'inport == "30fb6788-2868-477c-8f44-50fe1b24d5bc"')], if_exists=True) {{(pid=103397) do_commit /opt/stack/data/venv/lib/python3.12/site-packages/ovsdbapp/backend/ovs_idl/transaction.py:89}}
Jun 28 15:23:58.986867 np0000183266 devstack@neutron-api.service[103399]: DEBUG neutron.plugins.ml2.drivers.ovn.mech_driver.ovsdb.ovsdb_monitor [None req-4de81260-4113-45ef-ace8-9b61c4aabc2b None None] Touching Hash Ring node "62b9c096054a57ea8d353b8b40e50008" from IDL notify handler {{(pid=103399) notify /opt/stack/neutron/neutron/plugins/ml2/drivers/ovn/mech_driver/ovsdb/ovsdb_monitor.py:1007}}
Jun 28 15:23:58.993067 np0000183266 devstack@neutron-api.service[103398]: DEBUG neutron.plugins.ml2.drivers.ovn.mech_driver.ovsdb.ovsdb_monitor [None req-1801cf28-c8ea-4167-889b-ddd79d17e433 None None] Touching Hash Ring node "220fb8dd28f2552aa15e3283818e0b2a" from IDL notify handler {{(pid=103398) notify /opt/stack/neutron/neutron/plugins/ml2/drivers/ovn/mech_driver/ovsdb/ovsdb_monitor.py:1007}}
Jun 28 15:23:58.998114 np0000183266 devstack@neutron-api.service[103396]: DEBUG neutron.plugins.ml2.drivers.ovn.mech_driver.ovsdb.ovsdb_monitor [None req-23a82e3b-01e1-4449-ae27-377244ec7ad3 None None] Touching Hash Ring node "8c35641923105cb5acfb93d8c12d1a10" from IDL notify handler {{(pid=103396) notify /opt/stack/neutron/neutron/plugins/ml2/drivers/ovn/mech_driver/ovsdb/ovsdb_monitor.py:1007}}
Jun 28 15:23:59.005568 np0000183266 devstack@neutron-api.service[103399]: DEBUG neutron.plugins.ml2.drivers.ovn.mech_driver.ovsdb.ovsdb_monitor [None req-4de81260-4113-45ef-ace8-9b61c4aabc2b None None] Hash Ring: Node 62b9c096054a57ea8d353b8b40e50008 (host: np0000183266) handling event "update" for row a6106c61-a722-43df-a4a8-e9e2ae4e4fa0 (table: Logical_Switch) {{(pid=103399) notify /opt/stack/neutron/neutron/plugins/ml2/drivers/ovn/mech_driver/ovsdb/ovsdb_monitor.py:1015}}
Jun 28 15:23:59.006624 np0000183266 devstack@neutron-api.service[103398]: DEBUG neutron.plugins.ml2.drivers.ovn.mech_driver.ovsdb.ovsdb_monitor [None req-1801cf28-c8ea-4167-889b-ddd79d17e433 None None] Hash Ring: Node 220fb8dd28f2552aa15e3283818e0b2a (host: np0000183266) handling event "create" for row 8413801e-9c1a-4611-8b5e-9b756161a920 (table: Logical_Switch_Port) {{(pid=103398) notify /opt/stack/neutron/neutron/plugins/ml2/drivers/ovn/mech_driver/ovsdb/ovsdb_monitor.py:1015}}
