2026-06-23 19:51:06.584 10 INFO neutron.wsgi [None req-9cf833fe-6937-4b7e-922b-10040b2f95eb a31c0b19640649fa84ae341ab29895db 99b28d347991496397d4054a5a8121ba - - default default] 10.0.0.84 "POST /v2.0/routers HTTP/1.1" status: 201 len: 805 time: 0.3593926
2026-06-23 19:51:06.593 10 INFO neutron.wsgi [req-10a32313-3488-407a-b6a1-657f75affadd req-f4356ea5-eaa1-4cc1-806d-22d99ae0855b 0837e0e6cc394a4f81873579a6543c40 cf6bb09bda1a48639c0bc655b7c231a3 - - default default] 199.204.45.53 "PUT /v2.0/ports/ac237d18-e8a4-4f88-97d2-5eaef007b668 HTTP/1.1" status: 200 len: 1167 time: 1.6376026 /var/lib/openstack/lib/python3.10/site-packages/pycadf/identifier.py:71: UserWarning: Invalid uuid: neutron. To ensure interoperability, identifiers should be a valid uuid. warnings.warn(('Invalid uuid: %s. To ensure interoperability, '
2026-06-23 19:51:06.695 10 INFO neutron.notifiers.nova [-] Nova event matching ['req-5831afed-7c97-44ad-adc4-6464d717f003'] response: {'name': 'network-changed', 'server_uuid': 'b30b7aab-a90a-44e8-abe7-8114a200f588', 'tag': 'ac237d18-e8a4-4f88-97d2-5eaef007b668', 'status': 'completed', 'code': 200}
2026-06-23 19:51:06.734 10 INFO neutron.wsgi [req-10a32313-3488-407a-b6a1-657f75affadd req-32ce7c8b-05f6-49f1-8f6c-aebc671c3bed 3b20aad8910c481aa3d09bda2c441861 4437f5005fd3417c9cd65be0703b1d5a - - 2189ca4831b045c09946bd1f0b90583d 2189ca4831b045c09946bd1f0b90583d] 199.204.45.53 "GET /v2.0/ports?tenant_id=cf6bb09bda1a48639c0bc655b7c231a3&device_id=b30b7aab-a90a-44e8-abe7-8114a200f588 HTTP/1.1" status: 200 len: 1409 time: 0.1219285
2026-06-23 19:51:06.800 10 INFO neutron.wsgi [req-10a32313-3488-407a-b6a1-657f75affadd req-b2d955bd-79fe-41ca-9904-b150d826d070 3b20aad8910c481aa3d09bda2c441861 4437f5005fd3417c9cd65be0703b1d5a - - 2189ca4831b045c09946bd1f0b90583d 2189ca4831b045c09946bd1f0b90583d] 199.204.45.53 "GET /v2.0/networks?id=21cf6e58-0d88-4922-8825-3ccc0fd99f54 HTTP/1.1" status: 200 len: 980 time: 0.0597069
2026-06-23 19:51:06.853 10 INFO neutron.wsgi [req-10a32313-3488-407a-b6a1-657f75affadd req-7fc6d92e-f761-4a18-a364-7bdbd05e1e70 3b20aad8910c481aa3d09bda2c441861 4437f5005fd3417c9cd65be0703b1d5a - - 2189ca4831b045c09946bd1f0b90583d 2189ca4831b045c09946bd1f0b90583d] 199.204.45.53 "GET /v2.0/floatingips?fixed_ip_address=10.100.0.6&port_id=ac237d18-e8a4-4f88-97d2-5eaef007b668 HTTP/1.1" status: 200 len: 1059 time: 0.0449140
2026-06-23 19:51:06.890 10 INFO neutron.wsgi [req-10a32313-3488-407a-b6a1-657f75affadd req-a7d6c12b-7c69-4a31-9709-c7f0cfa07eda 3b20aad8910c481aa3d09bda2c441861 4437f5005fd3417c9cd65be0703b1d5a - - 2189ca4831b045c09946bd1f0b90583d 2189ca4831b045c09946bd1f0b90583d] 199.204.45.53 "GET /v2.0/subnets?id=8140d5bf-42c8-4056-8342-8c890cb5440d HTTP/1.1" status: 200 len: 877 time: 0.0305870
2026-06-23 19:51:06.922 10 INFO neutron.wsgi [req-10a32313-3488-407a-b6a1-657f75affadd req-01c83c70-bfd6-454b-83dc-c23bf94418b3 3b20aad8910c481aa3d09bda2c441861 4437f5005fd3417c9cd65be0703b1d5a - - 2189ca4831b045c09946bd1f0b90583d 2189ca4831b045c09946bd1f0b90583d] 199.204.45.53 "GET /v2.0/ports?network_id=21cf6e58-0d88-4922-8825-3ccc0fd99f54&device_owner=network%3Adhcp HTTP/1.1" status: 200 len: 210 time: 0.0264411
2026-06-23 19:51:06.979 10 INFO neutron.wsgi [req-10a32313-3488-407a-b6a1-657f75affadd req-fc2ac66f-cb48-43f8-a7b2-abcc21e35682 3b20aad8910c481aa3d09bda2c441861 4437f5005fd3417c9cd65be0703b1d5a - - 2189ca4831b045c09946bd1f0b90583d 2189ca4831b045c09946bd1f0b90583d] 199.204.45.53 "GET /v2.0/networks/21cf6e58-0d88-4922-8825-3ccc0fd99f54?fields=segments HTTP/1.1" status: 200 len: 212 time: 0.0524564
2026-06-23 19:51:07.034 10 INFO neutron.wsgi [req-10a32313-3488-407a-b6a1-657f75affadd req-d22da19e-64fc-437d-8ebe-0772d394ce5b 3b20aad8910c481aa3d09bda2c441861 4437f5005fd3417c9cd65be0703b1d5a - - 2189ca4831b045c09946bd1f0b90583d 2189ca4831b045c09946bd1f0b90583d] 199.204.45.53 "GET /v2.0/networks/21cf6e58-0d88-4922-8825-3ccc0fd99f54?fields=provider%3Aphysical_network&fields=provider%3Anetwork_type HTTP/1.1" status: 200 len: 277 time: 0.0498273
2026-06-23 19:51:08.186 10 INFO neutron.wsgi [req-6ea423c7-4488-4a11-9b68-9a5fe4dce587 req-89c7f1c5-2002-4081-9b62-a3be0217ee74 3b20aad8910c481aa3d09bda2c441861 4437f5005fd3417c9cd65be0703b1d5a - - 2189ca4831b045c09946bd1f0b90583d 2189ca4831b045c09946bd1f0b90583d] 199.204.45.53 "GET /v2.0/ports?tenant_id=cf6bb09bda1a48639c0bc655b7c231a3&device_id=b30b7aab-a90a-44e8-abe7-8114a200f588 HTTP/1.1" status: 200 len: 1409 time: 0.0462162
2026-06-23 19:51:08.255 10 INFO neutron.wsgi [req-6ea423c7-4488-4a11-9b68-9a5fe4dce587 req-d4d1981d-9da1-4821-a670-b6196563b519 3b20aad8910c481aa3d09bda2c441861 4437f5005fd3417c9cd65be0703b1d5a - - 2189ca4831b045c09946bd1f0b90583d 2189ca4831b045c09946bd1f0b90583d] 199.204.45.53 "GET /v2.0/networks?id=21cf6e58-0d88-4922-8825-3ccc0fd99f54 HTTP/1.1" status: 200 len: 980 time: 0.0651817
2026-06-23 19:51:08.305 10 INFO neutron.wsgi [req-6ea423c7-4488-4a11-9b68-9a5fe4dce587 req-7e5ccbd4-756c-4438-a669-b8858ff9f6fe 3b20aad8910c481aa3d09bda2c441861 4437f5005fd3417c9cd65be0703b1d5a - - 2189ca4831b045c09946bd1f0b90583d 2189ca4831b045c09946bd1f0b90583d] 199.204.45.53 "GET /v2.0/floatingips?fixed_ip_address=10.100.0.6&port_id=ac237d18-e8a4-4f88-97d2-5eaef007b668 HTTP/1.1" status: 200 len: 1059 time: 0.0445263
2026-06-23 19:51:08.339 10 INFO neutron.wsgi [req-6ea423c7-4488-4a11-9b68-9a5fe4dce587 req-816aca6b-cb4e-410e-bd35-4b2a84cacdcd 3b20aad8910c481aa3d09bda2c441861 4437f5005fd3417c9cd65be0703b1d5a - - 2189ca4831b045c09946bd1f0b90583d 2189ca4831b045c09946bd1f0b90583d] 199.204.45.53 "GET /v2.0/subnets?id=8140d5bf-42c8-4056-8342-8c890cb5440d HTTP/1.1" status: 200 len: 877 time: 0.0289023
2026-06-23 19:51:08.364 10 INFO neutron.wsgi [req-6ea423c7-4488-4a11-9b68-9a5fe4dce587 req-775054f2-0c64-4fed-b68c-3c05acd7ec0f 3b20aad8910c481aa3d09bda2c441861 4437f5005fd3417c9cd65be0703b1d5a - - 2189ca4831b045c09946bd1f0b90583d 2189ca4831b045c09946bd1f0b90583d] 199.204.45.53 "GET /v2.0/ports?network_id=21cf6e58-0d88-4922-8825-3ccc0fd99f54&device_owner=network%3Adhcp HTTP/1.1" status: 200 len: 210 time: 0.0209374
2026-06-23 19:51:08.470 10 INFO neutron.wsgi [req-6ea423c7-4488-4a11-9b68-9a5fe4dce587 req-85df233f-6508-40e5-8e63-a947a4039f86 3b20aad8910c481aa3d09bda2c441861 4437f5005fd3417c9cd65be0703b1d5a - - 2189ca4831b045c09946bd1f0b90583d 2189ca4831b045c09946bd1f0b90583d] 199.204.45.53 "GET /v2.0/networks/21cf6e58-0d88-4922-8825-3ccc0fd99f54?fields=segments HTTP/1.1" status: 200 len: 212 time: 0.1008172
2026-06-23 19:51:08.526 9 INFO neutron.wsgi [None req-4f7bf92a-66d0-4f98-b269-330df0bfcb7d dd03f1e6eb9548279a3a08a1f8d6f6e6 7e57a0bb6e7a470893e6e45ce8442e2c - - default default] 10.0.0.84 "PUT /v2.0/routers/f1ecb44b-5ab1-420c-aab8-15040a6ded7e/remove_router_interface HTTP/1.1" status: 200 len: 503 time: 4.1578107
2026-06-23 19:51:08.593 10 INFO neutron.plugins.ml2.drivers.ovn.mech_driver.mech_driver [None req-7b52b48e-a412-4fb5-acdf-2f6eb947522b - - - - - -] OVN reports status down for port: ac237d18-e8a4-4f88-97d2-5eaef007b668
2026-06-23 19:51:08.637 9 WARNING neutron.scheduler.dhcp_agent_scheduler [None req-eda53c17-637a-49f5-8cc5-0350eef4a7b9 a31c0b19640649fa84ae341ab29895db 99b28d347991496397d4054a5a8121ba - - default default] No more DHCP agents
2026-06-23 19:51:08.640 9 WARNING neutron.api.rpc.agentnotifiers.dhcp_rpc_agent_api [None req-eda53c17-637a-49f5-8cc5-0350eef4a7b9 a31c0b19640649fa84ae341ab29895db 99b28d347991496397d4054a5a8121ba - - default default] Unable to schedule network e8bafdff-e673-4ee1-97c8-5f1bae232a5f: no agents available; will retry on subsequent port and subnet creation events.
2026-06-23 19:51:08.677 10 INFO neutron.wsgi [req-6ea423c7-4488-4a11-9b68-9a5fe4dce587 req-2a9367b1-6e5a-4838-8e8b-8c85db550991 3b20aad8910c481aa3d09bda2c441861 4437f5005fd3417c9cd65be0703b1d5a - - 2189ca4831b045c09946bd1f0b90583d 2189ca4831b045c09946bd1f0b90583d] 199.204.45.53 "GET /v2.0/networks/21cf6e58-0d88-4922-8825-3ccc0fd99f54?fields=provider%3Aphysical_network&fields=provider%3Anetwork_type HTTP/1.1" status: 200 len: 277 time: 0.1935799
2026-06-23 19:51:08.757 9 INFO neutron.db.ovn_revision_numbers_db [None req-eda53c17-637a-49f5-8cc5-0350eef4a7b9 a31c0b19640649fa84ae341ab29895db 99b28d347991496397d4054a5a8121ba - - default default] Successfully bumped revision number for resource 452cb325-b1c5-4505-bf59-25b96b721a09 (type: ports) to 1
2026-06-23 19:51:08.778 10 INFO neutron.wsgi [req-3668a584-4ffb-44da-9683-87a9adbf2ae9 req-420d1cb0-282c-4b1a-a68b-8733c2703bbb 0837e0e6cc394a4f81873579a6543c40 cf6bb09bda1a48639c0bc655b7c231a3 - - default default] 10.0.0.12 "GET /v2.0/ports?device_id=b30b7aab-a90a-44e8-abe7-8114a200f588 HTTP/1.1" status: 200 len: 1170 time: 0.2377260
2026-06-23 19:51:08.902 10 INFO neutron.wsgi [req-3668a584-4ffb-44da-9683-87a9adbf2ae9 req-c4da2240-275b-45e3-990b-8d0011675992 0837e0e6cc394a4f81873579a6543c40 cf6bb09bda1a48639c0bc655b7c231a3 - - default default] 10.0.0.12 "GET /v2.0/security-groups?id=d3a57ffc-0dbd-42ce-8864-bc717922a9f9&fields=id&fields=name HTTP/1.1" status: 200 len: 312 time: 0.1159077
2026-06-23 19:51:09.096 10 INFO neutron.notifiers.nova [-] Nova event matching ['req-1a529b2f-29fc-4bdc-8076-778ecc78643b'] response: {'server_uuid': 'b30b7aab-a90a-44e8-abe7-8114a200f588', 'name': 'network-vif-unplugged', 'status': 'completed', 'tag': 'ac237d18-e8a4-4f88-97d2-5eaef007b668', 'code': 200}
2026-06-23 19:51:09.151 10 INFO neutron.wsgi [req-dad4adb8-8f44-4bc2-abf2-bce5852b66e1 req-4d2717c4-5032-4584-bddd-336d3f3f7cb4 0837e0e6cc394a4f81873579a6543c40 cf6bb09bda1a48639c0bc655b7c231a3 - - default default] 199.204.45.53 "GET /v2.0/ports?device_id=b30b7aab-a90a-44e8-abe7-8114a200f588 HTTP/1.1" status: 200 len: 1170 time: 0.2799883
2026-06-23 19:51:09.466 10 INFO neutron.db.ovn_revision_numbers_db [None req-7b52b48e-a412-4fb5-acdf-2f6eb947522b - - - - - -] Successfully bumped revision number for resource ac237d18-e8a4-4f88-97d2-5eaef007b668 (type: ports) to 7
2026-06-23 19:51:09.531 9 ERROR ovsdbapp.backend.ovs_idl.command [None req-eda53c17-637a-49f5-8cc5-0350eef4a7b9 a31c0b19640649fa84ae341ab29895db 99b28d347991496397d4054a5a8121ba - - default default] Error executing command (DbGetCommand): ovsdbapp.backend.ovs_idl.idlutils.RowNotFound: Cannot find Logical_Router_Port with name=lrp-452cb325-b1c5-4505-bf59-25b96b721a09
2026-06-23 19:51:09.531 9 ERROR ovsdbapp.backend.ovs_idl.command
Traceback (most recent call last):
2026-06-23 19:51:09.531 9 ERROR ovsdbapp.backend.ovs_idl.command
File "/var/lib/openstack/lib/python3.10/site-packages/ovsdbapp/backend/ovs_idl/command.py", line 47, in execute
2026-06-23 19:51:09.531 9 ERROR ovsdbapp.backend.ovs_idl.command self.run_idl(None)
2026-06-23 19:51:09.531 9 ERROR ovsdbapp.backend.ovs_idl.command
File "/var/lib/openstack/lib/python3.10/site-packages/ovsdbapp/backend/ovs_idl/command.py", line 235, in run_idl
2026-06-23 19:51:09.531 9 ERROR ovsdbapp.backend.ovs_idl.command record = self.api.lookup(self.table, self.record)
2026-06-23 19:51:09.531 9 ERROR ovsdbapp.backend.ovs_idl.command
File "/var/lib/openstack/lib/python3.10/site-packages/ovsdbapp/backend/ovs_idl/__init__.py", line 184, in lookup
2026-06-23 19:51:09.531 9 ERROR ovsdbapp.backend.ovs_idl.command return self._lookup(table, record)
2026-06-23 19:51:09.531 9 ERROR ovsdbapp.backend.ovs_idl.command
File "/var/lib/openstack/lib/python3.10/site-packages/ovsdbapp/backend/ovs_idl/__init__.py", line 235, in _lookup
2026-06-23 19:51:09.531 9 ERROR ovsdbapp.backend.ovs_idl.command row = idlutils.row_by_value(self, rl.table, rl.column, record)
2026-06-23 19:51:09.531 9 ERROR ovsdbapp.backend.ovs_idl.command
File "/var/lib/openstack/lib/python3.10/site-packages/ovsdbapp/backend/ovs_idl/idlutils.py", line 114, in row_by_value
2026-06-23 19:51:09.531 9 ERROR ovsdbapp.backend.ovs_idl.command raise RowNotFound(table=table, col=column, match=match)
2026-06-23 19:51:09.531 9 ERROR ovsdbapp.backend.ovs_idl.command ovsdbapp.backend.ovs_idl.idlutils.RowNotFound: Cannot find Logical_Router_Port with name=lrp-452cb325-b1c5-4505-bf59-25b96b721a09
2026-06-23 19:51:09.531 9 ERROR ovsdbapp.backend.ovs_idl.command 
2026-06-23 19:51:09.532 9 ERROR neutron_lib.callbacks.manager [None req-eda53c17-637a-49f5-8cc5-0350eef4a7b9 a31c0b19640649fa84ae341ab29895db 99b28d347991496397d4054a5a8121ba - - default default] Error during notification for neutron.services.ovn_l3.plugin.OVNL3RouterPlugin._port_update-8789294830310 port, after_update: ovsdbapp.backend.ovs_idl.idlutils.RowNotFound: Cannot find Logical_Router_Port with name=lrp-452cb325-b1c5-4505-bf59-25b96b721a09
2026-06-23 19:51:09.532 9 ERROR neutron_lib.callbacks.manager
Traceback (most recent call last):
2026-06-23 19:51:09.532 9 ERROR neutron_lib.callbacks.manager
File "/var/lib/openstack/lib/python3.10/site-packages/neutron_lib/callbacks/manager.py", line 189, in _notify_loop
2026-06-23 19:51:09.532 9 ERROR neutron_lib.callbacks.manager callback.method(resource, event, trigger, payload=payload)
2026-06-23 19:51:09.532 9 ERROR neutron_lib.callbacks.manager
File "/var/lib/openstack/lib/python3.10/site-packages/neutron/services/ovn_l3/plugin.py", line 391, in _port_update
2026-06-23 19:51:09.532 9 ERROR neutron_lib.callbacks.manager l3plugin._ovn_client.update_router_port(context,
2026-06-23 19:51:09.532 9 ERROR neutron_lib.callbacks.manager
File "/var/lib/openstack/lib/python3.10/site-packages/neutron/plugins/ml2/drivers/ovn/mech_driver/ovsdb/ovn_client.py", line 1878, in update_router_port
2026-06-23 19:51:09.532 9 ERROR neutron_lib.callbacks.manager self._update_lrouter_port(context, port, if_exists=if_exists,
2026-06-23 19:51:09.532 9 ERROR neutron_lib.callbacks.manager
File "/var/lib/openstack/lib/python3.10/site-packages/neutron/plugins/ml2/drivers/ovn/mech_driver/ovsdb/ovn_client.py", line 1855, in _update_lrouter_port
2026-06-23 19:51:09.532 9 ERROR neutron_lib.callbacks.manager external_ids = self._nb_idl.db_get(
2026-06-23 19:51:09.532 9 ERROR neutron_lib.callbacks.manager
File "/var/lib/openstack/lib/python3.10/site-packages/ovsdbapp/backend/ovs_idl/command.py", line 47, in execute
2026-06-23 19:51:09.532 9 ERROR neutron_lib.callbacks.manager self.run_idl(None)
2026-06-23 19:51:09.532 9 ERROR neutron_lib.callbacks.manager
File "/var/lib/openstack/lib/python3.10/site-packages/ovsdbapp/backend/ovs_idl/command.py", line 235, in run_idl
2026-06-23 19:51:09.532 9 ERROR neutron_lib.callbacks.manager record = self.api.lookup(self.table, self.record)
2026-06-23 19:51:09.532 9 ERROR neutron_lib.callbacks.manager
File "/var/lib/openstack/lib/python3.10/site-packages/ovsdbapp/backend/ovs_idl/__init__.py", line 184, in lookup
2026-06-23 19:51:09.532 9 ERROR neutron_lib.callbacks.manager return self._lookup(table, record)
2026-06-23 19:51:09.532 9 ERROR neutron_lib.callbacks.manager
File "/var/lib/openstack/lib/python3.10/site-packages/ovsdbapp/backend/ovs_idl/__init__.py", line 235, in _lookup
2026-06-23 19:51:09.532 9 ERROR neutron_lib.callbacks.manager row = idlutils.row_by_value(self, rl.table, rl.column, record)
2026-06-23 19:51:09.532 9 ERROR neutron_lib.callbacks.manager
File "/var/lib/openstack/lib/python3.10/site-packages/ovsdbapp/backend/ovs_idl/idlutils.py", line 114, in row_by_value
2026-06-23 19:51:09.532 9 ERROR neutron_lib.callbacks.manager raise RowNotFound(table=table, col=column, match=match)
2026-06-23 19:51:09.532 9 ERROR neutron_lib.callbacks.manager ovsdbapp.backend.ovs_idl.idlutils.RowNotFound: Cannot find Logical_Router_Port with name=lrp-452cb325-b1c5-4505-bf59-25b96b721a09
2026-06-23 19:51:09.532 9 ERROR neutron_lib.callbacks.manager 
2026-06-23 19:51:09.689 10 INFO neutron.plugins.ml2.drivers.ovn.mech_driver.mech_driver [None req-7b52b48e-a412-4fb5-acdf-2f6eb947522b - - - - - -] OVN reports status up for port: 452cb325-b1c5-4505-bf59-25b96b721a09
2026-06-23 19:51:09.699 10 INFO neutron.plugins.ml2.plugin [None req-7b52b48e-a412-4fb5-acdf-2f6eb947522b - - - - - -] Attempt 1 to provision port 452cb325-b1c5-4505-bf59-25b96b721a09
2026-06-23 19:51:09.709 9 INFO neutron.db.ovn_revision_numbers_db [None req-eda53c17-637a-49f5-8cc5-0350eef4a7b9 a31c0b19640649fa84ae341ab29895db 99b28d347991496397d4054a5a8121ba - - default default] Successfully bumped revision number for resource 452cb325-b1c5-4505-bf59-25b96b721a09 (type: ports) to 1
2026-06-23 19:51:09.784 9 WARNING neutron.scheduler.dhcp_agent_scheduler [None req-eda53c17-637a-49f5-8cc5-0350eef4a7b9 a31c0b19640649fa84ae341ab29895db 99b28d347991496397d4054a5a8121ba - - default default] No more DHCP agents
2026-06-23 19:51:09.785 9 WARNING neutron.api.rpc.agentnotifiers.dhcp_rpc_agent_api [None req-eda53c17-637a-49f5-8cc5-0350eef4a7b9 a31c0b19640649fa84ae341ab29895db 99b28d347991496397d4054a5a8121ba - - default default] Unable to schedule network e8bafdff-e673-4ee1-97c8-5f1bae232a5f: no agents available; will retry on subsequent port and subnet creation events.
2026-06-23 19:51:09.880 10 INFO neutron.db.l3_db [req-dad4adb8-8f44-4bc2-abf2-bce5852b66e1 req-99cc793f-6e5f-433b-9bd2-0aeea6e71b17 0837e0e6cc394a4f81873579a6543c40 cf6bb09bda1a48639c0bc655b7c231a3 - - default default] Floating IP dc4f2f8b-7b17-45a9-91e3-1d58d58d0bde disassociated. External IP: 10.96.250.209, port: ac237d18-e8a4-4f88-97d2-5eaef007b668.
2026-06-23 19:51:09.974 9 INFO neutron.db.ovn_revision_numbers_db [None req-eda53c17-637a-49f5-8cc5-0350eef4a7b9 a31c0b19640649fa84ae341ab29895db 99b28d347991496397d4054a5a8121ba - - default default] Successfully bumped revision number for resource 452cb325-b1c5-4505-bf59-25b96b721a09 (type: router_ports) to 1
2026-06-23 19:51:09.983 9 INFO neutron.wsgi [None req-eda53c17-637a-49f5-8cc5-0350eef4a7b9 a31c0b19640649fa84ae341ab29895db 99b28d347991496397d4054a5a8121ba - - default default] 10.0.0.84 "PUT /v2.0/routers/06181db3-238b-44a0-96df-79aeac2f177f/add_router_interface HTTP/1.1" status: 200 len: 503 time: 3.3890502 /var/lib/openstack/lib/python3.10/site-packages/pycadf/identifier.py:71: UserWarning: Invalid uuid: neutron. To ensure interoperability, identifiers should be a valid uuid. warnings.warn(('Invalid uuid: %s. To ensure interoperability, ' /var/lib/openstack/lib/python3.10/site-packages/pycadf/identifier.py:71: UserWarning: Invalid uuid: neutron. To ensure interoperability, identifiers should be a valid uuid. warnings.warn(('Invalid uuid: %s. To ensure interoperability, '
2026-06-23 19:51:10.058 10 INFO neutron.wsgi [req-f3115d7c-8849-4d21-a6c9-c89ae971f03a req-4c85cd32-f5ad-4f4c-b088-63c0e0bddbe3 0837e0e6cc394a4f81873579a6543c40 cf6bb09bda1a48639c0bc655b7c231a3 - - default default] 10.0.0.12 "GET /v2.0/ports?device_id=b30b7aab-a90a-44e8-abe7-8114a200f588 HTTP/1.1" status: 200 len: 1168 time: 0.0635247
2026-06-23 19:51:10.075 9 INFO neutron.wsgi [None req-75d699ca-9e0d-4e98-b95f-8a8be02cebee a31c0b19640649fa84ae341ab29895db 99b28d347991496397d4054a5a8121ba - - default default] 10.0.0.84 "GET /v2.0/ports/452cb325-b1c5-4505-bf59-25b96b721a09 HTTP/1.1" status: 200 len: 1139 time: 0.0874388
2026-06-23 19:51:10.371 10 INFO neutron.wsgi [req-dad4adb8-8f44-4bc2-abf2-bce5852b66e1 req-99cc793f-6e5f-433b-9bd2-0aeea6e71b17 0837e0e6cc394a4f81873579a6543c40 cf6bb09bda1a48639c0bc655b7c231a3 - - default default] 199.204.45.53 "DELETE /v2.0/ports/ac237d18-e8a4-4f88-97d2-5eaef007b668 HTTP/1.1" status: 204 len: 173 time: 1.2125185
2026-06-23 19:51:10.410 10 INFO neutron.wsgi [req-f3115d7c-8849-4d21-a6c9-c89ae971f03a req-2fa0f5d7-2bae-4017-ad02-8d962971bf74 0837e0e6cc394a4f81873579a6543c40 cf6bb09bda1a48639c0bc655b7c231a3 - - default default] 10.0.0.12 "GET /v2.0/security-groups?id=d3a57ffc-0dbd-42ce-8864-bc717922a9f9&fields=id&fields=name HTTP/1.1" status: 200 len: 312 time: 0.3260291
2026-06-23 19:51:10.527 9 INFO neutron.db.ovn_revision_numbers_db [None req-461ad6a9-5cee-403c-9d72-ed6181ffc378 dd03f1e6eb9548279a3a08a1f8d6f6e6 7e57a0bb6e7a470893e6e45ce8442e2c - - default default] Successfully bumped revision number for resource 12f4b3c1-86da-44e3-95a3-2b293f73d5b9 (type: security_groups) to 1
2026-06-23 19:51:10.555 9 INFO neutron.db.ovn_revision_numbers_db [None req-461ad6a9-5cee-403c-9d72-ed6181ffc378 dd03f1e6eb9548279a3a08a1f8d6f6e6 7e57a0bb6e7a470893e6e45ce8442e2c - - default default] Successfully bumped revision number for resource 16336309-7f9d-4738-8308-4c862c329cfd (type: security_group_rules) to 0
2026-06-23 19:51:10.570 9 INFO neutron.db.ovn_revision_numbers_db [None req-461ad6a9-5cee-403c-9d72-ed6181ffc378 dd03f1e6eb9548279a3a08a1f8d6f6e6 7e57a0bb6e7a470893e6e45ce8442e2c - - default default] Successfully bumped revision number for resource 2ce1f78a-50d8-4082-8db5-dd02082a4387 (type: security_group_rules) to 0
2026-06-23 19:51:10.609 10 INFO neutron.wsgi [None req-f2097860-0091-408d-8890-350b9c8fad0c dd03f1e6eb9548279a3a08a1f8d6f6e6 7e57a0bb6e7a470893e6e45ce8442e2c - - default default] 10.0.0.84 "DELETE /v2.0/routers/f1ecb44b-5ab1-420c-aab8-15040a6ded7e HTTP/1.1" status: 204 len: 168 time: 2.0798502
2026-06-23 19:51:10.610 9 INFO neutron.db.ovn_revision_numbers_db [None req-461ad6a9-5cee-403c-9d72-ed6181ffc378 dd03f1e6eb9548279a3a08a1f8d6f6e6 7e57a0bb6e7a470893e6e45ce8442e2c - - default default] Successfully bumped revision number for resource 54fbad75-7c3f-48ad-bde6-897a27343efb (type: security_group_rules) to 0
2026-06-23 19:51:10.629 9 INFO neutron.db.ovn_revision_numbers_db [None req-461ad6a9-5cee-403c-9d72-ed6181ffc378 dd03f1e6eb9548279a3a08a1f8d6f6e6 7e57a0bb6e7a470893e6e45ce8442e2c - - default default] Successfully bumped revision number for resource f0bcfae9-44eb-4e61-be52-faeaa46bbe6b (type: security_group_rules) to 0
2026-06-23 19:51:10.658 9 INFO neutron.wsgi [None req-461ad6a9-5cee-403c-9d72-ed6181ffc378 dd03f1e6eb9548279a3a08a1f8d6f6e6 7e57a0bb6e7a470893e6e45ce8442e2c - - default default] 10.0.0.84 "GET /v2.0/security-groups?tenant_id=7e04fd0a303642e7849ed011129ffc14&name=default HTTP/1.1" status: 200 len: 3120 time: 0.5234356
2026-06-23 19:51:10.697 9 WARNING neutron.scheduler.dhcp_agent_scheduler [None req-91ae78ce-eb10-4313-83ec-f6a3b8b6bb13 a31c0b19640649fa84ae341ab29895db 99b28d347991496397d4054a5a8121ba - - default default] No more DHCP agents
2026-06-23 19:51:10.702 9 WARNING neutron.api.rpc.agentnotifiers.dhcp_rpc_agent_api [None req-91ae78ce-eb10-4313-83ec-f6a3b8b6bb13 a31c0b19640649fa84ae341ab29895db 99b28d347991496397d4054a5a8121ba - - default default] Unable to schedule network b5aab2cd-d533-4f6c-a989-776bbdc33fe9: no agents available; will retry on subsequent port and subnet creation events.
2026-06-23 19:51:10.786 10 INFO neutron.db.ovn_revision_numbers_db [None req-7b52b48e-a412-4fb5-acdf-2f6eb947522b - - - - - -] Successfully bumped revision number for resource 452cb325-b1c5-4505-bf59-25b96b721a09 (type: ports) to 2
2026-06-23 19:51:10.903 9 INFO neutron.db.ovn_revision_numbers_db [None req-91ae78ce-eb10-4313-83ec-f6a3b8b6bb13 a31c0b19640649fa84ae341ab29895db 99b28d347991496397d4054a5a8121ba - - default default] Successfully bumped revision number for resource 5b454ce3-25e0-4b04-bab9-f764041fa494 (type: ports) to 1
2026-06-23 19:51:10.971 10 INFO neutron.wsgi [None req-efe9f703-c067-4b21-b53c-8da359c5fd3c dd03f1e6eb9548279a3a08a1f8d6f6e6 7e57a0bb6e7a470893e6e45ce8442e2c - - default default] 10.0.0.84 "DELETE /v2.0/subnets/24ea9dbf-0335-4c0c-a3d2-12da337fc410 HTTP/1.1" status: 204 len: 168 time: 0.3559656
2026-06-23 19:51:10.976 10 INFO neutron.db.ovn_revision_numbers_db [None req-7b52b48e-a412-4fb5-acdf-2f6eb947522b - - - - - -] Successfully bumped revision number for resource 452cb325-b1c5-4505-bf59-25b96b721a09 (type: router_ports) to 2
2026-06-23 19:51:11.083 9 INFO neutron.wsgi [None req-2c6b5478-b095-4164-ba59-aeb0acf093c2 dd03f1e6eb9548279a3a08a1f8d6f6e6 7e57a0bb6e7a470893e6e45ce8442e2c - - default default] 10.0.0.84 "DELETE /v2.0/security-groups/12f4b3c1-86da-44e3-95a3-2b293f73d5b9 HTTP/1.1" status: 204 len: 168 time: 0.4122651
2026-06-23 19:51:11.133 10 INFO neutron.notifiers.nova [-] Nova event matching ['req-561ddc4a-2d76-4f88-8f09-cc1bbaba885d'] response: {'server_uuid': 'b30b7aab-a90a-44e8-abe7-8114a200f588', 'name': 'network-vif-unplugged', 'status': 'completed', 'tag': 'ac237d18-e8a4-4f88-97d2-5eaef007b668', 'code': 200}
2026-06-23 19:51:11.134 10 INFO neutron.notifiers.nova [-] Nova event matching ['req-561ddc4a-2d76-4f88-8f09-cc1bbaba885d'] response: {'server_uuid': 'b30b7aab-a90a-44e8-abe7-8114a200f588', 'name': 'network-vif-deleted', 'tag': 'ac237d18-e8a4-4f88-97d2-5eaef007b668', 'status': 'completed', 'code': 200}
2026-06-23 19:51:11.380 10 INFO neutron.db.ovn_revision_numbers_db [None req-10397fb8-8a22-4c4b-9913-81de6b51d549 dd03f1e6eb9548279a3a08a1f8d6f6e6 7e57a0bb6e7a470893e6e45ce8442e2c - - default default] Successfully bumped revision number for resource f7d41ef6-0735-4e57-841f-dc72d868f7fd (type: security_groups) to 1
2026-06-23 19:51:11.400 10 INFO neutron.db.ovn_revision_numbers_db [None req-10397fb8-8a22-4c4b-9913-81de6b51d549 dd03f1e6eb9548279a3a08a1f8d6f6e6 7e57a0bb6e7a470893e6e45ce8442e2c - - default default] Successfully bumped revision number for resource 5a90c24b-3a10-45ef-b9ac-a48740b62fe0 (type: security_group_rules) to 0
2026-06-23 19:51:11.423 10 INFO neutron.db.ovn_revision_numbers_db [None req-10397fb8-8a22-4c4b-9913-81de6b51d549 dd03f1e6eb9548279a3a08a1f8d6f6e6 7e57a0bb6e7a470893e6e45ce8442e2c - - default default] Successfully bumped revision number for resource 645d4ed5-3c41-41c7-944e-dddae4bac905 (type: security_group_rules) to 0
2026-06-23 19:51:11.443 10 INFO neutron.db.ovn_revision_numbers_db [None req-10397fb8-8a22-4c4b-9913-81de6b51d549 dd03f1e6eb9548279a3a08a1f8d6f6e6 7e57a0bb6e7a470893e6e45ce8442e2c - - default default] Successfully bumped revision number for resource b903e386-1437-400d-bf5c-571a9da14e82 (type: security_group_rules) to 0
2026-06-23 19:51:11.464 10 INFO neutron.db.ovn_revision_numbers_db [None req-10397fb8-8a22-4c4b-9913-81de6b51d549 dd03f1e6eb9548279a3a08a1f8d6f6e6 7e57a0bb6e7a470893e6e45ce8442e2c - - default default] Successfully bumped revision number for resource baa72e6e-136d-469a-b04b-4e1219f68c92 (type: security_group_rules) to 0
2026-06-23 19:51:11.492 10 INFO neutron.wsgi [None req-10397fb8-8a22-4c4b-9913-81de6b51d549 dd03f1e6eb9548279a3a08a1f8d6f6e6 7e57a0bb6e7a470893e6e45ce8442e2c - - default default] 10.0.0.84 "GET /v2.0/security-groups?tenant_id=fcf9546bc2714dbcb3d7c1c8e05a06d6&name=default HTTP/1.1" status: 200 len: 3120 time: 0.2621996
2026-06-23 19:51:11.513 10 INFO neutron.wsgi [-] 10.0.0.193 "GET / HTTP/1.1" status: 200 len: 247 time: 0.0012875
2026-06-23 19:51:11.515 10 INFO neutron.wsgi [-] 10.0.0.193 "GET / HTTP/1.1" status: 200 len: 247 time: 0.0009441
2026-06-23 19:51:11.596 9 INFO neutron.services.segments.plugin [-] Segment ba5ea3c1-10e9-4469-841d-1c34751e8e27 resource provider aggregate not found
2026-06-23 19:51:11.604 9 INFO neutron.services.segments.plugin [-] Segment ba5ea3c1-10e9-4469-841d-1c34751e8e27 resource provider aggregate not found
2026-06-23 19:51:11.618 9 INFO neutron.services.segments.plugin [-] Segment ba5ea3c1-10e9-4469-841d-1c34751e8e27 resource provider not found; error: Placement Client Error (4xx): {"errors": [{"status": 404, "title": "Not Found", "detail": "The resource could not be found.\n\n No resource provider with uuid ba5ea3c1-10e9-4469-841d-1c34751e8e27 found for delete ", "request_id": "req-81839bbd-d04a-4643-8b63-9a4093a71af1"}]}
2026-06-23 19:51:11.631 9 INFO neutron.services.segments.plugin [-] Segment ba5ea3c1-10e9-4469-841d-1c34751e8e27 resource provider not found; error: Placement Client Error (4xx): {"errors": [{"status": 404, "title": "Not Found", "detail": "The resource could not be found.\n\n No resource provider with uuid ba5ea3c1-10e9-4469-841d-1c34751e8e27 found for delete ", "request_id": "req-47ca8398-f5e6-493e-965e-72ff8af6395d"}]}
2026-06-23 19:51:11.667 10 INFO neutron.wsgi [None req-f56eec23-d220-4764-b9a1-0f31f10a9deb 0837e0e6cc394a4f81873579a6543c40 cf6bb09bda1a48639c0bc655b7c231a3 - - default default] 10.0.0.84 "DELETE /v2.0/security-groups/d3a57ffc-0dbd-42ce-8864-bc717922a9f9 HTTP/1.1" status: 204 len: 168 time: 0.1702132
2026-06-23 19:51:11.671 9 INFO neutron.wsgi [None req-203b7140-9774-4008-b27c-b581a36d9441 dd03f1e6eb9548279a3a08a1f8d6f6e6 7e57a0bb6e7a470893e6e45ce8442e2c - - default default] 10.0.0.84 "DELETE /v2.0/networks/6c48fccb-3f95-4b7c-9644-001017353143 HTTP/1.1" status: 204 len: 168 time: 0.6940298
2026-06-23 19:51:11.683 10 INFO neutron.api.v2.resource [None req-75d7e796-3096-4519-8b10-66ef5373691a 0837e0e6cc394a4f81873579a6543c40 cf6bb09bda1a48639c0bc655b7c231a3 - - default default] show failed (client error): The resource could not be found.
2026-06-23 19:51:11.685 10 INFO neutron.wsgi [None req-75d7e796-3096-4519-8b10-66ef5373691a 0837e0e6cc394a4f81873579a6543c40 cf6bb09bda1a48639c0bc655b7c231a3 - - default default] 10.0.0.84 "GET /v2.0/security-groups/d3a57ffc-0dbd-42ce-8864-bc717922a9f9 HTTP/1.1" status: 404 len: 347 time: 0.0102861
2026-06-23 19:51:11.718 9 ERROR ovsdbapp.backend.ovs_idl.command [None req-91ae78ce-eb10-4313-83ec-f6a3b8b6bb13 a31c0b19640649fa84ae341ab29895db 99b28d347991496397d4054a5a8121ba - - default default] Error executing command (DbGetCommand): ovsdbapp.backend.ovs_idl.idlutils.RowNotFound: Cannot find Logical_Router_Port with name=lrp-5b454ce3-25e0-4b04-bab9-f764041fa494
2026-06-23 19:51:11.718 9 ERROR ovsdbapp.backend.ovs_idl.command
Traceback (most recent call last):
2026-06-23 19:51:11.718 9 ERROR ovsdbapp.backend.ovs_idl.command
File "/var/lib/openstack/lib/python3.10/site-packages/ovsdbapp/backend/ovs_idl/command.py", line 47, in execute
2026-06-23 19:51:11.718 9 ERROR ovsdbapp.backend.ovs_idl.command self.run_idl(None)
2026-06-23 19:51:11.718 9 ERROR ovsdbapp.backend.ovs_idl.command
File "/var/lib/openstack/lib/python3.10/site-packages/ovsdbapp/backend/ovs_idl/command.py", line 235, in run_idl
2026-06-23 19:51:11.718 9 ERROR ovsdbapp.backend.ovs_idl.command record = self.api.lookup(self.table, self.record)
2026-06-23 19:51:11.718 9 ERROR ovsdbapp.backend.ovs_idl.command
File "/var/lib/openstack/lib/python3.10/site-packages/ovsdbapp/backend/ovs_idl/__init__.py", line 184, in lookup
2026-06-23 19:51:11.718 9 ERROR ovsdbapp.backend.ovs_idl.command return self._lookup(table, record)
2026-06-23 19:51:11.718 9 ERROR ovsdbapp.backend.ovs_idl.command
File "/var/lib/openstack/lib/python3.10/site-packages/ovsdbapp/backend/ovs_idl/__init__.py", line 235, in _lookup
2026-06-23 19:51:11.718 9 ERROR ovsdbapp.backend.ovs_idl.command row = idlutils.row_by_value(self, rl.table, rl.column, record)
2026-06-23 19:51:11.718 9 ERROR ovsdbapp.backend.ovs_idl.command
File "/var/lib/openstack/lib/python3.10/site-packages/ovsdbapp/backend/ovs_idl/idlutils.py", line 114, in row_by_value
2026-06-23 19:51:11.718 9 ERROR ovsdbapp.backend.ovs_idl.command raise RowNotFound(table=table, col=column, match=match)
2026-06-23 19:51:11.718 9 ERROR ovsdbapp.backend.ovs_idl.command ovsdbapp.backend.ovs_idl.idlutils.RowNotFound: Cannot find Logical_Router_Port with name=lrp-5b454ce3-25e0-4b04-bab9-f764041fa494
2026-06-23 19:51:11.718 9 ERROR ovsdbapp.backend.ovs_idl.command 
2026-06-23 19:51:11.719 9 ERROR neutron_lib.callbacks.manager [None req-91ae78ce-eb10-4313-83ec-f6a3b8b6bb13 a31c0b19640649fa84ae341ab29895db 99b28d347991496397d4054a5a8121ba - - default default] Error during notification for neutron.services.ovn_l3.plugin.OVNL3RouterPlugin._port_update-8789294830310 port, after_update: ovsdbapp.backend.ovs_idl.idlutils.RowNotFound: Cannot find Logical_Router_Port with name=lrp-5b454ce3-25e0-4b04-bab9-f764041fa494
2026-06-23 19:51:11.719 9 ERROR neutron_lib.callbacks.manager
Traceback (most recent call last):
2026-06-23 19:51:11.719 9 ERROR neutron_lib.callbacks.manager
File "/var/lib/openstack/lib/python3.10/site-packages/neutron_lib/callbacks/manager.py", line 189, in _notify_loop
2026-06-23 19:51:11.719 9 ERROR neutron_lib.callbacks.manager callback.method(resource, event, trigger, payload=payload)
2026-06-23 19:51:11.719 9 ERROR neutron_lib.callbacks.manager
File "/var/lib/openstack/lib/python3.10/site-packages/neutron/services/ovn_l3/plugin.py", line 391, in _port_update
2026-06-23 19:51:11.719 9 ERROR neutron_lib.callbacks.manager l3plugin._ovn_client.update_router_port(context,
2026-06-23 19:51:11.719 9 ERROR neutron_lib.callbacks.manager
File "/var/lib/openstack/lib/python3.10/site-packages/neutron/plugins/ml2/drivers/ovn/mech_driver/ovsdb/ovn_client.py", line 1878, in update_router_port
2026-06-23 19:51:11.719 9 ERROR neutron_lib.callbacks.manager self._update_lrouter_port(context, port, if_exists=if_exists,
2026-06-23 19:51:11.719 9 ERROR neutron_lib.callbacks.manager
File "/var/lib/openstack/lib/python3.10/site-packages/neutron/plugins/ml2/drivers/ovn/mech_driver/ovsdb/ovn_client.py", line 1855, in _update_lrouter_port
2026-06-23 19:51:11.719 9 ERROR neutron_lib.callbacks.manager external_ids = self._nb_idl.db_get(
2026-06-23 19:51:11.719 9 ERROR neutron_lib.callbacks.manager
File "/var/lib/openstack/lib/python3.10/site-packages/ovsdbapp/backend/ovs_idl/command.py", line 47, in execute
2026-06-23 19:51:11.719 9 ERROR neutron_lib.callbacks.manager self.run_idl(None)
2026-06-23 19:51:11.719 9 ERROR neutron_lib.callbacks.manager
File "/var/lib/openstack/lib/python3.10/site-packages/ovsdbapp/backend/ovs_idl/command.py", line 235, in run_idl
2026-06-23 19:51:11.719 9 ERROR neutron_lib.callbacks.manager record = self.api.lookup(self.table, self.record)
2026-06-23 19:51:11.719 9 ERROR neutron_lib.callbacks.manager
File "/var/lib/openstack/lib/python3.10/site-packages/ovsdbapp/backend/ovs_idl/__init__.py", line 184, in lookup
2026-06-23 19:51:11.719 9 ERROR neutron_lib.callbacks.manager return self._lookup(table, record)
2026-06-23 19:51:11.719 9 ERROR neutron_lib.callbacks.manager
File "/var/lib/openstack/lib/python3.10/site-packages/ovsdbapp/backend/ovs_idl/__init__.py", line 235, in _lookup
2026-06-23 19:51:11.719 9 ERROR neutron_lib.callbacks.manager row = idlutils.row_by_value(self, rl.table, rl.column, record)
2026-06-23 19:51:11.719 9 ERROR neutron_lib.callbacks.manager
File "/var/lib/openstack/lib/python3.10/site-packages/ovsdbapp/backend/ovs_idl/idlutils.py", line 114, in row_by_value
2026-06-23 19:51:11.719 9 ERROR neutron_lib.callbacks.manager raise RowNotFound(table=table, col=column, match=match)
2026-06-23 19:51:11.719 9 ERROR neutron_lib.callbacks.manager ovsdbapp.backend.ovs_idl.idlutils.RowNotFound: Cannot find Logical_Router_Port with name=lrp-5b454ce3-25e0-4b04-bab9-f764041fa494
2026-06-23 19:51:11.719 9 ERROR neutron_lib.callbacks.manager 
2026-06-23 19:51:11.930 9 INFO neutron.db.ovn_revision_numbers_db [None req-91ae78ce-eb10-4313-83ec-f6a3b8b6bb13 a31c0b19640649fa84ae341ab29895db 99b28d347991496397d4054a5a8121ba - - default default] Successfully bumped revision number for resource 5b454ce3-25e0-4b04-bab9-f764041fa494 (type: ports) to 1
2026-06-23 19:51:11.938 10 INFO neutron.wsgi [None req-58de563e-39c9-42f3-957a-1ade711a52e6 dd03f1e6eb9548279a3a08a1f8d6f6e6 7e57a0bb6e7a470893e6e45ce8442e2c - - default default] 10.0.0.84 "GET /v2.0/security-groups?tenant_id=765a48d1a4f8484e8182ed67273d4827&name=default HTTP/1.1" status: 200 len: 3120 time: 0.0494723
2026-06-23 19:51:11.948 9 INFO neutron.wsgi [None req-bab9da7f-c562-464e-8010-78f6247a29da dd03f1e6eb9548279a3a08a1f8d6f6e6 7e57a0bb6e7a470893e6e45ce8442e2c - - default default] 10.0.0.84 "DELETE /v2.0/security-groups/f7d41ef6-0735-4e57-841f-dc72d868f7fd HTTP/1.1" status: 204 len: 168 time: 0.4427063
2026-06-23 19:51:12.157 10 INFO neutron.wsgi [None req-2ad5a9b8-d0a7-48cb-82e7-af7df6fb58c3 0837e0e6cc394a4f81873579a6543c40 cf6bb09bda1a48639c0bc655b7c231a3 - - default default] 10.0.0.84 "DELETE /v2.0/floatingips/dc4f2f8b-7b17-45a9-91e3-1d58d58d0bde HTTP/1.1" status: 204 len: 168 time: 0.4673510
2026-06-23 19:51:12.219 9 WARNING neutron.scheduler.dhcp_agent_scheduler [None req-91ae78ce-eb10-4313-83ec-f6a3b8b6bb13 a31c0b19640649fa84ae341ab29895db 99b28d347991496397d4054a5a8121ba - - default default] No more DHCP agents
2026-06-23 19:51:12.220 9 WARNING neutron.api.rpc.agentnotifiers.dhcp_rpc_agent_api [None req-91ae78ce-eb10-4313-83ec-f6a3b8b6bb13 a31c0b19640649fa84ae341ab29895db 99b28d347991496397d4054a5a8121ba - - default default] Unable to schedule network b5aab2cd-d533-4f6c-a989-776bbdc33fe9: no agents available; will retry on subsequent port and subnet creation events.
2026-06-23 19:51:12.239 10 INFO neutron.wsgi [None req-dec7d710-9ae5-4757-9f7b-3c5cef178f7c dd03f1e6eb9548279a3a08a1f8d6f6e6 7e57a0bb6e7a470893e6e45ce8442e2c - - default default] 10.0.0.84 "DELETE /v2.0/security-groups/cc1b71f9-9d4d-44ce-a908-fb7f0e62ccdc HTTP/1.1" status: 204 len: 168 time: 0.2957876
2026-06-23 19:51:12.375 9 INFO neutron.db.ovn_revision_numbers_db [None req-91ae78ce-eb10-4313-83ec-f6a3b8b6bb13 a31c0b19640649fa84ae341ab29895db 99b28d347991496397d4054a5a8121ba - - default default] Successfully bumped revision number for resource 5b454ce3-25e0-4b04-bab9-f764041fa494 (type: router_ports) to 1
2026-06-23 19:51:12.381 9 INFO neutron.wsgi [None req-91ae78ce-eb10-4313-83ec-f6a3b8b6bb13 a31c0b19640649fa84ae341ab29895db 99b28d347991496397d4054a5a8121ba - - default default] 10.0.0.84 "PUT /v2.0/routers/06181db3-238b-44a0-96df-79aeac2f177f/add_router_interface HTTP/1.1" status: 200 len: 503 time: 2.3003440
2026-06-23 19:51:12.487 9 INFO neutron.wsgi [None req-76c0465d-3ba3-4085-a05e-59926b1e14c6 a31c0b19640649fa84ae341ab29895db 99b28d347991496397d4054a5a8121ba - - default default] 10.0.0.84 "GET /v2.0/ports/5b454ce3-25e0-4b04-bab9-f764041fa494 HTTP/1.1" status: 200 len: 1147 time: 0.0993340
2026-06-23 19:51:12.529 9 INFO neutron.wsgi [None req-43b6f254-000a-4043-85fd-a92918c813b2 a31c0b19640649fa84ae341ab29895db 99b28d347991496397d4054a5a8121ba - - default default] 10.0.0.84 "GET /v2.0/ports/5b454ce3-25e0-4b04-bab9-f764041fa494 HTTP/1.1" status: 200 len: 1147 time: 0.0367725
2026-06-23 19:51:13.589 10 INFO neutron.wsgi [None req-eb64b81b-582c-4856-96a2-7044d2bed5b9 dd03f1e6eb9548279a3a08a1f8d6f6e6 7e57a0bb6e7a470893e6e45ce8442e2c - - default default] 10.0.0.84 "PUT /v2.0/routers/40e18b24-5d98-4088-b694-db60c3fd880b/remove_router_interface HTTP/1.1" status: 200 len: 503 time: 1.3335102
2026-06-23 19:51:13.655 10 INFO neutron.wsgi [None req-eb4dd2fb-58e9-4a4b-83e8-303c198c4cfa a31c0b19640649fa84ae341ab29895db 99b28d347991496397d4054a5a8121ba - - default default] 10.0.0.84 "GET /v2.0/ports/5b454ce3-25e0-4b04-bab9-f764041fa494 HTTP/1.1" status: 200 len: 1147 time: 0.1192167 /var/lib/openstack/lib/python3.10/site-packages/pycadf/identifier.py:71: UserWarning: Invalid uuid: neutron. To ensure interoperability, identifiers should be a valid uuid. warnings.warn(('Invalid uuid: %s. To ensure interoperability, '
2026-06-23 19:51:14.407 10 INFO neutron.db.ovn_revision_numbers_db [None req-1eec07c7-ba68-4ec5-8358-9211dc88e5c2 dd03f1e6eb9548279a3a08a1f8d6f6e6 7e57a0bb6e7a470893e6e45ce8442e2c - - default default] Successfully bumped revision number for resource c6519f5a-8508-4448-b325-1dfc0dee0ba3 (type: security_groups) to 1
2026-06-23 19:51:14.426 10 INFO neutron.db.ovn_revision_numbers_db [None req-1eec07c7-ba68-4ec5-8358-9211dc88e5c2 dd03f1e6eb9548279a3a08a1f8d6f6e6 7e57a0bb6e7a470893e6e45ce8442e2c - - default default] Successfully bumped revision number for resource 6a5da1ae-def4-48c5-b6c4-3bf18db63d9b (type: security_group_rules) to 0
2026-06-23 19:51:14.447 10 INFO neutron.db.ovn_revision_numbers_db [None req-1eec07c7-ba68-4ec5-8358-9211dc88e5c2 dd03f1e6eb9548279a3a08a1f8d6f6e6 7e57a0bb6e7a470893e6e45ce8442e2c - - default default] Successfully bumped revision number for resource 72040905-2eb1-4315-bdff-e366883ce1a0 (type: security_group_rules) to 0
2026-06-23 19:51:14.472 10 INFO neutron.db.ovn_revision_numbers_db [None req-1eec07c7-ba68-4ec5-8358-9211dc88e5c2 dd03f1e6eb9548279a3a08a1f8d6f6e6 7e57a0bb6e7a470893e6e45ce8442e2c - - default default] Successfully bumped revision number for resource 765fb769-9572-4249-a74d-140da8af4f8b (type: security_group_rules) to 0
2026-06-23 19:51:14.474 9 INFO neutron.wsgi [None req-f93c885c-de8f-451b-85be-ad7c9b82074a dd03f1e6eb9548279a3a08a1f8d6f6e6 7e57a0bb6e7a470893e6e45ce8442e2c - - default default] 10.0.0.84 "DELETE /v2.0/routers/40e18b24-5d98-4088-b694-db60c3fd880b HTTP/1.1" status: 204 len: 168 time: 0.8721976
2026-06-23 19:51:14.489 10 INFO neutron.db.ovn_revision_numbers_db [None req-1eec07c7-ba68-4ec5-8358-9211dc88e5c2 dd03f1e6eb9548279a3a08a1f8d6f6e6 7e57a0bb6e7a470893e6e45ce8442e2c - - default default] Successfully bumped revision number for resource 920c9c14-6563-4b0a-8afb-59bac014d77f (type: security_group_rules) to 0
2026-06-23 19:51:14.532 10 INFO neutron.db.ovn_revision_numbers_db [None req-b72e3be1-88bf-4acf-84ce-5060956511f9 dd03f1e6eb9548279a3a08a1f8d6f6e6 7e57a0bb6e7a470893e6e45ce8442e2c - - default default] Successfully bumped revision number for resource 7d166519-0145-4662-9335-1b63cbbf230d (type: security_groups) to 1
2026-06-23 19:51:14.538 10 INFO neutron.db.segments_db [None req-1eec07c7-ba68-4ec5-8358-9211dc88e5c2 dd03f1e6eb9548279a3a08a1f8d6f6e6 7e57a0bb6e7a470893e6e45ce8442e2c - - default default] Added segment b3a329e5-62a0-45d3-b203-c12c0ab89283 of type geneve for network 7f1e18cb-a886-417e-8a3a-869e5ab10292
2026-06-23 19:51:14.551 10 INFO neutron.db.ovn_revision_numbers_db [None req-b72e3be1-88bf-4acf-84ce-5060956511f9 dd03f1e6eb9548279a3a08a1f8d6f6e6 7e57a0bb6e7a470893e6e45ce8442e2c - - default default] Successfully bumped revision number for resource 48bd3fb9-3d1a-4501-ab5a-8f99a1841e1d (type: security_group_rules) to 0
2026-06-23 19:51:14.572 10 INFO neutron.db.ovn_revision_numbers_db [None req-b72e3be1-88bf-4acf-84ce-5060956511f9 dd03f1e6eb9548279a3a08a1f8d6f6e6 7e57a0bb6e7a470893e6e45ce8442e2c - - default default] Successfully bumped revision number for resource 4d50a74a-7693-4e10-a8ca-eca0ca4c5057 (type: security_group_rules) to 0
2026-06-23 19:51:14.607 10 INFO neutron.db.ovn_revision_numbers_db [None req-b72e3be1-88bf-4acf-84ce-5060956511f9 dd03f1e6eb9548279a3a08a1f8d6f6e6 7e57a0bb6e7a470893e6e45ce8442e2c - - default default] Successfully bumped revision number for resource 6fa5139b-ece4-4fe1-b534-91fa1b576c8a (type: security_group_rules) to 0
2026-06-23 19:51:14.624 10 INFO neutron.db.ovn_revision_numbers_db [None req-b72e3be1-88bf-4acf-84ce-5060956511f9 dd03f1e6eb9548279a3a08a1f8d6f6e6 7e57a0bb6e7a470893e6e45ce8442e2c - - default default] Successfully bumped revision number for resource a224a071-4f5b-4130-a7bf-77b540fdad99 (type: security_group_rules) to 0
2026-06-23 19:51:14.670 10 INFO neutron.wsgi [None req-b72e3be1-88bf-4acf-84ce-5060956511f9 dd03f1e6eb9548279a3a08a1f8d6f6e6 7e57a0bb6e7a470893e6e45ce8442e2c - - default default] 10.0.0.84 "GET /v2.0/security-groups?tenant_id=d3d54456207544d0a2c72a2d531ee338&name=default HTTP/1.1" status: 200 len: 3120 time: 0.3077245
2026-06-23 19:51:14.704 10 INFO neutron.db.ovn_revision_numbers_db [None req-1eec07c7-ba68-4ec5-8358-9211dc88e5c2 dd03f1e6eb9548279a3a08a1f8d6f6e6 7e57a0bb6e7a470893e6e45ce8442e2c - - default default] Successfully bumped revision number for resource 7f1e18cb-a886-417e-8a3a-869e5ab10292 (type: networks) to 1
2026-06-23 19:51:14.705 9 INFO neutron.wsgi [None req-7c2cc4b3-591e-421c-ba1e-d61551ec5583 dd03f1e6eb9548279a3a08a1f8d6f6e6 7e57a0bb6e7a470893e6e45ce8442e2c - - default default] 10.0.0.84 "DELETE /v2.0/subnets/8140d5bf-42c8-4056-8342-8c890cb5440d HTTP/1.1" status: 204 len: 168 time: 0.2224889
2026-06-23 19:51:14.729 9 INFO neutron.wsgi [None req-f9a6c082-ef61-4833-a046-d844d48ee691 a31c0b19640649fa84ae341ab29895db 99b28d347991496397d4054a5a8121ba - - default default] 10.0.0.84 "GET /v2.0/ports/5b454ce3-25e0-4b04-bab9-f764041fa494 HTTP/1.1" status: 200 len: 1147 time: 0.0647838
2026-06-23 19:51:14.917 10 WARNING neutron.scheduler.dhcp_agent_scheduler [None req-1eec07c7-ba68-4ec5-8358-9211dc88e5c2 dd03f1e6eb9548279a3a08a1f8d6f6e6 7e57a0bb6e7a470893e6e45ce8442e2c - - default default] No more DHCP agents
2026-06-23 19:51:14.919 10 WARNING neutron.api.rpc.agentnotifiers.dhcp_rpc_agent_api [None req-1eec07c7-ba68-4ec5-8358-9211dc88e5c2 dd03f1e6eb9548279a3a08a1f8d6f6e6 7e57a0bb6e7a470893e6e45ce8442e2c - - default default] Unable to schedule network 7f1e18cb-a886-417e-8a3a-869e5ab10292: no agents available; will retry on subsequent port and subnet creation events.
2026-06-23 19:51:14.995 10 INFO neutron.db.ovn_revision_numbers_db [None req-1eec07c7-ba68-4ec5-8358-9211dc88e5c2 dd03f1e6eb9548279a3a08a1f8d6f6e6 7e57a0bb6e7a470893e6e45ce8442e2c - - default default] Successfully bumped revision number for resource b728f272-9622-4ef5-8fc7-cc4d46435f06 (type: ports) to 1
2026-06-23 19:51:15.020 10 INFO neutron.wsgi [None req-1eec07c7-ba68-4ec5-8358-9211dc88e5c2 dd03f1e6eb9548279a3a08a1f8d6f6e6 7e57a0bb6e7a470893e6e45ce8442e2c - - default default] 10.0.0.84 "POST /v2.0/networks HTTP/1.1" status: 201 len: 946 time: 0.9991829
2026-06-23 19:51:15.051 9 INFO neutron.wsgi [None req-4130d2ec-8d51-43e2-ac12-9607bbfeebe1 dd03f1e6eb9548279a3a08a1f8d6f6e6 7e57a0bb6e7a470893e6e45ce8442e2c - - default default] 10.0.0.84 "DELETE /v2.0/security-groups/7d166519-0145-4662-9335-1b63cbbf230d HTTP/1.1" status: 204 len: 168 time: 0.3754375
2026-06-23 19:51:15.176 9 INFO neutron.services.segments.plugin [-] Segment 78ddf836-5d5e-4461-addc-8d1369fa527a resource provider aggregate not found
2026-06-23 19:51:15.179 9 INFO neutron.services.segments.plugin [-] Segment 78ddf836-5d5e-4461-addc-8d1369fa527a resource provider aggregate not found
2026-06-23 19:51:15.182 10 WARNING neutron.scheduler.dhcp_agent_scheduler [None req-1970baf8-553d-484f-ae67-43a5e57ebc96 dd03f1e6eb9548279a3a08a1f8d6f6e6 7e57a0bb6e7a470893e6e45ce8442e2c - - default default] No more DHCP agents
2026-06-23 19:51:15.184 10 WARNING neutron.api.rpc.agentnotifiers.dhcp_rpc_agent_api [None req-1970baf8-553d-484f-ae67-43a5e57ebc96 dd03f1e6eb9548279a3a08a1f8d6f6e6 7e57a0bb6e7a470893e6e45ce8442e2c - - default default] Unable to schedule network 7f1e18cb-a886-417e-8a3a-869e5ab10292: no agents available; will retry on subsequent port and subnet creation events.
2026-06-23 19:51:15.194 9 INFO neutron.services.segments.plugin [-] Segment 78ddf836-5d5e-4461-addc-8d1369fa527a resource provider not found; error: Placement Client Error (4xx): {"errors": [{"status": 404, "title": "Not Found", "detail": "The resource could not be found.\n\n No resource provider with uuid 78ddf836-5d5e-4461-addc-8d1369fa527a found for delete ", "request_id": "req-4cdeff5e-a5e7-4e32-ac2d-de01eedc911c"}]}
2026-06-23 19:51:15.197 9 INFO neutron.services.segments.plugin [-] Segment 78ddf836-5d5e-4461-addc-8d1369fa527a resource provider not found; error: Placement Client Error (4xx): {"errors": [{"status": 404, "title": "Not Found", "detail": "The resource could not be found.\n\n No resource provider with uuid 78ddf836-5d5e-4461-addc-8d1369fa527a found for delete ", "request_id": "req-abff595f-3c91-4209-8000-8f2551c4ebef"}]}
2026-06-23 19:51:15.214 9 INFO neutron.wsgi [None req-12bfe637-4b74-41af-95c2-69a70e4d396b dd03f1e6eb9548279a3a08a1f8d6f6e6 7e57a0bb6e7a470893e6e45ce8442e2c - - default default] 10.0.0.84 "DELETE /v2.0/networks/21cf6e58-0d88-4922-8825-3ccc0fd99f54 HTTP/1.1" status: 204 len: 168 time: 0.5006006
2026-06-23 19:51:15.436 9 INFO neutron.wsgi [None req-42ddbebd-46fe-41df-b70f-05c940c4a779 dd03f1e6eb9548279a3a08a1f8d6f6e6 7e57a0bb6e7a470893e6e45ce8442e2c - - default default] 10.0.0.84 "GET /v2.0/security-groups?tenant_id=cf6bb09bda1a48639c0bc655b7c231a3&name=default HTTP/1.1" status: 200 len: 3116 time: 0.0441298
2026-06-23 19:51:15.673 9 INFO neutron.wsgi [None req-a3d9ff9c-4475-42ca-b05d-dc033113b389 dd03f1e6eb9548279a3a08a1f8d6f6e6 7e57a0bb6e7a470893e6e45ce8442e2c - - default default] 10.0.0.84 "DELETE /v2.0/security-groups/acae9463-8ab9-4c7c-9e04-1cbd7e22c48f HTTP/1.1" status: 204 len: 168 time: 0.2320676
2026-06-23 19:51:15.692 10 INFO neutron.db.ovn_revision_numbers_db [None req-1970baf8-553d-484f-ae67-43a5e57ebc96 dd03f1e6eb9548279a3a08a1f8d6f6e6 7e57a0bb6e7a470893e6e45ce8442e2c - - default default] Successfully bumped revision number for resource b728f272-9622-4ef5-8fc7-cc4d46435f06 (type: ports) to 2
2026-06-23 19:51:15.730 10 INFO neutron.db.ovn_revision_numbers_db [None req-1970baf8-553d-484f-ae67-43a5e57ebc96 dd03f1e6eb9548279a3a08a1f8d6f6e6 7e57a0bb6e7a470893e6e45ce8442e2c - - default default] Successfully bumped revision number for resource 7b8f16d0-fd51-400e-a935-0143177fb6f7 (type: subnets) to 0
2026-06-23 19:51:15.763 10 INFO neutron.wsgi [None req-1970baf8-553d-484f-ae67-43a5e57ebc96 dd03f1e6eb9548279a3a08a1f8d6f6e6 7e57a0bb6e7a470893e6e45ce8442e2c - - default default] 10.0.0.84 "POST /v2.0/subnets HTTP/1.1" status: 201 len: 866 time: 0.7362950
2026-06-23 19:51:15.776 10 INFO neutron.wsgi [None req-efdbdf9e-bd02-4d2b-9f2c-64bbb53d90f8 a31c0b19640649fa84ae341ab29895db 99b28d347991496397d4054a5a8121ba - - default default] 10.0.0.84 "GET /v2.0/ports/5b454ce3-25e0-4b04-bab9-f764041fa494 HTTP/1.1" status: 200 len: 1147 time: 0.0394497
2026-06-23 19:51:16.268 10 WARNING neutron.plugins.ml2.drivers.ovn.mech_driver.ovsdb.ovn_client [None req-7b52b48e-a412-4fb5-acdf-2f6eb947522b - - - - - -] No hosting information found for port 452cb325-b1c5-4505-bf59-25b96b721a09: RuntimeError: No hosting information found for port 452cb325-b1c5-4505-bf59-25b96b721a09
2026-06-23 19:51:16.294 10 INFO neutron.plugins.ml2.drivers.ovn.mech_driver.mech_driver [None req-7b52b48e-a412-4fb5-acdf-2f6eb947522b - - - - - -] OVN reports status up for port: 5b454ce3-25e0-4b04-bab9-f764041fa494
2026-06-23 19:51:16.307 10 INFO neutron.plugins.ml2.plugin [None req-7b52b48e-a412-4fb5-acdf-2f6eb947522b - - - - - -] Attempt 1 to provision port 5b454ce3-25e0-4b04-bab9-f764041fa494
2026-06-23 19:51:16.308 10 WARNING neutron.scheduler.dhcp_agent_scheduler [None req-72c11acb-c433-4647-b431-7d8aff998199 dd03f1e6eb9548279a3a08a1f8d6f6e6 7e57a0bb6e7a470893e6e45ce8442e2c - - default default] No more DHCP agents
