2026-06-23 19:51:43.368 10 INFO neutron.wsgi [None req-c7298253-5fb8-448f-a712-03f0ea47e919 a31c0b19640649fa84ae341ab29895db 99b28d347991496397d4054a5a8121ba - - default default] 10.0.0.84 "GET /v2.0/ports?device_id=4ba28137-3647-4577-a0c6-34d97fc01897 HTTP/1.1" status: 200 len: 205 time: 0.0187316
2026-06-23 19:51:43.404 10 INFO neutron.api.v2.resource [None req-485de32e-8c3d-43ff-94c1-acb2a581e6a7 a31c0b19640649fa84ae341ab29895db 99b28d347991496397d4054a5a8121ba - - default default] delete failed (client error): The resource could not be found.
2026-06-23 19:51:43.405 10 INFO neutron.wsgi [None req-485de32e-8c3d-43ff-94c1-acb2a581e6a7 a31c0b19640649fa84ae341ab29895db 99b28d347991496397d4054a5a8121ba - - default default] 10.0.0.84 "DELETE /v2.0/routers/4ba28137-3647-4577-a0c6-34d97fc01897 HTTP/1.1" status: 404 len: 336 time: 0.0324965
2026-06-23 19:51:43.427 10 INFO neutron.pecan_wsgi.hooks.translation [None req-2c70621e-f4d6-4e28-beb6-800aae07bd24 a31c0b19640649fa84ae341ab29895db 99b28d347991496397d4054a5a8121ba - - default default] DELETE failed (client error): The resource could not be found.
2026-06-23 19:51:43.430 10 INFO neutron.wsgi [None req-2c70621e-f4d6-4e28-beb6-800aae07bd24 a31c0b19640649fa84ae341ab29895db 99b28d347991496397d4054a5a8121ba - - default default] 10.0.0.84 "DELETE /v2.0/subnets/c7a862cc-5ad6-4a09-90a5-1a7264b0263b HTTP/1.1" status: 404 len: 337 time: 0.0199080
2026-06-23 19:51:43.451 10 INFO neutron.wsgi [None req-c91ff587-e353-471e-a115-98cb6f61429e a31c0b19640649fa84ae341ab29895db 99b28d347991496397d4054a5a8121ba - - default default] 10.0.0.84 "GET /v2.0/ports?device_id=216bbeed-fd6a-4bfd-a8e4-616cc4f418f8 HTTP/1.1" status: 200 len: 205 time: 0.0168190 /var/lib/openstack/lib/python3.10/site-packages/pycadf/identifier.py:71: UserWarning: Invalid uuid: neutron. To ensure interoperability, identifiers should be a valid uuid. warnings.warn(('Invalid uuid: %s. To ensure interoperability, '
2026-06-23 19:51:43.466 9 INFO neutron.db.ovn_revision_numbers_db [None req-8248b994-16ca-4067-9b8a-66d021ac833b 917bc9c24eb741d2a46b80c3dfc846d6 8d6fa71c94a943af9830f1e23168dd5e - - default default] Successfully bumped revision number for resource 6feebcbc-e7af-4cd7-b312-fa39a4aaa526 (type: ports) to 1
2026-06-23 19:51:43.494 10 INFO neutron.notifiers.nova [-] Nova event matching ['req-6d81754c-5a51-41a9-b2c5-b7557af1b366'] response: {'name': 'network-changed', 'server_uuid': 'bb65fb68-af45-4495-ae2e-2789234dc119', 'tag': '90d19066-3fcf-4c6c-83a8-fc34ad2a613d', 'status': 'completed', 'code': 200}
2026-06-23 19:51:43.515 9 INFO neutron.api.v2.resource [None req-c9f947cd-a37c-4297-baae-00c737292406 a31c0b19640649fa84ae341ab29895db 99b28d347991496397d4054a5a8121ba - - default default] delete failed (client error): The resource could not be found.
2026-06-23 19:51:43.516 9 INFO neutron.wsgi [None req-c9f947cd-a37c-4297-baae-00c737292406 a31c0b19640649fa84ae341ab29895db 99b28d347991496397d4054a5a8121ba - - default default] 10.0.0.84 "DELETE /v2.0/routers/216bbeed-fd6a-4bfd-a8e4-616cc4f418f8 HTTP/1.1" status: 404 len: 336 time: 0.0562873
2026-06-23 19:51:43.517 9 INFO neutron.services.segments.plugin [-] Segment b3a329e5-62a0-45d3-b203-c12c0ab89283 resource provider aggregate not found
2026-06-23 19:51:43.522 9 INFO neutron.services.segments.plugin [-] Segment b3a329e5-62a0-45d3-b203-c12c0ab89283 resource provider aggregate not found
2026-06-23 19:51:43.548 9 INFO neutron.services.segments.plugin [-] Segment b3a329e5-62a0-45d3-b203-c12c0ab89283 resource provider not found; error: Placement Client Error (4xx): {"errors": [{"status": 404, "title": "Not Found", "detail": "The resource could not be found.\n\n No resource provider with uuid b3a329e5-62a0-45d3-b203-c12c0ab89283 found for delete ", "request_id": "req-9de6e055-6827-4cb5-aafb-faad3ab47b20"}]}
2026-06-23 19:51:43.549 10 INFO neutron.pecan_wsgi.hooks.translation [None req-2f0f96f5-535e-4247-82f8-18e5201a5632 a31c0b19640649fa84ae341ab29895db 99b28d347991496397d4054a5a8121ba - - default default] DELETE failed (client error): The resource could not be found.
2026-06-23 19:51:43.551 10 INFO neutron.wsgi [None req-2f0f96f5-535e-4247-82f8-18e5201a5632 a31c0b19640649fa84ae341ab29895db 99b28d347991496397d4054a5a8121ba - - default default] 10.0.0.84 "DELETE /v2.0/subnets/f6a6d349-a19b-45dc-a600-7e402f2eaa57 HTTP/1.1" status: 404 len: 337 time: 0.0245152
2026-06-23 19:51:43.557 9 INFO neutron.services.segments.plugin [-] Segment b3a329e5-62a0-45d3-b203-c12c0ab89283 resource provider not found; error: Placement Client Error (4xx): {"errors": [{"status": 404, "title": "Not Found", "detail": "The resource could not be found.\n\n No resource provider with uuid b3a329e5-62a0-45d3-b203-c12c0ab89283 found for delete ", "request_id": "req-dde08195-94d2-4763-a34c-9cde7b4211d6"}]}
2026-06-23 19:51:43.565 9 INFO neutron.wsgi [None req-8248b994-16ca-4067-9b8a-66d021ac833b 917bc9c24eb741d2a46b80c3dfc846d6 8d6fa71c94a943af9830f1e23168dd5e - - default default] 10.0.0.84 "POST /v2.0/ports HTTP/1.1" status: 201 len: 1706 time: 1.9679449
2026-06-23 19:51:43.569 10 INFO neutron.wsgi [req-a1d1e6ad-91bb-4325-a0b4-88b4b85d6fd8 req-35570939-0ec7-42ac-baf6-e0fa2917d92e 3b20aad8910c481aa3d09bda2c441861 4437f5005fd3417c9cd65be0703b1d5a - - 2189ca4831b045c09946bd1f0b90583d 2189ca4831b045c09946bd1f0b90583d] 199.204.45.53 "GET /v2.0/ports?tenant_id=7b05bb5ec7e54874b70e9e9b0ae3c317&device_id=bb65fb68-af45-4495-ae2e-2789234dc119 HTTP/1.1" status: 200 len: 1413 time: 0.0548725
2026-06-23 19:51:43.580 10 INFO neutron.wsgi [None req-da61cbb4-a4b2-4548-a06f-842c4942f619 a31c0b19640649fa84ae341ab29895db 99b28d347991496397d4054a5a8121ba - - default default] 10.0.0.84 "GET /v2.0/ports?device_id=06181db3-238b-44a0-96df-79aeac2f177f HTTP/1.1" status: 200 len: 205 time: 0.0246391
2026-06-23 19:51:43.614 9 INFO neutron.wsgi [None req-41018058-6605-48aa-a5ea-6cf44c2be392 dd03f1e6eb9548279a3a08a1f8d6f6e6 7e57a0bb6e7a470893e6e45ce8442e2c - - default default] 10.0.0.84 "DELETE /v2.0/networks/7f1e18cb-a886-417e-8a3a-869e5ab10292 HTTP/1.1" status: 204 len: 168 time: 1.2194324
2026-06-23 19:51:43.616 10 INFO neutron.api.v2.resource [None req-4b695538-a0ab-4292-99b7-ef26de4e6072 a31c0b19640649fa84ae341ab29895db 99b28d347991496397d4054a5a8121ba - - default default] delete failed (client error): The resource could not be found.
2026-06-23 19:51:43.620 10 INFO neutron.wsgi [None req-4b695538-a0ab-4292-99b7-ef26de4e6072 a31c0b19640649fa84ae341ab29895db 99b28d347991496397d4054a5a8121ba - - default default] 10.0.0.84 "DELETE /v2.0/routers/06181db3-238b-44a0-96df-79aeac2f177f HTTP/1.1" status: 404 len: 336 time: 0.0353954
2026-06-23 19:51:43.653 10 INFO neutron.pecan_wsgi.hooks.translation [None req-b2cc1812-55f2-4e8e-a96e-754d30baba7a a31c0b19640649fa84ae341ab29895db 99b28d347991496397d4054a5a8121ba - - default default] DELETE failed (client error): The resource could not be found.
2026-06-23 19:51:43.655 10 INFO neutron.wsgi [None req-b2cc1812-55f2-4e8e-a96e-754d30baba7a a31c0b19640649fa84ae341ab29895db 99b28d347991496397d4054a5a8121ba - - default default] 10.0.0.84 "DELETE /v2.0/subnets/048eb4d8-d3c7-4525-a024-0bde464ddac4 HTTP/1.1" status: 404 len: 337 time: 0.0281527
2026-06-23 19:51:43.675 10 INFO neutron.wsgi [req-862999b0-4c17-47c1-8b7a-81f3ce913df9 req-3a179f54-73c7-4406-ace7-9b60bd576e7d ff4e24aae7bb44a5a8c502ba520a69ef 7b05bb5ec7e54874b70e9e9b0ae3c317 - - default default] 10.0.0.12 "GET /v2.0/ports?device_id=bb65fb68-af45-4495-ae2e-2789234dc119 HTTP/1.1" status: 200 len: 1174 time: 0.0677295
2026-06-23 19:51:43.684 10 INFO neutron.pecan_wsgi.hooks.translation [None req-900b4868-c701-4b51-8f1d-248e7b0b491d a31c0b19640649fa84ae341ab29895db 99b28d347991496397d4054a5a8121ba - - default default] DELETE failed (client error): The resource could not be found.
2026-06-23 19:51:43.686 10 INFO neutron.wsgi [None req-900b4868-c701-4b51-8f1d-248e7b0b491d a31c0b19640649fa84ae341ab29895db 99b28d347991496397d4054a5a8121ba - - default default] 10.0.0.84 "DELETE /v2.0/subnets/903ea08a-37c9-4f62-8636-944fdaff712f HTTP/1.1" status: 404 len: 337 time: 0.0256250
2026-06-23 19:51:43.699 10 INFO neutron.wsgi [req-a1d1e6ad-91bb-4325-a0b4-88b4b85d6fd8 req-2f46619e-8db5-4720-9311-9fbf3b17f75d 3b20aad8910c481aa3d09bda2c441861 4437f5005fd3417c9cd65be0703b1d5a - - 2189ca4831b045c09946bd1f0b90583d 2189ca4831b045c09946bd1f0b90583d] 199.204.45.53 "GET /v2.0/networks?id=ffd2498d-d6b1-4118-be77-8d8d5713b0f3 HTTP/1.1" status: 200 len: 966 time: 0.1218741
2026-06-23 19:51:43.757 10 INFO neutron.wsgi [req-862999b0-4c17-47c1-8b7a-81f3ce913df9 req-105354b5-cfd6-4b8e-a4ce-a9760b2af2ed ff4e24aae7bb44a5a8c502ba520a69ef 7b05bb5ec7e54874b70e9e9b0ae3c317 - - default default] 10.0.0.12 "GET /v2.0/security-groups?id=e969a30a-b24c-446f-9a48-758e0156288f&fields=id&fields=name HTTP/1.1" status: 200 len: 313 time: 0.0739133
2026-06-23 19:51:43.764 10 INFO neutron.wsgi [req-a1d1e6ad-91bb-4325-a0b4-88b4b85d6fd8 req-2758fc12-6e8c-4bd5-9711-1c600257ebdf 3b20aad8910c481aa3d09bda2c441861 4437f5005fd3417c9cd65be0703b1d5a - - 2189ca4831b045c09946bd1f0b90583d 2189ca4831b045c09946bd1f0b90583d] 199.204.45.53 "GET /v2.0/floatingips?fixed_ip_address=10.100.0.10&port_id=90d19066-3fcf-4c6c-83a8-fc34ad2a613d HTTP/1.1" status: 200 len: 1060 time: 0.0601063
2026-06-23 19:51:43.773 9 INFO neutron.wsgi [None req-cd9684ed-8b47-4aa3-b09b-d4c599052c67 917bc9c24eb741d2a46b80c3dfc846d6 8d6fa71c94a943af9830f1e23168dd5e - - default default] 10.0.0.84 "GET /v2.0/ports HTTP/1.1" status: 200 len: 3213 time: 0.2032290
2026-06-23 19:51:43.811 10 INFO neutron.wsgi [req-a1d1e6ad-91bb-4325-a0b4-88b4b85d6fd8 req-47fae5ef-67c7-44b2-9598-65c97a8fe020 3b20aad8910c481aa3d09bda2c441861 4437f5005fd3417c9cd65be0703b1d5a - - 2189ca4831b045c09946bd1f0b90583d 2189ca4831b045c09946bd1f0b90583d] 199.204.45.53 "GET /v2.0/subnets?id=a2d7ad98-cdd7-4300-aeb5-4089b59557fa HTTP/1.1" status: 200 len: 861 time: 0.0418961
2026-06-23 19:51:43.842 10 INFO neutron.wsgi [req-a1d1e6ad-91bb-4325-a0b4-88b4b85d6fd8 req-3b251589-4fb8-45d1-b288-3ac0298699a6 3b20aad8910c481aa3d09bda2c441861 4437f5005fd3417c9cd65be0703b1d5a - - 2189ca4831b045c09946bd1f0b90583d 2189ca4831b045c09946bd1f0b90583d] 199.204.45.53 "GET /v2.0/ports?network_id=ffd2498d-d6b1-4118-be77-8d8d5713b0f3&device_owner=network%3Adhcp HTTP/1.1" status: 200 len: 210 time: 0.0267038
2026-06-23 19:51:43.903 10 INFO neutron.wsgi [None req-87b42f01-d319-454c-a24d-517dc1875772 dd03f1e6eb9548279a3a08a1f8d6f6e6 7e57a0bb6e7a470893e6e45ce8442e2c - - default default] 10.0.0.84 "GET /v2.0/security-groups?tenant_id=b00e4a89c8084168826844a4ec260c9c&name=default HTTP/1.1" status: 200 len: 3120 time: 0.0781157
2026-06-23 19:51:43.924 9 INFO neutron.db.l3_db [req-ad19db51-f741-426c-bb3e-eed432c010fb req-b80ceb04-18e6-4c12-9373-062b0b30645d ff4e24aae7bb44a5a8c502ba520a69ef 7b05bb5ec7e54874b70e9e9b0ae3c317 - - default default] Floating IP 43edf614-88f9-414a-b3eb-8d53e88d5b99 disassociated. External IP: 10.96.250.220, port: 90d19066-3fcf-4c6c-83a8-fc34ad2a613d.
2026-06-23 19:51:43.946 10 INFO neutron.wsgi [req-a1d1e6ad-91bb-4325-a0b4-88b4b85d6fd8 req-436ff427-540e-4108-9bcd-bc7278a9ec8b 3b20aad8910c481aa3d09bda2c441861 4437f5005fd3417c9cd65be0703b1d5a - - 2189ca4831b045c09946bd1f0b90583d 2189ca4831b045c09946bd1f0b90583d] 199.204.45.53 "GET /v2.0/networks/ffd2498d-d6b1-4118-be77-8d8d5713b0f3?fields=segments HTTP/1.1" status: 200 len: 212 time: 0.0979998
2026-06-23 19:51:44.028 10 INFO neutron.wsgi [req-a1d1e6ad-91bb-4325-a0b4-88b4b85d6fd8 req-bb8b993c-07b9-493f-b89b-cc4c232b5a00 3b20aad8910c481aa3d09bda2c441861 4437f5005fd3417c9cd65be0703b1d5a - - 2189ca4831b045c09946bd1f0b90583d 2189ca4831b045c09946bd1f0b90583d] 199.204.45.53 "GET /v2.0/networks/ffd2498d-d6b1-4118-be77-8d8d5713b0f3?fields=provider%3Aphysical_network&fields=provider%3Anetwork_type HTTP/1.1" status: 200 len: 277 time: 0.0771801
2026-06-23 19:51:44.117 9 INFO neutron.wsgi [req-ad19db51-f741-426c-bb3e-eed432c010fb req-b80ceb04-18e6-4c12-9373-062b0b30645d ff4e24aae7bb44a5a8c502ba520a69ef 7b05bb5ec7e54874b70e9e9b0ae3c317 - - default default] 199.204.45.53 "DELETE /v2.0/ports/90d19066-3fcf-4c6c-83a8-fc34ad2a613d HTTP/1.1" status: 204 len: 173 time: 0.9135351
2026-06-23 19:51:44.165 9 INFO neutron.wsgi [None req-12dbac3b-bd2e-42dc-a880-8448df9d34d5 917bc9c24eb741d2a46b80c3dfc846d6 8d6fa71c94a943af9830f1e23168dd5e - - default default] 10.0.0.84 "DELETE /v2.0/ports/ce7ad9e9-8edd-4eea-9d4f-86449b7225c0 HTTP/1.1" status: 204 len: 168 time: 0.3836157
2026-06-23 19:51:44.182 9 INFO neutron.notifiers.nova [-] Nova event matching ['req-07243a62-ce2d-4edb-8be2-82c7878ec323'] response: {'server_uuid': 'bb65fb68-af45-4495-ae2e-2789234dc119', 'name': 'network-vif-deleted', 'tag': '90d19066-3fcf-4c6c-83a8-fc34ad2a613d', 'status': 'completed', 'code': 200}
2026-06-23 19:51:44.200 10 INFO neutron.wsgi [None req-6423ec30-e72d-48da-a6f3-f87462d73f01 dd03f1e6eb9548279a3a08a1f8d6f6e6 7e57a0bb6e7a470893e6e45ce8442e2c - - default default] 10.0.0.84 "DELETE /v2.0/security-groups/c6519f5a-8508-4448-b325-1dfc0dee0ba3 HTTP/1.1" status: 204 len: 168 time: 0.2926035
2026-06-23 19:51:44.414 9 INFO neutron.wsgi [None req-b63158a7-6fd0-4b48-95e0-b00591223c9c 917bc9c24eb741d2a46b80c3dfc846d6 8d6fa71c94a943af9830f1e23168dd5e - - default default] 10.0.0.84 "DELETE /v2.0/ports/6feebcbc-e7af-4cd7-b312-fa39a4aaa526 HTTP/1.1" status: 204 len: 168 time: 0.2409959
2026-06-23 19:51:44.462 9 INFO neutron.wsgi [None req-6ebf03c0-5fab-44f9-84ba-f6d88da8b783 917bc9c24eb741d2a46b80c3dfc846d6 8d6fa71c94a943af9830f1e23168dd5e - - default default] 10.0.0.84 "GET /v2.0/ports HTTP/1.1" status: 200 len: 1718 time: 0.0432363
2026-06-23 19:51:44.470 9 WARNING neutron_lib.context [None req-31963a85-4827-4bf3-9c8a-a285674e6106 917bc9c24eb741d2a46b80c3dfc846d6 8d6fa71c94a943af9830f1e23168dd5e - - default default] Method 'is_advsvc' is deprecated since 2023.2 release (neutron-lib 3.8.0) and will be removed once support for the old RBAC API policies will be removed from Neutron. Please use method 'is_service_role' instead.
2026-06-23 19:51:44.552 9 INFO neutron.db.segments_db [None req-31963a85-4827-4bf3-9c8a-a285674e6106 917bc9c24eb741d2a46b80c3dfc846d6 8d6fa71c94a943af9830f1e23168dd5e - - default default] Added segment 2a23c462-0af0-4882-ba66-e819e82efe01 of type geneve for network 0ea332dd-4ae5-4021-9069-a153677918d5
2026-06-23 19:51:44.592 10 INFO neutron.wsgi [None req-152f23cb-1201-4179-8b64-bf75f69ed925 dd03f1e6eb9548279a3a08a1f8d6f6e6 7e57a0bb6e7a470893e6e45ce8442e2c - - default default] 10.0.0.84 "GET /v2.0/security-groups?tenant_id=99b28d347991496397d4054a5a8121ba&name=default HTTP/1.1" status: 200 len: 3120 time: 0.3014898
2026-06-23 19:51:44.601 10 WARNING neutron.plugins.ml2.drivers.ovn.mech_driver.ovsdb.ovn_client [None req-7b52b48e-a412-4fb5-acdf-2f6eb947522b - - - - - -] No port found with ID 65e819f5-6d41-4908-a7a9-efcb12a59a16: RuntimeError: No port found with ID 65e819f5-6d41-4908-a7a9-efcb12a59a16
2026-06-23 19:51:44.624 10 INFO neutron.plugins.ml2.drivers.ovn.mech_driver.mech_driver [None req-7b52b48e-a412-4fb5-acdf-2f6eb947522b - - - - - -] OVN reports status down for port: 90d19066-3fcf-4c6c-83a8-fc34ad2a613d
2026-06-23 19:51:44.713 9 INFO neutron.db.ovn_revision_numbers_db [None req-31963a85-4827-4bf3-9c8a-a285674e6106 917bc9c24eb741d2a46b80c3dfc846d6 8d6fa71c94a943af9830f1e23168dd5e - - default default] Successfully bumped revision number for resource 0ea332dd-4ae5-4021-9069-a153677918d5 (type: networks) to 1 /var/lib/openstack/lib/python3.10/site-packages/pycadf/identifier.py:71: UserWarning: Invalid uuid: neutron. To ensure interoperability, identifiers should be a valid uuid. warnings.warn(('Invalid uuid: %s. To ensure interoperability, '
2026-06-23 19:51:44.905 9 WARNING neutron.scheduler.dhcp_agent_scheduler [None req-31963a85-4827-4bf3-9c8a-a285674e6106 917bc9c24eb741d2a46b80c3dfc846d6 8d6fa71c94a943af9830f1e23168dd5e - - default default] No more DHCP agents
2026-06-23 19:51:44.909 9 WARNING neutron.api.rpc.agentnotifiers.dhcp_rpc_agent_api [None req-31963a85-4827-4bf3-9c8a-a285674e6106 917bc9c24eb741d2a46b80c3dfc846d6 8d6fa71c94a943af9830f1e23168dd5e - - default default] Unable to schedule network 0ea332dd-4ae5-4021-9069-a153677918d5: no agents available; will retry on subsequent port and subnet creation events.
2026-06-23 19:51:44.956 9 INFO neutron.wsgi [None req-e016e2fa-c777-45e9-a9cd-679a16d0dc3b dd03f1e6eb9548279a3a08a1f8d6f6e6 7e57a0bb6e7a470893e6e45ce8442e2c - - default default] 10.0.0.84 "DELETE /v2.0/security-groups/6b117628-4b2b-4bd3-83b1-310f8500c937 HTTP/1.1" status: 204 len: 168 time: 0.3586137
2026-06-23 19:51:44.987 10 INFO neutron.wsgi [None req-814e0b80-236d-4151-be0f-30da0970064d ff4e24aae7bb44a5a8c502ba520a69ef 7b05bb5ec7e54874b70e9e9b0ae3c317 - - default default] 10.0.0.84 "DELETE /v2.0/security-groups/e969a30a-b24c-446f-9a48-758e0156288f HTTP/1.1" status: 204 len: 168 time: 0.1347966
2026-06-23 19:51:45.000 10 INFO neutron.api.v2.resource [None req-54dd7f23-1fe5-43fb-966a-0c5d7b4df1d9 ff4e24aae7bb44a5a8c502ba520a69ef 7b05bb5ec7e54874b70e9e9b0ae3c317 - - default default] show failed (client error): The resource could not be found.
2026-06-23 19:51:45.001 9 INFO neutron.db.ovn_revision_numbers_db [None req-31963a85-4827-4bf3-9c8a-a285674e6106 917bc9c24eb741d2a46b80c3dfc846d6 8d6fa71c94a943af9830f1e23168dd5e - - default default] Successfully bumped revision number for resource a96ae160-881e-42c5-a5b9-d280b6fd39b2 (type: ports) to 1
2026-06-23 19:51:45.002 10 INFO neutron.wsgi [None req-54dd7f23-1fe5-43fb-966a-0c5d7b4df1d9 ff4e24aae7bb44a5a8c502ba520a69ef 7b05bb5ec7e54874b70e9e9b0ae3c317 - - default default] 10.0.0.84 "GET /v2.0/security-groups/e969a30a-b24c-446f-9a48-758e0156288f HTTP/1.1" status: 404 len: 347 time: 0.0106659
2026-06-23 19:51:45.022 9 INFO neutron.wsgi [None req-31963a85-4827-4bf3-9c8a-a285674e6106 917bc9c24eb741d2a46b80c3dfc846d6 8d6fa71c94a943af9830f1e23168dd5e - - default default] 10.0.0.84 "POST /v2.0/networks HTTP/1.1" status: 201 len: 847 time: 0.5555356
2026-06-23 19:51:45.032 9 WARNING neutron_lib.context [None req-289d11c5-6610-4b2e-a33b-7fc47d6afb56 917bc9c24eb741d2a46b80c3dfc846d6 8d6fa71c94a943af9830f1e23168dd5e - - default default] Method 'is_advsvc' is deprecated since 2023.2 release (neutron-lib 3.8.0) and will be removed once support for the old RBAC API policies will be removed from Neutron. Please use method 'is_service_role' instead.
2026-06-23 19:51:45.123 9 INFO neutron.db.segments_db [None req-289d11c5-6610-4b2e-a33b-7fc47d6afb56 917bc9c24eb741d2a46b80c3dfc846d6 8d6fa71c94a943af9830f1e23168dd5e - - default default] Added segment 1abee1fc-3752-441a-a587-667ddf63dac3 of type geneve for network c2433f14-c66d-493a-a4b3-5768a0abb73c
2026-06-23 19:51:45.286 9 INFO neutron.db.ovn_revision_numbers_db [None req-289d11c5-6610-4b2e-a33b-7fc47d6afb56 917bc9c24eb741d2a46b80c3dfc846d6 8d6fa71c94a943af9830f1e23168dd5e - - default default] Successfully bumped revision number for resource c2433f14-c66d-493a-a4b3-5768a0abb73c (type: networks) to 1
2026-06-23 19:51:45.351 10 INFO neutron.wsgi [None req-9c71e2a5-a785-4a4b-83f5-551164795395 ff4e24aae7bb44a5a8c502ba520a69ef 7b05bb5ec7e54874b70e9e9b0ae3c317 - - default default] 10.0.0.84 "DELETE /v2.0/floatingips/43edf614-88f9-414a-b3eb-8d53e88d5b99 HTTP/1.1" status: 204 len: 168 time: 0.3436232
2026-06-23 19:51:45.493 9 WARNING neutron.scheduler.dhcp_agent_scheduler [None req-289d11c5-6610-4b2e-a33b-7fc47d6afb56 917bc9c24eb741d2a46b80c3dfc846d6 8d6fa71c94a943af9830f1e23168dd5e - - default default] No more DHCP agents
2026-06-23 19:51:45.495 9 WARNING neutron.api.rpc.agentnotifiers.dhcp_rpc_agent_api [None req-289d11c5-6610-4b2e-a33b-7fc47d6afb56 917bc9c24eb741d2a46b80c3dfc846d6 8d6fa71c94a943af9830f1e23168dd5e - - default default] Unable to schedule network c2433f14-c66d-493a-a4b3-5768a0abb73c: no agents available; will retry on subsequent port and subnet creation events.
2026-06-23 19:51:45.581 9 INFO neutron.db.ovn_revision_numbers_db [None req-289d11c5-6610-4b2e-a33b-7fc47d6afb56 917bc9c24eb741d2a46b80c3dfc846d6 8d6fa71c94a943af9830f1e23168dd5e - - default default] Successfully bumped revision number for resource 759ccc13-1885-4247-9105-ce70546a79ab (type: ports) to 1
2026-06-23 19:51:45.606 9 INFO neutron.wsgi [None req-289d11c5-6610-4b2e-a33b-7fc47d6afb56 917bc9c24eb741d2a46b80c3dfc846d6 8d6fa71c94a943af9830f1e23168dd5e - - default default] 10.0.0.84 "POST /v2.0/networks HTTP/1.1" status: 201 len: 849 time: 0.5789833
2026-06-23 19:51:45.646 9 WARNING neutron_lib.context [None req-6692042e-ccec-4d9e-8f13-000c25510aa6 917bc9c24eb741d2a46b80c3dfc846d6 8d6fa71c94a943af9830f1e23168dd5e - - default default] Method 'is_advsvc' is deprecated since 2023.2 release (neutron-lib 3.8.0) and will be removed once support for the old RBAC API policies will be removed from Neutron. Please use method 'is_service_role' instead.
2026-06-23 19:51:45.904 9 WARNING neutron_lib.context [None req-6692042e-ccec-4d9e-8f13-000c25510aa6 917bc9c24eb741d2a46b80c3dfc846d6 8d6fa71c94a943af9830f1e23168dd5e - - default default] Method 'is_advsvc' is deprecated since 2023.2 release (neutron-lib 3.8.0) and will be removed once support for the old RBAC API policies will be removed from Neutron. Please use method 'is_service_role' instead.
2026-06-23 19:51:46.352 10 INFO neutron.db.ovn_revision_numbers_db [None req-20d93d5c-dc93-4981-a714-c2747846803f dd03f1e6eb9548279a3a08a1f8d6f6e6 7e57a0bb6e7a470893e6e45ce8442e2c - - default default] Successfully bumped revision number for resource 3c5e6899-64ef-4644-99fe-c8988210a468 (type: security_groups) to 1
2026-06-23 19:51:46.354 9 WARNING neutron.scheduler.dhcp_agent_scheduler [None req-6692042e-ccec-4d9e-8f13-000c25510aa6 917bc9c24eb741d2a46b80c3dfc846d6 8d6fa71c94a943af9830f1e23168dd5e - - default default] No more DHCP agents
2026-06-23 19:51:46.357 9 WARNING neutron.api.rpc.agentnotifiers.dhcp_rpc_agent_api [None req-6692042e-ccec-4d9e-8f13-000c25510aa6 917bc9c24eb741d2a46b80c3dfc846d6 8d6fa71c94a943af9830f1e23168dd5e - - default default] Unable to schedule network 0ea332dd-4ae5-4021-9069-a153677918d5: no agents available; will retry on subsequent port and subnet creation events.
2026-06-23 19:51:46.379 10 INFO neutron.db.ovn_revision_numbers_db [None req-20d93d5c-dc93-4981-a714-c2747846803f dd03f1e6eb9548279a3a08a1f8d6f6e6 7e57a0bb6e7a470893e6e45ce8442e2c - - default default] Successfully bumped revision number for resource 2dd97770-e39d-4547-9699-6b75fb780fcc (type: security_group_rules) to 0
2026-06-23 19:51:46.404 10 INFO neutron.db.ovn_revision_numbers_db [None req-20d93d5c-dc93-4981-a714-c2747846803f dd03f1e6eb9548279a3a08a1f8d6f6e6 7e57a0bb6e7a470893e6e45ce8442e2c - - default default] Successfully bumped revision number for resource 5082f486-3626-4924-8f63-349e64d583ce (type: security_group_rules) to 0
2026-06-23 19:51:46.455 10 INFO neutron.wsgi [None req-bb173781-0ff5-4b43-ad01-1cdf5346fec5 dd03f1e6eb9548279a3a08a1f8d6f6e6 7e57a0bb6e7a470893e6e45ce8442e2c - - default default] 10.0.0.84 "PUT /v2.0/routers/f3736020-a3bf-4805-bd83-3c129d60cf8c/remove_router_interface HTTP/1.1" status: 200 len: 503 time: 1.0955610
2026-06-23 19:51:46.455 10 INFO neutron.db.ovn_revision_numbers_db [None req-20d93d5c-dc93-4981-a714-c2747846803f dd03f1e6eb9548279a3a08a1f8d6f6e6 7e57a0bb6e7a470893e6e45ce8442e2c - - default default] Successfully bumped revision number for resource a4f6d881-b06a-46ce-9b04-88260157720b (type: security_group_rules) to 0
2026-06-23 19:51:46.467 10 INFO neutron.db.ovn_revision_numbers_db [None req-20d93d5c-dc93-4981-a714-c2747846803f dd03f1e6eb9548279a3a08a1f8d6f6e6 7e57a0bb6e7a470893e6e45ce8442e2c - - default default] Successfully bumped revision number for resource f81babd0-4a9d-4afe-a9bb-de6836768a47 (type: security_group_rules) to 0
2026-06-23 19:51:46.523 10 INFO neutron.db.segments_db [None req-20d93d5c-dc93-4981-a714-c2747846803f dd03f1e6eb9548279a3a08a1f8d6f6e6 7e57a0bb6e7a470893e6e45ce8442e2c - - default default] Added segment c0e15447-21c5-4f48-a86f-e1602d483f75 of type geneve for network e837e96d-439f-4ff1-9218-e252209cdcde
2026-06-23 19:51:46.693 10 INFO neutron.db.ovn_revision_numbers_db [None req-20d93d5c-dc93-4981-a714-c2747846803f dd03f1e6eb9548279a3a08a1f8d6f6e6 7e57a0bb6e7a470893e6e45ce8442e2c - - default default] Successfully bumped revision number for resource e837e96d-439f-4ff1-9218-e252209cdcde (type: networks) to 1 /var/lib/openstack/lib/python3.10/site-packages/pycadf/identifier.py:71: UserWarning: Invalid uuid: neutron. To ensure interoperability, identifiers should be a valid uuid. warnings.warn(('Invalid uuid: %s. To ensure interoperability, '
2026-06-23 19:51:46.742 10 WARNING neutron_lib.context [None req-023bd4e2-740c-4695-a3e4-872386229d39 773ec336ea904542a02c40d1986e797a 1ba1318ebb26460a88f5354e90ecc267 - - default default] Method 'is_advsvc' is deprecated since 2023.2 release (neutron-lib 3.8.0) and will be removed once support for the old RBAC API policies will be removed from Neutron. Please use method 'is_service_role' instead.
2026-06-23 19:51:46.941 10 WARNING neutron.scheduler.dhcp_agent_scheduler [None req-20d93d5c-dc93-4981-a714-c2747846803f dd03f1e6eb9548279a3a08a1f8d6f6e6 7e57a0bb6e7a470893e6e45ce8442e2c - - default default] No more DHCP agents
2026-06-23 19:51:46.947 10 WARNING neutron.api.rpc.agentnotifiers.dhcp_rpc_agent_api [None req-20d93d5c-dc93-4981-a714-c2747846803f dd03f1e6eb9548279a3a08a1f8d6f6e6 7e57a0bb6e7a470893e6e45ce8442e2c - - default default] Unable to schedule network e837e96d-439f-4ff1-9218-e252209cdcde: no agents available; will retry on subsequent port and subnet creation events.
2026-06-23 19:51:46.975 10 INFO neutron.db.ovn_revision_numbers_db [None req-023bd4e2-740c-4695-a3e4-872386229d39 773ec336ea904542a02c40d1986e797a 1ba1318ebb26460a88f5354e90ecc267 - - default default] Successfully bumped revision number for resource 71c41ad1-887f-4c8f-8086-d7fe65cde337 (type: security_groups) to 1
2026-06-23 19:51:46.993 10 INFO neutron.db.ovn_revision_numbers_db [None req-023bd4e2-740c-4695-a3e4-872386229d39 773ec336ea904542a02c40d1986e797a 1ba1318ebb26460a88f5354e90ecc267 - - default default] Successfully bumped revision number for resource 04745e7d-ae63-47ac-8d71-1014f0c58ce8 (type: security_group_rules) to 0
2026-06-23 19:51:47.016 10 INFO neutron.db.ovn_revision_numbers_db [None req-023bd4e2-740c-4695-a3e4-872386229d39 773ec336ea904542a02c40d1986e797a 1ba1318ebb26460a88f5354e90ecc267 - - default default] Successfully bumped revision number for resource 1a500aa2-a1f5-4b46-b457-fed00c0c68bd (type: security_group_rules) to 0
2026-06-23 19:51:47.037 10 INFO neutron.db.ovn_revision_numbers_db [None req-023bd4e2-740c-4695-a3e4-872386229d39 773ec336ea904542a02c40d1986e797a 1ba1318ebb26460a88f5354e90ecc267 - - default default] Successfully bumped revision number for resource 6500a3e3-e6df-47b4-9635-1f149c7d68a1 (type: security_group_rules) to 0
2026-06-23 19:51:47.039 10 INFO neutron.db.ovn_revision_numbers_db [None req-20d93d5c-dc93-4981-a714-c2747846803f dd03f1e6eb9548279a3a08a1f8d6f6e6 7e57a0bb6e7a470893e6e45ce8442e2c - - default default] Successfully bumped revision number for resource 787f00e9-0072-490c-baa8-f26e1433e853 (type: ports) to 1
2026-06-23 19:51:47.063 10 INFO neutron.db.ovn_revision_numbers_db [None req-023bd4e2-740c-4695-a3e4-872386229d39 773ec336ea904542a02c40d1986e797a 1ba1318ebb26460a88f5354e90ecc267 - - default default] Successfully bumped revision number for resource 9e94fec8-6c25-4842-92ad-4c5d3bb87603 (type: security_group_rules) to 0
2026-06-23 19:51:47.094 10 INFO neutron.wsgi [None req-20d93d5c-dc93-4981-a714-c2747846803f dd03f1e6eb9548279a3a08a1f8d6f6e6 7e57a0bb6e7a470893e6e45ce8442e2c - - default default] 10.0.0.84 "POST /v2.0/networks HTTP/1.1" status: 201 len: 945 time: 1.1981688
2026-06-23 19:51:47.107 9 INFO neutron.db.ovn_revision_numbers_db [None req-6692042e-ccec-4d9e-8f13-000c25510aa6 917bc9c24eb741d2a46b80c3dfc846d6 8d6fa71c94a943af9830f1e23168dd5e - - default default] Successfully bumped revision number for resource a96ae160-881e-42c5-a5b9-d280b6fd39b2 (type: ports) to 2
2026-06-23 19:51:47.125 10 INFO neutron.db.segments_db [None req-023bd4e2-740c-4695-a3e4-872386229d39 773ec336ea904542a02c40d1986e797a 1ba1318ebb26460a88f5354e90ecc267 - - default default] Added segment 8a0ce835-dbf3-4c86-bb5d-5ec08d273a7b of type geneve for network 9f91c147-259f-48e1-b82d-170d2800031f
2026-06-23 19:51:47.166 9 INFO neutron.db.ovn_revision_numbers_db [None req-6692042e-ccec-4d9e-8f13-000c25510aa6 917bc9c24eb741d2a46b80c3dfc846d6 8d6fa71c94a943af9830f1e23168dd5e - - default default] Successfully bumped revision number for resource 18a0e006-53e0-4396-ad60-f3de16dc312a (type: subnets) to 0
2026-06-23 19:51:47.192 9 WARNING neutron.scheduler.dhcp_agent_scheduler [None req-6692042e-ccec-4d9e-8f13-000c25510aa6 917bc9c24eb741d2a46b80c3dfc846d6 8d6fa71c94a943af9830f1e23168dd5e - - default default] No more DHCP agents
2026-06-23 19:51:47.194 9 WARNING neutron.api.rpc.agentnotifiers.dhcp_rpc_agent_api [None req-6692042e-ccec-4d9e-8f13-000c25510aa6 917bc9c24eb741d2a46b80c3dfc846d6 8d6fa71c94a943af9830f1e23168dd5e - - default default] Unable to schedule network c2433f14-c66d-493a-a4b3-5768a0abb73c: no agents available; will retry on subsequent port and subnet creation events.
2026-06-23 19:51:47.326 10 INFO neutron.db.ovn_revision_numbers_db [None req-023bd4e2-740c-4695-a3e4-872386229d39 773ec336ea904542a02c40d1986e797a 1ba1318ebb26460a88f5354e90ecc267 - - default default] Successfully bumped revision number for resource 9f91c147-259f-48e1-b82d-170d2800031f (type: networks) to 1
2026-06-23 19:51:47.588 10 WARNING neutron.scheduler.dhcp_agent_scheduler [None req-f6330e9d-1638-4ae5-87e3-a76b2e7d15f9 dd03f1e6eb9548279a3a08a1f8d6f6e6 7e57a0bb6e7a470893e6e45ce8442e2c - - default default] No more DHCP agents
2026-06-23 19:51:47.590 10 WARNING neutron.api.rpc.agentnotifiers.dhcp_rpc_agent_api [None req-f6330e9d-1638-4ae5-87e3-a76b2e7d15f9 dd03f1e6eb9548279a3a08a1f8d6f6e6 7e57a0bb6e7a470893e6e45ce8442e2c - - default default] Unable to schedule network e837e96d-439f-4ff1-9218-e252209cdcde: no agents available; will retry on subsequent port and subnet creation events.
2026-06-23 19:51:47.813 9 INFO neutron.wsgi [None req-0b91d60f-fec9-483c-81df-7c5a251fe50b dd03f1e6eb9548279a3a08a1f8d6f6e6 7e57a0bb6e7a470893e6e45ce8442e2c - - default default] 10.0.0.84 "DELETE /v2.0/routers/f3736020-a3bf-4805-bd83-3c129d60cf8c HTTP/1.1" status: 204 len: 168 time: 1.3538766
2026-06-23 19:51:47.842 10 WARNING neutron.scheduler.dhcp_agent_scheduler [None req-023bd4e2-740c-4695-a3e4-872386229d39 773ec336ea904542a02c40d1986e797a 1ba1318ebb26460a88f5354e90ecc267 - - default default] No more DHCP agents
2026-06-23 19:51:47.853 10 WARNING neutron.api.rpc.agentnotifiers.dhcp_rpc_agent_api [None req-023bd4e2-740c-4695-a3e4-872386229d39 773ec336ea904542a02c40d1986e797a 1ba1318ebb26460a88f5354e90ecc267 - - default default] Unable to schedule network 9f91c147-259f-48e1-b82d-170d2800031f: no agents available; will retry on subsequent port and subnet creation events.
2026-06-23 19:51:47.979 10 INFO neutron.db.ovn_revision_numbers_db [None req-023bd4e2-740c-4695-a3e4-872386229d39 773ec336ea904542a02c40d1986e797a 1ba1318ebb26460a88f5354e90ecc267 - - default default] Successfully bumped revision number for resource 447c2d83-4b75-4635-9982-4f2be5c22df3 (type: ports) to 1
2026-06-23 19:51:48.006 10 INFO neutron.wsgi [None req-023bd4e2-740c-4695-a3e4-872386229d39 773ec336ea904542a02c40d1986e797a 1ba1318ebb26460a88f5354e90ecc267 - - default default] 10.0.0.84 "POST /v2.0/networks HTTP/1.1" status: 201 len: 829 time: 1.3773143
2026-06-23 19:51:48.023 10 WARNING neutron_lib.context [None req-e3b72fca-60be-429e-a72a-641939df28cf 773ec336ea904542a02c40d1986e797a 1ba1318ebb26460a88f5354e90ecc267 - - default default] Method 'is_advsvc' is deprecated since 2023.2 release (neutron-lib 3.8.0) and will be removed once support for the old RBAC API policies will be removed from Neutron. Please use method 'is_service_role' instead.
2026-06-23 19:51:48.083 9 INFO neutron.wsgi [None req-e9463580-5a0e-4624-9ffc-4f078815f5a1 dd03f1e6eb9548279a3a08a1f8d6f6e6 7e57a0bb6e7a470893e6e45ce8442e2c - - default default] 10.0.0.84 "DELETE /v2.0/subnets/a2d7ad98-cdd7-4300-aeb5-4089b59557fa HTTP/1.1" status: 204 len: 168 time: 0.2660542
2026-06-23 19:51:48.118 9 INFO neutron.db.ovn_revision_numbers_db [None req-6692042e-ccec-4d9e-8f13-000c25510aa6 917bc9c24eb741d2a46b80c3dfc846d6 8d6fa71c94a943af9830f1e23168dd5e - - default default] Successfully bumped revision number for resource 759ccc13-1885-4247-9105-ce70546a79ab (type: ports) to 2
2026-06-23 19:51:48.150 10 INFO neutron.db.segments_db [None req-e3b72fca-60be-429e-a72a-641939df28cf 773ec336ea904542a02c40d1986e797a 1ba1318ebb26460a88f5354e90ecc267 - - default default] Added segment 9a764307-1ca1-4b86-9541-ac3d29cbefea of type geneve for network 699299f6-0876-46ff-a63f-c1b48710d00f
2026-06-23 19:51:48.154 9 INFO neutron.db.ovn_revision_numbers_db [None req-6692042e-ccec-4d9e-8f13-000c25510aa6 917bc9c24eb741d2a46b80c3dfc846d6 8d6fa71c94a943af9830f1e23168dd5e - - default default] Successfully bumped revision number for resource c9ae7bf2-0cc1-425c-abc9-60b1d0e3b8c0 (type: subnets) to 0
2026-06-23 19:51:48.171 9 INFO neutron.wsgi [None req-6692042e-ccec-4d9e-8f13-000c25510aa6 917bc9c24eb741d2a46b80c3dfc846d6 8d6fa71c94a943af9830f1e23168dd5e - - default default] 10.0.0.84 "POST /v2.0/subnets HTTP/1.1" status: 201 len: 1426 time: 2.5325804
2026-06-23 19:51:48.277 10 INFO neutron.wsgi [None req-63863bea-7d1b-408c-94a4-6c77299882e0 917bc9c24eb741d2a46b80c3dfc846d6 8d6fa71c94a943af9830f1e23168dd5e - - default default] 10.0.0.84 "GET /v2.0/subnets HTTP/1.1" status: 200 len: 2034 time: 0.0978148
2026-06-23 19:51:48.399 10 INFO neutron.db.ovn_revision_numbers_db [None req-e3b72fca-60be-429e-a72a-641939df28cf 773ec336ea904542a02c40d1986e797a 1ba1318ebb26460a88f5354e90ecc267 - - default default] Successfully bumped revision number for resource 699299f6-0876-46ff-a63f-c1b48710d00f (type: networks) to 1
2026-06-23 19:51:48.418 10 INFO neutron.db.ovn_revision_numbers_db [None req-f6330e9d-1638-4ae5-87e3-a76b2e7d15f9 dd03f1e6eb9548279a3a08a1f8d6f6e6 7e57a0bb6e7a470893e6e45ce8442e2c - - default default] Successfully bumped revision number for resource 787f00e9-0072-490c-baa8-f26e1433e853 (type: ports) to 2
2026-06-23 19:51:48.461 9 INFO neutron.services.segments.plugin [-] Segment 8e62f1ed-34b9-4840-b65e-adec2232acd5 resource provider aggregate not found
2026-06-23 19:51:48.465 9 INFO neutron.services.segments.plugin [-] Segment 8e62f1ed-34b9-4840-b65e-adec2232acd5 resource provider aggregate not found
2026-06-23 19:51:48.477 10 INFO neutron.db.ovn_revision_numbers_db [None req-f6330e9d-1638-4ae5-87e3-a76b2e7d15f9 dd03f1e6eb9548279a3a08a1f8d6f6e6 7e57a0bb6e7a470893e6e45ce8442e2c - - default default] Successfully bumped revision number for resource 10648235-4c5e-4bd4-8173-fefdaff1bdbc (type: subnets) to 0
2026-06-23 19:51:48.481 9 INFO neutron.services.segments.plugin [-] Segment 8e62f1ed-34b9-4840-b65e-adec2232acd5 resource provider not found; error: Placement Client Error (4xx): {"errors": [{"status": 404, "title": "Not Found", "detail": "The resource could not be found.\n\n No resource provider with uuid 8e62f1ed-34b9-4840-b65e-adec2232acd5 found for delete ", "request_id": "req-c818b0f6-c4fa-41b4-bb3d-030792ccb5c3"}]}
2026-06-23 19:51:48.483 9 INFO neutron.services.segments.plugin [-] Segment 8e62f1ed-34b9-4840-b65e-adec2232acd5 resource provider not found; error: Placement Client Error (4xx): {"errors": [{"status": 404, "title": "Not Found", "detail": "The resource could not be found.\n\n No resource provider with uuid 8e62f1ed-34b9-4840-b65e-adec2232acd5 found for delete ", "request_id": "req-63a64f2c-d216-41d3-84aa-1a4d680d55b6"}]}
2026-06-23 19:51:48.505 9 INFO neutron.wsgi [None req-8221a5fb-fc72-4e53-b589-06e70d3adc44 dd03f1e6eb9548279a3a08a1f8d6f6e6 7e57a0bb6e7a470893e6e45ce8442e2c - - default default] 10.0.0.84 "DELETE /v2.0/networks/ffd2498d-d6b1-4118-be77-8d8d5713b0f3 HTTP/1.1" status: 204 len: 168 time: 0.4122276
2026-06-23 19:51:48.527 10 INFO neutron.wsgi [None req-f6330e9d-1638-4ae5-87e3-a76b2e7d15f9 dd03f1e6eb9548279a3a08a1f8d6f6e6 7e57a0bb6e7a470893e6e45ce8442e2c - - default default] 10.0.0.84 "POST /v2.0/subnets HTTP/1.1" status: 201 len: 865 time: 1.4260814
2026-06-23 19:51:48.638 10 INFO neutron.wsgi [None req-e322422f-6ca7-4d9e-ad0a-49bac967c861 917bc9c24eb741d2a46b80c3dfc846d6 8d6fa71c94a943af9830f1e23168dd5e - - default default] 10.0.0.84 "DELETE /v2.0/subnets/18a0e006-53e0-4396-ad60-f3de16dc312a HTTP/1.1" status: 204 len: 168 time: 0.3536975
2026-06-23 19:51:48.656 10 WARNING neutron.scheduler.dhcp_agent_scheduler [None req-e3b72fca-60be-429e-a72a-641939df28cf 773ec336ea904542a02c40d1986e797a 1ba1318ebb26460a88f5354e90ecc267 - - default default] No more DHCP agents
2026-06-23 19:51:48.658 10 WARNING neutron.api.rpc.agentnotifiers.dhcp_rpc_agent_api [None req-e3b72fca-60be-429e-a72a-641939df28cf 773ec336ea904542a02c40d1986e797a 1ba1318ebb26460a88f5354e90ecc267 - - default default] Unable to schedule network 699299f6-0876-46ff-a63f-c1b48710d00f: no agents available; will retry on subsequent port and subnet creation events.
2026-06-23 19:51:48.742 10 INFO neutron.db.ovn_revision_numbers_db [None req-e3b72fca-60be-429e-a72a-641939df28cf 773ec336ea904542a02c40d1986e797a 1ba1318ebb26460a88f5354e90ecc267 - - default default] Successfully bumped revision number for resource df82767a-e851-4427-93a6-15a216cb8190 (type: ports) to 1
2026-06-23 19:51:48.762 9 INFO neutron.wsgi [None req-88704cf4-887b-45a6-8fd9-048e656997e5 dd03f1e6eb9548279a3a08a1f8d6f6e6 7e57a0bb6e7a470893e6e45ce8442e2c - - default default] 10.0.0.84 "GET /v2.0/security-groups?tenant_id=7b05bb5ec7e54874b70e9e9b0ae3c317&name=default HTTP/1.1" status: 200 len: 3120 time: 0.0901392
2026-06-23 19:51:48.764 10 INFO neutron.wsgi [None req-e3b72fca-60be-429e-a72a-641939df28cf 773ec336ea904542a02c40d1986e797a 1ba1318ebb26460a88f5354e90ecc267 - - default default] 10.0.0.84 "POST /v2.0/networks HTTP/1.1" status: 201 len: 829 time: 0.7526994
2026-06-23 19:51:48.781 9 WARNING neutron_lib.context [None req-d68953b8-1444-4401-a4a5-95c30762bd5f 773ec336ea904542a02c40d1986e797a 1ba1318ebb26460a88f5354e90ecc267 - - default default] Method 'is_advsvc' is deprecated since 2023.2 release (neutron-lib 3.8.0) and will be removed once support for the old RBAC API policies will be removed from Neutron. Please use method 'is_service_role' instead.
2026-06-23 19:51:48.975 10 INFO neutron.wsgi [None req-a6f0646c-f19e-4264-a002-9163f4899f5e dd03f1e6eb9548279a3a08a1f8d6f6e6 7e57a0bb6e7a470893e6e45ce8442e2c - - default default] 10.0.0.84 "DELETE /v2.0/security-groups/960310b2-ab63-4268-8a53-d32f67c2cf3f HTTP/1.1" status: 204 len: 168 time: 0.2078173
2026-06-23 19:51:49.024 9 INFO neutron.wsgi [None req-ad062a82-5b76-4026-afcf-c34c6a060980 917bc9c24eb741d2a46b80c3dfc846d6 8d6fa71c94a943af9830f1e23168dd5e - - default default] 10.0.0.84 "DELETE /v2.0/subnets/c9ae7bf2-0cc1-425c-abc9-60b1d0e3b8c0 HTTP/1.1" status: 204 len: 168 time: 0.3801467
2026-06-23 19:51:49.068 10 INFO neutron.wsgi [None req-724b4b2e-ce02-41c6-979f-51972efe9513 917bc9c24eb741d2a46b80c3dfc846d6 8d6fa71c94a943af9830f1e23168dd5e - - default default] 10.0.0.84 "GET /v2.0/subnets HTTP/1.1" status: 200 len: 820 time: 0.0388038
2026-06-23 19:51:49.170 9 WARNING neutron.scheduler.dhcp_agent_scheduler [None req-d68953b8-1444-4401-a4a5-95c30762bd5f 773ec336ea904542a02c40d1986e797a 1ba1318ebb26460a88f5354e90ecc267 - - default default] No more DHCP agents
2026-06-23 19:51:49.173 9 WARNING neutron.api.rpc.agentnotifiers.dhcp_rpc_agent_api [None req-d68953b8-1444-4401-a4a5-95c30762bd5f 773ec336ea904542a02c40d1986e797a 1ba1318ebb26460a88f5354e90ecc267 - - default default] Unable to schedule network 9f91c147-259f-48e1-b82d-170d2800031f: no agents available; will retry on subsequent port and subnet creation events.
2026-06-23 19:51:49.210 9 WARNING neutron.scheduler.dhcp_agent_scheduler [None req-695257f9-d1c5-4b16-a2f0-3bc5ade00769 dd03f1e6eb9548279a3a08a1f8d6f6e6 7e57a0bb6e7a470893e6e45ce8442e2c - - default default] No more DHCP agents
2026-06-23 19:51:49.212 9 WARNING neutron.api.rpc.agentnotifiers.dhcp_rpc_agent_api [None req-695257f9-d1c5-4b16-a2f0-3bc5ade00769 dd03f1e6eb9548279a3a08a1f8d6f6e6 7e57a0bb6e7a470893e6e45ce8442e2c - - default default] Unable to schedule network 9aa2abfd-6281-4bf9-8df1-b8ef24af13c5: no agents available; will retry on subsequent port and subnet creation events.
2026-06-23 19:51:49.399 9 INFO neutron.db.ovn_revision_numbers_db [None req-695257f9-d1c5-4b16-a2f0-3bc5ade00769 dd03f1e6eb9548279a3a08a1f8d6f6e6 7e57a0bb6e7a470893e6e45ce8442e2c - - default default] Successfully bumped revision number for resource e0173ba4-2d56-4e3a-8e87-7cf183929658 (type: ports) to 1
2026-06-23 19:51:49.427 10 INFO neutron.services.segments.plugin [-] Segment 1abee1fc-3752-441a-a587-667ddf63dac3 resource provider aggregate not found
2026-06-23 19:51:49.434 10 INFO neutron.services.segments.plugin [-] Segment 1abee1fc-3752-441a-a587-667ddf63dac3 resource provider aggregate not found
2026-06-23 19:51:49.448 10 INFO neutron.services.segments.plugin [-] Segment 1abee1fc-3752-441a-a587-667ddf63dac3 resource provider not found; error: Placement Client Error (4xx): {"errors": [{"status": 404, "title": "Not Found", "detail": "The resource could not be found.\n\n No resource provider with uuid 1abee1fc-3752-441a-a587-667ddf63dac3 found for delete ", "request_id": "req-5b304673-37b0-4b01-8688-1756dbb48a97"}]}
2026-06-23 19:51:49.449 10 INFO neutron.services.segments.plugin [-] Segment 1abee1fc-3752-441a-a587-667ddf63dac3 resource provider not found; error: Placement Client Error (4xx): {"errors": [{"status": 404, "title": "Not Found", "detail": "The resource could not be found.\n\n No resource provider with uuid 1abee1fc-3752-441a-a587-667ddf63dac3 found for delete ", "request_id": "req-14aaf6da-366d-44f5-a7d9-baa98851a51b"}]}
2026-06-23 19:51:49.460 10 INFO neutron.wsgi [None req-e1f99a76-ba56-4e36-a6b0-eb60e4153183 917bc9c24eb741d2a46b80c3dfc846d6 8d6fa71c94a943af9830f1e23168dd5e - - default default] 10.0.0.84 "DELETE /v2.0/networks/c2433f14-c66d-493a-a4b3-5768a0abb73c HTTP/1.1" status: 204 len: 168 time: 0.3859046
2026-06-23 19:51:49.847 10 INFO neutron.wsgi [None req-d3edec91-807d-4ca2-b833-601ee0bf7759 917bc9c24eb741d2a46b80c3dfc846d6 8d6fa71c94a943af9830f1e23168dd5e - - default default] 10.0.0.84 "DELETE /v2.0/networks/0ea332dd-4ae5-4021-9069-a153677918d5 HTTP/1.1" status: 204 len: 168 time: 0.3800702
2026-06-23 19:51:50.067 9 INFO neutron.db.ovn_revision_numbers_db [None req-d68953b8-1444-4401-a4a5-95c30762bd5f 773ec336ea904542a02c40d1986e797a 1ba1318ebb26460a88f5354e90ecc267 - - default default] Successfully bumped revision number for resource 447c2d83-4b75-4635-9982-4f2be5c22df3 (type: ports) to 2
2026-06-23 19:51:50.127 9 INFO neutron.db.ovn_revision_numbers_db [None req-d68953b8-1444-4401-a4a5-95c30762bd5f 773ec336ea904542a02c40d1986e797a 1ba1318ebb26460a88f5354e90ecc267 - - default default] Successfully bumped revision number for resource 25fdbdf6-9a88-407a-8cc8-6f7b567355cf (type: subnets) to 0
2026-06-23 19:51:50.153 9 INFO neutron.wsgi [None req-d68953b8-1444-4401-a4a5-95c30762bd5f 773ec336ea904542a02c40d1986e797a 1ba1318ebb26460a88f5354e90ecc267 - - default default] 10.0.0.84 "POST /v2.0/subnets HTTP/1.1" status: 201 len: 801 time: 1.3805931
2026-06-23 19:51:50.167 9 WARNING neutron_lib.context [None req-d98513e0-0dd5-4fa1-9bd8-c20e06c2e1a2 773ec336ea904542a02c40d1986e797a 1ba1318ebb26460a88f5354e90ecc267 - - default default] Method 'is_advsvc' is deprecated since 2023.2 release (neutron-lib 3.8.0) and will be removed once support for the old RBAC API policies will be removed from Neutron. Please use method 'is_service_role' instead.
2026-06-23 19:51:50.254 10 INFO neutron.wsgi [None req-f682bff0-1635-41c3-be88-e0af76d18b68 917bc9c24eb741d2a46b80c3dfc846d6 8d6fa71c94a943af9830f1e23168dd5e - - default default] 10.0.0.84 "DELETE /v2.0/networks/9b0c103c-8d26-4422-8f5b-fc49b061ddcf HTTP/1.1" status: 204 len: 168 time: 0.4020023
2026-06-23 19:51:50.567 9 WARNING neutron.scheduler.dhcp_agent_scheduler [None req-d98513e0-0dd5-4fa1-9bd8-c20e06c2e1a2 773ec336ea904542a02c40d1986e797a 1ba1318ebb26460a88f5354e90ecc267 - - default default] No more DHCP agents
2026-06-23 19:51:50.571 9 INFO neutron.plugins.ml2.drivers.ovn.mech_driver.ovsdb.commands [None req-36ae78b4-93e9-433c-8ba7-dfd3c5f3e395 - - - - - -] Schedule LRP lrp-e0173ba4-2d56-4e3a-8e87-7cf183929658 on gateway ad2832f5-cd9e-4d8d-8023-f7336ee95e61 with priority 1
2026-06-23 19:51:50.574 9 WARNING neutron.api.rpc.agentnotifiers.dhcp_rpc_agent_api [None req-d98513e0-0dd5-4fa1-9bd8-c20e06c2e1a2 773ec336ea904542a02c40d1986e797a 1ba1318ebb26460a88f5354e90ecc267 - - default default] Unable to schedule network 699299f6-0876-46ff-a63f-c1b48710d00f: no agents available; will retry on subsequent port and subnet creation events.
2026-06-23 19:51:50.610 9 INFO neutron.plugins.ml2.drivers.ovn.mech_driver.mech_driver [None req-417f25e2-76d0-457c-9acd-6e14122ef163 - - - - - -] OVN reports status up for port: e0173ba4-2d56-4e3a-8e87-7cf183929658
2026-06-23 19:51:50.614 9 INFO neutron.plugins.ml2.drivers.ovn.mech_driver.ovsdb.ovsdb_monitor [None req-f54a5d18-0ea1-405e-825c-e90732cf97ad - - - - - -] Router 4287048a-a48d-47da-afc5-dbc1ef39f496 is bound to host instance
2026-06-23 19:51:50.675 9 INFO neutron.plugins.ml2.plugin [None req-417f25e2-76d0-457c-9acd-6e14122ef163 - - - - - -] Attempt 1 to provision port e0173ba4-2d56-4e3a-8e87-7cf183929658
2026-06-23 19:51:50.722 9 INFO neutron.db.ovn_revision_numbers_db [None req-695257f9-d1c5-4b16-a2f0-3bc5ade00769 dd03f1e6eb9548279a3a08a1f8d6f6e6 7e57a0bb6e7a470893e6e45ce8442e2c - - default default] Successfully bumped revision number for resource e0173ba4-2d56-4e3a-8e87-7cf183929658 (type: router_ports) to 1
2026-06-23 19:51:50.940 9 INFO neutron.db.ovn_revision_numbers_db [None req-695257f9-d1c5-4b16-a2f0-3bc5ade00769 dd03f1e6eb9548279a3a08a1f8d6f6e6 7e57a0bb6e7a470893e6e45ce8442e2c - - default default] Successfully bumped revision number for resource 4287048a-a48d-47da-afc5-dbc1ef39f496 (type: routers) to 2
2026-06-23 19:51:50.998 9 INFO neutron.wsgi [None req-695257f9-d1c5-4b16-a2f0-3bc5ade00769 dd03f1e6eb9548279a3a08a1f8d6f6e6 7e57a0bb6e7a470893e6e45ce8442e2c - - default default] 10.0.0.84 "POST /v2.0/routers HTTP/1.1" status: 201 len: 1167 time: 2.4650421
2026-06-23 19:51:51.062 10 INFO neutron.db.ovn_revision_numbers_db [None req-e5490e17-1cf0-4645-9328-a51d530370af dd03f1e6eb9548279a3a08a1f8d6f6e6 7e57a0bb6e7a470893e6e45ce8442e2c - - default default] Successfully bumped revision number for resource 67d2cacc-7b82-4687-873e-e6dcc198280d (type: security_groups) to 1
2026-06-23 19:51:51.083 10 INFO neutron.db.ovn_revision_numbers_db [None req-e5490e17-1cf0-4645-9328-a51d530370af dd03f1e6eb9548279a3a08a1f8d6f6e6 7e57a0bb6e7a470893e6e45ce8442e2c - - default default] Successfully bumped revision number for resource 2909105f-bc69-44cf-8b64-b9395fd2a159 (type: security_group_rules) to 0
2026-06-23 19:51:51.108 10 INFO neutron.db.ovn_revision_numbers_db [None req-e5490e17-1cf0-4645-9328-a51d530370af dd03f1e6eb9548279a3a08a1f8d6f6e6 7e57a0bb6e7a470893e6e45ce8442e2c - - default default] Successfully bumped revision number for resource 4dbf39f0-af15-4ede-b76f-dea4422ed8d0 (type: security_group_rules) to 0
2026-06-23 19:51:51.129 9 INFO neutron.services.segments.plugin [-] Segment 2ae387e3-1c7b-4fb4-89fd-41b3edcbe238 resource provider aggregate not found
2026-06-23 19:51:51.133 9 INFO neutron.services.segments.plugin [-] Segment 2ae387e3-1c7b-4fb4-89fd-41b3edcbe238 resource provider aggregate not found
2026-06-23 19:51:51.148 10 INFO neutron.db.ovn_revision_numbers_db [None req-e5490e17-1cf0-4645-9328-a51d530370af dd03f1e6eb9548279a3a08a1f8d6f6e6 7e57a0bb6e7a470893e6e45ce8442e2c - - default default] Successfully bumped revision number for resource 7d75e4d6-3289-4529-96b3-20f92d402c70 (type: security_group_rules) to 0
2026-06-23 19:51:51.152 9 INFO neutron.services.segments.plugin [-] Segment 2ae387e3-1c7b-4fb4-89fd-41b3edcbe238 resource provider not found; error: Placement Client Error (4xx): {"errors": [{"status": 404, "title": "Not Found", "detail": "The resource could not be found.\n\n No resource provider with uuid 2ae387e3-1c7b-4fb4-89fd-41b3edcbe238 found for delete ", "request_id": "req-c4bc76b5-3313-4ee2-9b00-487ab9dc236a"}]}
2026-06-23 19:51:51.158 9 INFO neutron.services.segments.plugin [-] Segment 2ae387e3-1c7b-4fb4-89fd-41b3edcbe238 resource provider not found; error: Placement Client Error (4xx): {"errors": [{"status": 404, "title": "Not Found", "detail": "The resource could not be found.\n\n No resource provider with uuid 2ae387e3-1c7b-4fb4-89fd-41b3edcbe238 found for delete ", "request_id": "req-5a8a0fab-e4db-4f4c-9032-186aea21cee0"}]}
2026-06-23 19:51:51.170 10 INFO neutron.db.ovn_revision_numbers_db [None req-e5490e17-1cf0-4645-9328-a51d530370af dd03f1e6eb9548279a3a08a1f8d6f6e6 7e57a0bb6e7a470893e6e45ce8442e2c - - default default] Successfully bumped revision number for resource eb81c7c4-dd5a-440f-b552-b572433afba0 (type: security_group_rules) to 0
2026-06-23 19:51:51.221 9 INFO neutron.wsgi [None req-4499680b-c338-40c5-8a9e-0132d746a33a 917bc9c24eb741d2a46b80c3dfc846d6 8d6fa71c94a943af9830f1e23168dd5e - - default default] 10.0.0.84 "DELETE /v2.0/networks/060ba4cc-1589-4e77-94f2-6b1a3bcbab0f HTTP/1.1" status: 204 len: 168 time: 0.9600685
2026-06-23 19:51:51.238 10 INFO neutron.db.segments_db [None req-e5490e17-1cf0-4645-9328-a51d530370af dd03f1e6eb9548279a3a08a1f8d6f6e6 7e57a0bb6e7a470893e6e45ce8442e2c - - default default] Added segment 9307d5ef-2a98-4558-af4f-41d1d03db56d of type geneve for network 72473baa-7c71-461f-819d-e340c43ef253
