2026-06-23 19:54:58.608 9 INFO neutron.db.segments_db [None req-3904dea4-0271-47b8-9a22-8420a56496b8 85eb5fc901d04797becc7de2526e577a 6d2ba0ab986643bbb0bc06741f17d054 - - default default] Added segment cbc4de48-2214-4c3c-bf21-9217814debbc of type geneve for network 70bc073a-3def-4f95-8529-f4fe5ef75415
2026-06-23 19:54:58.770 9 INFO neutron.db.ovn_revision_numbers_db [None req-3904dea4-0271-47b8-9a22-8420a56496b8 85eb5fc901d04797becc7de2526e577a 6d2ba0ab986643bbb0bc06741f17d054 - - default default] Successfully bumped revision number for resource 70bc073a-3def-4f95-8529-f4fe5ef75415 (type: networks) to 1
2026-06-23 19:54:58.954 9 WARNING neutron.scheduler.dhcp_agent_scheduler [None req-3904dea4-0271-47b8-9a22-8420a56496b8 85eb5fc901d04797becc7de2526e577a 6d2ba0ab986643bbb0bc06741f17d054 - - default default] No more DHCP agents
2026-06-23 19:54:58.955 9 WARNING neutron.api.rpc.agentnotifiers.dhcp_rpc_agent_api [None req-3904dea4-0271-47b8-9a22-8420a56496b8 85eb5fc901d04797becc7de2526e577a 6d2ba0ab986643bbb0bc06741f17d054 - - default default] Unable to schedule network 70bc073a-3def-4f95-8529-f4fe5ef75415: no agents available; will retry on subsequent port and subnet creation events.
2026-06-23 19:54:59.054 9 INFO neutron.db.ovn_revision_numbers_db [None req-3904dea4-0271-47b8-9a22-8420a56496b8 85eb5fc901d04797becc7de2526e577a 6d2ba0ab986643bbb0bc06741f17d054 - - default default] Successfully bumped revision number for resource 60573685-d48d-4607-862b-1c4ce1d68bd0 (type: ports) to 1
2026-06-23 19:54:59.082 9 INFO neutron.wsgi [None req-3904dea4-0271-47b8-9a22-8420a56496b8 85eb5fc901d04797becc7de2526e577a 6d2ba0ab986643bbb0bc06741f17d054 - - default default] 10.0.0.84 "POST /v2.0/networks HTTP/1.1" status: 201 len: 830 time: 0.8746755
2026-06-23 19:54:59.093 9 WARNING neutron_lib.context [None req-39c74596-4511-4ed9-9e43-6685b8b0ecc2 85eb5fc901d04797becc7de2526e577a 6d2ba0ab986643bbb0bc06741f17d054 - - default default] Method 'is_advsvc' is deprecated since 2023.2 release (neutron-lib 3.8.0) and will be removed once support for the old RBAC API policies will be removed from Neutron. Please use method 'is_service_role' instead.
2026-06-23 19:54:59.319 9 WARNING neutron.scheduler.dhcp_agent_scheduler [None req-39c74596-4511-4ed9-9e43-6685b8b0ecc2 85eb5fc901d04797becc7de2526e577a 6d2ba0ab986643bbb0bc06741f17d054 - - default default] No more DHCP agents
2026-06-23 19:54:59.322 9 WARNING neutron.api.rpc.agentnotifiers.dhcp_rpc_agent_api [None req-39c74596-4511-4ed9-9e43-6685b8b0ecc2 85eb5fc901d04797becc7de2526e577a 6d2ba0ab986643bbb0bc06741f17d054 - - default default] Unable to schedule network 70bc073a-3def-4f95-8529-f4fe5ef75415: no agents available; will retry on subsequent port and subnet creation events.
2026-06-23 19:54:59.865 9 INFO neutron.db.ovn_revision_numbers_db [None req-39c74596-4511-4ed9-9e43-6685b8b0ecc2 85eb5fc901d04797becc7de2526e577a 6d2ba0ab986643bbb0bc06741f17d054 - - default default] Successfully bumped revision number for resource 60573685-d48d-4607-862b-1c4ce1d68bd0 (type: ports) to 2
2026-06-23 19:54:59.900 9 INFO neutron.db.ovn_revision_numbers_db [None req-39c74596-4511-4ed9-9e43-6685b8b0ecc2 85eb5fc901d04797becc7de2526e577a 6d2ba0ab986643bbb0bc06741f17d054 - - default default] Successfully bumped revision number for resource 1a05e1a2-a2b4-43de-926f-b04178ea36f4 (type: subnets) to 0
2026-06-23 19:54:59.914 9 INFO neutron.wsgi [None req-39c74596-4511-4ed9-9e43-6685b8b0ecc2 85eb5fc901d04797becc7de2526e577a 6d2ba0ab986643bbb0bc06741f17d054 - - default default] 10.0.0.84 "POST /v2.0/subnets HTTP/1.1" status: 201 len: 804 time: 0.8260636
2026-06-23 19:54:59.923 9 WARNING neutron_lib.context [None req-29047c8b-8c39-4e8a-be23-81669a91a0a0 85eb5fc901d04797becc7de2526e577a 6d2ba0ab986643bbb0bc06741f17d054 - - default default] Method 'is_advsvc' is deprecated since 2023.2 release (neutron-lib 3.8.0) and will be removed once support for the old RBAC API policies will be removed from Neutron. Please use method 'is_service_role' instead.
2026-06-23 19:55:00.431 9 WARNING neutron.scheduler.dhcp_agent_scheduler [None req-29047c8b-8c39-4e8a-be23-81669a91a0a0 85eb5fc901d04797becc7de2526e577a 6d2ba0ab986643bbb0bc06741f17d054 - - default default] No more DHCP agents
2026-06-23 19:55:00.435 9 WARNING neutron.api.rpc.agentnotifiers.dhcp_rpc_agent_api [None req-29047c8b-8c39-4e8a-be23-81669a91a0a0 85eb5fc901d04797becc7de2526e577a 6d2ba0ab986643bbb0bc06741f17d054 - - default default] Unable to schedule network 9aa2abfd-6281-4bf9-8df1-b8ef24af13c5: no agents available; will retry on subsequent port and subnet creation events.
2026-06-23 19:55:00.616 9 INFO neutron.db.ovn_revision_numbers_db [None req-29047c8b-8c39-4e8a-be23-81669a91a0a0 85eb5fc901d04797becc7de2526e577a 6d2ba0ab986643bbb0bc06741f17d054 - - default default] Successfully bumped revision number for resource 86c5980c-fae0-44e3-a789-ebe0debae110 (type: ports) to 1
2026-06-23 19:55:01.372 9 INFO neutron.plugins.ml2.drivers.ovn.mech_driver.ovsdb.commands [None req-36ae78b4-93e9-433c-8ba7-dfd3c5f3e395 - - - - - -] Schedule LRP lrp-86c5980c-fae0-44e3-a789-ebe0debae110 on gateway ad2832f5-cd9e-4d8d-8023-f7336ee95e61 with priority 1
2026-06-23 19:55:01.423 9 INFO neutron.db.ovn_revision_numbers_db [None req-29047c8b-8c39-4e8a-be23-81669a91a0a0 85eb5fc901d04797becc7de2526e577a 6d2ba0ab986643bbb0bc06741f17d054 - - default default] Successfully bumped revision number for resource 86c5980c-fae0-44e3-a789-ebe0debae110 (type: router_ports) to 1
2026-06-23 19:55:01.491 10 INFO neutron.plugins.ml2.drivers.ovn.mech_driver.mech_driver [None req-7b52b48e-a412-4fb5-acdf-2f6eb947522b - - - - - -] OVN reports status up for port: e64a4558-72b8-4ba4-b6b0-ee664682d94d
2026-06-23 19:55:01.503 10 INFO neutron.plugins.ml2.plugin [None req-7b52b48e-a412-4fb5-acdf-2f6eb947522b - - - - - -] Attempt 1 to provision port e64a4558-72b8-4ba4-b6b0-ee664682d94d
2026-06-23 19:55:01.514 9 INFO neutron.db.ovn_revision_numbers_db [None req-29047c8b-8c39-4e8a-be23-81669a91a0a0 85eb5fc901d04797becc7de2526e577a 6d2ba0ab986643bbb0bc06741f17d054 - - default default] Successfully bumped revision number for resource 76c3a446-7921-4f6c-8aff-9d9c54f31505 (type: routers) to 2
2026-06-23 19:55:01.546 9 INFO neutron.wsgi [None req-29047c8b-8c39-4e8a-be23-81669a91a0a0 85eb5fc901d04797becc7de2526e577a 6d2ba0ab986643bbb0bc06741f17d054 - - default default] 10.0.0.84 "POST /v2.0/routers HTTP/1.1" status: 201 len: 1135 time: 1.6273930
2026-06-23 19:55:01.844 10 INFO neutron.db.ovn_revision_numbers_db [None req-7b52b48e-a412-4fb5-acdf-2f6eb947522b - - - - - -] Successfully bumped revision number for resource e64a4558-72b8-4ba4-b6b0-ee664682d94d (type: ports) to 3
2026-06-23 19:55:02.545 9 WARNING neutron.scheduler.dhcp_agent_scheduler [None req-bea4619a-30c6-490e-a6af-2ad10088e699 85eb5fc901d04797becc7de2526e577a 6d2ba0ab986643bbb0bc06741f17d054 - - default default] No more DHCP agents
2026-06-23 19:55:02.548 9 WARNING neutron.api.rpc.agentnotifiers.dhcp_rpc_agent_api [None req-bea4619a-30c6-490e-a6af-2ad10088e699 85eb5fc901d04797becc7de2526e577a 6d2ba0ab986643bbb0bc06741f17d054 - - default default] Unable to schedule network 70bc073a-3def-4f95-8529-f4fe5ef75415: no agents available; will retry on subsequent port and subnet creation events.
2026-06-23 19:55:02.711 9 WARNING neutron.plugins.ml2.drivers.ovn.mech_driver.ovsdb.ovn_client [None req-417f25e2-76d0-457c-9acd-6e14122ef163 - - - - - -] No hosting information found for port dd930eea-c02d-4af5-85b8-f291a75ba6fd: RuntimeError: No hosting information found for port dd930eea-c02d-4af5-85b8-f291a75ba6fd
2026-06-23 19:55:02.711 9 INFO neutron.plugins.ml2.drivers.ovn.mech_driver.mech_driver [None req-417f25e2-76d0-457c-9acd-6e14122ef163 - - - - - -] OVN reports status up for port: b6dfc73b-a144-49c5-a8aa-731ff91483ab
2026-06-23 19:55:02.719 9 INFO neutron.db.ovn_revision_numbers_db [None req-bea4619a-30c6-490e-a6af-2ad10088e699 85eb5fc901d04797becc7de2526e577a 6d2ba0ab986643bbb0bc06741f17d054 - - default default] Successfully bumped revision number for resource af7d0d78-24e1-41f7-8dc7-c195ab3eb84f (type: ports) to 1
2026-06-23 19:55:02.732 9 INFO neutron.plugins.ml2.plugin [None req-417f25e2-76d0-457c-9acd-6e14122ef163 - - - - - -] Attempt 1 to provision port b6dfc73b-a144-49c5-a8aa-731ff91483ab
2026-06-23 19:55:03.182 9 INFO neutron.db.ovn_revision_numbers_db [None req-417f25e2-76d0-457c-9acd-6e14122ef163 - - - - - -] Successfully bumped revision number for resource b6dfc73b-a144-49c5-a8aa-731ff91483ab (type: ports) to 3
2026-06-23 19:55:03.355 9 INFO neutron.plugins.ml2.drivers.ovn.mech_driver.mech_driver [None req-417f25e2-76d0-457c-9acd-6e14122ef163 - - - - - -] OVN reports status up for port: 86c5980c-fae0-44e3-a789-ebe0debae110
2026-06-23 19:55:03.366 9 INFO neutron.plugins.ml2.plugin [None req-417f25e2-76d0-457c-9acd-6e14122ef163 - - - - - -] Attempt 1 to provision port 86c5980c-fae0-44e3-a789-ebe0debae110
2026-06-23 19:55:03.631 9 ERROR ovsdbapp.backend.ovs_idl.command [None req-bea4619a-30c6-490e-a6af-2ad10088e699 85eb5fc901d04797becc7de2526e577a 6d2ba0ab986643bbb0bc06741f17d054 - - default default] Error executing command (DbGetCommand): ovsdbapp.backend.ovs_idl.idlutils.RowNotFound: Cannot find Logical_Router_Port with name=lrp-af7d0d78-24e1-41f7-8dc7-c195ab3eb84f
2026-06-23 19:55:03.631 9 ERROR ovsdbapp.backend.ovs_idl.command
Traceback (most recent call last):
2026-06-23 19:55:03.631 9 ERROR ovsdbapp.backend.ovs_idl.command
File "/var/lib/openstack/lib/python3.10/site-packages/ovsdbapp/backend/ovs_idl/command.py", line 47, in execute
2026-06-23 19:55:03.631 9 ERROR ovsdbapp.backend.ovs_idl.command self.run_idl(None)
2026-06-23 19:55:03.631 9 ERROR ovsdbapp.backend.ovs_idl.command
File "/var/lib/openstack/lib/python3.10/site-packages/ovsdbapp/backend/ovs_idl/command.py", line 235, in run_idl
2026-06-23 19:55:03.631 9 ERROR ovsdbapp.backend.ovs_idl.command record = self.api.lookup(self.table, self.record)
2026-06-23 19:55:03.631 9 ERROR ovsdbapp.backend.ovs_idl.command
File "/var/lib/openstack/lib/python3.10/site-packages/ovsdbapp/backend/ovs_idl/__init__.py", line 184, in lookup
2026-06-23 19:55:03.631 9 ERROR ovsdbapp.backend.ovs_idl.command return self._lookup(table, record)
2026-06-23 19:55:03.631 9 ERROR ovsdbapp.backend.ovs_idl.command
File "/var/lib/openstack/lib/python3.10/site-packages/ovsdbapp/backend/ovs_idl/__init__.py", line 235, in _lookup
2026-06-23 19:55:03.631 9 ERROR ovsdbapp.backend.ovs_idl.command row = idlutils.row_by_value(self, rl.table, rl.column, record)
2026-06-23 19:55:03.631 9 ERROR ovsdbapp.backend.ovs_idl.command
File "/var/lib/openstack/lib/python3.10/site-packages/ovsdbapp/backend/ovs_idl/idlutils.py", line 114, in row_by_value
2026-06-23 19:55:03.631 9 ERROR ovsdbapp.backend.ovs_idl.command raise RowNotFound(table=table, col=column, match=match)
2026-06-23 19:55:03.631 9 ERROR ovsdbapp.backend.ovs_idl.command ovsdbapp.backend.ovs_idl.idlutils.RowNotFound: Cannot find Logical_Router_Port with name=lrp-af7d0d78-24e1-41f7-8dc7-c195ab3eb84f
2026-06-23 19:55:03.631 9 ERROR ovsdbapp.backend.ovs_idl.command 
2026-06-23 19:55:03.632 9 ERROR neutron_lib.callbacks.manager [None req-bea4619a-30c6-490e-a6af-2ad10088e699 85eb5fc901d04797becc7de2526e577a 6d2ba0ab986643bbb0bc06741f17d054 - - default default] Error during notification for neutron.services.ovn_l3.plugin.OVNL3RouterPlugin._port_update-8789294830310 port, after_update: ovsdbapp.backend.ovs_idl.idlutils.RowNotFound: Cannot find Logical_Router_Port with name=lrp-af7d0d78-24e1-41f7-8dc7-c195ab3eb84f
2026-06-23 19:55:03.632 9 ERROR neutron_lib.callbacks.manager
Traceback (most recent call last):
2026-06-23 19:55:03.632 9 ERROR neutron_lib.callbacks.manager
File "/var/lib/openstack/lib/python3.10/site-packages/neutron_lib/callbacks/manager.py", line 189, in _notify_loop
2026-06-23 19:55:03.632 9 ERROR neutron_lib.callbacks.manager callback.method(resource, event, trigger, payload=payload)
2026-06-23 19:55:03.632 9 ERROR neutron_lib.callbacks.manager
File "/var/lib/openstack/lib/python3.10/site-packages/neutron/services/ovn_l3/plugin.py", line 391, in _port_update
2026-06-23 19:55:03.632 9 ERROR neutron_lib.callbacks.manager l3plugin._ovn_client.update_router_port(context,
2026-06-23 19:55:03.632 9 ERROR neutron_lib.callbacks.manager
File "/var/lib/openstack/lib/python3.10/site-packages/neutron/plugins/ml2/drivers/ovn/mech_driver/ovsdb/ovn_client.py", line 1878, in update_router_port
2026-06-23 19:55:03.632 9 ERROR neutron_lib.callbacks.manager self._update_lrouter_port(context, port, if_exists=if_exists,
2026-06-23 19:55:03.632 9 ERROR neutron_lib.callbacks.manager
File "/var/lib/openstack/lib/python3.10/site-packages/neutron/plugins/ml2/drivers/ovn/mech_driver/ovsdb/ovn_client.py", line 1855, in _update_lrouter_port
2026-06-23 19:55:03.632 9 ERROR neutron_lib.callbacks.manager external_ids = self._nb_idl.db_get(
2026-06-23 19:55:03.632 9 ERROR neutron_lib.callbacks.manager
File "/var/lib/openstack/lib/python3.10/site-packages/ovsdbapp/backend/ovs_idl/command.py", line 47, in execute
2026-06-23 19:55:03.632 9 ERROR neutron_lib.callbacks.manager self.run_idl(None)
2026-06-23 19:55:03.632 9 ERROR neutron_lib.callbacks.manager
File "/var/lib/openstack/lib/python3.10/site-packages/ovsdbapp/backend/ovs_idl/command.py", line 235, in run_idl
2026-06-23 19:55:03.632 9 ERROR neutron_lib.callbacks.manager record = self.api.lookup(self.table, self.record)
2026-06-23 19:55:03.632 9 ERROR neutron_lib.callbacks.manager
File "/var/lib/openstack/lib/python3.10/site-packages/ovsdbapp/backend/ovs_idl/__init__.py", line 184, in lookup
2026-06-23 19:55:03.632 9 ERROR neutron_lib.callbacks.manager return self._lookup(table, record)
2026-06-23 19:55:03.632 9 ERROR neutron_lib.callbacks.manager
File "/var/lib/openstack/lib/python3.10/site-packages/ovsdbapp/backend/ovs_idl/__init__.py", line 235, in _lookup
2026-06-23 19:55:03.632 9 ERROR neutron_lib.callbacks.manager row = idlutils.row_by_value(self, rl.table, rl.column, record)
2026-06-23 19:55:03.632 9 ERROR neutron_lib.callbacks.manager
File "/var/lib/openstack/lib/python3.10/site-packages/ovsdbapp/backend/ovs_idl/idlutils.py", line 114, in row_by_value
2026-06-23 19:55:03.632 9 ERROR neutron_lib.callbacks.manager raise RowNotFound(table=table, col=column, match=match)
2026-06-23 19:55:03.632 9 ERROR neutron_lib.callbacks.manager ovsdbapp.backend.ovs_idl.idlutils.RowNotFound: Cannot find Logical_Router_Port with name=lrp-af7d0d78-24e1-41f7-8dc7-c195ab3eb84f
2026-06-23 19:55:03.632 9 ERROR neutron_lib.callbacks.manager 
2026-06-23 19:55:03.846 10 INFO neutron.plugins.ml2.drivers.ovn.mech_driver.mech_driver [None req-7b52b48e-a412-4fb5-acdf-2f6eb947522b - - - - - -] OVN reports status up for port: af7d0d78-24e1-41f7-8dc7-c195ab3eb84f
2026-06-23 19:55:03.854 10 INFO neutron.plugins.ml2.plugin [None req-7b52b48e-a412-4fb5-acdf-2f6eb947522b - - - - - -] Attempt 1 to provision port af7d0d78-24e1-41f7-8dc7-c195ab3eb84f
2026-06-23 19:55:03.872 9 INFO neutron.db.ovn_revision_numbers_db [None req-bea4619a-30c6-490e-a6af-2ad10088e699 85eb5fc901d04797becc7de2526e577a 6d2ba0ab986643bbb0bc06741f17d054 - - default default] Successfully bumped revision number for resource af7d0d78-24e1-41f7-8dc7-c195ab3eb84f (type: ports) to 1
2026-06-23 19:55:03.941 9 WARNING neutron.scheduler.dhcp_agent_scheduler [None req-bea4619a-30c6-490e-a6af-2ad10088e699 85eb5fc901d04797becc7de2526e577a 6d2ba0ab986643bbb0bc06741f17d054 - - default default] No more DHCP agents
2026-06-23 19:55:03.943 9 WARNING neutron.api.rpc.agentnotifiers.dhcp_rpc_agent_api [None req-bea4619a-30c6-490e-a6af-2ad10088e699 85eb5fc901d04797becc7de2526e577a 6d2ba0ab986643bbb0bc06741f17d054 - - default default] Unable to schedule network 70bc073a-3def-4f95-8529-f4fe5ef75415: no agents available; will retry on subsequent port and subnet creation events.
2026-06-23 19:55:04.334 9 INFO neutron.db.ovn_revision_numbers_db [None req-bea4619a-30c6-490e-a6af-2ad10088e699 85eb5fc901d04797becc7de2526e577a 6d2ba0ab986643bbb0bc06741f17d054 - - default default] Successfully bumped revision number for resource af7d0d78-24e1-41f7-8dc7-c195ab3eb84f (type: router_ports) to 1
2026-06-23 19:55:04.340 9 INFO neutron.wsgi [None req-bea4619a-30c6-490e-a6af-2ad10088e699 85eb5fc901d04797becc7de2526e577a 6d2ba0ab986643bbb0bc06741f17d054 - - default default] 10.0.0.84 "PUT /v2.0/routers/76c3a446-7921-4f6c-8aff-9d9c54f31505/add_router_interface HTTP/1.1" status: 200 len: 503 time: 2.7818367
2026-06-23 19:55:04.439 10 INFO neutron.db.ovn_revision_numbers_db [None req-7b52b48e-a412-4fb5-acdf-2f6eb947522b - - - - - -] Successfully bumped revision number for resource af7d0d78-24e1-41f7-8dc7-c195ab3eb84f (type: ports) to 2
2026-06-23 19:55:04.596 10 INFO neutron.db.ovn_revision_numbers_db [None req-7b52b48e-a412-4fb5-acdf-2f6eb947522b - - - - - -] Successfully bumped revision number for resource af7d0d78-24e1-41f7-8dc7-c195ab3eb84f (type: router_ports) to 2
2026-06-23 19:55:04.754 10 WARNING neutron_lib.context [None req-ec2da702-cd23-4236-8486-6a8d21249eaf 2d499cd1c800493cbac9e311bf90f56e 8ad1f3009b6540da92bb83604183fa60 - - default default] Method 'is_advsvc' is deprecated since 2023.2 release (neutron-lib 3.8.0) and will be removed once support for the old RBAC API policies will be removed from Neutron. Please use method 'is_service_role' instead.
2026-06-23 19:55:04.911 10 INFO neutron.db.ovn_revision_numbers_db [None req-ec2da702-cd23-4236-8486-6a8d21249eaf 2d499cd1c800493cbac9e311bf90f56e 8ad1f3009b6540da92bb83604183fa60 - - default default] Successfully bumped revision number for resource 5b6a4290-1adb-457c-acca-6127866fad76 (type: security_groups) to 1
2026-06-23 19:55:04.928 10 INFO neutron.db.ovn_revision_numbers_db [None req-ec2da702-cd23-4236-8486-6a8d21249eaf 2d499cd1c800493cbac9e311bf90f56e 8ad1f3009b6540da92bb83604183fa60 - - default default] Successfully bumped revision number for resource 5abb2f2e-e40a-43a7-a87a-0575d865ad4d (type: security_group_rules) to 0
2026-06-23 19:55:04.945 10 INFO neutron.db.ovn_revision_numbers_db [None req-ec2da702-cd23-4236-8486-6a8d21249eaf 2d499cd1c800493cbac9e311bf90f56e 8ad1f3009b6540da92bb83604183fa60 - - default default] Successfully bumped revision number for resource 7f3d928d-da75-4c3d-815e-c6a1377ac004 (type: security_group_rules) to 0
2026-06-23 19:55:04.958 10 INFO neutron.db.ovn_revision_numbers_db [None req-ec2da702-cd23-4236-8486-6a8d21249eaf 2d499cd1c800493cbac9e311bf90f56e 8ad1f3009b6540da92bb83604183fa60 - - default default] Successfully bumped revision number for resource d248336c-4a50-4ab6-9a59-9b23f0376eb8 (type: security_group_rules) to 0
2026-06-23 19:55:04.975 10 INFO neutron.db.ovn_revision_numbers_db [None req-ec2da702-cd23-4236-8486-6a8d21249eaf 2d499cd1c800493cbac9e311bf90f56e 8ad1f3009b6540da92bb83604183fa60 - - default default] Successfully bumped revision number for resource e8d44554-5d6c-4abc-9b4a-338526d52bcf (type: security_group_rules) to 0
2026-06-23 19:55:05.029 10 INFO neutron.db.segments_db [None req-ec2da702-cd23-4236-8486-6a8d21249eaf 2d499cd1c800493cbac9e311bf90f56e 8ad1f3009b6540da92bb83604183fa60 - - default default] Added segment b22d6a30-6e65-43b3-ba13-8f18e6c6eae9 of type geneve for network 6679ff4b-8678-4d08-8800-2c31bd9b5e10
2026-06-23 19:55:05.283 9 WARNING neutron.scheduler.dhcp_agent_scheduler [None req-0b2f1bae-9219-483d-baed-8ebbd672270e 861228cba3a44cd2890019bd346d6093 c098da229a654212a357036d7e53c28c - - default default] No more DHCP agents
2026-06-23 19:55:05.285 9 WARNING neutron.api.rpc.agentnotifiers.dhcp_rpc_agent_api [None req-0b2f1bae-9219-483d-baed-8ebbd672270e 861228cba3a44cd2890019bd346d6093 c098da229a654212a357036d7e53c28c - - default default] Unable to schedule network 9aa2abfd-6281-4bf9-8df1-b8ef24af13c5: no agents available; will retry on subsequent port and subnet creation events.
2026-06-23 19:55:05.412 10 INFO neutron.db.ovn_revision_numbers_db [None req-ec2da702-cd23-4236-8486-6a8d21249eaf 2d499cd1c800493cbac9e311bf90f56e 8ad1f3009b6540da92bb83604183fa60 - - default default] Successfully bumped revision number for resource 6679ff4b-8678-4d08-8800-2c31bd9b5e10 (type: networks) to 1
2026-06-23 19:55:05.441 9 INFO neutron.db.ovn_revision_numbers_db [None req-0b2f1bae-9219-483d-baed-8ebbd672270e 861228cba3a44cd2890019bd346d6093 c098da229a654212a357036d7e53c28c - - default default] Successfully bumped revision number for resource cdb00686-a87b-41d6-8ba2-56cb637e57b7 (type: ports) to 1
2026-06-23 19:55:05.630 10 WARNING neutron.scheduler.dhcp_agent_scheduler [None req-ec2da702-cd23-4236-8486-6a8d21249eaf 2d499cd1c800493cbac9e311bf90f56e 8ad1f3009b6540da92bb83604183fa60 - - default default] No more DHCP agents
2026-06-23 19:55:05.632 10 WARNING neutron.api.rpc.agentnotifiers.dhcp_rpc_agent_api [None req-ec2da702-cd23-4236-8486-6a8d21249eaf 2d499cd1c800493cbac9e311bf90f56e 8ad1f3009b6540da92bb83604183fa60 - - default default] Unable to schedule network 6679ff4b-8678-4d08-8800-2c31bd9b5e10: no agents available; will retry on subsequent port and subnet creation events.
2026-06-23 19:55:05.721 10 INFO neutron.db.ovn_revision_numbers_db [None req-ec2da702-cd23-4236-8486-6a8d21249eaf 2d499cd1c800493cbac9e311bf90f56e 8ad1f3009b6540da92bb83604183fa60 - - default default] Successfully bumped revision number for resource 587bcad5-ed50-4b65-9d35-b3cb8548d549 (type: ports) to 1
2026-06-23 19:55:05.741 9 INFO neutron.db.ovn_revision_numbers_db [None req-0b2f1bae-9219-483d-baed-8ebbd672270e 861228cba3a44cd2890019bd346d6093 c098da229a654212a357036d7e53c28c - - default default] Successfully bumped revision number for resource cdb00686-a87b-41d6-8ba2-56cb637e57b7 (type: ports) to 1
2026-06-23 19:55:05.753 10 INFO neutron.wsgi [None req-ec2da702-cd23-4236-8486-6a8d21249eaf 2d499cd1c800493cbac9e311bf90f56e 8ad1f3009b6540da92bb83604183fa60 - - default default] 10.0.0.84 "POST /v2.0/networks HTTP/1.1" status: 201 len: 838 time: 1.2122297
2026-06-23 19:55:05.767 10 WARNING neutron_lib.context [None req-2f03d911-8961-4a4b-9e17-de00ed5f539b 2d499cd1c800493cbac9e311bf90f56e 8ad1f3009b6540da92bb83604183fa60 - - default default] Method 'is_advsvc' is deprecated since 2023.2 release (neutron-lib 3.8.0) and will be removed once support for the old RBAC API policies will be removed from Neutron. Please use method 'is_service_role' instead.
2026-06-23 19:55:05.831 9 INFO neutron.db.segments_db [None req-0b2f1bae-9219-483d-baed-8ebbd672270e 861228cba3a44cd2890019bd346d6093 c098da229a654212a357036d7e53c28c - - default default] Added segment 7c6e3000-8d62-4ded-9078-cacf0d2c1274 of type geneve for network aedee88d-d6ad-447c-88f7-ef933fa52a66
2026-06-23 19:55:06.072 9 INFO neutron.db.ovn_revision_numbers_db [None req-0b2f1bae-9219-483d-baed-8ebbd672270e 861228cba3a44cd2890019bd346d6093 c098da229a654212a357036d7e53c28c - - default default] Successfully bumped revision number for resource aedee88d-d6ad-447c-88f7-ef933fa52a66 (type: networks) to 1
2026-06-23 19:55:06.082 10 WARNING neutron.scheduler.dhcp_agent_scheduler [None req-2f03d911-8961-4a4b-9e17-de00ed5f539b 2d499cd1c800493cbac9e311bf90f56e 8ad1f3009b6540da92bb83604183fa60 - - default default] No more DHCP agents
2026-06-23 19:55:06.085 10 WARNING neutron.api.rpc.agentnotifiers.dhcp_rpc_agent_api [None req-2f03d911-8961-4a4b-9e17-de00ed5f539b 2d499cd1c800493cbac9e311bf90f56e 8ad1f3009b6540da92bb83604183fa60 - - default default] Unable to schedule network 6679ff4b-8678-4d08-8800-2c31bd9b5e10: no agents available; will retry on subsequent port and subnet creation events.
2026-06-23 19:55:06.260 9 WARNING neutron.scheduler.dhcp_agent_scheduler [None req-0b2f1bae-9219-483d-baed-8ebbd672270e 861228cba3a44cd2890019bd346d6093 c098da229a654212a357036d7e53c28c - - default default] No more DHCP agents
2026-06-23 19:55:06.264 9 WARNING neutron.api.rpc.agentnotifiers.dhcp_rpc_agent_api [None req-0b2f1bae-9219-483d-baed-8ebbd672270e 861228cba3a44cd2890019bd346d6093 c098da229a654212a357036d7e53c28c - - default default] Unable to schedule network aedee88d-d6ad-447c-88f7-ef933fa52a66: no agents available; will retry on subsequent port and subnet creation events.
2026-06-23 19:55:06.375 9 INFO neutron.db.ovn_revision_numbers_db [None req-0b2f1bae-9219-483d-baed-8ebbd672270e 861228cba3a44cd2890019bd346d6093 c098da229a654212a357036d7e53c28c - - default default] Successfully bumped revision number for resource 72fb7901-4f7f-4a06-a5a4-c3c3303deb65 (type: ports) to 1
2026-06-23 19:55:06.513 9 WARNING neutron.scheduler.dhcp_agent_scheduler [None req-0b2f1bae-9219-483d-baed-8ebbd672270e 861228cba3a44cd2890019bd346d6093 c098da229a654212a357036d7e53c28c - - default default] No more DHCP agents
2026-06-23 19:55:06.515 9 WARNING neutron.api.rpc.agentnotifiers.dhcp_rpc_agent_api [None req-0b2f1bae-9219-483d-baed-8ebbd672270e 861228cba3a44cd2890019bd346d6093 c098da229a654212a357036d7e53c28c - - default default] Unable to schedule network aedee88d-d6ad-447c-88f7-ef933fa52a66: no agents available; will retry on subsequent port and subnet creation events.
2026-06-23 19:55:06.559 9 INFO neutron.db.ovn_revision_numbers_db [None req-0b2f1bae-9219-483d-baed-8ebbd672270e 861228cba3a44cd2890019bd346d6093 c098da229a654212a357036d7e53c28c - - default default] Successfully bumped revision number for resource 6cc47d49-16a3-45a9-9e78-74a90281a32f (type: subnets) to 0
2026-06-23 19:55:06.676 10 INFO neutron.db.ovn_revision_numbers_db [None req-2f03d911-8961-4a4b-9e17-de00ed5f539b 2d499cd1c800493cbac9e311bf90f56e 8ad1f3009b6540da92bb83604183fa60 - - default default] Successfully bumped revision number for resource 587bcad5-ed50-4b65-9d35-b3cb8548d549 (type: ports) to 2
2026-06-23 19:55:06.708 10 INFO neutron.db.ovn_revision_numbers_db [None req-2f03d911-8961-4a4b-9e17-de00ed5f539b 2d499cd1c800493cbac9e311bf90f56e 8ad1f3009b6540da92bb83604183fa60 - - default default] Successfully bumped revision number for resource 175b06cb-e8da-4598-91ad-aa1735e95281 (type: subnets) to 0
2026-06-23 19:55:06.727 10 INFO neutron.wsgi [None req-2f03d911-8961-4a4b-9e17-de00ed5f539b 2d499cd1c800493cbac9e311bf90f56e 8ad1f3009b6540da92bb83604183fa60 - - default default] 10.0.0.84 "POST /v2.0/subnets HTTP/1.1" status: 201 len: 832 time: 0.9659657
2026-06-23 19:55:06.793 10 INFO neutron.wsgi [None req-fb2cf53a-1140-45ae-aa44-192a7592bb65 06aad86fcc04466a94efefe40463a59b e942ada5a56f4835a321f403b9f3fc12 - - default default] 10.0.0.84 "GET /v2.0/subnetpools?name=shared-default-subnetpool-v6 HTTP/1.1" status: 200 len: 212 time: 0.0601430
2026-06-23 19:55:06.805 10 WARNING neutron_lib.context [None req-1e8cd1c8-2868-4c92-bdb2-5504c505fc0e 2d499cd1c800493cbac9e311bf90f56e 8ad1f3009b6540da92bb83604183fa60 - - default default] Method 'is_advsvc' is deprecated since 2023.2 release (neutron-lib 3.8.0) and will be removed once support for the old RBAC API policies will be removed from Neutron. Please use method 'is_service_role' instead.
2026-06-23 19:55:07.040 9 WARNING neutron.scheduler.dhcp_agent_scheduler [None req-0b2f1bae-9219-483d-baed-8ebbd672270e 861228cba3a44cd2890019bd346d6093 c098da229a654212a357036d7e53c28c - - default default] No more DHCP agents
2026-06-23 19:55:07.041 9 WARNING neutron.api.rpc.agentnotifiers.dhcp_rpc_agent_api [None req-0b2f1bae-9219-483d-baed-8ebbd672270e 861228cba3a44cd2890019bd346d6093 c098da229a654212a357036d7e53c28c - - default default] Unable to schedule network aedee88d-d6ad-447c-88f7-ef933fa52a66: no agents available; will retry on subsequent port and subnet creation events.
2026-06-23 19:55:07.086 10 WARNING neutron.scheduler.dhcp_agent_scheduler [None req-1e8cd1c8-2868-4c92-bdb2-5504c505fc0e 2d499cd1c800493cbac9e311bf90f56e 8ad1f3009b6540da92bb83604183fa60 - - default default] No more DHCP agents
2026-06-23 19:55:07.088 10 WARNING neutron.api.rpc.agentnotifiers.dhcp_rpc_agent_api [None req-1e8cd1c8-2868-4c92-bdb2-5504c505fc0e 2d499cd1c800493cbac9e311bf90f56e 8ad1f3009b6540da92bb83604183fa60 - - default default] Unable to schedule network 6679ff4b-8678-4d08-8800-2c31bd9b5e10: no agents available; will retry on subsequent port and subnet creation events.
2026-06-23 19:55:07.122 10 INFO neutron.db.ovn_revision_numbers_db [None req-1e8cd1c8-2868-4c92-bdb2-5504c505fc0e 2d499cd1c800493cbac9e311bf90f56e 8ad1f3009b6540da92bb83604183fa60 - - default default] Successfully bumped revision number for resource 1c43840e-273e-40f5-a102-14bd55e2213e (type: subnets) to 0
2026-06-23 19:55:07.150 10 INFO neutron.wsgi [None req-1e8cd1c8-2868-4c92-bdb2-5504c505fc0e 2d499cd1c800493cbac9e311bf90f56e 8ad1f3009b6540da92bb83604183fa60 - - default default] 10.0.0.84 "POST /v2.0/subnets HTTP/1.1" status: 201 len: 906 time: 0.3503804
2026-06-23 19:55:07.161 10 WARNING neutron_lib.context [None req-f6476a2f-e49c-4754-a433-f0b3c8cc1e04 2d499cd1c800493cbac9e311bf90f56e 8ad1f3009b6540da92bb83604183fa60 - - default default] Method 'is_advsvc' is deprecated since 2023.2 release (neutron-lib 3.8.0) and will be removed once support for the old RBAC API policies will be removed from Neutron. Please use method 'is_service_role' instead.
2026-06-23 19:55:07.205 9 INFO neutron.db.ovn_revision_numbers_db [None req-0b2f1bae-9219-483d-baed-8ebbd672270e 861228cba3a44cd2890019bd346d6093 c098da229a654212a357036d7e53c28c - - default default] Successfully bumped revision number for resource 6a2e67d2-c4ed-4fc3-a045-155b9236b7ef (type: ports) to 1
2026-06-23 19:55:07.259 10 INFO neutron.db.segments_db [None req-f6476a2f-e49c-4754-a433-f0b3c8cc1e04 2d499cd1c800493cbac9e311bf90f56e 8ad1f3009b6540da92bb83604183fa60 - - default default] Added segment 97d4da71-f0d9-4a8c-bd45-534c158d2c43 of type geneve for network b60e1f7c-0074-4d27-ba9e-8178a65fe9ec
2026-06-23 19:55:07.403 10 INFO neutron.db.ovn_revision_numbers_db [None req-f6476a2f-e49c-4754-a433-f0b3c8cc1e04 2d499cd1c800493cbac9e311bf90f56e 8ad1f3009b6540da92bb83604183fa60 - - default default] Successfully bumped revision number for resource b60e1f7c-0074-4d27-ba9e-8178a65fe9ec (type: networks) to 1
2026-06-23 19:55:07.620 10 WARNING neutron.scheduler.dhcp_agent_scheduler [None req-f6476a2f-e49c-4754-a433-f0b3c8cc1e04 2d499cd1c800493cbac9e311bf90f56e 8ad1f3009b6540da92bb83604183fa60 - - default default] No more DHCP agents
2026-06-23 19:55:07.623 10 WARNING neutron.api.rpc.agentnotifiers.dhcp_rpc_agent_api [None req-f6476a2f-e49c-4754-a433-f0b3c8cc1e04 2d499cd1c800493cbac9e311bf90f56e 8ad1f3009b6540da92bb83604183fa60 - - default default] Unable to schedule network b60e1f7c-0074-4d27-ba9e-8178a65fe9ec: no agents available; will retry on subsequent port and subnet creation events.
2026-06-23 19:55:07.720 10 INFO neutron.db.ovn_revision_numbers_db [None req-f6476a2f-e49c-4754-a433-f0b3c8cc1e04 2d499cd1c800493cbac9e311bf90f56e 8ad1f3009b6540da92bb83604183fa60 - - default default] Successfully bumped revision number for resource e4da850b-95e9-4df6-8377-a819092275b6 (type: ports) to 1
2026-06-23 19:55:07.745 10 INFO neutron.wsgi [None req-f6476a2f-e49c-4754-a433-f0b3c8cc1e04 2d499cd1c800493cbac9e311bf90f56e 8ad1f3009b6540da92bb83604183fa60 - - default default] 10.0.0.84 "POST /v2.0/networks HTTP/1.1" status: 201 len: 837 time: 0.5891676
2026-06-23 19:55:07.765 10 WARNING neutron_lib.context [None req-2ac9b089-6937-45af-ae70-329bb5d6aef8 2d499cd1c800493cbac9e311bf90f56e 8ad1f3009b6540da92bb83604183fa60 - - default default] Method 'is_advsvc' is deprecated since 2023.2 release (neutron-lib 3.8.0) and will be removed once support for the old RBAC API policies will be removed from Neutron. Please use method 'is_service_role' instead.
2026-06-23 19:55:08.042 10 WARNING neutron.scheduler.dhcp_agent_scheduler [None req-2ac9b089-6937-45af-ae70-329bb5d6aef8 2d499cd1c800493cbac9e311bf90f56e 8ad1f3009b6540da92bb83604183fa60 - - default default] No more DHCP agents
2026-06-23 19:55:08.046 10 WARNING neutron.api.rpc.agentnotifiers.dhcp_rpc_agent_api [None req-2ac9b089-6937-45af-ae70-329bb5d6aef8 2d499cd1c800493cbac9e311bf90f56e 8ad1f3009b6540da92bb83604183fa60 - - default default] Unable to schedule network b60e1f7c-0074-4d27-ba9e-8178a65fe9ec: no agents available; will retry on subsequent port and subnet creation events.
2026-06-23 19:55:08.071 9 ERROR ovsdbapp.backend.ovs_idl.command [None req-0b2f1bae-9219-483d-baed-8ebbd672270e 861228cba3a44cd2890019bd346d6093 c098da229a654212a357036d7e53c28c - - default default] Error executing command (DbGetCommand): ovsdbapp.backend.ovs_idl.idlutils.RowNotFound: Cannot find Logical_Router_Port with name=lrp-6a2e67d2-c4ed-4fc3-a045-155b9236b7ef
2026-06-23 19:55:08.071 9 ERROR ovsdbapp.backend.ovs_idl.command
Traceback (most recent call last):
2026-06-23 19:55:08.071 9 ERROR ovsdbapp.backend.ovs_idl.command
File "/var/lib/openstack/lib/python3.10/site-packages/ovsdbapp/backend/ovs_idl/command.py", line 47, in execute
2026-06-23 19:55:08.071 9 ERROR ovsdbapp.backend.ovs_idl.command self.run_idl(None)
2026-06-23 19:55:08.071 9 ERROR ovsdbapp.backend.ovs_idl.command
File "/var/lib/openstack/lib/python3.10/site-packages/ovsdbapp/backend/ovs_idl/command.py", line 235, in run_idl
2026-06-23 19:55:08.071 9 ERROR ovsdbapp.backend.ovs_idl.command record = self.api.lookup(self.table, self.record)
2026-06-23 19:55:08.071 9 ERROR ovsdbapp.backend.ovs_idl.command
File "/var/lib/openstack/lib/python3.10/site-packages/ovsdbapp/backend/ovs_idl/__init__.py", line 184, in lookup
2026-06-23 19:55:08.071 9 ERROR ovsdbapp.backend.ovs_idl.command return self._lookup(table, record)
2026-06-23 19:55:08.071 9 ERROR ovsdbapp.backend.ovs_idl.command
File "/var/lib/openstack/lib/python3.10/site-packages/ovsdbapp/backend/ovs_idl/__init__.py", line 235, in _lookup
2026-06-23 19:55:08.071 9 ERROR ovsdbapp.backend.ovs_idl.command row = idlutils.row_by_value(self, rl.table, rl.column, record)
2026-06-23 19:55:08.071 9 ERROR ovsdbapp.backend.ovs_idl.command
File "/var/lib/openstack/lib/python3.10/site-packages/ovsdbapp/backend/ovs_idl/idlutils.py", line 114, in row_by_value
2026-06-23 19:55:08.071 9 ERROR ovsdbapp.backend.ovs_idl.command raise RowNotFound(table=table, col=column, match=match)
2026-06-23 19:55:08.071 9 ERROR ovsdbapp.backend.ovs_idl.command ovsdbapp.backend.ovs_idl.idlutils.RowNotFound: Cannot find Logical_Router_Port with name=lrp-6a2e67d2-c4ed-4fc3-a045-155b9236b7ef
2026-06-23 19:55:08.071 9 ERROR ovsdbapp.backend.ovs_idl.command 
2026-06-23 19:55:08.072 9 ERROR neutron_lib.callbacks.manager [None req-0b2f1bae-9219-483d-baed-8ebbd672270e 861228cba3a44cd2890019bd346d6093 c098da229a654212a357036d7e53c28c - - default default] Error during notification for neutron.services.ovn_l3.plugin.OVNL3RouterPlugin._port_update-8789294830310 port, after_update: ovsdbapp.backend.ovs_idl.idlutils.RowNotFound: Cannot find Logical_Router_Port with name=lrp-6a2e67d2-c4ed-4fc3-a045-155b9236b7ef
2026-06-23 19:55:08.072 9 ERROR neutron_lib.callbacks.manager
Traceback (most recent call last):
2026-06-23 19:55:08.072 9 ERROR neutron_lib.callbacks.manager
File "/var/lib/openstack/lib/python3.10/site-packages/neutron_lib/callbacks/manager.py", line 189, in _notify_loop
2026-06-23 19:55:08.072 9 ERROR neutron_lib.callbacks.manager callback.method(resource, event, trigger, payload=payload)
2026-06-23 19:55:08.072 9 ERROR neutron_lib.callbacks.manager
File "/var/lib/openstack/lib/python3.10/site-packages/neutron/services/ovn_l3/plugin.py", line 391, in _port_update
2026-06-23 19:55:08.072 9 ERROR neutron_lib.callbacks.manager l3plugin._ovn_client.update_router_port(context,
2026-06-23 19:55:08.072 9 ERROR neutron_lib.callbacks.manager
File "/var/lib/openstack/lib/python3.10/site-packages/neutron/plugins/ml2/drivers/ovn/mech_driver/ovsdb/ovn_client.py", line 1878, in update_router_port
2026-06-23 19:55:08.072 9 ERROR neutron_lib.callbacks.manager self._update_lrouter_port(context, port, if_exists=if_exists,
2026-06-23 19:55:08.072 9 ERROR neutron_lib.callbacks.manager
File "/var/lib/openstack/lib/python3.10/site-packages/neutron/plugins/ml2/drivers/ovn/mech_driver/ovsdb/ovn_client.py", line 1855, in _update_lrouter_port
2026-06-23 19:55:08.072 9 ERROR neutron_lib.callbacks.manager external_ids = self._nb_idl.db_get(
2026-06-23 19:55:08.072 9 ERROR neutron_lib.callbacks.manager
File "/var/lib/openstack/lib/python3.10/site-packages/ovsdbapp/backend/ovs_idl/command.py", line 47, in execute
2026-06-23 19:55:08.072 9 ERROR neutron_lib.callbacks.manager self.run_idl(None)
2026-06-23 19:55:08.072 9 ERROR neutron_lib.callbacks.manager
File "/var/lib/openstack/lib/python3.10/site-packages/ovsdbapp/backend/ovs_idl/command.py", line 235, in run_idl
2026-06-23 19:55:08.072 9 ERROR neutron_lib.callbacks.manager record = self.api.lookup(self.table, self.record)
2026-06-23 19:55:08.072 9 ERROR neutron_lib.callbacks.manager
File "/var/lib/openstack/lib/python3.10/site-packages/ovsdbapp/backend/ovs_idl/__init__.py", line 184, in lookup
2026-06-23 19:55:08.072 9 ERROR neutron_lib.callbacks.manager return self._lookup(table, record)
2026-06-23 19:55:08.072 9 ERROR neutron_lib.callbacks.manager
File "/var/lib/openstack/lib/python3.10/site-packages/ovsdbapp/backend/ovs_idl/__init__.py", line 235, in _lookup
2026-06-23 19:55:08.072 9 ERROR neutron_lib.callbacks.manager row = idlutils.row_by_value(self, rl.table, rl.column, record)
2026-06-23 19:55:08.072 9 ERROR neutron_lib.callbacks.manager
File "/var/lib/openstack/lib/python3.10/site-packages/ovsdbapp/backend/ovs_idl/idlutils.py", line 114, in row_by_value
2026-06-23 19:55:08.072 9 ERROR neutron_lib.callbacks.manager raise RowNotFound(table=table, col=column, match=match)
2026-06-23 19:55:08.072 9 ERROR neutron_lib.callbacks.manager ovsdbapp.backend.ovs_idl.idlutils.RowNotFound: Cannot find Logical_Router_Port with name=lrp-6a2e67d2-c4ed-4fc3-a045-155b9236b7ef
2026-06-23 19:55:08.072 9 ERROR neutron_lib.callbacks.manager 
2026-06-23 19:55:08.296 9 INFO neutron.db.ovn_revision_numbers_db [None req-0b2f1bae-9219-483d-baed-8ebbd672270e 861228cba3a44cd2890019bd346d6093 c098da229a654212a357036d7e53c28c - - default default] Successfully bumped revision number for resource 6a2e67d2-c4ed-4fc3-a045-155b9236b7ef (type: ports) to 1
2026-06-23 19:55:08.366 9 WARNING neutron.scheduler.dhcp_agent_scheduler [None req-0b2f1bae-9219-483d-baed-8ebbd672270e 861228cba3a44cd2890019bd346d6093 c098da229a654212a357036d7e53c28c - - default default] No more DHCP agents
2026-06-23 19:55:08.367 9 WARNING neutron.api.rpc.agentnotifiers.dhcp_rpc_agent_api [None req-0b2f1bae-9219-483d-baed-8ebbd672270e 861228cba3a44cd2890019bd346d6093 c098da229a654212a357036d7e53c28c - - default default] Unable to schedule network aedee88d-d6ad-447c-88f7-ef933fa52a66: no agents available; will retry on subsequent port and subnet creation events.
2026-06-23 19:55:08.589 10 INFO neutron.db.ovn_revision_numbers_db [None req-2ac9b089-6937-45af-ae70-329bb5d6aef8 2d499cd1c800493cbac9e311bf90f56e 8ad1f3009b6540da92bb83604183fa60 - - default default] Successfully bumped revision number for resource e4da850b-95e9-4df6-8377-a819092275b6 (type: ports) to 2
2026-06-23 19:55:08.620 10 INFO neutron.db.ovn_revision_numbers_db [None req-2ac9b089-6937-45af-ae70-329bb5d6aef8 2d499cd1c800493cbac9e311bf90f56e 8ad1f3009b6540da92bb83604183fa60 - - default default] Successfully bumped revision number for resource 9540da40-6255-4fb3-8104-66b92e0703ae (type: subnets) to 0
2026-06-23 19:55:08.636 10 INFO neutron.wsgi [None req-2ac9b089-6937-45af-ae70-329bb5d6aef8 2d499cd1c800493cbac9e311bf90f56e 8ad1f3009b6540da92bb83604183fa60 - - default default] 10.0.0.84 "POST /v2.0/subnets HTTP/1.1" status: 201 len: 831 time: 0.8789153
2026-06-23 19:55:08.646 10 WARNING neutron_lib.context [None req-8001d2c0-efd8-4b1e-a8e6-54d0db974579 2d499cd1c800493cbac9e311bf90f56e 8ad1f3009b6540da92bb83604183fa60 - - default default] Method 'is_advsvc' is deprecated since 2023.2 release (neutron-lib 3.8.0) and will be removed once support for the old RBAC API policies will be removed from Neutron. Please use method 'is_service_role' instead.
2026-06-23 19:55:08.716 9 WARNING neutron.plugins.ml2.drivers.ovn.mech_driver.ovsdb.ovn_client [None req-417f25e2-76d0-457c-9acd-6e14122ef163 - - - - - -] No hosting information found for port 86c5980c-fae0-44e3-a789-ebe0debae110: RuntimeError: No hosting information found for port 86c5980c-fae0-44e3-a789-ebe0debae110
2026-06-23 19:55:08.716 9 INFO neutron.plugins.ml2.drivers.ovn.mech_driver.mech_driver [None req-417f25e2-76d0-457c-9acd-6e14122ef163 - - - - - -] OVN reports status up for port: 6a2e67d2-c4ed-4fc3-a045-155b9236b7ef
2026-06-23 19:55:08.732 9 INFO neutron.plugins.ml2.plugin [None req-417f25e2-76d0-457c-9acd-6e14122ef163 - - - - - -] Attempt 1 to provision port 6a2e67d2-c4ed-4fc3-a045-155b9236b7ef
2026-06-23 19:55:08.949 10 WARNING neutron.scheduler.dhcp_agent_scheduler [None req-8001d2c0-efd8-4b1e-a8e6-54d0db974579 2d499cd1c800493cbac9e311bf90f56e 8ad1f3009b6540da92bb83604183fa60 - - default default] No more DHCP agents
2026-06-23 19:55:08.953 10 WARNING neutron.api.rpc.agentnotifiers.dhcp_rpc_agent_api [None req-8001d2c0-efd8-4b1e-a8e6-54d0db974579 2d499cd1c800493cbac9e311bf90f56e 8ad1f3009b6540da92bb83604183fa60 - - default default] Unable to schedule network b60e1f7c-0074-4d27-ba9e-8178a65fe9ec: no agents available; will retry on subsequent port and subnet creation events.
2026-06-23 19:55:09.008 10 INFO neutron.db.ovn_revision_numbers_db [None req-8001d2c0-efd8-4b1e-a8e6-54d0db974579 2d499cd1c800493cbac9e311bf90f56e 8ad1f3009b6540da92bb83604183fa60 - - default default] Successfully bumped revision number for resource ce9e2d0a-eb01-409b-a224-263c30a9b771 (type: subnets) to 0
2026-06-23 19:55:09.034 10 INFO neutron.wsgi [None req-8001d2c0-efd8-4b1e-a8e6-54d0db974579 2d499cd1c800493cbac9e311bf90f56e 8ad1f3009b6540da92bb83604183fa60 - - default default] 10.0.0.84 "POST /v2.0/subnets HTTP/1.1" status: 201 len: 901 time: 0.3938348
2026-06-23 19:55:09.047 10 WARNING neutron_lib.context [None req-ead8b611-4834-426f-b680-331b05bf470f 2d499cd1c800493cbac9e311bf90f56e 8ad1f3009b6540da92bb83604183fa60 - - default default] Method 'is_advsvc' is deprecated since 2023.2 release (neutron-lib 3.8.0) and will be removed once support for the old RBAC API policies will be removed from Neutron. Please use method 'is_service_role' instead.
2026-06-23 19:55:09.106 9 INFO neutron.db.ovn_revision_numbers_db [None req-0b2f1bae-9219-483d-baed-8ebbd672270e 861228cba3a44cd2890019bd346d6093 c098da229a654212a357036d7e53c28c - - default default] Successfully bumped revision number for resource 6a2e67d2-c4ed-4fc3-a045-155b9236b7ef (type: router_ports) to 1
2026-06-23 19:55:09.140 10 INFO neutron.db.segments_db [None req-ead8b611-4834-426f-b680-331b05bf470f 2d499cd1c800493cbac9e311bf90f56e 8ad1f3009b6540da92bb83604183fa60 - - default default] Added segment c794d998-8bd1-422f-9da8-fd802757d268 of type geneve for network ab8f204c-4de5-40d9-b7a7-c25aad7235df
2026-06-23 19:55:09.284 9 INFO neutron.db.ovn_revision_numbers_db [None req-417f25e2-76d0-457c-9acd-6e14122ef163 - - - - - -] Successfully bumped revision number for resource 6a2e67d2-c4ed-4fc3-a045-155b9236b7ef (type: ports) to 2
2026-06-23 19:55:09.304 10 INFO neutron.db.ovn_revision_numbers_db [None req-ead8b611-4834-426f-b680-331b05bf470f 2d499cd1c800493cbac9e311bf90f56e 8ad1f3009b6540da92bb83604183fa60 - - default default] Successfully bumped revision number for resource ab8f204c-4de5-40d9-b7a7-c25aad7235df (type: networks) to 1
2026-06-23 19:55:09.400 9 WARNING neutron.scheduler.dhcp_agent_scheduler [None req-5f7a250a-eadb-4ef9-a0b5-f8e37313ebec - - - - - -] No more DHCP agents
2026-06-23 19:55:09.404 9 WARNING neutron.api.rpc.agentnotifiers.dhcp_rpc_agent_api [None req-5f7a250a-eadb-4ef9-a0b5-f8e37313ebec - - - - - -] Unable to schedule network aedee88d-d6ad-447c-88f7-ef933fa52a66: no agents available; will retry on subsequent port and subnet creation events.
2026-06-23 19:55:09.468 9 INFO neutron.db.ovn_revision_numbers_db [None req-417f25e2-76d0-457c-9acd-6e14122ef163 - - - - - -] Successfully bumped revision number for resource 6a2e67d2-c4ed-4fc3-a045-155b9236b7ef (type: router_ports) to 2
2026-06-23 19:55:09.512 10 WARNING neutron.scheduler.dhcp_agent_scheduler [None req-ead8b611-4834-426f-b680-331b05bf470f 2d499cd1c800493cbac9e311bf90f56e 8ad1f3009b6540da92bb83604183fa60 - - default default] No more DHCP agents
2026-06-23 19:55:09.514 10 WARNING neutron.api.rpc.agentnotifiers.dhcp_rpc_agent_api [None req-ead8b611-4834-426f-b680-331b05bf470f 2d499cd1c800493cbac9e311bf90f56e 8ad1f3009b6540da92bb83604183fa60 - - default default] Unable to schedule network ab8f204c-4de5-40d9-b7a7-c25aad7235df: no agents available; will retry on subsequent port and subnet creation events.
2026-06-23 19:55:09.616 9 INFO neutron.db.ovn_revision_numbers_db [None req-5f7a250a-eadb-4ef9-a0b5-f8e37313ebec - - - - - -] Successfully bumped revision number for resource 6732c528-e4be-4d0c-bc46-cf818b44a205 (type: ports) to 1
2026-06-23 19:55:09.639 10 INFO neutron.db.ovn_revision_numbers_db [None req-ead8b611-4834-426f-b680-331b05bf470f 2d499cd1c800493cbac9e311bf90f56e 8ad1f3009b6540da92bb83604183fa60 - - default default] Successfully bumped revision number for resource ea32e616-7edb-4b11-9c9d-0b1ddcf00d76 (type: ports) to 1
2026-06-23 19:55:09.669 10 INFO neutron.wsgi [None req-ead8b611-4834-426f-b680-331b05bf470f 2d499cd1c800493cbac9e311bf90f56e 8ad1f3009b6540da92bb83604183fa60 - - default default] 10.0.0.84 "POST /v2.0/networks HTTP/1.1" status: 201 len: 837 time: 0.6280320
2026-06-23 19:55:09.681 9 WARNING neutron_lib.context [None req-b04622c3-9cea-4446-ac4d-12c2016e57dd 2d499cd1c800493cbac9e311bf90f56e 8ad1f3009b6540da92bb83604183fa60 - - default default] Method 'is_advsvc' is deprecated since 2023.2 release (neutron-lib 3.8.0) and will be removed once support for the old RBAC API policies will be removed from Neutron. Please use method 'is_service_role' instead.
2026-06-23 19:55:09.748 10 WARNING neutron.plugins.ml2.drivers.ovn.mech_driver.ovsdb.ovn_client [None req-7b52b48e-a412-4fb5-acdf-2f6eb947522b - - - - - -] No hosting information found for port af7d0d78-24e1-41f7-8dc7-c195ab3eb84f: RuntimeError: No hosting information found for port af7d0d78-24e1-41f7-8dc7-c195ab3eb84f
2026-06-23 19:55:10.216 9 INFO neutron.db.ovn_revision_numbers_db [None req-5f7a250a-eadb-4ef9-a0b5-f8e37313ebec - - - - - -] Successfully bumped revision number for resource 6732c528-e4be-4d0c-bc46-cf818b44a205 (type: ports) to 1
2026-06-23 19:55:10.350 9 WARNING neutron.scheduler.dhcp_agent_scheduler [None req-b04622c3-9cea-4446-ac4d-12c2016e57dd 2d499cd1c800493cbac9e311bf90f56e 8ad1f3009b6540da92bb83604183fa60 - - default default] No more DHCP agents
2026-06-23 19:55:10.362 9 WARNING neutron.api.rpc.agentnotifiers.dhcp_rpc_agent_api [None req-b04622c3-9cea-4446-ac4d-12c2016e57dd 2d499cd1c800493cbac9e311bf90f56e 8ad1f3009b6540da92bb83604183fa60 - - default default] Unable to schedule network ab8f204c-4de5-40d9-b7a7-c25aad7235df: no agents available; will retry on subsequent port and subnet creation events.
2026-06-23 19:55:10.512 9 INFO neutron.wsgi [None req-0b2f1bae-9219-483d-baed-8ebbd672270e 861228cba3a44cd2890019bd346d6093 c098da229a654212a357036d7e53c28c - - default default] 10.0.0.84 "POST /v2.0/vpn/vpnservices HTTP/1.1" status: 201 len: 657 time: 6.1647823
2026-06-23 19:55:10.527 10 INFO neutron.wsgi [None req-67b32cf3-6363-4d6f-b75f-ca0d7bb4c501 85eb5fc901d04797becc7de2526e577a 6d2ba0ab986643bbb0bc06741f17d054 - - default default] 10.0.0.84 "GET /v2.0/vpn/vpnservices HTTP/1.1" status: 200 len: 1500 time: 0.0099623
2026-06-23 19:55:10.954 9 INFO neutron.db.ovn_revision_numbers_db [None req-b04622c3-9cea-4446-ac4d-12c2016e57dd 2d499cd1c800493cbac9e311bf90f56e 8ad1f3009b6540da92bb83604183fa60 - - default default] Successfully bumped revision number for resource ea32e616-7edb-4b11-9c9d-0b1ddcf00d76 (type: ports) to 2
2026-06-23 19:55:10.989 9 INFO neutron.db.ovn_revision_numbers_db [None req-b04622c3-9cea-4446-ac4d-12c2016e57dd 2d499cd1c800493cbac9e311bf90f56e 8ad1f3009b6540da92bb83604183fa60 - - default default] Successfully bumped revision number for resource 7a49f25e-e67e-484b-9648-90cba675af3d (type: subnets) to 0
2026-06-23 19:55:11.010 9 INFO neutron.wsgi [None req-b04622c3-9cea-4446-ac4d-12c2016e57dd 2d499cd1c800493cbac9e311bf90f56e 8ad1f3009b6540da92bb83604183fa60 - - default default] 10.0.0.84 "POST /v2.0/subnets HTTP/1.1" status: 201 len: 830 time: 1.3357782
2026-06-23 19:55:11.017 9 WARNING neutron_lib.context [None req-ce70b8d1-5fc1-4131-8858-d5eaa5f28073 2d499cd1c800493cbac9e311bf90f56e 8ad1f3009b6540da92bb83604183fa60 - - default default] Method 'is_advsvc' is deprecated since 2023.2 release (neutron-lib 3.8.0) and will be removed once support for the old RBAC API policies will be removed from Neutron. Please use method 'is_service_role' instead.
2026-06-23 19:55:11.277 9 WARNING neutron.scheduler.dhcp_agent_scheduler [None req-ce70b8d1-5fc1-4131-8858-d5eaa5f28073 2d499cd1c800493cbac9e311bf90f56e 8ad1f3009b6540da92bb83604183fa60 - - default default] No more DHCP agents
2026-06-23 19:55:11.280 9 WARNING neutron.api.rpc.agentnotifiers.dhcp_rpc_agent_api [None req-ce70b8d1-5fc1-4131-8858-d5eaa5f28073 2d499cd1c800493cbac9e311bf90f56e 8ad1f3009b6540da92bb83604183fa60 - - default default] Unable to schedule network ab8f204c-4de5-40d9-b7a7-c25aad7235df: no agents available; will retry on subsequent port and subnet creation events.
2026-06-23 19:55:11.328 9 INFO neutron.db.ovn_revision_numbers_db [None req-ce70b8d1-5fc1-4131-8858-d5eaa5f28073 2d499cd1c800493cbac9e311bf90f56e 8ad1f3009b6540da92bb83604183fa60 - - default default] Successfully bumped revision number for resource bd8412fb-fcca-431c-a9e1-914a6b3852b7 (type: subnets) to 0
2026-06-23 19:55:11.348 9 INFO neutron.wsgi [None req-ce70b8d1-5fc1-4131-8858-d5eaa5f28073 2d499cd1c800493cbac9e311bf90f56e 8ad1f3009b6540da92bb83604183fa60 - - default default] 10.0.0.84 "POST /v2.0/subnets HTTP/1.1" status: 201 len: 905 time: 0.3362324
