2026-06-23 19:51:16.312 10 WARNING neutron.api.rpc.agentnotifiers.dhcp_rpc_agent_api [None req-72c11acb-c433-4647-b431-7d8aff998199 dd03f1e6eb9548279a3a08a1f8d6f6e6 7e57a0bb6e7a470893e6e45ce8442e2c - - default default] Unable to schedule network 9aa2abfd-6281-4bf9-8df1-b8ef24af13c5: no agents available; will retry on subsequent port and subnet creation events.
2026-06-23 19:51:16.551 10 INFO neutron.db.ovn_revision_numbers_db [None req-72c11acb-c433-4647-b431-7d8aff998199 dd03f1e6eb9548279a3a08a1f8d6f6e6 7e57a0bb6e7a470893e6e45ce8442e2c - - default default] Successfully bumped revision number for resource a9c3ed7c-bd69-421b-a231-55ad5808815e (type: ports) to 1
2026-06-23 19:51:16.821 9 INFO neutron.wsgi [None req-8ac59b21-6322-4545-aad4-60ab924bd185 a31c0b19640649fa84ae341ab29895db 99b28d347991496397d4054a5a8121ba - - default default] 10.0.0.84 "GET /v2.0/ports/5b454ce3-25e0-4b04-bab9-f764041fa494 HTTP/1.1" status: 200 len: 1149 time: 0.0401866
2026-06-23 19:51:16.921 9 WARNING neutron_lib.context [None req-45ab96ab-7b71-49f8-a876-dd094e34ea0f 4d8ff778d6fa4d3ea0ecb627551c91c7 e8c13c5708e14282bda439f9f0b43795 - - default default] Method 'is_advsvc' is deprecated since 2023.2 release (neutron-lib 3.8.0) and will be removed once support for the old RBAC API policies will be removed from Neutron. Please use method 'is_service_role' instead.
2026-06-23 19:51:16.921 9 WARNING neutron_lib.context [None req-45ab96ab-7b71-49f8-a876-dd094e34ea0f 4d8ff778d6fa4d3ea0ecb627551c91c7 e8c13c5708e14282bda439f9f0b43795 - - default default] Method 'is_advsvc' is deprecated since 2023.2 release (neutron-lib 3.8.0) and will be removed once support for the old RBAC API policies will be removed from Neutron. Please use method 'is_service_role' instead.
2026-06-23 19:51:17.109 9 INFO neutron.db.ovn_revision_numbers_db [None req-45ab96ab-7b71-49f8-a876-dd094e34ea0f 4d8ff778d6fa4d3ea0ecb627551c91c7 e8c13c5708e14282bda439f9f0b43795 - - default default] Successfully bumped revision number for resource 52a209c8-b29a-476e-9371-afdc9c9ebd7d (type: security_groups) to 1
2026-06-23 19:51:17.119 10 INFO neutron.db.ovn_revision_numbers_db [None req-7b52b48e-a412-4fb5-acdf-2f6eb947522b - - - - - -] Successfully bumped revision number for resource 5b454ce3-25e0-4b04-bab9-f764041fa494 (type: ports) to 2
2026-06-23 19:51:17.130 9 INFO neutron.db.ovn_revision_numbers_db [None req-45ab96ab-7b71-49f8-a876-dd094e34ea0f 4d8ff778d6fa4d3ea0ecb627551c91c7 e8c13c5708e14282bda439f9f0b43795 - - default default] Successfully bumped revision number for resource 514ec926-e19c-4e59-8795-97b805ca8553 (type: security_group_rules) to 0
2026-06-23 19:51:17.145 9 INFO neutron.db.ovn_revision_numbers_db [None req-45ab96ab-7b71-49f8-a876-dd094e34ea0f 4d8ff778d6fa4d3ea0ecb627551c91c7 e8c13c5708e14282bda439f9f0b43795 - - default default] Successfully bumped revision number for resource 97d12690-824b-4ab5-83db-fdf2b8bb441e (type: security_group_rules) to 0
2026-06-23 19:51:17.170 9 INFO neutron.db.ovn_revision_numbers_db [None req-45ab96ab-7b71-49f8-a876-dd094e34ea0f 4d8ff778d6fa4d3ea0ecb627551c91c7 e8c13c5708e14282bda439f9f0b43795 - - default default] Successfully bumped revision number for resource a332224a-ccd0-44e0-927a-f138e6bc6fd1 (type: security_group_rules) to 0
2026-06-23 19:51:17.196 9 INFO neutron.db.ovn_revision_numbers_db [None req-45ab96ab-7b71-49f8-a876-dd094e34ea0f 4d8ff778d6fa4d3ea0ecb627551c91c7 e8c13c5708e14282bda439f9f0b43795 - - default default] Successfully bumped revision number for resource ade43ba2-a5d2-41aa-bbcd-8a853fd23bc4 (type: security_group_rules) to 0
2026-06-23 19:51:17.281 10 INFO neutron.db.ovn_revision_numbers_db [None req-7b52b48e-a412-4fb5-acdf-2f6eb947522b - - - - - -] Successfully bumped revision number for resource 5b454ce3-25e0-4b04-bab9-f764041fa494 (type: router_ports) to 2
2026-06-23 19:51:17.289 9 INFO neutron.db.segments_db [None req-45ab96ab-7b71-49f8-a876-dd094e34ea0f 4d8ff778d6fa4d3ea0ecb627551c91c7 e8c13c5708e14282bda439f9f0b43795 - - default default] Added segment 4fd9ce5b-eda7-421b-9ea0-8d9b37df23b3 of type geneve for network 60e97f41-9729-4cdc-88c8-49c0f565ffe6 /var/lib/openstack/lib/python3.10/site-packages/pycadf/identifier.py:71: UserWarning: Invalid uuid: neutron. To ensure interoperability, identifiers should be a valid uuid. warnings.warn(('Invalid uuid: %s. To ensure interoperability, '
2026-06-23 19:51:17.436 9 INFO neutron.db.segments_db [None req-45ab96ab-7b71-49f8-a876-dd094e34ea0f 4d8ff778d6fa4d3ea0ecb627551c91c7 e8c13c5708e14282bda439f9f0b43795 - - default default] Added segment d8466777-5f0a-4cba-87d1-60edc2a84695 of type geneve for network 3147f92d-ae4c-4047-9294-c68f25e3615c
2026-06-23 19:51:17.611 10 INFO neutron.plugins.ml2.drivers.ovn.mech_driver.ovsdb.commands [None req-f35a1e2b-c908-449e-ad1f-0f715b7f0307 - - - - - -] Schedule LRP lrp-a9c3ed7c-bd69-421b-a231-55ad5808815e on gateway ad2832f5-cd9e-4d8d-8023-f7336ee95e61 with priority 1
2026-06-23 19:51:17.628 10 INFO neutron.db.ovn_revision_numbers_db [None req-c88a207b-1aa6-489d-a0f1-04bf00f26b79 dd03f1e6eb9548279a3a08a1f8d6f6e6 7e57a0bb6e7a470893e6e45ce8442e2c - - default default] Successfully bumped revision number for resource 960310b2-ab63-4268-8a53-d32f67c2cf3f (type: security_groups) to 1
2026-06-23 19:51:17.637 9 INFO neutron.db.ovn_revision_numbers_db [None req-45ab96ab-7b71-49f8-a876-dd094e34ea0f 4d8ff778d6fa4d3ea0ecb627551c91c7 e8c13c5708e14282bda439f9f0b43795 - - default default] Successfully bumped revision number for resource 60e97f41-9729-4cdc-88c8-49c0f565ffe6 (type: networks) to 1
2026-06-23 19:51:17.648 9 INFO neutron.wsgi [None req-eb77ad6e-d379-4c26-9426-d13a0d8449b0 a31c0b19640649fa84ae341ab29895db 99b28d347991496397d4054a5a8121ba - - default default] 10.0.0.84 "PUT /v2.0/routers/06181db3-238b-44a0-96df-79aeac2f177f/remove_router_interface HTTP/1.1" status: 200 len: 503 time: 0.8214314
2026-06-23 19:51:17.649 10 INFO neutron.plugins.ml2.drivers.ovn.mech_driver.ovsdb.ovsdb_monitor [None req-ec8d5d4b-b245-4b0d-951c-a4379bd7c419 - - - - - -] Router a5360ea2-d730-494f-82d4-aa1c9ddc6f47 is bound to host instance
2026-06-23 19:51:17.683 10 INFO neutron.db.ovn_revision_numbers_db [None req-c88a207b-1aa6-489d-a0f1-04bf00f26b79 dd03f1e6eb9548279a3a08a1f8d6f6e6 7e57a0bb6e7a470893e6e45ce8442e2c - - default default] Successfully bumped revision number for resource 2f4b0d45-f41c-4775-9d0b-f7cfcb91f2ba (type: security_group_rules) to 0
2026-06-23 19:51:17.713 10 INFO neutron.db.ovn_revision_numbers_db [None req-72c11acb-c433-4647-b431-7d8aff998199 dd03f1e6eb9548279a3a08a1f8d6f6e6 7e57a0bb6e7a470893e6e45ce8442e2c - - default default] Successfully bumped revision number for resource a9c3ed7c-bd69-421b-a231-55ad5808815e (type: router_ports) to 1
2026-06-23 19:51:17.740 10 INFO neutron.db.ovn_revision_numbers_db [None req-c88a207b-1aa6-489d-a0f1-04bf00f26b79 dd03f1e6eb9548279a3a08a1f8d6f6e6 7e57a0bb6e7a470893e6e45ce8442e2c - - default default] Successfully bumped revision number for resource 7a2b7259-6766-44d2-9640-5e3ec2e9e161 (type: security_group_rules) to 0
2026-06-23 19:51:17.784 10 INFO neutron.db.ovn_revision_numbers_db [None req-c88a207b-1aa6-489d-a0f1-04bf00f26b79 dd03f1e6eb9548279a3a08a1f8d6f6e6 7e57a0bb6e7a470893e6e45ce8442e2c - - default default] Successfully bumped revision number for resource d821a66b-deee-4b9b-9840-996eb031a665 (type: security_group_rules) to 0
2026-06-23 19:51:17.817 9 WARNING neutron.scheduler.dhcp_agent_scheduler [None req-45ab96ab-7b71-49f8-a876-dd094e34ea0f 4d8ff778d6fa4d3ea0ecb627551c91c7 e8c13c5708e14282bda439f9f0b43795 - - default default] No more DHCP agents
2026-06-23 19:51:17.821 9 WARNING neutron.api.rpc.agentnotifiers.dhcp_rpc_agent_api [None req-45ab96ab-7b71-49f8-a876-dd094e34ea0f 4d8ff778d6fa4d3ea0ecb627551c91c7 e8c13c5708e14282bda439f9f0b43795 - - default default] Unable to schedule network 60e97f41-9729-4cdc-88c8-49c0f565ffe6: no agents available; will retry on subsequent port and subnet creation events.
2026-06-23 19:51:17.831 10 INFO neutron.db.ovn_revision_numbers_db [None req-c88a207b-1aa6-489d-a0f1-04bf00f26b79 dd03f1e6eb9548279a3a08a1f8d6f6e6 7e57a0bb6e7a470893e6e45ce8442e2c - - default default] Successfully bumped revision number for resource ff052223-eae6-4322-af82-e7ceff6932b2 (type: security_group_rules) to 0
2026-06-23 19:51:17.883 10 INFO neutron.wsgi [None req-5925fc7c-31d8-467d-9d9b-eea73a8e3e82 a31c0b19640649fa84ae341ab29895db 99b28d347991496397d4054a5a8121ba - - default default] 10.0.0.84 "GET /v2.0/ports/452cb325-b1c5-4505-bf59-25b96b721a09 HTTP/1.1" status: 200 len: 1141 time: 0.2218821 /var/lib/openstack/lib/python3.10/site-packages/pycadf/identifier.py:71: UserWarning: Invalid uuid: neutron. To ensure interoperability, identifiers should be a valid uuid. warnings.warn(('Invalid uuid: %s. To ensure interoperability, '
2026-06-23 19:51:17.905 10 INFO neutron.db.ovn_revision_numbers_db [None req-72c11acb-c433-4647-b431-7d8aff998199 dd03f1e6eb9548279a3a08a1f8d6f6e6 7e57a0bb6e7a470893e6e45ce8442e2c - - default default] Successfully bumped revision number for resource a5360ea2-d730-494f-82d4-aa1c9ddc6f47 (type: routers) to 2
2026-06-23 19:51:17.928 10 INFO neutron.db.segments_db [None req-c88a207b-1aa6-489d-a0f1-04bf00f26b79 dd03f1e6eb9548279a3a08a1f8d6f6e6 7e57a0bb6e7a470893e6e45ce8442e2c - - default default] Added segment 8e62f1ed-34b9-4840-b65e-adec2232acd5 of type geneve for network ffd2498d-d6b1-4118-be77-8d8d5713b0f3
2026-06-23 19:51:17.939 10 INFO neutron.wsgi [None req-72c11acb-c433-4647-b431-7d8aff998199 dd03f1e6eb9548279a3a08a1f8d6f6e6 7e57a0bb6e7a470893e6e45ce8442e2c - - default default] 10.0.0.84 "POST /v2.0/routers HTTP/1.1" status: 201 len: 1168 time: 2.1623673
2026-06-23 19:51:17.952 9 INFO neutron.db.ovn_revision_numbers_db [None req-45ab96ab-7b71-49f8-a876-dd094e34ea0f 4d8ff778d6fa4d3ea0ecb627551c91c7 e8c13c5708e14282bda439f9f0b43795 - - default default] Successfully bumped revision number for resource 86f0f0dd-d7d9-4b9b-b7f9-aee4a0f199f1 (type: ports) to 1
2026-06-23 19:51:18.095 10 INFO neutron.db.ovn_revision_numbers_db [None req-c88a207b-1aa6-489d-a0f1-04bf00f26b79 dd03f1e6eb9548279a3a08a1f8d6f6e6 7e57a0bb6e7a470893e6e45ce8442e2c - - default default] Successfully bumped revision number for resource ffd2498d-d6b1-4118-be77-8d8d5713b0f3 (type: networks) to 1
2026-06-23 19:51:18.373 9 INFO neutron.db.ovn_revision_numbers_db [None req-45ab96ab-7b71-49f8-a876-dd094e34ea0f 4d8ff778d6fa4d3ea0ecb627551c91c7 e8c13c5708e14282bda439f9f0b43795 - - default default] Successfully bumped revision number for resource 3147f92d-ae4c-4047-9294-c68f25e3615c (type: networks) to 1
2026-06-23 19:51:18.592 10 WARNING neutron.scheduler.dhcp_agent_scheduler [None req-c88a207b-1aa6-489d-a0f1-04bf00f26b79 dd03f1e6eb9548279a3a08a1f8d6f6e6 7e57a0bb6e7a470893e6e45ce8442e2c - - default default] No more DHCP agents
2026-06-23 19:51:18.607 10 WARNING neutron.api.rpc.agentnotifiers.dhcp_rpc_agent_api [None req-c88a207b-1aa6-489d-a0f1-04bf00f26b79 dd03f1e6eb9548279a3a08a1f8d6f6e6 7e57a0bb6e7a470893e6e45ce8442e2c - - default default] Unable to schedule network ffd2498d-d6b1-4118-be77-8d8d5713b0f3: no agents available; will retry on subsequent port and subnet creation events.
2026-06-23 19:51:18.724 10 INFO neutron.db.ovn_revision_numbers_db [None req-c88a207b-1aa6-489d-a0f1-04bf00f26b79 dd03f1e6eb9548279a3a08a1f8d6f6e6 7e57a0bb6e7a470893e6e45ce8442e2c - - default default] Successfully bumped revision number for resource a3d4d7ce-503a-495a-8ee1-e3e3429df4eb (type: ports) to 1
2026-06-23 19:51:18.748 10 INFO neutron.wsgi [None req-c88a207b-1aa6-489d-a0f1-04bf00f26b79 dd03f1e6eb9548279a3a08a1f8d6f6e6 7e57a0bb6e7a470893e6e45ce8442e2c - - default default] 10.0.0.84 "POST /v2.0/networks HTTP/1.1" status: 201 len: 938 time: 1.4222047
2026-06-23 19:51:18.751 9 WARNING neutron.scheduler.dhcp_agent_scheduler [None req-45ab96ab-7b71-49f8-a876-dd094e34ea0f 4d8ff778d6fa4d3ea0ecb627551c91c7 e8c13c5708e14282bda439f9f0b43795 - - default default] No more DHCP agents
2026-06-23 19:51:18.760 9 WARNING neutron.api.rpc.agentnotifiers.dhcp_rpc_agent_api [None req-45ab96ab-7b71-49f8-a876-dd094e34ea0f 4d8ff778d6fa4d3ea0ecb627551c91c7 e8c13c5708e14282bda439f9f0b43795 - - default default] Unable to schedule network 3147f92d-ae4c-4047-9294-c68f25e3615c: no agents available; will retry on subsequent port and subnet creation events.
2026-06-23 19:51:18.935 10 INFO neutron.db.ovn_revision_numbers_db [None req-ec8d5d4b-b245-4b0d-951c-a4379bd7c419 - - - - - -] Successfully bumped revision number for resource a9c3ed7c-bd69-421b-a231-55ad5808815e (type: ports) to 1
2026-06-23 19:51:18.935 9 INFO neutron.db.ovn_revision_numbers_db [None req-45ab96ab-7b71-49f8-a876-dd094e34ea0f 4d8ff778d6fa4d3ea0ecb627551c91c7 e8c13c5708e14282bda439f9f0b43795 - - default default] Successfully bumped revision number for resource 6b27c3cf-5d64-444e-a076-01edc01f7668 (type: ports) to 1
2026-06-23 19:51:18.959 10 WARNING neutron.scheduler.dhcp_agent_scheduler [None req-8b679511-f368-481c-a506-f81b9e4ce8af dd03f1e6eb9548279a3a08a1f8d6f6e6 7e57a0bb6e7a470893e6e45ce8442e2c - - default default] No more DHCP agents
2026-06-23 19:51:18.964 10 WARNING neutron.api.rpc.agentnotifiers.dhcp_rpc_agent_api [None req-8b679511-f368-481c-a506-f81b9e4ce8af dd03f1e6eb9548279a3a08a1f8d6f6e6 7e57a0bb6e7a470893e6e45ce8442e2c - - default default] Unable to schedule network ffd2498d-d6b1-4118-be77-8d8d5713b0f3: no agents available; will retry on subsequent port and subnet creation events.
2026-06-23 19:51:18.975 9 INFO neutron.wsgi [None req-45ab96ab-7b71-49f8-a876-dd094e34ea0f 4d8ff778d6fa4d3ea0ecb627551c91c7 e8c13c5708e14282bda439f9f0b43795 - - default default] 10.0.0.84 "POST /v2.0/networks HTTP/1.1" status: 201 len: 1446 time: 2.2622118
2026-06-23 19:51:19.136 9 INFO neutron.wsgi [None req-f8e5517d-51bd-40ac-a839-a3cce05e401b 4d8ff778d6fa4d3ea0ecb627551c91c7 e8c13c5708e14282bda439f9f0b43795 - - default default] 10.0.0.84 "GET /v2.0/networks HTTP/1.1" status: 200 len: 2052 time: 0.1522892
2026-06-23 19:51:19.222 9 WARNING neutron.scheduler.dhcp_agent_scheduler [None req-78e8546a-0a83-48c9-a578-e468a0695cbb dd03f1e6eb9548279a3a08a1f8d6f6e6 7e57a0bb6e7a470893e6e45ce8442e2c - - default default] No more DHCP agents
2026-06-23 19:51:19.231 9 WARNING neutron.api.rpc.agentnotifiers.dhcp_rpc_agent_api [None req-78e8546a-0a83-48c9-a578-e468a0695cbb dd03f1e6eb9548279a3a08a1f8d6f6e6 7e57a0bb6e7a470893e6e45ce8442e2c - - default default] Unable to schedule network 7f1e18cb-a886-417e-8a3a-869e5ab10292: no agents available; will retry on subsequent port and subnet creation events.
2026-06-23 19:51:19.350 9 INFO neutron.wsgi [None req-3365d171-6c99-454a-8e18-4894db03e49d a31c0b19640649fa84ae341ab29895db 99b28d347991496397d4054a5a8121ba - - default default] 10.0.0.84 "PUT /v2.0/routers/06181db3-238b-44a0-96df-79aeac2f177f/remove_router_interface HTTP/1.1" status: 200 len: 503 time: 1.4619832
2026-06-23 19:51:19.382 10 INFO neutron.wsgi [None req-488a1e04-5424-465a-ad28-eb8cc29fdc5a a31c0b19640649fa84ae341ab29895db 99b28d347991496397d4054a5a8121ba - - default default] 10.0.0.84 "GET /v2.0/ports?device_id=06181db3-238b-44a0-96df-79aeac2f177f HTTP/1.1" status: 200 len: 205 time: 0.0274577
2026-06-23 19:51:19.409 10 INFO neutron.db.ovn_revision_numbers_db [None req-ec8d5d4b-b245-4b0d-951c-a4379bd7c419 - - - - - -] Successfully bumped revision number for resource a9c3ed7c-bd69-421b-a231-55ad5808815e (type: router_ports) to 3
2026-06-23 19:51:19.691 9 INFO neutron.db.ovn_revision_numbers_db [None req-78e8546a-0a83-48c9-a578-e468a0695cbb dd03f1e6eb9548279a3a08a1f8d6f6e6 7e57a0bb6e7a470893e6e45ce8442e2c - - default default] Successfully bumped revision number for resource 7e389eec-ab67-46cd-966a-53c62390ff39 (type: ports) to 1
2026-06-23 19:51:19.919 9 INFO neutron.services.segments.plugin [-] Segment 4fd9ce5b-eda7-421b-9ea0-8d9b37df23b3 resource provider aggregate not found
2026-06-23 19:51:19.926 9 INFO neutron.services.segments.plugin [-] Segment 4fd9ce5b-eda7-421b-9ea0-8d9b37df23b3 resource provider aggregate not found
2026-06-23 19:51:19.932 9 INFO neutron.services.segments.plugin [-] Segment 4fd9ce5b-eda7-421b-9ea0-8d9b37df23b3 resource provider not found; error: Placement Client Error (4xx): {"errors": [{"status": 404, "title": "Not Found", "detail": "The resource could not be found.\n\n No resource provider with uuid 4fd9ce5b-eda7-421b-9ea0-8d9b37df23b3 found for delete ", "request_id": "req-d55e3c4e-e4ea-4e4c-bcd5-cb67deb3cff5"}]}
2026-06-23 19:51:19.943 9 INFO neutron.services.segments.plugin [-] Segment 4fd9ce5b-eda7-421b-9ea0-8d9b37df23b3 resource provider not found; error: Placement Client Error (4xx): {"errors": [{"status": 404, "title": "Not Found", "detail": "The resource could not be found.\n\n No resource provider with uuid 4fd9ce5b-eda7-421b-9ea0-8d9b37df23b3 found for delete ", "request_id": "req-a1900c89-384f-4d56-bfb2-6b5a4b86eee5"}]}
2026-06-23 19:51:19.972 10 INFO neutron.wsgi [None req-cbcbdd2b-4bcc-44ab-9452-bb84d69f1a63 a31c0b19640649fa84ae341ab29895db 99b28d347991496397d4054a5a8121ba - - default default] 10.0.0.84 "DELETE /v2.0/routers/06181db3-238b-44a0-96df-79aeac2f177f HTTP/1.1" status: 204 len: 168 time: 0.5836177
2026-06-23 19:51:19.976 9 INFO neutron.wsgi [None req-2f0c1520-a206-43c9-89db-129af5691b66 4d8ff778d6fa4d3ea0ecb627551c91c7 e8c13c5708e14282bda439f9f0b43795 - - default default] 10.0.0.84 "DELETE /v2.0/networks/60e97f41-9729-4cdc-88c8-49c0f565ffe6 HTTP/1.1" status: 204 len: 168 time: 0.8344390 /var/lib/openstack/lib/python3.10/site-packages/pycadf/identifier.py:71: UserWarning: Invalid uuid: neutron. To ensure interoperability, identifiers should be a valid uuid. warnings.warn(('Invalid uuid: %s. To ensure interoperability, '
2026-06-23 19:51:20.047 10 INFO neutron.db.ovn_revision_numbers_db [None req-8b679511-f368-481c-a506-f81b9e4ce8af dd03f1e6eb9548279a3a08a1f8d6f6e6 7e57a0bb6e7a470893e6e45ce8442e2c - - default default] Successfully bumped revision number for resource a3d4d7ce-503a-495a-8ee1-e3e3429df4eb (type: ports) to 2
2026-06-23 19:51:20.073 10 INFO neutron.db.ovn_revision_numbers_db [None req-ec8d5d4b-b245-4b0d-951c-a4379bd7c419 - - - - - -] Successfully bumped revision number for resource a9c3ed7c-bd69-421b-a231-55ad5808815e (type: ports) to 2
2026-06-23 19:51:20.084 10 INFO neutron.db.ovn_revision_numbers_db [None req-8b679511-f368-481c-a506-f81b9e4ce8af dd03f1e6eb9548279a3a08a1f8d6f6e6 7e57a0bb6e7a470893e6e45ce8442e2c - - default default] Successfully bumped revision number for resource a2d7ad98-cdd7-4300-aeb5-4089b59557fa (type: subnets) to 0
2026-06-23 19:51:20.105 10 INFO neutron.wsgi [None req-8b679511-f368-481c-a506-f81b9e4ce8af dd03f1e6eb9548279a3a08a1f8d6f6e6 7e57a0bb6e7a470893e6e45ce8442e2c - - default default] 10.0.0.84 "POST /v2.0/subnets HTTP/1.1" status: 201 len: 858 time: 1.3500438
2026-06-23 19:51:20.415 9 INFO neutron.wsgi [None req-bb784501-7dba-4271-8abc-1bab1b4bfae7 a31c0b19640649fa84ae341ab29895db 99b28d347991496397d4054a5a8121ba - - default default] 10.0.0.84 "DELETE /v2.0/subnets/048eb4d8-d3c7-4525-a024-0bde464ddac4 HTTP/1.1" status: 204 len: 168 time: 0.4331148
2026-06-23 19:51:20.502 10 INFO neutron.db.ovn_revision_numbers_db [None req-ec8d5d4b-b245-4b0d-951c-a4379bd7c419 - - - - - -] Successfully bumped revision number for resource a9c3ed7c-bd69-421b-a231-55ad5808815e (type: ports) to 4
2026-06-23 19:51:20.669 10 INFO neutron.wsgi [None req-27d1e63b-a2a5-4316-b3b1-0e4de27e5de6 a31c0b19640649fa84ae341ab29895db 99b28d347991496397d4054a5a8121ba - - default default] 10.0.0.84 "DELETE /v2.0/subnets/903ea08a-37c9-4f62-8636-944fdaff712f HTTP/1.1" status: 204 len: 168 time: 0.2490890
2026-06-23 19:51:20.689 9 ERROR ovsdbapp.backend.ovs_idl.command [None req-78e8546a-0a83-48c9-a578-e468a0695cbb dd03f1e6eb9548279a3a08a1f8d6f6e6 7e57a0bb6e7a470893e6e45ce8442e2c - - default default] Error executing command (DbGetCommand): ovsdbapp.backend.ovs_idl.idlutils.RowNotFound: Cannot find Logical_Router_Port with name=lrp-7e389eec-ab67-46cd-966a-53c62390ff39
2026-06-23 19:51:20.689 9 ERROR ovsdbapp.backend.ovs_idl.command
Traceback (most recent call last):
2026-06-23 19:51:20.689 9 ERROR ovsdbapp.backend.ovs_idl.command
File "/var/lib/openstack/lib/python3.10/site-packages/ovsdbapp/backend/ovs_idl/command.py", line 47, in execute
2026-06-23 19:51:20.689 9 ERROR ovsdbapp.backend.ovs_idl.command self.run_idl(None)
2026-06-23 19:51:20.689 9 ERROR ovsdbapp.backend.ovs_idl.command
File "/var/lib/openstack/lib/python3.10/site-packages/ovsdbapp/backend/ovs_idl/command.py", line 235, in run_idl
2026-06-23 19:51:20.689 9 ERROR ovsdbapp.backend.ovs_idl.command record = self.api.lookup(self.table, self.record)
2026-06-23 19:51:20.689 9 ERROR ovsdbapp.backend.ovs_idl.command
File "/var/lib/openstack/lib/python3.10/site-packages/ovsdbapp/backend/ovs_idl/__init__.py", line 184, in lookup
2026-06-23 19:51:20.689 9 ERROR ovsdbapp.backend.ovs_idl.command return self._lookup(table, record)
2026-06-23 19:51:20.689 9 ERROR ovsdbapp.backend.ovs_idl.command
File "/var/lib/openstack/lib/python3.10/site-packages/ovsdbapp/backend/ovs_idl/__init__.py", line 235, in _lookup
2026-06-23 19:51:20.689 9 ERROR ovsdbapp.backend.ovs_idl.command row = idlutils.row_by_value(self, rl.table, rl.column, record)
2026-06-23 19:51:20.689 9 ERROR ovsdbapp.backend.ovs_idl.command
File "/var/lib/openstack/lib/python3.10/site-packages/ovsdbapp/backend/ovs_idl/idlutils.py", line 114, in row_by_value
2026-06-23 19:51:20.689 9 ERROR ovsdbapp.backend.ovs_idl.command raise RowNotFound(table=table, col=column, match=match)
2026-06-23 19:51:20.689 9 ERROR ovsdbapp.backend.ovs_idl.command ovsdbapp.backend.ovs_idl.idlutils.RowNotFound: Cannot find Logical_Router_Port with name=lrp-7e389eec-ab67-46cd-966a-53c62390ff39
2026-06-23 19:51:20.689 9 ERROR ovsdbapp.backend.ovs_idl.command 
2026-06-23 19:51:20.689 9 ERROR neutron_lib.callbacks.manager [None req-78e8546a-0a83-48c9-a578-e468a0695cbb dd03f1e6eb9548279a3a08a1f8d6f6e6 7e57a0bb6e7a470893e6e45ce8442e2c - - default default] Error during notification for neutron.services.ovn_l3.plugin.OVNL3RouterPlugin._port_update-8789294830310 port, after_update: ovsdbapp.backend.ovs_idl.idlutils.RowNotFound: Cannot find Logical_Router_Port with name=lrp-7e389eec-ab67-46cd-966a-53c62390ff39
2026-06-23 19:51:20.689 9 ERROR neutron_lib.callbacks.manager
Traceback (most recent call last):
2026-06-23 19:51:20.689 9 ERROR neutron_lib.callbacks.manager
File "/var/lib/openstack/lib/python3.10/site-packages/neutron_lib/callbacks/manager.py", line 189, in _notify_loop
2026-06-23 19:51:20.689 9 ERROR neutron_lib.callbacks.manager callback.method(resource, event, trigger, payload=payload)
2026-06-23 19:51:20.689 9 ERROR neutron_lib.callbacks.manager
File "/var/lib/openstack/lib/python3.10/site-packages/neutron/services/ovn_l3/plugin.py", line 391, in _port_update
2026-06-23 19:51:20.689 9 ERROR neutron_lib.callbacks.manager l3plugin._ovn_client.update_router_port(context,
2026-06-23 19:51:20.689 9 ERROR neutron_lib.callbacks.manager
File "/var/lib/openstack/lib/python3.10/site-packages/neutron/plugins/ml2/drivers/ovn/mech_driver/ovsdb/ovn_client.py", line 1878, in update_router_port
2026-06-23 19:51:20.689 9 ERROR neutron_lib.callbacks.manager self._update_lrouter_port(context, port, if_exists=if_exists,
2026-06-23 19:51:20.689 9 ERROR neutron_lib.callbacks.manager
File "/var/lib/openstack/lib/python3.10/site-packages/neutron/plugins/ml2/drivers/ovn/mech_driver/ovsdb/ovn_client.py", line 1855, in _update_lrouter_port
2026-06-23 19:51:20.689 9 ERROR neutron_lib.callbacks.manager external_ids = self._nb_idl.db_get(
2026-06-23 19:51:20.689 9 ERROR neutron_lib.callbacks.manager
File "/var/lib/openstack/lib/python3.10/site-packages/ovsdbapp/backend/ovs_idl/command.py", line 47, in execute
2026-06-23 19:51:20.689 9 ERROR neutron_lib.callbacks.manager self.run_idl(None)
2026-06-23 19:51:20.689 9 ERROR neutron_lib.callbacks.manager
File "/var/lib/openstack/lib/python3.10/site-packages/ovsdbapp/backend/ovs_idl/command.py", line 235, in run_idl
2026-06-23 19:51:20.689 9 ERROR neutron_lib.callbacks.manager record = self.api.lookup(self.table, self.record)
2026-06-23 19:51:20.689 9 ERROR neutron_lib.callbacks.manager
File "/var/lib/openstack/lib/python3.10/site-packages/ovsdbapp/backend/ovs_idl/__init__.py", line 184, in lookup
2026-06-23 19:51:20.689 9 ERROR neutron_lib.callbacks.manager return self._lookup(table, record)
2026-06-23 19:51:20.689 9 ERROR neutron_lib.callbacks.manager
File "/var/lib/openstack/lib/python3.10/site-packages/ovsdbapp/backend/ovs_idl/__init__.py", line 235, in _lookup
2026-06-23 19:51:20.689 9 ERROR neutron_lib.callbacks.manager row = idlutils.row_by_value(self, rl.table, rl.column, record)
2026-06-23 19:51:20.689 9 ERROR neutron_lib.callbacks.manager
File "/var/lib/openstack/lib/python3.10/site-packages/ovsdbapp/backend/ovs_idl/idlutils.py", line 114, in row_by_value
2026-06-23 19:51:20.689 9 ERROR neutron_lib.callbacks.manager raise RowNotFound(table=table, col=column, match=match)
2026-06-23 19:51:20.689 9 ERROR neutron_lib.callbacks.manager ovsdbapp.backend.ovs_idl.idlutils.RowNotFound: Cannot find Logical_Router_Port with name=lrp-7e389eec-ab67-46cd-966a-53c62390ff39
2026-06-23 19:51:20.689 9 ERROR neutron_lib.callbacks.manager 
2026-06-23 19:51:20.847 10 INFO neutron.db.ovn_revision_numbers_db [None req-ec8d5d4b-b245-4b0d-951c-a4379bd7c419 - - - - - -] Successfully bumped revision number for resource a9c3ed7c-bd69-421b-a231-55ad5808815e (type: router_ports) to 4
2026-06-23 19:51:20.961 9 INFO neutron.wsgi [None req-7a7624e1-ab2e-4bf3-a4e0-085ac76bb645 4d8ff778d6fa4d3ea0ecb627551c91c7 e8c13c5708e14282bda439f9f0b43795 - - default default] 10.0.0.84 "DELETE /v2.0/networks/3147f92d-ae4c-4047-9294-c68f25e3615c HTTP/1.1" status: 204 len: 168 time: 0.9785514
2026-06-23 19:51:21.048 9 WARNING neutron.scheduler.dhcp_agent_scheduler [None req-fa39e9ac-5c98-4a4c-bb32-e24003561e3c dd03f1e6eb9548279a3a08a1f8d6f6e6 7e57a0bb6e7a470893e6e45ce8442e2c - - default default] No more DHCP agents
2026-06-23 19:51:21.051 9 WARNING neutron.api.rpc.agentnotifiers.dhcp_rpc_agent_api [None req-fa39e9ac-5c98-4a4c-bb32-e24003561e3c dd03f1e6eb9548279a3a08a1f8d6f6e6 7e57a0bb6e7a470893e6e45ce8442e2c - - default default] Unable to schedule network 9aa2abfd-6281-4bf9-8df1-b8ef24af13c5: no agents available; will retry on subsequent port and subnet creation events.
2026-06-23 19:51:21.063 9 INFO neutron.plugins.ml2.drivers.ovn.mech_driver.mech_driver [None req-417f25e2-76d0-457c-9acd-6e14122ef163 - - - - - -] OVN reports status up for port: 7e389eec-ab67-46cd-966a-53c62390ff39
2026-06-23 19:51:21.087 10 INFO neutron.wsgi [None req-12a8d9a0-022a-4544-8477-b7cdcae39d91 4d8ff778d6fa4d3ea0ecb627551c91c7 e8c13c5708e14282bda439f9f0b43795 - - default default] 10.0.0.84 "GET /v2.0/networks HTTP/1.1" status: 200 len: 845 time: 0.1211331
2026-06-23 19:51:21.102 10 WARNING neutron_lib.context [None req-c71ff734-d68c-4319-ae83-f61017002ea8 4d8ff778d6fa4d3ea0ecb627551c91c7 e8c13c5708e14282bda439f9f0b43795 - - default default] Method 'is_advsvc' is deprecated since 2023.2 release (neutron-lib 3.8.0) and will be removed once support for the old RBAC API policies will be removed from Neutron. Please use method 'is_service_role' instead.
2026-06-23 19:51:21.169 10 INFO neutron.services.segments.plugin [-] Segment 42f8714f-2bcd-4882-a44a-f6e62d0f8309 resource provider aggregate not found
2026-06-23 19:51:21.174 10 INFO neutron.services.segments.plugin [-] Segment 42f8714f-2bcd-4882-a44a-f6e62d0f8309 resource provider aggregate not found
2026-06-23 19:51:21.184 10 INFO neutron.services.segments.plugin [-] Segment 42f8714f-2bcd-4882-a44a-f6e62d0f8309 resource provider not found; error: Placement Client Error (4xx): {"errors": [{"status": 404, "title": "Not Found", "detail": "The resource could not be found.\n\n No resource provider with uuid 42f8714f-2bcd-4882-a44a-f6e62d0f8309 found for delete ", "request_id": "req-16588a38-b6ee-4b27-94a7-b640070d23ae"}]}
2026-06-23 19:51:21.193 10 INFO neutron.services.segments.plugin [-] Segment 42f8714f-2bcd-4882-a44a-f6e62d0f8309 resource provider not found; error: Placement Client Error (4xx): {"errors": [{"status": 404, "title": "Not Found", "detail": "The resource could not be found.\n\n No resource provider with uuid 42f8714f-2bcd-4882-a44a-f6e62d0f8309 found for delete ", "request_id": "req-7a8ead9b-6119-40eb-8331-812afdb4b149"}]}
2026-06-23 19:51:21.203 10 INFO neutron.wsgi [None req-1e7237ba-d34e-4f83-ae32-5cd195c077d5 a31c0b19640649fa84ae341ab29895db 99b28d347991496397d4054a5a8121ba - - default default] 10.0.0.84 "DELETE /v2.0/networks/b5aab2cd-d533-4f6c-a989-776bbdc33fe9 HTTP/1.1" status: 204 len: 168 time: 0.5292997
2026-06-23 19:51:21.245 10 INFO neutron.db.segments_db [None req-c71ff734-d68c-4319-ae83-f61017002ea8 4d8ff778d6fa4d3ea0ecb627551c91c7 e8c13c5708e14282bda439f9f0b43795 - - default default] Added segment 3327796d-8917-469a-96b0-fc40865ec63f of type geneve for network 0a462e52-a2b4-4640-87c8-a211cd5fbd99
2026-06-23 19:51:21.302 9 INFO neutron.plugins.ml2.plugin [None req-417f25e2-76d0-457c-9acd-6e14122ef163 - - - - - -] Attempt 1 to provision port 7e389eec-ab67-46cd-966a-53c62390ff39
2026-06-23 19:51:21.340 9 INFO neutron.db.ovn_revision_numbers_db [None req-78e8546a-0a83-48c9-a578-e468a0695cbb dd03f1e6eb9548279a3a08a1f8d6f6e6 7e57a0bb6e7a470893e6e45ce8442e2c - - default default] Successfully bumped revision number for resource 7e389eec-ab67-46cd-966a-53c62390ff39 (type: ports) to 1
2026-06-23 19:51:21.417 10 INFO neutron.db.ovn_revision_numbers_db [None req-c71ff734-d68c-4319-ae83-f61017002ea8 4d8ff778d6fa4d3ea0ecb627551c91c7 e8c13c5708e14282bda439f9f0b43795 - - default default] Successfully bumped revision number for resource 0a462e52-a2b4-4640-87c8-a211cd5fbd99 (type: networks) to 1
2026-06-23 19:51:21.483 9 WARNING neutron.scheduler.dhcp_agent_scheduler [None req-78e8546a-0a83-48c9-a578-e468a0695cbb dd03f1e6eb9548279a3a08a1f8d6f6e6 7e57a0bb6e7a470893e6e45ce8442e2c - - default default] No more DHCP agents
2026-06-23 19:51:21.487 9 WARNING neutron.api.rpc.agentnotifiers.dhcp_rpc_agent_api [None req-78e8546a-0a83-48c9-a578-e468a0695cbb dd03f1e6eb9548279a3a08a1f8d6f6e6 7e57a0bb6e7a470893e6e45ce8442e2c - - default default] Unable to schedule network 7f1e18cb-a886-417e-8a3a-869e5ab10292: no agents available; will retry on subsequent port and subnet creation events.
2026-06-23 19:51:21.570 9 INFO neutron.db.ovn_revision_numbers_db [None req-fa39e9ac-5c98-4a4c-bb32-e24003561e3c dd03f1e6eb9548279a3a08a1f8d6f6e6 7e57a0bb6e7a470893e6e45ce8442e2c - - default default] Successfully bumped revision number for resource d467e979-3588-4646-8d30-53be899949cd (type: ports) to 1
2026-06-23 19:51:21.624 10 WARNING neutron.scheduler.dhcp_agent_scheduler [None req-c71ff734-d68c-4319-ae83-f61017002ea8 4d8ff778d6fa4d3ea0ecb627551c91c7 e8c13c5708e14282bda439f9f0b43795 - - default default] No more DHCP agents
2026-06-23 19:51:21.627 10 WARNING neutron.api.rpc.agentnotifiers.dhcp_rpc_agent_api [None req-c71ff734-d68c-4319-ae83-f61017002ea8 4d8ff778d6fa4d3ea0ecb627551c91c7 e8c13c5708e14282bda439f9f0b43795 - - default default] Unable to schedule network 0a462e52-a2b4-4640-87c8-a211cd5fbd99: no agents available; will retry on subsequent port and subnet creation events.
2026-06-23 19:51:21.735 10 INFO neutron.db.ovn_revision_numbers_db [None req-c71ff734-d68c-4319-ae83-f61017002ea8 4d8ff778d6fa4d3ea0ecb627551c91c7 e8c13c5708e14282bda439f9f0b43795 - - default default] Successfully bumped revision number for resource 56030839-705b-4a46-a853-36e7584428db (type: ports) to 1
2026-06-23 19:51:21.747 10 INFO neutron.wsgi [None req-9f831da6-3823-430e-b5ec-0e323c73a9f6 a31c0b19640649fa84ae341ab29895db 99b28d347991496397d4054a5a8121ba - - default default] 10.0.0.84 "DELETE /v2.0/networks/e8bafdff-e673-4ee1-97c8-5f1bae232a5f HTTP/1.1" status: 204 len: 168 time: 0.5332043
2026-06-23 19:51:21.761 10 WARNING neutron_lib.context [None req-d30710ca-f8b0-4f6c-b9c9-dbdc02297b82 a31c0b19640649fa84ae341ab29895db 99b28d347991496397d4054a5a8121ba - - default default] Method 'is_advsvc' is deprecated since 2023.2 release (neutron-lib 3.8.0) and will be removed once support for the old RBAC API policies will be removed from Neutron. Please use method 'is_service_role' instead.
2026-06-23 19:51:21.777 10 INFO neutron.wsgi [None req-c71ff734-d68c-4319-ae83-f61017002ea8 4d8ff778d6fa4d3ea0ecb627551c91c7 e8c13c5708e14282bda439f9f0b43795 - - default default] 10.0.0.84 "POST /v2.0/networks HTTP/1.1" status: 201 len: 852 time: 0.6819310
2026-06-23 19:51:21.788 10 WARNING neutron_lib.context [None req-2a8ecb61-7881-4c13-a45c-a2efd677d985 4d8ff778d6fa4d3ea0ecb627551c91c7 e8c13c5708e14282bda439f9f0b43795 - - default default] Method 'is_advsvc' is deprecated since 2023.2 release (neutron-lib 3.8.0) and will be removed once support for the old RBAC API policies will be removed from Neutron. Please use method 'is_service_role' instead.
2026-06-23 19:51:21.866 10 INFO neutron.db.segments_db [None req-d30710ca-f8b0-4f6c-b9c9-dbdc02297b82 a31c0b19640649fa84ae341ab29895db 99b28d347991496397d4054a5a8121ba - - default default] Added segment cd58e897-5469-4a65-8e8a-86a8d9cef0cd of type geneve for network 1911b738-4dfa-4927-83cf-18a7fe1638fd
2026-06-23 19:51:21.889 10 INFO neutron.db.segments_db [None req-2a8ecb61-7881-4c13-a45c-a2efd677d985 4d8ff778d6fa4d3ea0ecb627551c91c7 e8c13c5708e14282bda439f9f0b43795 - - default default] Added segment 85fe3cd1-c27d-4331-b88e-c2464b1f4c23 of type geneve for network abce3726-bdaf-4969-bd11-7fcac853fa12
2026-06-23 19:51:21.951 9 INFO neutron.services.segments.plugin [-] Segment d8466777-5f0a-4cba-87d1-60edc2a84695 resource provider aggregate not found
2026-06-23 19:51:21.974 9 INFO neutron.services.segments.plugin [-] Segment d8466777-5f0a-4cba-87d1-60edc2a84695 resource provider aggregate not found
2026-06-23 19:51:21.978 9 INFO neutron.services.segments.plugin [-] Segment d8466777-5f0a-4cba-87d1-60edc2a84695 resource provider not found; error: Placement Client Error (4xx): {"errors": [{"status": 404, "title": "Not Found", "detail": "The resource could not be found.\n\n No resource provider with uuid d8466777-5f0a-4cba-87d1-60edc2a84695 found for delete ", "request_id": "req-ebffc589-ee98-45d7-bc1a-d755f15cbfbc"}]}
2026-06-23 19:51:22.004 9 INFO neutron.services.segments.plugin [-] Segment d8466777-5f0a-4cba-87d1-60edc2a84695 resource provider not found; error: Placement Client Error (4xx): {"errors": [{"status": 404, "title": "Not Found", "detail": "The resource could not be found.\n\n No resource provider with uuid d8466777-5f0a-4cba-87d1-60edc2a84695 found for delete ", "request_id": "req-8cac8e48-0959-4aff-ba9c-01153fa8fd61"}]}
2026-06-23 19:51:22.048 10 INFO neutron.db.ovn_revision_numbers_db [None req-d30710ca-f8b0-4f6c-b9c9-dbdc02297b82 a31c0b19640649fa84ae341ab29895db 99b28d347991496397d4054a5a8121ba - - default default] Successfully bumped revision number for resource 1911b738-4dfa-4927-83cf-18a7fe1638fd (type: networks) to 1
2026-06-23 19:51:22.106 10 INFO neutron.db.ovn_revision_numbers_db [None req-2a8ecb61-7881-4c13-a45c-a2efd677d985 4d8ff778d6fa4d3ea0ecb627551c91c7 e8c13c5708e14282bda439f9f0b43795 - - default default] Successfully bumped revision number for resource abce3726-bdaf-4969-bd11-7fcac853fa12 (type: networks) to 1
2026-06-23 19:51:22.416 9 INFO neutron.db.ovn_revision_numbers_db [None req-417f25e2-76d0-457c-9acd-6e14122ef163 - - - - - -] Successfully bumped revision number for resource 7e389eec-ab67-46cd-966a-53c62390ff39 (type: ports) to 2
2026-06-23 19:51:22.447 10 WARNING neutron.plugins.ml2.drivers.ovn.mech_driver.ovsdb.ovn_client [None req-7b52b48e-a412-4fb5-acdf-2f6eb947522b - - - - - -] No port found with ID 5b454ce3-25e0-4b04-bab9-f764041fa494: RuntimeError: No port found with ID 5b454ce3-25e0-4b04-bab9-f764041fa494
2026-06-23 19:51:22.448 10 INFO neutron.plugins.ml2.drivers.ovn.mech_driver.mech_driver [None req-7b52b48e-a412-4fb5-acdf-2f6eb947522b - - - - - -] OVN reports status up for port: a9c3ed7c-bd69-421b-a231-55ad5808815e
2026-06-23 19:51:22.470 10 INFO neutron.plugins.ml2.plugin [None req-7b52b48e-a412-4fb5-acdf-2f6eb947522b - - - - - -] Attempt 1 to provision port a9c3ed7c-bd69-421b-a231-55ad5808815e
2026-06-23 19:51:22.517 10 WARNING neutron.scheduler.dhcp_agent_scheduler [None req-d30710ca-f8b0-4f6c-b9c9-dbdc02297b82 a31c0b19640649fa84ae341ab29895db 99b28d347991496397d4054a5a8121ba - - default default] No more DHCP agents
2026-06-23 19:51:22.524 10 WARNING neutron.api.rpc.agentnotifiers.dhcp_rpc_agent_api [None req-d30710ca-f8b0-4f6c-b9c9-dbdc02297b82 a31c0b19640649fa84ae341ab29895db 99b28d347991496397d4054a5a8121ba - - default default] Unable to schedule network 1911b738-4dfa-4927-83cf-18a7fe1638fd: no agents available; will retry on subsequent port and subnet creation events.
2026-06-23 19:51:22.592 10 WARNING neutron.scheduler.dhcp_agent_scheduler [None req-2a8ecb61-7881-4c13-a45c-a2efd677d985 4d8ff778d6fa4d3ea0ecb627551c91c7 e8c13c5708e14282bda439f9f0b43795 - - default default] No more DHCP agents
2026-06-23 19:51:22.595 10 WARNING neutron.api.rpc.agentnotifiers.dhcp_rpc_agent_api [None req-2a8ecb61-7881-4c13-a45c-a2efd677d985 4d8ff778d6fa4d3ea0ecb627551c91c7 e8c13c5708e14282bda439f9f0b43795 - - default default] Unable to schedule network abce3726-bdaf-4969-bd11-7fcac853fa12: no agents available; will retry on subsequent port and subnet creation events.
2026-06-23 19:51:22.605 9 ERROR ovsdbapp.backend.ovs_idl.command [None req-417f25e2-76d0-457c-9acd-6e14122ef163 - - - - - -] Error executing command (DbGetCommand): ovsdbapp.backend.ovs_idl.idlutils.RowNotFound: Cannot find Logical_Router_Port with name=lrp-7e389eec-ab67-46cd-966a-53c62390ff39
2026-06-23 19:51:22.605 9 ERROR ovsdbapp.backend.ovs_idl.command
Traceback (most recent call last):
2026-06-23 19:51:22.605 9 ERROR ovsdbapp.backend.ovs_idl.command
File "/var/lib/openstack/lib/python3.10/site-packages/ovsdbapp/backend/ovs_idl/command.py", line 47, in execute
2026-06-23 19:51:22.605 9 ERROR ovsdbapp.backend.ovs_idl.command self.run_idl(None)
2026-06-23 19:51:22.605 9 ERROR ovsdbapp.backend.ovs_idl.command
File "/var/lib/openstack/lib/python3.10/site-packages/ovsdbapp/backend/ovs_idl/command.py", line 235, in run_idl
2026-06-23 19:51:22.605 9 ERROR ovsdbapp.backend.ovs_idl.command record = self.api.lookup(self.table, self.record)
2026-06-23 19:51:22.605 9 ERROR ovsdbapp.backend.ovs_idl.command
File "/var/lib/openstack/lib/python3.10/site-packages/ovsdbapp/backend/ovs_idl/__init__.py", line 184, in lookup
2026-06-23 19:51:22.605 9 ERROR ovsdbapp.backend.ovs_idl.command return self._lookup(table, record)
2026-06-23 19:51:22.605 9 ERROR ovsdbapp.backend.ovs_idl.command
File "/var/lib/openstack/lib/python3.10/site-packages/ovsdbapp/backend/ovs_idl/__init__.py", line 235, in _lookup
2026-06-23 19:51:22.605 9 ERROR ovsdbapp.backend.ovs_idl.command row = idlutils.row_by_value(self, rl.table, rl.column, record)
2026-06-23 19:51:22.605 9 ERROR ovsdbapp.backend.ovs_idl.command
File "/var/lib/openstack/lib/python3.10/site-packages/ovsdbapp/backend/ovs_idl/idlutils.py", line 114, in row_by_value
2026-06-23 19:51:22.605 9 ERROR ovsdbapp.backend.ovs_idl.command raise RowNotFound(table=table, col=column, match=match)
2026-06-23 19:51:22.605 9 ERROR ovsdbapp.backend.ovs_idl.command ovsdbapp.backend.ovs_idl.idlutils.RowNotFound: Cannot find Logical_Router_Port with name=lrp-7e389eec-ab67-46cd-966a-53c62390ff39
2026-06-23 19:51:22.605 9 ERROR ovsdbapp.backend.ovs_idl.command 
2026-06-23 19:51:22.606 9 ERROR neutron_lib.callbacks.manager [None req-417f25e2-76d0-457c-9acd-6e14122ef163 - - - - - -] Error during notification for neutron.services.ovn_l3.plugin.OVNL3RouterPlugin._port_update-8789294830310 port, after_update: ovsdbapp.backend.ovs_idl.idlutils.RowNotFound: Cannot find Logical_Router_Port with name=lrp-7e389eec-ab67-46cd-966a-53c62390ff39
2026-06-23 19:51:22.606 9 ERROR neutron_lib.callbacks.manager
Traceback (most recent call last):
2026-06-23 19:51:22.606 9 ERROR neutron_lib.callbacks.manager
File "/var/lib/openstack/lib/python3.10/site-packages/neutron_lib/callbacks/manager.py", line 189, in _notify_loop
2026-06-23 19:51:22.606 9 ERROR neutron_lib.callbacks.manager callback.method(resource, event, trigger, payload=payload)
2026-06-23 19:51:22.606 9 ERROR neutron_lib.callbacks.manager
File "/var/lib/openstack/lib/python3.10/site-packages/neutron/services/ovn_l3/plugin.py", line 391, in _port_update
2026-06-23 19:51:22.606 9 ERROR neutron_lib.callbacks.manager l3plugin._ovn_client.update_router_port(context,
2026-06-23 19:51:22.606 9 ERROR neutron_lib.callbacks.manager
File "/var/lib/openstack/lib/python3.10/site-packages/neutron/plugins/ml2/drivers/ovn/mech_driver/ovsdb/ovn_client.py", line 1878, in update_router_port
2026-06-23 19:51:22.606 9 ERROR neutron_lib.callbacks.manager self._update_lrouter_port(context, port, if_exists=if_exists,
2026-06-23 19:51:22.606 9 ERROR neutron_lib.callbacks.manager
File "/var/lib/openstack/lib/python3.10/site-packages/neutron/plugins/ml2/drivers/ovn/mech_driver/ovsdb/ovn_client.py", line 1855, in _update_lrouter_port
2026-06-23 19:51:22.606 9 ERROR neutron_lib.callbacks.manager external_ids = self._nb_idl.db_get(
2026-06-23 19:51:22.606 9 ERROR neutron_lib.callbacks.manager
File "/var/lib/openstack/lib/python3.10/site-packages/ovsdbapp/backend/ovs_idl/command.py", line 47, in execute
2026-06-23 19:51:22.606 9 ERROR neutron_lib.callbacks.manager self.run_idl(None)
2026-06-23 19:51:22.606 9 ERROR neutron_lib.callbacks.manager
File "/var/lib/openstack/lib/python3.10/site-packages/ovsdbapp/backend/ovs_idl/command.py", line 235, in run_idl
2026-06-23 19:51:22.606 9 ERROR neutron_lib.callbacks.manager record = self.api.lookup(self.table, self.record)
2026-06-23 19:51:22.606 9 ERROR neutron_lib.callbacks.manager
File "/var/lib/openstack/lib/python3.10/site-packages/ovsdbapp/backend/ovs_idl/__init__.py", line 184, in lookup
2026-06-23 19:51:22.606 9 ERROR neutron_lib.callbacks.manager return self._lookup(table, record)
2026-06-23 19:51:22.606 9 ERROR neutron_lib.callbacks.manager
File "/var/lib/openstack/lib/python3.10/site-packages/ovsdbapp/backend/ovs_idl/__init__.py", line 235, in _lookup
2026-06-23 19:51:22.606 9 ERROR neutron_lib.callbacks.manager row = idlutils.row_by_value(self, rl.table, rl.column, record)
2026-06-23 19:51:22.606 9 ERROR neutron_lib.callbacks.manager
File "/var/lib/openstack/lib/python3.10/site-packages/ovsdbapp/backend/ovs_idl/idlutils.py", line 114, in row_by_value
2026-06-23 19:51:22.606 9 ERROR neutron_lib.callbacks.manager raise RowNotFound(table=table, col=column, match=match)
2026-06-23 19:51:22.606 9 ERROR neutron_lib.callbacks.manager ovsdbapp.backend.ovs_idl.idlutils.RowNotFound: Cannot find Logical_Router_Port with name=lrp-7e389eec-ab67-46cd-966a-53c62390ff39
2026-06-23 19:51:22.606 9 ERROR neutron_lib.callbacks.manager 
2026-06-23 19:51:22.672 10 INFO neutron.db.ovn_revision_numbers_db [None req-d30710ca-f8b0-4f6c-b9c9-dbdc02297b82 a31c0b19640649fa84ae341ab29895db 99b28d347991496397d4054a5a8121ba - - default default] Successfully bumped revision number for resource ebaf8749-b623-46b7-83ef-20c8c4f16e4c (type: ports) to 1
2026-06-23 19:51:22.701 10 INFO neutron.wsgi [None req-d30710ca-f8b0-4f6c-b9c9-dbdc02297b82 a31c0b19640649fa84ae341ab29895db 99b28d347991496397d4054a5a8121ba - - default default] 10.0.0.84 "POST /v2.0/networks HTTP/1.1" status: 201 len: 833 time: 0.9447329
2026-06-23 19:51:22.715 10 WARNING neutron_lib.context [None req-b2f66348-6229-468c-8456-ab8156c5c5a0 a31c0b19640649fa84ae341ab29895db 99b28d347991496397d4054a5a8121ba - - default default] Method 'is_advsvc' is deprecated since 2023.2 release (neutron-lib 3.8.0) and will be removed once support for the old RBAC API policies will be removed from Neutron. Please use method 'is_service_role' instead.
2026-06-23 19:51:22.719 10 INFO neutron.db.ovn_revision_numbers_db [None req-2a8ecb61-7881-4c13-a45c-a2efd677d985 4d8ff778d6fa4d3ea0ecb627551c91c7 e8c13c5708e14282bda439f9f0b43795 - - default default] Successfully bumped revision number for resource 1e806d4a-8ee6-4c6a-ae90-2400c1303b52 (type: ports) to 1
2026-06-23 19:51:22.731 9 INFO neutron.db.ovn_revision_numbers_db [None req-78e8546a-0a83-48c9-a578-e468a0695cbb dd03f1e6eb9548279a3a08a1f8d6f6e6 7e57a0bb6e7a470893e6e45ce8442e2c - - default default] Successfully bumped revision number for resource 7e389eec-ab67-46cd-966a-53c62390ff39 (type: router_ports) to 1
2026-06-23 19:51:22.737 9 INFO neutron.wsgi [None req-78e8546a-0a83-48c9-a578-e468a0695cbb dd03f1e6eb9548279a3a08a1f8d6f6e6 7e57a0bb6e7a470893e6e45ce8442e2c - - default default] 10.0.0.84 "PUT /v2.0/routers/a5360ea2-d730-494f-82d4-aa1c9ddc6f47/add_router_interface HTTP/1.1" status: 200 len: 503 time: 4.7920780
2026-06-23 19:51:22.760 10 INFO neutron.wsgi [None req-2a8ecb61-7881-4c13-a45c-a2efd677d985 4d8ff778d6fa4d3ea0ecb627551c91c7 e8c13c5708e14282bda439f9f0b43795 - - default default] 10.0.0.84 "POST /v2.0/networks HTTP/1.1" status: 201 len: 853 time: 0.9763277
2026-06-23 19:51:22.770 9 WARNING neutron_lib.context [None req-4a05647d-6188-44f4-9daf-3f0313f7a2d7 4d8ff778d6fa4d3ea0ecb627551c91c7 e8c13c5708e14282bda439f9f0b43795 - - default default] Method 'is_advsvc' is deprecated since 2023.2 release (neutron-lib 3.8.0) and will be removed once support for the old RBAC API policies will be removed from Neutron. Please use method 'is_service_role' instead.
2026-06-23 19:51:22.821 9 WARNING neutron_lib.context [None req-4a05647d-6188-44f4-9daf-3f0313f7a2d7 4d8ff778d6fa4d3ea0ecb627551c91c7 e8c13c5708e14282bda439f9f0b43795 - - default default] Method 'is_advsvc' is deprecated since 2023.2 release (neutron-lib 3.8.0) and will be removed once support for the old RBAC API policies will be removed from Neutron. Please use method 'is_service_role' instead.
2026-06-23 19:51:22.893 9 INFO neutron.plugins.ml2.drivers.ovn.mech_driver.ovsdb.commands [None req-36ae78b4-93e9-433c-8ba7-dfd3c5f3e395 - - - - - -] Schedule LRP lrp-d467e979-3588-4646-8d30-53be899949cd on gateway ad2832f5-cd9e-4d8d-8023-f7336ee95e61 with priority 1
2026-06-23 19:51:22.929 10 INFO neutron.plugins.ml2.drivers.ovn.mech_driver.mech_driver [None req-7b52b48e-a412-4fb5-acdf-2f6eb947522b - - - - - -] OVN reports status up for port: d467e979-3588-4646-8d30-53be899949cd
2026-06-23 19:51:22.932 9 INFO neutron.plugins.ml2.drivers.ovn.mech_driver.ovsdb.ovsdb_monitor [None req-f54a5d18-0ea1-405e-825c-e90732cf97ad - - - - - -] Router f3736020-a3bf-4805-bd83-3c129d60cf8c is bound to host instance
2026-06-23 19:51:22.947 10 INFO neutron.plugins.ml2.plugin [None req-7b52b48e-a412-4fb5-acdf-2f6eb947522b - - - - - -] Attempt 1 to provision port d467e979-3588-4646-8d30-53be899949cd
2026-06-23 19:51:22.967 9 INFO neutron.db.ovn_revision_numbers_db [None req-fa39e9ac-5c98-4a4c-bb32-e24003561e3c dd03f1e6eb9548279a3a08a1f8d6f6e6 7e57a0bb6e7a470893e6e45ce8442e2c - - default default] Successfully bumped revision number for resource d467e979-3588-4646-8d30-53be899949cd (type: router_ports) to 1
2026-06-23 19:51:23.007 10 WARNING neutron.scheduler.dhcp_agent_scheduler [None req-b2f66348-6229-468c-8456-ab8156c5c5a0 a31c0b19640649fa84ae341ab29895db 99b28d347991496397d4054a5a8121ba - - default default] No more DHCP agents
2026-06-23 19:51:23.010 10 WARNING neutron.api.rpc.agentnotifiers.dhcp_rpc_agent_api [None req-b2f66348-6229-468c-8456-ab8156c5c5a0 a31c0b19640649fa84ae341ab29895db 99b28d347991496397d4054a5a8121ba - - default default] Unable to schedule network 1911b738-4dfa-4927-83cf-18a7fe1638fd: no agents available; will retry on subsequent port and subnet creation events.
2026-06-23 19:51:23.047 10 INFO neutron.db.ovn_revision_numbers_db [None req-b2f66348-6229-468c-8456-ab8156c5c5a0 a31c0b19640649fa84ae341ab29895db 99b28d347991496397d4054a5a8121ba - - default default] Successfully bumped revision number for resource f6a6d349-a19b-45dc-a600-7e402f2eaa57 (type: subnets) to 0
2026-06-23 19:51:23.065 10 INFO neutron.wsgi [None req-b2f66348-6229-468c-8456-ab8156c5c5a0 a31c0b19640649fa84ae341ab29895db 99b28d347991496397d4054a5a8121ba - - default default] 10.0.0.84 "POST /v2.0/subnets HTTP/1.1" status: 201 len: 821 time: 0.3545513
2026-06-23 19:51:23.074 10 WARNING neutron_lib.context [None req-43255e13-4b46-481c-9fb3-2159724041e3 a31c0b19640649fa84ae341ab29895db 99b28d347991496397d4054a5a8121ba - - default default] Method 'is_advsvc' is deprecated since 2023.2 release (neutron-lib 3.8.0) and will be removed once support for the old RBAC API policies will be removed from Neutron. Please use method 'is_service_role' instead.
2026-06-23 19:51:23.104 9 INFO neutron.db.ovn_revision_numbers_db [None req-fa39e9ac-5c98-4a4c-bb32-e24003561e3c dd03f1e6eb9548279a3a08a1f8d6f6e6 7e57a0bb6e7a470893e6e45ce8442e2c - - default default] Successfully bumped revision number for resource f3736020-a3bf-4805-bd83-3c129d60cf8c (type: routers) to 2
2026-06-23 19:51:23.151 9 INFO neutron.wsgi [None req-fa39e9ac-5c98-4a4c-bb32-e24003561e3c dd03f1e6eb9548279a3a08a1f8d6f6e6 7e57a0bb6e7a470893e6e45ce8442e2c - - default default] 10.0.0.84 "POST /v2.0/routers HTTP/1.1" status: 201 len: 1160 time: 3.0386300
2026-06-23 19:51:23.199 10 INFO neutron.db.ovn_revision_numbers_db [None req-43255e13-4b46-481c-9fb3-2159724041e3 a31c0b19640649fa84ae341ab29895db 99b28d347991496397d4054a5a8121ba - - default default] Successfully bumped revision number for resource 216bbeed-fd6a-4bfd-a8e4-616cc4f418f8 (type: routers) to 1
2026-06-23 19:51:23.201 10 INFO neutron.services.segments.plugin [-] Segment a8afc07d-cbf6-441b-ac04-30abcd5425b7 resource provider aggregate not found
2026-06-23 19:51:23.211 10 INFO neutron.services.segments.plugin [-] Segment a8afc07d-cbf6-441b-ac04-30abcd5425b7 resource provider aggregate not found
