2026-06-23 19:54:08.259 10 INFO neutron.wsgi [req-97da4dcc-3546-45bf-80e6-614eb75fbfa8 req-77fb6b98-5875-42ad-9411-33e370de957f 207fbeacd89d40ee8d9c3b600ab9ab5f 18ae5a96a40d419f8a62c6a47a568035 - - default default] 10.0.0.12 "GET /v2.0/security-groups?id=8d14249e-c3db-444b-bb56-14c8ebd36ecc&id=181c9b40-aaaa-4462-8c46-2594faca0359&fields=id&fields=name HTTP/1.1" status: 200 len: 406 time: 0.0619023
2026-06-23 19:54:08.345 10 WARNING neutron.scheduler.dhcp_agent_scheduler [None req-50458d27-699f-4047-b89b-9b34276b1c1b 4c1c9f6803c748f4978856def00b81e6 0d0d545e1c35457e97298cd2e1102d63 - - default default] No more DHCP agents
2026-06-23 19:54:08.347 10 WARNING neutron.api.rpc.agentnotifiers.dhcp_rpc_agent_api [None req-50458d27-699f-4047-b89b-9b34276b1c1b 4c1c9f6803c748f4978856def00b81e6 0d0d545e1c35457e97298cd2e1102d63 - - default default] Unable to schedule network f8e0c747-54f3-40bd-8eb2-39d7fe486b9d: no agents available; will retry on subsequent port and subnet creation events.
2026-06-23 19:54:08.596 10 INFO neutron.wsgi [None req-e949b55a-2f23-442d-85bc-1e3a09bb66c4 3fa32bd5e1d4410ab118ddaf484e18f4 6ca83e12956440a08ee79f696e8c671f - - default default] 10.0.0.84 "GET /v2.0/ports?device_id=65e38570-ca4f-4752-98e9-9c63264ac086 HTTP/1.1" status: 200 len: 1443 time: 0.3102450
2026-06-23 19:54:08.666 9 INFO neutron.wsgi [None req-100b7cec-d8f3-473a-be31-68ec8afbd231 207fbeacd89d40ee8d9c3b600ab9ab5f 18ae5a96a40d419f8a62c6a47a568035 - - default default] 10.0.0.84 "GET /v2.0/floatingips?floating_network_id=9aa2abfd-6281-4bf9-8df1-b8ef24af13c5&port_id=9c27f717-de72-4997-b41d-5d0d837bd50f HTTP/1.1" status: 200 len: 1054 time: 0.0645583
2026-06-23 19:54:08.908 10 INFO neutron.db.ovn_revision_numbers_db [None req-50458d27-699f-4047-b89b-9b34276b1c1b 4c1c9f6803c748f4978856def00b81e6 0d0d545e1c35457e97298cd2e1102d63 - - default default] Successfully bumped revision number for resource e8b5cfb9-cd34-4eec-ad1f-d7ecbe13621c (type: ports) to 2
2026-06-23 19:54:08.948 10 INFO neutron.db.ovn_revision_numbers_db [None req-50458d27-699f-4047-b89b-9b34276b1c1b 4c1c9f6803c748f4978856def00b81e6 0d0d545e1c35457e97298cd2e1102d63 - - default default] Successfully bumped revision number for resource 9bfd3e6f-0d73-4398-9820-a46347b0acc5 (type: subnets) to 0
2026-06-23 19:54:08.982 10 INFO neutron.wsgi [None req-50458d27-699f-4047-b89b-9b34276b1c1b 4c1c9f6803c748f4978856def00b81e6 0d0d545e1c35457e97298cd2e1102d63 - - default default] 10.0.0.84 "POST /v2.0/subnets HTTP/1.1" status: 201 len: 804 time: 0.9456720
2026-06-23 19:54:08.995 10 INFO neutron.wsgi [req-bbbe33ac-02e9-4a12-b0d5-c220cb8b9094 req-ac628726-abd9-4a31-9c65-4fbd851fcc3f 3b20aad8910c481aa3d09bda2c441861 4437f5005fd3417c9cd65be0703b1d5a - - 2189ca4831b045c09946bd1f0b90583d 2189ca4831b045c09946bd1f0b90583d] 10.0.0.156 "GET /v2.0/ports?device_id=65e38570-ca4f-4752-98e9-9c63264ac086 HTTP/1.1" status: 200 len: 1448 time: 0.0427775
2026-06-23 19:54:09.044 10 INFO neutron.wsgi [req-bbbe33ac-02e9-4a12-b0d5-c220cb8b9094 req-8cc5c25f-7ebe-4b26-b92e-ea82e36928f9 3b20aad8910c481aa3d09bda2c441861 4437f5005fd3417c9cd65be0703b1d5a - - 2189ca4831b045c09946bd1f0b90583d 2189ca4831b045c09946bd1f0b90583d] 10.0.0.156 "GET /v2.0/security-groups?id=181c9b40-aaaa-4462-8c46-2594faca0359&id=8d14249e-c3db-444b-bb56-14c8ebd36ecc&fields=id&fields=name HTTP/1.1" status: 200 len: 406 time: 0.0385382
2026-06-23 19:54:09.049 9 INFO neutron.wsgi [None req-426d838e-ddbe-49bf-aa61-2190e4820f31 4c1c9f6803c748f4978856def00b81e6 0d0d545e1c35457e97298cd2e1102d63 - - default default] 10.0.0.84 "PUT /v2.0/subnets/e07407e2-9c99-43e5-bb21-94d84e2f677e/tags HTTP/1.1" status: 200 len: 210 time: 0.0616524
2026-06-23 19:54:09.103 9 INFO neutron.wsgi [None req-3dd85ebb-89b7-41c8-9396-5af8fc331dcf 4c1c9f6803c748f4978856def00b81e6 0d0d545e1c35457e97298cd2e1102d63 - - default default] 10.0.0.84 "PUT /v2.0/subnets/941439ba-7997-493e-8ed4-5e5167356a08/tags HTTP/1.1" status: 200 len: 218 time: 0.0428128
2026-06-23 19:54:09.179 9 INFO neutron.wsgi [None req-830de44d-0aee-4fb2-9c9e-4ed7bd9c6375 4c1c9f6803c748f4978856def00b81e6 0d0d545e1c35457e97298cd2e1102d63 - - default default] 10.0.0.84 "PUT /v2.0/subnets/c38bd21c-56fb-4b09-96ae-ee61077403b6/tags HTTP/1.1" status: 200 len: 227 time: 0.0628829
2026-06-23 19:54:09.228 9 INFO neutron.wsgi [None req-6b0500de-c732-4db0-af2a-87b9e9fc5630 4c1c9f6803c748f4978856def00b81e6 0d0d545e1c35457e97298cd2e1102d63 - - default default] 10.0.0.84 "PUT /v2.0/subnets/ee2cc1ab-093f-468f-a083-af35154bf2a3/tags HTTP/1.1" status: 200 len: 212 time: 0.0444274
2026-06-23 19:54:09.289 9 INFO neutron.wsgi [None req-b95b55e0-75bb-4376-b236-fce1ae32a155 4c1c9f6803c748f4978856def00b81e6 0d0d545e1c35457e97298cd2e1102d63 - - default default] 10.0.0.84 "GET /v2.0/subnets?tags=red HTTP/1.1" status: 200 len: 2027 time: 0.0558858
2026-06-23 19:54:09.355 9 INFO neutron.wsgi [None req-841c9eaa-59ef-4fa4-956b-d391cd204a20 4c1c9f6803c748f4978856def00b81e6 0d0d545e1c35457e97298cd2e1102d63 - - default default] 10.0.0.84 "GET /v2.0/subnets?tags=red%2Cblue HTTP/1.1" status: 200 len: 1430 time: 0.0610509
2026-06-23 19:54:09.449 10 INFO neutron.wsgi [None req-dd53ff16-6e74-4629-a181-78f3062d9a2d 4c1c9f6803c748f4978856def00b81e6 0d0d545e1c35457e97298cd2e1102d63 - - default default] 10.0.0.84 "GET /v2.0/subnets?tags-any=blue HTTP/1.1" status: 200 len: 1430 time: 0.0857487
2026-06-23 19:54:09.508 10 INFO neutron.wsgi [None req-50768682-3c17-4c48-8b4a-a2efab5614c9 4c1c9f6803c748f4978856def00b81e6 0d0d545e1c35457e97298cd2e1102d63 - - default default] 10.0.0.84 "GET /v2.0/subnets?tags-any=red%2Cblue HTTP/1.1" status: 200 len: 2027 time: 0.0529556
2026-06-23 19:54:09.807 10 INFO neutron.wsgi [None req-f9cfd355-a293-4e6f-b863-6c9f82d1bbcc 4c1c9f6803c748f4978856def00b81e6 0d0d545e1c35457e97298cd2e1102d63 - - default default] 10.0.0.84 "GET /v2.0/subnets?not-tags=red HTTP/1.1" status: 200 len: 2018 time: 0.2949927
2026-06-23 19:54:09.869 9 WARNING neutron_lib.context [None req-150e1229-1824-4efc-8da3-5925544706d0 d4cba3e1762a48ada0bf271da0f29c06 e38b0e7b914442b8bb4ebc1d3fbfbc31 - - default default] Method 'is_advsvc' is deprecated since 2023.2 release (neutron-lib 3.8.0) and will be removed once support for the old RBAC API policies will be removed from Neutron. Please use method 'is_service_role' instead.
2026-06-23 19:54:09.900 9 INFO neutron.wsgi [None req-a72627d2-ef57-4677-9306-a6cc80789e52 4c1c9f6803c748f4978856def00b81e6 0d0d545e1c35457e97298cd2e1102d63 - - default default] 10.0.0.84 "GET /v2.0/subnets?not-tags=red%2Cblue HTTP/1.1" status: 200 len: 2615 time: 0.0862594
2026-06-23 19:54:09.966 9 INFO neutron.wsgi [None req-f3e701ca-da19-4ca7-85d3-ff2b347c5890 4c1c9f6803c748f4978856def00b81e6 0d0d545e1c35457e97298cd2e1102d63 - - default default] 10.0.0.84 "GET /v2.0/subnets?not-tags-any=blue HTTP/1.1" status: 200 len: 2615 time: 0.0607908
2026-06-23 19:54:10.013 9 INFO neutron.wsgi [None req-42cc3c25-f948-4101-bc49-5b3f492fd4bb 4c1c9f6803c748f4978856def00b81e6 0d0d545e1c35457e97298cd2e1102d63 - - default default] 10.0.0.84 "GET /v2.0/subnets?not-tags-any=red%2Cblue HTTP/1.1" status: 200 len: 2018 time: 0.0426152
2026-06-23 19:54:10.096 9 INFO neutron.db.ovn_revision_numbers_db [None req-150e1229-1824-4efc-8da3-5925544706d0 d4cba3e1762a48ada0bf271da0f29c06 e38b0e7b914442b8bb4ebc1d3fbfbc31 - - default default] Successfully bumped revision number for resource 6fe92b80-38ae-470c-8ee2-f821b41aecd0 (type: security_groups) to 1
2026-06-23 19:54:10.111 9 INFO neutron.db.ovn_revision_numbers_db [None req-150e1229-1824-4efc-8da3-5925544706d0 d4cba3e1762a48ada0bf271da0f29c06 e38b0e7b914442b8bb4ebc1d3fbfbc31 - - default default] Successfully bumped revision number for resource 1816e8ec-f309-42e9-81a7-286f97a09a16 (type: security_group_rules) to 0
2026-06-23 19:54:10.128 9 INFO neutron.db.ovn_revision_numbers_db [None req-150e1229-1824-4efc-8da3-5925544706d0 d4cba3e1762a48ada0bf271da0f29c06 e38b0e7b914442b8bb4ebc1d3fbfbc31 - - default default] Successfully bumped revision number for resource 320109e5-24dd-49c7-9064-b15880a45d5c (type: security_group_rules) to 0
2026-06-23 19:54:10.149 9 INFO neutron.db.ovn_revision_numbers_db [None req-150e1229-1824-4efc-8da3-5925544706d0 d4cba3e1762a48ada0bf271da0f29c06 e38b0e7b914442b8bb4ebc1d3fbfbc31 - - default default] Successfully bumped revision number for resource 8f0f6117-cfa0-47a7-b530-026351606a04 (type: security_group_rules) to 0
2026-06-23 19:54:10.164 9 INFO neutron.db.ovn_revision_numbers_db [None req-150e1229-1824-4efc-8da3-5925544706d0 d4cba3e1762a48ada0bf271da0f29c06 e38b0e7b914442b8bb4ebc1d3fbfbc31 - - default default] Successfully bumped revision number for resource f4898cf6-efb8-46b6-97a7-0c42b9744b6f (type: security_group_rules) to 0
2026-06-23 19:54:10.219 9 INFO neutron.db.segments_db [None req-150e1229-1824-4efc-8da3-5925544706d0 d4cba3e1762a48ada0bf271da0f29c06 e38b0e7b914442b8bb4ebc1d3fbfbc31 - - default default] Added segment bddc6c64-58e5-47df-85bc-3c90a2e34705 of type geneve for network f3c42b0a-13f6-4c42-8ced-c62e764c5446
2026-06-23 19:54:10.265 10 INFO neutron.wsgi [None req-fd3e6d17-5b3a-4bde-8546-5429cad423c2 4c1c9f6803c748f4978856def00b81e6 0d0d545e1c35457e97298cd2e1102d63 - - default default] 10.0.0.84 "DELETE /v2.0/subnets/e07407e2-9c99-43e5-bb21-94d84e2f677e HTTP/1.1" status: 204 len: 168 time: 0.2440448
2026-06-23 19:54:10.379 9 INFO neutron.db.ovn_revision_numbers_db [None req-150e1229-1824-4efc-8da3-5925544706d0 d4cba3e1762a48ada0bf271da0f29c06 e38b0e7b914442b8bb4ebc1d3fbfbc31 - - default default] Successfully bumped revision number for resource f3c42b0a-13f6-4c42-8ced-c62e764c5446 (type: networks) to 1
2026-06-23 19:54:10.477 10 INFO neutron.wsgi [None req-27bf3919-f866-499d-aed0-24c9e083198b 4c1c9f6803c748f4978856def00b81e6 0d0d545e1c35457e97298cd2e1102d63 - - default default] 10.0.0.84 "DELETE /v2.0/subnets/941439ba-7997-493e-8ed4-5e5167356a08 HTTP/1.1" status: 204 len: 168 time: 0.2066810
2026-06-23 19:54:10.594 9 WARNING neutron.scheduler.dhcp_agent_scheduler [None req-150e1229-1824-4efc-8da3-5925544706d0 d4cba3e1762a48ada0bf271da0f29c06 e38b0e7b914442b8bb4ebc1d3fbfbc31 - - default default] No more DHCP agents
2026-06-23 19:54:10.598 9 WARNING neutron.api.rpc.agentnotifiers.dhcp_rpc_agent_api [None req-150e1229-1824-4efc-8da3-5925544706d0 d4cba3e1762a48ada0bf271da0f29c06 e38b0e7b914442b8bb4ebc1d3fbfbc31 - - default default] Unable to schedule network f3c42b0a-13f6-4c42-8ced-c62e764c5446: no agents available; will retry on subsequent port and subnet creation events.
2026-06-23 19:54:10.632 10 WARNING neutron_lib.context [None req-a885dada-49ec-4fae-bc99-567ffe3d26e4 87673a09a4ee4870a51a66c6c2fa6acc 01605761b7a84f848ae03cff56ce2540 - - default default] Method 'is_advsvc' is deprecated since 2023.2 release (neutron-lib 3.8.0) and will be removed once support for the old RBAC API policies will be removed from Neutron. Please use method 'is_service_role' instead.
2026-06-23 19:54:10.676 9 INFO neutron.db.ovn_revision_numbers_db [None req-150e1229-1824-4efc-8da3-5925544706d0 d4cba3e1762a48ada0bf271da0f29c06 e38b0e7b914442b8bb4ebc1d3fbfbc31 - - default default] Successfully bumped revision number for resource 6506ecbc-77dd-44b9-b936-7f2320da68ad (type: ports) to 1
2026-06-23 19:54:10.697 9 INFO neutron.wsgi [None req-150e1229-1824-4efc-8da3-5925544706d0 d4cba3e1762a48ada0bf271da0f29c06 e38b0e7b914442b8bb4ebc1d3fbfbc31 - - default default] 10.0.0.84 "POST /v2.0/networks HTTP/1.1" status: 201 len: 829 time: 1.0860507
2026-06-23 19:54:10.707 9 WARNING neutron_lib.context [None req-90bd0cdd-eddd-4b99-97ac-034fcae575f5 d4cba3e1762a48ada0bf271da0f29c06 e38b0e7b914442b8bb4ebc1d3fbfbc31 - - default default] Method 'is_advsvc' is deprecated since 2023.2 release (neutron-lib 3.8.0) and will be removed once support for the old RBAC API policies will be removed from Neutron. Please use method 'is_service_role' instead.
2026-06-23 19:54:10.732 10 INFO neutron.wsgi [None req-61a7c0de-837a-4f4b-9716-67d77239d04e 4c1c9f6803c748f4978856def00b81e6 0d0d545e1c35457e97298cd2e1102d63 - - default default] 10.0.0.84 "DELETE /v2.0/subnets/c38bd21c-56fb-4b09-96ae-ee61077403b6 HTTP/1.1" status: 204 len: 168 time: 0.2454569
2026-06-23 19:54:10.812 10 INFO neutron.db.ovn_revision_numbers_db [None req-a885dada-49ec-4fae-bc99-567ffe3d26e4 87673a09a4ee4870a51a66c6c2fa6acc 01605761b7a84f848ae03cff56ce2540 - - default default] Successfully bumped revision number for resource 8161c299-2419-460f-8b66-af7a912aed67 (type: security_groups) to 1
2026-06-23 19:54:10.828 10 INFO neutron.db.ovn_revision_numbers_db [None req-a885dada-49ec-4fae-bc99-567ffe3d26e4 87673a09a4ee4870a51a66c6c2fa6acc 01605761b7a84f848ae03cff56ce2540 - - default default] Successfully bumped revision number for resource 7c6a7186-c4aa-4747-998b-05f76aab0a53 (type: security_group_rules) to 0
2026-06-23 19:54:10.853 10 INFO neutron.db.ovn_revision_numbers_db [None req-a885dada-49ec-4fae-bc99-567ffe3d26e4 87673a09a4ee4870a51a66c6c2fa6acc 01605761b7a84f848ae03cff56ce2540 - - default default] Successfully bumped revision number for resource a3b0b57c-427c-4ccb-aab6-266adb70a8b9 (type: security_group_rules) to 0
2026-06-23 19:54:10.869 10 INFO neutron.db.ovn_revision_numbers_db [None req-a885dada-49ec-4fae-bc99-567ffe3d26e4 87673a09a4ee4870a51a66c6c2fa6acc 01605761b7a84f848ae03cff56ce2540 - - default default] Successfully bumped revision number for resource a9cffce8-65ac-4deb-a587-3c25a3e5ae38 (type: security_group_rules) to 0
2026-06-23 19:54:10.891 10 INFO neutron.db.ovn_revision_numbers_db [None req-a885dada-49ec-4fae-bc99-567ffe3d26e4 87673a09a4ee4870a51a66c6c2fa6acc 01605761b7a84f848ae03cff56ce2540 - - default default] Successfully bumped revision number for resource e37a34f9-0a36-4220-8f62-3ab7ad707010 (type: security_group_rules) to 0
2026-06-23 19:54:10.940 10 INFO neutron.db.segments_db [None req-a885dada-49ec-4fae-bc99-567ffe3d26e4 87673a09a4ee4870a51a66c6c2fa6acc 01605761b7a84f848ae03cff56ce2540 - - default default] Added segment 6a558725-989b-4d0a-975b-c68d6007bf75 of type geneve for network 08baa882-a7a9-4594-a6db-8d248e197884
2026-06-23 19:54:11.044 9 WARNING neutron.scheduler.dhcp_agent_scheduler [None req-90bd0cdd-eddd-4b99-97ac-034fcae575f5 d4cba3e1762a48ada0bf271da0f29c06 e38b0e7b914442b8bb4ebc1d3fbfbc31 - - default default] No more DHCP agents
2026-06-23 19:54:11.045 9 WARNING neutron.api.rpc.agentnotifiers.dhcp_rpc_agent_api [None req-90bd0cdd-eddd-4b99-97ac-034fcae575f5 d4cba3e1762a48ada0bf271da0f29c06 e38b0e7b914442b8bb4ebc1d3fbfbc31 - - default default] Unable to schedule network f3c42b0a-13f6-4c42-8ced-c62e764c5446: no agents available; will retry on subsequent port and subnet creation events.
2026-06-23 19:54:11.049 10 INFO neutron.wsgi [req-a20950a0-eb45-4763-9db2-ffe7c09bf04b req-da8ed694-f5a5-4d7d-8287-93dae9d66309 207fbeacd89d40ee8d9c3b600ab9ab5f 18ae5a96a40d419f8a62c6a47a568035 - - default default] 10.0.0.12 "GET /v2.0/ports?device_id=65e38570-ca4f-4752-98e9-9c63264ac086 HTTP/1.1" status: 200 len: 1210 time: 0.0461016
2026-06-23 19:54:11.070 9 INFO neutron.wsgi [None req-25fa3b52-18fd-4fc7-a472-093a3f33a9be 4c1c9f6803c748f4978856def00b81e6 0d0d545e1c35457e97298cd2e1102d63 - - default default] 10.0.0.84 "DELETE /v2.0/subnets/ee2cc1ab-093f-468f-a083-af35154bf2a3 HTTP/1.1" status: 204 len: 168 time: 0.3294160
2026-06-23 19:54:11.087 10 INFO neutron.plugins.ml2.drivers.ovn.mech_driver.mech_driver [None req-7b52b48e-a412-4fb5-acdf-2f6eb947522b - - - - - -] OVN reports status down for port: 9c27f717-de72-4997-b41d-5d0d837bd50f
2026-06-23 19:54:11.180 10 INFO neutron.db.ovn_revision_numbers_db [None req-a885dada-49ec-4fae-bc99-567ffe3d26e4 87673a09a4ee4870a51a66c6c2fa6acc 01605761b7a84f848ae03cff56ce2540 - - default default] Successfully bumped revision number for resource 08baa882-a7a9-4594-a6db-8d248e197884 (type: networks) to 1
2026-06-23 19:54:11.190 10 INFO neutron.wsgi [req-a20950a0-eb45-4763-9db2-ffe7c09bf04b req-34c7bf0a-1370-47ae-89e0-3f126c61bf7a 207fbeacd89d40ee8d9c3b600ab9ab5f 18ae5a96a40d419f8a62c6a47a568035 - - default default] 10.0.0.12 "GET /v2.0/security-groups?id=8d14249e-c3db-444b-bb56-14c8ebd36ecc&id=181c9b40-aaaa-4462-8c46-2594faca0359&fields=id&fields=name HTTP/1.1" status: 200 len: 406 time: 0.1338518
2026-06-23 19:54:11.341 10 INFO neutron.notifiers.nova [-] Nova event matching ['req-0e3065e1-ddfd-4f73-b0f1-e4ee00cfe4e3'] response: {'server_uuid': '65e38570-ca4f-4752-98e9-9c63264ac086', 'name': 'network-vif-unplugged', 'status': 'completed', 'tag': '9c27f717-de72-4997-b41d-5d0d837bd50f', 'code': 200}
2026-06-23 19:54:11.465 9 INFO neutron.wsgi [req-ec217a98-4636-4639-a006-46328ef2a0ce req-33ca3de0-6229-4ff5-878c-e1efa191e3d4 207fbeacd89d40ee8d9c3b600ab9ab5f 18ae5a96a40d419f8a62c6a47a568035 - - default default] 199.204.45.53 "GET /v2.0/ports?device_id=65e38570-ca4f-4752-98e9-9c63264ac086 HTTP/1.1" status: 200 len: 1208 time: 0.1386507
2026-06-23 19:54:11.489 10 INFO neutron.wsgi [None req-5877dea2-3b30-44c6-b5ee-39493ae3cbf9 4c1c9f6803c748f4978856def00b81e6 0d0d545e1c35457e97298cd2e1102d63 - - default default] 10.0.0.84 "DELETE /v2.0/subnets/9bfd3e6f-0d73-4398-9820-a46347b0acc5 HTTP/1.1" status: 204 len: 168 time: 0.4003851
2026-06-23 19:54:11.494 10 WARNING neutron.scheduler.dhcp_agent_scheduler [None req-a885dada-49ec-4fae-bc99-567ffe3d26e4 87673a09a4ee4870a51a66c6c2fa6acc 01605761b7a84f848ae03cff56ce2540 - - default default] No more DHCP agents
2026-06-23 19:54:11.501 10 WARNING neutron.api.rpc.agentnotifiers.dhcp_rpc_agent_api [None req-a885dada-49ec-4fae-bc99-567ffe3d26e4 87673a09a4ee4870a51a66c6c2fa6acc 01605761b7a84f848ae03cff56ce2540 - - default default] Unable to schedule network 08baa882-a7a9-4594-a6db-8d248e197884: no agents available; will retry on subsequent port and subnet creation events.
2026-06-23 19:54:11.510 9 INFO neutron.wsgi [-] 10.0.0.193 "GET / HTTP/1.1" status: 200 len: 247 time: 0.0013988
2026-06-23 19:54:11.512 9 INFO neutron.wsgi [-] 10.0.0.193 "GET / HTTP/1.1" status: 200 len: 247 time: 0.0008872
2026-06-23 19:54:11.645 10 INFO neutron.db.ovn_revision_numbers_db [None req-7b52b48e-a412-4fb5-acdf-2f6eb947522b - - - - - -] Successfully bumped revision number for resource 9c27f717-de72-4997-b41d-5d0d837bd50f (type: ports) to 5
2026-06-23 19:54:11.654 10 INFO neutron.db.ovn_revision_numbers_db [None req-a885dada-49ec-4fae-bc99-567ffe3d26e4 87673a09a4ee4870a51a66c6c2fa6acc 01605761b7a84f848ae03cff56ce2540 - - default default] Successfully bumped revision number for resource 8e4eeb32-99fc-4709-8325-6c083459801b (type: ports) to 1
2026-06-23 19:54:11.696 10 INFO neutron.wsgi [None req-a885dada-49ec-4fae-bc99-567ffe3d26e4 87673a09a4ee4870a51a66c6c2fa6acc 01605761b7a84f848ae03cff56ce2540 - - default default] 10.0.0.84 "POST /v2.0/networks HTTP/1.1" status: 201 len: 830 time: 1.2085240
2026-06-23 19:54:11.712 9 WARNING neutron_lib.context [None req-7a2e3812-f73d-4ab8-85d6-e06be6511553 87673a09a4ee4870a51a66c6c2fa6acc 01605761b7a84f848ae03cff56ce2540 - - default default] Method 'is_advsvc' is deprecated since 2023.2 release (neutron-lib 3.8.0) and will be removed once support for the old RBAC API policies will be removed from Neutron. Please use method 'is_service_role' instead.
2026-06-23 19:54:11.975 10 INFO neutron.services.segments.plugin [-] Segment b6c0b3ff-8081-4a2a-a1d6-9e204429355c resource provider aggregate not found
2026-06-23 19:54:11.980 10 INFO neutron.services.segments.plugin [-] Segment b6c0b3ff-8081-4a2a-a1d6-9e204429355c resource provider aggregate not found
2026-06-23 19:54:12.006 10 INFO neutron.wsgi [None req-c8bc7090-cb79-4a31-9433-e01a5445b3ad 4c1c9f6803c748f4978856def00b81e6 0d0d545e1c35457e97298cd2e1102d63 - - default default] 10.0.0.84 "DELETE /v2.0/networks/2a0785ec-0c4e-4644-b257-224f1036dc9d HTTP/1.1" status: 204 len: 168 time: 0.5105410
2026-06-23 19:54:12.008 10 INFO neutron.services.segments.plugin [-] Segment b6c0b3ff-8081-4a2a-a1d6-9e204429355c resource provider not found; error: Placement Client Error (4xx): {"errors": [{"status": 404, "title": "Not Found", "detail": "The resource could not be found.\n\n No resource provider with uuid b6c0b3ff-8081-4a2a-a1d6-9e204429355c found for delete ", "request_id": "req-0e348662-6eca-4523-89ef-ce0dfa07625b"}]}
2026-06-23 19:54:12.008 10 INFO neutron.services.segments.plugin [-] Segment b6c0b3ff-8081-4a2a-a1d6-9e204429355c resource provider not found; error: Placement Client Error (4xx): {"errors": [{"status": 404, "title": "Not Found", "detail": "The resource could not be found.\n\n No resource provider with uuid b6c0b3ff-8081-4a2a-a1d6-9e204429355c found for delete ", "request_id": "req-f1568b26-5a2b-43c5-ae38-28b81402edcd"}]} /var/lib/openstack/lib/python3.10/site-packages/pycadf/identifier.py:71: UserWarning: Invalid uuid: neutron. To ensure interoperability, identifiers should be a valid uuid. warnings.warn(('Invalid uuid: %s. To ensure interoperability, '
2026-06-23 19:54:12.156 9 INFO neutron.db.l3_db [req-ec217a98-4636-4639-a006-46328ef2a0ce req-5dbc8334-9998-4b6a-a576-0b7899d4f9bd 207fbeacd89d40ee8d9c3b600ab9ab5f 18ae5a96a40d419f8a62c6a47a568035 - - default default] Floating IP f79a0b7b-d8ab-4f98-b146-6fd676d7d2ab disassociated. External IP: 10.96.250.207, port: 9c27f717-de72-4997-b41d-5d0d837bd50f.
2026-06-23 19:54:12.256 9 WARNING neutron.scheduler.dhcp_agent_scheduler [None req-7a2e3812-f73d-4ab8-85d6-e06be6511553 87673a09a4ee4870a51a66c6c2fa6acc 01605761b7a84f848ae03cff56ce2540 - - default default] No more DHCP agents
2026-06-23 19:54:12.257 9 INFO neutron.db.ovn_revision_numbers_db [None req-90bd0cdd-eddd-4b99-97ac-034fcae575f5 d4cba3e1762a48ada0bf271da0f29c06 e38b0e7b914442b8bb4ebc1d3fbfbc31 - - default default] Successfully bumped revision number for resource 6506ecbc-77dd-44b9-b936-7f2320da68ad (type: ports) to 2
2026-06-23 19:54:12.261 9 WARNING neutron.api.rpc.agentnotifiers.dhcp_rpc_agent_api [None req-7a2e3812-f73d-4ab8-85d6-e06be6511553 87673a09a4ee4870a51a66c6c2fa6acc 01605761b7a84f848ae03cff56ce2540 - - default default] Unable to schedule network 08baa882-a7a9-4594-a6db-8d248e197884: no agents available; will retry on subsequent port and subnet creation events. /var/lib/openstack/lib/python3.10/site-packages/pycadf/identifier.py:71: UserWarning: Invalid uuid: neutron. To ensure interoperability, identifiers should be a valid uuid. warnings.warn(('Invalid uuid: %s. To ensure interoperability, '
2026-06-23 19:54:12.310 10 INFO neutron.wsgi [req-f027e746-e8f2-49a5-80ab-6371948f5fe8 req-bba706b5-6c91-40a5-96b2-64e705739475 207fbeacd89d40ee8d9c3b600ab9ab5f 18ae5a96a40d419f8a62c6a47a568035 - - default default] 10.0.0.12 "GET /v2.0/ports?device_id=65e38570-ca4f-4752-98e9-9c63264ac086 HTTP/1.1" status: 200 len: 1208 time: 0.0526106
2026-06-23 19:54:12.323 9 INFO neutron.db.ovn_revision_numbers_db [None req-90bd0cdd-eddd-4b99-97ac-034fcae575f5 d4cba3e1762a48ada0bf271da0f29c06 e38b0e7b914442b8bb4ebc1d3fbfbc31 - - default default] Successfully bumped revision number for resource 68c2e408-224c-4822-866b-40334d3ee8de (type: subnets) to 0
2026-06-23 19:54:12.344 9 INFO neutron.wsgi [None req-90bd0cdd-eddd-4b99-97ac-034fcae575f5 d4cba3e1762a48ada0bf271da0f29c06 e38b0e7b914442b8bb4ebc1d3fbfbc31 - - default default] 10.0.0.84 "POST /v2.0/subnets HTTP/1.1" status: 201 len: 801 time: 1.6417513
2026-06-23 19:54:12.401 9 INFO neutron.wsgi [req-ec217a98-4636-4639-a006-46328ef2a0ce req-5dbc8334-9998-4b6a-a576-0b7899d4f9bd 207fbeacd89d40ee8d9c3b600ab9ab5f 18ae5a96a40d419f8a62c6a47a568035 - - default default] 199.204.45.53 "DELETE /v2.0/ports/9c27f717-de72-4997-b41d-5d0d837bd50f HTTP/1.1" status: 204 len: 173 time: 0.9302990
2026-06-23 19:54:12.412 9 INFO neutron.db.ovn_revision_numbers_db [None req-7a2e3812-f73d-4ab8-85d6-e06be6511553 87673a09a4ee4870a51a66c6c2fa6acc 01605761b7a84f848ae03cff56ce2540 - - default default] Successfully bumped revision number for resource 42fa76a5-89ac-4c74-b974-fee855a686f0 (type: ports) to 1
2026-06-23 19:54:12.443 10 INFO neutron.wsgi [req-f027e746-e8f2-49a5-80ab-6371948f5fe8 req-06947181-7437-4526-abba-3faf6b1e0d9b 207fbeacd89d40ee8d9c3b600ab9ab5f 18ae5a96a40d419f8a62c6a47a568035 - - default default] 10.0.0.12 "GET /v2.0/security-groups?id=8d14249e-c3db-444b-bb56-14c8ebd36ecc&id=181c9b40-aaaa-4462-8c46-2594faca0359&fields=id&fields=name HTTP/1.1" status: 200 len: 406 time: 0.1275365
2026-06-23 19:54:12.452 9 INFO neutron.wsgi [None req-7a2e3812-f73d-4ab8-85d6-e06be6511553 87673a09a4ee4870a51a66c6c2fa6acc 01605761b7a84f848ae03cff56ce2540 - - default default] 10.0.0.84 "POST /v2.0/ports HTTP/1.1" status: 201 len: 942 time: 0.7492204 /var/lib/openstack/lib/python3.10/site-packages/pycadf/identifier.py:71: UserWarning: Invalid uuid: neutron. To ensure interoperability, identifiers should be a valid uuid. warnings.warn(('Invalid uuid: %s. To ensure interoperability, '
2026-06-23 19:54:12.463 9 WARNING neutron_lib.context [None req-24615a30-d3db-447c-a9fe-b3ac9d74d7de 87673a09a4ee4870a51a66c6c2fa6acc 01605761b7a84f848ae03cff56ce2540 - - default default] Method 'is_advsvc' is deprecated since 2023.2 release (neutron-lib 3.8.0) and will be removed once support for the old RBAC API policies will be removed from Neutron. Please use method 'is_service_role' instead.
2026-06-23 19:54:12.470 9 INFO neutron.notifiers.nova [-] Nova event matching ['req-38a02381-2837-4370-99aa-104877b43fe8'] response: {'server_uuid': '65e38570-ca4f-4752-98e9-9c63264ac086', 'name': 'network-vif-deleted', 'tag': '9c27f717-de72-4997-b41d-5d0d837bd50f', 'status': 'completed', 'code': 200}
2026-06-23 19:54:12.489 10 INFO neutron.wsgi [None req-a88a9197-d03a-4b23-8d5a-8cc7949eb997 d4cba3e1762a48ada0bf271da0f29c06 e38b0e7b914442b8bb4ebc1d3fbfbc31 - - default default] 10.0.0.84 "PUT /v2.0/subnets/68c2e408-224c-4822-866b-40334d3ee8de/tags HTTP/1.1" status: 200 len: 218 time: 0.1328104
2026-06-23 19:54:12.550 10 INFO neutron.wsgi [None req-3a63250b-aa19-4479-bb7f-f42c79e0a6a0 d4cba3e1762a48ada0bf271da0f29c06 e38b0e7b914442b8bb4ebc1d3fbfbc31 - - default default] 10.0.0.84 "GET /v2.0/subnets/68c2e408-224c-4822-866b-40334d3ee8de/tags HTTP/1.1" status: 200 len: 218 time: 0.0540535
2026-06-23 19:54:12.566 10 INFO neutron.wsgi [None req-965fda06-e4f4-42d5-b7b2-a3266d102a9d 4c1c9f6803c748f4978856def00b81e6 0d0d545e1c35457e97298cd2e1102d63 - - default default] 10.0.0.84 "DELETE /v2.0/networks/6720d226-2653-4af2-80f0-6609ac0b8059 HTTP/1.1" status: 204 len: 168 time: 0.5544696
2026-06-23 19:54:12.641 10 INFO neutron.wsgi [None req-361a8a12-1be9-445b-9fd0-d585b6359989 d4cba3e1762a48ada0bf271da0f29c06 e38b0e7b914442b8bb4ebc1d3fbfbc31 - - default default] 10.0.0.84 "PUT /v2.0/subnets/68c2e408-224c-4822-866b-40334d3ee8de/tags/green HTTP/1.1" status: 201 len: 201 time: 0.0870845
2026-06-23 19:54:12.694 10 INFO neutron.wsgi [None req-194cc5e1-3b13-4713-9af0-f37bec6c3540 d4cba3e1762a48ada0bf271da0f29c06 e38b0e7b914442b8bb4ebc1d3fbfbc31 - - default default] 10.0.0.84 "GET /v2.0/subnets/68c2e408-224c-4822-866b-40334d3ee8de/tags HTTP/1.1" status: 200 len: 227 time: 0.0457306
2026-06-23 19:54:12.760 9 INFO neutron.wsgi [None req-f5466f11-a162-4056-b2b8-1c7916b22a7f d4cba3e1762a48ada0bf271da0f29c06 e38b0e7b914442b8bb4ebc1d3fbfbc31 - - default default] 10.0.0.84 "PUT /v2.0/subnets/68c2e408-224c-4822-866b-40334d3ee8de/tags/red HTTP/1.1" status: 201 len: 201 time: 0.0585511
2026-06-23 19:54:12.826 10 INFO neutron.wsgi [None req-6fdd33d6-92a8-405d-a049-a6774491650d d4cba3e1762a48ada0bf271da0f29c06 e38b0e7b914442b8bb4ebc1d3fbfbc31 - - default default] 10.0.0.84 "GET /v2.0/subnets/68c2e408-224c-4822-866b-40334d3ee8de/tags HTTP/1.1" status: 200 len: 227 time: 0.0604570
2026-06-23 19:54:12.901 10 INFO neutron.wsgi [None req-d9cf914a-a9e7-42fe-b148-68725c1e1f27 d4cba3e1762a48ada0bf271da0f29c06 e38b0e7b914442b8bb4ebc1d3fbfbc31 - - default default] 10.0.0.84 "PUT /v2.0/subnets/68c2e408-224c-4822-866b-40334d3ee8de/tags/black.or.white HTTP/1.1" status: 201 len: 201 time: 0.0704522
2026-06-23 19:54:12.966 10 INFO neutron.wsgi [None req-4bd6fada-95e4-4beb-b190-a485241fc5b4 d4cba3e1762a48ada0bf271da0f29c06 e38b0e7b914442b8bb4ebc1d3fbfbc31 - - default default] 10.0.0.84 "GET /v2.0/subnets/68c2e408-224c-4822-866b-40334d3ee8de/tags HTTP/1.1" status: 200 len: 245 time: 0.0600271
2026-06-23 19:54:12.996 9 INFO neutron.wsgi [None req-24615a30-d3db-447c-a9fe-b3ac9d74d7de 87673a09a4ee4870a51a66c6c2fa6acc 01605761b7a84f848ae03cff56ce2540 - - default default] 10.0.0.84 "POST /v2.0/trunks HTTP/1.1" status: 201 len: 608 time: 0.5384891
2026-06-23 19:54:13.008 9 WARNING neutron_lib.context [None req-d5302a76-ed07-4a3c-bb8c-f24b55debf6e 87673a09a4ee4870a51a66c6c2fa6acc 01605761b7a84f848ae03cff56ce2540 - - default default] Method 'is_advsvc' is deprecated since 2023.2 release (neutron-lib 3.8.0) and will be removed once support for the old RBAC API policies will be removed from Neutron. Please use method 'is_service_role' instead.
2026-06-23 19:54:13.035 10 INFO neutron.wsgi [None req-7dcca368-be37-4e34-9c32-ff6a007e3b3c d4cba3e1762a48ada0bf271da0f29c06 e38b0e7b914442b8bb4ebc1d3fbfbc31 - - default default] 10.0.0.84 "PUT /v2.0/subnets/68c2e408-224c-4822-866b-40334d3ee8de/tags HTTP/1.1" status: 200 len: 230 time: 0.0638425
2026-06-23 19:54:13.068 10 INFO neutron.wsgi [None req-32c61484-141e-43b6-87ef-61d124a7b0e1 4c1c9f6803c748f4978856def00b81e6 0d0d545e1c35457e97298cd2e1102d63 - - default default] 10.0.0.84 "DELETE /v2.0/networks/6bf2c862-172b-449d-8b24-4b97ab3810ba HTTP/1.1" status: 204 len: 168 time: 0.4908719
2026-06-23 19:54:13.086 10 INFO neutron.wsgi [None req-f089b5a9-3a38-4bb4-a82f-1b77080ae049 d4cba3e1762a48ada0bf271da0f29c06 e38b0e7b914442b8bb4ebc1d3fbfbc31 - - default default] 10.0.0.84 "GET /v2.0/subnets/68c2e408-224c-4822-866b-40334d3ee8de/tags HTTP/1.1" status: 200 len: 230 time: 0.0456829
2026-06-23 19:54:13.096 9 INFO neutron.db.segments_db [None req-d5302a76-ed07-4a3c-bb8c-f24b55debf6e 87673a09a4ee4870a51a66c6c2fa6acc 01605761b7a84f848ae03cff56ce2540 - - default default] Added segment e4b8ad23-0f75-4eaa-8b30-c0f4d7f62971 of type geneve for network f2111b04-22ff-4c08-b73c-12e5e7b18acb
2026-06-23 19:54:13.146 10 INFO neutron.wsgi [None req-806f661a-3aa1-402e-ac25-c554e39a175a d4cba3e1762a48ada0bf271da0f29c06 e38b0e7b914442b8bb4ebc1d3fbfbc31 - - default default] 10.0.0.84 "GET /v2.0/subnets/68c2e408-224c-4822-866b-40334d3ee8de/tags/red HTTP/1.1" status: 204 len: 168 time: 0.0546083
2026-06-23 19:54:13.208 9 INFO neutron.api.v2.resource [None req-bf83e559-b5c9-4f89-a85e-dfb352b8a4ad d4cba3e1762a48ada0bf271da0f29c06 e38b0e7b914442b8bb4ebc1d3fbfbc31 - - default default] show failed (client error): The resource could not be found.
2026-06-23 19:54:13.209 9 INFO neutron.wsgi [None req-bf83e559-b5c9-4f89-a85e-dfb352b8a4ad d4cba3e1762a48ada0bf271da0f29c06 e38b0e7b914442b8bb4ebc1d3fbfbc31 - - default default] 10.0.0.84 "GET /v2.0/subnets/68c2e408-224c-4822-866b-40334d3ee8de/tags/green HTTP/1.1" status: 404 len: 299 time: 0.0564032
2026-06-23 19:54:13.264 9 INFO neutron.db.ovn_revision_numbers_db [None req-d5302a76-ed07-4a3c-bb8c-f24b55debf6e 87673a09a4ee4870a51a66c6c2fa6acc 01605761b7a84f848ae03cff56ce2540 - - default default] Successfully bumped revision number for resource f2111b04-22ff-4c08-b73c-12e5e7b18acb (type: networks) to 1
2026-06-23 19:54:13.296 10 INFO neutron.wsgi [None req-e9a63504-cf54-4765-9082-7da266404c52 d4cba3e1762a48ada0bf271da0f29c06 e38b0e7b914442b8bb4ebc1d3fbfbc31 - - default default] 10.0.0.84 "DELETE /v2.0/subnets/68c2e408-224c-4822-866b-40334d3ee8de/tags/red HTTP/1.1" status: 204 len: 168 time: 0.0793023
2026-06-23 19:54:13.378 10 INFO neutron.wsgi [None req-bd7cd328-c7f4-4553-abe3-258fb4402e5c d4cba3e1762a48ada0bf271da0f29c06 e38b0e7b914442b8bb4ebc1d3fbfbc31 - - default default] 10.0.0.84 "GET /v2.0/subnets/68c2e408-224c-4822-866b-40334d3ee8de/tags HTTP/1.1" status: 200 len: 223 time: 0.0765672
2026-06-23 19:54:13.405 10 INFO neutron.notifiers.nova [-] Nova event matching ['req-693f134c-6dc2-4c06-b1c2-78509fd2e29d'] response: {'server_uuid': '65e38570-ca4f-4752-98e9-9c63264ac086', 'name': 'network-vif-unplugged', 'status': 'completed', 'tag': '9c27f717-de72-4997-b41d-5d0d837bd50f', 'code': 200}
2026-06-23 19:54:13.460 9 INFO neutron.api.v2.resource [None req-974fcc77-8339-4e34-8bb1-1581bafbe1c6 d4cba3e1762a48ada0bf271da0f29c06 e38b0e7b914442b8bb4ebc1d3fbfbc31 - - default default] delete failed (client error): The resource could not be found.
2026-06-23 19:54:13.462 9 INFO neutron.wsgi [None req-974fcc77-8339-4e34-8bb1-1581bafbe1c6 d4cba3e1762a48ada0bf271da0f29c06 e38b0e7b914442b8bb4ebc1d3fbfbc31 - - default default] 10.0.0.84 "DELETE /v2.0/subnets/68c2e408-224c-4822-866b-40334d3ee8de/tags/green HTTP/1.1" status: 404 len: 299 time: 0.0763812
2026-06-23 19:54:13.519 9 WARNING neutron.scheduler.dhcp_agent_scheduler [None req-d5302a76-ed07-4a3c-bb8c-f24b55debf6e 87673a09a4ee4870a51a66c6c2fa6acc 01605761b7a84f848ae03cff56ce2540 - - default default] No more DHCP agents
2026-06-23 19:54:13.525 9 WARNING neutron.api.rpc.agentnotifiers.dhcp_rpc_agent_api [None req-d5302a76-ed07-4a3c-bb8c-f24b55debf6e 87673a09a4ee4870a51a66c6c2fa6acc 01605761b7a84f848ae03cff56ce2540 - - default default] Unable to schedule network f2111b04-22ff-4c08-b73c-12e5e7b18acb: no agents available; will retry on subsequent port and subnet creation events.
2026-06-23 19:54:13.587 9 INFO neutron.wsgi [None req-59707eca-13da-4049-9b97-51d45731ce40 d4cba3e1762a48ada0bf271da0f29c06 e38b0e7b914442b8bb4ebc1d3fbfbc31 - - default default] 10.0.0.84 "DELETE /v2.0/subnets/68c2e408-224c-4822-866b-40334d3ee8de/tags HTTP/1.1" status: 204 len: 168 time: 0.1171560
2026-06-23 19:54:13.648 9 INFO neutron.db.ovn_revision_numbers_db [None req-d5302a76-ed07-4a3c-bb8c-f24b55debf6e 87673a09a4ee4870a51a66c6c2fa6acc 01605761b7a84f848ae03cff56ce2540 - - default default] Successfully bumped revision number for resource 7bbbb976-bc65-4380-a8b2-858734569110 (type: ports) to 1
2026-06-23 19:54:13.675 9 INFO neutron.wsgi [None req-7030588d-aa28-410a-825e-9b7b3dc7a022 d4cba3e1762a48ada0bf271da0f29c06 e38b0e7b914442b8bb4ebc1d3fbfbc31 - - default default] 10.0.0.84 "GET /v2.0/subnets/68c2e408-224c-4822-866b-40334d3ee8de/tags HTTP/1.1" status: 200 len: 205 time: 0.0767334
2026-06-23 19:54:13.684 9 INFO neutron.wsgi [None req-d5302a76-ed07-4a3c-bb8c-f24b55debf6e 87673a09a4ee4870a51a66c6c2fa6acc 01605761b7a84f848ae03cff56ce2540 - - default default] 10.0.0.84 "POST /v2.0/networks HTTP/1.1" status: 201 len: 831 time: 0.6811936
2026-06-23 19:54:13.696 9 WARNING neutron_lib.context [None req-ec8a9b93-10d7-474f-86a3-d27a57a7dc52 87673a09a4ee4870a51a66c6c2fa6acc 01605761b7a84f848ae03cff56ce2540 - - default default] Method 'is_advsvc' is deprecated since 2023.2 release (neutron-lib 3.8.0) and will be removed once support for the old RBAC API policies will be removed from Neutron. Please use method 'is_service_role' instead.
2026-06-23 19:54:13.797 10 INFO neutron.wsgi [None req-a98d5c6f-eb84-40b5-86a3-e95c81325cb9 4c1c9f6803c748f4978856def00b81e6 0d0d545e1c35457e97298cd2e1102d63 - - default default] 10.0.0.84 "DELETE /v2.0/networks/22b41ca3-00f0-4992-b732-b61bd5d052d4 HTTP/1.1" status: 204 len: 168 time: 0.7223723
2026-06-23 19:54:13.883 9 INFO neutron.wsgi [None req-32196ee4-0b19-4b29-adfb-01c00a1a5b1e 207fbeacd89d40ee8d9c3b600ab9ab5f 18ae5a96a40d419f8a62c6a47a568035 - - default default] 10.0.0.84 "DELETE /v2.0/security-groups/8d14249e-c3db-444b-bb56-14c8ebd36ecc HTTP/1.1" status: 204 len: 168 time: 0.2828333
2026-06-23 19:54:13.909 9 INFO neutron.api.v2.resource [None req-b2531d8c-0718-4b13-b13f-da766ed27e8f 207fbeacd89d40ee8d9c3b600ab9ab5f 18ae5a96a40d419f8a62c6a47a568035 - - default default] show failed (client error): The resource could not be found.
2026-06-23 19:54:13.910 9 INFO neutron.wsgi [None req-b2531d8c-0718-4b13-b13f-da766ed27e8f 207fbeacd89d40ee8d9c3b600ab9ab5f 18ae5a96a40d419f8a62c6a47a568035 - - default default] 10.0.0.84 "GET /v2.0/security-groups/8d14249e-c3db-444b-bb56-14c8ebd36ecc HTTP/1.1" status: 404 len: 347 time: 0.0156276
2026-06-23 19:54:13.936 10 INFO neutron.wsgi [None req-b7b3c0b3-310a-4a25-8ac3-48fc7cc78ea2 d4cba3e1762a48ada0bf271da0f29c06 e38b0e7b914442b8bb4ebc1d3fbfbc31 - - default default] 10.0.0.84 "DELETE /v2.0/subnets/68c2e408-224c-4822-866b-40334d3ee8de HTTP/1.1" status: 204 len: 168 time: 0.2404766
2026-06-23 19:54:14.031 10 INFO neutron.services.segments.plugin [-] Segment 80efc8ef-db81-48f0-9228-431bd3ddfbd3 resource provider aggregate not found
2026-06-23 19:54:14.035 10 INFO neutron.services.segments.plugin [-] Segment 80efc8ef-db81-48f0-9228-431bd3ddfbd3 resource provider aggregate not found
2026-06-23 19:54:14.050 10 INFO neutron.services.segments.plugin [-] Segment 80efc8ef-db81-48f0-9228-431bd3ddfbd3 resource provider not found; error: Placement Client Error (4xx): {"errors": [{"status": 404, "title": "Not Found", "detail": "The resource could not be found.\n\n No resource provider with uuid 80efc8ef-db81-48f0-9228-431bd3ddfbd3 found for delete ", "request_id": "req-1d05af05-a3b4-48d3-b1e0-d4b58adcf12a"}]}
2026-06-23 19:54:14.055 10 INFO neutron.services.segments.plugin [-] Segment 80efc8ef-db81-48f0-9228-431bd3ddfbd3 resource provider not found; error: Placement Client Error (4xx): {"errors": [{"status": 404, "title": "Not Found", "detail": "The resource could not be found.\n\n No resource provider with uuid 80efc8ef-db81-48f0-9228-431bd3ddfbd3 found for delete ", "request_id": "req-b6411046-2792-4a86-a547-68ee9f3cd046"}]}
2026-06-23 19:54:14.070 10 INFO neutron.services.segments.plugin [-] Segment 053f8d20-525b-423c-854d-228892fd4a74 resource provider aggregate not found
2026-06-23 19:54:14.074 10 INFO neutron.services.segments.plugin [-] Segment 053f8d20-525b-423c-854d-228892fd4a74 resource provider aggregate not found
2026-06-23 19:54:14.090 10 INFO neutron.services.segments.plugin [-] Segment 053f8d20-525b-423c-854d-228892fd4a74 resource provider not found; error: Placement Client Error (4xx): {"errors": [{"status": 404, "title": "Not Found", "detail": "The resource could not be found.\n\n No resource provider with uuid 053f8d20-525b-423c-854d-228892fd4a74 found for delete ", "request_id": "req-fbd2bc80-5667-420e-95ac-32249dee528d"}]}
2026-06-23 19:54:14.093 10 INFO neutron.services.segments.plugin [-] Segment 053f8d20-525b-423c-854d-228892fd4a74 resource provider not found; error: Placement Client Error (4xx): {"errors": [{"status": 404, "title": "Not Found", "detail": "The resource could not be found.\n\n No resource provider with uuid 053f8d20-525b-423c-854d-228892fd4a74 found for delete ", "request_id": "req-1ac2179b-3912-43e0-acf2-507a09566ae1"}]}
2026-06-23 19:54:14.106 10 INFO neutron.services.segments.plugin [-] Segment 57e35da9-8796-4028-9104-98ce3bf27021 resource provider aggregate not found
2026-06-23 19:54:14.111 10 INFO neutron.services.segments.plugin [-] Segment 57e35da9-8796-4028-9104-98ce3bf27021 resource provider aggregate not found
2026-06-23 19:54:14.122 10 INFO neutron.services.segments.plugin [-] Segment 57e35da9-8796-4028-9104-98ce3bf27021 resource provider not found; error: Placement Client Error (4xx): {"errors": [{"status": 404, "title": "Not Found", "detail": "The resource could not be found.\n\n No resource provider with uuid 57e35da9-8796-4028-9104-98ce3bf27021 found for delete ", "request_id": "req-de8a4d83-880d-4352-9007-a7651439defa"}]}
2026-06-23 19:54:14.124 10 INFO neutron.services.segments.plugin [-] Segment 57e35da9-8796-4028-9104-98ce3bf27021 resource provider not found; error: Placement Client Error (4xx): {"errors": [{"status": 404, "title": "Not Found", "detail": "The resource could not be found.\n\n No resource provider with uuid 57e35da9-8796-4028-9104-98ce3bf27021 found for delete ", "request_id": "req-f79c3a3b-02c5-4745-98e4-668a70267ff7"}]}
2026-06-23 19:54:14.178 9 WARNING neutron.scheduler.dhcp_agent_scheduler [None req-ec8a9b93-10d7-474f-86a3-d27a57a7dc52 87673a09a4ee4870a51a66c6c2fa6acc 01605761b7a84f848ae03cff56ce2540 - - default default] No more DHCP agents
2026-06-23 19:54:14.197 9 WARNING neutron.api.rpc.agentnotifiers.dhcp_rpc_agent_api [None req-ec8a9b93-10d7-474f-86a3-d27a57a7dc52 87673a09a4ee4870a51a66c6c2fa6acc 01605761b7a84f848ae03cff56ce2540 - - default default] Unable to schedule network f2111b04-22ff-4c08-b73c-12e5e7b18acb: no agents available; will retry on subsequent port and subnet creation events.
2026-06-23 19:54:14.349 9 INFO neutron.db.ovn_revision_numbers_db [None req-ec8a9b93-10d7-474f-86a3-d27a57a7dc52 87673a09a4ee4870a51a66c6c2fa6acc 01605761b7a84f848ae03cff56ce2540 - - default default] Successfully bumped revision number for resource a0d7afcb-b87e-47ee-9e73-fee32e7b22a5 (type: ports) to 1
2026-06-23 19:54:14.352 10 INFO neutron.wsgi [None req-e54352ae-7415-4e0a-8718-cd233753a9f4 d4cba3e1762a48ada0bf271da0f29c06 e38b0e7b914442b8bb4ebc1d3fbfbc31 - - default default] 10.0.0.84 "DELETE /v2.0/networks/f3c42b0a-13f6-4c42-8ced-c62e764c5446 HTTP/1.1" status: 204 len: 168 time: 0.4096797
2026-06-23 19:54:14.391 9 INFO neutron.wsgi [None req-ec8a9b93-10d7-474f-86a3-d27a57a7dc52 87673a09a4ee4870a51a66c6c2fa6acc 01605761b7a84f848ae03cff56ce2540 - - default default] 10.0.0.84 "POST /v2.0/ports HTTP/1.1" status: 201 len: 942 time: 0.7005997
2026-06-23 19:54:14.405 10 WARNING neutron_lib.context [None req-6edf64b8-754f-4ce6-b68e-a9630c35afd5 87673a09a4ee4870a51a66c6c2fa6acc 01605761b7a84f848ae03cff56ce2540 - - default default] Method 'is_advsvc' is deprecated since 2023.2 release (neutron-lib 3.8.0) and will be removed once support for the old RBAC API policies will be removed from Neutron. Please use method 'is_service_role' instead.
2026-06-23 19:54:14.499 9 INFO neutron.services.segments.plugin [-] Segment 5cadfec8-1f50-441d-8f9c-47e1875089f5 resource provider aggregate not found
2026-06-23 19:54:14.517 9 INFO neutron.services.segments.plugin [-] Segment 5cadfec8-1f50-441d-8f9c-47e1875089f5 resource provider not found; error: Placement Client Error (4xx): {"errors": [{"status": 404, "title": "Not Found", "detail": "The resource could not be found.\n\n No resource provider with uuid 5cadfec8-1f50-441d-8f9c-47e1875089f5 found for delete ", "request_id": "req-f04a24c4-c732-432b-8e79-4cd34e05fb92"}]}
2026-06-23 19:54:14.531 9 INFO neutron.wsgi [None req-9094e97f-86cd-4289-ab5f-d812527027a5 4c1c9f6803c748f4978856def00b81e6 0d0d545e1c35457e97298cd2e1102d63 - - default default] 10.0.0.84 "DELETE /v2.0/networks/f8e0c747-54f3-40bd-8eb2-39d7fe486b9d HTTP/1.1" status: 204 len: 168 time: 0.7270174
2026-06-23 19:54:14.545 9 INFO neutron.wsgi [None req-d8754a4a-ce19-4572-a380-1146f81704b8 207fbeacd89d40ee8d9c3b600ab9ab5f 18ae5a96a40d419f8a62c6a47a568035 - - default default] 10.0.0.84 "DELETE /v2.0/floatingips/f79a0b7b-d8ab-4f98-b146-6fd676d7d2ab HTTP/1.1" status: 204 len: 168 time: 0.6287720 /var/lib/openstack/lib/python3.10/site-packages/pycadf/identifier.py:71: UserWarning: Invalid uuid: neutron. To ensure interoperability, identifiers should be a valid uuid. warnings.warn(('Invalid uuid: %s. To ensure interoperability, '
2026-06-23 19:54:14.562 9 INFO neutron.services.segments.plugin [-] Segment 5cadfec8-1f50-441d-8f9c-47e1875089f5 resource provider aggregate not found
2026-06-23 19:54:14.578 9 INFO neutron.services.segments.plugin [-] Segment 5cadfec8-1f50-441d-8f9c-47e1875089f5 resource provider not found; error: Placement Client Error (4xx): {"errors": [{"status": 404, "title": "Not Found", "detail": "The resource could not be found.\n\n No resource provider with uuid 5cadfec8-1f50-441d-8f9c-47e1875089f5 found for delete ", "request_id": "req-eab6d8fc-34d2-42fa-ab36-34d914ec3fea"}]}
2026-06-23 19:54:14.642 10 INFO neutron.wsgi [None req-6edf64b8-754f-4ce6-b68e-a9630c35afd5 87673a09a4ee4870a51a66c6c2fa6acc 01605761b7a84f848ae03cff56ce2540 - - default default] 10.0.0.84 "POST /v2.0/trunks HTTP/1.1" status: 201 len: 608 time: 0.2458594
2026-06-23 19:54:14.651 10 WARNING neutron_lib.context [None req-0474b222-c1d6-4c42-b939-674918822738 87673a09a4ee4870a51a66c6c2fa6acc 01605761b7a84f848ae03cff56ce2540 - - default default] Method 'is_advsvc' is deprecated since 2023.2 release (neutron-lib 3.8.0) and will be removed once support for the old RBAC API policies will be removed from Neutron. Please use method 'is_service_role' instead.
2026-06-23 19:54:14.695 9 INFO neutron.wsgi [None req-1523ef7e-9058-42bb-a92a-6540116046ac 207fbeacd89d40ee8d9c3b600ab9ab5f 18ae5a96a40d419f8a62c6a47a568035 - - default default] 10.0.0.84 "DELETE /v2.0/security-groups/181c9b40-aaaa-4462-8c46-2594faca0359 HTTP/1.1" status: 204 len: 168 time: 0.1460357
2026-06-23 19:54:14.742 10 INFO neutron.db.segments_db [None req-0474b222-c1d6-4c42-b939-674918822738 87673a09a4ee4870a51a66c6c2fa6acc 01605761b7a84f848ae03cff56ce2540 - - default default] Added segment 91ddeb5d-5144-4f67-911c-3e0f4952f2e3 of type geneve for network 45035732-ef31-4a68-ade4-ec622ab065cf
2026-06-23 19:54:14.963 10 INFO neutron.db.ovn_revision_numbers_db [None req-0474b222-c1d6-4c42-b939-674918822738 87673a09a4ee4870a51a66c6c2fa6acc 01605761b7a84f848ae03cff56ce2540 - - default default] Successfully bumped revision number for resource 45035732-ef31-4a68-ade4-ec622ab065cf (type: networks) to 1
2026-06-23 19:54:15.232 10 WARNING neutron.scheduler.dhcp_agent_scheduler [None req-0474b222-c1d6-4c42-b939-674918822738 87673a09a4ee4870a51a66c6c2fa6acc 01605761b7a84f848ae03cff56ce2540 - - default default] No more DHCP agents
2026-06-23 19:54:15.233 10 WARNING neutron.api.rpc.agentnotifiers.dhcp_rpc_agent_api [None req-0474b222-c1d6-4c42-b939-674918822738 87673a09a4ee4870a51a66c6c2fa6acc 01605761b7a84f848ae03cff56ce2540 - - default default] Unable to schedule network 45035732-ef31-4a68-ade4-ec622ab065cf: no agents available; will retry on subsequent port and subnet creation events.
2026-06-23 19:54:15.265 9 INFO neutron.wsgi [None req-234ae5d8-d4c1-43dd-91d4-85670aacd3f0 dd03f1e6eb9548279a3a08a1f8d6f6e6 7e57a0bb6e7a470893e6e45ce8442e2c - - default default] 10.0.0.84 "GET /v2.0/security-groups?tenant_id=e38b0e7b914442b8bb4ebc1d3fbfbc31&name=default HTTP/1.1" status: 200 len: 3120 time: 0.2274261
2026-06-23 19:54:15.353 10 INFO neutron.db.ovn_revision_numbers_db [None req-0474b222-c1d6-4c42-b939-674918822738 87673a09a4ee4870a51a66c6c2fa6acc 01605761b7a84f848ae03cff56ce2540 - - default default] Successfully bumped revision number for resource d14902b6-1641-499d-96d6-85d344e6d8a8 (type: ports) to 1
2026-06-23 19:54:15.389 10 INFO neutron.wsgi [None req-0474b222-c1d6-4c42-b939-674918822738 87673a09a4ee4870a51a66c6c2fa6acc 01605761b7a84f848ae03cff56ce2540 - - default default] 10.0.0.84 "POST /v2.0/networks HTTP/1.1" status: 201 len: 831 time: 0.7424469
2026-06-23 19:54:15.399 10 WARNING neutron_lib.context [None req-feffe7aa-4760-48d4-b7a2-78f2c95f12b3 87673a09a4ee4870a51a66c6c2fa6acc 01605761b7a84f848ae03cff56ce2540 - - default default] Method 'is_advsvc' is deprecated since 2023.2 release (neutron-lib 3.8.0) and will be removed once support for the old RBAC API policies will be removed from Neutron. Please use method 'is_service_role' instead.
2026-06-23 19:54:15.507 9 INFO neutron.wsgi [None req-f4b74085-8464-4582-abb1-37cbb85514b5 dd03f1e6eb9548279a3a08a1f8d6f6e6 7e57a0bb6e7a470893e6e45ce8442e2c - - default default] 10.0.0.84 "DELETE /v2.0/security-groups/6fe92b80-38ae-470c-8ee2-f821b41aecd0 HTTP/1.1" status: 204 len: 168 time: 0.2304587
2026-06-23 19:54:15.568 9 INFO neutron.wsgi [None req-b2928df5-c59e-49a9-9efb-6a2983d7c057 dd03f1e6eb9548279a3a08a1f8d6f6e6 7e57a0bb6e7a470893e6e45ce8442e2c - - default default] 10.0.0.84 "GET /v2.0/security-groups?tenant_id=0d0d545e1c35457e97298cd2e1102d63&name=default HTTP/1.1" status: 200 len: 3120 time: 0.1404917
2026-06-23 19:54:15.785 9 INFO neutron.db.ovn_revision_numbers_db [None req-5873bd14-7379-49c5-93b5-97dc525a9af8 dd03f1e6eb9548279a3a08a1f8d6f6e6 7e57a0bb6e7a470893e6e45ce8442e2c - - default default] Successfully bumped revision number for resource e787e0a1-727e-4ee6-92be-3bf9174e4f12 (type: security_groups) to 1
2026-06-23 19:54:15.802 9 INFO neutron.db.ovn_revision_numbers_db [None req-5873bd14-7379-49c5-93b5-97dc525a9af8 dd03f1e6eb9548279a3a08a1f8d6f6e6 7e57a0bb6e7a470893e6e45ce8442e2c - - default default] Successfully bumped revision number for resource 940580a0-6050-41e0-8044-2aab2d07cc7f (type: security_group_rules) to 0
2026-06-23 19:54:15.834 9 INFO neutron.db.ovn_revision_numbers_db [None req-5873bd14-7379-49c5-93b5-97dc525a9af8 dd03f1e6eb9548279a3a08a1f8d6f6e6 7e57a0bb6e7a470893e6e45ce8442e2c - - default default] Successfully bumped revision number for resource cbe4dd3f-6208-4caf-ba76-a739c0156ba8 (type: security_group_rules) to 0
2026-06-23 19:54:15.855 9 INFO neutron.db.ovn_revision_numbers_db [None req-5873bd14-7379-49c5-93b5-97dc525a9af8 dd03f1e6eb9548279a3a08a1f8d6f6e6 7e57a0bb6e7a470893e6e45ce8442e2c - - default default] Successfully bumped revision number for resource d299da01-041b-4aa7-a3d0-c9d9c4e40514 (type: security_group_rules) to 0
2026-06-23 19:54:15.859 9 INFO neutron.wsgi [None req-80ec5a5f-3e27-4a14-9193-6657c2ac05ac dd03f1e6eb9548279a3a08a1f8d6f6e6 7e57a0bb6e7a470893e6e45ce8442e2c - - default default] 10.0.0.84 "DELETE /v2.0/security-groups/1581011c-cad9-4f8c-a1d8-59adcb3e126b HTTP/1.1" status: 204 len: 168 time: 0.2861481
2026-06-23 19:54:15.871 9 INFO neutron.db.ovn_revision_numbers_db [None req-5873bd14-7379-49c5-93b5-97dc525a9af8 dd03f1e6eb9548279a3a08a1f8d6f6e6 7e57a0bb6e7a470893e6e45ce8442e2c - - default default] Successfully bumped revision number for resource fafd242b-2fa0-45d5-b1b7-47fee6b8e600 (type: security_group_rules) to 0
2026-06-23 19:54:15.894 9 INFO neutron.wsgi [None req-5873bd14-7379-49c5-93b5-97dc525a9af8 dd03f1e6eb9548279a3a08a1f8d6f6e6 7e57a0bb6e7a470893e6e45ce8442e2c - - default default] 10.0.0.84 "GET /v2.0/security-groups?tenant_id=22201c8a12c54f7d942cc80fdd99ff71&name=default HTTP/1.1" status: 200 len: 3120 time: 0.2899098
