2026-06-23 19:52:12.957 9 INFO neutron.services.segments.plugin [-] Segment 9307d5ef-2a98-4558-af4f-41d1d03db56d resource provider not found; error: Placement Client Error (4xx): {"errors": [{"status": 404, "title": "Not Found", "detail": "The resource could not be found.\n\n No resource provider with uuid 9307d5ef-2a98-4558-af4f-41d1d03db56d found for delete ", "request_id": "req-73f7b3df-db1e-4f28-b6b5-c6dc061844ab"}]}
2026-06-23 19:52:12.960 10 INFO neutron.db.ovn_revision_numbers_db [None req-ae287cc1-3cb2-4b93-b8d3-71ad7311c8d0 dd03f1e6eb9548279a3a08a1f8d6f6e6 7e57a0bb6e7a470893e6e45ce8442e2c - - default default] Successfully bumped revision number for resource d1c8c054-713d-4ef6-aa91-011e244f39ae (type: security_group_rules) to 0
2026-06-23 19:52:12.964 9 INFO neutron.wsgi [req-4468a37a-9202-4a8d-a4fb-0b384155fdc2 req-c5a26889-7ba0-43d6-bea5-03f08380c6ca 3b20aad8910c481aa3d09bda2c441861 4437f5005fd3417c9cd65be0703b1d5a - - 2189ca4831b045c09946bd1f0b90583d 2189ca4831b045c09946bd1f0b90583d] 199.204.45.53 "GET /v2.0/networks/e837e96d-439f-4ff1-9218-e252209cdcde?fields=segments HTTP/1.1" status: 200 len: 212 time: 0.1178849
2026-06-23 19:52:12.965 9 INFO neutron.services.segments.plugin [-] Segment 9307d5ef-2a98-4558-af4f-41d1d03db56d resource provider not found; error: Placement Client Error (4xx): {"errors": [{"status": 404, "title": "Not Found", "detail": "The resource could not be found.\n\n No resource provider with uuid 9307d5ef-2a98-4558-af4f-41d1d03db56d found for delete ", "request_id": "req-fa4e0f3c-039d-4e40-861a-85c4d54eca4b"}]}
2026-06-23 19:52:12.991 10 INFO neutron.wsgi [None req-ae287cc1-3cb2-4b93-b8d3-71ad7311c8d0 dd03f1e6eb9548279a3a08a1f8d6f6e6 7e57a0bb6e7a470893e6e45ce8442e2c - - default default] 10.0.0.84 "GET /v2.0/security-groups?tenant_id=f1e30044a3e749179d205199ea68db0b&name=default HTTP/1.1" status: 200 len: 3120 time: 0.4860904
2026-06-23 19:52:13.011 10 INFO neutron.db.ovn_revision_numbers_db [None req-ba0279af-2c26-4ec8-b621-f93e5ee6d922 773ec336ea904542a02c40d1986e797a 1ba1318ebb26460a88f5354e90ecc267 - - default default] Successfully bumped revision number for resource 724b30a8-9c68-44d2-ace3-59e97b32c123 (type: subnets) to 0
2026-06-23 19:52:13.033 10 INFO neutron.wsgi [None req-ba0279af-2c26-4ec8-b621-f93e5ee6d922 773ec336ea904542a02c40d1986e797a 1ba1318ebb26460a88f5354e90ecc267 - - default default] 10.0.0.84 "POST /v2.0/subnets HTTP/1.1" status: 201 len: 801 time: 1.2449174
2026-06-23 19:52:13.044 9 INFO neutron.wsgi [req-4468a37a-9202-4a8d-a4fb-0b384155fdc2 req-2425d2c5-80f4-44be-b2c1-f0187d26cfd7 3b20aad8910c481aa3d09bda2c441861 4437f5005fd3417c9cd65be0703b1d5a - - 2189ca4831b045c09946bd1f0b90583d 2189ca4831b045c09946bd1f0b90583d] 199.204.45.53 "GET /v2.0/networks/e837e96d-439f-4ff1-9218-e252209cdcde?fields=provider%3Aphysical_network&fields=provider%3Anetwork_type HTTP/1.1" status: 200 len: 277 time: 0.0752492
2026-06-23 19:52:13.048 9 WARNING neutron_lib.context [None req-36d9509c-8e63-4119-9437-54904b7f892c 773ec336ea904542a02c40d1986e797a 1ba1318ebb26460a88f5354e90ecc267 - - default default] Method 'is_advsvc' is deprecated since 2023.2 release (neutron-lib 3.8.0) and will be removed once support for the old RBAC API policies will be removed from Neutron. Please use method 'is_service_role' instead.
2026-06-23 19:52:13.190 9 INFO neutron.db.ovn_revision_numbers_db [None req-36d9509c-8e63-4119-9437-54904b7f892c 773ec336ea904542a02c40d1986e797a 1ba1318ebb26460a88f5354e90ecc267 - - default default] Successfully bumped revision number for resource 638d5709-4001-4c64-8985-a38628cd553c (type: routers) to 1
2026-06-23 19:52:13.212 9 INFO neutron.wsgi [None req-36d9509c-8e63-4119-9437-54904b7f892c 773ec336ea904542a02c40d1986e797a 1ba1318ebb26460a88f5354e90ecc267 - - default default] 10.0.0.84 "POST /v2.0/routers HTTP/1.1" status: 201 len: 801 time: 0.1731167
2026-06-23 19:52:13.250 10 INFO neutron.wsgi [None req-bda96db5-2e07-49f5-9786-4ce185200fc3 dd03f1e6eb9548279a3a08a1f8d6f6e6 7e57a0bb6e7a470893e6e45ce8442e2c - - default default] 10.0.0.84 "DELETE /v2.0/security-groups/14dd06e2-0901-4f8c-8e76-c712fb2e443f HTTP/1.1" status: 204 len: 168 time: 0.2510443
2026-06-23 19:52:13.286 10 WARNING neutron.plugins.ml2.drivers.ovn.mech_driver.ovsdb.ovn_client [None req-7b52b48e-a412-4fb5-acdf-2f6eb947522b - - - - - -] No port found with ID 363e78ea-4909-45be-84f8-0aa28a231f88: RuntimeError: No port found with ID 363e78ea-4909-45be-84f8-0aa28a231f88
2026-06-23 19:52:13.329 9 INFO neutron.wsgi [None req-20a072ba-95fc-4d2a-be0b-673ac0b95ee1 dd03f1e6eb9548279a3a08a1f8d6f6e6 7e57a0bb6e7a470893e6e45ce8442e2c - - default default] 10.0.0.84 "DELETE /v2.0/security-groups/67d2cacc-7b82-4687-873e-e6dcc198280d HTTP/1.1" status: 204 len: 168 time: 0.4117627
2026-06-23 19:52:13.657 9 WARNING neutron.scheduler.dhcp_agent_scheduler [None req-4d7b846e-b637-4c91-a02d-096b5087810e 773ec336ea904542a02c40d1986e797a 1ba1318ebb26460a88f5354e90ecc267 - - default default] No more DHCP agents
2026-06-23 19:52:13.659 9 WARNING neutron.api.rpc.agentnotifiers.dhcp_rpc_agent_api [None req-4d7b846e-b637-4c91-a02d-096b5087810e 773ec336ea904542a02c40d1986e797a 1ba1318ebb26460a88f5354e90ecc267 - - default default] Unable to schedule network 0d631e0e-f7f2-48f1-a852-400928ac9410: no agents available; will retry on subsequent port and subnet creation events.
2026-06-23 19:52:13.792 9 INFO neutron.db.ovn_revision_numbers_db [None req-4d7b846e-b637-4c91-a02d-096b5087810e 773ec336ea904542a02c40d1986e797a 1ba1318ebb26460a88f5354e90ecc267 - - default default] Successfully bumped revision number for resource d1c01f8f-26e3-488e-9f01-fde38864339a (type: ports) to 1
2026-06-23 19:52:14.177 9 ERROR ovsdbapp.backend.ovs_idl.command [None req-4d7b846e-b637-4c91-a02d-096b5087810e 773ec336ea904542a02c40d1986e797a 1ba1318ebb26460a88f5354e90ecc267 - - default default] Error executing command (DbGetCommand): ovsdbapp.backend.ovs_idl.idlutils.RowNotFound: Cannot find Logical_Router_Port with name=lrp-d1c01f8f-26e3-488e-9f01-fde38864339a
2026-06-23 19:52:14.177 9 ERROR ovsdbapp.backend.ovs_idl.command
Traceback (most recent call last):
2026-06-23 19:52:14.177 9 ERROR ovsdbapp.backend.ovs_idl.command
File "/var/lib/openstack/lib/python3.10/site-packages/ovsdbapp/backend/ovs_idl/command.py", line 47, in execute
2026-06-23 19:52:14.177 9 ERROR ovsdbapp.backend.ovs_idl.command self.run_idl(None)
2026-06-23 19:52:14.177 9 ERROR ovsdbapp.backend.ovs_idl.command
File "/var/lib/openstack/lib/python3.10/site-packages/ovsdbapp/backend/ovs_idl/command.py", line 235, in run_idl
2026-06-23 19:52:14.177 9 ERROR ovsdbapp.backend.ovs_idl.command record = self.api.lookup(self.table, self.record)
2026-06-23 19:52:14.177 9 ERROR ovsdbapp.backend.ovs_idl.command
File "/var/lib/openstack/lib/python3.10/site-packages/ovsdbapp/backend/ovs_idl/__init__.py", line 184, in lookup
2026-06-23 19:52:14.177 9 ERROR ovsdbapp.backend.ovs_idl.command return self._lookup(table, record)
2026-06-23 19:52:14.177 9 ERROR ovsdbapp.backend.ovs_idl.command
File "/var/lib/openstack/lib/python3.10/site-packages/ovsdbapp/backend/ovs_idl/__init__.py", line 235, in _lookup
2026-06-23 19:52:14.177 9 ERROR ovsdbapp.backend.ovs_idl.command row = idlutils.row_by_value(self, rl.table, rl.column, record)
2026-06-23 19:52:14.177 9 ERROR ovsdbapp.backend.ovs_idl.command
File "/var/lib/openstack/lib/python3.10/site-packages/ovsdbapp/backend/ovs_idl/idlutils.py", line 114, in row_by_value
2026-06-23 19:52:14.177 9 ERROR ovsdbapp.backend.ovs_idl.command raise RowNotFound(table=table, col=column, match=match)
2026-06-23 19:52:14.177 9 ERROR ovsdbapp.backend.ovs_idl.command ovsdbapp.backend.ovs_idl.idlutils.RowNotFound: Cannot find Logical_Router_Port with name=lrp-d1c01f8f-26e3-488e-9f01-fde38864339a
2026-06-23 19:52:14.177 9 ERROR ovsdbapp.backend.ovs_idl.command 
2026-06-23 19:52:14.178 9 ERROR neutron_lib.callbacks.manager [None req-4d7b846e-b637-4c91-a02d-096b5087810e 773ec336ea904542a02c40d1986e797a 1ba1318ebb26460a88f5354e90ecc267 - - default default] Error during notification for neutron.services.ovn_l3.plugin.OVNL3RouterPlugin._port_update-8789294830310 port, after_update: ovsdbapp.backend.ovs_idl.idlutils.RowNotFound: Cannot find Logical_Router_Port with name=lrp-d1c01f8f-26e3-488e-9f01-fde38864339a
2026-06-23 19:52:14.178 9 ERROR neutron_lib.callbacks.manager
Traceback (most recent call last):
2026-06-23 19:52:14.178 9 ERROR neutron_lib.callbacks.manager
File "/var/lib/openstack/lib/python3.10/site-packages/neutron_lib/callbacks/manager.py", line 189, in _notify_loop
2026-06-23 19:52:14.178 9 ERROR neutron_lib.callbacks.manager callback.method(resource, event, trigger, payload=payload)
2026-06-23 19:52:14.178 9 ERROR neutron_lib.callbacks.manager
File "/var/lib/openstack/lib/python3.10/site-packages/neutron/services/ovn_l3/plugin.py", line 391, in _port_update
2026-06-23 19:52:14.178 9 ERROR neutron_lib.callbacks.manager l3plugin._ovn_client.update_router_port(context,
2026-06-23 19:52:14.178 9 ERROR neutron_lib.callbacks.manager
File "/var/lib/openstack/lib/python3.10/site-packages/neutron/plugins/ml2/drivers/ovn/mech_driver/ovsdb/ovn_client.py", line 1878, in update_router_port
2026-06-23 19:52:14.178 9 ERROR neutron_lib.callbacks.manager self._update_lrouter_port(context, port, if_exists=if_exists,
2026-06-23 19:52:14.178 9 ERROR neutron_lib.callbacks.manager
File "/var/lib/openstack/lib/python3.10/site-packages/neutron/plugins/ml2/drivers/ovn/mech_driver/ovsdb/ovn_client.py", line 1855, in _update_lrouter_port
2026-06-23 19:52:14.178 9 ERROR neutron_lib.callbacks.manager external_ids = self._nb_idl.db_get(
2026-06-23 19:52:14.178 9 ERROR neutron_lib.callbacks.manager
File "/var/lib/openstack/lib/python3.10/site-packages/ovsdbapp/backend/ovs_idl/command.py", line 47, in execute
2026-06-23 19:52:14.178 9 ERROR neutron_lib.callbacks.manager self.run_idl(None)
2026-06-23 19:52:14.178 9 ERROR neutron_lib.callbacks.manager
File "/var/lib/openstack/lib/python3.10/site-packages/ovsdbapp/backend/ovs_idl/command.py", line 235, in run_idl
2026-06-23 19:52:14.178 9 ERROR neutron_lib.callbacks.manager record = self.api.lookup(self.table, self.record)
2026-06-23 19:52:14.178 9 ERROR neutron_lib.callbacks.manager
File "/var/lib/openstack/lib/python3.10/site-packages/ovsdbapp/backend/ovs_idl/__init__.py", line 184, in lookup
2026-06-23 19:52:14.178 9 ERROR neutron_lib.callbacks.manager return self._lookup(table, record)
2026-06-23 19:52:14.178 9 ERROR neutron_lib.callbacks.manager
File "/var/lib/openstack/lib/python3.10/site-packages/ovsdbapp/backend/ovs_idl/__init__.py", line 235, in _lookup
2026-06-23 19:52:14.178 9 ERROR neutron_lib.callbacks.manager row = idlutils.row_by_value(self, rl.table, rl.column, record)
2026-06-23 19:52:14.178 9 ERROR neutron_lib.callbacks.manager
File "/var/lib/openstack/lib/python3.10/site-packages/ovsdbapp/backend/ovs_idl/idlutils.py", line 114, in row_by_value
2026-06-23 19:52:14.178 9 ERROR neutron_lib.callbacks.manager raise RowNotFound(table=table, col=column, match=match)
2026-06-23 19:52:14.178 9 ERROR neutron_lib.callbacks.manager ovsdbapp.backend.ovs_idl.idlutils.RowNotFound: Cannot find Logical_Router_Port with name=lrp-d1c01f8f-26e3-488e-9f01-fde38864339a
2026-06-23 19:52:14.178 9 ERROR neutron_lib.callbacks.manager 
2026-06-23 19:52:14.350 10 INFO neutron.plugins.ml2.drivers.ovn.mech_driver.mech_driver [None req-7b52b48e-a412-4fb5-acdf-2f6eb947522b - - - - - -] OVN reports status up for port: d1c01f8f-26e3-488e-9f01-fde38864339a
2026-06-23 19:52:14.356 10 INFO neutron.plugins.ml2.plugin [None req-7b52b48e-a412-4fb5-acdf-2f6eb947522b - - - - - -] Attempt 1 to provision port d1c01f8f-26e3-488e-9f01-fde38864339a
2026-06-23 19:52:14.385 9 INFO neutron.db.ovn_revision_numbers_db [None req-4d7b846e-b637-4c91-a02d-096b5087810e 773ec336ea904542a02c40d1986e797a 1ba1318ebb26460a88f5354e90ecc267 - - default default] Successfully bumped revision number for resource d1c01f8f-26e3-488e-9f01-fde38864339a (type: ports) to 1
2026-06-23 19:52:14.450 9 WARNING neutron.scheduler.dhcp_agent_scheduler [None req-4d7b846e-b637-4c91-a02d-096b5087810e 773ec336ea904542a02c40d1986e797a 1ba1318ebb26460a88f5354e90ecc267 - - default default] No more DHCP agents
2026-06-23 19:52:14.451 9 WARNING neutron.api.rpc.agentnotifiers.dhcp_rpc_agent_api [None req-4d7b846e-b637-4c91-a02d-096b5087810e 773ec336ea904542a02c40d1986e797a 1ba1318ebb26460a88f5354e90ecc267 - - default default] Unable to schedule network 0d631e0e-f7f2-48f1-a852-400928ac9410: no agents available; will retry on subsequent port and subnet creation events.
2026-06-23 19:52:14.619 9 INFO neutron.db.ovn_revision_numbers_db [None req-4d7b846e-b637-4c91-a02d-096b5087810e 773ec336ea904542a02c40d1986e797a 1ba1318ebb26460a88f5354e90ecc267 - - default default] Successfully bumped revision number for resource d1c01f8f-26e3-488e-9f01-fde38864339a (type: router_ports) to 1
2026-06-23 19:52:14.626 9 INFO neutron.wsgi [None req-4d7b846e-b637-4c91-a02d-096b5087810e 773ec336ea904542a02c40d1986e797a 1ba1318ebb26460a88f5354e90ecc267 - - default default] 10.0.0.84 "PUT /v2.0/routers/638d5709-4001-4c64-8985-a38628cd553c/add_router_interface HTTP/1.1" status: 200 len: 503 time: 1.4100378
2026-06-23 19:52:14.676 10 INFO neutron.wsgi [None req-44e4ce19-f32d-4379-bd02-87f2c7260604 773ec336ea904542a02c40d1986e797a 1ba1318ebb26460a88f5354e90ecc267 - - default default] 10.0.0.84 "GET /v2.0/ports/d1c01f8f-26e3-488e-9f01-fde38864339a HTTP/1.1" status: 200 len: 1137 time: 0.0427718
2026-06-23 19:52:14.775 10 INFO neutron.db.ovn_revision_numbers_db [None req-7b52b48e-a412-4fb5-acdf-2f6eb947522b - - - - - -] Successfully bumped revision number for resource d1c01f8f-26e3-488e-9f01-fde38864339a (type: ports) to 2
2026-06-23 19:52:14.805 9 INFO neutron.wsgi [None req-3de6f7ff-6f8d-4d08-8258-312ab8329197 773ec336ea904542a02c40d1986e797a 1ba1318ebb26460a88f5354e90ecc267 - - default default] 10.0.0.84 "GET /v2.0/ports/d1c01f8f-26e3-488e-9f01-fde38864339a HTTP/1.1" status: 200 len: 1137 time: 0.1246650
2026-06-23 19:52:14.914 10 INFO neutron.db.ovn_revision_numbers_db [None req-7b52b48e-a412-4fb5-acdf-2f6eb947522b - - - - - -] Successfully bumped revision number for resource d1c01f8f-26e3-488e-9f01-fde38864339a (type: router_ports) to 2
2026-06-23 19:52:15.557 9 INFO neutron.wsgi [None req-0f1621e2-308d-4c7b-abda-f58d78603f3b 773ec336ea904542a02c40d1986e797a 1ba1318ebb26460a88f5354e90ecc267 - - default default] 10.0.0.84 "PUT /v2.0/routers/638d5709-4001-4c64-8985-a38628cd553c/remove_router_interface HTTP/1.1" status: 200 len: 503 time: 0.7455812 /var/lib/openstack/lib/python3.10/site-packages/pycadf/identifier.py:71: UserWarning: Invalid uuid: neutron. To ensure interoperability, identifiers should be a valid uuid. warnings.warn(('Invalid uuid: %s. To ensure interoperability, '
2026-06-23 19:52:15.581 9 INFO neutron.wsgi [None req-f65933dd-ed75-47ac-8ecb-d8fe5ab6f0e8 773ec336ea904542a02c40d1986e797a 1ba1318ebb26460a88f5354e90ecc267 - - default default] 10.0.0.84 "GET /v2.0/ports?device_id=638d5709-4001-4c64-8985-a38628cd553c HTTP/1.1" status: 200 len: 205 time: 0.0205536
2026-06-23 19:52:15.867 9 INFO neutron.wsgi [None req-5cb05c08-48b6-4f1f-b9af-e9ef4e91f22c 773ec336ea904542a02c40d1986e797a 1ba1318ebb26460a88f5354e90ecc267 - - default default] 10.0.0.84 "DELETE /v2.0/routers/638d5709-4001-4c64-8985-a38628cd553c HTTP/1.1" status: 204 len: 168 time: 0.2813823
2026-06-23 19:52:16.077 9 INFO neutron.wsgi [None req-bd9d0269-8767-4031-aa54-2e7fcd9becb0 773ec336ea904542a02c40d1986e797a 1ba1318ebb26460a88f5354e90ecc267 - - default default] 10.0.0.84 "DELETE /v2.0/subnets/724b30a8-9c68-44d2-ace3-59e97b32c123 HTTP/1.1" status: 204 len: 168 time: 0.2042098
2026-06-23 19:52:16.288 10 WARNING neutron_lib.context [None req-78444ecc-9b4d-4231-9f7b-a42f0f5ee174 288704addc3444bb8daec7b4ce0705df 57efe4de2d3c4d5c975e1469434a0c1c - - default default] Method 'is_advsvc' is deprecated since 2023.2 release (neutron-lib 3.8.0) and will be removed once support for the old RBAC API policies will be removed from Neutron. Please use method 'is_service_role' instead.
2026-06-23 19:52:16.426 10 INFO neutron.db.ovn_revision_numbers_db [None req-78444ecc-9b4d-4231-9f7b-a42f0f5ee174 288704addc3444bb8daec7b4ce0705df 57efe4de2d3c4d5c975e1469434a0c1c - - default default] Successfully bumped revision number for resource a185e1a5-da05-4232-ba73-27c5092827be (type: security_groups) to 1
2026-06-23 19:52:16.439 10 INFO neutron.db.ovn_revision_numbers_db [None req-78444ecc-9b4d-4231-9f7b-a42f0f5ee174 288704addc3444bb8daec7b4ce0705df 57efe4de2d3c4d5c975e1469434a0c1c - - default default] Successfully bumped revision number for resource 7dfbb072-9de2-4d9a-8387-a66e1b232453 (type: security_group_rules) to 0
2026-06-23 19:52:16.453 10 INFO neutron.db.ovn_revision_numbers_db [None req-78444ecc-9b4d-4231-9f7b-a42f0f5ee174 288704addc3444bb8daec7b4ce0705df 57efe4de2d3c4d5c975e1469434a0c1c - - default default] Successfully bumped revision number for resource 9a0497f4-f2df-454d-9ab7-5a89bfed65a1 (type: security_group_rules) to 0
2026-06-23 19:52:16.466 10 INFO neutron.db.ovn_revision_numbers_db [None req-78444ecc-9b4d-4231-9f7b-a42f0f5ee174 288704addc3444bb8daec7b4ce0705df 57efe4de2d3c4d5c975e1469434a0c1c - - default default] Successfully bumped revision number for resource e59f57bd-22e0-4367-b439-42f9ea15cf1e (type: security_group_rules) to 0
2026-06-23 19:52:16.482 10 INFO neutron.db.ovn_revision_numbers_db [None req-78444ecc-9b4d-4231-9f7b-a42f0f5ee174 288704addc3444bb8daec7b4ce0705df 57efe4de2d3c4d5c975e1469434a0c1c - - default default] Successfully bumped revision number for resource f1fd6130-1a16-4035-afdc-9ca6c6e5161e (type: security_group_rules) to 0
2026-06-23 19:52:16.539 10 INFO neutron.db.segments_db [None req-78444ecc-9b4d-4231-9f7b-a42f0f5ee174 288704addc3444bb8daec7b4ce0705df 57efe4de2d3c4d5c975e1469434a0c1c - - default default] Added segment 50b73652-e87e-4ef7-9ef6-cc202a63cd4e of type geneve for network 667b3dd4-03e9-48d2-8f52-68f104290fa1
2026-06-23 19:52:16.683 10 INFO neutron.db.ovn_revision_numbers_db [None req-78444ecc-9b4d-4231-9f7b-a42f0f5ee174 288704addc3444bb8daec7b4ce0705df 57efe4de2d3c4d5c975e1469434a0c1c - - default default] Successfully bumped revision number for resource 667b3dd4-03e9-48d2-8f52-68f104290fa1 (type: networks) to 1
2026-06-23 19:52:16.719 9 INFO neutron.services.segments.plugin [-] Segment 0b816aaf-2d1a-44e5-8f43-adca3047bb9c resource provider aggregate not found
2026-06-23 19:52:16.725 9 INFO neutron.services.segments.plugin [-] Segment 0b816aaf-2d1a-44e5-8f43-adca3047bb9c resource provider aggregate not found
2026-06-23 19:52:16.748 9 INFO neutron.services.segments.plugin [-] Segment 0b816aaf-2d1a-44e5-8f43-adca3047bb9c resource provider not found; error: Placement Client Error (4xx): {"errors": [{"status": 404, "title": "Not Found", "detail": "The resource could not be found.\n\n No resource provider with uuid 0b816aaf-2d1a-44e5-8f43-adca3047bb9c found for delete ", "request_id": "req-71f5137f-9b90-4fbc-9cee-aadb54e9beb5"}]}
2026-06-23 19:52:16.749 9 INFO neutron.services.segments.plugin [-] Segment 0b816aaf-2d1a-44e5-8f43-adca3047bb9c resource provider not found; error: Placement Client Error (4xx): {"errors": [{"status": 404, "title": "Not Found", "detail": "The resource could not be found.\n\n No resource provider with uuid 0b816aaf-2d1a-44e5-8f43-adca3047bb9c found for delete ", "request_id": "req-52429fa3-16c4-4308-912c-2d18dc2f0636"}]}
2026-06-23 19:52:16.799 9 INFO neutron.wsgi [req-d138b15b-f97b-41cf-a9cd-7e66c409eb63 req-d050e664-09fd-40d0-8ced-ea5efca65c7f 3b20aad8910c481aa3d09bda2c441861 4437f5005fd3417c9cd65be0703b1d5a - - 2189ca4831b045c09946bd1f0b90583d 2189ca4831b045c09946bd1f0b90583d] 199.204.45.53 "GET /v2.0/ports?device_id=d70bd236-8ff6-4498-81a0-30d036c24c5a&fields=binding%3Ahost_id&fields=binding%3Avif_type HTTP/1.1" status: 200 len: 265 time: 0.0696347
2026-06-23 19:52:16.808 9 INFO neutron.wsgi [None req-b3f47489-eda9-40a9-a05f-8f5c2353956a 773ec336ea904542a02c40d1986e797a 1ba1318ebb26460a88f5354e90ecc267 - - default default] 10.0.0.84 "DELETE /v2.0/networks/0d631e0e-f7f2-48f1-a852-400928ac9410 HTTP/1.1" status: 204 len: 168 time: 0.7268593
2026-06-23 19:52:16.822 9 WARNING neutron_lib.context [None req-59a3f2da-fd3f-43f1-9ba3-b8de7d4eae91 773ec336ea904542a02c40d1986e797a 1ba1318ebb26460a88f5354e90ecc267 - - default default] Method 'is_advsvc' is deprecated since 2023.2 release (neutron-lib 3.8.0) and will be removed once support for the old RBAC API policies will be removed from Neutron. Please use method 'is_service_role' instead.
2026-06-23 19:52:16.901 10 WARNING neutron.scheduler.dhcp_agent_scheduler [None req-78444ecc-9b4d-4231-9f7b-a42f0f5ee174 288704addc3444bb8daec7b4ce0705df 57efe4de2d3c4d5c975e1469434a0c1c - - default default] No more DHCP agents
2026-06-23 19:52:16.904 10 WARNING neutron.api.rpc.agentnotifiers.dhcp_rpc_agent_api [None req-78444ecc-9b4d-4231-9f7b-a42f0f5ee174 288704addc3444bb8daec7b4ce0705df 57efe4de2d3c4d5c975e1469434a0c1c - - default default] Unable to schedule network 667b3dd4-03e9-48d2-8f52-68f104290fa1: no agents available; will retry on subsequent port and subnet creation events.
2026-06-23 19:52:16.918 9 INFO neutron.wsgi [req-d138b15b-f97b-41cf-a9cd-7e66c409eb63 req-0d3f6226-7637-4915-8fa5-6b326a5c8a1f 3b20aad8910c481aa3d09bda2c441861 4437f5005fd3417c9cd65be0703b1d5a - - 2189ca4831b045c09946bd1f0b90583d 2189ca4831b045c09946bd1f0b90583d] 199.204.45.53 "GET /v2.0/ports?tenant_id=cdb337aa8f0845d1806d6eb3d9ac4eec&device_id=d70bd236-8ff6-4498-81a0-30d036c24c5a HTTP/1.1" status: 200 len: 1409 time: 0.0609210
2026-06-23 19:52:16.999 10 INFO neutron.db.ovn_revision_numbers_db [None req-78444ecc-9b4d-4231-9f7b-a42f0f5ee174 288704addc3444bb8daec7b4ce0705df 57efe4de2d3c4d5c975e1469434a0c1c - - default default] Successfully bumped revision number for resource d102f194-5587-46d7-8ba6-af0a4ac52937 (type: ports) to 1
2026-06-23 19:52:17.024 10 INFO neutron.wsgi [None req-78444ecc-9b4d-4231-9f7b-a42f0f5ee174 288704addc3444bb8daec7b4ce0705df 57efe4de2d3c4d5c975e1469434a0c1c - - default default] 10.0.0.84 "POST /v2.0/networks HTTP/1.1" status: 201 len: 832 time: 0.9703827
2026-06-23 19:52:17.035 10 WARNING neutron_lib.context [None req-c63955fa-8c37-4a7e-b2f3-1b8192e5e0c0 288704addc3444bb8daec7b4ce0705df 57efe4de2d3c4d5c975e1469434a0c1c - - default default] Method 'is_advsvc' is deprecated since 2023.2 release (neutron-lib 3.8.0) and will be removed once support for the old RBAC API policies will be removed from Neutron. Please use method 'is_service_role' instead.
2026-06-23 19:52:17.048 9 INFO neutron.wsgi [req-d138b15b-f97b-41cf-a9cd-7e66c409eb63 req-baa179e5-70df-4e53-a5d7-0e2073ce350b 3b20aad8910c481aa3d09bda2c441861 4437f5005fd3417c9cd65be0703b1d5a - - 2189ca4831b045c09946bd1f0b90583d 2189ca4831b045c09946bd1f0b90583d] 199.204.45.53 "GET /v2.0/networks?id=e837e96d-439f-4ff1-9218-e252209cdcde HTTP/1.1" status: 200 len: 973 time: 0.1079383
2026-06-23 19:52:17.116 9 INFO neutron.wsgi [req-d138b15b-f97b-41cf-a9cd-7e66c409eb63 req-376f84b1-26f4-484b-8858-5aed77c5f4cf 3b20aad8910c481aa3d09bda2c441861 4437f5005fd3417c9cd65be0703b1d5a - - 2189ca4831b045c09946bd1f0b90583d 2189ca4831b045c09946bd1f0b90583d] 199.204.45.53 "GET /v2.0/floatingips?fixed_ip_address=10.100.0.6&port_id=0322ed4c-5a3d-4f92-9470-86ac4c3c07a7 HTTP/1.1" status: 200 len: 1059 time: 0.0520592
2026-06-23 19:52:17.180 9 INFO neutron.wsgi [req-d138b15b-f97b-41cf-a9cd-7e66c409eb63 req-042d72af-6697-43ae-830e-6e096c607103 3b20aad8910c481aa3d09bda2c441861 4437f5005fd3417c9cd65be0703b1d5a - - 2189ca4831b045c09946bd1f0b90583d 2189ca4831b045c09946bd1f0b90583d] 199.204.45.53 "GET /v2.0/subnets?id=10648235-4c5e-4bd4-8173-fefdaff1bdbc HTTP/1.1" status: 200 len: 868 time: 0.0497143
2026-06-23 19:52:17.210 9 INFO neutron.wsgi [req-d138b15b-f97b-41cf-a9cd-7e66c409eb63 req-2a51db09-4fbd-4653-a8e8-54f5a030f21c 3b20aad8910c481aa3d09bda2c441861 4437f5005fd3417c9cd65be0703b1d5a - - 2189ca4831b045c09946bd1f0b90583d 2189ca4831b045c09946bd1f0b90583d] 199.204.45.53 "GET /v2.0/ports?network_id=e837e96d-439f-4ff1-9218-e252209cdcde&device_owner=network%3Adhcp HTTP/1.1" status: 200 len: 210 time: 0.0226195
2026-06-23 19:52:17.286 9 INFO neutron.wsgi [req-d138b15b-f97b-41cf-a9cd-7e66c409eb63 req-c625543e-e1bb-43b8-94c8-81eda2e0cd1e 3b20aad8910c481aa3d09bda2c441861 4437f5005fd3417c9cd65be0703b1d5a - - 2189ca4831b045c09946bd1f0b90583d 2189ca4831b045c09946bd1f0b90583d] 199.204.45.53 "GET /v2.0/networks/e837e96d-439f-4ff1-9218-e252209cdcde?fields=segments HTTP/1.1" status: 200 len: 212 time: 0.0676222
2026-06-23 19:52:17.390 9 INFO neutron.wsgi [req-d138b15b-f97b-41cf-a9cd-7e66c409eb63 req-7fd6c88e-1054-453b-a6fd-5b614598e16e 3b20aad8910c481aa3d09bda2c441861 4437f5005fd3417c9cd65be0703b1d5a - - 2189ca4831b045c09946bd1f0b90583d 2189ca4831b045c09946bd1f0b90583d] 199.204.45.53 "GET /v2.0/networks/e837e96d-439f-4ff1-9218-e252209cdcde?fields=provider%3Aphysical_network&fields=provider%3Anetwork_type HTTP/1.1" status: 200 len: 277 time: 0.0973423
2026-06-23 19:52:17.498 9 WARNING neutron.scheduler.dhcp_agent_scheduler [None req-59a3f2da-fd3f-43f1-9ba3-b8de7d4eae91 773ec336ea904542a02c40d1986e797a 1ba1318ebb26460a88f5354e90ecc267 - - default default] No more DHCP agents
2026-06-23 19:52:17.501 9 WARNING neutron.api.rpc.agentnotifiers.dhcp_rpc_agent_api [None req-59a3f2da-fd3f-43f1-9ba3-b8de7d4eae91 773ec336ea904542a02c40d1986e797a 1ba1318ebb26460a88f5354e90ecc267 - - default default] Unable to schedule network 9aa2abfd-6281-4bf9-8df1-b8ef24af13c5: no agents available; will retry on subsequent port and subnet creation events.
2026-06-23 19:52:17.552 10 WARNING neutron.scheduler.dhcp_agent_scheduler [None req-c63955fa-8c37-4a7e-b2f3-1b8192e5e0c0 288704addc3444bb8daec7b4ce0705df 57efe4de2d3c4d5c975e1469434a0c1c - - default default] No more DHCP agents
2026-06-23 19:52:17.554 10 WARNING neutron.api.rpc.agentnotifiers.dhcp_rpc_agent_api [None req-c63955fa-8c37-4a7e-b2f3-1b8192e5e0c0 288704addc3444bb8daec7b4ce0705df 57efe4de2d3c4d5c975e1469434a0c1c - - default default] Unable to schedule network 9aa2abfd-6281-4bf9-8df1-b8ef24af13c5: no agents available; will retry on subsequent port and subnet creation events.
2026-06-23 19:52:17.680 9 INFO neutron.db.ovn_revision_numbers_db [None req-59a3f2da-fd3f-43f1-9ba3-b8de7d4eae91 773ec336ea904542a02c40d1986e797a 1ba1318ebb26460a88f5354e90ecc267 - - default default] Successfully bumped revision number for resource 25692b70-71ee-4fb5-8b99-a48d85a56742 (type: ports) to 1
2026-06-23 19:52:17.742 10 INFO neutron.db.ovn_revision_numbers_db [None req-c63955fa-8c37-4a7e-b2f3-1b8192e5e0c0 288704addc3444bb8daec7b4ce0705df 57efe4de2d3c4d5c975e1469434a0c1c - - default default] Successfully bumped revision number for resource f14b51c7-251a-4a1f-994a-f9ab6b416bcd (type: ports) to 1
2026-06-23 19:52:18.463 9 INFO neutron.plugins.ml2.drivers.ovn.mech_driver.ovsdb.commands [None req-36ae78b4-93e9-433c-8ba7-dfd3c5f3e395 - - - - - -] Schedule LRP lrp-25692b70-71ee-4fb5-8b99-a48d85a56742 on gateway ad2832f5-cd9e-4d8d-8023-f7336ee95e61 with priority 1
2026-06-23 19:52:18.474 9 INFO neutron.plugins.ml2.drivers.ovn.mech_driver.mech_driver [None req-417f25e2-76d0-457c-9acd-6e14122ef163 - - - - - -] OVN reports status up for port: 25692b70-71ee-4fb5-8b99-a48d85a56742
2026-06-23 19:52:18.478 9 INFO neutron.db.ovn_revision_numbers_db [None req-3f5ccd32-9f19-4d7f-8a32-5efb5920c7b2 dd03f1e6eb9548279a3a08a1f8d6f6e6 7e57a0bb6e7a470893e6e45ce8442e2c - - default default] Successfully bumped revision number for resource 940b806e-4d5e-4f03-b2ab-f68aa1621538 (type: security_groups) to 1
2026-06-23 19:52:18.497 9 INFO neutron.plugins.ml2.plugin [None req-417f25e2-76d0-457c-9acd-6e14122ef163 - - - - - -] Attempt 1 to provision port 25692b70-71ee-4fb5-8b99-a48d85a56742
2026-06-23 19:52:18.507 9 INFO neutron.db.ovn_revision_numbers_db [None req-3f5ccd32-9f19-4d7f-8a32-5efb5920c7b2 dd03f1e6eb9548279a3a08a1f8d6f6e6 7e57a0bb6e7a470893e6e45ce8442e2c - - default default] Successfully bumped revision number for resource 555d77a7-5210-4b42-b96c-fcbcb43ce5de (type: security_group_rules) to 0
2026-06-23 19:52:18.526 9 INFO neutron.db.ovn_revision_numbers_db [None req-59a3f2da-fd3f-43f1-9ba3-b8de7d4eae91 773ec336ea904542a02c40d1986e797a 1ba1318ebb26460a88f5354e90ecc267 - - default default] Successfully bumped revision number for resource 25692b70-71ee-4fb5-8b99-a48d85a56742 (type: router_ports) to 1
2026-06-23 19:52:18.527 9 INFO neutron.db.ovn_revision_numbers_db [None req-3f5ccd32-9f19-4d7f-8a32-5efb5920c7b2 dd03f1e6eb9548279a3a08a1f8d6f6e6 7e57a0bb6e7a470893e6e45ce8442e2c - - default default] Successfully bumped revision number for resource 7a356484-994b-4c87-af89-c92f1c2855bd (type: security_group_rules) to 0
2026-06-23 19:52:18.568 9 INFO neutron.db.ovn_revision_numbers_db [None req-3f5ccd32-9f19-4d7f-8a32-5efb5920c7b2 dd03f1e6eb9548279a3a08a1f8d6f6e6 7e57a0bb6e7a470893e6e45ce8442e2c - - default default] Successfully bumped revision number for resource a5fa8f90-8561-4c36-9d28-cbfb5866003a (type: security_group_rules) to 0
2026-06-23 19:52:18.606 9 INFO neutron.db.ovn_revision_numbers_db [None req-3f5ccd32-9f19-4d7f-8a32-5efb5920c7b2 dd03f1e6eb9548279a3a08a1f8d6f6e6 7e57a0bb6e7a470893e6e45ce8442e2c - - default default] Successfully bumped revision number for resource fd22991e-8c47-4562-a85b-7da52a31b714 (type: security_group_rules) to 0
2026-06-23 19:52:18.634 9 INFO neutron.wsgi [None req-3f5ccd32-9f19-4d7f-8a32-5efb5920c7b2 dd03f1e6eb9548279a3a08a1f8d6f6e6 7e57a0bb6e7a470893e6e45ce8442e2c - - default default] 10.0.0.84 "GET /v2.0/security-groups?tenant_id=cb3072d7a6ed40e5b04bb43b5d363841&name=default HTTP/1.1" status: 200 len: 3120 time: 0.5277691
2026-06-23 19:52:18.638 9 INFO neutron.db.ovn_revision_numbers_db [None req-59a3f2da-fd3f-43f1-9ba3-b8de7d4eae91 773ec336ea904542a02c40d1986e797a 1ba1318ebb26460a88f5354e90ecc267 - - default default] Successfully bumped revision number for resource afb669c0-f132-491b-bc05-64ef42710bc0 (type: routers) to 2
2026-06-23 19:52:18.666 9 INFO neutron.wsgi [None req-59a3f2da-fd3f-43f1-9ba3-b8de7d4eae91 773ec336ea904542a02c40d1986e797a 1ba1318ebb26460a88f5354e90ecc267 - - default default] 10.0.0.84 "POST /v2.0/routers HTTP/1.1" status: 201 len: 1146 time: 1.8506453
2026-06-23 19:52:18.725 10 INFO neutron.plugins.ml2.drivers.ovn.mech_driver.ovsdb.commands [None req-f35a1e2b-c908-449e-ad1f-0f715b7f0307 - - - - - -] Schedule LRP lrp-f14b51c7-251a-4a1f-994a-f9ab6b416bcd on gateway ad2832f5-cd9e-4d8d-8023-f7336ee95e61 with priority 1
2026-06-23 19:52:18.750 9 INFO neutron.plugins.ml2.drivers.ovn.mech_driver.ovsdb.ovsdb_monitor [None req-f54a5d18-0ea1-405e-825c-e90732cf97ad - - - - - -] Router 80fa119d-15a2-4d54-9927-5a4638c7f86c is bound to host instance
2026-06-23 19:52:18.766 10 INFO neutron.db.ovn_revision_numbers_db [None req-c63955fa-8c37-4a7e-b2f3-1b8192e5e0c0 288704addc3444bb8daec7b4ce0705df 57efe4de2d3c4d5c975e1469434a0c1c - - default default] Successfully bumped revision number for resource f14b51c7-251a-4a1f-994a-f9ab6b416bcd (type: router_ports) to 1
2026-06-23 19:52:18.780 9 INFO neutron.wsgi [None req-05d6966d-f0b6-4200-945f-8fe7a03877bb 773ec336ea904542a02c40d1986e797a 1ba1318ebb26460a88f5354e90ecc267 - - default default] 10.0.0.84 "GET /v2.0/routers/afb669c0-f132-491b-bc05-64ef42710bc0 HTTP/1.1" status: 200 len: 1147 time: 0.1083870
2026-06-23 19:52:18.855 10 INFO neutron.db.ovn_revision_numbers_db [None req-c63955fa-8c37-4a7e-b2f3-1b8192e5e0c0 288704addc3444bb8daec7b4ce0705df 57efe4de2d3c4d5c975e1469434a0c1c - - default default] Successfully bumped revision number for resource 80fa119d-15a2-4d54-9927-5a4638c7f86c (type: routers) to 2
2026-06-23 19:52:18.873 10 INFO neutron.wsgi [None req-c63955fa-8c37-4a7e-b2f3-1b8192e5e0c0 288704addc3444bb8daec7b4ce0705df 57efe4de2d3c4d5c975e1469434a0c1c - - default default] 10.0.0.84 "POST /v2.0/routers HTTP/1.1" status: 201 len: 1154 time: 1.8441820
2026-06-23 19:52:19.047 10 INFO neutron.wsgi [None req-67456361-03d5-4fa5-a7b0-57e3564e0dd4 c85177f01c8a441f8553862cfc9db03b 023ed75131e24daca939237968a5cd24 - - default default] 10.0.0.84 "GET /v2.0/subnets?project_id=57efe4de2d3c4d5c975e1469434a0c1c&cidr=10.100.0.0%2F28 HTTP/1.1" status: 200 len: 207 time: 0.1687202
2026-06-23 19:52:19.155 10 INFO neutron.wsgi [None req-f20acc60-8a29-4f0b-b756-8349d784fd37 c85177f01c8a441f8553862cfc9db03b 023ed75131e24daca939237968a5cd24 - - default default] 10.0.0.84 "GET /v2.0/networks?router%3Aexternal=True HTTP/1.1" status: 200 len: 947 time: 0.1035924
2026-06-23 19:52:19.183 10 INFO neutron.wsgi [None req-7a30acac-f392-4f5c-b292-57742297196f c85177f01c8a441f8553862cfc9db03b 023ed75131e24daca939237968a5cd24 - - default default] 10.0.0.84 "GET /v2.0/subnets?network_id=9aa2abfd-6281-4bf9-8df1-b8ef24af13c5&cidr=10.100.0.0%2F28 HTTP/1.1" status: 200 len: 207 time: 0.0224919
2026-06-23 19:52:19.193 10 WARNING neutron_lib.context [None req-a8d58c3f-591e-47a1-bee2-0b4e75d29262 288704addc3444bb8daec7b4ce0705df 57efe4de2d3c4d5c975e1469434a0c1c - - default default] Method 'is_advsvc' is deprecated since 2023.2 release (neutron-lib 3.8.0) and will be removed once support for the old RBAC API policies will be removed from Neutron. Please use method 'is_service_role' instead.
2026-06-23 19:52:19.231 9 INFO neutron.wsgi [None req-fc694d62-5083-47f5-a01b-cad0db691edc 773ec336ea904542a02c40d1986e797a 1ba1318ebb26460a88f5354e90ecc267 - - default default] 10.0.0.84 "GET /v2.0/routers HTTP/1.1" status: 200 len: 1150 time: 0.4408317
2026-06-23 19:52:19.387 9 INFO neutron.wsgi [None req-e4ede774-b9ab-466d-a2e5-c6098530d7ed dd03f1e6eb9548279a3a08a1f8d6f6e6 7e57a0bb6e7a470893e6e45ce8442e2c - - default default] 10.0.0.84 "DELETE /v2.0/security-groups/940b806e-4d5e-4f03-b2ab-f68aa1621538 HTTP/1.1" status: 204 len: 168 time: 0.7438817
2026-06-23 19:52:19.429 10 WARNING neutron.scheduler.dhcp_agent_scheduler [None req-a8d58c3f-591e-47a1-bee2-0b4e75d29262 288704addc3444bb8daec7b4ce0705df 57efe4de2d3c4d5c975e1469434a0c1c - - default default] No more DHCP agents
2026-06-23 19:52:19.434 10 WARNING neutron.api.rpc.agentnotifiers.dhcp_rpc_agent_api [None req-a8d58c3f-591e-47a1-bee2-0b4e75d29262 288704addc3444bb8daec7b4ce0705df 57efe4de2d3c4d5c975e1469434a0c1c - - default default] Unable to schedule network 667b3dd4-03e9-48d2-8f52-68f104290fa1: no agents available; will retry on subsequent port and subnet creation events.
2026-06-23 19:52:19.640 10 INFO neutron.db.ovn_revision_numbers_db [None req-68ad66f0-743c-4a5f-9faf-2d2b27f9e42d dd03f1e6eb9548279a3a08a1f8d6f6e6 7e57a0bb6e7a470893e6e45ce8442e2c - - default default] Successfully bumped revision number for resource 2cc1991f-ec0c-4f46-96ba-bde10445febe (type: security_groups) to 1
2026-06-23 19:52:19.669 10 INFO neutron.db.ovn_revision_numbers_db [None req-68ad66f0-743c-4a5f-9faf-2d2b27f9e42d dd03f1e6eb9548279a3a08a1f8d6f6e6 7e57a0bb6e7a470893e6e45ce8442e2c - - default default] Successfully bumped revision number for resource 554126fa-94ee-4b29-b8a4-114efe068fe4 (type: security_group_rules) to 0
2026-06-23 19:52:19.695 10 INFO neutron.db.ovn_revision_numbers_db [None req-68ad66f0-743c-4a5f-9faf-2d2b27f9e42d dd03f1e6eb9548279a3a08a1f8d6f6e6 7e57a0bb6e7a470893e6e45ce8442e2c - - default default] Successfully bumped revision number for resource 7c3d708c-7829-4066-9de9-78bd4f210c2d (type: security_group_rules) to 0
2026-06-23 19:52:19.732 10 INFO neutron.db.ovn_revision_numbers_db [None req-68ad66f0-743c-4a5f-9faf-2d2b27f9e42d dd03f1e6eb9548279a3a08a1f8d6f6e6 7e57a0bb6e7a470893e6e45ce8442e2c - - default default] Successfully bumped revision number for resource 8e8af3aa-931c-40a1-9242-97746f5b80b9 (type: security_group_rules) to 0
2026-06-23 19:52:19.767 10 INFO neutron.db.ovn_revision_numbers_db [None req-68ad66f0-743c-4a5f-9faf-2d2b27f9e42d dd03f1e6eb9548279a3a08a1f8d6f6e6 7e57a0bb6e7a470893e6e45ce8442e2c - - default default] Successfully bumped revision number for resource d5c354c0-8073-4070-bd09-bbb3ed947b83 (type: security_group_rules) to 0
2026-06-23 19:52:19.801 10 INFO neutron.wsgi [None req-68ad66f0-743c-4a5f-9faf-2d2b27f9e42d dd03f1e6eb9548279a3a08a1f8d6f6e6 7e57a0bb6e7a470893e6e45ce8442e2c - - default default] 10.0.0.84 "GET /v2.0/security-groups?tenant_id=17bdf4b9fc9342f8b1d5ef8ab657eb3e&name=default HTTP/1.1" status: 200 len: 3120 time: 0.3169804
2026-06-23 19:52:19.894 9 INFO neutron.db.ovn_revision_numbers_db [None req-c7215de3-3360-4098-ab7f-56434d4cd07a 773ec336ea904542a02c40d1986e797a 1ba1318ebb26460a88f5354e90ecc267 - - default default] Successfully bumped revision number for resource afb669c0-f132-491b-bc05-64ef42710bc0 (type: routers) to 3
2026-06-23 19:52:19.905 9 INFO neutron.wsgi [None req-c7215de3-3360-4098-ab7f-56434d4cd07a 773ec336ea904542a02c40d1986e797a 1ba1318ebb26460a88f5354e90ecc267 - - default default] 10.0.0.84 "PUT /v2.0/routers/afb669c0-f132-491b-bc05-64ef42710bc0 HTTP/1.1" status: 200 len: 1154 time: 0.6693156
2026-06-23 19:52:20.023 10 INFO neutron.db.ovn_revision_numbers_db [None req-a8d58c3f-591e-47a1-bee2-0b4e75d29262 288704addc3444bb8daec7b4ce0705df 57efe4de2d3c4d5c975e1469434a0c1c - - default default] Successfully bumped revision number for resource d102f194-5587-46d7-8ba6-af0a4ac52937 (type: ports) to 2
2026-06-23 19:52:20.060 10 INFO neutron.db.ovn_revision_numbers_db [None req-a8d58c3f-591e-47a1-bee2-0b4e75d29262 288704addc3444bb8daec7b4ce0705df 57efe4de2d3c4d5c975e1469434a0c1c - - default default] Successfully bumped revision number for resource 3745eb82-a6c1-436e-b312-eedf0848bc7a (type: subnets) to 0
2026-06-23 19:52:20.079 10 INFO neutron.wsgi [None req-a8d58c3f-591e-47a1-bee2-0b4e75d29262 288704addc3444bb8daec7b4ce0705df 57efe4de2d3c4d5c975e1469434a0c1c - - default default] 10.0.0.84 "POST /v2.0/subnets HTTP/1.1" status: 201 len: 832 time: 0.8910241
2026-06-23 19:52:20.156 10 WARNING neutron.plugins.ml2.drivers.ovn.mech_driver.ovsdb.ovn_client [None req-7b52b48e-a412-4fb5-acdf-2f6eb947522b - - - - - -] No port found with ID d1c01f8f-26e3-488e-9f01-fde38864339a: RuntimeError: No port found with ID d1c01f8f-26e3-488e-9f01-fde38864339a
2026-06-23 19:52:20.157 10 INFO neutron.plugins.ml2.drivers.ovn.mech_driver.mech_driver [None req-7b52b48e-a412-4fb5-acdf-2f6eb947522b - - - - - -] OVN reports status up for port: f14b51c7-251a-4a1f-994a-f9ab6b416bcd
2026-06-23 19:52:20.171 10 INFO neutron.plugins.ml2.plugin [None req-7b52b48e-a412-4fb5-acdf-2f6eb947522b - - - - - -] Attempt 1 to provision port f14b51c7-251a-4a1f-994a-f9ab6b416bcd
2026-06-23 19:52:20.244 9 INFO neutron.wsgi [None req-f37deb7a-f398-43c6-a405-7f04ae569ade 773ec336ea904542a02c40d1986e797a 1ba1318ebb26460a88f5354e90ecc267 - - default default] 10.0.0.84 "GET /v2.0/routers/afb669c0-f132-491b-bc05-64ef42710bc0 HTTP/1.1" status: 200 len: 1154 time: 0.3318865
2026-06-23 19:52:20.275 9 INFO neutron.wsgi [None req-e443bb8e-5110-4df2-9ddb-a9fb7c547da3 773ec336ea904542a02c40d1986e797a 1ba1318ebb26460a88f5354e90ecc267 - - default default] 10.0.0.84 "GET /v2.0/ports?device_id=afb669c0-f132-491b-bc05-64ef42710bc0 HTTP/1.1" status: 200 len: 205 time: 0.0249763
2026-06-23 19:52:20.368 9 INFO neutron.db.ovn_revision_numbers_db [None req-f54a5d18-0ea1-405e-825c-e90732cf97ad - - - - - -] Successfully bumped revision number for resource f14b51c7-251a-4a1f-994a-f9ab6b416bcd (type: ports) to 1
2026-06-23 19:52:20.512 9 INFO neutron.wsgi [None req-be96a096-1728-4924-81e0-aa9833099f5a dd03f1e6eb9548279a3a08a1f8d6f6e6 7e57a0bb6e7a470893e6e45ce8442e2c - - default default] 10.0.0.84 "DELETE /v2.0/security-groups/2cc1991f-ec0c-4f46-96ba-bde10445febe HTTP/1.1" status: 204 len: 168 time: 0.7060943
2026-06-23 19:52:20.854 10 WARNING neutron.scheduler.dhcp_agent_scheduler [None req-6bdfaf2d-5af8-4aa2-b643-6273310d6e97 288704addc3444bb8daec7b4ce0705df 57efe4de2d3c4d5c975e1469434a0c1c - - default default] No more DHCP agents
2026-06-23 19:52:20.855 10 WARNING neutron.api.rpc.agentnotifiers.dhcp_rpc_agent_api [None req-6bdfaf2d-5af8-4aa2-b643-6273310d6e97 288704addc3444bb8daec7b4ce0705df 57efe4de2d3c4d5c975e1469434a0c1c - - default default] Unable to schedule network 667b3dd4-03e9-48d2-8f52-68f104290fa1: no agents available; will retry on subsequent port and subnet creation events.
2026-06-23 19:52:20.875 9 INFO neutron.db.ovn_revision_numbers_db [None req-f54a5d18-0ea1-405e-825c-e90732cf97ad - - - - - -] Successfully bumped revision number for resource f14b51c7-251a-4a1f-994a-f9ab6b416bcd (type: router_ports) to 3
2026-06-23 19:52:20.999 10 INFO neutron.db.ovn_revision_numbers_db [None req-6bdfaf2d-5af8-4aa2-b643-6273310d6e97 288704addc3444bb8daec7b4ce0705df 57efe4de2d3c4d5c975e1469434a0c1c - - default default] Successfully bumped revision number for resource 727d72e0-1da6-444a-8340-d3d9e1f736df (type: ports) to 1
2026-06-23 19:52:21.184 9 INFO neutron.db.ovn_revision_numbers_db [None req-f54a5d18-0ea1-405e-825c-e90732cf97ad - - - - - -] Successfully bumped revision number for resource f14b51c7-251a-4a1f-994a-f9ab6b416bcd (type: ports) to 2
2026-06-23 19:52:21.580 9 INFO neutron.wsgi [None req-83910278-82fc-41f3-a55c-fd5448a05f45 773ec336ea904542a02c40d1986e797a 1ba1318ebb26460a88f5354e90ecc267 - - default default] 10.0.0.84 "DELETE /v2.0/routers/afb669c0-f132-491b-bc05-64ef42710bc0 HTTP/1.1" status: 204 len: 168 time: 1.2983656
2026-06-23 19:52:21.612 9 INFO neutron.wsgi [None req-47b026e6-6b4a-4822-985f-362b2ccbc71e 773ec336ea904542a02c40d1986e797a 1ba1318ebb26460a88f5354e90ecc267 - - default default] 10.0.0.84 "GET /v2.0/ports?device_id=afb669c0-f132-491b-bc05-64ef42710bc0 HTTP/1.1" status: 200 len: 205 time: 0.0177622
2026-06-23 19:52:21.640 10 INFO neutron.api.v2.resource [None req-637931d1-e82c-4962-a66f-dd84debd4857 773ec336ea904542a02c40d1986e797a 1ba1318ebb26460a88f5354e90ecc267 - - default default] delete failed (client error): The resource could not be found.
2026-06-23 19:52:21.641 10 INFO neutron.wsgi [None req-637931d1-e82c-4962-a66f-dd84debd4857 773ec336ea904542a02c40d1986e797a 1ba1318ebb26460a88f5354e90ecc267 - - default default] 10.0.0.84 "DELETE /v2.0/routers/afb669c0-f132-491b-bc05-64ef42710bc0 HTTP/1.1" status: 404 len: 336 time: 0.0245566
2026-06-23 19:52:21.678 10 INFO neutron.wsgi [None req-437b686c-fd18-4f2e-a986-34efbc1f2ff6 773ec336ea904542a02c40d1986e797a 1ba1318ebb26460a88f5354e90ecc267 - - default default] 10.0.0.84 "GET /v2.0/ports?device_id=638d5709-4001-4c64-8985-a38628cd553c HTTP/1.1" status: 200 len: 205 time: 0.0305791
2026-06-23 19:52:21.710 9 INFO neutron.api.v2.resource [None req-811461ef-dbab-4f40-9cdb-071330bdd23d 773ec336ea904542a02c40d1986e797a 1ba1318ebb26460a88f5354e90ecc267 - - default default] delete failed (client error): The resource could not be found.
2026-06-23 19:52:21.711 9 INFO neutron.wsgi [None req-811461ef-dbab-4f40-9cdb-071330bdd23d 773ec336ea904542a02c40d1986e797a 1ba1318ebb26460a88f5354e90ecc267 - - default default] 10.0.0.84 "DELETE /v2.0/routers/638d5709-4001-4c64-8985-a38628cd553c HTTP/1.1" status: 404 len: 336 time: 0.0276022
2026-06-23 19:52:21.737 9 INFO neutron.pecan_wsgi.hooks.translation [None req-7f7da03b-bdf5-4010-aefc-bda229662e23 773ec336ea904542a02c40d1986e797a 1ba1318ebb26460a88f5354e90ecc267 - - default default] DELETE failed (client error): The resource could not be found.
2026-06-23 19:52:21.740 9 INFO neutron.wsgi [None req-7f7da03b-bdf5-4010-aefc-bda229662e23 773ec336ea904542a02c40d1986e797a 1ba1318ebb26460a88f5354e90ecc267 - - default default] 10.0.0.84 "DELETE /v2.0/subnets/724b30a8-9c68-44d2-ace3-59e97b32c123 HTTP/1.1" status: 404 len: 337 time: 0.0245020
2026-06-23 19:52:21.772 9 INFO neutron.wsgi [None req-8d5f57df-7ab3-44b1-b31a-ac514c4a1a35 773ec336ea904542a02c40d1986e797a 1ba1318ebb26460a88f5354e90ecc267 - - default default] 10.0.0.84 "GET /v2.0/ports?device_id=3fa96a4d-17f0-47e7-a28c-6e25786b5d39 HTTP/1.1" status: 200 len: 205 time: 0.0273397
2026-06-23 19:52:21.827 10 INFO neutron.api.v2.resource [None req-ec0e2502-e228-49f9-b57b-a3c58723a05c 773ec336ea904542a02c40d1986e797a 1ba1318ebb26460a88f5354e90ecc267 - - default default] delete failed (client error): The resource could not be found.
2026-06-23 19:52:21.829 10 INFO neutron.wsgi [None req-ec0e2502-e228-49f9-b57b-a3c58723a05c 773ec336ea904542a02c40d1986e797a 1ba1318ebb26460a88f5354e90ecc267 - - default default] 10.0.0.84 "DELETE /v2.0/routers/3fa96a4d-17f0-47e7-a28c-6e25786b5d39 HTTP/1.1" status: 404 len: 336 time: 0.0446029
2026-06-23 19:52:21.852 10 INFO neutron.pecan_wsgi.hooks.translation [None req-fe9ce3ff-3212-4a4e-8ac0-dede6e2cc14a 773ec336ea904542a02c40d1986e797a 1ba1318ebb26460a88f5354e90ecc267 - - default default] DELETE failed (client error): The resource could not be found.
2026-06-23 19:52:21.854 10 INFO neutron.wsgi [None req-fe9ce3ff-3212-4a4e-8ac0-dede6e2cc14a 773ec336ea904542a02c40d1986e797a 1ba1318ebb26460a88f5354e90ecc267 - - default default] 10.0.0.84 "DELETE /v2.0/subnets/a11d85a9-a77d-4b39-be44-36dc0b4e0f7c HTTP/1.1" status: 404 len: 337 time: 0.0211973
2026-06-23 19:52:21.892 10 INFO neutron.wsgi [None req-1eb8b2f7-6a11-4569-8930-8c0ee71b06ce 773ec336ea904542a02c40d1986e797a 1ba1318ebb26460a88f5354e90ecc267 - - default default] 10.0.0.84 "GET /v2.0/ports?device_id=b1006b7f-429b-4cd9-a689-cc32ba8255e4 HTTP/1.1" status: 200 len: 205 time: 0.0326211
2026-06-23 19:52:21.919 10 INFO neutron.api.v2.resource [None req-84ef6120-8d3f-4583-8470-e0934040e39c 773ec336ea904542a02c40d1986e797a 1ba1318ebb26460a88f5354e90ecc267 - - default default] delete failed (client error): The resource could not be found.
2026-06-23 19:52:21.921 10 INFO neutron.wsgi [None req-84ef6120-8d3f-4583-8470-e0934040e39c 773ec336ea904542a02c40d1986e797a 1ba1318ebb26460a88f5354e90ecc267 - - default default] 10.0.0.84 "DELETE /v2.0/routers/b1006b7f-429b-4cd9-a689-cc32ba8255e4 HTTP/1.1" status: 404 len: 336 time: 0.0250664
2026-06-23 19:52:21.949 9 INFO neutron.pecan_wsgi.hooks.translation [None req-98a04d81-bf90-488f-a89f-26a78f91e21d 773ec336ea904542a02c40d1986e797a 1ba1318ebb26460a88f5354e90ecc267 - - default default] DELETE failed (client error): The resource could not be found.
2026-06-23 19:52:21.952 9 INFO neutron.wsgi [None req-98a04d81-bf90-488f-a89f-26a78f91e21d 773ec336ea904542a02c40d1986e797a 1ba1318ebb26460a88f5354e90ecc267 - - default default] 10.0.0.84 "DELETE /v2.0/subnets/b8c24921-cf67-4403-a6da-783c22669842 HTTP/1.1" status: 404 len: 337 time: 0.0264869
2026-06-23 19:52:21.972 9 INFO neutron.pecan_wsgi.hooks.translation [None req-cd52a482-04cf-418a-9e7f-98451a96a9fa 773ec336ea904542a02c40d1986e797a 1ba1318ebb26460a88f5354e90ecc267 - - default default] DELETE failed (client error): The resource could not be found.
2026-06-23 19:52:21.974 9 INFO neutron.wsgi [None req-cd52a482-04cf-418a-9e7f-98451a96a9fa 773ec336ea904542a02c40d1986e797a 1ba1318ebb26460a88f5354e90ecc267 - - default default] 10.0.0.84 "DELETE /v2.0/subnets/25fdbdf6-9a88-407a-8cc8-6f7b567355cf HTTP/1.1" status: 404 len: 337 time: 0.0179532
2026-06-23 19:52:21.983 9 INFO neutron.db.ovn_revision_numbers_db [None req-f54a5d18-0ea1-405e-825c-e90732cf97ad - - - - - -] Successfully bumped revision number for resource f14b51c7-251a-4a1f-994a-f9ab6b416bcd (type: ports) to 4
2026-06-23 19:52:22.028 10 ERROR ovsdbapp.backend.ovs_idl.command [None req-6bdfaf2d-5af8-4aa2-b643-6273310d6e97 288704addc3444bb8daec7b4ce0705df 57efe4de2d3c4d5c975e1469434a0c1c - - default default] Error executing command (DbGetCommand): ovsdbapp.backend.ovs_idl.idlutils.RowNotFound: Cannot find Logical_Router_Port with name=lrp-727d72e0-1da6-444a-8340-d3d9e1f736df
2026-06-23 19:52:22.028 10 ERROR ovsdbapp.backend.ovs_idl.command
Traceback (most recent call last):
2026-06-23 19:52:22.028 10 ERROR ovsdbapp.backend.ovs_idl.command
File "/var/lib/openstack/lib/python3.10/site-packages/ovsdbapp/backend/ovs_idl/command.py", line 47, in execute
2026-06-23 19:52:22.028 10 ERROR ovsdbapp.backend.ovs_idl.command self.run_idl(None)
2026-06-23 19:52:22.028 10 ERROR ovsdbapp.backend.ovs_idl.command
File "/var/lib/openstack/lib/python3.10/site-packages/ovsdbapp/backend/ovs_idl/command.py", line 235, in run_idl
2026-06-23 19:52:22.028 10 ERROR ovsdbapp.backend.ovs_idl.command record = self.api.lookup(self.table, self.record)
2026-06-23 19:52:22.028 10 ERROR ovsdbapp.backend.ovs_idl.command
File "/var/lib/openstack/lib/python3.10/site-packages/ovsdbapp/backend/ovs_idl/__init__.py", line 184, in lookup
2026-06-23 19:52:22.028 10 ERROR ovsdbapp.backend.ovs_idl.command return self._lookup(table, record)
2026-06-23 19:52:22.028 10 ERROR ovsdbapp.backend.ovs_idl.command
File "/var/lib/openstack/lib/python3.10/site-packages/ovsdbapp/backend/ovs_idl/__init__.py", line 235, in _lookup
2026-06-23 19:52:22.028 10 ERROR ovsdbapp.backend.ovs_idl.command row = idlutils.row_by_value(self, rl.table, rl.column, record)
2026-06-23 19:52:22.028 10 ERROR ovsdbapp.backend.ovs_idl.command
File "/var/lib/openstack/lib/python3.10/site-packages/ovsdbapp/backend/ovs_idl/idlutils.py", line 114, in row_by_value
2026-06-23 19:52:22.028 10 ERROR ovsdbapp.backend.ovs_idl.command raise RowNotFound(table=table, col=column, match=match)
2026-06-23 19:52:22.028 10 ERROR ovsdbapp.backend.ovs_idl.command ovsdbapp.backend.ovs_idl.idlutils.RowNotFound: Cannot find Logical_Router_Port with name=lrp-727d72e0-1da6-444a-8340-d3d9e1f736df
2026-06-23 19:52:22.028 10 ERROR ovsdbapp.backend.ovs_idl.command 
2026-06-23 19:52:22.029 10 ERROR neutron_lib.callbacks.manager [None req-6bdfaf2d-5af8-4aa2-b643-6273310d6e97 288704addc3444bb8daec7b4ce0705df 57efe4de2d3c4d5c975e1469434a0c1c - - default default] Error during notification for neutron.services.ovn_l3.plugin.OVNL3RouterPlugin._port_update-8789294830310 port, after_update: ovsdbapp.backend.ovs_idl.idlutils.RowNotFound: Cannot find Logical_Router_Port with name=lrp-727d72e0-1da6-444a-8340-d3d9e1f736df
2026-06-23 19:52:22.029 10 ERROR neutron_lib.callbacks.manager
Traceback (most recent call last):
2026-06-23 19:52:22.029 10 ERROR neutron_lib.callbacks.manager
