2026-06-23 19:51:51.434 10 INFO neutron.db.ovn_revision_numbers_db [None req-e5490e17-1cf0-4645-9328-a51d530370af dd03f1e6eb9548279a3a08a1f8d6f6e6 7e57a0bb6e7a470893e6e45ce8442e2c - - default default] Successfully bumped revision number for resource 72473baa-7c71-461f-819d-e340c43ef253 (type: networks) to 1
2026-06-23 19:51:51.479 10 INFO neutron.services.segments.plugin [-] Segment 2a23c462-0af0-4882-ba66-e819e82efe01 resource provider aggregate not found
2026-06-23 19:51:51.483 10 INFO neutron.services.segments.plugin [-] Segment 2a23c462-0af0-4882-ba66-e819e82efe01 resource provider aggregate not found
2026-06-23 19:51:51.500 10 INFO neutron.services.segments.plugin [-] Segment 2a23c462-0af0-4882-ba66-e819e82efe01 resource provider not found; error: Placement Client Error (4xx): {"errors": [{"status": 404, "title": "Not Found", "detail": "The resource could not be found.\n\n No resource provider with uuid 2a23c462-0af0-4882-ba66-e819e82efe01 found for delete ", "request_id": "req-ea9461c1-7bd5-487f-9581-bffb6c39cb45"}]}
2026-06-23 19:51:51.507 10 INFO neutron.services.segments.plugin [-] Segment 2a23c462-0af0-4882-ba66-e819e82efe01 resource provider not found; error: Placement Client Error (4xx): {"errors": [{"status": 404, "title": "Not Found", "detail": "The resource could not be found.\n\n No resource provider with uuid 2a23c462-0af0-4882-ba66-e819e82efe01 found for delete ", "request_id": "req-1c3aadc2-0b96-4773-82fb-7af679c13d28"}]}
2026-06-23 19:51:51.518 10 INFO neutron.services.segments.plugin [-] Segment 28fcf310-99ce-4ca9-99dd-e9f64eb2982b resource provider aggregate not found
2026-06-23 19:51:51.530 10 INFO neutron.services.segments.plugin [-] Segment 28fcf310-99ce-4ca9-99dd-e9f64eb2982b resource provider aggregate not found
2026-06-23 19:51:51.536 10 INFO neutron.services.segments.plugin [-] Segment 28fcf310-99ce-4ca9-99dd-e9f64eb2982b resource provider not found; error: Placement Client Error (4xx): {"errors": [{"status": 404, "title": "Not Found", "detail": "The resource could not be found.\n\n No resource provider with uuid 28fcf310-99ce-4ca9-99dd-e9f64eb2982b found for delete ", "request_id": "req-92278952-9591-48eb-80be-5673f2e14695"}]}
2026-06-23 19:51:51.549 10 INFO neutron.services.segments.plugin [-] Segment 28fcf310-99ce-4ca9-99dd-e9f64eb2982b resource provider not found; error: Placement Client Error (4xx): {"errors": [{"status": 404, "title": "Not Found", "detail": "The resource could not be found.\n\n No resource provider with uuid 28fcf310-99ce-4ca9-99dd-e9f64eb2982b found for delete ", "request_id": "req-c8f657cb-01ce-4c01-9076-9bfed4071a62"}]}
2026-06-23 19:51:51.888 9 INFO neutron.db.ovn_revision_numbers_db [None req-d98513e0-0dd5-4fa1-9bd8-c20e06c2e1a2 773ec336ea904542a02c40d1986e797a 1ba1318ebb26460a88f5354e90ecc267 - - default default] Successfully bumped revision number for resource df82767a-e851-4427-93a6-15a216cb8190 (type: ports) to 2
2026-06-23 19:51:51.951 9 INFO neutron.db.ovn_revision_numbers_db [None req-d98513e0-0dd5-4fa1-9bd8-c20e06c2e1a2 773ec336ea904542a02c40d1986e797a 1ba1318ebb26460a88f5354e90ecc267 - - default default] Successfully bumped revision number for resource b8c24921-cf67-4403-a6da-783c22669842 (type: subnets) to 0
2026-06-23 19:51:51.962 9 INFO neutron.wsgi [None req-c09be7bf-ee65-47be-a6ad-7a5738ade26f dd03f1e6eb9548279a3a08a1f8d6f6e6 7e57a0bb6e7a470893e6e45ce8442e2c - - default default] 10.0.0.84 "GET /v2.0/security-groups?tenant_id=8d6fa71c94a943af9830f1e23168dd5e&name=default HTTP/1.1" status: 200 len: 3120 time: 0.2036469
2026-06-23 19:51:51.974 10 WARNING neutron.scheduler.dhcp_agent_scheduler [None req-e5490e17-1cf0-4645-9328-a51d530370af dd03f1e6eb9548279a3a08a1f8d6f6e6 7e57a0bb6e7a470893e6e45ce8442e2c - - default default] No more DHCP agents
2026-06-23 19:51:51.977 9 INFO neutron.wsgi [None req-d98513e0-0dd5-4fa1-9bd8-c20e06c2e1a2 773ec336ea904542a02c40d1986e797a 1ba1318ebb26460a88f5354e90ecc267 - - default default] 10.0.0.84 "POST /v2.0/subnets HTTP/1.1" status: 201 len: 801 time: 1.8163898
2026-06-23 19:51:51.978 10 WARNING neutron.api.rpc.agentnotifiers.dhcp_rpc_agent_api [None req-e5490e17-1cf0-4645-9328-a51d530370af dd03f1e6eb9548279a3a08a1f8d6f6e6 7e57a0bb6e7a470893e6e45ce8442e2c - - default default] Unable to schedule network 72473baa-7c71-461f-819d-e340c43ef253: no agents available; will retry on subsequent port and subnet creation events.
2026-06-23 19:51:51.982 10 WARNING neutron.scheduler.dhcp_agent_scheduler [None req-57ba18bb-f055-415a-8b83-231ccb2082b6 dd03f1e6eb9548279a3a08a1f8d6f6e6 7e57a0bb6e7a470893e6e45ce8442e2c - - default default] No more DHCP agents
2026-06-23 19:51:51.993 10 WARNING neutron_lib.context [None req-19cad67b-a75a-4413-9f47-2a1e1b6abc3c 773ec336ea904542a02c40d1986e797a 1ba1318ebb26460a88f5354e90ecc267 - - default default] Method 'is_advsvc' is deprecated since 2023.2 release (neutron-lib 3.8.0) and will be removed once support for the old RBAC API policies will be removed from Neutron. Please use method 'is_service_role' instead.
2026-06-23 19:51:51.997 10 WARNING neutron.api.rpc.agentnotifiers.dhcp_rpc_agent_api [None req-57ba18bb-f055-415a-8b83-231ccb2082b6 dd03f1e6eb9548279a3a08a1f8d6f6e6 7e57a0bb6e7a470893e6e45ce8442e2c - - default default] Unable to schedule network e837e96d-439f-4ff1-9218-e252209cdcde: no agents available; will retry on subsequent port and subnet creation events.
2026-06-23 19:51:52.111 9 INFO neutron.db.ovn_revision_numbers_db [None req-f54a5d18-0ea1-405e-825c-e90732cf97ad - - - - - -] Successfully bumped revision number for resource e0173ba4-2d56-4e3a-8e87-7cf183929658 (type: ports) to 1
2026-06-23 19:51:52.153 10 INFO neutron.db.ovn_revision_numbers_db [None req-e5490e17-1cf0-4645-9328-a51d530370af dd03f1e6eb9548279a3a08a1f8d6f6e6 7e57a0bb6e7a470893e6e45ce8442e2c - - default default] Successfully bumped revision number for resource bbeee2e8-58d5-43a9-a1ad-1b581b0e3ad8 (type: ports) to 1
2026-06-23 19:51:52.220 10 INFO neutron.wsgi [None req-e5490e17-1cf0-4645-9328-a51d530370af dd03f1e6eb9548279a3a08a1f8d6f6e6 7e57a0bb6e7a470893e6e45ce8442e2c - - default default] 10.0.0.84 "POST /v2.0/networks HTTP/1.1" status: 201 len: 946 time: 1.5213697
2026-06-23 19:51:52.223 10 INFO neutron.db.ovn_revision_numbers_db [None req-19cad67b-a75a-4413-9f47-2a1e1b6abc3c 773ec336ea904542a02c40d1986e797a 1ba1318ebb26460a88f5354e90ecc267 - - default default] Successfully bumped revision number for resource b1006b7f-429b-4cd9-a689-cc32ba8255e4 (type: routers) to 1
2026-06-23 19:51:52.249 10 INFO neutron.wsgi [None req-19cad67b-a75a-4413-9f47-2a1e1b6abc3c 773ec336ea904542a02c40d1986e797a 1ba1318ebb26460a88f5354e90ecc267 - - default default] 10.0.0.84 "POST /v2.0/routers HTTP/1.1" status: 201 len: 801 time: 0.2667255
2026-06-23 19:51:52.295 10 INFO neutron.db.ovn_revision_numbers_db [None req-57ba18bb-f055-415a-8b83-231ccb2082b6 dd03f1e6eb9548279a3a08a1f8d6f6e6 7e57a0bb6e7a470893e6e45ce8442e2c - - default default] Successfully bumped revision number for resource 8506e75f-ecfa-4c72-8835-ff2ccfe4725c (type: ports) to 1
2026-06-23 19:51:52.295 9 INFO neutron.wsgi [None req-11e13178-ecc5-4185-96e2-21b70d28179b dd03f1e6eb9548279a3a08a1f8d6f6e6 7e57a0bb6e7a470893e6e45ce8442e2c - - default default] 10.0.0.84 "DELETE /v2.0/security-groups/6f732f29-1bd1-4f16-b4b4-acd5975eec90 HTTP/1.1" status: 204 len: 168 time: 0.3277686
2026-06-23 19:51:52.637 9 WARNING neutron.scheduler.dhcp_agent_scheduler [None req-31a6c029-8703-4dfe-ad0f-ed36802f107c dd03f1e6eb9548279a3a08a1f8d6f6e6 7e57a0bb6e7a470893e6e45ce8442e2c - - default default] No more DHCP agents
2026-06-23 19:51:52.649 9 WARNING neutron.api.rpc.agentnotifiers.dhcp_rpc_agent_api [None req-31a6c029-8703-4dfe-ad0f-ed36802f107c dd03f1e6eb9548279a3a08a1f8d6f6e6 7e57a0bb6e7a470893e6e45ce8442e2c - - default default] Unable to schedule network 72473baa-7c71-461f-819d-e340c43ef253: no agents available; will retry on subsequent port and subnet creation events.
2026-06-23 19:51:52.815 9 INFO neutron.db.ovn_revision_numbers_db [None req-f54a5d18-0ea1-405e-825c-e90732cf97ad - - - - - -] Successfully bumped revision number for resource e0173ba4-2d56-4e3a-8e87-7cf183929658 (type: router_ports) to 3
2026-06-23 19:51:52.839 10 ERROR ovsdbapp.backend.ovs_idl.command [None req-57ba18bb-f055-415a-8b83-231ccb2082b6 dd03f1e6eb9548279a3a08a1f8d6f6e6 7e57a0bb6e7a470893e6e45ce8442e2c - - default default] Error executing command (DbGetCommand): ovsdbapp.backend.ovs_idl.idlutils.RowNotFound: Cannot find Logical_Router_Port with name=lrp-8506e75f-ecfa-4c72-8835-ff2ccfe4725c
2026-06-23 19:51:52.839 10 ERROR ovsdbapp.backend.ovs_idl.command
Traceback (most recent call last):
2026-06-23 19:51:52.839 10 ERROR ovsdbapp.backend.ovs_idl.command
File "/var/lib/openstack/lib/python3.10/site-packages/ovsdbapp/backend/ovs_idl/command.py", line 47, in execute
2026-06-23 19:51:52.839 10 ERROR ovsdbapp.backend.ovs_idl.command self.run_idl(None)
2026-06-23 19:51:52.839 10 ERROR ovsdbapp.backend.ovs_idl.command
File "/var/lib/openstack/lib/python3.10/site-packages/ovsdbapp/backend/ovs_idl/command.py", line 235, in run_idl
2026-06-23 19:51:52.839 10 ERROR ovsdbapp.backend.ovs_idl.command record = self.api.lookup(self.table, self.record)
2026-06-23 19:51:52.839 10 ERROR ovsdbapp.backend.ovs_idl.command
File "/var/lib/openstack/lib/python3.10/site-packages/ovsdbapp/backend/ovs_idl/__init__.py", line 184, in lookup
2026-06-23 19:51:52.839 10 ERROR ovsdbapp.backend.ovs_idl.command return self._lookup(table, record)
2026-06-23 19:51:52.839 10 ERROR ovsdbapp.backend.ovs_idl.command
File "/var/lib/openstack/lib/python3.10/site-packages/ovsdbapp/backend/ovs_idl/__init__.py", line 235, in _lookup
2026-06-23 19:51:52.839 10 ERROR ovsdbapp.backend.ovs_idl.command row = idlutils.row_by_value(self, rl.table, rl.column, record)
2026-06-23 19:51:52.839 10 ERROR ovsdbapp.backend.ovs_idl.command
File "/var/lib/openstack/lib/python3.10/site-packages/ovsdbapp/backend/ovs_idl/idlutils.py", line 114, in row_by_value
2026-06-23 19:51:52.839 10 ERROR ovsdbapp.backend.ovs_idl.command raise RowNotFound(table=table, col=column, match=match)
2026-06-23 19:51:52.839 10 ERROR ovsdbapp.backend.ovs_idl.command ovsdbapp.backend.ovs_idl.idlutils.RowNotFound: Cannot find Logical_Router_Port with name=lrp-8506e75f-ecfa-4c72-8835-ff2ccfe4725c
2026-06-23 19:51:52.839 10 ERROR ovsdbapp.backend.ovs_idl.command 
2026-06-23 19:51:52.839 10 ERROR neutron_lib.callbacks.manager [None req-57ba18bb-f055-415a-8b83-231ccb2082b6 dd03f1e6eb9548279a3a08a1f8d6f6e6 7e57a0bb6e7a470893e6e45ce8442e2c - - default default] Error during notification for neutron.services.ovn_l3.plugin.OVNL3RouterPlugin._port_update-8789294830310 port, after_update: ovsdbapp.backend.ovs_idl.idlutils.RowNotFound: Cannot find Logical_Router_Port with name=lrp-8506e75f-ecfa-4c72-8835-ff2ccfe4725c
2026-06-23 19:51:52.839 10 ERROR neutron_lib.callbacks.manager
Traceback (most recent call last):
2026-06-23 19:51:52.839 10 ERROR neutron_lib.callbacks.manager
File "/var/lib/openstack/lib/python3.10/site-packages/neutron_lib/callbacks/manager.py", line 189, in _notify_loop
2026-06-23 19:51:52.839 10 ERROR neutron_lib.callbacks.manager callback.method(resource, event, trigger, payload=payload)
2026-06-23 19:51:52.839 10 ERROR neutron_lib.callbacks.manager
File "/var/lib/openstack/lib/python3.10/site-packages/neutron/services/ovn_l3/plugin.py", line 391, in _port_update
2026-06-23 19:51:52.839 10 ERROR neutron_lib.callbacks.manager l3plugin._ovn_client.update_router_port(context,
2026-06-23 19:51:52.839 10 ERROR neutron_lib.callbacks.manager
File "/var/lib/openstack/lib/python3.10/site-packages/neutron/plugins/ml2/drivers/ovn/mech_driver/ovsdb/ovn_client.py", line 1878, in update_router_port
2026-06-23 19:51:52.839 10 ERROR neutron_lib.callbacks.manager self._update_lrouter_port(context, port, if_exists=if_exists,
2026-06-23 19:51:52.839 10 ERROR neutron_lib.callbacks.manager
File "/var/lib/openstack/lib/python3.10/site-packages/neutron/plugins/ml2/drivers/ovn/mech_driver/ovsdb/ovn_client.py", line 1855, in _update_lrouter_port
2026-06-23 19:51:52.839 10 ERROR neutron_lib.callbacks.manager external_ids = self._nb_idl.db_get(
2026-06-23 19:51:52.839 10 ERROR neutron_lib.callbacks.manager
File "/var/lib/openstack/lib/python3.10/site-packages/ovsdbapp/backend/ovs_idl/command.py", line 47, in execute
2026-06-23 19:51:52.839 10 ERROR neutron_lib.callbacks.manager self.run_idl(None)
2026-06-23 19:51:52.839 10 ERROR neutron_lib.callbacks.manager
File "/var/lib/openstack/lib/python3.10/site-packages/ovsdbapp/backend/ovs_idl/command.py", line 235, in run_idl
2026-06-23 19:51:52.839 10 ERROR neutron_lib.callbacks.manager record = self.api.lookup(self.table, self.record)
2026-06-23 19:51:52.839 10 ERROR neutron_lib.callbacks.manager
File "/var/lib/openstack/lib/python3.10/site-packages/ovsdbapp/backend/ovs_idl/__init__.py", line 184, in lookup
2026-06-23 19:51:52.839 10 ERROR neutron_lib.callbacks.manager return self._lookup(table, record)
2026-06-23 19:51:52.839 10 ERROR neutron_lib.callbacks.manager
File "/var/lib/openstack/lib/python3.10/site-packages/ovsdbapp/backend/ovs_idl/__init__.py", line 235, in _lookup
2026-06-23 19:51:52.839 10 ERROR neutron_lib.callbacks.manager row = idlutils.row_by_value(self, rl.table, rl.column, record)
2026-06-23 19:51:52.839 10 ERROR neutron_lib.callbacks.manager
File "/var/lib/openstack/lib/python3.10/site-packages/ovsdbapp/backend/ovs_idl/idlutils.py", line 114, in row_by_value
2026-06-23 19:51:52.839 10 ERROR neutron_lib.callbacks.manager raise RowNotFound(table=table, col=column, match=match)
2026-06-23 19:51:52.839 10 ERROR neutron_lib.callbacks.manager ovsdbapp.backend.ovs_idl.idlutils.RowNotFound: Cannot find Logical_Router_Port with name=lrp-8506e75f-ecfa-4c72-8835-ff2ccfe4725c
2026-06-23 19:51:52.839 10 ERROR neutron_lib.callbacks.manager 
2026-06-23 19:51:53.053 10 INFO neutron.plugins.ml2.drivers.ovn.mech_driver.mech_driver [None req-7b52b48e-a412-4fb5-acdf-2f6eb947522b - - - - - -] OVN reports status up for port: 8506e75f-ecfa-4c72-8835-ff2ccfe4725c
2026-06-23 19:51:53.068 10 INFO neutron.plugins.ml2.plugin [None req-7b52b48e-a412-4fb5-acdf-2f6eb947522b - - - - - -] Attempt 1 to provision port 8506e75f-ecfa-4c72-8835-ff2ccfe4725c
2026-06-23 19:51:53.085 10 INFO neutron.db.ovn_revision_numbers_db [None req-57ba18bb-f055-415a-8b83-231ccb2082b6 dd03f1e6eb9548279a3a08a1f8d6f6e6 7e57a0bb6e7a470893e6e45ce8442e2c - - default default] Successfully bumped revision number for resource 8506e75f-ecfa-4c72-8835-ff2ccfe4725c (type: ports) to 1
2026-06-23 19:51:53.183 10 WARNING neutron.scheduler.dhcp_agent_scheduler [None req-57ba18bb-f055-415a-8b83-231ccb2082b6 dd03f1e6eb9548279a3a08a1f8d6f6e6 7e57a0bb6e7a470893e6e45ce8442e2c - - default default] No more DHCP agents
2026-06-23 19:51:53.184 10 WARNING neutron.api.rpc.agentnotifiers.dhcp_rpc_agent_api [None req-57ba18bb-f055-415a-8b83-231ccb2082b6 dd03f1e6eb9548279a3a08a1f8d6f6e6 7e57a0bb6e7a470893e6e45ce8442e2c - - default default] Unable to schedule network e837e96d-439f-4ff1-9218-e252209cdcde: no agents available; will retry on subsequent port and subnet creation events.
2026-06-23 19:51:53.226 9 WARNING neutron.scheduler.dhcp_agent_scheduler [None req-c89c7163-12cc-48bb-8284-f6146ae607ed 773ec336ea904542a02c40d1986e797a 1ba1318ebb26460a88f5354e90ecc267 - - default default] No more DHCP agents
2026-06-23 19:51:53.242 9 WARNING neutron.api.rpc.agentnotifiers.dhcp_rpc_agent_api [None req-c89c7163-12cc-48bb-8284-f6146ae607ed 773ec336ea904542a02c40d1986e797a 1ba1318ebb26460a88f5354e90ecc267 - - default default] Unable to schedule network 9f91c147-259f-48e1-b82d-170d2800031f: no agents available; will retry on subsequent port and subnet creation events.
2026-06-23 19:51:53.500 9 INFO neutron.db.ovn_revision_numbers_db [None req-f54a5d18-0ea1-405e-825c-e90732cf97ad - - - - - -] Successfully bumped revision number for resource e0173ba4-2d56-4e3a-8e87-7cf183929658 (type: ports) to 2
2026-06-23 19:51:53.545 9 INFO neutron.db.ovn_revision_numbers_db [None req-c89c7163-12cc-48bb-8284-f6146ae607ed 773ec336ea904542a02c40d1986e797a 1ba1318ebb26460a88f5354e90ecc267 - - default default] Successfully bumped revision number for resource c0e250f1-e7d4-4905-b29a-6131e2a11299 (type: ports) to 1
2026-06-23 19:51:53.642 10 INFO neutron.db.ovn_revision_numbers_db [None req-7b52b48e-a412-4fb5-acdf-2f6eb947522b - - - - - -] Successfully bumped revision number for resource 8506e75f-ecfa-4c72-8835-ff2ccfe4725c (type: ports) to 2
2026-06-23 19:51:53.754 9 INFO neutron.db.ovn_revision_numbers_db [None req-31a6c029-8703-4dfe-ad0f-ed36802f107c dd03f1e6eb9548279a3a08a1f8d6f6e6 7e57a0bb6e7a470893e6e45ce8442e2c - - default default] Successfully bumped revision number for resource bbeee2e8-58d5-43a9-a1ad-1b581b0e3ad8 (type: ports) to 2
2026-06-23 19:51:53.796 10 INFO neutron.db.ovn_revision_numbers_db [None req-57ba18bb-f055-415a-8b83-231ccb2082b6 dd03f1e6eb9548279a3a08a1f8d6f6e6 7e57a0bb6e7a470893e6e45ce8442e2c - - default default] Successfully bumped revision number for resource 8506e75f-ecfa-4c72-8835-ff2ccfe4725c (type: router_ports) to 1
2026-06-23 19:51:53.800 10 INFO neutron.wsgi [None req-57ba18bb-f055-415a-8b83-231ccb2082b6 dd03f1e6eb9548279a3a08a1f8d6f6e6 7e57a0bb6e7a470893e6e45ce8442e2c - - default default] 10.0.0.84 "PUT /v2.0/routers/4287048a-a48d-47da-afc5-dbc1ef39f496/add_router_interface HTTP/1.1" status: 200 len: 503 time: 2.7982953
2026-06-23 19:51:53.834 9 INFO neutron.db.ovn_revision_numbers_db [None req-31a6c029-8703-4dfe-ad0f-ed36802f107c dd03f1e6eb9548279a3a08a1f8d6f6e6 7e57a0bb6e7a470893e6e45ce8442e2c - - default default] Successfully bumped revision number for resource c7352c78-547e-4201-9295-1eabcd017c47 (type: subnets) to 0
2026-06-23 19:51:53.836 10 INFO neutron.db.ovn_revision_numbers_db [None req-7b52b48e-a412-4fb5-acdf-2f6eb947522b - - - - - -] Successfully bumped revision number for resource 8506e75f-ecfa-4c72-8835-ff2ccfe4725c (type: router_ports) to 2
2026-06-23 19:51:53.867 9 INFO neutron.wsgi [None req-31a6c029-8703-4dfe-ad0f-ed36802f107c dd03f1e6eb9548279a3a08a1f8d6f6e6 7e57a0bb6e7a470893e6e45ce8442e2c - - default default] 10.0.0.84 "POST /v2.0/subnets HTTP/1.1" status: 201 len: 866 time: 1.6350858
2026-06-23 19:51:54.007 9 INFO neutron.wsgi [None req-0b89f4b3-5470-427e-9072-ce39cdce095e dd03f1e6eb9548279a3a08a1f8d6f6e6 7e57a0bb6e7a470893e6e45ce8442e2c - - default default] 10.0.0.146 "GET /v2.0/agents HTTP/1.1" status: 200 len: 1390 time: 0.2081087
2026-06-23 19:51:54.344 9 INFO neutron.wsgi [None req-94ac4689-3f93-4a3e-9b5d-45617efe6e27 dd03f1e6eb9548279a3a08a1f8d6f6e6 7e57a0bb6e7a470893e6e45ce8442e2c - - default default] 10.0.0.146 "GET /v2.0/ports HTTP/1.1" status: 200 len: 12779 time: 0.3358428
2026-06-23 19:51:54.423 9 WARNING neutron_lib.context [None req-bd509729-aeab-42b2-8d91-0a96e2b0b06b e1a0d1fd5af248e6a682318fd87fffc2 cdb337aa8f0845d1806d6eb3d9ac4eec - - default default] Method 'is_advsvc' is deprecated since 2023.2 release (neutron-lib 3.8.0) and will be removed once support for the old RBAC API policies will be removed from Neutron. Please use method 'is_service_role' instead.
2026-06-23 19:51:54.493 9 INFO neutron.db.ovn_revision_numbers_db [None req-f54a5d18-0ea1-405e-825c-e90732cf97ad - - - - - -] Successfully bumped revision number for resource e0173ba4-2d56-4e3a-8e87-7cf183929658 (type: ports) to 4
2026-06-23 19:51:54.507 9 INFO neutron.wsgi [None req-05f6dc3c-1f36-4695-b310-66d39c027ea7 dd03f1e6eb9548279a3a08a1f8d6f6e6 7e57a0bb6e7a470893e6e45ce8442e2c - - default default] 10.0.0.146 "GET /v2.0/security-groups HTTP/1.1" status: 200 len: 26286 time: 0.1474063
2026-06-23 19:51:54.533 9 ERROR ovsdbapp.backend.ovs_idl.command [None req-c89c7163-12cc-48bb-8284-f6146ae607ed 773ec336ea904542a02c40d1986e797a 1ba1318ebb26460a88f5354e90ecc267 - - default default] Error executing command (DbGetCommand): ovsdbapp.backend.ovs_idl.idlutils.RowNotFound: Cannot find Logical_Router_Port with name=lrp-c0e250f1-e7d4-4905-b29a-6131e2a11299
2026-06-23 19:51:54.533 9 ERROR ovsdbapp.backend.ovs_idl.command
Traceback (most recent call last):
2026-06-23 19:51:54.533 9 ERROR ovsdbapp.backend.ovs_idl.command
File "/var/lib/openstack/lib/python3.10/site-packages/ovsdbapp/backend/ovs_idl/command.py", line 47, in execute
2026-06-23 19:51:54.533 9 ERROR ovsdbapp.backend.ovs_idl.command self.run_idl(None)
2026-06-23 19:51:54.533 9 ERROR ovsdbapp.backend.ovs_idl.command
File "/var/lib/openstack/lib/python3.10/site-packages/ovsdbapp/backend/ovs_idl/command.py", line 235, in run_idl
2026-06-23 19:51:54.533 9 ERROR ovsdbapp.backend.ovs_idl.command record = self.api.lookup(self.table, self.record)
2026-06-23 19:51:54.533 9 ERROR ovsdbapp.backend.ovs_idl.command
File "/var/lib/openstack/lib/python3.10/site-packages/ovsdbapp/backend/ovs_idl/__init__.py", line 184, in lookup
2026-06-23 19:51:54.533 9 ERROR ovsdbapp.backend.ovs_idl.command return self._lookup(table, record)
2026-06-23 19:51:54.533 9 ERROR ovsdbapp.backend.ovs_idl.command
File "/var/lib/openstack/lib/python3.10/site-packages/ovsdbapp/backend/ovs_idl/__init__.py", line 235, in _lookup
2026-06-23 19:51:54.533 9 ERROR ovsdbapp.backend.ovs_idl.command row = idlutils.row_by_value(self, rl.table, rl.column, record)
2026-06-23 19:51:54.533 9 ERROR ovsdbapp.backend.ovs_idl.command
File "/var/lib/openstack/lib/python3.10/site-packages/ovsdbapp/backend/ovs_idl/idlutils.py", line 114, in row_by_value
2026-06-23 19:51:54.533 9 ERROR ovsdbapp.backend.ovs_idl.command raise RowNotFound(table=table, col=column, match=match)
2026-06-23 19:51:54.533 9 ERROR ovsdbapp.backend.ovs_idl.command ovsdbapp.backend.ovs_idl.idlutils.RowNotFound: Cannot find Logical_Router_Port with name=lrp-c0e250f1-e7d4-4905-b29a-6131e2a11299
2026-06-23 19:51:54.533 9 ERROR ovsdbapp.backend.ovs_idl.command 
2026-06-23 19:51:54.534 9 ERROR neutron_lib.callbacks.manager [None req-c89c7163-12cc-48bb-8284-f6146ae607ed 773ec336ea904542a02c40d1986e797a 1ba1318ebb26460a88f5354e90ecc267 - - default default] Error during notification for neutron.services.ovn_l3.plugin.OVNL3RouterPlugin._port_update-8789294830310 port, after_update: ovsdbapp.backend.ovs_idl.idlutils.RowNotFound: Cannot find Logical_Router_Port with name=lrp-c0e250f1-e7d4-4905-b29a-6131e2a11299
2026-06-23 19:51:54.534 9 ERROR neutron_lib.callbacks.manager
Traceback (most recent call last):
2026-06-23 19:51:54.534 9 ERROR neutron_lib.callbacks.manager
File "/var/lib/openstack/lib/python3.10/site-packages/neutron_lib/callbacks/manager.py", line 189, in _notify_loop
2026-06-23 19:51:54.534 9 ERROR neutron_lib.callbacks.manager callback.method(resource, event, trigger, payload=payload)
2026-06-23 19:51:54.534 9 ERROR neutron_lib.callbacks.manager
File "/var/lib/openstack/lib/python3.10/site-packages/neutron/services/ovn_l3/plugin.py", line 391, in _port_update
2026-06-23 19:51:54.534 9 ERROR neutron_lib.callbacks.manager l3plugin._ovn_client.update_router_port(context,
2026-06-23 19:51:54.534 9 ERROR neutron_lib.callbacks.manager
File "/var/lib/openstack/lib/python3.10/site-packages/neutron/plugins/ml2/drivers/ovn/mech_driver/ovsdb/ovn_client.py", line 1878, in update_router_port
2026-06-23 19:51:54.534 9 ERROR neutron_lib.callbacks.manager self._update_lrouter_port(context, port, if_exists=if_exists,
2026-06-23 19:51:54.534 9 ERROR neutron_lib.callbacks.manager
File "/var/lib/openstack/lib/python3.10/site-packages/neutron/plugins/ml2/drivers/ovn/mech_driver/ovsdb/ovn_client.py", line 1855, in _update_lrouter_port
2026-06-23 19:51:54.534 9 ERROR neutron_lib.callbacks.manager external_ids = self._nb_idl.db_get(
2026-06-23 19:51:54.534 9 ERROR neutron_lib.callbacks.manager
File "/var/lib/openstack/lib/python3.10/site-packages/ovsdbapp/backend/ovs_idl/command.py", line 47, in execute
2026-06-23 19:51:54.534 9 ERROR neutron_lib.callbacks.manager self.run_idl(None)
2026-06-23 19:51:54.534 9 ERROR neutron_lib.callbacks.manager
File "/var/lib/openstack/lib/python3.10/site-packages/ovsdbapp/backend/ovs_idl/command.py", line 235, in run_idl
2026-06-23 19:51:54.534 9 ERROR neutron_lib.callbacks.manager record = self.api.lookup(self.table, self.record)
2026-06-23 19:51:54.534 9 ERROR neutron_lib.callbacks.manager
File "/var/lib/openstack/lib/python3.10/site-packages/ovsdbapp/backend/ovs_idl/__init__.py", line 184, in lookup
2026-06-23 19:51:54.534 9 ERROR neutron_lib.callbacks.manager return self._lookup(table, record)
2026-06-23 19:51:54.534 9 ERROR neutron_lib.callbacks.manager
File "/var/lib/openstack/lib/python3.10/site-packages/ovsdbapp/backend/ovs_idl/__init__.py", line 235, in _lookup
2026-06-23 19:51:54.534 9 ERROR neutron_lib.callbacks.manager row = idlutils.row_by_value(self, rl.table, rl.column, record)
2026-06-23 19:51:54.534 9 ERROR neutron_lib.callbacks.manager
File "/var/lib/openstack/lib/python3.10/site-packages/ovsdbapp/backend/ovs_idl/idlutils.py", line 114, in row_by_value
2026-06-23 19:51:54.534 9 ERROR neutron_lib.callbacks.manager raise RowNotFound(table=table, col=column, match=match)
2026-06-23 19:51:54.534 9 ERROR neutron_lib.callbacks.manager ovsdbapp.backend.ovs_idl.idlutils.RowNotFound: Cannot find Logical_Router_Port with name=lrp-c0e250f1-e7d4-4905-b29a-6131e2a11299
2026-06-23 19:51:54.534 9 ERROR neutron_lib.callbacks.manager 
2026-06-23 19:51:54.604 10 WARNING neutron.scheduler.dhcp_agent_scheduler [None req-1f36e88d-70d8-4209-8f77-bddf82281250 dd03f1e6eb9548279a3a08a1f8d6f6e6 7e57a0bb6e7a470893e6e45ce8442e2c - - default default] No more DHCP agents
2026-06-23 19:51:54.607 10 WARNING neutron.api.rpc.agentnotifiers.dhcp_rpc_agent_api [None req-1f36e88d-70d8-4209-8f77-bddf82281250 dd03f1e6eb9548279a3a08a1f8d6f6e6 7e57a0bb6e7a470893e6e45ce8442e2c - - default default] Unable to schedule network 9aa2abfd-6281-4bf9-8df1-b8ef24af13c5: no agents available; will retry on subsequent port and subnet creation events.
2026-06-23 19:51:54.625 9 INFO neutron.wsgi [None req-b439eaf7-fe6d-4bb1-9b54-37789f334852 dd03f1e6eb9548279a3a08a1f8d6f6e6 7e57a0bb6e7a470893e6e45ce8442e2c - - default default] 10.0.0.146 "GET /v2.0/subnets HTTP/1.1" status: 200 len: 3970 time: 0.1052926
2026-06-23 19:51:54.776 10 INFO neutron.db.ovn_revision_numbers_db [None req-1f36e88d-70d8-4209-8f77-bddf82281250 dd03f1e6eb9548279a3a08a1f8d6f6e6 7e57a0bb6e7a470893e6e45ce8442e2c - - default default] Successfully bumped revision number for resource 5e1ccb35-5dd7-4ee5-9cdf-3720562feda6 (type: ports) to 1
2026-06-23 19:51:54.843 9 INFO neutron.wsgi [None req-ba550d35-8193-464d-b3a8-fd21464d84f5 dd03f1e6eb9548279a3a08a1f8d6f6e6 7e57a0bb6e7a470893e6e45ce8442e2c - - default default] 10.0.0.146 "GET /v2.0/routers HTTP/1.1" status: 200 len: 2377 time: 0.2121220
2026-06-23 19:51:54.884 9 INFO neutron.db.ovn_revision_numbers_db [None req-bd509729-aeab-42b2-8d91-0a96e2b0b06b e1a0d1fd5af248e6a682318fd87fffc2 cdb337aa8f0845d1806d6eb3d9ac4eec - - default default] Successfully bumped revision number for resource 6509bda4-a056-4477-bd85-66ace9eddf64 (type: security_groups) to 1
2026-06-23 19:51:54.892 9 INFO neutron.wsgi [None req-f6a1364d-a539-4abd-8109-e056d03cf46b dd03f1e6eb9548279a3a08a1f8d6f6e6 7e57a0bb6e7a470893e6e45ce8442e2c - - default default] 10.0.0.146 "GET /v2.0/agents?binary=ovn-controller HTTP/1.1" status: 200 len: 591 time: 0.0387738
2026-06-23 19:51:54.922 9 INFO neutron.wsgi [None req-d33377cf-96bd-4b81-a677-f89f26ffcfbb dd03f1e6eb9548279a3a08a1f8d6f6e6 7e57a0bb6e7a470893e6e45ce8442e2c - - default default] 10.0.0.146 "GET /v2.0/network-ip-availabilities HTTP/1.1" status: 200 len: 3060 time: 0.0247202
2026-06-23 19:51:54.925 9 INFO neutron.db.ovn_revision_numbers_db [None req-bd509729-aeab-42b2-8d91-0a96e2b0b06b e1a0d1fd5af248e6a682318fd87fffc2 cdb337aa8f0845d1806d6eb3d9ac4eec - - default default] Successfully bumped revision number for resource 1e53de50-2295-465d-85d9-a8fe8dd310cd (type: security_group_rules) to 0
2026-06-23 19:51:54.972 9 INFO neutron.wsgi [None req-516704d2-a701-4777-8281-bf715b84eaf3 dd03f1e6eb9548279a3a08a1f8d6f6e6 7e57a0bb6e7a470893e6e45ce8442e2c - - default default] 10.0.0.146 "GET /v2.0/floatingips HTTP/1.1" status: 200 len: 193 time: 0.0462170
2026-06-23 19:51:54.990 9 INFO neutron.db.ovn_revision_numbers_db [None req-bd509729-aeab-42b2-8d91-0a96e2b0b06b e1a0d1fd5af248e6a682318fd87fffc2 cdb337aa8f0845d1806d6eb3d9ac4eec - - default default] Successfully bumped revision number for resource 360b1c59-2049-4661-b31e-6804f3a4424d (type: security_group_rules) to 0
2026-06-23 19:51:55.076 9 INFO neutron.wsgi [None req-bd509729-aeab-42b2-8d91-0a96e2b0b06b e1a0d1fd5af248e6a682318fd87fffc2 cdb337aa8f0845d1806d6eb3d9ac4eec - - default default] 10.0.0.84 "POST /v2.0/security-groups HTTP/1.1" status: 201 len: 1859 time: 0.6619773
2026-06-23 19:51:55.086 10 WARNING neutron_lib.context [None req-14759a20-3495-4e2d-ac8e-d85a7906618e e1a0d1fd5af248e6a682318fd87fffc2 cdb337aa8f0845d1806d6eb3d9ac4eec - - default default] Method 'is_advsvc' is deprecated since 2023.2 release (neutron-lib 3.8.0) and will be removed once support for the old RBAC API policies will be removed from Neutron. Please use method 'is_service_role' instead.
2026-06-23 19:51:55.156 9 INFO neutron.wsgi [None req-8e15903b-c75a-4a7a-935f-2aeffc2e847c dd03f1e6eb9548279a3a08a1f8d6f6e6 7e57a0bb6e7a470893e6e45ce8442e2c - - default default] 10.0.0.146 "GET /v2.0/networks HTTP/1.1" status: 200 len: 5355 time: 0.1805329
2026-06-23 19:51:55.174 9 INFO neutron.plugins.ml2.drivers.ovn.mech_driver.mech_driver [None req-417f25e2-76d0-457c-9acd-6e14122ef163 - - - - - -] OVN reports status up for port: c0e250f1-e7d4-4905-b29a-6131e2a11299
2026-06-23 19:51:55.204 9 INFO neutron.plugins.ml2.plugin [None req-417f25e2-76d0-457c-9acd-6e14122ef163 - - - - - -] Attempt 1 to provision port c0e250f1-e7d4-4905-b29a-6131e2a11299
2026-06-23 19:51:55.230 9 INFO neutron.wsgi [None req-7ac1ed3a-ac67-4d62-bd29-f4b04e636a4c dd03f1e6eb9548279a3a08a1f8d6f6e6 7e57a0bb6e7a470893e6e45ce8442e2c - - default default] 10.0.0.146 "GET /v2.0/subnets HTTP/1.1" status: 200 len: 3970 time: 0.0689859
2026-06-23 19:51:55.251 9 INFO neutron.db.ovn_revision_numbers_db [None req-c89c7163-12cc-48bb-8284-f6146ae607ed 773ec336ea904542a02c40d1986e797a 1ba1318ebb26460a88f5354e90ecc267 - - default default] Successfully bumped revision number for resource c0e250f1-e7d4-4905-b29a-6131e2a11299 (type: ports) to 1
2026-06-23 19:51:55.259 9 INFO neutron.wsgi [None req-3d6dde1e-c01d-4143-8f93-cae3aaf7e619 dd03f1e6eb9548279a3a08a1f8d6f6e6 7e57a0bb6e7a470893e6e45ce8442e2c - - default default] 10.0.0.146 "GET /v2.0/subnetpools HTTP/1.1" status: 200 len: 193 time: 0.0245571
2026-06-23 19:51:55.284 9 INFO neutron.db.ovn_revision_numbers_db [None req-f54a5d18-0ea1-405e-825c-e90732cf97ad - - - - - -] Successfully bumped revision number for resource e0173ba4-2d56-4e3a-8e87-7cf183929658 (type: router_ports) to 4
2026-06-23 19:51:55.303 10 INFO neutron.db.ovn_revision_numbers_db [None req-14759a20-3495-4e2d-ac8e-d85a7906618e e1a0d1fd5af248e6a682318fd87fffc2 cdb337aa8f0845d1806d6eb3d9ac4eec - - default default] Successfully bumped revision number for resource 8e28b6cc-c178-4b8e-ac05-10061fae3810 (type: security_group_rules) to 0
2026-06-23 19:51:55.344 10 INFO neutron.wsgi [None req-14759a20-3495-4e2d-ac8e-d85a7906618e e1a0d1fd5af248e6a682318fd87fffc2 cdb337aa8f0845d1806d6eb3d9ac4eec - - default default] 10.0.0.84 "POST /v2.0/security-group-rules HTTP/1.1" status: 201 len: 796 time: 0.2625871
2026-06-23 19:51:55.357 10 WARNING neutron_lib.context [None req-5ec59873-1157-48ee-a7e1-2911b1808f2d e1a0d1fd5af248e6a682318fd87fffc2 cdb337aa8f0845d1806d6eb3d9ac4eec - - default default] Method 'is_advsvc' is deprecated since 2023.2 release (neutron-lib 3.8.0) and will be removed once support for the old RBAC API policies will be removed from Neutron. Please use method 'is_service_role' instead.
2026-06-23 19:51:55.544 10 INFO neutron.plugins.ml2.drivers.ovn.mech_driver.ovsdb.commands [None req-f35a1e2b-c908-449e-ad1f-0f715b7f0307 - - - - - -] Schedule LRP lrp-5e1ccb35-5dd7-4ee5-9cdf-3720562feda6 on gateway ad2832f5-cd9e-4d8d-8023-f7336ee95e61 with priority 1
2026-06-23 19:51:55.589 9 INFO neutron.plugins.ml2.drivers.ovn.mech_driver.ovsdb.ovsdb_monitor [None req-f54a5d18-0ea1-405e-825c-e90732cf97ad - - - - - -] Router d82b04c0-4c6f-4d46-917a-ff6d15fa1193 is bound to host instance
2026-06-23 19:51:55.591 10 INFO neutron.db.ovn_revision_numbers_db [None req-5ec59873-1157-48ee-a7e1-2911b1808f2d e1a0d1fd5af248e6a682318fd87fffc2 cdb337aa8f0845d1806d6eb3d9ac4eec - - default default] Successfully bumped revision number for resource 342d2058-fb8e-4ce4-9072-71ec34547317 (type: security_group_rules) to 0
2026-06-23 19:51:55.606 9 WARNING neutron.scheduler.dhcp_agent_scheduler [None req-c89c7163-12cc-48bb-8284-f6146ae607ed 773ec336ea904542a02c40d1986e797a 1ba1318ebb26460a88f5354e90ecc267 - - default default] No more DHCP agents
2026-06-23 19:51:55.609 9 WARNING neutron.api.rpc.agentnotifiers.dhcp_rpc_agent_api [None req-c89c7163-12cc-48bb-8284-f6146ae607ed 773ec336ea904542a02c40d1986e797a 1ba1318ebb26460a88f5354e90ecc267 - - default default] Unable to schedule network 9f91c147-259f-48e1-b82d-170d2800031f: no agents available; will retry on subsequent port and subnet creation events.
2026-06-23 19:51:55.613 10 INFO neutron.db.ovn_revision_numbers_db [None req-1f36e88d-70d8-4209-8f77-bddf82281250 dd03f1e6eb9548279a3a08a1f8d6f6e6 7e57a0bb6e7a470893e6e45ce8442e2c - - default default] Successfully bumped revision number for resource 5e1ccb35-5dd7-4ee5-9cdf-3720562feda6 (type: router_ports) to 1
2026-06-23 19:51:55.635 10 INFO neutron.wsgi [None req-5ec59873-1157-48ee-a7e1-2911b1808f2d e1a0d1fd5af248e6a682318fd87fffc2 cdb337aa8f0845d1806d6eb3d9ac4eec - - default default] 10.0.0.84 "POST /v2.0/security-group-rules HTTP/1.1" status: 201 len: 801 time: 0.2867360
2026-06-23 19:51:55.644 10 WARNING neutron_lib.context [None req-a37a21fd-505c-41a2-8852-40e8b13ac56d e1a0d1fd5af248e6a682318fd87fffc2 cdb337aa8f0845d1806d6eb3d9ac4eec - - default default] Method 'is_advsvc' is deprecated since 2023.2 release (neutron-lib 3.8.0) and will be removed once support for the old RBAC API policies will be removed from Neutron. Please use method 'is_service_role' instead.
2026-06-23 19:51:55.715 10 INFO neutron.db.ovn_revision_numbers_db [None req-1f36e88d-70d8-4209-8f77-bddf82281250 dd03f1e6eb9548279a3a08a1f8d6f6e6 7e57a0bb6e7a470893e6e45ce8442e2c - - default default] Successfully bumped revision number for resource d82b04c0-4c6f-4d46-917a-ff6d15fa1193 (type: routers) to 2
2026-06-23 19:51:55.744 10 INFO neutron.wsgi [None req-1f36e88d-70d8-4209-8f77-bddf82281250 dd03f1e6eb9548279a3a08a1f8d6f6e6 7e57a0bb6e7a470893e6e45ce8442e2c - - default default] 10.0.0.84 "POST /v2.0/routers HTTP/1.1" status: 201 len: 1168 time: 1.8723497
2026-06-23 19:51:55.883 9 INFO neutron.db.ovn_revision_numbers_db [None req-c89c7163-12cc-48bb-8284-f6146ae607ed 773ec336ea904542a02c40d1986e797a 1ba1318ebb26460a88f5354e90ecc267 - - default default] Successfully bumped revision number for resource c0e250f1-e7d4-4905-b29a-6131e2a11299 (type: router_ports) to 1
2026-06-23 19:51:55.889 9 INFO neutron.wsgi [None req-c89c7163-12cc-48bb-8284-f6146ae607ed 773ec336ea904542a02c40d1986e797a 1ba1318ebb26460a88f5354e90ecc267 - - default default] 10.0.0.84 "PUT /v2.0/routers/b1006b7f-429b-4cd9-a689-cc32ba8255e4/add_router_interface HTTP/1.1" status: 200 len: 503 time: 3.6275480
2026-06-23 19:51:56.052 10 INFO neutron.wsgi [None req-8ab37e2d-248b-4207-8bcb-f5b8e23a842d 773ec336ea904542a02c40d1986e797a 1ba1318ebb26460a88f5354e90ecc267 - - default default] 10.0.0.84 "GET /v2.0/ports/c0e250f1-e7d4-4905-b29a-6131e2a11299 HTTP/1.1" status: 200 len: 1137 time: 0.1580770
2026-06-23 19:51:56.058 9 INFO neutron.db.ovn_revision_numbers_db [None req-417f25e2-76d0-457c-9acd-6e14122ef163 - - - - - -] Successfully bumped revision number for resource c0e250f1-e7d4-4905-b29a-6131e2a11299 (type: ports) to 2
2026-06-23 19:51:56.124 10 WARNING neutron.scheduler.dhcp_agent_scheduler [None req-a37a21fd-505c-41a2-8852-40e8b13ac56d e1a0d1fd5af248e6a682318fd87fffc2 cdb337aa8f0845d1806d6eb3d9ac4eec - - default default] No more DHCP agents
2026-06-23 19:51:56.130 10 WARNING neutron.api.rpc.agentnotifiers.dhcp_rpc_agent_api [None req-a37a21fd-505c-41a2-8852-40e8b13ac56d e1a0d1fd5af248e6a682318fd87fffc2 cdb337aa8f0845d1806d6eb3d9ac4eec - - default default] Unable to schedule network 9aa2abfd-6281-4bf9-8df1-b8ef24af13c5: no agents available; will retry on subsequent port and subnet creation events.
2026-06-23 19:51:56.266 9 INFO neutron.db.ovn_revision_numbers_db [None req-417f25e2-76d0-457c-9acd-6e14122ef163 - - - - - -] Successfully bumped revision number for resource c0e250f1-e7d4-4905-b29a-6131e2a11299 (type: router_ports) to 2
2026-06-23 19:51:56.508 9 INFO neutron.wsgi [-] 10.0.0.193 "GET / HTTP/1.1" status: 200 len: 247 time: 0.0014567
2026-06-23 19:51:56.509 9 INFO neutron.wsgi [-] 10.0.0.193 "GET / HTTP/1.1" status: 200 len: 247 time: 0.0011201
2026-06-23 19:51:56.551 9 INFO neutron.db.ovn_revision_numbers_db [None req-f54a5d18-0ea1-405e-825c-e90732cf97ad - - - - - -] Successfully bumped revision number for resource 5e1ccb35-5dd7-4ee5-9cdf-3720562feda6 (type: ports) to 1
2026-06-23 19:51:56.951 9 INFO neutron.db.ovn_revision_numbers_db [None req-f54a5d18-0ea1-405e-825c-e90732cf97ad - - - - - -] Successfully bumped revision number for resource 5e1ccb35-5dd7-4ee5-9cdf-3720562feda6 (type: router_ports) to 3
2026-06-23 19:51:57.016 10 WARNING neutron.scheduler.dhcp_agent_scheduler [None req-c065df23-560f-4859-b7e7-38cb489a0105 dd03f1e6eb9548279a3a08a1f8d6f6e6 7e57a0bb6e7a470893e6e45ce8442e2c - - default default] No more DHCP agents
2026-06-23 19:51:57.021 10 WARNING neutron.api.rpc.agentnotifiers.dhcp_rpc_agent_api [None req-c065df23-560f-4859-b7e7-38cb489a0105 dd03f1e6eb9548279a3a08a1f8d6f6e6 7e57a0bb6e7a470893e6e45ce8442e2c - - default default] Unable to schedule network 72473baa-7c71-461f-819d-e340c43ef253: no agents available; will retry on subsequent port and subnet creation events.
2026-06-23 19:51:57.058 10 INFO neutron.wsgi [None req-a37a21fd-505c-41a2-8852-40e8b13ac56d e1a0d1fd5af248e6a682318fd87fffc2 cdb337aa8f0845d1806d6eb3d9ac4eec - - default default] 10.0.0.84 "POST /v2.0/floatingips HTTP/1.1" status: 201 len: 751 time: 1.4185650
2026-06-23 19:51:57.210 9 INFO neutron.db.ovn_revision_numbers_db [None req-f54a5d18-0ea1-405e-825c-e90732cf97ad - - - - - -] Successfully bumped revision number for resource 5e1ccb35-5dd7-4ee5-9cdf-3720562feda6 (type: ports) to 2
2026-06-23 19:51:57.305 10 WARNING neutron.scheduler.dhcp_agent_scheduler [None req-f1051622-00d3-4f42-a9e8-464c065427ed 773ec336ea904542a02c40d1986e797a 1ba1318ebb26460a88f5354e90ecc267 - - default default] No more DHCP agents
2026-06-23 19:51:57.306 10 INFO neutron.db.ovn_revision_numbers_db [None req-c065df23-560f-4859-b7e7-38cb489a0105 dd03f1e6eb9548279a3a08a1f8d6f6e6 7e57a0bb6e7a470893e6e45ce8442e2c - - default default] Successfully bumped revision number for resource beaa11f9-5b2f-48e2-b1b1-ce2418d55ab1 (type: ports) to 1
2026-06-23 19:51:57.311 10 WARNING neutron.api.rpc.agentnotifiers.dhcp_rpc_agent_api [None req-f1051622-00d3-4f42-a9e8-464c065427ed 773ec336ea904542a02c40d1986e797a 1ba1318ebb26460a88f5354e90ecc267 - - default default] Unable to schedule network 699299f6-0876-46ff-a63f-c1b48710d00f: no agents available; will retry on subsequent port and subnet creation events.
2026-06-23 19:51:57.397 10 INFO neutron.db.ovn_revision_numbers_db [None req-ae28bf27-81ca-45dc-bab1-10172a17e27a dd03f1e6eb9548279a3a08a1f8d6f6e6 7e57a0bb6e7a470893e6e45ce8442e2c - - default default] Successfully bumped revision number for resource ac609d26-fa53-4fc5-8d88-8606f65d0a65 (type: security_groups) to 1
2026-06-23 19:51:57.426 10 INFO neutron.db.ovn_revision_numbers_db [None req-ae28bf27-81ca-45dc-bab1-10172a17e27a dd03f1e6eb9548279a3a08a1f8d6f6e6 7e57a0bb6e7a470893e6e45ce8442e2c - - default default] Successfully bumped revision number for resource 046e03cd-0580-4bbc-bf56-dc687507eff9 (type: security_group_rules) to 0
2026-06-23 19:51:57.458 10 INFO neutron.db.ovn_revision_numbers_db [None req-ae28bf27-81ca-45dc-bab1-10172a17e27a dd03f1e6eb9548279a3a08a1f8d6f6e6 7e57a0bb6e7a470893e6e45ce8442e2c - - default default] Successfully bumped revision number for resource 2fe46582-6166-477c-84f0-f9d680711747 (type: security_group_rules) to 0
2026-06-23 19:51:57.479 10 INFO neutron.db.ovn_revision_numbers_db [None req-ae28bf27-81ca-45dc-bab1-10172a17e27a dd03f1e6eb9548279a3a08a1f8d6f6e6 7e57a0bb6e7a470893e6e45ce8442e2c - - default default] Successfully bumped revision number for resource 73d8542a-bcf0-42ce-a9e6-18818e77d2d0 (type: security_group_rules) to 0
2026-06-23 19:51:57.519 10 INFO neutron.db.ovn_revision_numbers_db [None req-ae28bf27-81ca-45dc-bab1-10172a17e27a dd03f1e6eb9548279a3a08a1f8d6f6e6 7e57a0bb6e7a470893e6e45ce8442e2c - - default default] Successfully bumped revision number for resource ac117af9-5915-47c7-ae95-a236ade39218 (type: security_group_rules) to 0
2026-06-23 19:51:57.563 10 INFO neutron.wsgi [None req-ae28bf27-81ca-45dc-bab1-10172a17e27a dd03f1e6eb9548279a3a08a1f8d6f6e6 7e57a0bb6e7a470893e6e45ce8442e2c - - default default] 10.0.0.84 "GET /v2.0/security-groups?tenant_id=b6fe17e826404643b2a40cfad6afb562&name=default HTTP/1.1" status: 200 len: 3120 time: 0.6800380
2026-06-23 19:51:57.592 9 INFO neutron.db.ovn_revision_numbers_db [None req-f54a5d18-0ea1-405e-825c-e90732cf97ad - - - - - -] Successfully bumped revision number for resource 5e1ccb35-5dd7-4ee5-9cdf-3720562feda6 (type: ports) to 4
2026-06-23 19:51:57.604 10 INFO neutron.wsgi [req-da54d847-cb77-4fff-b675-47dbd706ac75 req-31385b73-6721-4880-8569-9bc293377016 e1a0d1fd5af248e6a682318fd87fffc2 cdb337aa8f0845d1806d6eb3d9ac4eec - - default default] 10.0.0.12 "GET /v2.0/security-groups?name=tempest-securitygroup--829742554&fields=id&tenant_id=cdb337aa8f0845d1806d6eb3d9ac4eec HTTP/1.1" status: 200 len: 267 time: 0.0955842
2026-06-23 19:51:57.605 10 INFO neutron.db.ovn_revision_numbers_db [None req-f1051622-00d3-4f42-a9e8-464c065427ed 773ec336ea904542a02c40d1986e797a 1ba1318ebb26460a88f5354e90ecc267 - - default default] Successfully bumped revision number for resource ad32305b-aa1d-452f-a7fa-59ee3dd00021 (type: ports) to 1
2026-06-23 19:51:57.738 10 INFO neutron.wsgi [req-da54d847-cb77-4fff-b675-47dbd706ac75 req-1e888c57-5b0d-47af-bc75-de92a29cf156 e1a0d1fd5af248e6a682318fd87fffc2 cdb337aa8f0845d1806d6eb3d9ac4eec - - default default] 10.0.0.12 "GET /v2.0/networks?id=e837e96d-439f-4ff1-9218-e252209cdcde HTTP/1.1" status: 200 len: 874 time: 0.1252863
2026-06-23 19:51:57.769 10 INFO neutron.wsgi [req-da54d847-cb77-4fff-b675-47dbd706ac75 req-8167f011-aeda-44d6-a035-66ca6ae78821 e1a0d1fd5af248e6a682318fd87fffc2 cdb337aa8f0845d1806d6eb3d9ac4eec - - default default] 10.0.0.12 "GET /v2.0/quotas/cdb337aa8f0845d1806d6eb3d9ac4eec HTTP/1.1" status: 200 len: 491 time: 0.0110950
2026-06-23 19:51:57.954 10 INFO neutron.wsgi [req-da54d847-cb77-4fff-b675-47dbd706ac75 req-88aa7e73-3e06-4984-9b4d-b1db9df03820 e1a0d1fd5af248e6a682318fd87fffc2 cdb337aa8f0845d1806d6eb3d9ac4eec - - default default] 10.0.0.12 "GET /v2.0/ports?tenant_id=cdb337aa8f0845d1806d6eb3d9ac4eec&fields=id HTTP/1.1" status: 200 len: 302 time: 0.1748044
2026-06-23 19:51:58.087 10 INFO neutron.wsgi [req-da54d847-cb77-4fff-b675-47dbd706ac75 req-336ad91d-459c-45d0-88a3-449c791728bc 3b20aad8910c481aa3d09bda2c441861 4437f5005fd3417c9cd65be0703b1d5a - - 2189ca4831b045c09946bd1f0b90583d 2189ca4831b045c09946bd1f0b90583d] 10.0.0.12 "GET /v2.0/networks/e837e96d-439f-4ff1-9218-e252209cdcde?fields=segments HTTP/1.1" status: 200 len: 212 time: 0.1051743
2026-06-23 19:51:58.099 9 INFO neutron.wsgi [None req-5dbf2864-3d86-424c-b541-73920a2e2e70 dd03f1e6eb9548279a3a08a1f8d6f6e6 7e57a0bb6e7a470893e6e45ce8442e2c - - default default] 10.0.0.84 "DELETE /v2.0/security-groups/ac609d26-fa53-4fc5-8d88-8606f65d0a65 HTTP/1.1" status: 204 len: 168 time: 0.5308356
2026-06-23 19:51:58.132 9 INFO neutron.db.ovn_revision_numbers_db [None req-f54a5d18-0ea1-405e-825c-e90732cf97ad - - - - - -] Successfully bumped revision number for resource 5e1ccb35-5dd7-4ee5-9cdf-3720562feda6 (type: router_ports) to 4
2026-06-23 19:51:58.314 9 INFO neutron.db.ovn_revision_numbers_db [None req-fd52c3bd-29a9-48b6-8b3b-84703afb8f64 dd03f1e6eb9548279a3a08a1f8d6f6e6 7e57a0bb6e7a470893e6e45ce8442e2c - - default default] Successfully bumped revision number for resource 1f16e94a-08a0-43c0-90bf-6c4944111820 (type: security_groups) to 1
2026-06-23 19:51:58.332 9 INFO neutron.db.ovn_revision_numbers_db [None req-fd52c3bd-29a9-48b6-8b3b-84703afb8f64 dd03f1e6eb9548279a3a08a1f8d6f6e6 7e57a0bb6e7a470893e6e45ce8442e2c - - default default] Successfully bumped revision number for resource 46e22c60-69bb-4a08-a78d-8fbfe2d2c893 (type: security_group_rules) to 0
2026-06-23 19:51:58.347 9 INFO neutron.db.ovn_revision_numbers_db [None req-fd52c3bd-29a9-48b6-8b3b-84703afb8f64 dd03f1e6eb9548279a3a08a1f8d6f6e6 7e57a0bb6e7a470893e6e45ce8442e2c - - default default] Successfully bumped revision number for resource 6626c612-719c-4d9c-b188-13b250249eb9 (type: security_group_rules) to 0
2026-06-23 19:51:58.362 9 INFO neutron.db.ovn_revision_numbers_db [None req-fd52c3bd-29a9-48b6-8b3b-84703afb8f64 dd03f1e6eb9548279a3a08a1f8d6f6e6 7e57a0bb6e7a470893e6e45ce8442e2c - - default default] Successfully bumped revision number for resource 7d1c25b7-b689-41a2-a86b-9e90d2410f24 (type: security_group_rules) to 0
2026-06-23 19:51:58.375 9 INFO neutron.db.ovn_revision_numbers_db [None req-fd52c3bd-29a9-48b6-8b3b-84703afb8f64 dd03f1e6eb9548279a3a08a1f8d6f6e6 7e57a0bb6e7a470893e6e45ce8442e2c - - default default] Successfully bumped revision number for resource df8ca33b-53e9-4fa5-9433-391ef284d26c (type: security_group_rules) to 0
2026-06-23 19:51:58.403 9 INFO neutron.wsgi [None req-fd52c3bd-29a9-48b6-8b3b-84703afb8f64 dd03f1e6eb9548279a3a08a1f8d6f6e6 7e57a0bb6e7a470893e6e45ce8442e2c - - default default] 10.0.0.84 "GET /v2.0/security-groups?tenant_id=023fb5c59f954356b220a8a681083f92&name=default HTTP/1.1" status: 200 len: 3120 time: 0.2058921
2026-06-23 19:51:58.526 10 INFO neutron.wsgi [req-da54d847-cb77-4fff-b675-47dbd706ac75 req-a81e3e6b-2c4a-471e-8541-aa5b835e3097 3b20aad8910c481aa3d09bda2c441861 4437f5005fd3417c9cd65be0703b1d5a - - 2189ca4831b045c09946bd1f0b90583d 2189ca4831b045c09946bd1f0b90583d] 10.0.0.12 "GET /v2.0/networks/e837e96d-439f-4ff1-9218-e252209cdcde?fields=provider%3Aphysical_network&fields=provider%3Anetwork_type HTTP/1.1" status: 200 len: 277 time: 0.4136386
2026-06-23 19:51:58.552 10 ERROR ovsdbapp.backend.ovs_idl.command [None req-c065df23-560f-4859-b7e7-38cb489a0105 dd03f1e6eb9548279a3a08a1f8d6f6e6 7e57a0bb6e7a470893e6e45ce8442e2c - - default default] Error executing command (DbGetCommand): ovsdbapp.backend.ovs_idl.idlutils.RowNotFound: Cannot find Logical_Router_Port with name=lrp-beaa11f9-5b2f-48e2-b1b1-ce2418d55ab1
2026-06-23 19:51:58.552 10 ERROR ovsdbapp.backend.ovs_idl.command
Traceback (most recent call last):
2026-06-23 19:51:58.552 10 ERROR ovsdbapp.backend.ovs_idl.command
File "/var/lib/openstack/lib/python3.10/site-packages/ovsdbapp/backend/ovs_idl/command.py", line 47, in execute
2026-06-23 19:51:58.552 10 ERROR ovsdbapp.backend.ovs_idl.command self.run_idl(None)
2026-06-23 19:51:58.552 10 ERROR ovsdbapp.backend.ovs_idl.command
File "/var/lib/openstack/lib/python3.10/site-packages/ovsdbapp/backend/ovs_idl/command.py", line 235, in run_idl
2026-06-23 19:51:58.552 10 ERROR ovsdbapp.backend.ovs_idl.command record = self.api.lookup(self.table, self.record)
2026-06-23 19:51:58.552 10 ERROR ovsdbapp.backend.ovs_idl.command
File "/var/lib/openstack/lib/python3.10/site-packages/ovsdbapp/backend/ovs_idl/__init__.py", line 184, in lookup
2026-06-23 19:51:58.552 10 ERROR ovsdbapp.backend.ovs_idl.command return self._lookup(table, record)
2026-06-23 19:51:58.552 10 ERROR ovsdbapp.backend.ovs_idl.command
File "/var/lib/openstack/lib/python3.10/site-packages/ovsdbapp/backend/ovs_idl/__init__.py", line 235, in _lookup
2026-06-23 19:51:58.552 10 ERROR ovsdbapp.backend.ovs_idl.command row = idlutils.row_by_value(self, rl.table, rl.column, record)
2026-06-23 19:51:58.552 10 ERROR ovsdbapp.backend.ovs_idl.command
File "/var/lib/openstack/lib/python3.10/site-packages/ovsdbapp/backend/ovs_idl/idlutils.py", line 114, in row_by_value
2026-06-23 19:51:58.552 10 ERROR ovsdbapp.backend.ovs_idl.command raise RowNotFound(table=table, col=column, match=match)
2026-06-23 19:51:58.552 10 ERROR ovsdbapp.backend.ovs_idl.command ovsdbapp.backend.ovs_idl.idlutils.RowNotFound: Cannot find Logical_Router_Port with name=lrp-beaa11f9-5b2f-48e2-b1b1-ce2418d55ab1
2026-06-23 19:51:58.552 10 ERROR ovsdbapp.backend.ovs_idl.command 
2026-06-23 19:51:58.553 10 ERROR neutron_lib.callbacks.manager [None req-c065df23-560f-4859-b7e7-38cb489a0105 dd03f1e6eb9548279a3a08a1f8d6f6e6 7e57a0bb6e7a470893e6e45ce8442e2c - - default default] Error during notification for neutron.services.ovn_l3.plugin.OVNL3RouterPlugin._port_update-8789294830310 port, after_update: ovsdbapp.backend.ovs_idl.idlutils.RowNotFound: Cannot find Logical_Router_Port with name=lrp-beaa11f9-5b2f-48e2-b1b1-ce2418d55ab1
2026-06-23 19:51:58.553 10 ERROR neutron_lib.callbacks.manager
Traceback (most recent call last):
2026-06-23 19:51:58.553 10 ERROR neutron_lib.callbacks.manager
File "/var/lib/openstack/lib/python3.10/site-packages/neutron_lib/callbacks/manager.py", line 189, in _notify_loop
2026-06-23 19:51:58.553 10 ERROR neutron_lib.callbacks.manager callback.method(resource, event, trigger, payload=payload)
2026-06-23 19:51:58.553 10 ERROR neutron_lib.callbacks.manager
File "/var/lib/openstack/lib/python3.10/site-packages/neutron/services/ovn_l3/plugin.py", line 391, in _port_update
2026-06-23 19:51:58.553 10 ERROR neutron_lib.callbacks.manager l3plugin._ovn_client.update_router_port(context,
2026-06-23 19:51:58.553 10 ERROR neutron_lib.callbacks.manager
