File "/var/lib/openstack/lib/python3.10/site-packages/neutron/plugins/ml2/drivers/ovn/mech_driver/ovsdb/ovn_client.py", line 1878, in update_router_port
2026-06-23 19:51:58.553 10 ERROR neutron_lib.callbacks.manager self._update_lrouter_port(context, port, if_exists=if_exists,
2026-06-23 19:51:58.553 10 ERROR neutron_lib.callbacks.manager
File "/var/lib/openstack/lib/python3.10/site-packages/neutron/plugins/ml2/drivers/ovn/mech_driver/ovsdb/ovn_client.py", line 1855, in _update_lrouter_port
2026-06-23 19:51:58.553 10 ERROR neutron_lib.callbacks.manager external_ids = self._nb_idl.db_get(
2026-06-23 19:51:58.553 10 ERROR neutron_lib.callbacks.manager
File "/var/lib/openstack/lib/python3.10/site-packages/ovsdbapp/backend/ovs_idl/command.py", line 47, in execute
2026-06-23 19:51:58.553 10 ERROR neutron_lib.callbacks.manager self.run_idl(None)
2026-06-23 19:51:58.553 10 ERROR neutron_lib.callbacks.manager
File "/var/lib/openstack/lib/python3.10/site-packages/ovsdbapp/backend/ovs_idl/command.py", line 235, in run_idl
2026-06-23 19:51:58.553 10 ERROR neutron_lib.callbacks.manager record = self.api.lookup(self.table, self.record)
2026-06-23 19:51:58.553 10 ERROR neutron_lib.callbacks.manager
File "/var/lib/openstack/lib/python3.10/site-packages/ovsdbapp/backend/ovs_idl/__init__.py", line 184, in lookup
2026-06-23 19:51:58.553 10 ERROR neutron_lib.callbacks.manager return self._lookup(table, record)
2026-06-23 19:51:58.553 10 ERROR neutron_lib.callbacks.manager
File "/var/lib/openstack/lib/python3.10/site-packages/ovsdbapp/backend/ovs_idl/__init__.py", line 235, in _lookup
2026-06-23 19:51:58.553 10 ERROR neutron_lib.callbacks.manager row = idlutils.row_by_value(self, rl.table, rl.column, record)
2026-06-23 19:51:58.553 10 ERROR neutron_lib.callbacks.manager
File "/var/lib/openstack/lib/python3.10/site-packages/ovsdbapp/backend/ovs_idl/idlutils.py", line 114, in row_by_value
2026-06-23 19:51:58.553 10 ERROR neutron_lib.callbacks.manager raise RowNotFound(table=table, col=column, match=match)
2026-06-23 19:51:58.553 10 ERROR neutron_lib.callbacks.manager ovsdbapp.backend.ovs_idl.idlutils.RowNotFound: Cannot find Logical_Router_Port with name=lrp-beaa11f9-5b2f-48e2-b1b1-ce2418d55ab1
2026-06-23 19:51:58.553 10 ERROR neutron_lib.callbacks.manager 
2026-06-23 19:51:58.625 9 INFO neutron.wsgi [None req-1cdd5f80-fb73-4380-b0c5-c8abe284f296 dd03f1e6eb9548279a3a08a1f8d6f6e6 7e57a0bb6e7a470893e6e45ce8442e2c - - default default] 10.0.0.84 "DELETE /v2.0/security-groups/1f16e94a-08a0-43c0-90bf-6c4944111820 HTTP/1.1" status: 204 len: 168 time: 0.2182360
2026-06-23 19:51:58.678 10 INFO neutron.wsgi [req-9c093a11-1cb8-4b43-823e-f2d66276ef45 req-eb9dea50-3647-4f83-b18d-7a471858c767 e1a0d1fd5af248e6a682318fd87fffc2 cdb337aa8f0845d1806d6eb3d9ac4eec - - default default] 10.0.0.12 "GET /v2.0/ports?device_id=d70bd236-8ff6-4498-81a0-30d036c24c5a HTTP/1.1" status: 200 len: 210 time: 0.0241442
2026-06-23 19:51:58.825 10 ERROR ovsdbapp.backend.ovs_idl.command [None req-f1051622-00d3-4f42-a9e8-464c065427ed 773ec336ea904542a02c40d1986e797a 1ba1318ebb26460a88f5354e90ecc267 - - default default] Error executing command (DbGetCommand): ovsdbapp.backend.ovs_idl.idlutils.RowNotFound: Cannot find Logical_Router_Port with name=lrp-ad32305b-aa1d-452f-a7fa-59ee3dd00021
2026-06-23 19:51:58.825 10 ERROR ovsdbapp.backend.ovs_idl.command
Traceback (most recent call last):
2026-06-23 19:51:58.825 10 ERROR ovsdbapp.backend.ovs_idl.command
File "/var/lib/openstack/lib/python3.10/site-packages/ovsdbapp/backend/ovs_idl/command.py", line 47, in execute
2026-06-23 19:51:58.825 10 ERROR ovsdbapp.backend.ovs_idl.command self.run_idl(None)
2026-06-23 19:51:58.825 10 ERROR ovsdbapp.backend.ovs_idl.command
File "/var/lib/openstack/lib/python3.10/site-packages/ovsdbapp/backend/ovs_idl/command.py", line 235, in run_idl
2026-06-23 19:51:58.825 10 ERROR ovsdbapp.backend.ovs_idl.command record = self.api.lookup(self.table, self.record)
2026-06-23 19:51:58.825 10 ERROR ovsdbapp.backend.ovs_idl.command
File "/var/lib/openstack/lib/python3.10/site-packages/ovsdbapp/backend/ovs_idl/__init__.py", line 184, in lookup
2026-06-23 19:51:58.825 10 ERROR ovsdbapp.backend.ovs_idl.command return self._lookup(table, record)
2026-06-23 19:51:58.825 10 ERROR ovsdbapp.backend.ovs_idl.command
File "/var/lib/openstack/lib/python3.10/site-packages/ovsdbapp/backend/ovs_idl/__init__.py", line 235, in _lookup
2026-06-23 19:51:58.825 10 ERROR ovsdbapp.backend.ovs_idl.command row = idlutils.row_by_value(self, rl.table, rl.column, record)
2026-06-23 19:51:58.825 10 ERROR ovsdbapp.backend.ovs_idl.command
File "/var/lib/openstack/lib/python3.10/site-packages/ovsdbapp/backend/ovs_idl/idlutils.py", line 114, in row_by_value
2026-06-23 19:51:58.825 10 ERROR ovsdbapp.backend.ovs_idl.command raise RowNotFound(table=table, col=column, match=match)
2026-06-23 19:51:58.825 10 ERROR ovsdbapp.backend.ovs_idl.command ovsdbapp.backend.ovs_idl.idlutils.RowNotFound: Cannot find Logical_Router_Port with name=lrp-ad32305b-aa1d-452f-a7fa-59ee3dd00021
2026-06-23 19:51:58.825 10 ERROR ovsdbapp.backend.ovs_idl.command 
2026-06-23 19:51:58.826 10 ERROR neutron_lib.callbacks.manager [None req-f1051622-00d3-4f42-a9e8-464c065427ed 773ec336ea904542a02c40d1986e797a 1ba1318ebb26460a88f5354e90ecc267 - - default default] Error during notification for neutron.services.ovn_l3.plugin.OVNL3RouterPlugin._port_update-8789294830310 port, after_update: ovsdbapp.backend.ovs_idl.idlutils.RowNotFound: Cannot find Logical_Router_Port with name=lrp-ad32305b-aa1d-452f-a7fa-59ee3dd00021
2026-06-23 19:51:58.826 10 ERROR neutron_lib.callbacks.manager
Traceback (most recent call last):
2026-06-23 19:51:58.826 10 ERROR neutron_lib.callbacks.manager
File "/var/lib/openstack/lib/python3.10/site-packages/neutron_lib/callbacks/manager.py", line 189, in _notify_loop
2026-06-23 19:51:58.826 10 ERROR neutron_lib.callbacks.manager callback.method(resource, event, trigger, payload=payload)
2026-06-23 19:51:58.826 10 ERROR neutron_lib.callbacks.manager
File "/var/lib/openstack/lib/python3.10/site-packages/neutron/services/ovn_l3/plugin.py", line 391, in _port_update
2026-06-23 19:51:58.826 10 ERROR neutron_lib.callbacks.manager l3plugin._ovn_client.update_router_port(context,
2026-06-23 19:51:58.826 10 ERROR neutron_lib.callbacks.manager
File "/var/lib/openstack/lib/python3.10/site-packages/neutron/plugins/ml2/drivers/ovn/mech_driver/ovsdb/ovn_client.py", line 1878, in update_router_port
2026-06-23 19:51:58.826 10 ERROR neutron_lib.callbacks.manager self._update_lrouter_port(context, port, if_exists=if_exists,
2026-06-23 19:51:58.826 10 ERROR neutron_lib.callbacks.manager
File "/var/lib/openstack/lib/python3.10/site-packages/neutron/plugins/ml2/drivers/ovn/mech_driver/ovsdb/ovn_client.py", line 1855, in _update_lrouter_port
2026-06-23 19:51:58.826 10 ERROR neutron_lib.callbacks.manager external_ids = self._nb_idl.db_get(
2026-06-23 19:51:58.826 10 ERROR neutron_lib.callbacks.manager
File "/var/lib/openstack/lib/python3.10/site-packages/ovsdbapp/backend/ovs_idl/command.py", line 47, in execute
2026-06-23 19:51:58.826 10 ERROR neutron_lib.callbacks.manager self.run_idl(None)
2026-06-23 19:51:58.826 10 ERROR neutron_lib.callbacks.manager
File "/var/lib/openstack/lib/python3.10/site-packages/ovsdbapp/backend/ovs_idl/command.py", line 235, in run_idl
2026-06-23 19:51:58.826 10 ERROR neutron_lib.callbacks.manager record = self.api.lookup(self.table, self.record)
2026-06-23 19:51:58.826 10 ERROR neutron_lib.callbacks.manager
File "/var/lib/openstack/lib/python3.10/site-packages/ovsdbapp/backend/ovs_idl/__init__.py", line 184, in lookup
2026-06-23 19:51:58.826 10 ERROR neutron_lib.callbacks.manager return self._lookup(table, record)
2026-06-23 19:51:58.826 10 ERROR neutron_lib.callbacks.manager
File "/var/lib/openstack/lib/python3.10/site-packages/ovsdbapp/backend/ovs_idl/__init__.py", line 235, in _lookup
2026-06-23 19:51:58.826 10 ERROR neutron_lib.callbacks.manager row = idlutils.row_by_value(self, rl.table, rl.column, record)
2026-06-23 19:51:58.826 10 ERROR neutron_lib.callbacks.manager
File "/var/lib/openstack/lib/python3.10/site-packages/ovsdbapp/backend/ovs_idl/idlutils.py", line 114, in row_by_value
2026-06-23 19:51:58.826 10 ERROR neutron_lib.callbacks.manager raise RowNotFound(table=table, col=column, match=match)
2026-06-23 19:51:58.826 10 ERROR neutron_lib.callbacks.manager ovsdbapp.backend.ovs_idl.idlutils.RowNotFound: Cannot find Logical_Router_Port with name=lrp-ad32305b-aa1d-452f-a7fa-59ee3dd00021
2026-06-23 19:51:58.826 10 ERROR neutron_lib.callbacks.manager 
2026-06-23 19:51:58.876 10 INFO neutron.db.ovn_revision_numbers_db [None req-c065df23-560f-4859-b7e7-38cb489a0105 dd03f1e6eb9548279a3a08a1f8d6f6e6 7e57a0bb6e7a470893e6e45ce8442e2c - - default default] Successfully bumped revision number for resource beaa11f9-5b2f-48e2-b1b1-ce2418d55ab1 (type: ports) to 1
2026-06-23 19:51:58.962 10 WARNING neutron.scheduler.dhcp_agent_scheduler [None req-c065df23-560f-4859-b7e7-38cb489a0105 dd03f1e6eb9548279a3a08a1f8d6f6e6 7e57a0bb6e7a470893e6e45ce8442e2c - - default default] No more DHCP agents
2026-06-23 19:51:58.964 10 WARNING neutron.api.rpc.agentnotifiers.dhcp_rpc_agent_api [None req-c065df23-560f-4859-b7e7-38cb489a0105 dd03f1e6eb9548279a3a08a1f8d6f6e6 7e57a0bb6e7a470893e6e45ce8442e2c - - default default] Unable to schedule network 72473baa-7c71-461f-819d-e340c43ef253: no agents available; will retry on subsequent port and subnet creation events.
2026-06-23 19:51:59.090 10 INFO neutron.db.ovn_revision_numbers_db [None req-f1051622-00d3-4f42-a9e8-464c065427ed 773ec336ea904542a02c40d1986e797a 1ba1318ebb26460a88f5354e90ecc267 - - default default] Successfully bumped revision number for resource ad32305b-aa1d-452f-a7fa-59ee3dd00021 (type: ports) to 1
2026-06-23 19:51:59.185 10 WARNING neutron.scheduler.dhcp_agent_scheduler [None req-f1051622-00d3-4f42-a9e8-464c065427ed 773ec336ea904542a02c40d1986e797a 1ba1318ebb26460a88f5354e90ecc267 - - default default] No more DHCP agents
2026-06-23 19:51:59.187 10 WARNING neutron.api.rpc.agentnotifiers.dhcp_rpc_agent_api [None req-f1051622-00d3-4f42-a9e8-464c065427ed 773ec336ea904542a02c40d1986e797a 1ba1318ebb26460a88f5354e90ecc267 - - default default] Unable to schedule network 699299f6-0876-46ff-a63f-c1b48710d00f: no agents available; will retry on subsequent port and subnet creation events.
2026-06-23 19:51:59.427 10 WARNING neutron.plugins.ml2.drivers.ovn.mech_driver.ovsdb.ovn_client [None req-7b52b48e-a412-4fb5-acdf-2f6eb947522b - - - - - -] No hosting information found for port 8506e75f-ecfa-4c72-8835-ff2ccfe4725c: RuntimeError: No hosting information found for port 8506e75f-ecfa-4c72-8835-ff2ccfe4725c
2026-06-23 19:51:59.428 10 INFO neutron.plugins.ml2.drivers.ovn.mech_driver.mech_driver [None req-7b52b48e-a412-4fb5-acdf-2f6eb947522b - - - - - -] OVN reports status up for port: 5e1ccb35-5dd7-4ee5-9cdf-3720562feda6
2026-06-23 19:51:59.444 9 INFO neutron.wsgi [req-da54d847-cb77-4fff-b675-47dbd706ac75 req-581efceb-bad4-472f-b311-85cda7add9c9 e1a0d1fd5af248e6a682318fd87fffc2 cdb337aa8f0845d1806d6eb3d9ac4eec - - default default] 199.204.45.53 "GET /v2.0/networks?id=e837e96d-439f-4ff1-9218-e252209cdcde HTTP/1.1" status: 200 len: 874 time: 0.1584115
2026-06-23 19:51:59.448 10 INFO neutron.plugins.ml2.plugin [None req-7b52b48e-a412-4fb5-acdf-2f6eb947522b - - - - - -] Attempt 1 to provision port 5e1ccb35-5dd7-4ee5-9cdf-3720562feda6
2026-06-23 19:51:59.463 10 INFO neutron.db.ovn_revision_numbers_db [None req-f1051622-00d3-4f42-a9e8-464c065427ed 773ec336ea904542a02c40d1986e797a 1ba1318ebb26460a88f5354e90ecc267 - - default default] Successfully bumped revision number for resource ad32305b-aa1d-452f-a7fa-59ee3dd00021 (type: router_ports) to 1
2026-06-23 19:51:59.469 10 INFO neutron.wsgi [None req-f1051622-00d3-4f42-a9e8-464c065427ed 773ec336ea904542a02c40d1986e797a 1ba1318ebb26460a88f5354e90ecc267 - - default default] 10.0.0.84 "PUT /v2.0/routers/b1006b7f-429b-4cd9-a689-cc32ba8255e4/add_router_interface HTTP/1.1" status: 200 len: 503 time: 3.4113586
2026-06-23 19:51:59.506 9 INFO neutron.wsgi [req-da54d847-cb77-4fff-b675-47dbd706ac75 req-306a85aa-c160-4625-8730-42a28b759dde e1a0d1fd5af248e6a682318fd87fffc2 cdb337aa8f0845d1806d6eb3d9ac4eec - - default default] 199.204.45.53 "GET /v2.0/security-groups?fields=id&fields=name&tenant_id=cdb337aa8f0845d1806d6eb3d9ac4eec HTTP/1.1" status: 200 len: 379 time: 0.0523205
2026-06-23 19:51:59.517 9 WARNING neutron_lib.context [req-da54d847-cb77-4fff-b675-47dbd706ac75 req-c39dfb4a-ecc3-4a85-886d-fa1efd5acabb e1a0d1fd5af248e6a682318fd87fffc2 cdb337aa8f0845d1806d6eb3d9ac4eec - - default default] Method 'is_advsvc' is deprecated since 2023.2 release (neutron-lib 3.8.0) and will be removed once support for the old RBAC API policies will be removed from Neutron. Please use method 'is_service_role' instead.
2026-06-23 19:51:59.621 10 INFO neutron.wsgi [None req-de08f6d3-4957-43de-a964-f7f76c50bddc 773ec336ea904542a02c40d1986e797a 1ba1318ebb26460a88f5354e90ecc267 - - default default] 10.0.0.84 "GET /v2.0/ports/ad32305b-aa1d-452f-a7fa-59ee3dd00021 HTTP/1.1" status: 200 len: 1135 time: 0.1462479
2026-06-23 19:51:59.635 10 INFO neutron.plugins.ml2.drivers.ovn.mech_driver.mech_driver [None req-7b52b48e-a412-4fb5-acdf-2f6eb947522b - - - - - -] OVN reports status up for port: ad32305b-aa1d-452f-a7fa-59ee3dd00021
2026-06-23 19:51:59.659 10 INFO neutron.plugins.ml2.plugin [None req-7b52b48e-a412-4fb5-acdf-2f6eb947522b - - - - - -] Attempt 1 to provision port ad32305b-aa1d-452f-a7fa-59ee3dd00021
2026-06-23 19:51:59.684 10 INFO neutron.wsgi [None req-e87abee8-4278-446b-8a5b-a2d3111de29b 773ec336ea904542a02c40d1986e797a 1ba1318ebb26460a88f5354e90ecc267 - - default default] 10.0.0.84 "GET /v2.0/ports/ad32305b-aa1d-452f-a7fa-59ee3dd00021 HTTP/1.1" status: 200 len: 1135 time: 0.0558279
2026-06-23 19:51:59.839 9 WARNING neutron.scheduler.dhcp_agent_scheduler [req-da54d847-cb77-4fff-b675-47dbd706ac75 req-c39dfb4a-ecc3-4a85-886d-fa1efd5acabb e1a0d1fd5af248e6a682318fd87fffc2 cdb337aa8f0845d1806d6eb3d9ac4eec - - default default] No more DHCP agents
2026-06-23 19:51:59.842 9 WARNING neutron.api.rpc.agentnotifiers.dhcp_rpc_agent_api [req-da54d847-cb77-4fff-b675-47dbd706ac75 req-c39dfb4a-ecc3-4a85-886d-fa1efd5acabb e1a0d1fd5af248e6a682318fd87fffc2 cdb337aa8f0845d1806d6eb3d9ac4eec - - default default] Unable to schedule network e837e96d-439f-4ff1-9218-e252209cdcde: no agents available; will retry on subsequent port and subnet creation events.
2026-06-23 19:51:59.997 9 INFO neutron.db.ovn_revision_numbers_db [req-da54d847-cb77-4fff-b675-47dbd706ac75 req-c39dfb4a-ecc3-4a85-886d-fa1efd5acabb e1a0d1fd5af248e6a682318fd87fffc2 cdb337aa8f0845d1806d6eb3d9ac4eec - - default default] Successfully bumped revision number for resource 0322ed4c-5a3d-4f92-9470-86ac4c3c07a7 (type: ports) to 1
2026-06-23 19:52:00.020 9 INFO neutron.wsgi [req-da54d847-cb77-4fff-b675-47dbd706ac75 req-c39dfb4a-ecc3-4a85-886d-fa1efd5acabb e1a0d1fd5af248e6a682318fd87fffc2 cdb337aa8f0845d1806d6eb3d9ac4eec - - default default] 199.204.45.53 "POST /v2.0/ports HTTP/1.1" status: 201 len: 1158 time: 0.5069485
2026-06-23 19:52:00.024 10 INFO neutron.wsgi [req-2de3a61f-2ab5-4885-a724-c41dd86c188a req-ccab8eed-d5e7-42e8-aeaa-d360842809a6 e1a0d1fd5af248e6a682318fd87fffc2 cdb337aa8f0845d1806d6eb3d9ac4eec - - default default] 10.0.0.12 "GET /v2.0/ports?device_id=d70bd236-8ff6-4498-81a0-30d036c24c5a HTTP/1.1" status: 200 len: 1156 time: 0.0625439 /var/lib/openstack/lib/python3.10/site-packages/pycadf/identifier.py:71: UserWarning: Invalid uuid: neutron. To ensure interoperability, identifiers should be a valid uuid. warnings.warn(('Invalid uuid: %s. To ensure interoperability, '
2026-06-23 19:52:00.094 10 INFO neutron.wsgi [req-2de3a61f-2ab5-4885-a724-c41dd86c188a req-f062205c-b281-4cc6-8ad4-f254eb5ff4bb e1a0d1fd5af248e6a682318fd87fffc2 cdb337aa8f0845d1806d6eb3d9ac4eec - - default default] 10.0.0.12 "GET /v2.0/security-groups?id=6509bda4-a056-4477-bd85-66ace9eddf64&fields=id&fields=name HTTP/1.1" status: 200 len: 312 time: 0.0605063
2026-06-23 19:52:00.187 10 INFO neutron.db.ovn_revision_numbers_db [None req-c065df23-560f-4859-b7e7-38cb489a0105 dd03f1e6eb9548279a3a08a1f8d6f6e6 7e57a0bb6e7a470893e6e45ce8442e2c - - default default] Successfully bumped revision number for resource beaa11f9-5b2f-48e2-b1b1-ce2418d55ab1 (type: router_ports) to 1
2026-06-23 19:52:00.201 10 INFO neutron.wsgi [None req-c065df23-560f-4859-b7e7-38cb489a0105 dd03f1e6eb9548279a3a08a1f8d6f6e6 7e57a0bb6e7a470893e6e45ce8442e2c - - default default] 10.0.0.84 "PUT /v2.0/routers/d82b04c0-4c6f-4d46-917a-ff6d15fa1193/add_router_interface HTTP/1.1" status: 200 len: 503 time: 4.4520977
2026-06-23 19:52:00.408 10 INFO neutron.db.ovn_revision_numbers_db [None req-7b52b48e-a412-4fb5-acdf-2f6eb947522b - - - - - -] Successfully bumped revision number for resource ad32305b-aa1d-452f-a7fa-59ee3dd00021 (type: ports) to 2
2026-06-23 19:52:00.467 9 INFO neutron.db.ovn_revision_numbers_db [req-da54d847-cb77-4fff-b675-47dbd706ac75 req-ffd61925-daf8-4d61-b73f-b1967ea829aa 3b20aad8910c481aa3d09bda2c441861 4437f5005fd3417c9cd65be0703b1d5a - - 2189ca4831b045c09946bd1f0b90583d 2189ca4831b045c09946bd1f0b90583d] Successfully bumped revision number for resource 0322ed4c-5a3d-4f92-9470-86ac4c3c07a7 (type: ports) to 2
2026-06-23 19:52:00.534 10 INFO neutron.db.ovn_revision_numbers_db [None req-7b52b48e-a412-4fb5-acdf-2f6eb947522b - - - - - -] Successfully bumped revision number for resource ad32305b-aa1d-452f-a7fa-59ee3dd00021 (type: router_ports) to 2
2026-06-23 19:52:00.672 9 INFO neutron.db.ovn_revision_numbers_db [req-da54d847-cb77-4fff-b675-47dbd706ac75 req-ffd61925-daf8-4d61-b73f-b1967ea829aa 3b20aad8910c481aa3d09bda2c441861 4437f5005fd3417c9cd65be0703b1d5a - - 2189ca4831b045c09946bd1f0b90583d 2189ca4831b045c09946bd1f0b90583d] Successfully bumped revision number for resource 0322ed4c-5a3d-4f92-9470-86ac4c3c07a7 (type: ports) to 2
2026-06-23 19:52:00.688 9 INFO neutron.wsgi [req-da54d847-cb77-4fff-b675-47dbd706ac75 req-ffd61925-daf8-4d61-b73f-b1967ea829aa 3b20aad8910c481aa3d09bda2c441861 4437f5005fd3417c9cd65be0703b1d5a - - 2189ca4831b045c09946bd1f0b90583d 2189ca4831b045c09946bd1f0b90583d] 199.204.45.53 "PUT /v2.0/ports/0322ed4c-5a3d-4f92-9470-86ac4c3c07a7 HTTP/1.1" status: 200 len: 1376 time: 0.6607838
2026-06-23 19:52:00.727 10 INFO neutron.wsgi [None req-145c594a-7257-4456-b7f4-05c6be5a8a4a 773ec336ea904542a02c40d1986e797a 1ba1318ebb26460a88f5354e90ecc267 - - default default] 10.0.0.84 "GET /v2.0/ports/ad32305b-aa1d-452f-a7fa-59ee3dd00021 HTTP/1.1" status: 200 len: 1137 time: 0.0375175
2026-06-23 19:52:00.729 9 INFO neutron.notifiers.nova [-] Nova event matching ['req-440f5305-9c4d-4e06-ac6e-4350b9c206b8'] response: {'name': 'network-changed', 'server_uuid': 'd70bd236-8ff6-4498-81a0-30d036c24c5a', 'tag': '0322ed4c-5a3d-4f92-9470-86ac4c3c07a7', 'status': 'completed', 'code': 200} /var/lib/openstack/lib/python3.10/site-packages/pycadf/identifier.py:71: UserWarning: Invalid uuid: neutron. To ensure interoperability, identifiers should be a valid uuid. warnings.warn(('Invalid uuid: %s. To ensure interoperability, '
2026-06-23 19:52:00.779 9 INFO neutron.wsgi [req-da54d847-cb77-4fff-b675-47dbd706ac75 req-944c8527-448e-403f-87ac-918f6c09843f 3b20aad8910c481aa3d09bda2c441861 4437f5005fd3417c9cd65be0703b1d5a - - 2189ca4831b045c09946bd1f0b90583d 2189ca4831b045c09946bd1f0b90583d] 199.204.45.53 "GET /v2.0/ports?tenant_id=cdb337aa8f0845d1806d6eb3d9ac4eec&device_id=d70bd236-8ff6-4498-81a0-30d036c24c5a HTTP/1.1" status: 200 len: 1407 time: 0.0410280
2026-06-23 19:52:00.806 9 INFO neutron.wsgi [req-da54d847-cb77-4fff-b675-47dbd706ac75 req-916b1b51-1b47-416b-aded-c9933b7a24fa 3b20aad8910c481aa3d09bda2c441861 4437f5005fd3417c9cd65be0703b1d5a - - 2189ca4831b045c09946bd1f0b90583d 2189ca4831b045c09946bd1f0b90583d] 199.204.45.53 "GET /v2.0/floatingips?fixed_ip_address=10.100.0.6&port_id=0322ed4c-5a3d-4f92-9470-86ac4c3c07a7 HTTP/1.1" status: 200 len: 217 time: 0.0227821
2026-06-23 19:52:00.848 9 INFO neutron.wsgi [req-da54d847-cb77-4fff-b675-47dbd706ac75 req-27503bc1-0890-45d3-a1dc-28567280b94e 3b20aad8910c481aa3d09bda2c441861 4437f5005fd3417c9cd65be0703b1d5a - - 2189ca4831b045c09946bd1f0b90583d 2189ca4831b045c09946bd1f0b90583d] 199.204.45.53 "GET /v2.0/subnets?id=10648235-4c5e-4bd4-8173-fefdaff1bdbc HTTP/1.1" status: 200 len: 868 time: 0.0291915
2026-06-23 19:52:00.874 9 INFO neutron.wsgi [req-da54d847-cb77-4fff-b675-47dbd706ac75 req-9445e7a7-17aa-4c74-83a9-acbdf6114799 3b20aad8910c481aa3d09bda2c441861 4437f5005fd3417c9cd65be0703b1d5a - - 2189ca4831b045c09946bd1f0b90583d 2189ca4831b045c09946bd1f0b90583d] 199.204.45.53 "GET /v2.0/ports?network_id=e837e96d-439f-4ff1-9218-e252209cdcde&device_owner=network%3Adhcp HTTP/1.1" status: 200 len: 210 time: 0.0201037
2026-06-23 19:52:00.943 9 INFO neutron.wsgi [req-da54d847-cb77-4fff-b675-47dbd706ac75 req-945dc2cb-9e90-426d-a83b-18961a0f6fd7 3b20aad8910c481aa3d09bda2c441861 4437f5005fd3417c9cd65be0703b1d5a - - 2189ca4831b045c09946bd1f0b90583d 2189ca4831b045c09946bd1f0b90583d] 199.204.45.53 "GET /v2.0/networks/e837e96d-439f-4ff1-9218-e252209cdcde?fields=segments HTTP/1.1" status: 200 len: 212 time: 0.0623822
2026-06-23 19:52:01.016 9 INFO neutron.wsgi [req-da54d847-cb77-4fff-b675-47dbd706ac75 req-73b5a001-0d18-4ecc-981e-581db069d742 3b20aad8910c481aa3d09bda2c441861 4437f5005fd3417c9cd65be0703b1d5a - - 2189ca4831b045c09946bd1f0b90583d 2189ca4831b045c09946bd1f0b90583d] 199.204.45.53 "GET /v2.0/networks/e837e96d-439f-4ff1-9218-e252209cdcde?fields=provider%3Aphysical_network&fields=provider%3Anetwork_type HTTP/1.1" status: 200 len: 277 time: 0.0649285
2026-06-23 19:52:01.099 9 INFO neutron.wsgi [req-998ebb95-8531-4239-8203-46cb0b5e7c9d req-89db5d6f-cec8-40f9-96d8-2dd8da240e84 3b20aad8910c481aa3d09bda2c441861 4437f5005fd3417c9cd65be0703b1d5a - - 2189ca4831b045c09946bd1f0b90583d 2189ca4831b045c09946bd1f0b90583d] 199.204.45.53 "GET /v2.0/ports?tenant_id=cdb337aa8f0845d1806d6eb3d9ac4eec&device_id=d70bd236-8ff6-4498-81a0-30d036c24c5a HTTP/1.1" status: 200 len: 1407 time: 0.0460641
2026-06-23 19:52:01.105 9 WARNING neutron.plugins.ml2.drivers.ovn.mech_driver.ovsdb.ovn_client [None req-417f25e2-76d0-457c-9acd-6e14122ef163 - - - - - -] No hosting information found for port c0e250f1-e7d4-4905-b29a-6131e2a11299: RuntimeError: No hosting information found for port c0e250f1-e7d4-4905-b29a-6131e2a11299
2026-06-23 19:52:01.105 9 INFO neutron.plugins.ml2.drivers.ovn.mech_driver.mech_driver [None req-417f25e2-76d0-457c-9acd-6e14122ef163 - - - - - -] OVN reports status up for port: beaa11f9-5b2f-48e2-b1b1-ce2418d55ab1
2026-06-23 19:52:01.119 9 INFO neutron.plugins.ml2.plugin [None req-417f25e2-76d0-457c-9acd-6e14122ef163 - - - - - -] Attempt 1 to provision port beaa11f9-5b2f-48e2-b1b1-ce2418d55ab1
2026-06-23 19:52:01.158 10 INFO neutron.wsgi [req-de52b579-52c9-40b3-ba58-811433c9150e req-0ace74db-4699-4512-94d4-6e1d528bcba2 26f508135dea4646a3f3d1064a4a1f28 b73b2b087f714c78950cc4aa97bc43ce - - default default] 10.0.0.12 "GET /v2.0/networks?id=72473baa-7c71-461f-819d-e340c43ef253 HTTP/1.1" status: 200 len: 875 time: 0.0853446
2026-06-23 19:52:01.180 10 INFO neutron.wsgi [req-de52b579-52c9-40b3-ba58-811433c9150e req-c0c6b7fd-9cdc-45d9-96bc-1f8fab45bbda 26f508135dea4646a3f3d1064a4a1f28 b73b2b087f714c78950cc4aa97bc43ce - - default default] 10.0.0.12 "GET /v2.0/quotas/b73b2b087f714c78950cc4aa97bc43ce HTTP/1.1" status: 200 len: 491 time: 0.0126874
2026-06-23 19:52:01.192 9 INFO neutron.wsgi [req-998ebb95-8531-4239-8203-46cb0b5e7c9d req-2173b778-ff5d-471d-b075-df85e15dfb47 3b20aad8910c481aa3d09bda2c441861 4437f5005fd3417c9cd65be0703b1d5a - - 2189ca4831b045c09946bd1f0b90583d 2189ca4831b045c09946bd1f0b90583d] 199.204.45.53 "GET /v2.0/networks?id=e837e96d-439f-4ff1-9218-e252209cdcde HTTP/1.1" status: 200 len: 973 time: 0.0828671
2026-06-23 19:52:01.259 9 INFO neutron.wsgi [req-998ebb95-8531-4239-8203-46cb0b5e7c9d req-144466e7-b9a3-472e-9961-870d5e448ccd 3b20aad8910c481aa3d09bda2c441861 4437f5005fd3417c9cd65be0703b1d5a - - 2189ca4831b045c09946bd1f0b90583d 2189ca4831b045c09946bd1f0b90583d] 199.204.45.53 "GET /v2.0/floatingips?fixed_ip_address=10.100.0.6&port_id=0322ed4c-5a3d-4f92-9470-86ac4c3c07a7 HTTP/1.1" status: 200 len: 217 time: 0.0561719
2026-06-23 19:52:01.289 10 INFO neutron.wsgi [req-cdfbbd86-d8b5-457f-8b3d-086e6b827fc8 req-68134ea2-ce10-4629-ab12-c950f3772bf6 e1a0d1fd5af248e6a682318fd87fffc2 cdb337aa8f0845d1806d6eb3d9ac4eec - - default default] 10.0.0.12 "GET /v2.0/ports?device_id=d70bd236-8ff6-4498-81a0-30d036c24c5a HTTP/1.1" status: 200 len: 1168 time: 0.0952594
2026-06-23 19:52:01.334 9 INFO neutron.wsgi [req-998ebb95-8531-4239-8203-46cb0b5e7c9d req-c25641b7-f3fa-4567-8ed0-42a341b62123 3b20aad8910c481aa3d09bda2c441861 4437f5005fd3417c9cd65be0703b1d5a - - 2189ca4831b045c09946bd1f0b90583d 2189ca4831b045c09946bd1f0b90583d] 199.204.45.53 "GET /v2.0/subnets?id=10648235-4c5e-4bd4-8173-fefdaff1bdbc HTTP/1.1" status: 200 len: 868 time: 0.0706103
2026-06-23 19:52:01.375 9 INFO neutron.wsgi [req-998ebb95-8531-4239-8203-46cb0b5e7c9d req-2e71eced-1f4c-422d-8fde-18f2a4f0da9a 3b20aad8910c481aa3d09bda2c441861 4437f5005fd3417c9cd65be0703b1d5a - - 2189ca4831b045c09946bd1f0b90583d 2189ca4831b045c09946bd1f0b90583d] 199.204.45.53 "GET /v2.0/ports?network_id=e837e96d-439f-4ff1-9218-e252209cdcde&device_owner=network%3Adhcp HTTP/1.1" status: 200 len: 210 time: 0.0347736
2026-06-23 19:52:01.396 10 INFO neutron.wsgi [req-de52b579-52c9-40b3-ba58-811433c9150e req-f3262eaf-d2e2-4af0-9e5a-b5c07df204fe 26f508135dea4646a3f3d1064a4a1f28 b73b2b087f714c78950cc4aa97bc43ce - - default default] 10.0.0.12 "GET /v2.0/ports?tenant_id=b73b2b087f714c78950cc4aa97bc43ce&fields=id HTTP/1.1" status: 200 len: 302 time: 0.2031851
2026-06-23 19:52:01.399 10 INFO neutron.wsgi [req-cdfbbd86-d8b5-457f-8b3d-086e6b827fc8 req-a361ec0f-0737-4e7c-b91b-8b9fe399c82f e1a0d1fd5af248e6a682318fd87fffc2 cdb337aa8f0845d1806d6eb3d9ac4eec - - default default] 10.0.0.12 "GET /v2.0/security-groups?id=6509bda4-a056-4477-bd85-66ace9eddf64&fields=id&fields=name HTTP/1.1" status: 200 len: 312 time: 0.0976975
2026-06-23 19:52:01.460 9 INFO neutron.wsgi [req-998ebb95-8531-4239-8203-46cb0b5e7c9d req-63cdf725-4d62-4491-8c52-65d345aceb6b 3b20aad8910c481aa3d09bda2c441861 4437f5005fd3417c9cd65be0703b1d5a - - 2189ca4831b045c09946bd1f0b90583d 2189ca4831b045c09946bd1f0b90583d] 199.204.45.53 "GET /v2.0/networks/e837e96d-439f-4ff1-9218-e252209cdcde?fields=segments HTTP/1.1" status: 200 len: 212 time: 0.0784929
2026-06-23 19:52:01.474 10 INFO neutron.wsgi [req-de52b579-52c9-40b3-ba58-811433c9150e req-ac5c347d-5f0d-4d84-90ce-c38961d859d5 3b20aad8910c481aa3d09bda2c441861 4437f5005fd3417c9cd65be0703b1d5a - - 2189ca4831b045c09946bd1f0b90583d 2189ca4831b045c09946bd1f0b90583d] 10.0.0.12 "GET /v2.0/networks/72473baa-7c71-461f-819d-e340c43ef253?fields=segments HTTP/1.1" status: 200 len: 212 time: 0.0714824
2026-06-23 19:52:01.544 9 INFO neutron.wsgi [req-998ebb95-8531-4239-8203-46cb0b5e7c9d req-215c0cc4-63e9-4620-9747-6d9434689fe3 3b20aad8910c481aa3d09bda2c441861 4437f5005fd3417c9cd65be0703b1d5a - - 2189ca4831b045c09946bd1f0b90583d 2189ca4831b045c09946bd1f0b90583d] 199.204.45.53 "GET /v2.0/networks/e837e96d-439f-4ff1-9218-e252209cdcde?fields=provider%3Aphysical_network&fields=provider%3Anetwork_type HTTP/1.1" status: 200 len: 277 time: 0.0776572
2026-06-23 19:52:01.574 10 INFO neutron.wsgi [req-de52b579-52c9-40b3-ba58-811433c9150e req-977565e8-118c-42ef-ad82-6444f081fd73 3b20aad8910c481aa3d09bda2c441861 4437f5005fd3417c9cd65be0703b1d5a - - 2189ca4831b045c09946bd1f0b90583d 2189ca4831b045c09946bd1f0b90583d] 10.0.0.12 "GET /v2.0/networks/72473baa-7c71-461f-819d-e340c43ef253?fields=provider%3Aphysical_network&fields=provider%3Anetwork_type HTTP/1.1" status: 200 len: 277 time: 0.0924425
2026-06-23 19:52:01.666 9 INFO neutron.db.ovn_revision_numbers_db [None req-417f25e2-76d0-457c-9acd-6e14122ef163 - - - - - -] Successfully bumped revision number for resource beaa11f9-5b2f-48e2-b1b1-ce2418d55ab1 (type: ports) to 2 /var/lib/openstack/lib/python3.10/site-packages/pycadf/identifier.py:71: UserWarning: Invalid uuid: neutron. To ensure interoperability, identifiers should be a valid uuid. warnings.warn(('Invalid uuid: %s. To ensure interoperability, '
2026-06-23 19:52:01.718 10 INFO neutron.wsgi [req-cf29607a-794e-4a64-a339-5aecc705dcf3 req-46a63555-b65d-46d2-baab-9359e1d1bd8b 26f508135dea4646a3f3d1064a4a1f28 b73b2b087f714c78950cc4aa97bc43ce - - default default] 10.0.0.12 "GET /v2.0/ports?device_id=67d0b7f3-093e-49a6-8e3e-45b4e3a14e4e HTTP/1.1" status: 200 len: 210 time: 0.0319321
2026-06-23 19:52:01.722 10 INFO neutron.wsgi [None req-e42ba9e1-3de8-4204-8192-ad3d3779e09c 773ec336ea904542a02c40d1986e797a 1ba1318ebb26460a88f5354e90ecc267 - - default default] 10.0.0.84 "PUT /v2.0/routers/b1006b7f-429b-4cd9-a689-cc32ba8255e4/remove_router_interface HTTP/1.1" status: 200 len: 503 time: 0.9884734
2026-06-23 19:52:01.823 10 INFO neutron.wsgi [None req-1236c2d0-d721-4562-a191-641fc8a94a96 773ec336ea904542a02c40d1986e797a 1ba1318ebb26460a88f5354e90ecc267 - - default default] 10.0.0.84 "GET /v2.0/ports/c0e250f1-e7d4-4905-b29a-6131e2a11299 HTTP/1.1" status: 200 len: 1137 time: 0.0962367
2026-06-23 19:52:01.825 9 INFO neutron.db.ovn_revision_numbers_db [None req-417f25e2-76d0-457c-9acd-6e14122ef163 - - - - - -] Successfully bumped revision number for resource beaa11f9-5b2f-48e2-b1b1-ce2418d55ab1 (type: router_ports) to 2
2026-06-23 19:52:02.440 9 INFO neutron.wsgi [req-de52b579-52c9-40b3-ba58-811433c9150e req-73ce0e35-ae0e-415f-b312-75cb534bf101 26f508135dea4646a3f3d1064a4a1f28 b73b2b087f714c78950cc4aa97bc43ce - - default default] 199.204.45.53 "GET /v2.0/networks?id=72473baa-7c71-461f-819d-e340c43ef253 HTTP/1.1" status: 200 len: 875 time: 0.0715127
2026-06-23 19:52:02.453 9 WARNING neutron_lib.context [req-de52b579-52c9-40b3-ba58-811433c9150e req-86942e97-f4e2-498d-9a41-871c9354303a 26f508135dea4646a3f3d1064a4a1f28 b73b2b087f714c78950cc4aa97bc43ce - - default default] Method 'is_advsvc' is deprecated since 2023.2 release (neutron-lib 3.8.0) and will be removed once support for the old RBAC API policies will be removed from Neutron. Please use method 'is_service_role' instead.
2026-06-23 19:52:02.540 10 INFO neutron.wsgi [req-fc0e6ff0-4adb-47b9-aaea-c36505bf50c5 req-215a3cf6-f8dc-4e9e-8201-aa685079ad28 e1a0d1fd5af248e6a682318fd87fffc2 cdb337aa8f0845d1806d6eb3d9ac4eec - - default default] 10.0.0.12 "GET /v2.0/ports?device_id=d70bd236-8ff6-4498-81a0-30d036c24c5a HTTP/1.1" status: 200 len: 1168 time: 0.0474877
2026-06-23 19:52:02.589 10 INFO neutron.wsgi [req-fc0e6ff0-4adb-47b9-aaea-c36505bf50c5 req-698acfc5-0c1e-4259-8e23-3a74b7e0bfe7 e1a0d1fd5af248e6a682318fd87fffc2 cdb337aa8f0845d1806d6eb3d9ac4eec - - default default] 10.0.0.12 "GET /v2.0/security-groups?id=6509bda4-a056-4477-bd85-66ace9eddf64&fields=id&fields=name HTTP/1.1" status: 200 len: 312 time: 0.0399351
2026-06-23 19:52:02.650 9 INFO neutron.wsgi [None req-8f04612d-7897-4120-baf9-c9d7ad738d4f 773ec336ea904542a02c40d1986e797a 1ba1318ebb26460a88f5354e90ecc267 - - default default] 10.0.0.84 "PUT /v2.0/routers/b1006b7f-429b-4cd9-a689-cc32ba8255e4/remove_router_interface HTTP/1.1" status: 200 len: 503 time: 0.8204892 /var/lib/openstack/lib/python3.10/site-packages/pycadf/identifier.py:71: UserWarning: Invalid uuid: neutron. To ensure interoperability, identifiers should be a valid uuid. warnings.warn(('Invalid uuid: %s. To ensure interoperability, '
2026-06-23 19:52:02.679 9 INFO neutron.wsgi [None req-149e9051-633b-4921-8fd7-d1884c840035 773ec336ea904542a02c40d1986e797a 1ba1318ebb26460a88f5354e90ecc267 - - default default] 10.0.0.84 "GET /v2.0/ports?device_id=b1006b7f-429b-4cd9-a689-cc32ba8255e4 HTTP/1.1" status: 200 len: 205 time: 0.0224955
2026-06-23 19:52:02.819 10 INFO neutron.wsgi [req-d1051551-29b3-4403-8827-206431f689fd req-163fed58-08d8-4660-b289-578a315343e7 26f508135dea4646a3f3d1064a4a1f28 b73b2b087f714c78950cc4aa97bc43ce - - default default] 10.0.0.12 "GET /v2.0/ports?device_id=67d0b7f3-093e-49a6-8e3e-45b4e3a14e4e HTTP/1.1" status: 200 len: 210 time: 0.0293202
2026-06-23 19:52:02.944 9 WARNING neutron.scheduler.dhcp_agent_scheduler [req-de52b579-52c9-40b3-ba58-811433c9150e req-86942e97-f4e2-498d-9a41-871c9354303a 26f508135dea4646a3f3d1064a4a1f28 b73b2b087f714c78950cc4aa97bc43ce - - default default] No more DHCP agents
2026-06-23 19:52:02.947 9 WARNING neutron.api.rpc.agentnotifiers.dhcp_rpc_agent_api [req-de52b579-52c9-40b3-ba58-811433c9150e req-86942e97-f4e2-498d-9a41-871c9354303a 26f508135dea4646a3f3d1064a4a1f28 b73b2b087f714c78950cc4aa97bc43ce - - default default] Unable to schedule network 72473baa-7c71-461f-819d-e340c43ef253: no agents available; will retry on subsequent port and subnet creation events.
2026-06-23 19:52:03.004 10 INFO neutron.wsgi [None req-15e76536-5b4b-4793-952b-7c296c7fc60f 773ec336ea904542a02c40d1986e797a 1ba1318ebb26460a88f5354e90ecc267 - - default default] 10.0.0.84 "DELETE /v2.0/routers/b1006b7f-429b-4cd9-a689-cc32ba8255e4 HTTP/1.1" status: 204 len: 168 time: 0.3201478
2026-06-23 19:52:03.129 9 INFO neutron.db.ovn_revision_numbers_db [req-de52b579-52c9-40b3-ba58-811433c9150e req-86942e97-f4e2-498d-9a41-871c9354303a 26f508135dea4646a3f3d1064a4a1f28 b73b2b087f714c78950cc4aa97bc43ce - - default default] Successfully bumped revision number for resource 6af059de-7d15-44a9-b95d-facb9c735b3f (type: ports) to 1
2026-06-23 19:52:03.157 9 INFO neutron.wsgi [req-de52b579-52c9-40b3-ba58-811433c9150e req-86942e97-f4e2-498d-9a41-871c9354303a 26f508135dea4646a3f3d1064a4a1f28 b73b2b087f714c78950cc4aa97bc43ce - - default default] 199.204.45.53 "POST /v2.0/ports HTTP/1.1" status: 201 len: 1158 time: 0.7093346 /var/lib/openstack/lib/python3.10/site-packages/pycadf/identifier.py:71: UserWarning: Invalid uuid: neutron. To ensure interoperability, identifiers should be a valid uuid. warnings.warn(('Invalid uuid: %s. To ensure interoperability, '
2026-06-23 19:52:03.247 10 INFO neutron.wsgi [None req-d59ccea3-57ad-496e-a47d-b7906732eb65 773ec336ea904542a02c40d1986e797a 1ba1318ebb26460a88f5354e90ecc267 - - default default] 10.0.0.84 "DELETE /v2.0/subnets/b8c24921-cf67-4403-a6da-783c22669842 HTTP/1.1" status: 204 len: 168 time: 0.2385862
2026-06-23 19:52:03.455 10 INFO neutron.wsgi [None req-1f7f514d-0e54-4ee4-a15b-880bf658d5ad 773ec336ea904542a02c40d1986e797a 1ba1318ebb26460a88f5354e90ecc267 - - default default] 10.0.0.84 "DELETE /v2.0/subnets/25fdbdf6-9a88-407a-8cc8-6f7b567355cf HTTP/1.1" status: 204 len: 168 time: 0.2027681
2026-06-23 19:52:03.526 9 INFO neutron.db.ovn_revision_numbers_db [req-de52b579-52c9-40b3-ba58-811433c9150e req-980a1669-4854-49a4-b599-c83ea865dfe3 3b20aad8910c481aa3d09bda2c441861 4437f5005fd3417c9cd65be0703b1d5a - - 2189ca4831b045c09946bd1f0b90583d 2189ca4831b045c09946bd1f0b90583d] Successfully bumped revision number for resource 6af059de-7d15-44a9-b95d-facb9c735b3f (type: ports) to 2
2026-06-23 19:52:03.744 9 INFO neutron.db.ovn_revision_numbers_db [req-de52b579-52c9-40b3-ba58-811433c9150e req-980a1669-4854-49a4-b599-c83ea865dfe3 3b20aad8910c481aa3d09bda2c441861 4437f5005fd3417c9cd65be0703b1d5a - - 2189ca4831b045c09946bd1f0b90583d 2189ca4831b045c09946bd1f0b90583d] Successfully bumped revision number for resource 6af059de-7d15-44a9-b95d-facb9c735b3f (type: ports) to 2
2026-06-23 19:52:03.763 9 INFO neutron.wsgi [req-de52b579-52c9-40b3-ba58-811433c9150e req-980a1669-4854-49a4-b599-c83ea865dfe3 3b20aad8910c481aa3d09bda2c441861 4437f5005fd3417c9cd65be0703b1d5a - - 2189ca4831b045c09946bd1f0b90583d 2189ca4831b045c09946bd1f0b90583d] 199.204.45.53 "PUT /v2.0/ports/6af059de-7d15-44a9-b95d-facb9c735b3f HTTP/1.1" status: 200 len: 1376 time: 0.5993829
2026-06-23 19:52:03.801 9 INFO neutron.notifiers.nova [-] Nova event matching ['req-e2ccdd73-b1b5-40b1-87c7-35b34fc8ac7c'] response: {'name': 'network-changed', 'server_uuid': '67d0b7f3-093e-49a6-8e3e-45b4e3a14e4e', 'tag': '6af059de-7d15-44a9-b95d-facb9c735b3f', 'status': 'completed', 'code': 200}
2026-06-23 19:52:03.809 10 INFO neutron.wsgi [req-e4703d0c-4657-49e2-ae7b-d3af7daaa8b6 req-64ff6cbc-499e-458b-b75d-046a1682f8a3 e1a0d1fd5af248e6a682318fd87fffc2 cdb337aa8f0845d1806d6eb3d9ac4eec - - default default] 10.0.0.12 "GET /v2.0/ports?device_id=d70bd236-8ff6-4498-81a0-30d036c24c5a HTTP/1.1" status: 200 len: 1168 time: 0.1588750 /var/lib/openstack/lib/python3.10/site-packages/pycadf/identifier.py:71: UserWarning: Invalid uuid: neutron. To ensure interoperability, identifiers should be a valid uuid. warnings.warn(('Invalid uuid: %s. To ensure interoperability, '
2026-06-23 19:52:03.881 10 INFO neutron.services.segments.plugin [-] Segment 9a764307-1ca1-4b86-9541-ac3d29cbefea resource provider aggregate not found
2026-06-23 19:52:03.887 10 INFO neutron.services.segments.plugin [-] Segment 9a764307-1ca1-4b86-9541-ac3d29cbefea resource provider aggregate not found
2026-06-23 19:52:03.904 10 INFO neutron.services.segments.plugin [-] Segment 9a764307-1ca1-4b86-9541-ac3d29cbefea resource provider not found; error: Placement Client Error (4xx): {"errors": [{"status": 404, "title": "Not Found", "detail": "The resource could not be found.\n\n No resource provider with uuid 9a764307-1ca1-4b86-9541-ac3d29cbefea found for delete ", "request_id": "req-49b32a92-ba71-420c-b750-bbf603d9f502"}]}
2026-06-23 19:52:03.905 10 INFO neutron.services.segments.plugin [-] Segment 9a764307-1ca1-4b86-9541-ac3d29cbefea resource provider not found; error: Placement Client Error (4xx): {"errors": [{"status": 404, "title": "Not Found", "detail": "The resource could not be found.\n\n No resource provider with uuid 9a764307-1ca1-4b86-9541-ac3d29cbefea found for delete ", "request_id": "req-f3789bfb-9d59-4f5b-8d98-f357781ab0fc"}]}
2026-06-23 19:52:03.908 10 INFO neutron.wsgi [req-e4703d0c-4657-49e2-ae7b-d3af7daaa8b6 req-8333a4bf-0783-4dc1-b916-ac72ccb7eb2a e1a0d1fd5af248e6a682318fd87fffc2 cdb337aa8f0845d1806d6eb3d9ac4eec - - default default] 10.0.0.12 "GET /v2.0/security-groups?id=6509bda4-a056-4477-bd85-66ace9eddf64&fields=id&fields=name HTTP/1.1" status: 200 len: 312 time: 0.0904469
2026-06-23 19:52:03.938 10 INFO neutron.wsgi [None req-6e7783ea-d6fb-405e-a0ec-892acff5dc53 773ec336ea904542a02c40d1986e797a 1ba1318ebb26460a88f5354e90ecc267 - - default default] 10.0.0.84 "DELETE /v2.0/networks/699299f6-0876-46ff-a63f-c1b48710d00f HTTP/1.1" status: 204 len: 168 time: 0.4767118
2026-06-23 19:52:03.947 10 INFO neutron.wsgi [req-2a4066ca-78b5-427e-b142-7c14b5149213 req-ade1f608-f920-4443-bad2-fa4bfc0e3525 26f508135dea4646a3f3d1064a4a1f28 b73b2b087f714c78950cc4aa97bc43ce - - default default] 10.0.0.12 "GET /v2.0/ports?device_id=67d0b7f3-093e-49a6-8e3e-45b4e3a14e4e HTTP/1.1" status: 200 len: 1168 time: 0.0545590
2026-06-23 19:52:04.026 10 INFO neutron.wsgi [req-2a4066ca-78b5-427e-b142-7c14b5149213 req-b1fab371-a207-4d6f-9f7e-1d05d5687d3c 26f508135dea4646a3f3d1064a4a1f28 b73b2b087f714c78950cc4aa97bc43ce - - default default] 10.0.0.12 "GET /v2.0/security-groups?id=67d2cacc-7b82-4687-873e-e6dcc198280d&fields=id&fields=name HTTP/1.1" status: 200 len: 286 time: 0.0721111
2026-06-23 19:52:04.113 9 INFO neutron.wsgi [req-de52b579-52c9-40b3-ba58-811433c9150e req-2f8c3fcb-19f6-4d31-8db5-f17f345e7f8f 3b20aad8910c481aa3d09bda2c441861 4437f5005fd3417c9cd65be0703b1d5a - - 2189ca4831b045c09946bd1f0b90583d 2189ca4831b045c09946bd1f0b90583d] 199.204.45.53 "GET /v2.0/ports?tenant_id=b73b2b087f714c78950cc4aa97bc43ce&device_id=67d0b7f3-093e-49a6-8e3e-45b4e3a14e4e HTTP/1.1" status: 200 len: 1407 time: 0.2936218
2026-06-23 19:52:04.143 9 INFO neutron.wsgi [req-de52b579-52c9-40b3-ba58-811433c9150e req-bd6d8459-0289-463d-a5cc-5c0b0227f69f 3b20aad8910c481aa3d09bda2c441861 4437f5005fd3417c9cd65be0703b1d5a - - 2189ca4831b045c09946bd1f0b90583d 2189ca4831b045c09946bd1f0b90583d] 199.204.45.53 "GET /v2.0/floatingips?fixed_ip_address=10.100.0.5&port_id=6af059de-7d15-44a9-b95d-facb9c735b3f HTTP/1.1" status: 200 len: 217 time: 0.0225034
2026-06-23 19:52:04.180 9 INFO neutron.wsgi [req-de52b579-52c9-40b3-ba58-811433c9150e req-be6c0204-a91d-4080-a043-4684334fcdbd 3b20aad8910c481aa3d09bda2c441861 4437f5005fd3417c9cd65be0703b1d5a - - 2189ca4831b045c09946bd1f0b90583d 2189ca4831b045c09946bd1f0b90583d] 199.204.45.53 "GET /v2.0/subnets?id=c7352c78-547e-4201-9295-1eabcd017c47 HTTP/1.1" status: 200 len: 869 time: 0.0296659
2026-06-23 19:52:04.203 9 INFO neutron.wsgi [req-de52b579-52c9-40b3-ba58-811433c9150e req-a8801a9b-504f-4dd2-b43f-79b001730446 3b20aad8910c481aa3d09bda2c441861 4437f5005fd3417c9cd65be0703b1d5a - - 2189ca4831b045c09946bd1f0b90583d 2189ca4831b045c09946bd1f0b90583d] 199.204.45.53 "GET /v2.0/ports?network_id=72473baa-7c71-461f-819d-e340c43ef253&device_owner=network%3Adhcp HTTP/1.1" status: 200 len: 210 time: 0.0177491
2026-06-23 19:52:04.265 9 INFO neutron.wsgi [req-de52b579-52c9-40b3-ba58-811433c9150e req-ce139ecd-efda-4ca2-bcc1-6e50bd0fc6ba 3b20aad8910c481aa3d09bda2c441861 4437f5005fd3417c9cd65be0703b1d5a - - 2189ca4831b045c09946bd1f0b90583d 2189ca4831b045c09946bd1f0b90583d] 199.204.45.53 "GET /v2.0/networks/72473baa-7c71-461f-819d-e340c43ef253?fields=segments HTTP/1.1" status: 200 len: 212 time: 0.0550666
2026-06-23 19:52:04.329 9 INFO neutron.wsgi [req-de52b579-52c9-40b3-ba58-811433c9150e req-c71b631b-646c-4fc9-b5bb-b737da68fbc2 3b20aad8910c481aa3d09bda2c441861 4437f5005fd3417c9cd65be0703b1d5a - - 2189ca4831b045c09946bd1f0b90583d 2189ca4831b045c09946bd1f0b90583d] 199.204.45.53 "GET /v2.0/networks/72473baa-7c71-461f-819d-e340c43ef253?fields=provider%3Aphysical_network&fields=provider%3Anetwork_type HTTP/1.1" status: 200 len: 277 time: 0.0571008
2026-06-23 19:52:04.375 10 INFO neutron.wsgi [None req-dcefb972-1e31-4e31-997e-11a372c701f6 773ec336ea904542a02c40d1986e797a 1ba1318ebb26460a88f5354e90ecc267 - - default default] 10.0.0.84 "DELETE /v2.0/networks/9f91c147-259f-48e1-b82d-170d2800031f HTTP/1.1" status: 204 len: 168 time: 0.4267290
2026-06-23 19:52:04.385 10 WARNING neutron_lib.context [None req-1ed75d2c-a43e-4ed1-b248-35f3a85b6e30 773ec336ea904542a02c40d1986e797a 1ba1318ebb26460a88f5354e90ecc267 - - default default] Method 'is_advsvc' is deprecated since 2023.2 release (neutron-lib 3.8.0) and will be removed once support for the old RBAC API policies will be removed from Neutron. Please use method 'is_service_role' instead.
2026-06-23 19:52:04.409 9 INFO neutron.wsgi [req-7ea30f10-8d52-46ee-a993-1b218333b221 req-906fac43-670a-442d-bc47-679e26208897 3b20aad8910c481aa3d09bda2c441861 4437f5005fd3417c9cd65be0703b1d5a - - 2189ca4831b045c09946bd1f0b90583d 2189ca4831b045c09946bd1f0b90583d] 199.204.45.53 "GET /v2.0/ports?tenant_id=b73b2b087f714c78950cc4aa97bc43ce&device_id=67d0b7f3-093e-49a6-8e3e-45b4e3a14e4e HTTP/1.1" status: 200 len: 1407 time: 0.0376043
2026-06-23 19:52:04.486 10 INFO neutron.db.segments_db [None req-1ed75d2c-a43e-4ed1-b248-35f3a85b6e30 773ec336ea904542a02c40d1986e797a 1ba1318ebb26460a88f5354e90ecc267 - - default default] Added segment 01ee96c4-66b9-414d-96b2-bee389527ff9 of type geneve for network cc5b6545-854f-4be9-8f4c-b7be5d666736
2026-06-23 19:52:04.485 9 INFO neutron.wsgi [req-7ea30f10-8d52-46ee-a993-1b218333b221 req-a50cc73e-b499-4d64-bb8a-c03043b7e9fd 3b20aad8910c481aa3d09bda2c441861 4437f5005fd3417c9cd65be0703b1d5a - - 2189ca4831b045c09946bd1f0b90583d 2189ca4831b045c09946bd1f0b90583d] 199.204.45.53 "GET /v2.0/networks?id=72473baa-7c71-461f-819d-e340c43ef253 HTTP/1.1" status: 200 len: 974 time: 0.0683863
2026-06-23 19:52:04.550 9 INFO neutron.wsgi [req-7ea30f10-8d52-46ee-a993-1b218333b221 req-54c955f1-5bd6-4b1a-9763-b84f699da310 3b20aad8910c481aa3d09bda2c441861 4437f5005fd3417c9cd65be0703b1d5a - - 2189ca4831b045c09946bd1f0b90583d 2189ca4831b045c09946bd1f0b90583d] 199.204.45.53 "GET /v2.0/floatingips?fixed_ip_address=10.100.0.5&port_id=6af059de-7d15-44a9-b95d-facb9c735b3f HTTP/1.1" status: 200 len: 217 time: 0.0467255
2026-06-23 19:52:04.582 9 INFO neutron.wsgi [req-7ea30f10-8d52-46ee-a993-1b218333b221 req-26882a93-5ae6-41f4-879e-64f1ec286901 3b20aad8910c481aa3d09bda2c441861 4437f5005fd3417c9cd65be0703b1d5a - - 2189ca4831b045c09946bd1f0b90583d 2189ca4831b045c09946bd1f0b90583d] 199.204.45.53 "GET /v2.0/subnets?id=c7352c78-547e-4201-9295-1eabcd017c47 HTTP/1.1" status: 200 len: 869 time: 0.0256793
2026-06-23 19:52:04.629 9 INFO neutron.wsgi [req-7ea30f10-8d52-46ee-a993-1b218333b221 req-b1ee9f6c-2c29-465c-93a2-76aa2a48b032 3b20aad8910c481aa3d09bda2c441861 4437f5005fd3417c9cd65be0703b1d5a - - 2189ca4831b045c09946bd1f0b90583d 2189ca4831b045c09946bd1f0b90583d] 199.204.45.53 "GET /v2.0/ports?network_id=72473baa-7c71-461f-819d-e340c43ef253&device_owner=network%3Adhcp HTTP/1.1" status: 200 len: 210 time: 0.0408680
2026-06-23 19:52:04.634 10 INFO neutron.db.ovn_revision_numbers_db [None req-1ed75d2c-a43e-4ed1-b248-35f3a85b6e30 773ec336ea904542a02c40d1986e797a 1ba1318ebb26460a88f5354e90ecc267 - - default default] Successfully bumped revision number for resource cc5b6545-854f-4be9-8f4c-b7be5d666736 (type: networks) to 1
2026-06-23 19:52:04.703 9 INFO neutron.wsgi [req-7ea30f10-8d52-46ee-a993-1b218333b221 req-02704860-ceca-4e88-82f9-783bfc8f9e43 3b20aad8910c481aa3d09bda2c441861 4437f5005fd3417c9cd65be0703b1d5a - - 2189ca4831b045c09946bd1f0b90583d 2189ca4831b045c09946bd1f0b90583d] 199.204.45.53 "GET /v2.0/networks/72473baa-7c71-461f-819d-e340c43ef253?fields=segments HTTP/1.1" status: 200 len: 212 time: 0.0666897
2026-06-23 19:52:04.803 9 INFO neutron.wsgi [req-7ea30f10-8d52-46ee-a993-1b218333b221 req-0d4e18cc-87b8-459f-8466-ec3f7c213905 3b20aad8910c481aa3d09bda2c441861 4437f5005fd3417c9cd65be0703b1d5a - - 2189ca4831b045c09946bd1f0b90583d 2189ca4831b045c09946bd1f0b90583d] 199.204.45.53 "GET /v2.0/networks/72473baa-7c71-461f-819d-e340c43ef253?fields=provider%3Aphysical_network&fields=provider%3Anetwork_type HTTP/1.1" status: 200 len: 277 time: 0.0948761
2026-06-23 19:52:04.849 10 WARNING neutron.scheduler.dhcp_agent_scheduler [None req-1ed75d2c-a43e-4ed1-b248-35f3a85b6e30 773ec336ea904542a02c40d1986e797a 1ba1318ebb26460a88f5354e90ecc267 - - default default] No more DHCP agents
2026-06-23 19:52:04.852 10 WARNING neutron.api.rpc.agentnotifiers.dhcp_rpc_agent_api [None req-1ed75d2c-a43e-4ed1-b248-35f3a85b6e30 773ec336ea904542a02c40d1986e797a 1ba1318ebb26460a88f5354e90ecc267 - - default default] Unable to schedule network cc5b6545-854f-4be9-8f4c-b7be5d666736: no agents available; will retry on subsequent port and subnet creation events.
2026-06-23 19:52:04.951 10 INFO neutron.db.ovn_revision_numbers_db [None req-1ed75d2c-a43e-4ed1-b248-35f3a85b6e30 773ec336ea904542a02c40d1986e797a 1ba1318ebb26460a88f5354e90ecc267 - - default default] Successfully bumped revision number for resource 984f0bc0-7f77-43fd-b575-6a9440b301c6 (type: ports) to 1
2026-06-23 19:52:04.973 10 INFO neutron.wsgi [None req-1ed75d2c-a43e-4ed1-b248-35f3a85b6e30 773ec336ea904542a02c40d1986e797a 1ba1318ebb26460a88f5354e90ecc267 - - default default] 10.0.0.84 "POST /v2.0/networks HTTP/1.1" status: 201 len: 829 time: 0.5923214
2026-06-23 19:52:04.986 9 WARNING neutron_lib.context [None req-af80cc5d-c2c9-49c9-91ac-2088d6086d99 773ec336ea904542a02c40d1986e797a 1ba1318ebb26460a88f5354e90ecc267 - - default default] Method 'is_advsvc' is deprecated since 2023.2 release (neutron-lib 3.8.0) and will be removed once support for the old RBAC API policies will be removed from Neutron. Please use method 'is_service_role' instead.
2026-06-23 19:52:05.022 10 INFO neutron.wsgi [req-e6d24ceb-ee08-4ccd-8360-63b16b2b24e4 req-fa06f392-8d60-4adf-9dea-358e90d8a8df e1a0d1fd5af248e6a682318fd87fffc2 cdb337aa8f0845d1806d6eb3d9ac4eec - - default default] 10.0.0.12 "GET /v2.0/ports?device_id=d70bd236-8ff6-4498-81a0-30d036c24c5a HTTP/1.1" status: 200 len: 1168 time: 0.0455277
2026-06-23 19:52:05.077 10 INFO neutron.wsgi [req-e6d24ceb-ee08-4ccd-8360-63b16b2b24e4 req-ff789549-2606-43b5-af45-b6b9f7712da5 e1a0d1fd5af248e6a682318fd87fffc2 cdb337aa8f0845d1806d6eb3d9ac4eec - - default default] 10.0.0.12 "GET /v2.0/security-groups?id=6509bda4-a056-4477-bd85-66ace9eddf64&fields=id&fields=name HTTP/1.1" status: 200 len: 312 time: 0.0484149
2026-06-23 19:52:05.131 10 WARNING neutron.plugins.ml2.drivers.ovn.mech_driver.ovsdb.ovn_client [None req-7b52b48e-a412-4fb5-acdf-2f6eb947522b - - - - - -] No port found with ID ad32305b-aa1d-452f-a7fa-59ee3dd00021: RuntimeError: No port found with ID ad32305b-aa1d-452f-a7fa-59ee3dd00021
2026-06-23 19:52:05.132 10 INFO neutron.plugins.ml2.drivers.ovn.mech_driver.mech_driver [None req-7b52b48e-a412-4fb5-acdf-2f6eb947522b - - - - - -] OVN reports status up for port: 6af059de-7d15-44a9-b95d-facb9c735b3f
2026-06-23 19:52:05.145 10 INFO neutron.wsgi [req-3978dbff-de87-45f4-b52a-8f1c04612620 req-6d7c0521-a163-445a-83c0-f8f90bb08498 26f508135dea4646a3f3d1064a4a1f28 b73b2b087f714c78950cc4aa97bc43ce - - default default] 10.0.0.12 "GET /v2.0/ports?device_id=67d0b7f3-093e-49a6-8e3e-45b4e3a14e4e HTTP/1.1" status: 200 len: 1168 time: 0.0560875
2026-06-23 19:52:05.153 10 INFO neutron.plugins.ml2.plugin [None req-7b52b48e-a412-4fb5-acdf-2f6eb947522b - - - - - -] Attempt 1 to provision port 6af059de-7d15-44a9-b95d-facb9c735b3f
2026-06-23 19:52:05.206 10 INFO neutron.wsgi [req-3978dbff-de87-45f4-b52a-8f1c04612620 req-0658eb05-8e2a-44cc-b747-8a4d7f8e6ce2 26f508135dea4646a3f3d1064a4a1f28 b73b2b087f714c78950cc4aa97bc43ce - - default default] 10.0.0.12 "GET /v2.0/security-groups?id=67d2cacc-7b82-4687-873e-e6dcc198280d&fields=id&fields=name HTTP/1.1" status: 200 len: 286 time: 0.0552199
2026-06-23 19:52:05.238 9 WARNING neutron.scheduler.dhcp_agent_scheduler [None req-af80cc5d-c2c9-49c9-91ac-2088d6086d99 773ec336ea904542a02c40d1986e797a 1ba1318ebb26460a88f5354e90ecc267 - - default default] No more DHCP agents
