2026-06-23 19:53:38.057 10 INFO neutron.wsgi [None req-74e9e5cd-e66a-4422-91c2-d858917254dc ef11ee9cbff640a1ac8a529d9aaa34cd 6da302bea3354e2183b7348d06d131e6 - - default default] 10.0.0.84 "PUT /v2.0/ports/d035a141-4175-4443-bf45-98a655d24dd2/tags HTTP/1.1" status: 200 len: 218 time: 0.0808203
2026-06-23 19:53:38.132 10 INFO neutron.wsgi [None req-2f772297-1136-4243-9a64-3926bd21f8c0 ef11ee9cbff640a1ac8a529d9aaa34cd 6da302bea3354e2183b7348d06d131e6 - - default default] 10.0.0.84 "PUT /v2.0/ports/7a3cc223-06f3-42bf-b25a-ac3195f9afef/tags HTTP/1.1" status: 200 len: 227 time: 0.0697005
2026-06-23 19:53:38.137 10 INFO neutron.plugins.ml2.drivers.ovn.mech_driver.ovsdb.commands [None req-f35a1e2b-c908-449e-ad1f-0f715b7f0307 - - - - - -] Schedule LRP lrp-f050f620-c17f-4ef4-b323-e6b72ad460aa on gateway ad2832f5-cd9e-4d8d-8023-f7336ee95e61 with priority 1
2026-06-23 19:53:38.150 10 INFO neutron.plugins.ml2.drivers.ovn.mech_driver.mech_driver [None req-7b52b48e-a412-4fb5-acdf-2f6eb947522b - - - - - -] OVN reports status up for port: f050f620-c17f-4ef4-b323-e6b72ad460aa
2026-06-23 19:53:38.183 10 INFO neutron.plugins.ml2.drivers.ovn.mech_driver.ovsdb.ovsdb_monitor [None req-ec8d5d4b-b245-4b0d-951c-a4379bd7c419 - - - - - -] Router 12f5f161-1734-4db2-811a-d9a8eb1f2d5c is bound to host instance
2026-06-23 19:53:38.198 10 INFO neutron.plugins.ml2.plugin [None req-7b52b48e-a412-4fb5-acdf-2f6eb947522b - - - - - -] Attempt 1 to provision port f050f620-c17f-4ef4-b323-e6b72ad460aa
2026-06-23 19:53:38.236 10 INFO neutron.wsgi [None req-a5f4a8c2-16f9-415a-9073-dc2245fbbdf6 ef11ee9cbff640a1ac8a529d9aaa34cd 6da302bea3354e2183b7348d06d131e6 - - default default] 10.0.0.84 "PUT /v2.0/ports/05c56725-46d6-403e-a9bd-1c11c9f2009f/tags HTTP/1.1" status: 200 len: 212 time: 0.0973880
2026-06-23 19:53:38.242 10 INFO neutron.db.ovn_revision_numbers_db [None req-084edc28-ae3d-4fd9-8626-486071ecb68e dd03f1e6eb9548279a3a08a1f8d6f6e6 7e57a0bb6e7a470893e6e45ce8442e2c - - default default] Successfully bumped revision number for resource f050f620-c17f-4ef4-b323-e6b72ad460aa (type: router_ports) to 1
2026-06-23 19:53:38.540 9 INFO neutron.wsgi [None req-a6e14124-bdc0-4d6d-b037-e2bbafd6ec4f 2663fd7f428743218a35d6f4acc97356 6197daee7549488f88c0067ecbc830a6 - - default default] 10.0.0.84 "DELETE /v2.0/floatingips/de8279df-8c89-41bd-8bc1-986a50b5e11e HTTP/1.1" status: 204 len: 168 time: 0.5935686
2026-06-23 19:53:38.643 10 INFO neutron.db.ovn_revision_numbers_db [None req-084edc28-ae3d-4fd9-8626-486071ecb68e dd03f1e6eb9548279a3a08a1f8d6f6e6 7e57a0bb6e7a470893e6e45ce8442e2c - - default default] Successfully bumped revision number for resource 12f5f161-1734-4db2-811a-d9a8eb1f2d5c (type: routers) to 2
2026-06-23 19:53:38.671 10 INFO neutron.wsgi [None req-084edc28-ae3d-4fd9-8626-486071ecb68e dd03f1e6eb9548279a3a08a1f8d6f6e6 7e57a0bb6e7a470893e6e45ce8442e2c - - default default] 10.0.0.84 "POST /v2.0/routers HTTP/1.1" status: 201 len: 1164 time: 2.4280245
2026-06-23 19:53:38.735 10 INFO neutron.wsgi [None req-73e0b8b5-feb1-460a-b167-cd31641080e4 ef11ee9cbff640a1ac8a529d9aaa34cd 6da302bea3354e2183b7348d06d131e6 - - default default] 10.0.0.84 "GET /v2.0/ports?tags=red HTTP/1.1" status: 200 len: 2448 time: 0.4907629
2026-06-23 19:53:38.825 10 INFO neutron.wsgi [None req-1d9bd18f-fe2a-4b11-bf04-6250200c1fe6 ef11ee9cbff640a1ac8a529d9aaa34cd 6da302bea3354e2183b7348d06d131e6 - - default default] 10.0.0.84 "GET /v2.0/ports?tags=red%2Cblue HTTP/1.1" status: 200 len: 1708 time: 0.0840044
2026-06-23 19:53:38.898 10 INFO neutron.wsgi [None req-0027a4a6-dda1-4c78-9f1c-ecda31f9f876 ef11ee9cbff640a1ac8a529d9aaa34cd 6da302bea3354e2183b7348d06d131e6 - - default default] 10.0.0.84 "GET /v2.0/ports?tags-any=blue HTTP/1.1" status: 200 len: 1708 time: 0.0685515
2026-06-23 19:53:38.979 10 INFO neutron.wsgi [None req-e5aea590-b111-424f-b534-290cdc2e8592 ef11ee9cbff640a1ac8a529d9aaa34cd 6da302bea3354e2183b7348d06d131e6 - - default default] 10.0.0.84 "GET /v2.0/ports?tags-any=red%2Cblue HTTP/1.1" status: 200 len: 2448 time: 0.0761135
2026-06-23 19:53:39.045 9 INFO neutron.wsgi [None req-f78935cb-a1d5-4e6f-9a07-8ca1cb19e0b5 2663fd7f428743218a35d6f4acc97356 6197daee7549488f88c0067ecbc830a6 - - default default] 10.0.0.84 "DELETE /v2.0/floatingips/f2b221ca-e547-477b-836a-0c281e242220 HTTP/1.1" status: 204 len: 168 time: 0.5005779
2026-06-23 19:53:39.183 10 INFO neutron.wsgi [None req-e8f1d229-0cee-4f36-a642-753378ff7ce7 ef11ee9cbff640a1ac8a529d9aaa34cd 6da302bea3354e2183b7348d06d131e6 - - default default] 10.0.0.84 "GET /v2.0/ports?not-tags=red HTTP/1.1" status: 200 len: 5463 time: 0.1988325
2026-06-23 19:53:39.392 9 WARNING neutron.scheduler.dhcp_agent_scheduler [None req-de408c70-98a7-49b6-9958-a85088cc89fb dd03f1e6eb9548279a3a08a1f8d6f6e6 7e57a0bb6e7a470893e6e45ce8442e2c - - default default] No more DHCP agents
2026-06-23 19:53:39.396 9 WARNING neutron.api.rpc.agentnotifiers.dhcp_rpc_agent_api [None req-de408c70-98a7-49b6-9958-a85088cc89fb dd03f1e6eb9548279a3a08a1f8d6f6e6 7e57a0bb6e7a470893e6e45ce8442e2c - - default default] Unable to schedule network b9fc3fb0-a456-4419-871c-a30d7fce0a98: no agents available; will retry on subsequent port and subnet creation events.
2026-06-23 19:53:39.527 9 INFO neutron.wsgi [None req-8419cc4b-1c1b-4e78-9c71-a335e2e12d32 ef11ee9cbff640a1ac8a529d9aaa34cd 6da302bea3354e2183b7348d06d131e6 - - default default] 10.0.0.84 "GET /v2.0/ports?not-tags=red%2Cblue HTTP/1.1" status: 200 len: 6203 time: 0.3385272
2026-06-23 19:53:39.527 10 INFO neutron.db.ovn_revision_numbers_db [None req-ec8d5d4b-b245-4b0d-951c-a4379bd7c419 - - - - - -] Successfully bumped revision number for resource f050f620-c17f-4ef4-b323-e6b72ad460aa (type: ports) to 1
2026-06-23 19:53:39.627 9 INFO neutron.db.ovn_revision_numbers_db [None req-de408c70-98a7-49b6-9958-a85088cc89fb dd03f1e6eb9548279a3a08a1f8d6f6e6 7e57a0bb6e7a470893e6e45ce8442e2c - - default default] Successfully bumped revision number for resource 55f2e97e-af9e-4d12-baa6-63399e63ff7c (type: ports) to 1
2026-06-23 19:53:39.639 10 INFO neutron.wsgi [None req-215d675c-93f4-4cf9-8467-309dec04fdf7 ef11ee9cbff640a1ac8a529d9aaa34cd 6da302bea3354e2183b7348d06d131e6 - - default default] 10.0.0.84 "GET /v2.0/ports?not-tags-any=blue HTTP/1.1" status: 200 len: 6203 time: 0.1068168
2026-06-23 19:53:39.708 10 INFO neutron.wsgi [None req-0649d01b-f848-4883-8dc2-da9c507a3f07 ef11ee9cbff640a1ac8a529d9aaa34cd 6da302bea3354e2183b7348d06d131e6 - - default default] 10.0.0.84 "GET /v2.0/ports?not-tags-any=red%2Cblue HTTP/1.1" status: 200 len: 5463 time: 0.0648541
2026-06-23 19:53:40.267 9 ERROR ovsdbapp.backend.ovs_idl.command [None req-de408c70-98a7-49b6-9958-a85088cc89fb dd03f1e6eb9548279a3a08a1f8d6f6e6 7e57a0bb6e7a470893e6e45ce8442e2c - - default default] Error executing command (DbGetCommand): ovsdbapp.backend.ovs_idl.idlutils.RowNotFound: Cannot find Logical_Router_Port with name=lrp-55f2e97e-af9e-4d12-baa6-63399e63ff7c
2026-06-23 19:53:40.267 9 ERROR ovsdbapp.backend.ovs_idl.command
Traceback (most recent call last):
2026-06-23 19:53:40.267 9 ERROR ovsdbapp.backend.ovs_idl.command
File "/var/lib/openstack/lib/python3.10/site-packages/ovsdbapp/backend/ovs_idl/command.py", line 47, in execute
2026-06-23 19:53:40.267 9 ERROR ovsdbapp.backend.ovs_idl.command self.run_idl(None)
2026-06-23 19:53:40.267 9 ERROR ovsdbapp.backend.ovs_idl.command
File "/var/lib/openstack/lib/python3.10/site-packages/ovsdbapp/backend/ovs_idl/command.py", line 235, in run_idl
2026-06-23 19:53:40.267 9 ERROR ovsdbapp.backend.ovs_idl.command record = self.api.lookup(self.table, self.record)
2026-06-23 19:53:40.267 9 ERROR ovsdbapp.backend.ovs_idl.command
File "/var/lib/openstack/lib/python3.10/site-packages/ovsdbapp/backend/ovs_idl/__init__.py", line 184, in lookup
2026-06-23 19:53:40.267 9 ERROR ovsdbapp.backend.ovs_idl.command return self._lookup(table, record)
2026-06-23 19:53:40.267 9 ERROR ovsdbapp.backend.ovs_idl.command
File "/var/lib/openstack/lib/python3.10/site-packages/ovsdbapp/backend/ovs_idl/__init__.py", line 235, in _lookup
2026-06-23 19:53:40.267 9 ERROR ovsdbapp.backend.ovs_idl.command row = idlutils.row_by_value(self, rl.table, rl.column, record)
2026-06-23 19:53:40.267 9 ERROR ovsdbapp.backend.ovs_idl.command
File "/var/lib/openstack/lib/python3.10/site-packages/ovsdbapp/backend/ovs_idl/idlutils.py", line 114, in row_by_value
2026-06-23 19:53:40.267 9 ERROR ovsdbapp.backend.ovs_idl.command raise RowNotFound(table=table, col=column, match=match)
2026-06-23 19:53:40.267 9 ERROR ovsdbapp.backend.ovs_idl.command ovsdbapp.backend.ovs_idl.idlutils.RowNotFound: Cannot find Logical_Router_Port with name=lrp-55f2e97e-af9e-4d12-baa6-63399e63ff7c
2026-06-23 19:53:40.267 9 ERROR ovsdbapp.backend.ovs_idl.command 
2026-06-23 19:53:40.268 9 ERROR neutron_lib.callbacks.manager [None req-de408c70-98a7-49b6-9958-a85088cc89fb dd03f1e6eb9548279a3a08a1f8d6f6e6 7e57a0bb6e7a470893e6e45ce8442e2c - - default default] Error during notification for neutron.services.ovn_l3.plugin.OVNL3RouterPlugin._port_update-8789294830310 port, after_update: ovsdbapp.backend.ovs_idl.idlutils.RowNotFound: Cannot find Logical_Router_Port with name=lrp-55f2e97e-af9e-4d12-baa6-63399e63ff7c
2026-06-23 19:53:40.268 9 ERROR neutron_lib.callbacks.manager
Traceback (most recent call last):
2026-06-23 19:53:40.268 9 ERROR neutron_lib.callbacks.manager
File "/var/lib/openstack/lib/python3.10/site-packages/neutron_lib/callbacks/manager.py", line 189, in _notify_loop
2026-06-23 19:53:40.268 9 ERROR neutron_lib.callbacks.manager callback.method(resource, event, trigger, payload=payload)
2026-06-23 19:53:40.268 9 ERROR neutron_lib.callbacks.manager
File "/var/lib/openstack/lib/python3.10/site-packages/neutron/services/ovn_l3/plugin.py", line 391, in _port_update
2026-06-23 19:53:40.268 9 ERROR neutron_lib.callbacks.manager l3plugin._ovn_client.update_router_port(context,
2026-06-23 19:53:40.268 9 ERROR neutron_lib.callbacks.manager
File "/var/lib/openstack/lib/python3.10/site-packages/neutron/plugins/ml2/drivers/ovn/mech_driver/ovsdb/ovn_client.py", line 1878, in update_router_port
2026-06-23 19:53:40.268 9 ERROR neutron_lib.callbacks.manager self._update_lrouter_port(context, port, if_exists=if_exists,
2026-06-23 19:53:40.268 9 ERROR neutron_lib.callbacks.manager
File "/var/lib/openstack/lib/python3.10/site-packages/neutron/plugins/ml2/drivers/ovn/mech_driver/ovsdb/ovn_client.py", line 1855, in _update_lrouter_port
2026-06-23 19:53:40.268 9 ERROR neutron_lib.callbacks.manager external_ids = self._nb_idl.db_get(
2026-06-23 19:53:40.268 9 ERROR neutron_lib.callbacks.manager
File "/var/lib/openstack/lib/python3.10/site-packages/ovsdbapp/backend/ovs_idl/command.py", line 47, in execute
2026-06-23 19:53:40.268 9 ERROR neutron_lib.callbacks.manager self.run_idl(None)
2026-06-23 19:53:40.268 9 ERROR neutron_lib.callbacks.manager
File "/var/lib/openstack/lib/python3.10/site-packages/ovsdbapp/backend/ovs_idl/command.py", line 235, in run_idl
2026-06-23 19:53:40.268 9 ERROR neutron_lib.callbacks.manager record = self.api.lookup(self.table, self.record)
2026-06-23 19:53:40.268 9 ERROR neutron_lib.callbacks.manager
File "/var/lib/openstack/lib/python3.10/site-packages/ovsdbapp/backend/ovs_idl/__init__.py", line 184, in lookup
2026-06-23 19:53:40.268 9 ERROR neutron_lib.callbacks.manager return self._lookup(table, record)
2026-06-23 19:53:40.268 9 ERROR neutron_lib.callbacks.manager
File "/var/lib/openstack/lib/python3.10/site-packages/ovsdbapp/backend/ovs_idl/__init__.py", line 235, in _lookup
2026-06-23 19:53:40.268 9 ERROR neutron_lib.callbacks.manager row = idlutils.row_by_value(self, rl.table, rl.column, record)
2026-06-23 19:53:40.268 9 ERROR neutron_lib.callbacks.manager
File "/var/lib/openstack/lib/python3.10/site-packages/ovsdbapp/backend/ovs_idl/idlutils.py", line 114, in row_by_value
2026-06-23 19:53:40.268 9 ERROR neutron_lib.callbacks.manager raise RowNotFound(table=table, col=column, match=match)
2026-06-23 19:53:40.268 9 ERROR neutron_lib.callbacks.manager ovsdbapp.backend.ovs_idl.idlutils.RowNotFound: Cannot find Logical_Router_Port with name=lrp-55f2e97e-af9e-4d12-baa6-63399e63ff7c
2026-06-23 19:53:40.268 9 ERROR neutron_lib.callbacks.manager 
2026-06-23 19:53:40.352 10 INFO neutron.wsgi [None req-bc910d1a-2b8c-4573-b54d-2ec2802f9225 ef11ee9cbff640a1ac8a529d9aaa34cd 6da302bea3354e2183b7348d06d131e6 - - default default] 10.0.0.84 "DELETE /v2.0/ports/42c4b04a-fc0c-425b-b89c-5aec43e8c749 HTTP/1.1" status: 204 len: 168 time: 0.6352584
2026-06-23 19:53:40.355 9 INFO neutron.db.ovn_revision_numbers_db [None req-3a796323-eac7-4a62-ae43-5245efbaa9f7 dd03f1e6eb9548279a3a08a1f8d6f6e6 7e57a0bb6e7a470893e6e45ce8442e2c - - default default] Successfully bumped revision number for resource 98dc35e9-ae8b-47e6-a043-3b3852074945 (type: security_groups) to 1
2026-06-23 19:53:40.363 10 INFO neutron.db.ovn_revision_numbers_db [None req-ec8d5d4b-b245-4b0d-951c-a4379bd7c419 - - - - - -] Successfully bumped revision number for resource f050f620-c17f-4ef4-b323-e6b72ad460aa (type: router_ports) to 3
2026-06-23 19:53:40.380 9 INFO neutron.db.ovn_revision_numbers_db [None req-3a796323-eac7-4a62-ae43-5245efbaa9f7 dd03f1e6eb9548279a3a08a1f8d6f6e6 7e57a0bb6e7a470893e6e45ce8442e2c - - default default] Successfully bumped revision number for resource 14f988f7-efe2-4c7d-bac3-1516c3e0dd60 (type: security_group_rules) to 0
2026-06-23 19:53:40.398 9 INFO neutron.db.ovn_revision_numbers_db [None req-3a796323-eac7-4a62-ae43-5245efbaa9f7 dd03f1e6eb9548279a3a08a1f8d6f6e6 7e57a0bb6e7a470893e6e45ce8442e2c - - default default] Successfully bumped revision number for resource 31a2fd22-e71b-4ec8-a3bf-98c211998a1d (type: security_group_rules) to 0
2026-06-23 19:53:40.424 9 INFO neutron.db.ovn_revision_numbers_db [None req-3a796323-eac7-4a62-ae43-5245efbaa9f7 dd03f1e6eb9548279a3a08a1f8d6f6e6 7e57a0bb6e7a470893e6e45ce8442e2c - - default default] Successfully bumped revision number for resource 83a25dd2-2fbd-43c6-9a7a-36be01c5bd71 (type: security_group_rules) to 0
2026-06-23 19:53:40.450 9 INFO neutron.db.ovn_revision_numbers_db [None req-3a796323-eac7-4a62-ae43-5245efbaa9f7 dd03f1e6eb9548279a3a08a1f8d6f6e6 7e57a0bb6e7a470893e6e45ce8442e2c - - default default] Successfully bumped revision number for resource 8648a095-4f17-425e-9cb0-691c26174f78 (type: security_group_rules) to 0
2026-06-23 19:53:40.474 9 INFO neutron.wsgi [None req-3a796323-eac7-4a62-ae43-5245efbaa9f7 dd03f1e6eb9548279a3a08a1f8d6f6e6 7e57a0bb6e7a470893e6e45ce8442e2c - - default default] 10.0.0.84 "GET /v2.0/security-groups?tenant_id=6197daee7549488f88c0067ecbc830a6&name=default HTTP/1.1" status: 200 len: 3120 time: 0.5097542
2026-06-23 19:53:40.531 9 INFO neutron.db.ovn_revision_numbers_db [None req-de408c70-98a7-49b6-9958-a85088cc89fb dd03f1e6eb9548279a3a08a1f8d6f6e6 7e57a0bb6e7a470893e6e45ce8442e2c - - default default] Successfully bumped revision number for resource 55f2e97e-af9e-4d12-baa6-63399e63ff7c (type: ports) to 1
2026-06-23 19:53:40.622 9 WARNING neutron.scheduler.dhcp_agent_scheduler [None req-de408c70-98a7-49b6-9958-a85088cc89fb dd03f1e6eb9548279a3a08a1f8d6f6e6 7e57a0bb6e7a470893e6e45ce8442e2c - - default default] No more DHCP agents
2026-06-23 19:53:40.623 9 WARNING neutron.api.rpc.agentnotifiers.dhcp_rpc_agent_api [None req-de408c70-98a7-49b6-9958-a85088cc89fb dd03f1e6eb9548279a3a08a1f8d6f6e6 7e57a0bb6e7a470893e6e45ce8442e2c - - default default] Unable to schedule network b9fc3fb0-a456-4419-871c-a30d7fce0a98: no agents available; will retry on subsequent port and subnet creation events.
2026-06-23 19:53:40.651 10 INFO neutron.db.ovn_revision_numbers_db [None req-ec8d5d4b-b245-4b0d-951c-a4379bd7c419 - - - - - -] Successfully bumped revision number for resource f050f620-c17f-4ef4-b323-e6b72ad460aa (type: ports) to 2
2026-06-23 19:53:40.670 10 INFO neutron.wsgi [None req-6ee49629-bc31-45ff-9e64-f74c053d7f66 ef11ee9cbff640a1ac8a529d9aaa34cd 6da302bea3354e2183b7348d06d131e6 - - default default] 10.0.0.84 "DELETE /v2.0/ports/d035a141-4175-4443-bf45-98a655d24dd2 HTTP/1.1" status: 204 len: 168 time: 0.3138916
2026-06-23 19:53:40.767 9 INFO neutron.wsgi [None req-d16b007a-5266-41dc-a06b-c3741725d624 dd03f1e6eb9548279a3a08a1f8d6f6e6 7e57a0bb6e7a470893e6e45ce8442e2c - - default default] 10.0.0.84 "DELETE /v2.0/security-groups/98dc35e9-ae8b-47e6-a043-3b3852074945 HTTP/1.1" status: 204 len: 168 time: 0.2865753
2026-06-23 19:53:41.044 9 INFO neutron.db.ovn_revision_numbers_db [None req-46ba6296-b8aa-4007-af73-c4e877c303a6 dd03f1e6eb9548279a3a08a1f8d6f6e6 7e57a0bb6e7a470893e6e45ce8442e2c - - default default] Successfully bumped revision number for resource c7d881ef-eee1-43b4-86f1-e86525198821 (type: security_groups) to 1
2026-06-23 19:53:41.046 10 INFO neutron.wsgi [None req-f6fa0903-fa0f-4e87-be1d-55e1f3cb9742 ef11ee9cbff640a1ac8a529d9aaa34cd 6da302bea3354e2183b7348d06d131e6 - - default default] 10.0.0.84 "DELETE /v2.0/ports/7a3cc223-06f3-42bf-b25a-ac3195f9afef HTTP/1.1" status: 204 len: 168 time: 0.3700759
2026-06-23 19:53:41.075 9 INFO neutron.db.ovn_revision_numbers_db [None req-46ba6296-b8aa-4007-af73-c4e877c303a6 dd03f1e6eb9548279a3a08a1f8d6f6e6 7e57a0bb6e7a470893e6e45ce8442e2c - - default default] Successfully bumped revision number for resource 104a4524-f70a-4443-bc58-8c4f8317b3d3 (type: security_group_rules) to 0
2026-06-23 19:53:41.099 10 INFO neutron.plugins.ml2.drivers.ovn.mech_driver.mech_driver [None req-7b52b48e-a412-4fb5-acdf-2f6eb947522b - - - - - -] OVN reports status up for port: 55f2e97e-af9e-4d12-baa6-63399e63ff7c
2026-06-23 19:53:41.104 9 INFO neutron.db.ovn_revision_numbers_db [None req-46ba6296-b8aa-4007-af73-c4e877c303a6 dd03f1e6eb9548279a3a08a1f8d6f6e6 7e57a0bb6e7a470893e6e45ce8442e2c - - default default] Successfully bumped revision number for resource 2992a274-6a7c-4349-ab7a-96ba3b2a2f93 (type: security_group_rules) to 0
2026-06-23 19:53:41.107 10 INFO neutron.plugins.ml2.plugin [None req-7b52b48e-a412-4fb5-acdf-2f6eb947522b - - - - - -] Attempt 1 to provision port 55f2e97e-af9e-4d12-baa6-63399e63ff7c
2026-06-23 19:53:41.140 9 INFO neutron.db.ovn_revision_numbers_db [None req-46ba6296-b8aa-4007-af73-c4e877c303a6 dd03f1e6eb9548279a3a08a1f8d6f6e6 7e57a0bb6e7a470893e6e45ce8442e2c - - default default] Successfully bumped revision number for resource ed40452b-2e31-4c24-9dbb-98eac4db9005 (type: security_group_rules) to 0
2026-06-23 19:53:41.164 9 INFO neutron.db.ovn_revision_numbers_db [None req-46ba6296-b8aa-4007-af73-c4e877c303a6 dd03f1e6eb9548279a3a08a1f8d6f6e6 7e57a0bb6e7a470893e6e45ce8442e2c - - default default] Successfully bumped revision number for resource fd43a79d-2eac-4117-970e-d38d72906bc2 (type: security_group_rules) to 0
2026-06-23 19:53:41.172 10 INFO neutron.db.ovn_revision_numbers_db [None req-ec8d5d4b-b245-4b0d-951c-a4379bd7c419 - - - - - -] Successfully bumped revision number for resource f050f620-c17f-4ef4-b323-e6b72ad460aa (type: ports) to 4
2026-06-23 19:53:41.210 9 INFO neutron.wsgi [None req-46ba6296-b8aa-4007-af73-c4e877c303a6 dd03f1e6eb9548279a3a08a1f8d6f6e6 7e57a0bb6e7a470893e6e45ce8442e2c - - default default] 10.0.0.84 "GET /v2.0/security-groups?tenant_id=19ae0a42e7da40ddbca099cefc4622ef&name=default HTTP/1.1" status: 200 len: 3120 time: 0.3257506
2026-06-23 19:53:41.364 9 INFO neutron.db.ovn_revision_numbers_db [None req-de408c70-98a7-49b6-9958-a85088cc89fb dd03f1e6eb9548279a3a08a1f8d6f6e6 7e57a0bb6e7a470893e6e45ce8442e2c - - default default] Successfully bumped revision number for resource 55f2e97e-af9e-4d12-baa6-63399e63ff7c (type: router_ports) to 1
2026-06-23 19:53:41.370 9 INFO neutron.wsgi [None req-de408c70-98a7-49b6-9958-a85088cc89fb dd03f1e6eb9548279a3a08a1f8d6f6e6 7e57a0bb6e7a470893e6e45ce8442e2c - - default default] 10.0.0.84 "PUT /v2.0/routers/12f5f161-1734-4db2-811a-d9a8eb1f2d5c/add_router_interface HTTP/1.1" status: 200 len: 503 time: 2.6944532
2026-06-23 19:53:41.640 9 INFO neutron.wsgi [-] 10.0.0.193 "GET / HTTP/1.1" status: 200 len: 247 time: 0.0013261
2026-06-23 19:53:41.641 9 INFO neutron.wsgi [-] 10.0.0.193 "GET / HTTP/1.1" status: 200 len: 247 time: 0.0010407
2026-06-23 19:53:41.724 9 INFO neutron.wsgi [None req-94cc1899-42dd-4435-af37-fa203660278b ef11ee9cbff640a1ac8a529d9aaa34cd 6da302bea3354e2183b7348d06d131e6 - - default default] 10.0.0.84 "DELETE /v2.0/ports/05c56725-46d6-403e-a9bd-1c11c9f2009f HTTP/1.1" status: 204 len: 168 time: 0.6707470
2026-06-23 19:53:41.745 10 INFO neutron.db.ovn_revision_numbers_db [None req-ec8d5d4b-b245-4b0d-951c-a4379bd7c419 - - - - - -] Successfully bumped revision number for resource f050f620-c17f-4ef4-b323-e6b72ad460aa (type: router_ports) to 4
2026-06-23 19:53:41.788 9 WARNING neutron_lib.context [None req-730c7092-5b6a-4d54-bf3b-8bc9c7592119 5e3e940b98fc4b2b98076662ad9ee03a 32acecfb8b7d4e0d834e8f3ec3239e88 - - default default] Method 'is_advsvc' is deprecated since 2023.2 release (neutron-lib 3.8.0) and will be removed once support for the old RBAC API policies will be removed from Neutron. Please use method 'is_service_role' instead.
2026-06-23 19:53:41.895 10 INFO neutron.db.ovn_revision_numbers_db [None req-7b52b48e-a412-4fb5-acdf-2f6eb947522b - - - - - -] Successfully bumped revision number for resource 55f2e97e-af9e-4d12-baa6-63399e63ff7c (type: ports) to 2
2026-06-23 19:53:41.901 9 INFO neutron.wsgi [None req-4730ef57-9c5d-4c56-baa9-28227a086b28 dd03f1e6eb9548279a3a08a1f8d6f6e6 7e57a0bb6e7a470893e6e45ce8442e2c - - default default] 10.0.0.84 "DELETE /v2.0/security-groups/c7d881ef-eee1-43b4-86f1-e86525198821 HTTP/1.1" status: 204 len: 168 time: 0.6832428
2026-06-23 19:53:41.922 9 INFO neutron.wsgi [None req-730c7092-5b6a-4d54-bf3b-8bc9c7592119 5e3e940b98fc4b2b98076662ad9ee03a 32acecfb8b7d4e0d834e8f3ec3239e88 - - default default] 10.0.0.84 "POST /v2.0/subnetpools HTTP/1.1" status: 201 len: 715 time: 0.2800620
2026-06-23 19:53:41.933 9 WARNING neutron_lib.context [None req-c6cb16e3-3a86-400e-bbd2-9ed5087dd71d 5e3e940b98fc4b2b98076662ad9ee03a 32acecfb8b7d4e0d834e8f3ec3239e88 - - default default] Method 'is_advsvc' is deprecated since 2023.2 release (neutron-lib 3.8.0) and will be removed once support for the old RBAC API policies will be removed from Neutron. Please use method 'is_service_role' instead.
2026-06-23 19:53:42.019 9 INFO neutron.wsgi [None req-c6cb16e3-3a86-400e-bbd2-9ed5087dd71d 5e3e940b98fc4b2b98076662ad9ee03a 32acecfb8b7d4e0d834e8f3ec3239e88 - - default default] 10.0.0.84 "POST /v2.0/subnetpools HTTP/1.1" status: 201 len: 715 time: 0.0917163
2026-06-23 19:53:42.033 10 WARNING neutron_lib.context [None req-6c42277d-8559-4aba-b946-548579210d5f 5e3e940b98fc4b2b98076662ad9ee03a 32acecfb8b7d4e0d834e8f3ec3239e88 - - default default] Method 'is_advsvc' is deprecated since 2023.2 release (neutron-lib 3.8.0) and will be removed once support for the old RBAC API policies will be removed from Neutron. Please use method 'is_service_role' instead.
2026-06-23 19:53:42.048 10 INFO neutron.db.ovn_revision_numbers_db [None req-7b52b48e-a412-4fb5-acdf-2f6eb947522b - - - - - -] Successfully bumped revision number for resource 55f2e97e-af9e-4d12-baa6-63399e63ff7c (type: router_ports) to 2
2026-06-23 19:53:42.078 9 WARNING neutron_lib.context [None req-d50cb93f-0e81-478e-8d76-9f0e2154e28a 207fbeacd89d40ee8d9c3b600ab9ab5f 18ae5a96a40d419f8a62c6a47a568035 - - default default] Method 'is_advsvc' is deprecated since 2023.2 release (neutron-lib 3.8.0) and will be removed once support for the old RBAC API policies will be removed from Neutron. Please use method 'is_service_role' instead.
2026-06-23 19:53:42.088 9 INFO neutron.wsgi [None req-e9908e86-9093-43b7-89dd-5c829ded7393 ef11ee9cbff640a1ac8a529d9aaa34cd 6da302bea3354e2183b7348d06d131e6 - - default default] 10.0.0.84 "DELETE /v2.0/ports/3160d34a-9edd-4db2-94b0-1d20416b681e HTTP/1.1" status: 204 len: 168 time: 0.3581052
2026-06-23 19:53:42.116 10 INFO neutron.wsgi [None req-6c42277d-8559-4aba-b946-548579210d5f 5e3e940b98fc4b2b98076662ad9ee03a 32acecfb8b7d4e0d834e8f3ec3239e88 - - default default] 10.0.0.84 "POST /v2.0/subnetpools HTTP/1.1" status: 201 len: 715 time: 0.0907881
2026-06-23 19:53:42.126 10 WARNING neutron_lib.context [None req-061dfdbd-b1f8-43af-b9ef-604435fec3d0 5e3e940b98fc4b2b98076662ad9ee03a 32acecfb8b7d4e0d834e8f3ec3239e88 - - default default] Method 'is_advsvc' is deprecated since 2023.2 release (neutron-lib 3.8.0) and will be removed once support for the old RBAC API policies will be removed from Neutron. Please use method 'is_service_role' instead.
2026-06-23 19:53:42.183 10 INFO neutron.wsgi [None req-061dfdbd-b1f8-43af-b9ef-604435fec3d0 5e3e940b98fc4b2b98076662ad9ee03a 32acecfb8b7d4e0d834e8f3ec3239e88 - - default default] 10.0.0.84 "POST /v2.0/subnetpools HTTP/1.1" status: 201 len: 715 time: 0.0616546
2026-06-23 19:53:42.193 10 WARNING neutron_lib.context [None req-b08fc63e-0404-45fb-bf3e-211146d584b7 5e3e940b98fc4b2b98076662ad9ee03a 32acecfb8b7d4e0d834e8f3ec3239e88 - - default default] Method 'is_advsvc' is deprecated since 2023.2 release (neutron-lib 3.8.0) and will be removed once support for the old RBAC API policies will be removed from Neutron. Please use method 'is_service_role' instead.
2026-06-23 19:53:42.240 10 INFO neutron.wsgi [None req-b08fc63e-0404-45fb-bf3e-211146d584b7 5e3e940b98fc4b2b98076662ad9ee03a 32acecfb8b7d4e0d834e8f3ec3239e88 - - default default] 10.0.0.84 "POST /v2.0/subnetpools HTTP/1.1" status: 201 len: 715 time: 0.0520854
2026-06-23 19:53:42.281 10 INFO neutron.wsgi [None req-cc72d33c-7939-48f2-89d1-f1256eb8880c 5e3e940b98fc4b2b98076662ad9ee03a 32acecfb8b7d4e0d834e8f3ec3239e88 - - default default] 10.0.0.84 "PUT /v2.0/subnetpools/4dd53faa-4c97-4589-b120-dfbc654d4125/tags HTTP/1.1" status: 200 len: 210 time: 0.0354121
2026-06-23 19:53:42.307 9 INFO neutron.db.ovn_revision_numbers_db [None req-d50cb93f-0e81-478e-8d76-9f0e2154e28a 207fbeacd89d40ee8d9c3b600ab9ab5f 18ae5a96a40d419f8a62c6a47a568035 - - default default] Successfully bumped revision number for resource 181c9b40-aaaa-4462-8c46-2594faca0359 (type: security_groups) to 1
2026-06-23 19:53:42.318 9 INFO neutron.db.ovn_revision_numbers_db [None req-fb5fc40a-16ee-41b8-9015-1ad959f4a604 dd03f1e6eb9548279a3a08a1f8d6f6e6 7e57a0bb6e7a470893e6e45ce8442e2c - - default default] Successfully bumped revision number for resource 113051da-c1a8-4049-9416-0602043dd4e5 (type: security_groups) to 1
2026-06-23 19:53:42.321 10 INFO neutron.wsgi [None req-f43539d5-5014-4923-9601-9c5cc3420d2e 5e3e940b98fc4b2b98076662ad9ee03a 32acecfb8b7d4e0d834e8f3ec3239e88 - - default default] 10.0.0.84 "PUT /v2.0/subnetpools/beab9836-00ef-4e2f-93e2-9205224e293c/tags HTTP/1.1" status: 200 len: 218 time: 0.0340266
2026-06-23 19:53:42.328 9 INFO neutron.db.ovn_revision_numbers_db [None req-d50cb93f-0e81-478e-8d76-9f0e2154e28a 207fbeacd89d40ee8d9c3b600ab9ab5f 18ae5a96a40d419f8a62c6a47a568035 - - default default] Successfully bumped revision number for resource 972a5776-4b7b-4b1e-a2ec-55bc09e34eaa (type: security_group_rules) to 0
2026-06-23 19:53:42.338 9 INFO neutron.db.ovn_revision_numbers_db [None req-fb5fc40a-16ee-41b8-9015-1ad959f4a604 dd03f1e6eb9548279a3a08a1f8d6f6e6 7e57a0bb6e7a470893e6e45ce8442e2c - - default default] Successfully bumped revision number for resource 2629ece3-670b-4f8f-b46a-98ae6f3f0e53 (type: security_group_rules) to 0
2026-06-23 19:53:42.352 9 INFO neutron.db.ovn_revision_numbers_db [None req-d50cb93f-0e81-478e-8d76-9f0e2154e28a 207fbeacd89d40ee8d9c3b600ab9ab5f 18ae5a96a40d419f8a62c6a47a568035 - - default default] Successfully bumped revision number for resource ca2c1819-8b2b-44da-a79a-9467200b2990 (type: security_group_rules) to 0
2026-06-23 19:53:42.355 10 INFO neutron.wsgi [None req-135ec92d-7ef2-444c-82b9-a2f8f15d2dd2 5e3e940b98fc4b2b98076662ad9ee03a 32acecfb8b7d4e0d834e8f3ec3239e88 - - default default] 10.0.0.84 "PUT /v2.0/subnetpools/fddfce65-204d-48e1-8d47-a86a78f91f74/tags HTTP/1.1" status: 200 len: 227 time: 0.0282340
2026-06-23 19:53:42.368 9 INFO neutron.db.ovn_revision_numbers_db [None req-fb5fc40a-16ee-41b8-9015-1ad959f4a604 dd03f1e6eb9548279a3a08a1f8d6f6e6 7e57a0bb6e7a470893e6e45ce8442e2c - - default default] Successfully bumped revision number for resource b7ab8a18-3dfd-4c76-8773-3266a54f9cd4 (type: security_group_rules) to 0
2026-06-23 19:53:42.387 9 INFO neutron.wsgi [None req-d50cb93f-0e81-478e-8d76-9f0e2154e28a 207fbeacd89d40ee8d9c3b600ab9ab5f 18ae5a96a40d419f8a62c6a47a568035 - - default default] 10.0.0.84 "POST /v2.0/security-groups HTTP/1.1" status: 201 len: 1875 time: 0.3144376
2026-06-23 19:53:42.391 10 INFO neutron.wsgi [None req-ed00d6f8-b531-4d03-9b8c-7ec4337a61dd 5e3e940b98fc4b2b98076662ad9ee03a 32acecfb8b7d4e0d834e8f3ec3239e88 - - default default] 10.0.0.84 "PUT /v2.0/subnetpools/52ea89d3-b815-4336-b71f-8d56ae3339d9/tags HTTP/1.1" status: 200 len: 212 time: 0.0300007
2026-06-23 19:53:42.397 10 WARNING neutron_lib.context [None req-98e1e31c-c694-41ea-b7f1-11998d770324 207fbeacd89d40ee8d9c3b600ab9ab5f 18ae5a96a40d419f8a62c6a47a568035 - - default default] Method 'is_advsvc' is deprecated since 2023.2 release (neutron-lib 3.8.0) and will be removed once support for the old RBAC API policies will be removed from Neutron. Please use method 'is_service_role' instead.
2026-06-23 19:53:42.398 9 INFO neutron.db.ovn_revision_numbers_db [None req-fb5fc40a-16ee-41b8-9015-1ad959f4a604 dd03f1e6eb9548279a3a08a1f8d6f6e6 7e57a0bb6e7a470893e6e45ce8442e2c - - default default] Successfully bumped revision number for resource c45f3945-6d7b-4c48-9567-0c3d5881548b (type: security_group_rules) to 0
2026-06-23 19:53:42.428 9 INFO neutron.wsgi [None req-85768652-6457-4fae-9f2e-9f9246802877 5e3e940b98fc4b2b98076662ad9ee03a 32acecfb8b7d4e0d834e8f3ec3239e88 - - default default] 10.0.0.84 "GET /v2.0/subnetpools?tags=red HTTP/1.1" status: 200 len: 1758 time: 0.0307028
2026-06-23 19:53:42.436 9 INFO neutron.db.ovn_revision_numbers_db [None req-fb5fc40a-16ee-41b8-9015-1ad959f4a604 dd03f1e6eb9548279a3a08a1f8d6f6e6 7e57a0bb6e7a470893e6e45ce8442e2c - - default default] Successfully bumped revision number for resource c86d3a58-204d-4885-89a3-ddc67d84e2c3 (type: security_group_rules) to 0
2026-06-23 19:53:42.461 9 INFO neutron.wsgi [None req-fb5fc40a-16ee-41b8-9015-1ad959f4a604 dd03f1e6eb9548279a3a08a1f8d6f6e6 7e57a0bb6e7a470893e6e45ce8442e2c - - default default] 10.0.0.84 "GET /v2.0/security-groups?tenant_id=0607229b672349ee8bcd1c4fc40d6bda&name=default HTTP/1.1" status: 200 len: 3120 time: 0.3987019
2026-06-23 19:53:42.466 10 INFO neutron.wsgi [None req-f3fb9884-dcaf-48db-aa5e-7544024ec58e 5e3e940b98fc4b2b98076662ad9ee03a 32acecfb8b7d4e0d834e8f3ec3239e88 - - default default] 10.0.0.84 "GET /v2.0/subnetpools?tags=red%2Cblue HTTP/1.1" status: 200 len: 1251 time: 0.0270271
2026-06-23 19:53:42.496 10 INFO neutron.wsgi [None req-85103b71-e509-4faa-9317-4f5469a57202 5e3e940b98fc4b2b98076662ad9ee03a 32acecfb8b7d4e0d834e8f3ec3239e88 - - default default] 10.0.0.84 "GET /v2.0/subnetpools?tags-any=blue HTTP/1.1" status: 200 len: 1251 time: 0.0266049
2026-06-23 19:53:42.528 10 INFO neutron.wsgi [None req-c07ea50d-68fb-4296-a57c-fe78a00356aa 5e3e940b98fc4b2b98076662ad9ee03a 32acecfb8b7d4e0d834e8f3ec3239e88 - - default default] 10.0.0.84 "GET /v2.0/subnetpools?tags-any=red%2Cblue HTTP/1.1" status: 200 len: 1758 time: 0.0256934
2026-06-23 19:53:42.562 10 INFO neutron.wsgi [None req-9f7e9428-315a-4632-880e-d33749e999da 5e3e940b98fc4b2b98076662ad9ee03a 32acecfb8b7d4e0d834e8f3ec3239e88 - - default default] 10.0.0.84 "GET /v2.0/subnetpools?not-tags=red HTTP/1.1" status: 200 len: 1223 time: 0.0284109
2026-06-23 19:53:42.589 9 INFO neutron.services.segments.plugin [-] Segment 371c375e-732c-4cb4-91a9-17a3e8420356 resource provider aggregate not found
2026-06-23 19:53:42.593 9 INFO neutron.services.segments.plugin [-] Segment 371c375e-732c-4cb4-91a9-17a3e8420356 resource provider aggregate not found
2026-06-23 19:53:42.601 10 INFO neutron.wsgi [None req-2194aef1-02ea-42ac-9914-525a80ca0445 5e3e940b98fc4b2b98076662ad9ee03a 32acecfb8b7d4e0d834e8f3ec3239e88 - - default default] 10.0.0.84 "GET /v2.0/subnetpools?not-tags=red%2Cblue HTTP/1.1" status: 200 len: 1730 time: 0.0329657
2026-06-23 19:53:42.604 10 INFO neutron.db.ovn_revision_numbers_db [None req-98e1e31c-c694-41ea-b7f1-11998d770324 207fbeacd89d40ee8d9c3b600ab9ab5f 18ae5a96a40d419f8a62c6a47a568035 - - default default] Successfully bumped revision number for resource 292cba76-ef72-4212-96c6-d106a71cc1b5 (type: security_group_rules) to 0
2026-06-23 19:53:42.613 9 INFO neutron.services.segments.plugin [-] Segment 371c375e-732c-4cb4-91a9-17a3e8420356 resource provider not found; error: Placement Client Error (4xx): {"errors": [{"status": 404, "title": "Not Found", "detail": "The resource could not be found.\n\n No resource provider with uuid 371c375e-732c-4cb4-91a9-17a3e8420356 found for delete ", "request_id": "req-efd8f5b5-f631-4fa5-978f-3490695d4a34"}]}
2026-06-23 19:53:42.613 9 INFO neutron.services.segments.plugin [-] Segment 371c375e-732c-4cb4-91a9-17a3e8420356 resource provider not found; error: Placement Client Error (4xx): {"errors": [{"status": 404, "title": "Not Found", "detail": "The resource could not be found.\n\n No resource provider with uuid 371c375e-732c-4cb4-91a9-17a3e8420356 found for delete ", "request_id": "req-62e101af-b5d9-47b3-9a22-f49e5ee1cc01"}]}
2026-06-23 19:53:42.633 9 INFO neutron.wsgi [None req-785885e8-b27e-4494-8a16-de36c9ba288e ef11ee9cbff640a1ac8a529d9aaa34cd 6da302bea3354e2183b7348d06d131e6 - - default default] 10.0.0.84 "DELETE /v2.0/networks/32881c83-6434-4d2b-9916-e824193ca312 HTTP/1.1" status: 204 len: 168 time: 0.5357010
2026-06-23 19:53:42.640 10 INFO neutron.wsgi [None req-a39a2a6a-89a4-444d-8e47-d5ee4a4db67d 5e3e940b98fc4b2b98076662ad9ee03a 32acecfb8b7d4e0d834e8f3ec3239e88 - - default default] 10.0.0.84 "GET /v2.0/subnetpools?not-tags-any=blue HTTP/1.1" status: 200 len: 1730 time: 0.0333006
2026-06-23 19:53:42.662 10 INFO neutron.wsgi [None req-98e1e31c-c694-41ea-b7f1-11998d770324 207fbeacd89d40ee8d9c3b600ab9ab5f 18ae5a96a40d419f8a62c6a47a568035 - - default default] 10.0.0.84 "POST /v2.0/security-group-rules HTTP/1.1" status: 201 len: 796 time: 0.2706969
2026-06-23 19:53:42.679 9 WARNING neutron_lib.context [None req-c357d8fb-a867-43ca-b3e8-d69c4b1964d3 207fbeacd89d40ee8d9c3b600ab9ab5f 18ae5a96a40d419f8a62c6a47a568035 - - default default] Method 'is_advsvc' is deprecated since 2023.2 release (neutron-lib 3.8.0) and will be removed once support for the old RBAC API policies will be removed from Neutron. Please use method 'is_service_role' instead.
2026-06-23 19:53:42.698 9 INFO neutron.wsgi [None req-fcf82a71-3791-4f2f-8496-d48bf794d7f3 5e3e940b98fc4b2b98076662ad9ee03a 32acecfb8b7d4e0d834e8f3ec3239e88 - - default default] 10.0.0.84 "GET /v2.0/subnetpools?not-tags-any=red%2Cblue HTTP/1.1" status: 200 len: 1223 time: 0.0515780
2026-06-23 19:53:42.783 9 INFO neutron.wsgi [None req-dc9ae0f2-b9fe-408c-be30-af27990af182 5e3e940b98fc4b2b98076662ad9ee03a 32acecfb8b7d4e0d834e8f3ec3239e88 - - default default] 10.0.0.84 "DELETE /v2.0/subnetpools/4dd53faa-4c97-4589-b120-dfbc654d4125 HTTP/1.1" status: 204 len: 168 time: 0.0775933
2026-06-23 19:53:42.794 9 INFO neutron.wsgi [None req-b8d9f25d-4e96-472e-93a8-6c10764c5bdb dd03f1e6eb9548279a3a08a1f8d6f6e6 7e57a0bb6e7a470893e6e45ce8442e2c - - default default] 10.0.0.84 "DELETE /v2.0/security-groups/113051da-c1a8-4049-9416-0602043dd4e5 HTTP/1.1" status: 204 len: 168 time: 0.3282902
2026-06-23 19:53:42.868 10 INFO neutron.wsgi [None req-c603098a-76cc-468b-b4de-dc88ff94b21a 5e3e940b98fc4b2b98076662ad9ee03a 32acecfb8b7d4e0d834e8f3ec3239e88 - - default default] 10.0.0.84 "DELETE /v2.0/subnetpools/beab9836-00ef-4e2f-93e2-9205224e293c HTTP/1.1" status: 204 len: 168 time: 0.0801227
2026-06-23 19:53:42.886 9 INFO neutron.db.ovn_revision_numbers_db [None req-c357d8fb-a867-43ca-b3e8-d69c4b1964d3 207fbeacd89d40ee8d9c3b600ab9ab5f 18ae5a96a40d419f8a62c6a47a568035 - - default default] Successfully bumped revision number for resource abb28d0d-7eba-4f3d-8f90-de5817f4c679 (type: security_group_rules) to 0
2026-06-23 19:53:42.919 9 INFO neutron.wsgi [None req-c357d8fb-a867-43ca-b3e8-d69c4b1964d3 207fbeacd89d40ee8d9c3b600ab9ab5f 18ae5a96a40d419f8a62c6a47a568035 - - default default] 10.0.0.84 "POST /v2.0/security-group-rules HTTP/1.1" status: 201 len: 795 time: 0.2482910
2026-06-23 19:53:42.932 9 WARNING neutron_lib.context [None req-895cbb12-e1c9-4c03-b207-73e244fd36af 207fbeacd89d40ee8d9c3b600ab9ab5f 18ae5a96a40d419f8a62c6a47a568035 - - default default] Method 'is_advsvc' is deprecated since 2023.2 release (neutron-lib 3.8.0) and will be removed once support for the old RBAC API policies will be removed from Neutron. Please use method 'is_service_role' instead.
2026-06-23 19:53:42.950 9 INFO neutron.wsgi [None req-514394bc-f72b-447f-bb25-278f08eb6b20 5e3e940b98fc4b2b98076662ad9ee03a 32acecfb8b7d4e0d834e8f3ec3239e88 - - default default] 10.0.0.84 "DELETE /v2.0/subnetpools/fddfce65-204d-48e1-8d47-a86a78f91f74 HTTP/1.1" status: 204 len: 168 time: 0.0708537
2026-06-23 19:53:43.013 9 INFO neutron.wsgi [None req-a314fb78-736b-48b9-a133-56fb7368cccb 5e3e940b98fc4b2b98076662ad9ee03a 32acecfb8b7d4e0d834e8f3ec3239e88 - - default default] 10.0.0.84 "DELETE /v2.0/subnetpools/52ea89d3-b815-4336-b71f-8d56ae3339d9 HTTP/1.1" status: 204 len: 168 time: 0.0576489
2026-06-23 19:53:43.041 10 INFO neutron.services.segments.plugin [-] Segment 188e5474-a46a-42f4-bfaf-b9b9ca295c74 resource provider aggregate not found
2026-06-23 19:53:43.046 10 INFO neutron.services.segments.plugin [-] Segment 188e5474-a46a-42f4-bfaf-b9b9ca295c74 resource provider aggregate not found
2026-06-23 19:53:43.062 10 INFO neutron.services.segments.plugin [-] Segment 188e5474-a46a-42f4-bfaf-b9b9ca295c74 resource provider not found; error: Placement Client Error (4xx): {"errors": [{"status": 404, "title": "Not Found", "detail": "The resource could not be found.\n\n No resource provider with uuid 188e5474-a46a-42f4-bfaf-b9b9ca295c74 found for delete ", "request_id": "req-1f9b9aa2-e502-47f0-a6f4-21bca8e82516"}]}
2026-06-23 19:53:43.067 10 INFO neutron.services.segments.plugin [-] Segment 188e5474-a46a-42f4-bfaf-b9b9ca295c74 resource provider not found; error: Placement Client Error (4xx): {"errors": [{"status": 404, "title": "Not Found", "detail": "The resource could not be found.\n\n No resource provider with uuid 188e5474-a46a-42f4-bfaf-b9b9ca295c74 found for delete ", "request_id": "req-d6103e59-4a0b-40c9-99d6-8462af135d7a"}]}
2026-06-23 19:53:43.083 9 INFO neutron.wsgi [None req-ad3a46ab-1499-4328-8490-30c03ea488e7 5e3e940b98fc4b2b98076662ad9ee03a 32acecfb8b7d4e0d834e8f3ec3239e88 - - default default] 10.0.0.84 "DELETE /v2.0/subnetpools/a473a285-120f-4365-b7ff-37f43629f5e8 HTTP/1.1" status: 204 len: 168 time: 0.0659137
2026-06-23 19:53:43.083 9 INFO neutron.db.ovn_revision_numbers_db [None req-895cbb12-e1c9-4c03-b207-73e244fd36af 207fbeacd89d40ee8d9c3b600ab9ab5f 18ae5a96a40d419f8a62c6a47a568035 - - default default] Successfully bumped revision number for resource 3a8618bf-727a-44ab-b21e-82ecf0ca75c7 (type: security_group_rules) to 0
2026-06-23 19:53:43.087 10 INFO neutron.wsgi [None req-4a7a3fdf-4157-4e48-b980-00dd9314a796 ef11ee9cbff640a1ac8a529d9aaa34cd 6da302bea3354e2183b7348d06d131e6 - - default default] 10.0.0.84 "DELETE /v2.0/networks/21a6f470-6ca9-4a62-994b-32897c50a2f7 HTTP/1.1" status: 204 len: 168 time: 0.4447219
2026-06-23 19:53:43.121 9 INFO neutron.wsgi [None req-895cbb12-e1c9-4c03-b207-73e244fd36af 207fbeacd89d40ee8d9c3b600ab9ab5f 18ae5a96a40d419f8a62c6a47a568035 - - default default] 10.0.0.84 "POST /v2.0/security-group-rules HTTP/1.1" status: 201 len: 801 time: 0.1939709
2026-06-23 19:53:43.134 9 WARNING neutron_lib.context [None req-87d19c00-043d-4639-bb88-83f8a47755f4 207fbeacd89d40ee8d9c3b600ab9ab5f 18ae5a96a40d419f8a62c6a47a568035 - - default default] Method 'is_advsvc' is deprecated since 2023.2 release (neutron-lib 3.8.0) and will be removed once support for the old RBAC API policies will be removed from Neutron. Please use method 'is_service_role' instead.
2026-06-23 19:53:43.306 9 INFO neutron.db.ovn_revision_numbers_db [None req-87d19c00-043d-4639-bb88-83f8a47755f4 207fbeacd89d40ee8d9c3b600ab9ab5f 18ae5a96a40d419f8a62c6a47a568035 - - default default] Successfully bumped revision number for resource 6fab203c-859b-4824-9670-42b68d217a56 (type: security_group_rules) to 0
2026-06-23 19:53:43.335 9 INFO neutron.wsgi [None req-87d19c00-043d-4639-bb88-83f8a47755f4 207fbeacd89d40ee8d9c3b600ab9ab5f 18ae5a96a40d419f8a62c6a47a568035 - - default default] 10.0.0.84 "POST /v2.0/security-group-rules HTTP/1.1" status: 201 len: 800 time: 0.2076828
2026-06-23 19:53:43.348 10 WARNING neutron_lib.context [None req-fa902466-a419-408a-a06c-595abadaa665 207fbeacd89d40ee8d9c3b600ab9ab5f 18ae5a96a40d419f8a62c6a47a568035 - - default default] Method 'is_advsvc' is deprecated since 2023.2 release (neutron-lib 3.8.0) and will be removed once support for the old RBAC API policies will be removed from Neutron. Please use method 'is_service_role' instead.
2026-06-23 19:53:43.391 10 INFO neutron.db.securitygroups_db [None req-fa902466-a419-408a-a06c-595abadaa665 207fbeacd89d40ee8d9c3b600ab9ab5f 18ae5a96a40d419f8a62c6a47a568035 - - default default] Project 18ae5a96a40d419f8a62c6a47a568035 added a security group rule with legacy IPv6 ICMP protocol name icmp, ipv6-icmp should be used instead. It was automatically converted.
2026-06-23 19:53:43.500 10 INFO neutron.db.ovn_revision_numbers_db [None req-fa902466-a419-408a-a06c-595abadaa665 207fbeacd89d40ee8d9c3b600ab9ab5f 18ae5a96a40d419f8a62c6a47a568035 - - default default] Successfully bumped revision number for resource 9acc9959-d027-4902-bded-e3571bab0660 (type: security_group_rules) to 0
2026-06-23 19:53:43.505 9 INFO neutron.wsgi [None req-f6b98d81-81f8-4619-8508-3bc99503160f ef11ee9cbff640a1ac8a529d9aaa34cd 6da302bea3354e2183b7348d06d131e6 - - default default] 10.0.0.84 "DELETE /v2.0/networks/1fbfcd06-3d71-4076-bbb6-4028fb76b4b4 HTTP/1.1" status: 204 len: 168 time: 0.4100955
2026-06-23 19:53:43.531 10 INFO neutron.wsgi [None req-fa902466-a419-408a-a06c-595abadaa665 207fbeacd89d40ee8d9c3b600ab9ab5f 18ae5a96a40d419f8a62c6a47a568035 - - default default] 10.0.0.84 "POST /v2.0/security-group-rules HTTP/1.1" status: 201 len: 806 time: 0.1891587
2026-06-23 19:53:43.549 9 WARNING neutron_lib.context [None req-ab5e54c1-7ee7-43a3-b346-9c620b2870de 207fbeacd89d40ee8d9c3b600ab9ab5f 18ae5a96a40d419f8a62c6a47a568035 - - default default] Method 'is_advsvc' is deprecated since 2023.2 release (neutron-lib 3.8.0) and will be removed once support for the old RBAC API policies will be removed from Neutron. Please use method 'is_service_role' instead.
2026-06-23 19:53:43.597 9 INFO neutron.db.securitygroups_db [None req-ab5e54c1-7ee7-43a3-b346-9c620b2870de 207fbeacd89d40ee8d9c3b600ab9ab5f 18ae5a96a40d419f8a62c6a47a568035 - - default default] Project 18ae5a96a40d419f8a62c6a47a568035 added a security group rule with legacy IPv6 ICMP protocol name icmp, ipv6-icmp should be used instead. It was automatically converted.
2026-06-23 19:53:43.727 9 INFO neutron.db.ovn_revision_numbers_db [None req-ab5e54c1-7ee7-43a3-b346-9c620b2870de 207fbeacd89d40ee8d9c3b600ab9ab5f 18ae5a96a40d419f8a62c6a47a568035 - - default default] Successfully bumped revision number for resource 04d00852-bc63-4a0b-a2b4-89bc3cc85d16 (type: security_group_rules) to 0
2026-06-23 19:53:43.759 9 INFO neutron.wsgi [None req-ab5e54c1-7ee7-43a3-b346-9c620b2870de 207fbeacd89d40ee8d9c3b600ab9ab5f 18ae5a96a40d419f8a62c6a47a568035 - - default default] 10.0.0.84 "POST /v2.0/security-group-rules HTTP/1.1" status: 201 len: 805 time: 0.2159538
2026-06-23 19:53:43.964 9 INFO neutron.wsgi [None req-1444379d-8ede-46f1-a609-2d9ebc97ff57 ef11ee9cbff640a1ac8a529d9aaa34cd 6da302bea3354e2183b7348d06d131e6 - - default default] 10.0.0.84 "DELETE /v2.0/networks/e3db77d7-b927-4d89-b6a7-de43d1759d36 HTTP/1.1" status: 204 len: 168 time: 0.4506543
2026-06-23 19:53:44.177 9 INFO neutron.db.ovn_revision_numbers_db [None req-15f12b6a-8e5a-4f99-a178-64b5be4d7abe dd03f1e6eb9548279a3a08a1f8d6f6e6 7e57a0bb6e7a470893e6e45ce8442e2c - - default default] Successfully bumped revision number for resource e75bc172-6ba9-4f87-baf4-98f75e9060c4 (type: security_groups) to 1
2026-06-23 19:53:44.195 9 INFO neutron.db.ovn_revision_numbers_db [None req-15f12b6a-8e5a-4f99-a178-64b5be4d7abe dd03f1e6eb9548279a3a08a1f8d6f6e6 7e57a0bb6e7a470893e6e45ce8442e2c - - default default] Successfully bumped revision number for resource 8258fc4b-e7d5-43f8-aee5-8c703a6e0195 (type: security_group_rules) to 0
2026-06-23 19:53:44.211 9 INFO neutron.db.ovn_revision_numbers_db [None req-15f12b6a-8e5a-4f99-a178-64b5be4d7abe dd03f1e6eb9548279a3a08a1f8d6f6e6 7e57a0bb6e7a470893e6e45ce8442e2c - - default default] Successfully bumped revision number for resource b1701691-ad02-46b0-b396-cd3f3d580f15 (type: security_group_rules) to 0
2026-06-23 19:53:44.226 9 WARNING neutron_lib.context [None req-ed54d6db-0ef2-4032-b48b-6e1c5ea0dc1f 207fbeacd89d40ee8d9c3b600ab9ab5f 18ae5a96a40d419f8a62c6a47a568035 - - default default] Method 'is_advsvc' is deprecated since 2023.2 release (neutron-lib 3.8.0) and will be removed once support for the old RBAC API policies will be removed from Neutron. Please use method 'is_service_role' instead.
2026-06-23 19:53:44.239 9 INFO neutron.db.ovn_revision_numbers_db [None req-15f12b6a-8e5a-4f99-a178-64b5be4d7abe dd03f1e6eb9548279a3a08a1f8d6f6e6 7e57a0bb6e7a470893e6e45ce8442e2c - - default default] Successfully bumped revision number for resource c7245180-a1ab-4838-b9da-0714b67af035 (type: security_group_rules) to 0
2026-06-23 19:53:44.256 9 INFO neutron.db.ovn_revision_numbers_db [None req-15f12b6a-8e5a-4f99-a178-64b5be4d7abe dd03f1e6eb9548279a3a08a1f8d6f6e6 7e57a0bb6e7a470893e6e45ce8442e2c - - default default] Successfully bumped revision number for resource f19cb8f4-1825-4f54-90fb-9b511bbe7080 (type: security_group_rules) to 0
2026-06-23 19:53:44.291 9 INFO neutron.wsgi [None req-15f12b6a-8e5a-4f99-a178-64b5be4d7abe dd03f1e6eb9548279a3a08a1f8d6f6e6 7e57a0bb6e7a470893e6e45ce8442e2c - - default default] 10.0.0.84 "GET /v2.0/security-groups?tenant_id=a3106071382b47cd995f9e15e0d3e43a&name=default HTTP/1.1" status: 200 len: 3120 time: 0.3554618
2026-06-23 19:53:44.376 9 INFO neutron.db.ovn_revision_numbers_db [None req-ed54d6db-0ef2-4032-b48b-6e1c5ea0dc1f 207fbeacd89d40ee8d9c3b600ab9ab5f 18ae5a96a40d419f8a62c6a47a568035 - - default default] Successfully bumped revision number for resource 8d14249e-c3db-444b-bb56-14c8ebd36ecc (type: security_groups) to 1
2026-06-23 19:53:44.383 10 INFO neutron.wsgi [None req-490bcd24-49cd-4117-bf2e-409f07442ad0 ef11ee9cbff640a1ac8a529d9aaa34cd 6da302bea3354e2183b7348d06d131e6 - - default default] 10.0.0.84 "DELETE /v2.0/networks/ccd8bfc5-bae6-4873-9cb3-4aec3b700ebc HTTP/1.1" status: 204 len: 168 time: 0.4143918
2026-06-23 19:53:44.393 9 INFO neutron.db.ovn_revision_numbers_db [None req-ed54d6db-0ef2-4032-b48b-6e1c5ea0dc1f 207fbeacd89d40ee8d9c3b600ab9ab5f 18ae5a96a40d419f8a62c6a47a568035 - - default default] Successfully bumped revision number for resource 06a33ca0-f275-4798-8978-7eaa45183f76 (type: security_group_rules) to 0
2026-06-23 19:53:44.408 9 INFO neutron.db.ovn_revision_numbers_db [None req-ed54d6db-0ef2-4032-b48b-6e1c5ea0dc1f 207fbeacd89d40ee8d9c3b600ab9ab5f 18ae5a96a40d419f8a62c6a47a568035 - - default default] Successfully bumped revision number for resource 7722992b-fdca-4975-bffe-3de04fbc6e04 (type: security_group_rules) to 0
2026-06-23 19:53:44.433 9 INFO neutron.wsgi [None req-ed54d6db-0ef2-4032-b48b-6e1c5ea0dc1f 207fbeacd89d40ee8d9c3b600ab9ab5f 18ae5a96a40d419f8a62c6a47a568035 - - default default] 10.0.0.84 "POST /v2.0/security-groups HTTP/1.1" status: 201 len: 1860 time: 0.2125974
2026-06-23 19:53:44.448 9 WARNING neutron_lib.context [None req-0ef06c55-39c1-4eaa-aa91-cab8b445aab9 207fbeacd89d40ee8d9c3b600ab9ab5f 18ae5a96a40d419f8a62c6a47a568035 - - default default] Method 'is_advsvc' is deprecated since 2023.2 release (neutron-lib 3.8.0) and will be removed once support for the old RBAC API policies will be removed from Neutron. Please use method 'is_service_role' instead.
2026-06-23 19:53:44.559 10 INFO neutron.wsgi [None req-0f77b0b7-6bde-46ca-8d61-6eb6ec6873dd dd03f1e6eb9548279a3a08a1f8d6f6e6 7e57a0bb6e7a470893e6e45ce8442e2c - - default default] 10.0.0.84 "DELETE /v2.0/security-groups/e75bc172-6ba9-4f87-baf4-98f75e9060c4 HTTP/1.1" status: 204 len: 168 time: 0.2636218
2026-06-23 19:53:44.593 9 INFO neutron.db.ovn_revision_numbers_db [None req-0ef06c55-39c1-4eaa-aa91-cab8b445aab9 207fbeacd89d40ee8d9c3b600ab9ab5f 18ae5a96a40d419f8a62c6a47a568035 - - default default] Successfully bumped revision number for resource 1c98fdab-b5a5-4dc7-aa32-c58f4b13a0d7 (type: security_group_rules) to 0
2026-06-23 19:53:44.624 9 INFO neutron.wsgi [None req-0ef06c55-39c1-4eaa-aa91-cab8b445aab9 207fbeacd89d40ee8d9c3b600ab9ab5f 18ae5a96a40d419f8a62c6a47a568035 - - default default] 10.0.0.84 "POST /v2.0/security-group-rules HTTP/1.1" status: 201 len: 796 time: 0.1809578
2026-06-23 19:53:44.632 9 WARNING neutron_lib.context [None req-ec9998ea-cac6-42a5-83db-0057c36b4799 207fbeacd89d40ee8d9c3b600ab9ab5f 18ae5a96a40d419f8a62c6a47a568035 - - default default] Method 'is_advsvc' is deprecated since 2023.2 release (neutron-lib 3.8.0) and will be removed once support for the old RBAC API policies will be removed from Neutron. Please use method 'is_service_role' instead.
2026-06-23 19:53:44.634 9 INFO neutron.services.segments.plugin [-] Segment 5e1f6257-bb50-4981-acc3-a34b1b20bf14 resource provider aggregate not found
2026-06-23 19:53:44.637 9 INFO neutron.services.segments.plugin [-] Segment 5e1f6257-bb50-4981-acc3-a34b1b20bf14 resource provider aggregate not found
