2026-06-23 19:52:30.937 10 INFO neutron.db.ovn_revision_numbers_db [None req-027fd343-7938-4435-a95a-24e5b2db3fe5 dd03f1e6eb9548279a3a08a1f8d6f6e6 7e57a0bb6e7a470893e6e45ce8442e2c - - default default] Successfully bumped revision number for resource 095b1fda-f414-41df-ab88-b6aebd039645 (type: security_group_rules) to 0
2026-06-23 19:52:30.954 10 INFO neutron.db.ovn_revision_numbers_db [None req-027fd343-7938-4435-a95a-24e5b2db3fe5 dd03f1e6eb9548279a3a08a1f8d6f6e6 7e57a0bb6e7a470893e6e45ce8442e2c - - default default] Successfully bumped revision number for resource 85edf1fe-cfef-4aa9-b3a8-82595d531004 (type: security_group_rules) to 0
2026-06-23 19:52:30.971 10 INFO neutron.db.ovn_revision_numbers_db [None req-027fd343-7938-4435-a95a-24e5b2db3fe5 dd03f1e6eb9548279a3a08a1f8d6f6e6 7e57a0bb6e7a470893e6e45ce8442e2c - - default default] Successfully bumped revision number for resource e32c7dfa-dc58-4a6e-9943-0a65d5b5d9f4 (type: security_group_rules) to 0
2026-06-23 19:52:30.991 10 INFO neutron.db.ovn_revision_numbers_db [None req-027fd343-7938-4435-a95a-24e5b2db3fe5 dd03f1e6eb9548279a3a08a1f8d6f6e6 7e57a0bb6e7a470893e6e45ce8442e2c - - default default] Successfully bumped revision number for resource f81f0fe0-bad2-4166-89a4-45069a5f4348 (type: security_group_rules) to 0
2026-06-23 19:52:31.033 10 INFO neutron.wsgi [None req-027fd343-7938-4435-a95a-24e5b2db3fe5 dd03f1e6eb9548279a3a08a1f8d6f6e6 7e57a0bb6e7a470893e6e45ce8442e2c - - default default] 10.0.0.84 "GET /v2.0/security-groups?tenant_id=b3f777a89b5b4b1d88490371d73f9830&name=default HTTP/1.1" status: 200 len: 3120 time: 0.5568433 /var/lib/openstack/lib/python3.10/site-packages/pycadf/identifier.py:71: UserWarning: Invalid uuid: neutron. To ensure interoperability, identifiers should be a valid uuid. warnings.warn(('Invalid uuid: %s. To ensure interoperability, '
2026-06-23 19:52:31.070 10 INFO neutron.wsgi [req-01991c5e-6708-4c74-a19e-eef1c369c28c req-7b785762-81dc-4a05-81c3-575d98375e29 e1a0d1fd5af248e6a682318fd87fffc2 cdb337aa8f0845d1806d6eb3d9ac4eec - - default default] 10.0.0.12 "GET /v2.0/ports?device_id=d70bd236-8ff6-4498-81a0-30d036c24c5a HTTP/1.1" status: 200 len: 1170 time: 0.0529697
2026-06-23 19:52:31.130 10 INFO neutron.wsgi [req-01991c5e-6708-4c74-a19e-eef1c369c28c req-699c0561-e935-4427-807c-5549458eb2c6 e1a0d1fd5af248e6a682318fd87fffc2 cdb337aa8f0845d1806d6eb3d9ac4eec - - default default] 10.0.0.12 "GET /v2.0/security-groups?id=6509bda4-a056-4477-bd85-66ace9eddf64&fields=id&fields=name HTTP/1.1" status: 200 len: 312 time: 0.0510504
2026-06-23 19:52:31.288 9 INFO neutron.wsgi [None req-284216a3-4cb2-465b-af09-f38ffd14a7d9 dd03f1e6eb9548279a3a08a1f8d6f6e6 7e57a0bb6e7a470893e6e45ce8442e2c - - default default] 10.0.0.84 "DELETE /v2.0/security-groups/8e029a82-e128-498d-bea2-5987322de33a HTTP/1.1" status: 204 len: 168 time: 0.2439783
2026-06-23 19:52:31.518 10 INFO neutron.db.ovn_revision_numbers_db [None req-41d81417-fbee-4d66-b9bc-9f6ea5e1be53 dd03f1e6eb9548279a3a08a1f8d6f6e6 7e57a0bb6e7a470893e6e45ce8442e2c - - default default] Successfully bumped revision number for resource 5cc26a07-eddb-4b38-b357-b54752ff1496 (type: security_groups) to 1
2026-06-23 19:52:31.535 10 INFO neutron.db.ovn_revision_numbers_db [None req-41d81417-fbee-4d66-b9bc-9f6ea5e1be53 dd03f1e6eb9548279a3a08a1f8d6f6e6 7e57a0bb6e7a470893e6e45ce8442e2c - - default default] Successfully bumped revision number for resource 0cf82c58-a83e-44df-8e2c-e1776372bb90 (type: security_group_rules) to 0
2026-06-23 19:52:31.549 10 INFO neutron.db.ovn_revision_numbers_db [None req-41d81417-fbee-4d66-b9bc-9f6ea5e1be53 dd03f1e6eb9548279a3a08a1f8d6f6e6 7e57a0bb6e7a470893e6e45ce8442e2c - - default default] Successfully bumped revision number for resource 19fd4979-7397-4ee6-9267-4134a321e593 (type: security_group_rules) to 0
2026-06-23 19:52:31.567 10 INFO neutron.db.ovn_revision_numbers_db [None req-41d81417-fbee-4d66-b9bc-9f6ea5e1be53 dd03f1e6eb9548279a3a08a1f8d6f6e6 7e57a0bb6e7a470893e6e45ce8442e2c - - default default] Successfully bumped revision number for resource 6cdf0d00-f0f7-42fa-82fb-d760207b6139 (type: security_group_rules) to 0
2026-06-23 19:52:31.583 10 INFO neutron.db.ovn_revision_numbers_db [None req-41d81417-fbee-4d66-b9bc-9f6ea5e1be53 dd03f1e6eb9548279a3a08a1f8d6f6e6 7e57a0bb6e7a470893e6e45ce8442e2c - - default default] Successfully bumped revision number for resource a37fc896-39bf-4188-a875-81febbe24886 (type: security_group_rules) to 0
2026-06-23 19:52:31.606 10 INFO neutron.wsgi [None req-41d81417-fbee-4d66-b9bc-9f6ea5e1be53 dd03f1e6eb9548279a3a08a1f8d6f6e6 7e57a0bb6e7a470893e6e45ce8442e2c - - default default] 10.0.0.84 "GET /v2.0/security-groups?tenant_id=28c24d40d4ea4f6d9f99cab30581a057&name=default HTTP/1.1" status: 200 len: 3120 time: 0.2157204
2026-06-23 19:52:31.863 9 INFO neutron.wsgi [None req-e55e605b-6b2e-454a-bbb0-7d897bebe613 dd03f1e6eb9548279a3a08a1f8d6f6e6 7e57a0bb6e7a470893e6e45ce8442e2c - - default default] 10.0.0.84 "DELETE /v2.0/security-groups/5cc26a07-eddb-4b38-b357-b54752ff1496 HTTP/1.1" status: 204 len: 168 time: 0.2486155
2026-06-23 19:52:31.960 10 INFO neutron.wsgi [req-bda827e7-190d-43c3-ae8e-0599ef554284 req-303be2ba-7d90-4741-9b88-fcf95649637c 288704addc3444bb8daec7b4ce0705df 57efe4de2d3c4d5c975e1469434a0c1c - - default default] 10.0.0.12 "GET /v2.0/ports?device_id=9a27a48b-7017-4989-bb39-3f2922ccdaad HTTP/1.1" status: 200 len: 1170 time: 0.0344815
2026-06-23 19:52:32.006 10 INFO neutron.wsgi [req-bda827e7-190d-43c3-ae8e-0599ef554284 req-5d380299-5e75-4efb-be35-c3ec2b26311d 288704addc3444bb8daec7b4ce0705df 57efe4de2d3c4d5c975e1469434a0c1c - - default default] 10.0.0.12 "GET /v2.0/security-groups?id=cc122f12-b309-4314-a34b-404767898b5f&fields=id&fields=name HTTP/1.1" status: 200 len: 312 time: 0.0401664
2026-06-23 19:52:32.100 10 INFO neutron.wsgi [req-ea43c05a-10a1-440e-9ea9-ddeb1c60f0f3 req-6f2c718a-898c-4ee8-8f10-ddbfaf3d8a56 288704addc3444bb8daec7b4ce0705df 57efe4de2d3c4d5c975e1469434a0c1c - - default default] 10.0.0.12 "GET /v2.0/ports?device_id=9a27a48b-7017-4989-bb39-3f2922ccdaad HTTP/1.1" status: 200 len: 1170 time: 0.0338345
2026-06-23 19:52:32.152 10 INFO neutron.wsgi [req-ea43c05a-10a1-440e-9ea9-ddeb1c60f0f3 req-a09fd644-0815-4b45-aae2-688d80ed557a 288704addc3444bb8daec7b4ce0705df 57efe4de2d3c4d5c975e1469434a0c1c - - default default] 10.0.0.12 "GET /v2.0/security-groups?id=cc122f12-b309-4314-a34b-404767898b5f&fields=id&fields=name HTTP/1.1" status: 200 len: 312 time: 0.0451825
2026-06-23 19:52:32.224 9 INFO neutron.wsgi [None req-2e22384e-db9d-4f81-a468-22086c2c5749 c85177f01c8a441f8553862cfc9db03b 023ed75131e24daca939237968a5cd24 - - default default] 10.0.0.84 "GET /v2.0/ports?device_id=9a27a48b-7017-4989-bb39-3f2922ccdaad HTTP/1.1" status: 200 len: 1404 time: 0.0427973
2026-06-23 19:52:32.234 9 WARNING neutron_lib.context [None req-10729a29-9fe8-4ea6-8f75-acff0d2e457b 288704addc3444bb8daec7b4ce0705df 57efe4de2d3c4d5c975e1469434a0c1c - - default default] Method 'is_advsvc' is deprecated since 2023.2 release (neutron-lib 3.8.0) and will be removed once support for the old RBAC API policies will be removed from Neutron. Please use method 'is_service_role' instead.
2026-06-23 19:52:32.498 9 WARNING neutron.scheduler.dhcp_agent_scheduler [None req-10729a29-9fe8-4ea6-8f75-acff0d2e457b 288704addc3444bb8daec7b4ce0705df 57efe4de2d3c4d5c975e1469434a0c1c - - default default] No more DHCP agents
2026-06-23 19:52:32.501 9 WARNING neutron.api.rpc.agentnotifiers.dhcp_rpc_agent_api [None req-10729a29-9fe8-4ea6-8f75-acff0d2e457b 288704addc3444bb8daec7b4ce0705df 57efe4de2d3c4d5c975e1469434a0c1c - - default default] Unable to schedule network 9aa2abfd-6281-4bf9-8df1-b8ef24af13c5: no agents available; will retry on subsequent port and subnet creation events.
2026-06-23 19:52:32.717 9 INFO neutron.notifiers.nova [-] Nova event matching ['req-8418115e-98ec-4603-b824-0b35d7209872'] response: {'server_uuid': 'd70bd236-8ff6-4498-81a0-30d036c24c5a', 'name': 'network-vif-plugged', 'status': 'completed', 'tag': '0322ed4c-5a3d-4f92-9470-86ac4c3c07a7', 'code': 200}
2026-06-23 19:52:32.718 9 INFO neutron.notifiers.nova [-] Nova event matching ['req-8418115e-98ec-4603-b824-0b35d7209872'] response: {'server_uuid': 'd70bd236-8ff6-4498-81a0-30d036c24c5a', 'name': 'network-vif-plugged', 'status': 'completed', 'tag': '0322ed4c-5a3d-4f92-9470-86ac4c3c07a7', 'code': 200}
2026-06-23 19:52:33.713 9 INFO neutron.db.ovn_revision_numbers_db [None req-10729a29-9fe8-4ea6-8f75-acff0d2e457b 288704addc3444bb8daec7b4ce0705df 57efe4de2d3c4d5c975e1469434a0c1c - - default default] Successfully bumped revision number for resource ef1fca9f-6aa4-4eee-9a4c-f5fcb581a052 (type: floatingips) to -1
2026-06-23 19:52:33.863 9 INFO neutron.db.ovn_revision_numbers_db [None req-10729a29-9fe8-4ea6-8f75-acff0d2e457b 288704addc3444bb8daec7b4ce0705df 57efe4de2d3c4d5c975e1469434a0c1c - - default default] Successfully bumped revision number for resource ef1fca9f-6aa4-4eee-9a4c-f5fcb581a052 (type: floatingips) to 1
2026-06-23 19:52:33.864 9 INFO neutron.db.l3_db [None req-10729a29-9fe8-4ea6-8f75-acff0d2e457b 288704addc3444bb8daec7b4ce0705df 57efe4de2d3c4d5c975e1469434a0c1c - - default default] Floating IP ef1fca9f-6aa4-4eee-9a4c-f5fcb581a052 associated. External IP: 10.96.250.214, port: 858b085f-614f-4962-8979-105b1891ae42.
2026-06-23 19:52:33.906 9 INFO neutron.wsgi [None req-10729a29-9fe8-4ea6-8f75-acff0d2e457b 288704addc3444bb8daec7b4ce0705df 57efe4de2d3c4d5c975e1469434a0c1c - - default default] 10.0.0.84 "POST /v2.0/floatingips HTTP/1.1" status: 201 len: 1054 time: 1.6768074 /var/lib/openstack/lib/python3.10/site-packages/pycadf/identifier.py:71: UserWarning: Invalid uuid: neutron. To ensure interoperability, identifiers should be a valid uuid. warnings.warn(('Invalid uuid: %s. To ensure interoperability, '
2026-06-23 19:52:33.978 9 INFO neutron.wsgi [None req-7713a5b9-1490-40b4-8d2a-49e3849f7cbd 288704addc3444bb8daec7b4ce0705df 57efe4de2d3c4d5c975e1469434a0c1c - - default default] 10.0.0.84 "GET /v2.0/floatingips/ef1fca9f-6aa4-4eee-9a4c-f5fcb581a052 HTTP/1.1" status: 200 len: 1051 time: 0.0665085
2026-06-23 19:52:34.163 10 INFO neutron.db.ovn_revision_numbers_db [None req-e27d3be8-db29-4151-a185-e5da1e22a0de dd03f1e6eb9548279a3a08a1f8d6f6e6 7e57a0bb6e7a470893e6e45ce8442e2c - - default default] Successfully bumped revision number for resource cdedf5ed-a33e-41c7-8a13-1d9972a98ef9 (type: security_groups) to 1
2026-06-23 19:52:34.197 10 INFO neutron.db.ovn_revision_numbers_db [None req-e27d3be8-db29-4151-a185-e5da1e22a0de dd03f1e6eb9548279a3a08a1f8d6f6e6 7e57a0bb6e7a470893e6e45ce8442e2c - - default default] Successfully bumped revision number for resource 16da8e39-026e-4296-b60b-efc3a8f74629 (type: security_group_rules) to 0
2026-06-23 19:52:34.224 10 INFO neutron.db.ovn_revision_numbers_db [None req-e27d3be8-db29-4151-a185-e5da1e22a0de dd03f1e6eb9548279a3a08a1f8d6f6e6 7e57a0bb6e7a470893e6e45ce8442e2c - - default default] Successfully bumped revision number for resource 2c5592c4-06d5-4e36-a574-1c0c2426adc7 (type: security_group_rules) to 0
2026-06-23 19:52:34.242 10 INFO neutron.db.ovn_revision_numbers_db [None req-e27d3be8-db29-4151-a185-e5da1e22a0de dd03f1e6eb9548279a3a08a1f8d6f6e6 7e57a0bb6e7a470893e6e45ce8442e2c - - default default] Successfully bumped revision number for resource 40da1c3c-c9be-47d2-915a-f73b0506f92f (type: security_group_rules) to 0
2026-06-23 19:52:34.275 10 INFO neutron.db.ovn_revision_numbers_db [None req-e27d3be8-db29-4151-a185-e5da1e22a0de dd03f1e6eb9548279a3a08a1f8d6f6e6 7e57a0bb6e7a470893e6e45ce8442e2c - - default default] Successfully bumped revision number for resource 75610ae7-6ab5-4cdb-adb7-dd70a7fc5bae (type: security_group_rules) to 0
2026-06-23 19:52:34.307 10 INFO neutron.wsgi [None req-e27d3be8-db29-4151-a185-e5da1e22a0de dd03f1e6eb9548279a3a08a1f8d6f6e6 7e57a0bb6e7a470893e6e45ce8442e2c - - default default] 10.0.0.84 "GET /v2.0/security-groups?tenant_id=72f68be91a5945a7a414f00487f06954&name=default HTTP/1.1" status: 200 len: 3120 time: 0.4836030
2026-06-23 19:52:34.366 10 INFO neutron.db.ovn_revision_numbers_db [None req-2e529fcc-9b62-4617-82ce-df6e6888a560 dd03f1e6eb9548279a3a08a1f8d6f6e6 7e57a0bb6e7a470893e6e45ce8442e2c - - default default] Successfully bumped revision number for resource 589d3b92-7f9f-40d4-a4c7-c0cc2bfd4eb1 (type: security_groups) to 1
2026-06-23 19:52:34.380 10 INFO neutron.db.ovn_revision_numbers_db [None req-2e529fcc-9b62-4617-82ce-df6e6888a560 dd03f1e6eb9548279a3a08a1f8d6f6e6 7e57a0bb6e7a470893e6e45ce8442e2c - - default default] Successfully bumped revision number for resource 37e254a2-a146-4766-b36f-68b4e0df6429 (type: security_group_rules) to 0
2026-06-23 19:52:34.394 10 INFO neutron.db.ovn_revision_numbers_db [None req-2e529fcc-9b62-4617-82ce-df6e6888a560 dd03f1e6eb9548279a3a08a1f8d6f6e6 7e57a0bb6e7a470893e6e45ce8442e2c - - default default] Successfully bumped revision number for resource 3be66f9a-23b9-43d3-bf0d-1fe039b68216 (type: security_group_rules) to 0
2026-06-23 19:52:34.413 10 INFO neutron.db.ovn_revision_numbers_db [None req-2e529fcc-9b62-4617-82ce-df6e6888a560 dd03f1e6eb9548279a3a08a1f8d6f6e6 7e57a0bb6e7a470893e6e45ce8442e2c - - default default] Successfully bumped revision number for resource 60f7e652-d021-4f0e-a001-3c4ae7d0787d (type: security_group_rules) to 0
2026-06-23 19:52:34.430 10 INFO neutron.db.ovn_revision_numbers_db [None req-2e529fcc-9b62-4617-82ce-df6e6888a560 dd03f1e6eb9548279a3a08a1f8d6f6e6 7e57a0bb6e7a470893e6e45ce8442e2c - - default default] Successfully bumped revision number for resource d27d61fe-f356-4b8d-b540-902a64d85194 (type: security_group_rules) to 0
2026-06-23 19:52:34.460 10 INFO neutron.wsgi [None req-2e529fcc-9b62-4617-82ce-df6e6888a560 dd03f1e6eb9548279a3a08a1f8d6f6e6 7e57a0bb6e7a470893e6e45ce8442e2c - - default default] 10.0.0.84 "GET /v2.0/security-groups?tenant_id=5da074a778704dafb91699147694f69e&name=default HTTP/1.1" status: 200 len: 3120 time: 0.2934656
2026-06-23 19:52:34.562 9 INFO neutron.wsgi [None req-f15dc09f-da6b-4182-a4c8-f0bbfabf5da7 dd03f1e6eb9548279a3a08a1f8d6f6e6 7e57a0bb6e7a470893e6e45ce8442e2c - - default default] 10.0.0.84 "DELETE /v2.0/security-groups/cdedf5ed-a33e-41c7-8a13-1d9972a98ef9 HTTP/1.1" status: 204 len: 168 time: 0.2462301
2026-06-23 19:52:34.709 9 INFO neutron.wsgi [None req-06579f92-7537-49dc-9b36-f08f7ad2d9e3 dd03f1e6eb9548279a3a08a1f8d6f6e6 7e57a0bb6e7a470893e6e45ce8442e2c - - default default] 10.0.0.84 "DELETE /v2.0/security-groups/589d3b92-7f9f-40d4-a4c7-c0cc2bfd4eb1 HTTP/1.1" status: 204 len: 168 time: 0.2452288
2026-06-23 19:52:34.764 9 INFO neutron.notifiers.nova [-] Nova event matching ['req-8daea078-3325-433e-9c33-89702d7bb270'] response: {'name': 'network-changed', 'server_uuid': '9a27a48b-7017-4989-bb39-3f2922ccdaad', 'tag': '858b085f-614f-4962-8979-105b1891ae42', 'status': 'completed', 'code': 200}
2026-06-23 19:52:34.860 9 INFO neutron.wsgi [req-05b0a4e2-0b30-4e2f-807a-534143be7e46 req-d6905d29-1f49-4f89-9be1-a2c261a3b01b 3b20aad8910c481aa3d09bda2c441861 4437f5005fd3417c9cd65be0703b1d5a - - 2189ca4831b045c09946bd1f0b90583d 2189ca4831b045c09946bd1f0b90583d] 199.204.45.53 "GET /v2.0/ports?tenant_id=57efe4de2d3c4d5c975e1469434a0c1c&device_id=9a27a48b-7017-4989-bb39-3f2922ccdaad HTTP/1.1" status: 200 len: 1409 time: 0.0641837
2026-06-23 19:52:34.929 9 INFO neutron.wsgi [req-05b0a4e2-0b30-4e2f-807a-534143be7e46 req-645f24c4-7f31-4a2c-ae92-602172d87dd9 3b20aad8910c481aa3d09bda2c441861 4437f5005fd3417c9cd65be0703b1d5a - - 2189ca4831b045c09946bd1f0b90583d 2189ca4831b045c09946bd1f0b90583d] 199.204.45.53 "GET /v2.0/networks?id=667b3dd4-03e9-48d2-8f52-68f104290fa1 HTTP/1.1" status: 200 len: 959 time: 0.0594521
2026-06-23 19:52:34.974 9 INFO neutron.wsgi [req-05b0a4e2-0b30-4e2f-807a-534143be7e46 req-febe2f12-968a-4283-8591-50cffc0ea78a 3b20aad8910c481aa3d09bda2c441861 4437f5005fd3417c9cd65be0703b1d5a - - 2189ca4831b045c09946bd1f0b90583d 2189ca4831b045c09946bd1f0b90583d] 199.204.45.53 "GET /v2.0/floatingips?fixed_ip_address=10.100.0.5&port_id=858b085f-614f-4962-8979-105b1891ae42 HTTP/1.1" status: 200 len: 1059 time: 0.0380039
2026-06-23 19:52:35.020 9 INFO neutron.wsgi [req-05b0a4e2-0b30-4e2f-807a-534143be7e46 req-2e962ad9-cdf1-49a2-a724-9b8c59e9a3db 3b20aad8910c481aa3d09bda2c441861 4437f5005fd3417c9cd65be0703b1d5a - - 2189ca4831b045c09946bd1f0b90583d 2189ca4831b045c09946bd1f0b90583d] 199.204.45.53 "GET /v2.0/subnets?id=3745eb82-a6c1-436e-b312-eedf0848bc7a HTTP/1.1" status: 200 len: 853 time: 0.0382378
2026-06-23 19:52:35.057 9 INFO neutron.wsgi [req-05b0a4e2-0b30-4e2f-807a-534143be7e46 req-a3b054b1-f633-4838-8ee6-4fbe5ca21170 3b20aad8910c481aa3d09bda2c441861 4437f5005fd3417c9cd65be0703b1d5a - - 2189ca4831b045c09946bd1f0b90583d 2189ca4831b045c09946bd1f0b90583d] 199.204.45.53 "GET /v2.0/ports?network_id=667b3dd4-03e9-48d2-8f52-68f104290fa1&device_owner=network%3Adhcp HTTP/1.1" status: 200 len: 210 time: 0.0296004
2026-06-23 19:52:35.130 9 INFO neutron.wsgi [req-05b0a4e2-0b30-4e2f-807a-534143be7e46 req-a718af92-e0b2-4e53-a358-fc969454f03f 3b20aad8910c481aa3d09bda2c441861 4437f5005fd3417c9cd65be0703b1d5a - - 2189ca4831b045c09946bd1f0b90583d 2189ca4831b045c09946bd1f0b90583d] 199.204.45.53 "GET /v2.0/networks/667b3dd4-03e9-48d2-8f52-68f104290fa1?fields=segments HTTP/1.1" status: 200 len: 212 time: 0.0661454
2026-06-23 19:52:35.192 9 INFO neutron.wsgi [req-05b0a4e2-0b30-4e2f-807a-534143be7e46 req-547b2ced-10bd-4c71-9dab-8200f12b8cd7 3b20aad8910c481aa3d09bda2c441861 4437f5005fd3417c9cd65be0703b1d5a - - 2189ca4831b045c09946bd1f0b90583d 2189ca4831b045c09946bd1f0b90583d] 199.204.45.53 "GET /v2.0/networks/667b3dd4-03e9-48d2-8f52-68f104290fa1?fields=provider%3Aphysical_network&fields=provider%3Anetwork_type HTTP/1.1" status: 200 len: 277 time: 0.0559592
2026-06-23 19:52:36.544 10 INFO neutron.db.ovn_revision_numbers_db [None req-9720b8f0-ffd8-4137-a704-6092a3e87d11 dd03f1e6eb9548279a3a08a1f8d6f6e6 7e57a0bb6e7a470893e6e45ce8442e2c - - default default] Successfully bumped revision number for resource ffabb457-4f86-47f6-ace5-753200ec1b42 (type: security_groups) to 1
2026-06-23 19:52:36.558 10 INFO neutron.db.ovn_revision_numbers_db [None req-9720b8f0-ffd8-4137-a704-6092a3e87d11 dd03f1e6eb9548279a3a08a1f8d6f6e6 7e57a0bb6e7a470893e6e45ce8442e2c - - default default] Successfully bumped revision number for resource 04655f06-9833-47ee-829f-7f975dab1db7 (type: security_group_rules) to 0
2026-06-23 19:52:36.573 10 INFO neutron.db.ovn_revision_numbers_db [None req-9720b8f0-ffd8-4137-a704-6092a3e87d11 dd03f1e6eb9548279a3a08a1f8d6f6e6 7e57a0bb6e7a470893e6e45ce8442e2c - - default default] Successfully bumped revision number for resource 41a522cc-75ad-48c0-851d-653dbeff5326 (type: security_group_rules) to 0
2026-06-23 19:52:36.586 10 INFO neutron.db.ovn_revision_numbers_db [None req-9720b8f0-ffd8-4137-a704-6092a3e87d11 dd03f1e6eb9548279a3a08a1f8d6f6e6 7e57a0bb6e7a470893e6e45ce8442e2c - - default default] Successfully bumped revision number for resource 529dd06d-e1e2-47dc-aac5-ec44fc4a5fb6 (type: security_group_rules) to 0
2026-06-23 19:52:36.598 10 INFO neutron.db.ovn_revision_numbers_db [None req-9720b8f0-ffd8-4137-a704-6092a3e87d11 dd03f1e6eb9548279a3a08a1f8d6f6e6 7e57a0bb6e7a470893e6e45ce8442e2c - - default default] Successfully bumped revision number for resource 58a0eeef-0cd2-4bc7-b2f0-fa65417344c2 (type: security_group_rules) to 0
2026-06-23 19:52:36.600 9 WARNING neutron_lib.context [None req-18a19617-8b3f-4ba3-b474-230288448d20 d040b130a8df4936a54104c9adadaadc 528ecadea19844fe89b4387e6b593765 - - default default] Method 'is_advsvc' is deprecated since 2023.2 release (neutron-lib 3.8.0) and will be removed once support for the old RBAC API policies will be removed from Neutron. Please use method 'is_service_role' instead.
2026-06-23 19:52:36.646 10 INFO neutron.db.segments_db [None req-9720b8f0-ffd8-4137-a704-6092a3e87d11 dd03f1e6eb9548279a3a08a1f8d6f6e6 7e57a0bb6e7a470893e6e45ce8442e2c - - default default] Added segment f7f47bf4-1095-44e5-a504-21405323f257 of type geneve for network 48d7f080-09f5-48d0-a5c8-ab0bdf9158b4
2026-06-23 19:52:36.751 9 INFO neutron.db.ovn_revision_numbers_db [None req-18a19617-8b3f-4ba3-b474-230288448d20 d040b130a8df4936a54104c9adadaadc 528ecadea19844fe89b4387e6b593765 - - default default] Successfully bumped revision number for resource d0f8c899-5e44-4290-b7f2-13789748571f (type: security_groups) to 1
2026-06-23 19:52:36.770 9 INFO neutron.db.ovn_revision_numbers_db [None req-18a19617-8b3f-4ba3-b474-230288448d20 d040b130a8df4936a54104c9adadaadc 528ecadea19844fe89b4387e6b593765 - - default default] Successfully bumped revision number for resource 18bab993-7856-46ba-833a-ca47090c6d4e (type: security_group_rules) to 0
2026-06-23 19:52:36.789 9 INFO neutron.db.ovn_revision_numbers_db [None req-18a19617-8b3f-4ba3-b474-230288448d20 d040b130a8df4936a54104c9adadaadc 528ecadea19844fe89b4387e6b593765 - - default default] Successfully bumped revision number for resource 1b94053e-a480-431a-ac55-9b881c168138 (type: security_group_rules) to 0
2026-06-23 19:52:36.805 9 INFO neutron.db.ovn_revision_numbers_db [None req-18a19617-8b3f-4ba3-b474-230288448d20 d040b130a8df4936a54104c9adadaadc 528ecadea19844fe89b4387e6b593765 - - default default] Successfully bumped revision number for resource cc4298c4-38e0-4de2-9071-935af9eccd24 (type: security_group_rules) to 0
2026-06-23 19:52:36.807 10 INFO neutron.db.ovn_revision_numbers_db [None req-9720b8f0-ffd8-4137-a704-6092a3e87d11 dd03f1e6eb9548279a3a08a1f8d6f6e6 7e57a0bb6e7a470893e6e45ce8442e2c - - default default] Successfully bumped revision number for resource 48d7f080-09f5-48d0-a5c8-ab0bdf9158b4 (type: networks) to 1
2026-06-23 19:52:36.827 9 INFO neutron.db.ovn_revision_numbers_db [None req-18a19617-8b3f-4ba3-b474-230288448d20 d040b130a8df4936a54104c9adadaadc 528ecadea19844fe89b4387e6b593765 - - default default] Successfully bumped revision number for resource f3fc4567-b16c-43bb-bb20-e52910432e0b (type: security_group_rules) to 0
2026-06-23 19:52:36.889 9 INFO neutron.db.segments_db [None req-18a19617-8b3f-4ba3-b474-230288448d20 d040b130a8df4936a54104c9adadaadc 528ecadea19844fe89b4387e6b593765 - - default default] Added segment 23f7eaa6-c830-421b-994f-b8d545ca09ae of type geneve for network c11a72e8-aa0d-4d8d-9425-bfe5d0dfe64a
2026-06-23 19:52:37.030 10 WARNING neutron.scheduler.dhcp_agent_scheduler [None req-9720b8f0-ffd8-4137-a704-6092a3e87d11 dd03f1e6eb9548279a3a08a1f8d6f6e6 7e57a0bb6e7a470893e6e45ce8442e2c - - default default] No more DHCP agents
2026-06-23 19:52:37.032 10 WARNING neutron.api.rpc.agentnotifiers.dhcp_rpc_agent_api [None req-9720b8f0-ffd8-4137-a704-6092a3e87d11 dd03f1e6eb9548279a3a08a1f8d6f6e6 7e57a0bb6e7a470893e6e45ce8442e2c - - default default] Unable to schedule network 48d7f080-09f5-48d0-a5c8-ab0bdf9158b4: no agents available; will retry on subsequent port and subnet creation events.
2026-06-23 19:52:37.068 9 INFO neutron.db.ovn_revision_numbers_db [None req-18a19617-8b3f-4ba3-b474-230288448d20 d040b130a8df4936a54104c9adadaadc 528ecadea19844fe89b4387e6b593765 - - default default] Successfully bumped revision number for resource c11a72e8-aa0d-4d8d-9425-bfe5d0dfe64a (type: networks) to 1
2026-06-23 19:52:37.134 10 INFO neutron.db.ovn_revision_numbers_db [None req-9720b8f0-ffd8-4137-a704-6092a3e87d11 dd03f1e6eb9548279a3a08a1f8d6f6e6 7e57a0bb6e7a470893e6e45ce8442e2c - - default default] Successfully bumped revision number for resource f69d86b0-b26c-4f0d-824e-2543c0791609 (type: ports) to 1
2026-06-23 19:52:37.161 10 INFO neutron.wsgi [None req-9720b8f0-ffd8-4137-a704-6092a3e87d11 dd03f1e6eb9548279a3a08a1f8d6f6e6 7e57a0bb6e7a470893e6e45ce8442e2c - - default default] 10.0.0.84 "POST /v2.0/networks HTTP/1.1" status: 201 len: 941 time: 0.9063890
2026-06-23 19:52:37.290 9 WARNING neutron.scheduler.dhcp_agent_scheduler [None req-18a19617-8b3f-4ba3-b474-230288448d20 d040b130a8df4936a54104c9adadaadc 528ecadea19844fe89b4387e6b593765 - - default default] No more DHCP agents
2026-06-23 19:52:37.291 9 WARNING neutron.api.rpc.agentnotifiers.dhcp_rpc_agent_api [None req-18a19617-8b3f-4ba3-b474-230288448d20 d040b130a8df4936a54104c9adadaadc 528ecadea19844fe89b4387e6b593765 - - default default] Unable to schedule network c11a72e8-aa0d-4d8d-9425-bfe5d0dfe64a: no agents available; will retry on subsequent port and subnet creation events.
2026-06-23 19:52:37.319 10 WARNING neutron.scheduler.dhcp_agent_scheduler [None req-3055e1d3-c1c0-4f2f-9603-c6c6e1c33f1a dd03f1e6eb9548279a3a08a1f8d6f6e6 7e57a0bb6e7a470893e6e45ce8442e2c - - default default] No more DHCP agents
2026-06-23 19:52:37.322 10 WARNING neutron.api.rpc.agentnotifiers.dhcp_rpc_agent_api [None req-3055e1d3-c1c0-4f2f-9603-c6c6e1c33f1a dd03f1e6eb9548279a3a08a1f8d6f6e6 7e57a0bb6e7a470893e6e45ce8442e2c - - default default] Unable to schedule network 48d7f080-09f5-48d0-a5c8-ab0bdf9158b4: no agents available; will retry on subsequent port and subnet creation events.
2026-06-23 19:52:37.380 9 INFO neutron.db.ovn_revision_numbers_db [None req-18a19617-8b3f-4ba3-b474-230288448d20 d040b130a8df4936a54104c9adadaadc 528ecadea19844fe89b4387e6b593765 - - default default] Successfully bumped revision number for resource 45b0cf98-f6a8-433e-b8f2-fe8d8c16c980 (type: ports) to 1
2026-06-23 19:52:37.409 9 INFO neutron.wsgi [None req-18a19617-8b3f-4ba3-b474-230288448d20 d040b130a8df4936a54104c9adadaadc 528ecadea19844fe89b4387e6b593765 - - default default] 10.0.0.84 "POST /v2.0/networks HTTP/1.1" status: 201 len: 849 time: 0.8564026
2026-06-23 19:52:37.421 9 WARNING neutron_lib.context [None req-1e6e62d9-d4bc-44c5-8bbd-42db59575c4d d040b130a8df4936a54104c9adadaadc 528ecadea19844fe89b4387e6b593765 - - default default] Method 'is_advsvc' is deprecated since 2023.2 release (neutron-lib 3.8.0) and will be removed once support for the old RBAC API policies will be removed from Neutron. Please use method 'is_service_role' instead.
2026-06-23 19:52:37.653 9 WARNING neutron.scheduler.dhcp_agent_scheduler [None req-1e6e62d9-d4bc-44c5-8bbd-42db59575c4d d040b130a8df4936a54104c9adadaadc 528ecadea19844fe89b4387e6b593765 - - default default] No more DHCP agents
2026-06-23 19:52:37.656 9 WARNING neutron.api.rpc.agentnotifiers.dhcp_rpc_agent_api [None req-1e6e62d9-d4bc-44c5-8bbd-42db59575c4d d040b130a8df4936a54104c9adadaadc 528ecadea19844fe89b4387e6b593765 - - default default] Unable to schedule network c11a72e8-aa0d-4d8d-9425-bfe5d0dfe64a: no agents available; will retry on subsequent port and subnet creation events.
2026-06-23 19:52:37.698 9 INFO neutron.db.ovn_revision_numbers_db [None req-1e6e62d9-d4bc-44c5-8bbd-42db59575c4d d040b130a8df4936a54104c9adadaadc 528ecadea19844fe89b4387e6b593765 - - default default] Successfully bumped revision number for resource 61958228-7b58-4257-912e-978f38bcb533 (type: subnets) to 0
2026-06-23 19:52:37.714 9 INFO neutron.wsgi [None req-1e6e62d9-d4bc-44c5-8bbd-42db59575c4d d040b130a8df4936a54104c9adadaadc 528ecadea19844fe89b4387e6b593765 - - default default] 10.0.0.84 "POST /v2.0/subnets HTTP/1.1" status: 201 len: 802 time: 0.2997978
2026-06-23 19:52:37.726 9 WARNING neutron_lib.context [None req-cc04b73c-f4f3-428b-825b-d4b4ed81466d d040b130a8df4936a54104c9adadaadc 528ecadea19844fe89b4387e6b593765 - - default default] Method 'is_advsvc' is deprecated since 2023.2 release (neutron-lib 3.8.0) and will be removed once support for the old RBAC API policies will be removed from Neutron. Please use method 'is_service_role' instead.
2026-06-23 19:52:37.839 10 INFO neutron.db.ovn_revision_numbers_db [None req-3055e1d3-c1c0-4f2f-9603-c6c6e1c33f1a dd03f1e6eb9548279a3a08a1f8d6f6e6 7e57a0bb6e7a470893e6e45ce8442e2c - - default default] Successfully bumped revision number for resource f69d86b0-b26c-4f0d-824e-2543c0791609 (type: ports) to 2
2026-06-23 19:52:37.869 10 INFO neutron.db.ovn_revision_numbers_db [None req-3055e1d3-c1c0-4f2f-9603-c6c6e1c33f1a dd03f1e6eb9548279a3a08a1f8d6f6e6 7e57a0bb6e7a470893e6e45ce8442e2c - - default default] Successfully bumped revision number for resource 96dc5472-af4b-484e-aa44-4bc0cc1be2b3 (type: subnets) to 0
2026-06-23 19:52:37.886 10 INFO neutron.wsgi [None req-3055e1d3-c1c0-4f2f-9603-c6c6e1c33f1a dd03f1e6eb9548279a3a08a1f8d6f6e6 7e57a0bb6e7a470893e6e45ce8442e2c - - default default] 10.0.0.84 "POST /v2.0/subnets HTTP/1.1" status: 201 len: 863 time: 0.7203102
2026-06-23 19:52:38.274 9 WARNING neutron.scheduler.dhcp_agent_scheduler [None req-cc04b73c-f4f3-428b-825b-d4b4ed81466d d040b130a8df4936a54104c9adadaadc 528ecadea19844fe89b4387e6b593765 - - default default] No more DHCP agents
2026-06-23 19:52:38.276 9 WARNING neutron.api.rpc.agentnotifiers.dhcp_rpc_agent_api [None req-cc04b73c-f4f3-428b-825b-d4b4ed81466d d040b130a8df4936a54104c9adadaadc 528ecadea19844fe89b4387e6b593765 - - default default] Unable to schedule network 9aa2abfd-6281-4bf9-8df1-b8ef24af13c5: no agents available; will retry on subsequent port and subnet creation events.
2026-06-23 19:52:38.380 10 WARNING neutron.scheduler.dhcp_agent_scheduler [None req-3655ef76-fef7-465b-bb55-28eb0f18f04e dd03f1e6eb9548279a3a08a1f8d6f6e6 7e57a0bb6e7a470893e6e45ce8442e2c - - default default] No more DHCP agents
2026-06-23 19:52:38.382 10 WARNING neutron.api.rpc.agentnotifiers.dhcp_rpc_agent_api [None req-3655ef76-fef7-465b-bb55-28eb0f18f04e dd03f1e6eb9548279a3a08a1f8d6f6e6 7e57a0bb6e7a470893e6e45ce8442e2c - - default default] Unable to schedule network 9aa2abfd-6281-4bf9-8df1-b8ef24af13c5: no agents available; will retry on subsequent port and subnet creation events.
2026-06-23 19:52:38.429 9 INFO neutron.db.ovn_revision_numbers_db [None req-cc04b73c-f4f3-428b-825b-d4b4ed81466d d040b130a8df4936a54104c9adadaadc 528ecadea19844fe89b4387e6b593765 - - default default] Successfully bumped revision number for resource d60c04e9-fdd2-448a-8dd5-5b06cf907595 (type: ports) to 1
2026-06-23 19:52:38.537 10 INFO neutron.db.ovn_revision_numbers_db [None req-3655ef76-fef7-465b-bb55-28eb0f18f04e dd03f1e6eb9548279a3a08a1f8d6f6e6 7e57a0bb6e7a470893e6e45ce8442e2c - - default default] Successfully bumped revision number for resource ffe9ff07-4287-4c19-af6c-653e24644130 (type: ports) to 1
2026-06-23 19:52:39.373 9 INFO neutron.plugins.ml2.drivers.ovn.mech_driver.ovsdb.commands [None req-36ae78b4-93e9-433c-8ba7-dfd3c5f3e395 - - - - - -] Schedule LRP lrp-d60c04e9-fdd2-448a-8dd5-5b06cf907595 on gateway ad2832f5-cd9e-4d8d-8023-f7336ee95e61 with priority 1
2026-06-23 19:52:39.397 10 INFO neutron.plugins.ml2.drivers.ovn.mech_driver.mech_driver [None req-7b52b48e-a412-4fb5-acdf-2f6eb947522b - - - - - -] OVN reports status up for port: d60c04e9-fdd2-448a-8dd5-5b06cf907595
2026-06-23 19:52:39.405 10 INFO neutron.plugins.ml2.plugin [None req-7b52b48e-a412-4fb5-acdf-2f6eb947522b - - - - - -] Attempt 1 to provision port d60c04e9-fdd2-448a-8dd5-5b06cf907595
2026-06-23 19:52:39.419 9 INFO neutron.db.ovn_revision_numbers_db [None req-cc04b73c-f4f3-428b-825b-d4b4ed81466d d040b130a8df4936a54104c9adadaadc 528ecadea19844fe89b4387e6b593765 - - default default] Successfully bumped revision number for resource d60c04e9-fdd2-448a-8dd5-5b06cf907595 (type: router_ports) to 1
2026-06-23 19:52:39.482 10 INFO neutron.plugins.ml2.drivers.ovn.mech_driver.ovsdb.commands [None req-f35a1e2b-c908-449e-ad1f-0f715b7f0307 - - - - - -] Schedule LRP lrp-ffe9ff07-4287-4c19-af6c-653e24644130 on gateway ad2832f5-cd9e-4d8d-8023-f7336ee95e61 with priority 1
2026-06-23 19:52:39.507 9 INFO neutron.plugins.ml2.drivers.ovn.mech_driver.ovsdb.ovsdb_monitor [None req-f54a5d18-0ea1-405e-825c-e90732cf97ad - - - - - -] Router 567e9293-821d-473a-8a02-44798acc0035 is bound to host instance
2026-06-23 19:52:39.537 10 INFO neutron.db.ovn_revision_numbers_db [None req-3655ef76-fef7-465b-bb55-28eb0f18f04e dd03f1e6eb9548279a3a08a1f8d6f6e6 7e57a0bb6e7a470893e6e45ce8442e2c - - default default] Successfully bumped revision number for resource ffe9ff07-4287-4c19-af6c-653e24644130 (type: router_ports) to 1
2026-06-23 19:52:39.541 9 INFO neutron.db.ovn_revision_numbers_db [None req-cc04b73c-f4f3-428b-825b-d4b4ed81466d d040b130a8df4936a54104c9adadaadc 528ecadea19844fe89b4387e6b593765 - - default default] Successfully bumped revision number for resource c73643a6-4f46-41d3-b7d2-9522f895e256 (type: routers) to 2
2026-06-23 19:52:39.567 9 INFO neutron.wsgi [None req-cc04b73c-f4f3-428b-825b-d4b4ed81466d d040b130a8df4936a54104c9adadaadc 528ecadea19844fe89b4387e6b593765 - - default default] 10.0.0.84 "POST /v2.0/routers HTTP/1.1" status: 201 len: 1153 time: 1.8468502
2026-06-23 19:52:39.622 10 INFO neutron.db.ovn_revision_numbers_db [None req-3655ef76-fef7-465b-bb55-28eb0f18f04e dd03f1e6eb9548279a3a08a1f8d6f6e6 7e57a0bb6e7a470893e6e45ce8442e2c - - default default] Successfully bumped revision number for resource 567e9293-821d-473a-8a02-44798acc0035 (type: routers) to 2
2026-06-23 19:52:39.640 10 INFO neutron.wsgi [None req-3655ef76-fef7-465b-bb55-28eb0f18f04e dd03f1e6eb9548279a3a08a1f8d6f6e6 7e57a0bb6e7a470893e6e45ce8442e2c - - default default] 10.0.0.84 "POST /v2.0/routers HTTP/1.1" status: 201 len: 1165 time: 1.7498219
2026-06-23 19:52:40.229 10 WARNING neutron.scheduler.dhcp_agent_scheduler [None req-cea64069-d003-4da0-8037-2760029cdc4f dd03f1e6eb9548279a3a08a1f8d6f6e6 7e57a0bb6e7a470893e6e45ce8442e2c - - default default] No more DHCP agents
2026-06-23 19:52:40.230 10 WARNING neutron.api.rpc.agentnotifiers.dhcp_rpc_agent_api [None req-cea64069-d003-4da0-8037-2760029cdc4f dd03f1e6eb9548279a3a08a1f8d6f6e6 7e57a0bb6e7a470893e6e45ce8442e2c - - default default] Unable to schedule network 48d7f080-09f5-48d0-a5c8-ab0bdf9158b4: no agents available; will retry on subsequent port and subnet creation events.
2026-06-23 19:52:40.369 9 WARNING neutron.scheduler.dhcp_agent_scheduler [None req-4cf3cc93-df66-4ca7-8bdd-9b9a3e397562 d040b130a8df4936a54104c9adadaadc 528ecadea19844fe89b4387e6b593765 - - default default] No more DHCP agents
2026-06-23 19:52:40.376 9 WARNING neutron.api.rpc.agentnotifiers.dhcp_rpc_agent_api [None req-4cf3cc93-df66-4ca7-8bdd-9b9a3e397562 d040b130a8df4936a54104c9adadaadc 528ecadea19844fe89b4387e6b593765 - - default default] Unable to schedule network c11a72e8-aa0d-4d8d-9425-bfe5d0dfe64a: no agents available; will retry on subsequent port and subnet creation events.
2026-06-23 19:52:40.403 10 INFO neutron.db.ovn_revision_numbers_db [None req-cea64069-d003-4da0-8037-2760029cdc4f dd03f1e6eb9548279a3a08a1f8d6f6e6 7e57a0bb6e7a470893e6e45ce8442e2c - - default default] Successfully bumped revision number for resource 60650383-fc21-4d19-9b9c-4cda2ee0e000 (type: ports) to 1
2026-06-23 19:52:40.491 9 INFO neutron.db.ovn_revision_numbers_db [None req-f54a5d18-0ea1-405e-825c-e90732cf97ad - - - - - -] Successfully bumped revision number for resource ffe9ff07-4287-4c19-af6c-653e24644130 (type: ports) to 1
2026-06-23 19:52:40.606 9 INFO neutron.db.ovn_revision_numbers_db [None req-4cf3cc93-df66-4ca7-8bdd-9b9a3e397562 d040b130a8df4936a54104c9adadaadc 528ecadea19844fe89b4387e6b593765 - - default default] Successfully bumped revision number for resource 3beb9077-67cd-430a-97a8-ae77661e4a60 (type: ports) to 1
2026-06-23 19:52:40.923 10 INFO neutron.wsgi [req-31d78bfb-5b5c-4f9f-904b-fa2c15af9c9a req-821bc7a9-a6a2-4227-aa3f-a83bfaf63ef6 3b20aad8910c481aa3d09bda2c441861 4437f5005fd3417c9cd65be0703b1d5a - - 2189ca4831b045c09946bd1f0b90583d 2189ca4831b045c09946bd1f0b90583d] 10.0.0.156 "GET /v2.0/ports?device_id=d70bd236-8ff6-4498-81a0-30d036c24c5a HTTP/1.1" status: 200 len: 1409 time: 0.0562997
2026-06-23 19:52:40.970 10 ERROR ovsdbapp.backend.ovs_idl.command [None req-cea64069-d003-4da0-8037-2760029cdc4f dd03f1e6eb9548279a3a08a1f8d6f6e6 7e57a0bb6e7a470893e6e45ce8442e2c - - default default] Error executing command (DbGetCommand): ovsdbapp.backend.ovs_idl.idlutils.RowNotFound: Cannot find Logical_Router_Port with name=lrp-60650383-fc21-4d19-9b9c-4cda2ee0e000
2026-06-23 19:52:40.970 10 ERROR ovsdbapp.backend.ovs_idl.command
Traceback (most recent call last):
2026-06-23 19:52:40.970 10 ERROR ovsdbapp.backend.ovs_idl.command
File "/var/lib/openstack/lib/python3.10/site-packages/ovsdbapp/backend/ovs_idl/command.py", line 47, in execute
2026-06-23 19:52:40.970 10 ERROR ovsdbapp.backend.ovs_idl.command self.run_idl(None)
2026-06-23 19:52:40.970 10 ERROR ovsdbapp.backend.ovs_idl.command
File "/var/lib/openstack/lib/python3.10/site-packages/ovsdbapp/backend/ovs_idl/command.py", line 235, in run_idl
2026-06-23 19:52:40.970 10 ERROR ovsdbapp.backend.ovs_idl.command record = self.api.lookup(self.table, self.record)
2026-06-23 19:52:40.970 10 ERROR ovsdbapp.backend.ovs_idl.command
File "/var/lib/openstack/lib/python3.10/site-packages/ovsdbapp/backend/ovs_idl/__init__.py", line 184, in lookup
2026-06-23 19:52:40.970 10 ERROR ovsdbapp.backend.ovs_idl.command return self._lookup(table, record)
2026-06-23 19:52:40.970 10 ERROR ovsdbapp.backend.ovs_idl.command
File "/var/lib/openstack/lib/python3.10/site-packages/ovsdbapp/backend/ovs_idl/__init__.py", line 235, in _lookup
2026-06-23 19:52:40.970 10 ERROR ovsdbapp.backend.ovs_idl.command row = idlutils.row_by_value(self, rl.table, rl.column, record)
2026-06-23 19:52:40.970 10 ERROR ovsdbapp.backend.ovs_idl.command
File "/var/lib/openstack/lib/python3.10/site-packages/ovsdbapp/backend/ovs_idl/idlutils.py", line 114, in row_by_value
2026-06-23 19:52:40.970 10 ERROR ovsdbapp.backend.ovs_idl.command raise RowNotFound(table=table, col=column, match=match)
2026-06-23 19:52:40.970 10 ERROR ovsdbapp.backend.ovs_idl.command ovsdbapp.backend.ovs_idl.idlutils.RowNotFound: Cannot find Logical_Router_Port with name=lrp-60650383-fc21-4d19-9b9c-4cda2ee0e000
2026-06-23 19:52:40.970 10 ERROR ovsdbapp.backend.ovs_idl.command 
2026-06-23 19:52:40.970 10 ERROR neutron_lib.callbacks.manager [None req-cea64069-d003-4da0-8037-2760029cdc4f dd03f1e6eb9548279a3a08a1f8d6f6e6 7e57a0bb6e7a470893e6e45ce8442e2c - - default default] Error during notification for neutron.services.ovn_l3.plugin.OVNL3RouterPlugin._port_update-8789294830310 port, after_update: ovsdbapp.backend.ovs_idl.idlutils.RowNotFound: Cannot find Logical_Router_Port with name=lrp-60650383-fc21-4d19-9b9c-4cda2ee0e000
2026-06-23 19:52:40.970 10 ERROR neutron_lib.callbacks.manager
Traceback (most recent call last):
2026-06-23 19:52:40.970 10 ERROR neutron_lib.callbacks.manager
File "/var/lib/openstack/lib/python3.10/site-packages/neutron_lib/callbacks/manager.py", line 189, in _notify_loop
2026-06-23 19:52:40.970 10 ERROR neutron_lib.callbacks.manager callback.method(resource, event, trigger, payload=payload)
2026-06-23 19:52:40.970 10 ERROR neutron_lib.callbacks.manager
File "/var/lib/openstack/lib/python3.10/site-packages/neutron/services/ovn_l3/plugin.py", line 391, in _port_update
2026-06-23 19:52:40.970 10 ERROR neutron_lib.callbacks.manager l3plugin._ovn_client.update_router_port(context,
2026-06-23 19:52:40.970 10 ERROR neutron_lib.callbacks.manager
File "/var/lib/openstack/lib/python3.10/site-packages/neutron/plugins/ml2/drivers/ovn/mech_driver/ovsdb/ovn_client.py", line 1878, in update_router_port
2026-06-23 19:52:40.970 10 ERROR neutron_lib.callbacks.manager self._update_lrouter_port(context, port, if_exists=if_exists,
2026-06-23 19:52:40.970 10 ERROR neutron_lib.callbacks.manager
File "/var/lib/openstack/lib/python3.10/site-packages/neutron/plugins/ml2/drivers/ovn/mech_driver/ovsdb/ovn_client.py", line 1855, in _update_lrouter_port
2026-06-23 19:52:40.970 10 ERROR neutron_lib.callbacks.manager external_ids = self._nb_idl.db_get(
2026-06-23 19:52:40.970 10 ERROR neutron_lib.callbacks.manager
File "/var/lib/openstack/lib/python3.10/site-packages/ovsdbapp/backend/ovs_idl/command.py", line 47, in execute
2026-06-23 19:52:40.970 10 ERROR neutron_lib.callbacks.manager self.run_idl(None)
2026-06-23 19:52:40.970 10 ERROR neutron_lib.callbacks.manager
File "/var/lib/openstack/lib/python3.10/site-packages/ovsdbapp/backend/ovs_idl/command.py", line 235, in run_idl
2026-06-23 19:52:40.970 10 ERROR neutron_lib.callbacks.manager record = self.api.lookup(self.table, self.record)
2026-06-23 19:52:40.970 10 ERROR neutron_lib.callbacks.manager
File "/var/lib/openstack/lib/python3.10/site-packages/ovsdbapp/backend/ovs_idl/__init__.py", line 184, in lookup
2026-06-23 19:52:40.970 10 ERROR neutron_lib.callbacks.manager return self._lookup(table, record)
2026-06-23 19:52:40.970 10 ERROR neutron_lib.callbacks.manager
File "/var/lib/openstack/lib/python3.10/site-packages/ovsdbapp/backend/ovs_idl/__init__.py", line 235, in _lookup
2026-06-23 19:52:40.970 10 ERROR neutron_lib.callbacks.manager row = idlutils.row_by_value(self, rl.table, rl.column, record)
2026-06-23 19:52:40.970 10 ERROR neutron_lib.callbacks.manager
File "/var/lib/openstack/lib/python3.10/site-packages/ovsdbapp/backend/ovs_idl/idlutils.py", line 114, in row_by_value
2026-06-23 19:52:40.970 10 ERROR neutron_lib.callbacks.manager raise RowNotFound(table=table, col=column, match=match)
2026-06-23 19:52:40.970 10 ERROR neutron_lib.callbacks.manager ovsdbapp.backend.ovs_idl.idlutils.RowNotFound: Cannot find Logical_Router_Port with name=lrp-60650383-fc21-4d19-9b9c-4cda2ee0e000
2026-06-23 19:52:40.970 10 ERROR neutron_lib.callbacks.manager 
2026-06-23 19:52:40.985 10 INFO neutron.wsgi [req-31d78bfb-5b5c-4f9f-904b-fa2c15af9c9a req-50d9cb31-8437-4881-8776-5e271285b44b 3b20aad8910c481aa3d09bda2c441861 4437f5005fd3417c9cd65be0703b1d5a - - 2189ca4831b045c09946bd1f0b90583d 2189ca4831b045c09946bd1f0b90583d] 10.0.0.156 "GET /v2.0/security-groups?id=6509bda4-a056-4477-bd85-66ace9eddf64&fields=id&fields=name HTTP/1.1" status: 200 len: 312 time: 0.0550530
2026-06-23 19:52:41.153 9 INFO neutron.wsgi [req-a684d56b-df1e-4807-9f20-be0bca7b2152 req-c6037087-bb51-4c94-ad55-5d80eb725c96 3b20aad8910c481aa3d09bda2c441861 4437f5005fd3417c9cd65be0703b1d5a - - 2189ca4831b045c09946bd1f0b90583d 2189ca4831b045c09946bd1f0b90583d] 10.0.0.156 "GET /v2.0/ports?device_id=9a27a48b-7017-4989-bb39-3f2922ccdaad HTTP/1.1" status: 200 len: 1409 time: 0.0574453
2026-06-23 19:52:41.236 10 INFO neutron.db.ovn_revision_numbers_db [None req-cea64069-d003-4da0-8037-2760029cdc4f dd03f1e6eb9548279a3a08a1f8d6f6e6 7e57a0bb6e7a470893e6e45ce8442e2c - - default default] Successfully bumped revision number for resource 60650383-fc21-4d19-9b9c-4cda2ee0e000 (type: ports) to 1
2026-06-23 19:52:41.250 9 INFO neutron.wsgi [req-a684d56b-df1e-4807-9f20-be0bca7b2152 req-2581f5bc-1353-46e2-a7a0-41ab7ab35ccf 3b20aad8910c481aa3d09bda2c441861 4437f5005fd3417c9cd65be0703b1d5a - - 2189ca4831b045c09946bd1f0b90583d 2189ca4831b045c09946bd1f0b90583d] 10.0.0.156 "GET /v2.0/security-groups?id=cc122f12-b309-4314-a34b-404767898b5f&fields=id&fields=name HTTP/1.1" status: 200 len: 312 time: 0.0881402
2026-06-23 19:52:41.319 10 WARNING neutron.scheduler.dhcp_agent_scheduler [None req-cea64069-d003-4da0-8037-2760029cdc4f dd03f1e6eb9548279a3a08a1f8d6f6e6 7e57a0bb6e7a470893e6e45ce8442e2c - - default default] No more DHCP agents
2026-06-23 19:52:41.320 10 WARNING neutron.api.rpc.agentnotifiers.dhcp_rpc_agent_api [None req-cea64069-d003-4da0-8037-2760029cdc4f dd03f1e6eb9548279a3a08a1f8d6f6e6 7e57a0bb6e7a470893e6e45ce8442e2c - - default default] Unable to schedule network 48d7f080-09f5-48d0-a5c8-ab0bdf9158b4: no agents available; will retry on subsequent port and subnet creation events.
2026-06-23 19:52:41.364 9 INFO neutron.db.ovn_revision_numbers_db [None req-f54a5d18-0ea1-405e-825c-e90732cf97ad - - - - - -] Successfully bumped revision number for resource ffe9ff07-4287-4c19-af6c-653e24644130 (type: router_ports) to 3
2026-06-23 19:52:41.508 9 INFO neutron.wsgi [-] 10.0.0.193 "GET / HTTP/1.1" status: 200 len: 247 time: 0.0014479
2026-06-23 19:52:41.509 9 INFO neutron.wsgi [-] 10.0.0.193 "GET / HTTP/1.1" status: 200 len: 247 time: 0.0009124
2026-06-23 19:52:41.705 9 INFO neutron.db.ovn_revision_numbers_db [None req-f54a5d18-0ea1-405e-825c-e90732cf97ad - - - - - -] Successfully bumped revision number for resource ffe9ff07-4287-4c19-af6c-653e24644130 (type: ports) to 2
2026-06-23 19:52:41.733 9 ERROR ovsdbapp.backend.ovs_idl.command [None req-4cf3cc93-df66-4ca7-8bdd-9b9a3e397562 d040b130a8df4936a54104c9adadaadc 528ecadea19844fe89b4387e6b593765 - - default default] Error executing command (DbGetCommand): ovsdbapp.backend.ovs_idl.idlutils.RowNotFound: Cannot find Logical_Router_Port with name=lrp-3beb9077-67cd-430a-97a8-ae77661e4a60
2026-06-23 19:52:41.733 9 ERROR ovsdbapp.backend.ovs_idl.command
Traceback (most recent call last):
2026-06-23 19:52:41.733 9 ERROR ovsdbapp.backend.ovs_idl.command
File "/var/lib/openstack/lib/python3.10/site-packages/ovsdbapp/backend/ovs_idl/command.py", line 47, in execute
2026-06-23 19:52:41.733 9 ERROR ovsdbapp.backend.ovs_idl.command self.run_idl(None)
2026-06-23 19:52:41.733 9 ERROR ovsdbapp.backend.ovs_idl.command
File "/var/lib/openstack/lib/python3.10/site-packages/ovsdbapp/backend/ovs_idl/command.py", line 235, in run_idl
2026-06-23 19:52:41.733 9 ERROR ovsdbapp.backend.ovs_idl.command record = self.api.lookup(self.table, self.record)
2026-06-23 19:52:41.733 9 ERROR ovsdbapp.backend.ovs_idl.command
File "/var/lib/openstack/lib/python3.10/site-packages/ovsdbapp/backend/ovs_idl/__init__.py", line 184, in lookup
2026-06-23 19:52:41.733 9 ERROR ovsdbapp.backend.ovs_idl.command return self._lookup(table, record)
2026-06-23 19:52:41.733 9 ERROR ovsdbapp.backend.ovs_idl.command
File "/var/lib/openstack/lib/python3.10/site-packages/ovsdbapp/backend/ovs_idl/__init__.py", line 235, in _lookup
2026-06-23 19:52:41.733 9 ERROR ovsdbapp.backend.ovs_idl.command row = idlutils.row_by_value(self, rl.table, rl.column, record)
2026-06-23 19:52:41.733 9 ERROR ovsdbapp.backend.ovs_idl.command
File "/var/lib/openstack/lib/python3.10/site-packages/ovsdbapp/backend/ovs_idl/idlutils.py", line 114, in row_by_value
2026-06-23 19:52:41.733 9 ERROR ovsdbapp.backend.ovs_idl.command raise RowNotFound(table=table, col=column, match=match)
2026-06-23 19:52:41.733 9 ERROR ovsdbapp.backend.ovs_idl.command ovsdbapp.backend.ovs_idl.idlutils.RowNotFound: Cannot find Logical_Router_Port with name=lrp-3beb9077-67cd-430a-97a8-ae77661e4a60
2026-06-23 19:52:41.733 9 ERROR ovsdbapp.backend.ovs_idl.command 
2026-06-23 19:52:41.734 9 ERROR neutron_lib.callbacks.manager [None req-4cf3cc93-df66-4ca7-8bdd-9b9a3e397562 d040b130a8df4936a54104c9adadaadc 528ecadea19844fe89b4387e6b593765 - - default default] Error during notification for neutron.services.ovn_l3.plugin.OVNL3RouterPlugin._port_update-8789294830310 port, after_update: ovsdbapp.backend.ovs_idl.idlutils.RowNotFound: Cannot find Logical_Router_Port with name=lrp-3beb9077-67cd-430a-97a8-ae77661e4a60
2026-06-23 19:52:41.734 9 ERROR neutron_lib.callbacks.manager
Traceback (most recent call last):
2026-06-23 19:52:41.734 9 ERROR neutron_lib.callbacks.manager
File "/var/lib/openstack/lib/python3.10/site-packages/neutron_lib/callbacks/manager.py", line 189, in _notify_loop
2026-06-23 19:52:41.734 9 ERROR neutron_lib.callbacks.manager callback.method(resource, event, trigger, payload=payload)
2026-06-23 19:52:41.734 9 ERROR neutron_lib.callbacks.manager
File "/var/lib/openstack/lib/python3.10/site-packages/neutron/services/ovn_l3/plugin.py", line 391, in _port_update
2026-06-23 19:52:41.734 9 ERROR neutron_lib.callbacks.manager l3plugin._ovn_client.update_router_port(context,
2026-06-23 19:52:41.734 9 ERROR neutron_lib.callbacks.manager
File "/var/lib/openstack/lib/python3.10/site-packages/neutron/plugins/ml2/drivers/ovn/mech_driver/ovsdb/ovn_client.py", line 1878, in update_router_port
2026-06-23 19:52:41.734 9 ERROR neutron_lib.callbacks.manager self._update_lrouter_port(context, port, if_exists=if_exists,
2026-06-23 19:52:41.734 9 ERROR neutron_lib.callbacks.manager
File "/var/lib/openstack/lib/python3.10/site-packages/neutron/plugins/ml2/drivers/ovn/mech_driver/ovsdb/ovn_client.py", line 1855, in _update_lrouter_port
2026-06-23 19:52:41.734 9 ERROR neutron_lib.callbacks.manager external_ids = self._nb_idl.db_get(
2026-06-23 19:52:41.734 9 ERROR neutron_lib.callbacks.manager
File "/var/lib/openstack/lib/python3.10/site-packages/ovsdbapp/backend/ovs_idl/command.py", line 47, in execute
2026-06-23 19:52:41.734 9 ERROR neutron_lib.callbacks.manager self.run_idl(None)
2026-06-23 19:52:41.734 9 ERROR neutron_lib.callbacks.manager
File "/var/lib/openstack/lib/python3.10/site-packages/ovsdbapp/backend/ovs_idl/command.py", line 235, in run_idl
2026-06-23 19:52:41.734 9 ERROR neutron_lib.callbacks.manager record = self.api.lookup(self.table, self.record)
2026-06-23 19:52:41.734 9 ERROR neutron_lib.callbacks.manager
File "/var/lib/openstack/lib/python3.10/site-packages/ovsdbapp/backend/ovs_idl/__init__.py", line 184, in lookup
2026-06-23 19:52:41.734 9 ERROR neutron_lib.callbacks.manager return self._lookup(table, record)
2026-06-23 19:52:41.734 9 ERROR neutron_lib.callbacks.manager
File "/var/lib/openstack/lib/python3.10/site-packages/ovsdbapp/backend/ovs_idl/__init__.py", line 235, in _lookup
2026-06-23 19:52:41.734 9 ERROR neutron_lib.callbacks.manager row = idlutils.row_by_value(self, rl.table, rl.column, record)
2026-06-23 19:52:41.734 9 ERROR neutron_lib.callbacks.manager
File "/var/lib/openstack/lib/python3.10/site-packages/ovsdbapp/backend/ovs_idl/idlutils.py", line 114, in row_by_value
2026-06-23 19:52:41.734 9 ERROR neutron_lib.callbacks.manager raise RowNotFound(table=table, col=column, match=match)
2026-06-23 19:52:41.734 9 ERROR neutron_lib.callbacks.manager ovsdbapp.backend.ovs_idl.idlutils.RowNotFound: Cannot find Logical_Router_Port with name=lrp-3beb9077-67cd-430a-97a8-ae77661e4a60
2026-06-23 19:52:41.734 9 ERROR neutron_lib.callbacks.manager 
2026-06-23 19:52:42.031 9 INFO neutron.db.ovn_revision_numbers_db [None req-4cf3cc93-df66-4ca7-8bdd-9b9a3e397562 d040b130a8df4936a54104c9adadaadc 528ecadea19844fe89b4387e6b593765 - - default default] Successfully bumped revision number for resource 3beb9077-67cd-430a-97a8-ae77661e4a60 (type: ports) to 1
