2026-06-23 19:53:31.407 10 WARNING neutron_lib.context [None req-d0b28328-4291-4dd7-85c7-6d48cc36d2d6 ef11ee9cbff640a1ac8a529d9aaa34cd 6da302bea3354e2183b7348d06d131e6 - - default default] Method 'is_advsvc' is deprecated since 2023.2 release (neutron-lib 3.8.0) and will be removed once support for the old RBAC API policies will be removed from Neutron. Please use method 'is_service_role' instead.
2026-06-23 19:53:31.552 9 INFO neutron.services.segments.plugin [-] Segment f0795ab4-75ea-4608-a1c2-561bba46855a resource provider aggregate not found
2026-06-23 19:53:31.558 9 INFO neutron.services.segments.plugin [-] Segment f0795ab4-75ea-4608-a1c2-561bba46855a resource provider aggregate not found
2026-06-23 19:53:31.596 9 INFO neutron.services.segments.plugin [-] Segment f0795ab4-75ea-4608-a1c2-561bba46855a resource provider not found; error: Placement Client Error (4xx): {"errors": [{"status": 404, "title": "Not Found", "detail": "The resource could not be found.\n\n No resource provider with uuid f0795ab4-75ea-4608-a1c2-561bba46855a found for delete ", "request_id": "req-0524a948-d1e4-4aaf-a49b-2a925932ec88"}]}
2026-06-23 19:53:31.597 9 INFO neutron.services.segments.plugin [-] Segment f0795ab4-75ea-4608-a1c2-561bba46855a resource provider not found; error: Placement Client Error (4xx): {"errors": [{"status": 404, "title": "Not Found", "detail": "The resource could not be found.\n\n No resource provider with uuid f0795ab4-75ea-4608-a1c2-561bba46855a found for delete ", "request_id": "req-2458214c-6513-4403-b071-e6716adab010"}]}
2026-06-23 19:53:31.607 9 INFO neutron.wsgi [None req-29d3743b-c68d-4975-812a-0956a331450c 0316913608bf4117bb574911b54aa69c 035ce76bf9f04d1bbf8e7d0df935e163 - - default default] 10.0.0.84 "DELETE /v2.0/networks/c58f4a60-832b-44d1-965a-f1274a16262d HTTP/1.1" status: 204 len: 168 time: 0.7994945
2026-06-23 19:53:31.624 10 INFO neutron.db.ovn_revision_numbers_db [None req-ec8d5d4b-b245-4b0d-951c-a4379bd7c419 - - - - - -] Successfully bumped revision number for resource 09028b5b-adbf-4d9e-8653-11571a291703 (type: router_ports) to 3
2026-06-23 19:53:31.694 9 INFO neutron.db.ovn_revision_numbers_db [None req-9d06a5c9-10c1-47f4-8feb-99adf73a1a92 dd03f1e6eb9548279a3a08a1f8d6f6e6 7e57a0bb6e7a470893e6e45ce8442e2c - - default default] Successfully bumped revision number for resource 6c84dcd2-1de8-461e-979b-cbd588d2c0ba (type: ports) to 1
2026-06-23 19:53:31.700 10 INFO neutron.db.ovn_revision_numbers_db [None req-d0b28328-4291-4dd7-85c7-6d48cc36d2d6 ef11ee9cbff640a1ac8a529d9aaa34cd 6da302bea3354e2183b7348d06d131e6 - - default default] Successfully bumped revision number for resource 5e5f3764-27fa-4abb-b96b-66ee93326813 (type: security_groups) to 1
2026-06-23 19:53:31.714 10 INFO neutron.wsgi [None req-dcfe4256-136a-4ab2-ba30-c93ed45686d8 2663fd7f428743218a35d6f4acc97356 6197daee7549488f88c0067ecbc830a6 - - default default] 10.0.0.84 "POST /v2.0/floatingips HTTP/1.1" status: 201 len: 751 time: 1.1862891
2026-06-23 19:53:31.728 10 WARNING neutron_lib.context [None req-24efcbc8-281f-43c0-854c-0ca330e5400c 2663fd7f428743218a35d6f4acc97356 6197daee7549488f88c0067ecbc830a6 - - default default] Method 'is_advsvc' is deprecated since 2023.2 release (neutron-lib 3.8.0) and will be removed once support for the old RBAC API policies will be removed from Neutron. Please use method 'is_service_role' instead.
2026-06-23 19:53:31.732 10 INFO neutron.db.ovn_revision_numbers_db [None req-d0b28328-4291-4dd7-85c7-6d48cc36d2d6 ef11ee9cbff640a1ac8a529d9aaa34cd 6da302bea3354e2183b7348d06d131e6 - - default default] Successfully bumped revision number for resource 66ce0526-8fa7-451d-b16d-cde2fac48480 (type: security_group_rules) to 0
2026-06-23 19:53:31.773 10 INFO neutron.db.ovn_revision_numbers_db [None req-d0b28328-4291-4dd7-85c7-6d48cc36d2d6 ef11ee9cbff640a1ac8a529d9aaa34cd 6da302bea3354e2183b7348d06d131e6 - - default default] Successfully bumped revision number for resource ae37fcf1-249b-4480-b520-6f0a024cfd3c (type: security_group_rules) to 0
2026-06-23 19:53:31.779 9 WARNING neutron.scheduler.dhcp_agent_scheduler [None req-9d06a5c9-10c1-47f4-8feb-99adf73a1a92 dd03f1e6eb9548279a3a08a1f8d6f6e6 7e57a0bb6e7a470893e6e45ce8442e2c - - default default] No more DHCP agents
2026-06-23 19:53:31.780 9 WARNING neutron.api.rpc.agentnotifiers.dhcp_rpc_agent_api [None req-9d06a5c9-10c1-47f4-8feb-99adf73a1a92 dd03f1e6eb9548279a3a08a1f8d6f6e6 7e57a0bb6e7a470893e6e45ce8442e2c - - default default] Unable to schedule network 66d27439-6c76-4ee6-8e74-992183f3a5e8: no agents available; will retry on subsequent port and subnet creation events.
2026-06-23 19:53:31.817 10 INFO neutron.db.ovn_revision_numbers_db [None req-d0b28328-4291-4dd7-85c7-6d48cc36d2d6 ef11ee9cbff640a1ac8a529d9aaa34cd 6da302bea3354e2183b7348d06d131e6 - - default default] Successfully bumped revision number for resource f624ac6b-9a21-451f-b735-1b7d7396b171 (type: security_group_rules) to 0
2026-06-23 19:53:31.854 10 INFO neutron.db.ovn_revision_numbers_db [None req-d0b28328-4291-4dd7-85c7-6d48cc36d2d6 ef11ee9cbff640a1ac8a529d9aaa34cd 6da302bea3354e2183b7348d06d131e6 - - default default] Successfully bumped revision number for resource fe976a2d-3423-4d02-a2d2-a466c6c9263a (type: security_group_rules) to 0
2026-06-23 19:53:31.950 10 INFO neutron.db.segments_db [None req-d0b28328-4291-4dd7-85c7-6d48cc36d2d6 ef11ee9cbff640a1ac8a529d9aaa34cd 6da302bea3354e2183b7348d06d131e6 - - default default] Added segment 371c375e-732c-4cb4-91a9-17a3e8420356 of type geneve for network 32881c83-6434-4d2b-9916-e824193ca312
2026-06-23 19:53:32.085 9 INFO neutron.plugins.ml2.drivers.ovn.mech_driver.mech_driver [None req-417f25e2-76d0-457c-9acd-6e14122ef163 - - - - - -] OVN reports status up for port: 6c84dcd2-1de8-461e-979b-cbd588d2c0ba
2026-06-23 19:53:32.095 9 INFO neutron.plugins.ml2.plugin [None req-417f25e2-76d0-457c-9acd-6e14122ef163 - - - - - -] Attempt 1 to provision port 6c84dcd2-1de8-461e-979b-cbd588d2c0ba
2026-06-23 19:53:32.144 10 INFO neutron.services.segments.plugin [-] Segment 0cba2cab-1a40-4e83-8ec7-e6a971468c5b resource provider aggregate not found
2026-06-23 19:53:32.163 10 INFO neutron.services.segments.plugin [-] Segment 0cba2cab-1a40-4e83-8ec7-e6a971468c5b resource provider aggregate not found
2026-06-23 19:53:32.173 10 INFO neutron.services.segments.plugin [-] Segment 0cba2cab-1a40-4e83-8ec7-e6a971468c5b resource provider not found; error: Placement Client Error (4xx): {"errors": [{"status": 404, "title": "Not Found", "detail": "The resource could not be found.\n\n No resource provider with uuid 0cba2cab-1a40-4e83-8ec7-e6a971468c5b found for delete ", "request_id": "req-592392b9-19fd-4cf8-b3b4-e5862844054d"}]}
2026-06-23 19:53:32.176 10 INFO neutron.db.ovn_revision_numbers_db [None req-ec8d5d4b-b245-4b0d-951c-a4379bd7c419 - - - - - -] Successfully bumped revision number for resource 09028b5b-adbf-4d9e-8653-11571a291703 (type: ports) to 2
2026-06-23 19:53:32.183 10 INFO neutron.services.segments.plugin [-] Segment 0cba2cab-1a40-4e83-8ec7-e6a971468c5b resource provider not found; error: Placement Client Error (4xx): {"errors": [{"status": 404, "title": "Not Found", "detail": "The resource could not be found.\n\n No resource provider with uuid 0cba2cab-1a40-4e83-8ec7-e6a971468c5b found for delete ", "request_id": "req-682c6ff8-a355-46f3-b95d-dc29b7309855"}]}
2026-06-23 19:53:32.311 10 INFO neutron.db.ovn_revision_numbers_db [None req-d0b28328-4291-4dd7-85c7-6d48cc36d2d6 ef11ee9cbff640a1ac8a529d9aaa34cd 6da302bea3354e2183b7348d06d131e6 - - default default] Successfully bumped revision number for resource 32881c83-6434-4d2b-9916-e824193ca312 (type: networks) to 1
2026-06-23 19:53:32.341 9 INFO neutron.db.ovn_revision_numbers_db [None req-9d06a5c9-10c1-47f4-8feb-99adf73a1a92 dd03f1e6eb9548279a3a08a1f8d6f6e6 7e57a0bb6e7a470893e6e45ce8442e2c - - default default] Successfully bumped revision number for resource 6c84dcd2-1de8-461e-979b-cbd588d2c0ba (type: router_ports) to 1
2026-06-23 19:53:32.346 9 INFO neutron.wsgi [None req-9d06a5c9-10c1-47f4-8feb-99adf73a1a92 dd03f1e6eb9548279a3a08a1f8d6f6e6 7e57a0bb6e7a470893e6e45ce8442e2c - - default default] 10.0.0.84 "PUT /v2.0/routers/5ad5e4d1-45c9-4df0-bc3f-f694a390d667/add_router_interface HTTP/1.1" status: 200 len: 503 time: 2.7610540
2026-06-23 19:53:32.386 10 WARNING neutron.scheduler.dhcp_agent_scheduler [None req-24efcbc8-281f-43c0-854c-0ca330e5400c 2663fd7f428743218a35d6f4acc97356 6197daee7549488f88c0067ecbc830a6 - - default default] No more DHCP agents
2026-06-23 19:53:32.398 10 WARNING neutron.api.rpc.agentnotifiers.dhcp_rpc_agent_api [None req-24efcbc8-281f-43c0-854c-0ca330e5400c 2663fd7f428743218a35d6f4acc97356 6197daee7549488f88c0067ecbc830a6 - - default default] Unable to schedule network 9aa2abfd-6281-4bf9-8df1-b8ef24af13c5: no agents available; will retry on subsequent port and subnet creation events.
2026-06-23 19:53:32.601 9 INFO neutron.db.ovn_revision_numbers_db [None req-417f25e2-76d0-457c-9acd-6e14122ef163 - - - - - -] Successfully bumped revision number for resource 6c84dcd2-1de8-461e-979b-cbd588d2c0ba (type: ports) to 2
2026-06-23 19:53:32.630 10 INFO neutron.wsgi [None req-09a883eb-2706-4740-8ebd-b24e83408db5 0316913608bf4117bb574911b54aa69c 035ce76bf9f04d1bbf8e7d0df935e163 - - default default] 10.0.0.84 "DELETE /v2.0/networks/454280f8-32e5-4cf1-abed-4467796db794 HTTP/1.1" status: 204 len: 168 time: 1.0152080
2026-06-23 19:53:32.711 10 WARNING neutron.scheduler.dhcp_agent_scheduler [None req-d0b28328-4291-4dd7-85c7-6d48cc36d2d6 ef11ee9cbff640a1ac8a529d9aaa34cd 6da302bea3354e2183b7348d06d131e6 - - default default] No more DHCP agents
2026-06-23 19:53:32.727 10 WARNING neutron.api.rpc.agentnotifiers.dhcp_rpc_agent_api [None req-d0b28328-4291-4dd7-85c7-6d48cc36d2d6 ef11ee9cbff640a1ac8a529d9aaa34cd 6da302bea3354e2183b7348d06d131e6 - - default default] Unable to schedule network 32881c83-6434-4d2b-9916-e824193ca312: no agents available; will retry on subsequent port and subnet creation events.
2026-06-23 19:53:32.803 9 INFO neutron.db.ovn_revision_numbers_db [None req-417f25e2-76d0-457c-9acd-6e14122ef163 - - - - - -] Successfully bumped revision number for resource 6c84dcd2-1de8-461e-979b-cbd588d2c0ba (type: router_ports) to 2
2026-06-23 19:53:32.917 10 INFO neutron.db.ovn_revision_numbers_db [None req-d0b28328-4291-4dd7-85c7-6d48cc36d2d6 ef11ee9cbff640a1ac8a529d9aaa34cd 6da302bea3354e2183b7348d06d131e6 - - default default] Successfully bumped revision number for resource 017a45d0-605d-4e79-951a-20c46e7bf18e (type: ports) to 1
2026-06-23 19:53:32.953 10 INFO neutron.wsgi [None req-d0b28328-4291-4dd7-85c7-6d48cc36d2d6 ef11ee9cbff640a1ac8a529d9aaa34cd 6da302bea3354e2183b7348d06d131e6 - - default default] 10.0.0.84 "POST /v2.0/networks HTTP/1.1" status: 201 len: 830 time: 1.8369823
2026-06-23 19:53:32.968 9 WARNING neutron_lib.context [None req-1dfb65ee-c6cd-469c-8760-223d25e62bca ef11ee9cbff640a1ac8a529d9aaa34cd 6da302bea3354e2183b7348d06d131e6 - - default default] Method 'is_advsvc' is deprecated since 2023.2 release (neutron-lib 3.8.0) and will be removed once support for the old RBAC API policies will be removed from Neutron. Please use method 'is_service_role' instead.
2026-06-23 19:53:33.005 10 INFO neutron.db.ovn_revision_numbers_db [None req-ec8d5d4b-b245-4b0d-951c-a4379bd7c419 - - - - - -] Successfully bumped revision number for resource 09028b5b-adbf-4d9e-8653-11571a291703 (type: ports) to 4
2026-06-23 19:53:33.107 10 INFO neutron.wsgi [None req-24efcbc8-281f-43c0-854c-0ca330e5400c 2663fd7f428743218a35d6f4acc97356 6197daee7549488f88c0067ecbc830a6 - - default default] 10.0.0.84 "POST /v2.0/floatingips HTTP/1.1" status: 201 len: 751 time: 1.3828795
2026-06-23 19:53:33.118 10 WARNING neutron_lib.context [None req-1c334934-8f16-4776-8499-86324bfa6775 2663fd7f428743218a35d6f4acc97356 6197daee7549488f88c0067ecbc830a6 - - default default] Method 'is_advsvc' is deprecated since 2023.2 release (neutron-lib 3.8.0) and will be removed once support for the old RBAC API policies will be removed from Neutron. Please use method 'is_service_role' instead.
2026-06-23 19:53:33.268 9 INFO neutron.wsgi [None req-aa210504-2b30-4147-bf35-f3f00fd5dff4 0316913608bf4117bb574911b54aa69c 035ce76bf9f04d1bbf8e7d0df935e163 - - default default] 10.0.0.84 "DELETE /v2.0/networks/6647c220-1a55-4b54-bae5-6ec99898f59a HTTP/1.1" status: 204 len: 168 time: 0.6309314
2026-06-23 19:53:33.303 9 WARNING neutron.scheduler.dhcp_agent_scheduler [None req-1dfb65ee-c6cd-469c-8760-223d25e62bca ef11ee9cbff640a1ac8a529d9aaa34cd 6da302bea3354e2183b7348d06d131e6 - - default default] No more DHCP agents
2026-06-23 19:53:33.306 9 WARNING neutron.api.rpc.agentnotifiers.dhcp_rpc_agent_api [None req-1dfb65ee-c6cd-469c-8760-223d25e62bca ef11ee9cbff640a1ac8a529d9aaa34cd 6da302bea3354e2183b7348d06d131e6 - - default default] Unable to schedule network 32881c83-6434-4d2b-9916-e824193ca312: no agents available; will retry on subsequent port and subnet creation events.
2026-06-23 19:53:33.418 9 INFO neutron.db.ovn_revision_numbers_db [None req-1dfb65ee-c6cd-469c-8760-223d25e62bca ef11ee9cbff640a1ac8a529d9aaa34cd 6da302bea3354e2183b7348d06d131e6 - - default default] Successfully bumped revision number for resource 42c4b04a-fc0c-425b-b89c-5aec43e8c749 (type: ports) to 1
2026-06-23 19:53:33.442 9 INFO neutron.wsgi [None req-1dfb65ee-c6cd-469c-8760-223d25e62bca ef11ee9cbff640a1ac8a529d9aaa34cd 6da302bea3354e2183b7348d06d131e6 - - default default] 10.0.0.84 "POST /v2.0/ports HTTP/1.1" status: 201 len: 942 time: 0.4798238 /var/lib/openstack/lib/python3.10/site-packages/pycadf/identifier.py:71: UserWarning: Invalid uuid: neutron. To ensure interoperability, identifiers should be a valid uuid. warnings.warn(('Invalid uuid: %s. To ensure interoperability, '
2026-06-23 19:53:33.458 9 WARNING neutron_lib.context [None req-86433539-b0cc-419d-86af-e189ffdb570c ef11ee9cbff640a1ac8a529d9aaa34cd 6da302bea3354e2183b7348d06d131e6 - - default default] Method 'is_advsvc' is deprecated since 2023.2 release (neutron-lib 3.8.0) and will be removed once support for the old RBAC API policies will be removed from Neutron. Please use method 'is_service_role' instead.
2026-06-23 19:53:33.556 9 INFO neutron.db.segments_db [None req-86433539-b0cc-419d-86af-e189ffdb570c ef11ee9cbff640a1ac8a529d9aaa34cd 6da302bea3354e2183b7348d06d131e6 - - default default] Added segment 188e5474-a46a-42f4-bfaf-b9b9ca295c74 of type geneve for network 21a6f470-6ca9-4a62-994b-32897c50a2f7
2026-06-23 19:53:33.612 10 INFO neutron.db.ovn_revision_numbers_db [None req-ec8d5d4b-b245-4b0d-951c-a4379bd7c419 - - - - - -] Successfully bumped revision number for resource 09028b5b-adbf-4d9e-8653-11571a291703 (type: router_ports) to 4
2026-06-23 19:53:33.627 9 INFO neutron.services.segments.plugin [-] Segment a70ddad0-17b3-4bfc-b9cc-ea124795b783 resource provider aggregate not found
2026-06-23 19:53:33.632 9 INFO neutron.services.segments.plugin [-] Segment a70ddad0-17b3-4bfc-b9cc-ea124795b783 resource provider aggregate not found
2026-06-23 19:53:33.646 9 INFO neutron.services.segments.plugin [-] Segment a70ddad0-17b3-4bfc-b9cc-ea124795b783 resource provider not found; error: Placement Client Error (4xx): {"errors": [{"status": 404, "title": "Not Found", "detail": "The resource could not be found.\n\n No resource provider with uuid a70ddad0-17b3-4bfc-b9cc-ea124795b783 found for delete ", "request_id": "req-02ffed54-0131-49d2-92dc-c90f99e70db7"}]}
2026-06-23 19:53:33.649 9 INFO neutron.services.segments.plugin [-] Segment a70ddad0-17b3-4bfc-b9cc-ea124795b783 resource provider not found; error: Placement Client Error (4xx): {"errors": [{"status": 404, "title": "Not Found", "detail": "The resource could not be found.\n\n No resource provider with uuid a70ddad0-17b3-4bfc-b9cc-ea124795b783 found for delete ", "request_id": "req-72f41433-1c9c-47a5-9439-ea17a289f25e"}]}
2026-06-23 19:53:33.705 10 WARNING neutron.scheduler.dhcp_agent_scheduler [None req-1c334934-8f16-4776-8499-86324bfa6775 2663fd7f428743218a35d6f4acc97356 6197daee7549488f88c0067ecbc830a6 - - default default] No more DHCP agents
2026-06-23 19:53:33.706 10 WARNING neutron.api.rpc.agentnotifiers.dhcp_rpc_agent_api [None req-1c334934-8f16-4776-8499-86324bfa6775 2663fd7f428743218a35d6f4acc97356 6197daee7549488f88c0067ecbc830a6 - - default default] Unable to schedule network 9aa2abfd-6281-4bf9-8df1-b8ef24af13c5: no agents available; will retry on subsequent port and subnet creation events.
2026-06-23 19:53:33.727 9 INFO neutron.db.ovn_revision_numbers_db [None req-86433539-b0cc-419d-86af-e189ffdb570c ef11ee9cbff640a1ac8a529d9aaa34cd 6da302bea3354e2183b7348d06d131e6 - - default default] Successfully bumped revision number for resource 21a6f470-6ca9-4a62-994b-32897c50a2f7 (type: networks) to 1
2026-06-23 19:53:33.944 9 INFO neutron.db.ovn_revision_numbers_db [None req-7e568d47-3ae0-4189-9791-b274ceb3a91b dd03f1e6eb9548279a3a08a1f8d6f6e6 7e57a0bb6e7a470893e6e45ce8442e2c - - default default] Successfully bumped revision number for resource c76fd36d-471c-463e-9281-e2be5623e0fa (type: security_groups) to 1
2026-06-23 19:53:33.965 9 WARNING neutron.scheduler.dhcp_agent_scheduler [None req-86433539-b0cc-419d-86af-e189ffdb570c ef11ee9cbff640a1ac8a529d9aaa34cd 6da302bea3354e2183b7348d06d131e6 - - default default] No more DHCP agents
2026-06-23 19:53:33.966 9 INFO neutron.db.ovn_revision_numbers_db [None req-7e568d47-3ae0-4189-9791-b274ceb3a91b dd03f1e6eb9548279a3a08a1f8d6f6e6 7e57a0bb6e7a470893e6e45ce8442e2c - - default default] Successfully bumped revision number for resource 7ee76869-aeaf-4e40-a0bc-e02d9df34511 (type: security_group_rules) to 0
2026-06-23 19:53:33.968 9 WARNING neutron.api.rpc.agentnotifiers.dhcp_rpc_agent_api [None req-86433539-b0cc-419d-86af-e189ffdb570c ef11ee9cbff640a1ac8a529d9aaa34cd 6da302bea3354e2183b7348d06d131e6 - - default default] Unable to schedule network 21a6f470-6ca9-4a62-994b-32897c50a2f7: no agents available; will retry on subsequent port and subnet creation events.
2026-06-23 19:53:33.989 9 INFO neutron.db.ovn_revision_numbers_db [None req-7e568d47-3ae0-4189-9791-b274ceb3a91b dd03f1e6eb9548279a3a08a1f8d6f6e6 7e57a0bb6e7a470893e6e45ce8442e2c - - default default] Successfully bumped revision number for resource ad2ac139-4a24-4b93-a929-e2ac6ea5969f (type: security_group_rules) to 0
2026-06-23 19:53:34.010 9 INFO neutron.db.ovn_revision_numbers_db [None req-7e568d47-3ae0-4189-9791-b274ceb3a91b dd03f1e6eb9548279a3a08a1f8d6f6e6 7e57a0bb6e7a470893e6e45ce8442e2c - - default default] Successfully bumped revision number for resource dfa5a6b0-adef-4fdc-9b5c-ba7c7060bdba (type: security_group_rules) to 0
2026-06-23 19:53:34.026 10 INFO neutron.wsgi [None req-1c334934-8f16-4776-8499-86324bfa6775 2663fd7f428743218a35d6f4acc97356 6197daee7549488f88c0067ecbc830a6 - - default default] 10.0.0.84 "POST /v2.0/floatingips HTTP/1.1" status: 201 len: 751 time: 0.9125428
2026-06-23 19:53:34.040 9 WARNING neutron_lib.context [None req-e1ac05be-f267-4181-a4fc-cf9fde000376 2663fd7f428743218a35d6f4acc97356 6197daee7549488f88c0067ecbc830a6 - - default default] Method 'is_advsvc' is deprecated since 2023.2 release (neutron-lib 3.8.0) and will be removed once support for the old RBAC API policies will be removed from Neutron. Please use method 'is_service_role' instead.
2026-06-23 19:53:34.052 9 INFO neutron.db.ovn_revision_numbers_db [None req-7e568d47-3ae0-4189-9791-b274ceb3a91b dd03f1e6eb9548279a3a08a1f8d6f6e6 7e57a0bb6e7a470893e6e45ce8442e2c - - default default] Successfully bumped revision number for resource e96cb4c6-f839-4335-8947-63c24556efa3 (type: security_group_rules) to 0
2026-06-23 19:53:34.089 9 INFO neutron.db.ovn_revision_numbers_db [None req-86433539-b0cc-419d-86af-e189ffdb570c ef11ee9cbff640a1ac8a529d9aaa34cd 6da302bea3354e2183b7348d06d131e6 - - default default] Successfully bumped revision number for resource 6e2f5835-aa1f-47f2-8041-c5ad8694adc6 (type: ports) to 1
2026-06-23 19:53:34.120 9 INFO neutron.db.segments_db [None req-7e568d47-3ae0-4189-9791-b274ceb3a91b dd03f1e6eb9548279a3a08a1f8d6f6e6 7e57a0bb6e7a470893e6e45ce8442e2c - - default default] Added segment 006a4edd-23ca-4477-a3ef-69112e9eb85e of type geneve for network b9fc3fb0-a456-4419-871c-a30d7fce0a98
2026-06-23 19:53:34.144 9 INFO neutron.wsgi [None req-86433539-b0cc-419d-86af-e189ffdb570c ef11ee9cbff640a1ac8a529d9aaa34cd 6da302bea3354e2183b7348d06d131e6 - - default default] 10.0.0.84 "POST /v2.0/networks HTTP/1.1" status: 201 len: 831 time: 0.6939065
2026-06-23 19:53:34.158 10 WARNING neutron_lib.context [None req-763030fc-dbdc-4dde-850d-a592ac459968 ef11ee9cbff640a1ac8a529d9aaa34cd 6da302bea3354e2183b7348d06d131e6 - - default default] Method 'is_advsvc' is deprecated since 2023.2 release (neutron-lib 3.8.0) and will be removed once support for the old RBAC API policies will be removed from Neutron. Please use method 'is_service_role' instead.
2026-06-23 19:53:34.201 10 INFO neutron.services.segments.plugin [-] Segment 6ab21fcf-5c34-44a3-8fc2-a4f3cafbe673 resource provider aggregate not found
2026-06-23 19:53:34.205 10 INFO neutron.services.segments.plugin [-] Segment 6ab21fcf-5c34-44a3-8fc2-a4f3cafbe673 resource provider aggregate not found
2026-06-23 19:53:34.213 10 INFO neutron.services.segments.plugin [-] Segment 6ab21fcf-5c34-44a3-8fc2-a4f3cafbe673 resource provider not found; error: Placement Client Error (4xx): {"errors": [{"status": 404, "title": "Not Found", "detail": "The resource could not be found.\n\n No resource provider with uuid 6ab21fcf-5c34-44a3-8fc2-a4f3cafbe673 found for delete ", "request_id": "req-7a8f7159-c7ac-4acd-94c5-2f45e34d563b"}]}
2026-06-23 19:53:34.225 10 INFO neutron.services.segments.plugin [-] Segment 6ab21fcf-5c34-44a3-8fc2-a4f3cafbe673 resource provider not found; error: Placement Client Error (4xx): {"errors": [{"status": 404, "title": "Not Found", "detail": "The resource could not be found.\n\n No resource provider with uuid 6ab21fcf-5c34-44a3-8fc2-a4f3cafbe673 found for delete ", "request_id": "req-55e5d7e0-db66-4a34-9174-ddc3a6408c30"}]}
2026-06-23 19:53:34.354 9 INFO neutron.db.ovn_revision_numbers_db [None req-7e568d47-3ae0-4189-9791-b274ceb3a91b dd03f1e6eb9548279a3a08a1f8d6f6e6 7e57a0bb6e7a470893e6e45ce8442e2c - - default default] Successfully bumped revision number for resource b9fc3fb0-a456-4419-871c-a30d7fce0a98 (type: networks) to 1
2026-06-23 19:53:34.445 10 WARNING neutron.scheduler.dhcp_agent_scheduler [None req-763030fc-dbdc-4dde-850d-a592ac459968 ef11ee9cbff640a1ac8a529d9aaa34cd 6da302bea3354e2183b7348d06d131e6 - - default default] No more DHCP agents
2026-06-23 19:53:34.447 10 WARNING neutron.api.rpc.agentnotifiers.dhcp_rpc_agent_api [None req-763030fc-dbdc-4dde-850d-a592ac459968 ef11ee9cbff640a1ac8a529d9aaa34cd 6da302bea3354e2183b7348d06d131e6 - - default default] Unable to schedule network 21a6f470-6ca9-4a62-994b-32897c50a2f7: no agents available; will retry on subsequent port and subnet creation events.
2026-06-23 19:53:34.473 9 WARNING neutron.scheduler.dhcp_agent_scheduler [None req-e1ac05be-f267-4181-a4fc-cf9fde000376 2663fd7f428743218a35d6f4acc97356 6197daee7549488f88c0067ecbc830a6 - - default default] No more DHCP agents
2026-06-23 19:53:34.478 9 WARNING neutron.api.rpc.agentnotifiers.dhcp_rpc_agent_api [None req-e1ac05be-f267-4181-a4fc-cf9fde000376 2663fd7f428743218a35d6f4acc97356 6197daee7549488f88c0067ecbc830a6 - - default default] Unable to schedule network 9aa2abfd-6281-4bf9-8df1-b8ef24af13c5: no agents available; will retry on subsequent port and subnet creation events.
2026-06-23 19:53:34.534 10 INFO neutron.db.ovn_revision_numbers_db [None req-763030fc-dbdc-4dde-850d-a592ac459968 ef11ee9cbff640a1ac8a529d9aaa34cd 6da302bea3354e2183b7348d06d131e6 - - default default] Successfully bumped revision number for resource d035a141-4175-4443-bf45-98a655d24dd2 (type: ports) to 1
2026-06-23 19:53:34.559 10 INFO neutron.wsgi [None req-763030fc-dbdc-4dde-850d-a592ac459968 ef11ee9cbff640a1ac8a529d9aaa34cd 6da302bea3354e2183b7348d06d131e6 - - default default] 10.0.0.84 "POST /v2.0/ports HTTP/1.1" status: 201 len: 942 time: 0.4067633 /var/lib/openstack/lib/python3.10/site-packages/pycadf/identifier.py:71: UserWarning: Invalid uuid: neutron. To ensure interoperability, identifiers should be a valid uuid. warnings.warn(('Invalid uuid: %s. To ensure interoperability, '
2026-06-23 19:53:34.567 10 WARNING neutron_lib.context [None req-34a0d03e-15f4-4926-87c2-26cae426386f ef11ee9cbff640a1ac8a529d9aaa34cd 6da302bea3354e2183b7348d06d131e6 - - default default] Method 'is_advsvc' is deprecated since 2023.2 release (neutron-lib 3.8.0) and will be removed once support for the old RBAC API policies will be removed from Neutron. Please use method 'is_service_role' instead.
2026-06-23 19:53:34.651 10 INFO neutron.db.segments_db [None req-34a0d03e-15f4-4926-87c2-26cae426386f ef11ee9cbff640a1ac8a529d9aaa34cd 6da302bea3354e2183b7348d06d131e6 - - default default] Added segment 5e1f6257-bb50-4981-acc3-a34b1b20bf14 of type geneve for network 1fbfcd06-3d71-4076-bbb6-4028fb76b4b4
2026-06-23 19:53:34.663 9 WARNING neutron.scheduler.dhcp_agent_scheduler [None req-7e568d47-3ae0-4189-9791-b274ceb3a91b dd03f1e6eb9548279a3a08a1f8d6f6e6 7e57a0bb6e7a470893e6e45ce8442e2c - - default default] No more DHCP agents
2026-06-23 19:53:34.668 9 WARNING neutron.api.rpc.agentnotifiers.dhcp_rpc_agent_api [None req-7e568d47-3ae0-4189-9791-b274ceb3a91b dd03f1e6eb9548279a3a08a1f8d6f6e6 7e57a0bb6e7a470893e6e45ce8442e2c - - default default] Unable to schedule network b9fc3fb0-a456-4419-871c-a30d7fce0a98: no agents available; will retry on subsequent port and subnet creation events.
2026-06-23 19:53:34.692 9 INFO neutron.db.ovn_revision_numbers_db [None req-aaf53a67-0da4-4ade-ba28-cefa38797afd dd03f1e6eb9548279a3a08a1f8d6f6e6 7e57a0bb6e7a470893e6e45ce8442e2c - - default default] Successfully bumped revision number for resource 0a1ce3a7-54c7-4a54-92f6-152cb3f50f0b (type: security_groups) to 1
2026-06-23 19:53:34.796 10 INFO neutron.db.ovn_revision_numbers_db [None req-34a0d03e-15f4-4926-87c2-26cae426386f ef11ee9cbff640a1ac8a529d9aaa34cd 6da302bea3354e2183b7348d06d131e6 - - default default] Successfully bumped revision number for resource 1fbfcd06-3d71-4076-bbb6-4028fb76b4b4 (type: networks) to 1
2026-06-23 19:53:34.976 10 WARNING neutron.scheduler.dhcp_agent_scheduler [None req-34a0d03e-15f4-4926-87c2-26cae426386f ef11ee9cbff640a1ac8a529d9aaa34cd 6da302bea3354e2183b7348d06d131e6 - - default default] No more DHCP agents
2026-06-23 19:53:34.978 10 WARNING neutron.api.rpc.agentnotifiers.dhcp_rpc_agent_api [None req-34a0d03e-15f4-4926-87c2-26cae426386f ef11ee9cbff640a1ac8a529d9aaa34cd 6da302bea3354e2183b7348d06d131e6 - - default default] Unable to schedule network 1fbfcd06-3d71-4076-bbb6-4028fb76b4b4: no agents available; will retry on subsequent port and subnet creation events.
2026-06-23 19:53:34.985 9 INFO neutron.db.ovn_revision_numbers_db [None req-aaf53a67-0da4-4ade-ba28-cefa38797afd dd03f1e6eb9548279a3a08a1f8d6f6e6 7e57a0bb6e7a470893e6e45ce8442e2c - - default default] Successfully bumped revision number for resource 0214bc0f-ad4c-450b-abf0-db0d3c612ee9 (type: security_group_rules) to 0
2026-06-23 19:53:35.018 9 INFO neutron.db.ovn_revision_numbers_db [None req-aaf53a67-0da4-4ade-ba28-cefa38797afd dd03f1e6eb9548279a3a08a1f8d6f6e6 7e57a0bb6e7a470893e6e45ce8442e2c - - default default] Successfully bumped revision number for resource 197470e1-eea5-4ebc-b67f-d388e216d1c4 (type: security_group_rules) to 0
2026-06-23 19:53:35.051 9 INFO neutron.db.ovn_revision_numbers_db [None req-aaf53a67-0da4-4ade-ba28-cefa38797afd dd03f1e6eb9548279a3a08a1f8d6f6e6 7e57a0bb6e7a470893e6e45ce8442e2c - - default default] Successfully bumped revision number for resource ce91b14b-73f4-45ef-b678-8a397ccaf88a (type: security_group_rules) to 0
2026-06-23 19:53:35.056 9 INFO neutron.db.ovn_revision_numbers_db [None req-7e568d47-3ae0-4189-9791-b274ceb3a91b dd03f1e6eb9548279a3a08a1f8d6f6e6 7e57a0bb6e7a470893e6e45ce8442e2c - - default default] Successfully bumped revision number for resource 1f61ee77-4b91-417b-aeb7-609988b8ca32 (type: ports) to 1
2026-06-23 19:53:35.058 10 INFO neutron.db.ovn_revision_numbers_db [None req-34a0d03e-15f4-4926-87c2-26cae426386f ef11ee9cbff640a1ac8a529d9aaa34cd 6da302bea3354e2183b7348d06d131e6 - - default default] Successfully bumped revision number for resource 0802c1f3-df00-4202-8dad-ce1a0d07bc16 (type: ports) to 1
2026-06-23 19:53:35.074 9 INFO neutron.db.ovn_revision_numbers_db [None req-aaf53a67-0da4-4ade-ba28-cefa38797afd dd03f1e6eb9548279a3a08a1f8d6f6e6 7e57a0bb6e7a470893e6e45ce8442e2c - - default default] Successfully bumped revision number for resource f17aa6c5-006a-43f1-9ea9-9836157145fa (type: security_group_rules) to 0
2026-06-23 19:53:35.079 10 INFO neutron.wsgi [None req-34a0d03e-15f4-4926-87c2-26cae426386f ef11ee9cbff640a1ac8a529d9aaa34cd 6da302bea3354e2183b7348d06d131e6 - - default default] 10.0.0.84 "POST /v2.0/networks HTTP/1.1" status: 201 len: 830 time: 0.5160522
2026-06-23 19:53:35.090 10 WARNING neutron_lib.context [None req-094df4e8-5506-4537-b739-e17c63fb15ce ef11ee9cbff640a1ac8a529d9aaa34cd 6da302bea3354e2183b7348d06d131e6 - - default default] Method 'is_advsvc' is deprecated since 2023.2 release (neutron-lib 3.8.0) and will be removed once support for the old RBAC API policies will be removed from Neutron. Please use method 'is_service_role' instead.
2026-06-23 19:53:35.101 9 INFO neutron.wsgi [None req-7e568d47-3ae0-4189-9791-b274ceb3a91b dd03f1e6eb9548279a3a08a1f8d6f6e6 7e57a0bb6e7a470893e6e45ce8442e2c - - default default] 10.0.0.84 "POST /v2.0/networks HTTP/1.1" status: 201 len: 941 time: 1.3980992
2026-06-23 19:53:35.111 9 INFO neutron.wsgi [None req-aaf53a67-0da4-4ade-ba28-cefa38797afd dd03f1e6eb9548279a3a08a1f8d6f6e6 7e57a0bb6e7a470893e6e45ce8442e2c - - default default] 10.0.0.84 "GET /v2.0/security-groups?tenant_id=ed8ebc8b9a5942e2a92515cdb0a9c590&name=default HTTP/1.1" status: 200 len: 3120 time: 0.9548690
2026-06-23 19:53:35.314 9 INFO neutron.wsgi [None req-e1ac05be-f267-4181-a4fc-cf9fde000376 2663fd7f428743218a35d6f4acc97356 6197daee7549488f88c0067ecbc830a6 - - default default] 10.0.0.84 "POST /v2.0/floatingips HTTP/1.1" status: 201 len: 751 time: 1.2769082
2026-06-23 19:53:35.377 10 WARNING neutron.scheduler.dhcp_agent_scheduler [None req-094df4e8-5506-4537-b739-e17c63fb15ce ef11ee9cbff640a1ac8a529d9aaa34cd 6da302bea3354e2183b7348d06d131e6 - - default default] No more DHCP agents
2026-06-23 19:53:35.378 10 WARNING neutron.api.rpc.agentnotifiers.dhcp_rpc_agent_api [None req-094df4e8-5506-4537-b739-e17c63fb15ce ef11ee9cbff640a1ac8a529d9aaa34cd 6da302bea3354e2183b7348d06d131e6 - - default default] Unable to schedule network 1fbfcd06-3d71-4076-bbb6-4028fb76b4b4: no agents available; will retry on subsequent port and subnet creation events.
2026-06-23 19:53:35.389 9 INFO neutron.wsgi [None req-2446405d-7c58-4121-b5f9-e0f102458e69 2663fd7f428743218a35d6f4acc97356 6197daee7549488f88c0067ecbc830a6 - - default default] 10.0.0.84 "PUT /v2.0/floatingips/f14b455c-919e-4796-bfa7-7fd0ec10f15f/tags HTTP/1.1" status: 200 len: 210 time: 0.0706854
2026-06-23 19:53:35.396 9 WARNING neutron.scheduler.dhcp_agent_scheduler [None req-3578b4c6-5d8b-406d-93ca-02ae964118f3 dd03f1e6eb9548279a3a08a1f8d6f6e6 7e57a0bb6e7a470893e6e45ce8442e2c - - default default] No more DHCP agents /var/lib/openstack/lib/python3.10/site-packages/pycadf/identifier.py:71: UserWarning: Invalid uuid: neutron. To ensure interoperability, identifiers should be a valid uuid. warnings.warn(('Invalid uuid: %s. To ensure interoperability, '
2026-06-23 19:53:35.400 9 WARNING neutron.api.rpc.agentnotifiers.dhcp_rpc_agent_api [None req-3578b4c6-5d8b-406d-93ca-02ae964118f3 dd03f1e6eb9548279a3a08a1f8d6f6e6 7e57a0bb6e7a470893e6e45ce8442e2c - - default default] Unable to schedule network b9fc3fb0-a456-4419-871c-a30d7fce0a98: no agents available; will retry on subsequent port and subnet creation events.
2026-06-23 19:53:35.463 10 INFO neutron.wsgi [None req-363da1f3-05b5-465e-ae6e-867e5e047a0c 2663fd7f428743218a35d6f4acc97356 6197daee7549488f88c0067ecbc830a6 - - default default] 10.0.0.84 "PUT /v2.0/floatingips/d8a78078-52e5-44c6-ae23-9baf0b0c8466/tags HTTP/1.1" status: 200 len: 218 time: 0.0685616
2026-06-23 19:53:35.491 10 INFO neutron.db.ovn_revision_numbers_db [None req-094df4e8-5506-4537-b739-e17c63fb15ce ef11ee9cbff640a1ac8a529d9aaa34cd 6da302bea3354e2183b7348d06d131e6 - - default default] Successfully bumped revision number for resource 7a3cc223-06f3-42bf-b25a-ac3195f9afef (type: ports) to 1
2026-06-23 19:53:35.527 10 INFO neutron.wsgi [None req-094df4e8-5506-4537-b739-e17c63fb15ce ef11ee9cbff640a1ac8a529d9aaa34cd 6da302bea3354e2183b7348d06d131e6 - - default default] 10.0.0.84 "POST /v2.0/ports HTTP/1.1" status: 201 len: 942 time: 0.4422901
2026-06-23 19:53:35.537 10 WARNING neutron_lib.context [None req-84d60bae-a6bd-4560-8065-63738ed1c1bd ef11ee9cbff640a1ac8a529d9aaa34cd 6da302bea3354e2183b7348d06d131e6 - - default default] Method 'is_advsvc' is deprecated since 2023.2 release (neutron-lib 3.8.0) and will be removed once support for the old RBAC API policies will be removed from Neutron. Please use method 'is_service_role' instead.
2026-06-23 19:53:35.543 9 INFO neutron.wsgi [None req-8463631b-b9fa-42aa-b1cb-fdeb987fcc6f 2663fd7f428743218a35d6f4acc97356 6197daee7549488f88c0067ecbc830a6 - - default default] 10.0.0.84 "PUT /v2.0/floatingips/7d488121-3ae1-4369-8566-0e34b8727504/tags HTTP/1.1" status: 200 len: 227 time: 0.0755956
2026-06-23 19:53:35.561 9 INFO neutron.wsgi [None req-5e58f087-86cf-48e9-88e6-02859299fd80 dd03f1e6eb9548279a3a08a1f8d6f6e6 7e57a0bb6e7a470893e6e45ce8442e2c - - default default] 10.0.0.84 "DELETE /v2.0/security-groups/0a1ce3a7-54c7-4a54-92f6-152cb3f50f0b HTTP/1.1" status: 204 len: 168 time: 0.4384570
2026-06-23 19:53:35.591 10 INFO neutron.wsgi [None req-2bd1d8b5-c32f-47f7-8f9b-5b1b252ded45 2663fd7f428743218a35d6f4acc97356 6197daee7549488f88c0067ecbc830a6 - - default default] 10.0.0.84 "PUT /v2.0/floatingips/de8279df-8c89-41bd-8bc1-986a50b5e11e/tags HTTP/1.1" status: 200 len: 212 time: 0.0423334
2026-06-23 19:53:35.642 10 INFO neutron.db.segments_db [None req-84d60bae-a6bd-4560-8065-63738ed1c1bd ef11ee9cbff640a1ac8a529d9aaa34cd 6da302bea3354e2183b7348d06d131e6 - - default default] Added segment 24f7aec6-dd14-418c-9775-b6ed17af26d9 of type geneve for network e3db77d7-b927-4d89-b6a7-de43d1759d36
2026-06-23 19:53:35.646 9 INFO neutron.wsgi [None req-7bb78a3f-91bf-40ef-83d2-7d5147faecbb 2663fd7f428743218a35d6f4acc97356 6197daee7549488f88c0067ecbc830a6 - - default default] 10.0.0.84 "GET /v2.0/floatingips?tags=red HTTP/1.1" status: 200 len: 1866 time: 0.0466497
2026-06-23 19:53:35.697 9 INFO neutron.wsgi [None req-76f4a540-b344-4886-b805-cc9a52c87c30 2663fd7f428743218a35d6f4acc97356 6197daee7549488f88c0067ecbc830a6 - - default default] 10.0.0.84 "GET /v2.0/floatingips?tags=red%2Cblue HTTP/1.1" status: 200 len: 1323 time: 0.0459924
2026-06-23 19:53:35.753 9 INFO neutron.wsgi [None req-b777e4f3-fd28-49ab-9bb6-f0a5a574376d 2663fd7f428743218a35d6f4acc97356 6197daee7549488f88c0067ecbc830a6 - - default default] 10.0.0.84 "GET /v2.0/floatingips?tags-any=blue HTTP/1.1" status: 200 len: 1323 time: 0.0490913
2026-06-23 19:53:35.818 9 INFO neutron.wsgi [None req-ec6ae420-51fe-49e7-b1d0-ca25d472aaa8 2663fd7f428743218a35d6f4acc97356 6197daee7549488f88c0067ecbc830a6 - - default default] 10.0.0.84 "GET /v2.0/floatingips?tags-any=red%2Cblue HTTP/1.1" status: 200 len: 1866 time: 0.0562358
2026-06-23 19:53:35.823 10 INFO neutron.wsgi [None req-6b274f97-5747-4ff3-8b77-78d0c6e37afe dd03f1e6eb9548279a3a08a1f8d6f6e6 7e57a0bb6e7a470893e6e45ce8442e2c - - default default] 10.0.0.84 "GET /v2.0/security-groups?tenant_id=035ce76bf9f04d1bbf8e7d0df935e163&name=default HTTP/1.1" status: 200 len: 3120 time: 0.1025171
2026-06-23 19:53:35.885 10 INFO neutron.wsgi [None req-555c2b0d-fe1e-465e-93d3-1fc24a054579 2663fd7f428743218a35d6f4acc97356 6197daee7549488f88c0067ecbc830a6 - - default default] 10.0.0.84 "GET /v2.0/floatingips?not-tags=red HTTP/1.1" status: 200 len: 1295 time: 0.0588732
2026-06-23 19:53:35.889 10 INFO neutron.db.ovn_revision_numbers_db [None req-84d60bae-a6bd-4560-8065-63738ed1c1bd ef11ee9cbff640a1ac8a529d9aaa34cd 6da302bea3354e2183b7348d06d131e6 - - default default] Successfully bumped revision number for resource e3db77d7-b927-4d89-b6a7-de43d1759d36 (type: networks) to 1
2026-06-23 19:53:35.955 10 INFO neutron.wsgi [None req-e8aeefea-c766-4790-afa0-7498a31df01c 2663fd7f428743218a35d6f4acc97356 6197daee7549488f88c0067ecbc830a6 - - default default] 10.0.0.84 "GET /v2.0/floatingips?not-tags=red%2Cblue HTTP/1.1" status: 200 len: 1838 time: 0.0626051
2026-06-23 19:53:36.010 9 INFO neutron.wsgi [None req-1b717be8-d314-4bc4-91d8-87f5dbf1da75 2663fd7f428743218a35d6f4acc97356 6197daee7549488f88c0067ecbc830a6 - - default default] 10.0.0.84 "GET /v2.0/floatingips?not-tags-any=blue HTTP/1.1" status: 200 len: 1838 time: 0.0510542
2026-06-23 19:53:36.077 10 INFO neutron.wsgi [None req-c54339d0-b4f0-482f-baa7-7485e62e8e8e 2663fd7f428743218a35d6f4acc97356 6197daee7549488f88c0067ecbc830a6 - - default default] 10.0.0.84 "GET /v2.0/floatingips?not-tags-any=red%2Cblue HTTP/1.1" status: 200 len: 1295 time: 0.0592813
2026-06-23 19:53:36.174 9 INFO neutron.db.ovn_revision_numbers_db [None req-3578b4c6-5d8b-406d-93ca-02ae964118f3 dd03f1e6eb9548279a3a08a1f8d6f6e6 7e57a0bb6e7a470893e6e45ce8442e2c - - default default] Successfully bumped revision number for resource 1f61ee77-4b91-417b-aeb7-609988b8ca32 (type: ports) to 2
2026-06-23 19:53:36.188 10 WARNING neutron.scheduler.dhcp_agent_scheduler [None req-84d60bae-a6bd-4560-8065-63738ed1c1bd ef11ee9cbff640a1ac8a529d9aaa34cd 6da302bea3354e2183b7348d06d131e6 - - default default] No more DHCP agents
2026-06-23 19:53:36.190 10 WARNING neutron.api.rpc.agentnotifiers.dhcp_rpc_agent_api [None req-84d60bae-a6bd-4560-8065-63738ed1c1bd ef11ee9cbff640a1ac8a529d9aaa34cd 6da302bea3354e2183b7348d06d131e6 - - default default] Unable to schedule network e3db77d7-b927-4d89-b6a7-de43d1759d36: no agents available; will retry on subsequent port and subnet creation events.
2026-06-23 19:53:36.211 9 INFO neutron.db.ovn_revision_numbers_db [None req-3578b4c6-5d8b-406d-93ca-02ae964118f3 dd03f1e6eb9548279a3a08a1f8d6f6e6 7e57a0bb6e7a470893e6e45ce8442e2c - - default default] Successfully bumped revision number for resource 8e22e802-5bd6-4cda-8864-4e9a80bd34a4 (type: subnets) to 0
2026-06-23 19:53:36.237 9 INFO neutron.wsgi [None req-3578b4c6-5d8b-406d-93ca-02ae964118f3 dd03f1e6eb9548279a3a08a1f8d6f6e6 7e57a0bb6e7a470893e6e45ce8442e2c - - default default] 10.0.0.84 "POST /v2.0/subnets HTTP/1.1" status: 201 len: 862 time: 1.1226957
2026-06-23 19:53:36.256 10 INFO neutron.wsgi [None req-657d0054-7625-4806-a1e4-e9fd083a5962 dd03f1e6eb9548279a3a08a1f8d6f6e6 7e57a0bb6e7a470893e6e45ce8442e2c - - default default] 10.0.0.84 "DELETE /v2.0/security-groups/ec311921-eded-47ea-bfc1-7177d2ac147e HTTP/1.1" status: 204 len: 168 time: 0.4275823
2026-06-23 19:53:36.283 10 INFO neutron.db.ovn_revision_numbers_db [None req-84d60bae-a6bd-4560-8065-63738ed1c1bd ef11ee9cbff640a1ac8a529d9aaa34cd 6da302bea3354e2183b7348d06d131e6 - - default default] Successfully bumped revision number for resource 03ec322a-3c40-4a89-ad27-c1ec2cb4cc63 (type: ports) to 1
2026-06-23 19:53:36.325 10 INFO neutron.wsgi [None req-84d60bae-a6bd-4560-8065-63738ed1c1bd ef11ee9cbff640a1ac8a529d9aaa34cd 6da302bea3354e2183b7348d06d131e6 - - default default] 10.0.0.84 "POST /v2.0/networks HTTP/1.1" status: 201 len: 829 time: 0.7927253
2026-06-23 19:53:36.334 9 WARNING neutron_lib.context [None req-40599086-ef29-431d-8da1-435ca1491416 ef11ee9cbff640a1ac8a529d9aaa34cd 6da302bea3354e2183b7348d06d131e6 - - default default] Method 'is_advsvc' is deprecated since 2023.2 release (neutron-lib 3.8.0) and will be removed once support for the old RBAC API policies will be removed from Neutron. Please use method 'is_service_role' instead.
2026-06-23 19:53:36.586 9 INFO neutron.wsgi [None req-d0778af4-41bf-4a92-afca-d7f65bc65076 2663fd7f428743218a35d6f4acc97356 6197daee7549488f88c0067ecbc830a6 - - default default] 10.0.0.84 "DELETE /v2.0/floatingips/f14b455c-919e-4796-bfa7-7fd0ec10f15f HTTP/1.1" status: 204 len: 168 time: 0.5006621
2026-06-23 19:53:36.629 9 INFO neutron.db.ovn_revision_numbers_db [None req-94be679d-0039-40c7-a0a0-d05aa64c5233 dd03f1e6eb9548279a3a08a1f8d6f6e6 7e57a0bb6e7a470893e6e45ce8442e2c - - default default] Successfully bumped revision number for resource 81d7971d-4657-44ca-94f9-4b3888ab6513 (type: security_groups) to 1
2026-06-23 19:53:36.653 9 INFO neutron.db.ovn_revision_numbers_db [None req-94be679d-0039-40c7-a0a0-d05aa64c5233 dd03f1e6eb9548279a3a08a1f8d6f6e6 7e57a0bb6e7a470893e6e45ce8442e2c - - default default] Successfully bumped revision number for resource 1b49f499-a088-4713-8850-4f2d1afc4c6c (type: security_group_rules) to 0
2026-06-23 19:53:36.668 9 WARNING neutron.scheduler.dhcp_agent_scheduler [None req-40599086-ef29-431d-8da1-435ca1491416 ef11ee9cbff640a1ac8a529d9aaa34cd 6da302bea3354e2183b7348d06d131e6 - - default default] No more DHCP agents
2026-06-23 19:53:36.672 9 WARNING neutron.api.rpc.agentnotifiers.dhcp_rpc_agent_api [None req-40599086-ef29-431d-8da1-435ca1491416 ef11ee9cbff640a1ac8a529d9aaa34cd 6da302bea3354e2183b7348d06d131e6 - - default default] Unable to schedule network e3db77d7-b927-4d89-b6a7-de43d1759d36: no agents available; will retry on subsequent port and subnet creation events.
2026-06-23 19:53:36.675 9 INFO neutron.db.ovn_revision_numbers_db [None req-94be679d-0039-40c7-a0a0-d05aa64c5233 dd03f1e6eb9548279a3a08a1f8d6f6e6 7e57a0bb6e7a470893e6e45ce8442e2c - - default default] Successfully bumped revision number for resource 6d018fbc-cc4a-4784-8d36-94b1aab4f9ca (type: security_group_rules) to 0
2026-06-23 19:53:36.705 9 INFO neutron.db.ovn_revision_numbers_db [None req-94be679d-0039-40c7-a0a0-d05aa64c5233 dd03f1e6eb9548279a3a08a1f8d6f6e6 7e57a0bb6e7a470893e6e45ce8442e2c - - default default] Successfully bumped revision number for resource 8d9ba105-0f73-4ae8-bbfb-03a35cf3319f (type: security_group_rules) to 0
2026-06-23 19:53:36.724 9 INFO neutron.db.ovn_revision_numbers_db [None req-94be679d-0039-40c7-a0a0-d05aa64c5233 dd03f1e6eb9548279a3a08a1f8d6f6e6 7e57a0bb6e7a470893e6e45ce8442e2c - - default default] Successfully bumped revision number for resource a3fd5151-c22f-4550-b3b6-2dad8a5d32c2 (type: security_group_rules) to 0
2026-06-23 19:53:36.756 9 INFO neutron.wsgi [None req-94be679d-0039-40c7-a0a0-d05aa64c5233 dd03f1e6eb9548279a3a08a1f8d6f6e6 7e57a0bb6e7a470893e6e45ce8442e2c - - default default] 10.0.0.84 "GET /v2.0/security-groups?tenant_id=ff9a0a153b004221aab154abdeb391f7&name=default HTTP/1.1" status: 200 len: 3120 time: 0.3555887
2026-06-23 19:53:36.800 9 INFO neutron.db.ovn_revision_numbers_db [None req-40599086-ef29-431d-8da1-435ca1491416 ef11ee9cbff640a1ac8a529d9aaa34cd 6da302bea3354e2183b7348d06d131e6 - - default default] Successfully bumped revision number for resource 05c56725-46d6-403e-a9bd-1c11c9f2009f (type: ports) to 1
2026-06-23 19:53:36.823 9 INFO neutron.wsgi [None req-40599086-ef29-431d-8da1-435ca1491416 ef11ee9cbff640a1ac8a529d9aaa34cd 6da302bea3354e2183b7348d06d131e6 - - default default] 10.0.0.84 "POST /v2.0/ports HTTP/1.1" status: 201 len: 942 time: 0.4937906
2026-06-23 19:53:36.829 10 WARNING neutron.scheduler.dhcp_agent_scheduler [None req-084edc28-ae3d-4fd9-8626-486071ecb68e dd03f1e6eb9548279a3a08a1f8d6f6e6 7e57a0bb6e7a470893e6e45ce8442e2c - - default default] No more DHCP agents /var/lib/openstack/lib/python3.10/site-packages/pycadf/identifier.py:71: UserWarning: Invalid uuid: neutron. To ensure interoperability, identifiers should be a valid uuid. warnings.warn(('Invalid uuid: %s. To ensure interoperability, '
2026-06-23 19:53:36.833 9 WARNING neutron_lib.context [None req-3b4937c1-a47c-4265-9af0-d4fe899c98c8 ef11ee9cbff640a1ac8a529d9aaa34cd 6da302bea3354e2183b7348d06d131e6 - - default default] Method 'is_advsvc' is deprecated since 2023.2 release (neutron-lib 3.8.0) and will be removed once support for the old RBAC API policies will be removed from Neutron. Please use method 'is_service_role' instead.
2026-06-23 19:53:36.836 10 WARNING neutron.api.rpc.agentnotifiers.dhcp_rpc_agent_api [None req-084edc28-ae3d-4fd9-8626-486071ecb68e dd03f1e6eb9548279a3a08a1f8d6f6e6 7e57a0bb6e7a470893e6e45ce8442e2c - - default default] Unable to schedule network 9aa2abfd-6281-4bf9-8df1-b8ef24af13c5: no agents available; will retry on subsequent port and subnet creation events.
2026-06-23 19:53:36.946 9 INFO neutron.db.segments_db [None req-3b4937c1-a47c-4265-9af0-d4fe899c98c8 ef11ee9cbff640a1ac8a529d9aaa34cd 6da302bea3354e2183b7348d06d131e6 - - default default] Added segment 34488e36-b096-44e9-905f-7d03c1f1940c of type geneve for network ccd8bfc5-bae6-4873-9cb3-4aec3b700ebc
2026-06-23 19:53:37.090 9 INFO neutron.db.ovn_revision_numbers_db [None req-3b4937c1-a47c-4265-9af0-d4fe899c98c8 ef11ee9cbff640a1ac8a529d9aaa34cd 6da302bea3354e2183b7348d06d131e6 - - default default] Successfully bumped revision number for resource ccd8bfc5-bae6-4873-9cb3-4aec3b700ebc (type: networks) to 1
2026-06-23 19:53:37.278 9 WARNING neutron.scheduler.dhcp_agent_scheduler [None req-3b4937c1-a47c-4265-9af0-d4fe899c98c8 ef11ee9cbff640a1ac8a529d9aaa34cd 6da302bea3354e2183b7348d06d131e6 - - default default] No more DHCP agents
2026-06-23 19:53:37.280 9 WARNING neutron.api.rpc.agentnotifiers.dhcp_rpc_agent_api [None req-3b4937c1-a47c-4265-9af0-d4fe899c98c8 ef11ee9cbff640a1ac8a529d9aaa34cd 6da302bea3354e2183b7348d06d131e6 - - default default] Unable to schedule network ccd8bfc5-bae6-4873-9cb3-4aec3b700ebc: no agents available; will retry on subsequent port and subnet creation events.
2026-06-23 19:53:37.376 9 INFO neutron.db.ovn_revision_numbers_db [None req-3b4937c1-a47c-4265-9af0-d4fe899c98c8 ef11ee9cbff640a1ac8a529d9aaa34cd 6da302bea3354e2183b7348d06d131e6 - - default default] Successfully bumped revision number for resource 6b9749be-9705-48c9-8e56-43bf7fdd9a0d (type: ports) to 1
2026-06-23 19:53:37.395 10 INFO neutron.db.ovn_revision_numbers_db [None req-084edc28-ae3d-4fd9-8626-486071ecb68e dd03f1e6eb9548279a3a08a1f8d6f6e6 7e57a0bb6e7a470893e6e45ce8442e2c - - default default] Successfully bumped revision number for resource f050f620-c17f-4ef4-b323-e6b72ad460aa (type: ports) to 1
2026-06-23 19:53:37.397 9 INFO neutron.wsgi [None req-3b4937c1-a47c-4265-9af0-d4fe899c98c8 ef11ee9cbff640a1ac8a529d9aaa34cd 6da302bea3354e2183b7348d06d131e6 - - default default] 10.0.0.84 "POST /v2.0/networks HTTP/1.1" status: 201 len: 831 time: 0.5694644
2026-06-23 19:53:37.407 9 WARNING neutron_lib.context [None req-3f9a9bb1-7162-494b-9491-fdd865696fa5 ef11ee9cbff640a1ac8a529d9aaa34cd 6da302bea3354e2183b7348d06d131e6 - - default default] Method 'is_advsvc' is deprecated since 2023.2 release (neutron-lib 3.8.0) and will be removed once support for the old RBAC API policies will be removed from Neutron. Please use method 'is_service_role' instead.
2026-06-23 19:53:37.446 10 INFO neutron.wsgi [None req-7190cf6d-43d1-4f88-ba61-018650048cb9 2663fd7f428743218a35d6f4acc97356 6197daee7549488f88c0067ecbc830a6 - - default default] 10.0.0.84 "DELETE /v2.0/floatingips/d8a78078-52e5-44c6-ae23-9baf0b0c8466 HTTP/1.1" status: 204 len: 168 time: 0.8551443
2026-06-23 19:53:37.499 10 INFO neutron.wsgi [None req-7419f8c5-790b-4ca0-aa74-83df144430e3 dd03f1e6eb9548279a3a08a1f8d6f6e6 7e57a0bb6e7a470893e6e45ce8442e2c - - default default] 10.0.0.84 "DELETE /v2.0/security-groups/81d7971d-4657-44ca-94f9-4b3888ab6513 HTTP/1.1" status: 204 len: 168 time: 0.7384098
2026-06-23 19:53:37.673 9 WARNING neutron.plugins.ml2.drivers.ovn.mech_driver.ovsdb.ovn_client [None req-417f25e2-76d0-457c-9acd-6e14122ef163 - - - - - -] No hosting information found for port 6c84dcd2-1de8-461e-979b-cbd588d2c0ba: RuntimeError: No hosting information found for port 6c84dcd2-1de8-461e-979b-cbd588d2c0ba
2026-06-23 19:53:37.743 9 WARNING neutron.scheduler.dhcp_agent_scheduler [None req-3f9a9bb1-7162-494b-9491-fdd865696fa5 ef11ee9cbff640a1ac8a529d9aaa34cd 6da302bea3354e2183b7348d06d131e6 - - default default] No more DHCP agents
2026-06-23 19:53:37.745 9 WARNING neutron.api.rpc.agentnotifiers.dhcp_rpc_agent_api [None req-3f9a9bb1-7162-494b-9491-fdd865696fa5 ef11ee9cbff640a1ac8a529d9aaa34cd 6da302bea3354e2183b7348d06d131e6 - - default default] Unable to schedule network ccd8bfc5-bae6-4873-9cb3-4aec3b700ebc: no agents available; will retry on subsequent port and subnet creation events.
2026-06-23 19:53:37.882 9 INFO neutron.db.ovn_revision_numbers_db [None req-3f9a9bb1-7162-494b-9491-fdd865696fa5 ef11ee9cbff640a1ac8a529d9aaa34cd 6da302bea3354e2183b7348d06d131e6 - - default default] Successfully bumped revision number for resource 3160d34a-9edd-4db2-94b0-1d20416b681e (type: ports) to 1
2026-06-23 19:53:37.908 9 INFO neutron.wsgi [None req-3f9a9bb1-7162-494b-9491-fdd865696fa5 ef11ee9cbff640a1ac8a529d9aaa34cd 6da302bea3354e2183b7348d06d131e6 - - default default] 10.0.0.84 "POST /v2.0/ports HTTP/1.1" status: 201 len: 942 time: 0.5053742 /var/lib/openstack/lib/python3.10/site-packages/pycadf/identifier.py:71: UserWarning: Invalid uuid: neutron. To ensure interoperability, identifiers should be a valid uuid. warnings.warn(('Invalid uuid: %s. To ensure interoperability, '
2026-06-23 19:53:37.942 9 INFO neutron.wsgi [None req-0192d915-df9e-40b4-bfe4-4d5e72ac4e0e 2663fd7f428743218a35d6f4acc97356 6197daee7549488f88c0067ecbc830a6 - - default default] 10.0.0.84 "DELETE /v2.0/floatingips/7d488121-3ae1-4369-8566-0e34b8727504 HTTP/1.1" status: 204 len: 168 time: 0.4899018
2026-06-23 19:53:37.972 9 INFO neutron.wsgi [None req-d1ffe9aa-fccd-4715-b08d-1d4be64954ec ef11ee9cbff640a1ac8a529d9aaa34cd 6da302bea3354e2183b7348d06d131e6 - - default default] 10.0.0.84 "PUT /v2.0/ports/42c4b04a-fc0c-425b-b89c-5aec43e8c749/tags HTTP/1.1" status: 200 len: 210 time: 0.0587287
