File "/var/lib/openstack/lib/python3.10/site-packages/neutron_lib/callbacks/manager.py", line 189, in _notify_loop
2026-06-23 19:52:22.029 10 ERROR neutron_lib.callbacks.manager callback.method(resource, event, trigger, payload=payload)
2026-06-23 19:52:22.029 10 ERROR neutron_lib.callbacks.manager
File "/var/lib/openstack/lib/python3.10/site-packages/neutron/services/ovn_l3/plugin.py", line 391, in _port_update
2026-06-23 19:52:22.029 10 ERROR neutron_lib.callbacks.manager l3plugin._ovn_client.update_router_port(context,
2026-06-23 19:52:22.029 10 ERROR neutron_lib.callbacks.manager
File "/var/lib/openstack/lib/python3.10/site-packages/neutron/plugins/ml2/drivers/ovn/mech_driver/ovsdb/ovn_client.py", line 1878, in update_router_port
2026-06-23 19:52:22.029 10 ERROR neutron_lib.callbacks.manager self._update_lrouter_port(context, port, if_exists=if_exists,
2026-06-23 19:52:22.029 10 ERROR neutron_lib.callbacks.manager
File "/var/lib/openstack/lib/python3.10/site-packages/neutron/plugins/ml2/drivers/ovn/mech_driver/ovsdb/ovn_client.py", line 1855, in _update_lrouter_port
2026-06-23 19:52:22.029 10 ERROR neutron_lib.callbacks.manager external_ids = self._nb_idl.db_get(
2026-06-23 19:52:22.029 10 ERROR neutron_lib.callbacks.manager
File "/var/lib/openstack/lib/python3.10/site-packages/ovsdbapp/backend/ovs_idl/command.py", line 47, in execute
2026-06-23 19:52:22.029 10 ERROR neutron_lib.callbacks.manager self.run_idl(None)
2026-06-23 19:52:22.029 10 ERROR neutron_lib.callbacks.manager
File "/var/lib/openstack/lib/python3.10/site-packages/ovsdbapp/backend/ovs_idl/command.py", line 235, in run_idl
2026-06-23 19:52:22.029 10 ERROR neutron_lib.callbacks.manager record = self.api.lookup(self.table, self.record)
2026-06-23 19:52:22.029 10 ERROR neutron_lib.callbacks.manager
File "/var/lib/openstack/lib/python3.10/site-packages/ovsdbapp/backend/ovs_idl/__init__.py", line 184, in lookup
2026-06-23 19:52:22.029 10 ERROR neutron_lib.callbacks.manager return self._lookup(table, record)
2026-06-23 19:52:22.029 10 ERROR neutron_lib.callbacks.manager
File "/var/lib/openstack/lib/python3.10/site-packages/ovsdbapp/backend/ovs_idl/__init__.py", line 235, in _lookup
2026-06-23 19:52:22.029 10 ERROR neutron_lib.callbacks.manager row = idlutils.row_by_value(self, rl.table, rl.column, record)
2026-06-23 19:52:22.029 10 ERROR neutron_lib.callbacks.manager
File "/var/lib/openstack/lib/python3.10/site-packages/ovsdbapp/backend/ovs_idl/idlutils.py", line 114, in row_by_value
2026-06-23 19:52:22.029 10 ERROR neutron_lib.callbacks.manager raise RowNotFound(table=table, col=column, match=match)
2026-06-23 19:52:22.029 10 ERROR neutron_lib.callbacks.manager ovsdbapp.backend.ovs_idl.idlutils.RowNotFound: Cannot find Logical_Router_Port with name=lrp-727d72e0-1da6-444a-8340-d3d9e1f736df
2026-06-23 19:52:22.029 10 ERROR neutron_lib.callbacks.manager 
2026-06-23 19:52:22.239 10 INFO neutron.db.ovn_revision_numbers_db [None req-6bdfaf2d-5af8-4aa2-b643-6273310d6e97 288704addc3444bb8daec7b4ce0705df 57efe4de2d3c4d5c975e1469434a0c1c - - default default] Successfully bumped revision number for resource 727d72e0-1da6-444a-8340-d3d9e1f736df (type: ports) to 1
2026-06-23 19:52:22.277 9 INFO neutron.db.ovn_revision_numbers_db [None req-f54a5d18-0ea1-405e-825c-e90732cf97ad - - - - - -] Successfully bumped revision number for resource f14b51c7-251a-4a1f-994a-f9ab6b416bcd (type: router_ports) to 4
2026-06-23 19:52:22.304 10 WARNING neutron.scheduler.dhcp_agent_scheduler [None req-6bdfaf2d-5af8-4aa2-b643-6273310d6e97 288704addc3444bb8daec7b4ce0705df 57efe4de2d3c4d5c975e1469434a0c1c - - default default] No more DHCP agents
2026-06-23 19:52:22.305 10 WARNING neutron.api.rpc.agentnotifiers.dhcp_rpc_agent_api [None req-6bdfaf2d-5af8-4aa2-b643-6273310d6e97 288704addc3444bb8daec7b4ce0705df 57efe4de2d3c4d5c975e1469434a0c1c - - default default] Unable to schedule network 667b3dd4-03e9-48d2-8f52-68f104290fa1: no agents available; will retry on subsequent port and subnet creation events.
2026-06-23 19:52:22.688 10 INFO neutron.db.ovn_revision_numbers_db [None req-6bdfaf2d-5af8-4aa2-b643-6273310d6e97 288704addc3444bb8daec7b4ce0705df 57efe4de2d3c4d5c975e1469434a0c1c - - default default] Successfully bumped revision number for resource 727d72e0-1da6-444a-8340-d3d9e1f736df (type: router_ports) to 1
2026-06-23 19:52:22.694 10 INFO neutron.wsgi [None req-6bdfaf2d-5af8-4aa2-b643-6273310d6e97 288704addc3444bb8daec7b4ce0705df 57efe4de2d3c4d5c975e1469434a0c1c - - default default] 10.0.0.84 "PUT /v2.0/routers/80fa119d-15a2-4d54-9927-5a4638c7f86c/add_router_interface HTTP/1.1" status: 200 len: 503 time: 2.6086156
2026-06-23 19:52:22.751 9 INFO neutron.wsgi [None req-35f2ca60-c0ca-4ac5-a4d7-7a75e17b8f51 dd03f1e6eb9548279a3a08a1f8d6f6e6 7e57a0bb6e7a470893e6e45ce8442e2c - - default default] 10.0.0.84 "GET /v2.0/security-groups?tenant_id=1ba1318ebb26460a88f5354e90ecc267&name=default HTTP/1.1" status: 200 len: 3120 time: 0.2388790
2026-06-23 19:52:22.839 9 INFO neutron.wsgi [None req-00575c16-4b52-4801-8d58-d9e3991cc672 c85177f01c8a441f8553862cfc9db03b 023ed75131e24daca939237968a5cd24 - - default default] 10.0.0.84 "GET /v2.0/networks HTTP/1.1" status: 200 len: 3875 time: 0.1400287
2026-06-23 19:52:22.909 9 INFO neutron.wsgi [None req-c5e67e59-ba97-47ad-8dfc-c112d5316b77 c85177f01c8a441f8553862cfc9db03b 023ed75131e24daca939237968a5cd24 - - default default] 10.0.0.84 "GET /v2.0/subnets HTTP/1.1" status: 200 len: 2753 time: 0.0613158
2026-06-23 19:52:23.058 9 INFO neutron.wsgi [None req-7b4facf8-0b75-4355-9b29-e19e2886e387 dd03f1e6eb9548279a3a08a1f8d6f6e6 7e57a0bb6e7a470893e6e45ce8442e2c - - default default] 10.0.0.84 "DELETE /v2.0/security-groups/71c41ad1-887f-4c8f-8086-d7fe65cde337 HTTP/1.1" status: 204 len: 168 time: 0.3035326
2026-06-23 19:52:23.080 10 INFO neutron.wsgi [None req-059e0a18-1f0e-4f42-98b0-5a6bde96a6bd c85177f01c8a441f8553862cfc9db03b 023ed75131e24daca939237968a5cd24 - - default default] 10.0.0.84 "GET /v2.0/routers HTTP/1.1" status: 200 len: 2135 time: 0.1660869
2026-06-23 19:52:23.139 9 WARNING neutron_lib.context [None req-ef120f5d-6afc-46fa-b996-0ed90f2aca44 288704addc3444bb8daec7b4ce0705df 57efe4de2d3c4d5c975e1469434a0c1c - - default default] Method 'is_advsvc' is deprecated since 2023.2 release (neutron-lib 3.8.0) and will be removed once support for the old RBAC API policies will be removed from Neutron. Please use method 'is_service_role' instead.
2026-06-23 19:52:23.278 9 INFO neutron.db.ovn_revision_numbers_db [None req-ef120f5d-6afc-46fa-b996-0ed90f2aca44 288704addc3444bb8daec7b4ce0705df 57efe4de2d3c4d5c975e1469434a0c1c - - default default] Successfully bumped revision number for resource cc122f12-b309-4314-a34b-404767898b5f (type: security_groups) to 1
2026-06-23 19:52:23.292 9 INFO neutron.db.ovn_revision_numbers_db [None req-ef120f5d-6afc-46fa-b996-0ed90f2aca44 288704addc3444bb8daec7b4ce0705df 57efe4de2d3c4d5c975e1469434a0c1c - - default default] Successfully bumped revision number for resource 0724c4a8-773d-4dfd-8e12-1b8b3e438afb (type: security_group_rules) to 0
2026-06-23 19:52:23.312 9 INFO neutron.db.ovn_revision_numbers_db [None req-ef120f5d-6afc-46fa-b996-0ed90f2aca44 288704addc3444bb8daec7b4ce0705df 57efe4de2d3c4d5c975e1469434a0c1c - - default default] Successfully bumped revision number for resource 1740ad1e-f7e7-4920-b9dd-8f0504c84013 (type: security_group_rules) to 0
2026-06-23 19:52:23.335 9 INFO neutron.wsgi [None req-ef120f5d-6afc-46fa-b996-0ed90f2aca44 288704addc3444bb8daec7b4ce0705df 57efe4de2d3c4d5c975e1469434a0c1c - - default default] 10.0.0.84 "POST /v2.0/security-groups HTTP/1.1" status: 201 len: 1873 time: 0.2015097
2026-06-23 19:52:23.347 9 WARNING neutron_lib.context [None req-e1b0b119-c6c6-4650-8462-fadc312618b1 288704addc3444bb8daec7b4ce0705df 57efe4de2d3c4d5c975e1469434a0c1c - - default default] Method 'is_advsvc' is deprecated since 2023.2 release (neutron-lib 3.8.0) and will be removed once support for the old RBAC API policies will be removed from Neutron. Please use method 'is_service_role' instead.
2026-06-23 19:52:23.463 9 INFO neutron.db.ovn_revision_numbers_db [None req-e1b0b119-c6c6-4650-8462-fadc312618b1 288704addc3444bb8daec7b4ce0705df 57efe4de2d3c4d5c975e1469434a0c1c - - default default] Successfully bumped revision number for resource 92fc3f8e-b515-4967-95b8-a1ee893c0525 (type: security_group_rules) to 0
2026-06-23 19:52:23.487 9 INFO neutron.wsgi [None req-e1b0b119-c6c6-4650-8462-fadc312618b1 288704addc3444bb8daec7b4ce0705df 57efe4de2d3c4d5c975e1469434a0c1c - - default default] 10.0.0.84 "POST /v2.0/security-group-rules HTTP/1.1" status: 201 len: 796 time: 0.1440969
2026-06-23 19:52:23.502 9 WARNING neutron_lib.context [None req-caf962fe-7521-4cb2-afd1-5bf801870949 288704addc3444bb8daec7b4ce0705df 57efe4de2d3c4d5c975e1469434a0c1c - - default default] Method 'is_advsvc' is deprecated since 2023.2 release (neutron-lib 3.8.0) and will be removed once support for the old RBAC API policies will be removed from Neutron. Please use method 'is_service_role' instead.
2026-06-23 19:52:23.545 10 INFO neutron.wsgi [req-77855303-0922-4a8b-9e6c-a706492a130a req-6e0487c9-fa86-4db1-a19b-5fd3a5721552 3b20aad8910c481aa3d09bda2c441861 4437f5005fd3417c9cd65be0703b1d5a - - 2189ca4831b045c09946bd1f0b90583d 2189ca4831b045c09946bd1f0b90583d] 10.0.0.156 "GET /v2.0/ports?device_id=d70bd236-8ff6-4498-81a0-30d036c24c5a HTTP/1.1" status: 200 len: 1409 time: 0.2282124
2026-06-23 19:52:23.611 10 INFO neutron.wsgi [req-77855303-0922-4a8b-9e6c-a706492a130a req-fee2b56a-918d-444b-948d-3c38c73ac83c 3b20aad8910c481aa3d09bda2c441861 4437f5005fd3417c9cd65be0703b1d5a - - 2189ca4831b045c09946bd1f0b90583d 2189ca4831b045c09946bd1f0b90583d] 10.0.0.156 "GET /v2.0/security-groups?id=6509bda4-a056-4477-bd85-66ace9eddf64&fields=id&fields=name HTTP/1.1" status: 200 len: 312 time: 0.0577104
2026-06-23 19:52:23.638 9 INFO neutron.db.ovn_revision_numbers_db [None req-caf962fe-7521-4cb2-afd1-5bf801870949 288704addc3444bb8daec7b4ce0705df 57efe4de2d3c4d5c975e1469434a0c1c - - default default] Successfully bumped revision number for resource 53c86a4c-14d0-4619-9bcf-a01e15fe3827 (type: security_group_rules) to 0
2026-06-23 19:52:23.669 9 INFO neutron.wsgi [None req-caf962fe-7521-4cb2-afd1-5bf801870949 288704addc3444bb8daec7b4ce0705df 57efe4de2d3c4d5c975e1469434a0c1c - - default default] 10.0.0.84 "POST /v2.0/security-group-rules HTTP/1.1" status: 201 len: 795 time: 0.1752441
2026-06-23 19:52:23.677 9 WARNING neutron_lib.context [None req-3ec64736-5270-41b5-b49f-4aa852e64f34 288704addc3444bb8daec7b4ce0705df 57efe4de2d3c4d5c975e1469434a0c1c - - default default] Method 'is_advsvc' is deprecated since 2023.2 release (neutron-lib 3.8.0) and will be removed once support for the old RBAC API policies will be removed from Neutron. Please use method 'is_service_role' instead.
2026-06-23 19:52:23.825 9 INFO neutron.db.ovn_revision_numbers_db [None req-3ec64736-5270-41b5-b49f-4aa852e64f34 288704addc3444bb8daec7b4ce0705df 57efe4de2d3c4d5c975e1469434a0c1c - - default default] Successfully bumped revision number for resource d4939660-54f6-423c-b9a6-2f8651a576aa (type: security_group_rules) to 0
2026-06-23 19:52:23.855 9 INFO neutron.wsgi [None req-3ec64736-5270-41b5-b49f-4aa852e64f34 288704addc3444bb8daec7b4ce0705df 57efe4de2d3c4d5c975e1469434a0c1c - - default default] 10.0.0.84 "POST /v2.0/security-group-rules HTTP/1.1" status: 201 len: 801 time: 0.1816323
2026-06-23 19:52:23.864 9 WARNING neutron_lib.context [None req-72d32294-a957-4caf-b0a7-881e2480550f 288704addc3444bb8daec7b4ce0705df 57efe4de2d3c4d5c975e1469434a0c1c - - default default] Method 'is_advsvc' is deprecated since 2023.2 release (neutron-lib 3.8.0) and will be removed once support for the old RBAC API policies will be removed from Neutron. Please use method 'is_service_role' instead.
2026-06-23 19:52:23.998 9 WARNING neutron.plugins.ml2.drivers.ovn.mech_driver.ovsdb.ovn_client [None req-417f25e2-76d0-457c-9acd-6e14122ef163 - - - - - -] No port found with ID 25692b70-71ee-4fb5-8b99-a48d85a56742: RuntimeError: No port found with ID 25692b70-71ee-4fb5-8b99-a48d85a56742
2026-06-23 19:52:23.998 9 INFO neutron.plugins.ml2.drivers.ovn.mech_driver.mech_driver [None req-417f25e2-76d0-457c-9acd-6e14122ef163 - - - - - -] OVN reports status up for port: 727d72e0-1da6-444a-8340-d3d9e1f736df
2026-06-23 19:52:24.008 9 INFO neutron.plugins.ml2.plugin [None req-417f25e2-76d0-457c-9acd-6e14122ef163 - - - - - -] Attempt 1 to provision port 727d72e0-1da6-444a-8340-d3d9e1f736df
2026-06-23 19:52:24.018 9 INFO neutron.db.ovn_revision_numbers_db [None req-72d32294-a957-4caf-b0a7-881e2480550f 288704addc3444bb8daec7b4ce0705df 57efe4de2d3c4d5c975e1469434a0c1c - - default default] Successfully bumped revision number for resource deb00d1a-da0f-4a70-b116-1b5401ee488b (type: security_group_rules) to 0
2026-06-23 19:52:24.044 9 INFO neutron.wsgi [None req-72d32294-a957-4caf-b0a7-881e2480550f 288704addc3444bb8daec7b4ce0705df 57efe4de2d3c4d5c975e1469434a0c1c - - default default] 10.0.0.84 "POST /v2.0/security-group-rules HTTP/1.1" status: 201 len: 800 time: 0.1848660
2026-06-23 19:52:24.058 10 WARNING neutron_lib.context [None req-68c60e6e-96bb-439d-a85b-6c451545d4ac 288704addc3444bb8daec7b4ce0705df 57efe4de2d3c4d5c975e1469434a0c1c - - default default] Method 'is_advsvc' is deprecated since 2023.2 release (neutron-lib 3.8.0) and will be removed once support for the old RBAC API policies will be removed from Neutron. Please use method 'is_service_role' instead.
2026-06-23 19:52:24.136 10 INFO neutron.db.securitygroups_db [None req-68c60e6e-96bb-439d-a85b-6c451545d4ac 288704addc3444bb8daec7b4ce0705df 57efe4de2d3c4d5c975e1469434a0c1c - - default default] Project 57efe4de2d3c4d5c975e1469434a0c1c added a security group rule with legacy IPv6 ICMP protocol name icmp, ipv6-icmp should be used instead. It was automatically converted.
2026-06-23 19:52:24.280 10 INFO neutron.db.ovn_revision_numbers_db [None req-68c60e6e-96bb-439d-a85b-6c451545d4ac 288704addc3444bb8daec7b4ce0705df 57efe4de2d3c4d5c975e1469434a0c1c - - default default] Successfully bumped revision number for resource 3204d7a0-2d3d-4568-bed7-96a2b95c3f3f (type: security_group_rules) to 0
2026-06-23 19:52:24.307 10 INFO neutron.wsgi [None req-68c60e6e-96bb-439d-a85b-6c451545d4ac 288704addc3444bb8daec7b4ce0705df 57efe4de2d3c4d5c975e1469434a0c1c - - default default] 10.0.0.84 "POST /v2.0/security-group-rules HTTP/1.1" status: 201 len: 806 time: 0.2559536
2026-06-23 19:52:24.321 10 WARNING neutron_lib.context [None req-6332b4c5-b5af-47cb-acde-979f4f6fc3cd 288704addc3444bb8daec7b4ce0705df 57efe4de2d3c4d5c975e1469434a0c1c - - default default] Method 'is_advsvc' is deprecated since 2023.2 release (neutron-lib 3.8.0) and will be removed once support for the old RBAC API policies will be removed from Neutron. Please use method 'is_service_role' instead.
2026-06-23 19:52:24.361 10 INFO neutron.db.securitygroups_db [None req-6332b4c5-b5af-47cb-acde-979f4f6fc3cd 288704addc3444bb8daec7b4ce0705df 57efe4de2d3c4d5c975e1469434a0c1c - - default default] Project 57efe4de2d3c4d5c975e1469434a0c1c added a security group rule with legacy IPv6 ICMP protocol name icmp, ipv6-icmp should be used instead. It was automatically converted.
2026-06-23 19:52:24.413 9 INFO neutron.db.ovn_revision_numbers_db [None req-417f25e2-76d0-457c-9acd-6e14122ef163 - - - - - -] Successfully bumped revision number for resource 727d72e0-1da6-444a-8340-d3d9e1f736df (type: ports) to 2
2026-06-23 19:52:24.484 10 INFO neutron.db.ovn_revision_numbers_db [None req-6332b4c5-b5af-47cb-acde-979f4f6fc3cd 288704addc3444bb8daec7b4ce0705df 57efe4de2d3c4d5c975e1469434a0c1c - - default default] Successfully bumped revision number for resource 1e2b8084-537d-4eb9-9941-9873badead65 (type: security_group_rules) to 0
2026-06-23 19:52:24.511 10 INFO neutron.wsgi [None req-6332b4c5-b5af-47cb-acde-979f4f6fc3cd 288704addc3444bb8daec7b4ce0705df 57efe4de2d3c4d5c975e1469434a0c1c - - default default] 10.0.0.84 "POST /v2.0/security-group-rules HTTP/1.1" status: 201 len: 805 time: 0.1948197
2026-06-23 19:52:24.552 9 INFO neutron.db.ovn_revision_numbers_db [None req-417f25e2-76d0-457c-9acd-6e14122ef163 - - - - - -] Successfully bumped revision number for resource 727d72e0-1da6-444a-8340-d3d9e1f736df (type: router_ports) to 2
2026-06-23 19:52:24.687 10 INFO neutron.db.ovn_revision_numbers_db [None req-89fd9f4b-0242-48e5-8005-a405a3fb4358 dd03f1e6eb9548279a3a08a1f8d6f6e6 7e57a0bb6e7a470893e6e45ce8442e2c - - default default] Successfully bumped revision number for resource f21bd9f9-e6e9-431d-87da-c3233b5202c0 (type: security_groups) to 1
2026-06-23 19:52:24.699 10 INFO neutron.db.ovn_revision_numbers_db [None req-89fd9f4b-0242-48e5-8005-a405a3fb4358 dd03f1e6eb9548279a3a08a1f8d6f6e6 7e57a0bb6e7a470893e6e45ce8442e2c - - default default] Successfully bumped revision number for resource 1e13efff-0812-4876-a9ca-f2cb51e11867 (type: security_group_rules) to 0
2026-06-23 19:52:24.713 10 INFO neutron.db.ovn_revision_numbers_db [None req-89fd9f4b-0242-48e5-8005-a405a3fb4358 dd03f1e6eb9548279a3a08a1f8d6f6e6 7e57a0bb6e7a470893e6e45ce8442e2c - - default default] Successfully bumped revision number for resource 9a827fc9-8709-403f-b9e9-869baa65649d (type: security_group_rules) to 0
2026-06-23 19:52:24.727 10 INFO neutron.db.ovn_revision_numbers_db [None req-89fd9f4b-0242-48e5-8005-a405a3fb4358 dd03f1e6eb9548279a3a08a1f8d6f6e6 7e57a0bb6e7a470893e6e45ce8442e2c - - default default] Successfully bumped revision number for resource 9db81977-901e-4ce4-904b-3c6bf374d848 (type: security_group_rules) to 0
2026-06-23 19:52:24.742 10 INFO neutron.db.ovn_revision_numbers_db [None req-89fd9f4b-0242-48e5-8005-a405a3fb4358 dd03f1e6eb9548279a3a08a1f8d6f6e6 7e57a0bb6e7a470893e6e45ce8442e2c - - default default] Successfully bumped revision number for resource cbf36404-4c92-4d12-8299-4f2321a2d7ff (type: security_group_rules) to 0
2026-06-23 19:52:24.764 10 INFO neutron.wsgi [None req-89fd9f4b-0242-48e5-8005-a405a3fb4358 dd03f1e6eb9548279a3a08a1f8d6f6e6 7e57a0bb6e7a470893e6e45ce8442e2c - - default default] 10.0.0.84 "GET /v2.0/security-groups?tenant_id=83894ec7526d4d99afa28cd603cc73a8&name=default HTTP/1.1" status: 200 len: 3120 time: 0.3974764
2026-06-23 19:52:25.027 9 INFO neutron.wsgi [None req-b92c704c-9cbe-42d1-8aa6-074e1eda472f dd03f1e6eb9548279a3a08a1f8d6f6e6 7e57a0bb6e7a470893e6e45ce8442e2c - - default default] 10.0.0.84 "DELETE /v2.0/security-groups/f21bd9f9-e6e9-431d-87da-c3233b5202c0 HTTP/1.1" status: 204 len: 168 time: 0.2554185
2026-06-23 19:52:25.098 10 INFO neutron.wsgi [None req-92cc36ff-7257-46e0-8f2e-2a53c077d97e 288704addc3444bb8daec7b4ce0705df 57efe4de2d3c4d5c975e1469434a0c1c - - default default] 10.0.0.84 "GET /v2.0/networks HTTP/1.1" status: 200 len: 1493 time: 0.1983695
2026-06-23 19:52:25.224 10 INFO neutron.wsgi [req-83994d88-c48c-4ccd-a6ff-93a6642e5673 req-7512232f-c03f-4fbc-b181-bb230bdd293e 288704addc3444bb8daec7b4ce0705df 57efe4de2d3c4d5c975e1469434a0c1c - - default default] 10.0.0.12 "GET /v2.0/security-groups?name=tempest-secgroup-smoke-349940107&fields=id&tenant_id=57efe4de2d3c4d5c975e1469434a0c1c HTTP/1.1" status: 200 len: 267 time: 0.0440917
2026-06-23 19:52:25.343 10 INFO neutron.wsgi [req-83994d88-c48c-4ccd-a6ff-93a6642e5673 req-c79cc3ad-5d65-48a7-8ae9-ffacc0c01697 288704addc3444bb8daec7b4ce0705df 57efe4de2d3c4d5c975e1469434a0c1c - - default default] 10.0.0.12 "GET /v2.0/networks?id=667b3dd4-03e9-48d2-8f52-68f104290fa1 HTTP/1.1" status: 200 len: 860 time: 0.1103313
2026-06-23 19:52:25.364 10 INFO neutron.wsgi [req-83994d88-c48c-4ccd-a6ff-93a6642e5673 req-39ca684d-8098-47cc-b22e-4abdc5593685 288704addc3444bb8daec7b4ce0705df 57efe4de2d3c4d5c975e1469434a0c1c - - default default] 10.0.0.12 "GET /v2.0/quotas/57efe4de2d3c4d5c975e1469434a0c1c HTTP/1.1" status: 200 len: 491 time: 0.0155909
2026-06-23 19:52:25.493 10 INFO neutron.wsgi [req-83994d88-c48c-4ccd-a6ff-93a6642e5673 req-32499a33-6f7e-478f-8a0b-c0d4ebb92fa0 288704addc3444bb8daec7b4ce0705df 57efe4de2d3c4d5c975e1469434a0c1c - - default default] 10.0.0.12 "GET /v2.0/ports?tenant_id=57efe4de2d3c4d5c975e1469434a0c1c&fields=id HTTP/1.1" status: 200 len: 302 time: 0.1211424
2026-06-23 19:52:25.499 10 INFO neutron.db.ovn_revision_numbers_db [None req-8411604c-0d17-40ee-b331-3959ad0e3487 dd03f1e6eb9548279a3a08a1f8d6f6e6 7e57a0bb6e7a470893e6e45ce8442e2c - - default default] Successfully bumped revision number for resource 0c53682b-e23a-412d-85e9-9fd7eac5be4c (type: security_groups) to 1
2026-06-23 19:52:25.527 10 INFO neutron.db.ovn_revision_numbers_db [None req-8411604c-0d17-40ee-b331-3959ad0e3487 dd03f1e6eb9548279a3a08a1f8d6f6e6 7e57a0bb6e7a470893e6e45ce8442e2c - - default default] Successfully bumped revision number for resource 384db6c4-4fe4-475e-a192-cf9afc314862 (type: security_group_rules) to 0
2026-06-23 19:52:25.553 10 INFO neutron.db.ovn_revision_numbers_db [None req-8411604c-0d17-40ee-b331-3959ad0e3487 dd03f1e6eb9548279a3a08a1f8d6f6e6 7e57a0bb6e7a470893e6e45ce8442e2c - - default default] Successfully bumped revision number for resource 4af143fb-32bd-416b-8af5-b3f7a8dd68b4 (type: security_group_rules) to 0
2026-06-23 19:52:25.574 10 INFO neutron.db.ovn_revision_numbers_db [None req-8411604c-0d17-40ee-b331-3959ad0e3487 dd03f1e6eb9548279a3a08a1f8d6f6e6 7e57a0bb6e7a470893e6e45ce8442e2c - - default default] Successfully bumped revision number for resource 912936fb-cb78-4344-9399-3acb2902002f (type: security_group_rules) to 0
2026-06-23 19:52:25.577 10 INFO neutron.wsgi [req-83994d88-c48c-4ccd-a6ff-93a6642e5673 req-97282a45-8b1b-4ed0-8b92-c22a1dc719c7 3b20aad8910c481aa3d09bda2c441861 4437f5005fd3417c9cd65be0703b1d5a - - 2189ca4831b045c09946bd1f0b90583d 2189ca4831b045c09946bd1f0b90583d] 10.0.0.12 "GET /v2.0/networks/667b3dd4-03e9-48d2-8f52-68f104290fa1?fields=segments HTTP/1.1" status: 200 len: 212 time: 0.0722697
2026-06-23 19:52:25.597 10 INFO neutron.db.ovn_revision_numbers_db [None req-8411604c-0d17-40ee-b331-3959ad0e3487 dd03f1e6eb9548279a3a08a1f8d6f6e6 7e57a0bb6e7a470893e6e45ce8442e2c - - default default] Successfully bumped revision number for resource d3e061a3-1b3c-4f04-b8ea-cb8aecba951b (type: security_group_rules) to 0
2026-06-23 19:52:25.627 10 INFO neutron.wsgi [None req-8411604c-0d17-40ee-b331-3959ad0e3487 dd03f1e6eb9548279a3a08a1f8d6f6e6 7e57a0bb6e7a470893e6e45ce8442e2c - - default default] 10.0.0.84 "GET /v2.0/security-groups?tenant_id=752f697f2aae4d36b0d02332ce379294&name=default HTTP/1.1" status: 200 len: 3120 time: 0.3609073
2026-06-23 19:52:25.906 10 INFO neutron.wsgi [req-83994d88-c48c-4ccd-a6ff-93a6642e5673 req-a5a4e855-10b4-4f4d-b389-4f8cfe738aca 3b20aad8910c481aa3d09bda2c441861 4437f5005fd3417c9cd65be0703b1d5a - - 2189ca4831b045c09946bd1f0b90583d 2189ca4831b045c09946bd1f0b90583d] 10.0.0.12 "GET /v2.0/networks/667b3dd4-03e9-48d2-8f52-68f104290fa1?fields=provider%3Aphysical_network&fields=provider%3Anetwork_type HTTP/1.1" status: 200 len: 277 time: 0.3227255
2026-06-23 19:52:26.044 10 INFO neutron.wsgi [req-78f8bd96-1c8d-45c3-ba64-a48f5f46e643 req-04014f1d-7a9b-48c7-a29d-60f0a8ee2fc0 288704addc3444bb8daec7b4ce0705df 57efe4de2d3c4d5c975e1469434a0c1c - - default default] 10.0.0.12 "GET /v2.0/ports?device_id=9a27a48b-7017-4989-bb39-3f2922ccdaad HTTP/1.1" status: 200 len: 210 time: 0.0253391
2026-06-23 19:52:26.105 10 INFO neutron.wsgi [None req-275ab6e9-7fb6-4cab-8be7-1e85ca1a2591 dd03f1e6eb9548279a3a08a1f8d6f6e6 7e57a0bb6e7a470893e6e45ce8442e2c - - default default] 10.0.0.84 "DELETE /v2.0/security-groups/0c53682b-e23a-412d-85e9-9fd7eac5be4c HTTP/1.1" status: 204 len: 168 time: 0.4736030
2026-06-23 19:52:26.509 10 INFO neutron.wsgi [-] 10.0.0.193 "GET / HTTP/1.1" status: 200 len: 247 time: 0.0021431
2026-06-23 19:52:26.512 9 INFO neutron.wsgi [-] 10.0.0.193 "GET / HTTP/1.1" status: 200 len: 247 time: 0.0044928
2026-06-23 19:52:26.872 9 INFO neutron.wsgi [req-83994d88-c48c-4ccd-a6ff-93a6642e5673 req-1cd31f90-69f0-4bdf-88c6-326bbf67ade7 288704addc3444bb8daec7b4ce0705df 57efe4de2d3c4d5c975e1469434a0c1c - - default default] 199.204.45.53 "GET /v2.0/networks?id=667b3dd4-03e9-48d2-8f52-68f104290fa1 HTTP/1.1" status: 200 len: 860 time: 0.1432378
2026-06-23 19:52:26.927 9 INFO neutron.wsgi [req-83994d88-c48c-4ccd-a6ff-93a6642e5673 req-88a5b647-e8e1-4453-aed9-c66be609b543 288704addc3444bb8daec7b4ce0705df 57efe4de2d3c4d5c975e1469434a0c1c - - default default] 199.204.45.53 "GET /v2.0/security-groups?fields=id&fields=name&tenant_id=57efe4de2d3c4d5c975e1469434a0c1c HTTP/1.1" status: 200 len: 379 time: 0.0488186
2026-06-23 19:52:26.958 9 WARNING neutron_lib.context [req-83994d88-c48c-4ccd-a6ff-93a6642e5673 req-204e1a5c-86d9-4b06-b28f-6b4bc4a4f173 288704addc3444bb8daec7b4ce0705df 57efe4de2d3c4d5c975e1469434a0c1c - - default default] Method 'is_advsvc' is deprecated since 2023.2 release (neutron-lib 3.8.0) and will be removed once support for the old RBAC API policies will be removed from Neutron. Please use method 'is_service_role' instead.
2026-06-23 19:52:27.152 10 INFO neutron.wsgi [req-974786bd-c5d5-49f5-b9f4-d4ee709af47e req-e9c73125-6aa3-4a3c-9bf1-f664b8c60f51 288704addc3444bb8daec7b4ce0705df 57efe4de2d3c4d5c975e1469434a0c1c - - default default] 10.0.0.12 "GET /v2.0/ports?device_id=9a27a48b-7017-4989-bb39-3f2922ccdaad HTTP/1.1" status: 200 len: 210 time: 0.0355446
2026-06-23 19:52:27.532 9 WARNING neutron.scheduler.dhcp_agent_scheduler [req-83994d88-c48c-4ccd-a6ff-93a6642e5673 req-204e1a5c-86d9-4b06-b28f-6b4bc4a4f173 288704addc3444bb8daec7b4ce0705df 57efe4de2d3c4d5c975e1469434a0c1c - - default default] No more DHCP agents
2026-06-23 19:52:27.534 9 WARNING neutron.api.rpc.agentnotifiers.dhcp_rpc_agent_api [req-83994d88-c48c-4ccd-a6ff-93a6642e5673 req-204e1a5c-86d9-4b06-b28f-6b4bc4a4f173 288704addc3444bb8daec7b4ce0705df 57efe4de2d3c4d5c975e1469434a0c1c - - default default] Unable to schedule network 667b3dd4-03e9-48d2-8f52-68f104290fa1: no agents available; will retry on subsequent port and subnet creation events.
2026-06-23 19:52:27.716 9 INFO neutron.db.ovn_revision_numbers_db [req-83994d88-c48c-4ccd-a6ff-93a6642e5673 req-204e1a5c-86d9-4b06-b28f-6b4bc4a4f173 288704addc3444bb8daec7b4ce0705df 57efe4de2d3c4d5c975e1469434a0c1c - - default default] Successfully bumped revision number for resource 858b085f-614f-4962-8979-105b1891ae42 (type: ports) to 1
2026-06-23 19:52:27.752 9 INFO neutron.wsgi [req-83994d88-c48c-4ccd-a6ff-93a6642e5673 req-204e1a5c-86d9-4b06-b28f-6b4bc4a4f173 288704addc3444bb8daec7b4ce0705df 57efe4de2d3c4d5c975e1469434a0c1c - - default default] 199.204.45.53 "POST /v2.0/ports HTTP/1.1" status: 201 len: 1158 time: 0.8030808 /var/lib/openstack/lib/python3.10/site-packages/pycadf/identifier.py:71: UserWarning: Invalid uuid: neutron. To ensure interoperability, identifiers should be a valid uuid. warnings.warn(('Invalid uuid: %s. To ensure interoperability, '
2026-06-23 19:52:28.048 10 INFO neutron.wsgi [req-8e776b19-2029-49d2-a7d9-70a8263b8b67 req-b55eb867-ebca-4aeb-9e86-643fba32bd6f e1a0d1fd5af248e6a682318fd87fffc2 cdb337aa8f0845d1806d6eb3d9ac4eec - - default default] 10.0.0.12 "GET /v2.0/ports?device_id=d70bd236-8ff6-4498-81a0-30d036c24c5a HTTP/1.1" status: 200 len: 1170 time: 0.1043184
2026-06-23 19:52:28.112 10 INFO neutron.wsgi [req-8e776b19-2029-49d2-a7d9-70a8263b8b67 req-341fcf29-a870-4df8-ad04-9f6b13b01b78 e1a0d1fd5af248e6a682318fd87fffc2 cdb337aa8f0845d1806d6eb3d9ac4eec - - default default] 10.0.0.12 "GET /v2.0/security-groups?id=6509bda4-a056-4477-bd85-66ace9eddf64&fields=id&fields=name HTTP/1.1" status: 200 len: 312 time: 0.0567412
2026-06-23 19:52:28.224 10 INFO neutron.wsgi [req-ba6d4c8f-d891-4e99-9b75-055b6f148096 req-56cf5dc8-d941-456c-b53e-f27257a3f786 e1a0d1fd5af248e6a682318fd87fffc2 cdb337aa8f0845d1806d6eb3d9ac4eec - - default default] 10.0.0.12 "GET /v2.0/ports?device_id=d70bd236-8ff6-4498-81a0-30d036c24c5a HTTP/1.1" status: 200 len: 1170 time: 0.0510006
2026-06-23 19:52:28.245 9 INFO neutron.db.ovn_revision_numbers_db [req-83994d88-c48c-4ccd-a6ff-93a6642e5673 req-fcc00790-b5b7-4728-9086-afa114707f93 3b20aad8910c481aa3d09bda2c441861 4437f5005fd3417c9cd65be0703b1d5a - - 2189ca4831b045c09946bd1f0b90583d 2189ca4831b045c09946bd1f0b90583d] Successfully bumped revision number for resource 858b085f-614f-4962-8979-105b1891ae42 (type: ports) to 2
2026-06-23 19:52:28.274 10 INFO neutron.wsgi [req-2ee14f05-238d-4b26-9ea0-52a79fd0e48d req-8d5b3cba-4856-48ed-81fa-06b0668270f2 288704addc3444bb8daec7b4ce0705df 57efe4de2d3c4d5c975e1469434a0c1c - - default default] 10.0.0.12 "GET /v2.0/ports?device_id=9a27a48b-7017-4989-bb39-3f2922ccdaad HTTP/1.1" status: 200 len: 1168 time: 0.0485022
2026-06-23 19:52:28.298 10 INFO neutron.wsgi [req-ba6d4c8f-d891-4e99-9b75-055b6f148096 req-9329742e-d1e8-45e1-984c-9a6d56c7e146 e1a0d1fd5af248e6a682318fd87fffc2 cdb337aa8f0845d1806d6eb3d9ac4eec - - default default] 10.0.0.12 "GET /v2.0/security-groups?id=6509bda4-a056-4477-bd85-66ace9eddf64&fields=id&fields=name HTTP/1.1" status: 200 len: 312 time: 0.0645876
2026-06-23 19:52:28.344 10 INFO neutron.wsgi [req-2ee14f05-238d-4b26-9ea0-52a79fd0e48d req-c980dbef-a3ff-4b83-b034-64d1bf68fa55 288704addc3444bb8daec7b4ce0705df 57efe4de2d3c4d5c975e1469434a0c1c - - default default] 10.0.0.12 "GET /v2.0/security-groups?id=cc122f12-b309-4314-a34b-404767898b5f&fields=id&fields=name HTTP/1.1" status: 200 len: 312 time: 0.0621381
2026-06-23 19:52:28.547 9 INFO neutron.db.ovn_revision_numbers_db [req-83994d88-c48c-4ccd-a6ff-93a6642e5673 req-fcc00790-b5b7-4728-9086-afa114707f93 3b20aad8910c481aa3d09bda2c441861 4437f5005fd3417c9cd65be0703b1d5a - - 2189ca4831b045c09946bd1f0b90583d 2189ca4831b045c09946bd1f0b90583d] Successfully bumped revision number for resource 858b085f-614f-4962-8979-105b1891ae42 (type: ports) to 2
2026-06-23 19:52:28.567 9 INFO neutron.wsgi [req-83994d88-c48c-4ccd-a6ff-93a6642e5673 req-fcc00790-b5b7-4728-9086-afa114707f93 3b20aad8910c481aa3d09bda2c441861 4437f5005fd3417c9cd65be0703b1d5a - - 2189ca4831b045c09946bd1f0b90583d 2189ca4831b045c09946bd1f0b90583d] 199.204.45.53 "PUT /v2.0/ports/858b085f-614f-4962-8979-105b1891ae42 HTTP/1.1" status: 200 len: 1376 time: 0.8073292 /var/lib/openstack/lib/python3.10/site-packages/pycadf/identifier.py:71: UserWarning: Invalid uuid: neutron. To ensure interoperability, identifiers should be a valid uuid. warnings.warn(('Invalid uuid: %s. To ensure interoperability, '
2026-06-23 19:52:28.612 9 INFO neutron.notifiers.nova [-] Nova event matching ['req-bdb379ac-e177-4fae-ac0a-35d8b0536a70'] response: {'name': 'network-changed', 'server_uuid': '9a27a48b-7017-4989-bb39-3f2922ccdaad', 'tag': '858b085f-614f-4962-8979-105b1891ae42', 'status': 'completed', 'code': 200}
2026-06-23 19:52:28.651 9 INFO neutron.wsgi [req-83994d88-c48c-4ccd-a6ff-93a6642e5673 req-b0d2b5e0-c5db-43b4-acd0-a1c92bac9c81 3b20aad8910c481aa3d09bda2c441861 4437f5005fd3417c9cd65be0703b1d5a - - 2189ca4831b045c09946bd1f0b90583d 2189ca4831b045c09946bd1f0b90583d] 199.204.45.53 "GET /v2.0/ports?tenant_id=57efe4de2d3c4d5c975e1469434a0c1c&device_id=9a27a48b-7017-4989-bb39-3f2922ccdaad HTTP/1.1" status: 200 len: 1407 time: 0.0491719
2026-06-23 19:52:28.657 10 INFO neutron.wsgi [req-44d5b041-f6d0-4206-b538-39bad41ad3b1 req-d4b1fc9b-0d56-4a69-9453-a57e584f54a2 e1a0d1fd5af248e6a682318fd87fffc2 cdb337aa8f0845d1806d6eb3d9ac4eec - - default default] 10.0.0.12 "GET /v2.0/ports?device_id=d70bd236-8ff6-4498-81a0-30d036c24c5a HTTP/1.1" status: 200 len: 1170 time: 0.0439117
2026-06-23 19:52:28.677 9 INFO neutron.wsgi [req-83994d88-c48c-4ccd-a6ff-93a6642e5673 req-1f66a529-812b-4d07-8a22-dae7ff9db1d4 3b20aad8910c481aa3d09bda2c441861 4437f5005fd3417c9cd65be0703b1d5a - - 2189ca4831b045c09946bd1f0b90583d 2189ca4831b045c09946bd1f0b90583d] 199.204.45.53 "GET /v2.0/floatingips?fixed_ip_address=10.100.0.5&port_id=858b085f-614f-4962-8979-105b1891ae42 HTTP/1.1" status: 200 len: 217 time: 0.0215104
2026-06-23 19:52:28.717 9 INFO neutron.wsgi [req-83994d88-c48c-4ccd-a6ff-93a6642e5673 req-89d58ca7-95f8-4229-a731-3e63781904b7 3b20aad8910c481aa3d09bda2c441861 4437f5005fd3417c9cd65be0703b1d5a - - 2189ca4831b045c09946bd1f0b90583d 2189ca4831b045c09946bd1f0b90583d] 199.204.45.53 "GET /v2.0/subnets?id=3745eb82-a6c1-436e-b312-eedf0848bc7a HTTP/1.1" status: 200 len: 853 time: 0.0342510
2026-06-23 19:52:28.753 10 INFO neutron.wsgi [req-1c6ca72e-f72d-44d5-90f3-412e58f285ed req-51c28d88-f3b2-4a18-9fa4-dc742fd320b7 3b20aad8910c481aa3d09bda2c441861 4437f5005fd3417c9cd65be0703b1d5a - - 2189ca4831b045c09946bd1f0b90583d 2189ca4831b045c09946bd1f0b90583d] 199.204.45.53 "GET /v2.0/ports?tenant_id=cdb337aa8f0845d1806d6eb3d9ac4eec&device_id=d70bd236-8ff6-4498-81a0-30d036c24c5a HTTP/1.1" status: 200 len: 1409 time: 0.0933316
2026-06-23 19:52:28.759 9 INFO neutron.wsgi [req-83994d88-c48c-4ccd-a6ff-93a6642e5673 req-aaab0133-1779-4f9e-98a6-581c284987a9 3b20aad8910c481aa3d09bda2c441861 4437f5005fd3417c9cd65be0703b1d5a - - 2189ca4831b045c09946bd1f0b90583d 2189ca4831b045c09946bd1f0b90583d] 199.204.45.53 "GET /v2.0/ports?network_id=667b3dd4-03e9-48d2-8f52-68f104290fa1&device_owner=network%3Adhcp HTTP/1.1" status: 200 len: 210 time: 0.0309408
2026-06-23 19:52:28.786 10 INFO neutron.wsgi [req-44d5b041-f6d0-4206-b538-39bad41ad3b1 req-ec65d063-d19b-48f1-bf15-5c4dd9e45093 e1a0d1fd5af248e6a682318fd87fffc2 cdb337aa8f0845d1806d6eb3d9ac4eec - - default default] 10.0.0.12 "GET /v2.0/security-groups?id=6509bda4-a056-4477-bd85-66ace9eddf64&fields=id&fields=name HTTP/1.1" status: 200 len: 312 time: 0.1151886
2026-06-23 19:52:28.831 9 INFO neutron.wsgi [req-83994d88-c48c-4ccd-a6ff-93a6642e5673 req-fb2f9114-b253-42a8-91d2-1ae8934c8585 3b20aad8910c481aa3d09bda2c441861 4437f5005fd3417c9cd65be0703b1d5a - - 2189ca4831b045c09946bd1f0b90583d 2189ca4831b045c09946bd1f0b90583d] 199.204.45.53 "GET /v2.0/networks/667b3dd4-03e9-48d2-8f52-68f104290fa1?fields=segments HTTP/1.1" status: 200 len: 212 time: 0.0667479
2026-06-23 19:52:28.846 10 INFO neutron.wsgi [req-1c6ca72e-f72d-44d5-90f3-412e58f285ed req-edf39dbb-fcfd-4590-85a1-a8da4e340298 3b20aad8910c481aa3d09bda2c441861 4437f5005fd3417c9cd65be0703b1d5a - - 2189ca4831b045c09946bd1f0b90583d 2189ca4831b045c09946bd1f0b90583d] 199.204.45.53 "GET /v2.0/networks?id=e837e96d-439f-4ff1-9218-e252209cdcde HTTP/1.1" status: 200 len: 973 time: 0.0857527
2026-06-23 19:52:28.922 9 INFO neutron.wsgi [req-83994d88-c48c-4ccd-a6ff-93a6642e5673 req-8b06e173-ac05-4dec-b719-da635b9bac37 3b20aad8910c481aa3d09bda2c441861 4437f5005fd3417c9cd65be0703b1d5a - - 2189ca4831b045c09946bd1f0b90583d 2189ca4831b045c09946bd1f0b90583d] 199.204.45.53 "GET /v2.0/networks/667b3dd4-03e9-48d2-8f52-68f104290fa1?fields=provider%3Aphysical_network&fields=provider%3Anetwork_type HTTP/1.1" status: 200 len: 277 time: 0.0850449
2026-06-23 19:52:28.923 10 INFO neutron.wsgi [req-1c6ca72e-f72d-44d5-90f3-412e58f285ed req-287ab546-1d24-4d07-950d-8d6d813f31a5 3b20aad8910c481aa3d09bda2c441861 4437f5005fd3417c9cd65be0703b1d5a - - 2189ca4831b045c09946bd1f0b90583d 2189ca4831b045c09946bd1f0b90583d] 199.204.45.53 "GET /v2.0/floatingips?fixed_ip_address=10.100.0.6&port_id=0322ed4c-5a3d-4f92-9470-86ac4c3c07a7 HTTP/1.1" status: 200 len: 1059 time: 0.0715666
2026-06-23 19:52:28.934 10 INFO neutron.db.ovn_revision_numbers_db [None req-95cedd53-2d1a-47ff-a650-8378ca717ecf dd03f1e6eb9548279a3a08a1f8d6f6e6 7e57a0bb6e7a470893e6e45ce8442e2c - - default default] Successfully bumped revision number for resource df3019e3-d711-432c-828d-04e6401ed004 (type: security_groups) to 1
2026-06-23 19:52:28.968 10 INFO neutron.db.ovn_revision_numbers_db [None req-95cedd53-2d1a-47ff-a650-8378ca717ecf dd03f1e6eb9548279a3a08a1f8d6f6e6 7e57a0bb6e7a470893e6e45ce8442e2c - - default default] Successfully bumped revision number for resource 4ed470b2-6ca3-4afb-830f-3e53bf7fa26c (type: security_group_rules) to 0
2026-06-23 19:52:28.976 10 INFO neutron.wsgi [req-1c6ca72e-f72d-44d5-90f3-412e58f285ed req-6ae20faf-a588-470e-a712-ecbb7f600a71 3b20aad8910c481aa3d09bda2c441861 4437f5005fd3417c9cd65be0703b1d5a - - 2189ca4831b045c09946bd1f0b90583d 2189ca4831b045c09946bd1f0b90583d] 199.204.45.53 "GET /v2.0/subnets?id=10648235-4c5e-4bd4-8173-fefdaff1bdbc HTTP/1.1" status: 200 len: 868 time: 0.0456204
2026-06-23 19:52:28.995 9 INFO neutron.wsgi [req-9a239dfe-36df-4300-aaf5-71a426a4710d req-4420e12a-3ea0-4f48-a557-c720333da255 3b20aad8910c481aa3d09bda2c441861 4437f5005fd3417c9cd65be0703b1d5a - - 2189ca4831b045c09946bd1f0b90583d 2189ca4831b045c09946bd1f0b90583d] 199.204.45.53 "GET /v2.0/ports?tenant_id=57efe4de2d3c4d5c975e1469434a0c1c&device_id=9a27a48b-7017-4989-bb39-3f2922ccdaad HTTP/1.1" status: 200 len: 1407 time: 0.0345340
2026-06-23 19:52:29.001 10 INFO neutron.db.ovn_revision_numbers_db [None req-95cedd53-2d1a-47ff-a650-8378ca717ecf dd03f1e6eb9548279a3a08a1f8d6f6e6 7e57a0bb6e7a470893e6e45ce8442e2c - - default default] Successfully bumped revision number for resource 57f9f35c-96de-4714-97e2-c07300c0da39 (type: security_group_rules) to 0
2026-06-23 19:52:29.013 10 INFO neutron.wsgi [req-1c6ca72e-f72d-44d5-90f3-412e58f285ed req-40049d77-be74-4439-a50e-adf6c0e91d88 3b20aad8910c481aa3d09bda2c441861 4437f5005fd3417c9cd65be0703b1d5a - - 2189ca4831b045c09946bd1f0b90583d 2189ca4831b045c09946bd1f0b90583d] 199.204.45.53 "GET /v2.0/ports?network_id=e837e96d-439f-4ff1-9218-e252209cdcde&device_owner=network%3Adhcp HTTP/1.1" status: 200 len: 210 time: 0.0305362
2026-06-23 19:52:29.026 10 INFO neutron.db.ovn_revision_numbers_db [None req-95cedd53-2d1a-47ff-a650-8378ca717ecf dd03f1e6eb9548279a3a08a1f8d6f6e6 7e57a0bb6e7a470893e6e45ce8442e2c - - default default] Successfully bumped revision number for resource cace487a-bc1b-49c4-b206-c0df0ab51bf0 (type: security_group_rules) to 0
2026-06-23 19:52:29.050 10 INFO neutron.db.ovn_revision_numbers_db [None req-95cedd53-2d1a-47ff-a650-8378ca717ecf dd03f1e6eb9548279a3a08a1f8d6f6e6 7e57a0bb6e7a470893e6e45ce8442e2c - - default default] Successfully bumped revision number for resource f5250d0b-21e3-4e75-a005-f23c81fb02f3 (type: security_group_rules) to 0
2026-06-23 19:52:29.062 9 INFO neutron.wsgi [req-9a239dfe-36df-4300-aaf5-71a426a4710d req-d46cb56e-4c3e-4d64-bbec-099d0880aea7 3b20aad8910c481aa3d09bda2c441861 4437f5005fd3417c9cd65be0703b1d5a - - 2189ca4831b045c09946bd1f0b90583d 2189ca4831b045c09946bd1f0b90583d] 199.204.45.53 "GET /v2.0/networks?id=667b3dd4-03e9-48d2-8f52-68f104290fa1 HTTP/1.1" status: 200 len: 959 time: 0.0621417
2026-06-23 19:52:29.087 10 INFO neutron.wsgi [None req-95cedd53-2d1a-47ff-a650-8378ca717ecf dd03f1e6eb9548279a3a08a1f8d6f6e6 7e57a0bb6e7a470893e6e45ce8442e2c - - default default] 10.0.0.84 "GET /v2.0/security-groups?tenant_id=73c0c79dcb9c4e8ab73a836e809c27cb&name=default HTTP/1.1" status: 200 len: 3120 time: 0.5126376
2026-06-23 19:52:29.104 9 INFO neutron.wsgi [req-9a239dfe-36df-4300-aaf5-71a426a4710d req-b19ed462-400c-4794-8fca-c128459383d5 3b20aad8910c481aa3d09bda2c441861 4437f5005fd3417c9cd65be0703b1d5a - - 2189ca4831b045c09946bd1f0b90583d 2189ca4831b045c09946bd1f0b90583d] 199.204.45.53 "GET /v2.0/floatingips?fixed_ip_address=10.100.0.5&port_id=858b085f-614f-4962-8979-105b1891ae42 HTTP/1.1" status: 200 len: 217 time: 0.0305452
2026-06-23 19:52:29.119 10 INFO neutron.wsgi [req-1c6ca72e-f72d-44d5-90f3-412e58f285ed req-de631738-2466-48b3-8e04-78566ce0c41e 3b20aad8910c481aa3d09bda2c441861 4437f5005fd3417c9cd65be0703b1d5a - - 2189ca4831b045c09946bd1f0b90583d 2189ca4831b045c09946bd1f0b90583d] 199.204.45.53 "GET /v2.0/networks/e837e96d-439f-4ff1-9218-e252209cdcde?fields=segments HTTP/1.1" status: 200 len: 212 time: 0.0998087
2026-06-23 19:52:29.156 9 INFO neutron.wsgi [req-9a239dfe-36df-4300-aaf5-71a426a4710d req-3e2eec7e-a88f-4ced-97b5-8c992923a3be 3b20aad8910c481aa3d09bda2c441861 4437f5005fd3417c9cd65be0703b1d5a - - 2189ca4831b045c09946bd1f0b90583d 2189ca4831b045c09946bd1f0b90583d] 199.204.45.53 "GET /v2.0/subnets?id=3745eb82-a6c1-436e-b312-eedf0848bc7a HTTP/1.1" status: 200 len: 853 time: 0.0413654
2026-06-23 19:52:29.188 10 INFO neutron.wsgi [req-1c6ca72e-f72d-44d5-90f3-412e58f285ed req-85c59ba7-53c8-4678-a610-180fcefa058f 3b20aad8910c481aa3d09bda2c441861 4437f5005fd3417c9cd65be0703b1d5a - - 2189ca4831b045c09946bd1f0b90583d 2189ca4831b045c09946bd1f0b90583d] 199.204.45.53 "GET /v2.0/networks/e837e96d-439f-4ff1-9218-e252209cdcde?fields=provider%3Aphysical_network&fields=provider%3Anetwork_type HTTP/1.1" status: 200 len: 277 time: 0.0646610
2026-06-23 19:52:29.190 9 INFO neutron.wsgi [req-9a239dfe-36df-4300-aaf5-71a426a4710d req-b25f293f-b634-4e7a-8641-51fbcb486312 3b20aad8910c481aa3d09bda2c441861 4437f5005fd3417c9cd65be0703b1d5a - - 2189ca4831b045c09946bd1f0b90583d 2189ca4831b045c09946bd1f0b90583d] 199.204.45.53 "GET /v2.0/ports?network_id=667b3dd4-03e9-48d2-8f52-68f104290fa1&device_owner=network%3Adhcp HTTP/1.1" status: 200 len: 210 time: 0.0268850
2026-06-23 19:52:29.273 9 INFO neutron.wsgi [req-9a239dfe-36df-4300-aaf5-71a426a4710d req-cf81d400-9afc-4160-8bcb-8bbc93a41564 3b20aad8910c481aa3d09bda2c441861 4437f5005fd3417c9cd65be0703b1d5a - - 2189ca4831b045c09946bd1f0b90583d 2189ca4831b045c09946bd1f0b90583d] 199.204.45.53 "GET /v2.0/networks/667b3dd4-03e9-48d2-8f52-68f104290fa1?fields=segments HTTP/1.1" status: 200 len: 212 time: 0.0773368
2026-06-23 19:52:29.347 9 INFO neutron.wsgi [req-9a239dfe-36df-4300-aaf5-71a426a4710d req-5768713b-f1b1-4356-a042-0ebfc1491c17 3b20aad8910c481aa3d09bda2c441861 4437f5005fd3417c9cd65be0703b1d5a - - 2189ca4831b045c09946bd1f0b90583d 2189ca4831b045c09946bd1f0b90583d] 199.204.45.53 "GET /v2.0/networks/667b3dd4-03e9-48d2-8f52-68f104290fa1?fields=provider%3Aphysical_network&fields=provider%3Anetwork_type HTTP/1.1" status: 200 len: 277 time: 0.0677617
2026-06-23 19:52:29.420 9 INFO neutron.wsgi [None req-0fee4f87-a633-4aaf-bd94-0b52d0419f86 dd03f1e6eb9548279a3a08a1f8d6f6e6 7e57a0bb6e7a470893e6e45ce8442e2c - - default default] 10.0.0.84 "DELETE /v2.0/security-groups/df3019e3-d711-432c-828d-04e6401ed004 HTTP/1.1" status: 204 len: 168 time: 0.3178520
2026-06-23 19:52:29.496 10 INFO neutron.wsgi [req-bb6f4830-ec55-4962-b37b-c27ac92b02f1 req-d2d10dfa-3bac-4dd1-b9cf-72ef8a2e7ff9 288704addc3444bb8daec7b4ce0705df 57efe4de2d3c4d5c975e1469434a0c1c - - default default] 10.0.0.12 "GET /v2.0/ports?device_id=9a27a48b-7017-4989-bb39-3f2922ccdaad HTTP/1.1" status: 200 len: 1168 time: 0.0567250
2026-06-23 19:52:29.560 10 INFO neutron.wsgi [req-bb6f4830-ec55-4962-b37b-c27ac92b02f1 req-1c9c3d20-c0cc-49ea-8fe8-e4bc8efa759e 288704addc3444bb8daec7b4ce0705df 57efe4de2d3c4d5c975e1469434a0c1c - - default default] 10.0.0.12 "GET /v2.0/security-groups?id=cc122f12-b309-4314-a34b-404767898b5f&fields=id&fields=name HTTP/1.1" status: 200 len: 312 time: 0.0564384
2026-06-23 19:52:29.759 10 INFO neutron.db.ovn_revision_numbers_db [None req-ec2819c5-ab3f-4c5a-8c7d-1f8d6457a2c8 dd03f1e6eb9548279a3a08a1f8d6f6e6 7e57a0bb6e7a470893e6e45ce8442e2c - - default default] Successfully bumped revision number for resource da865b9d-3d7e-43e0-aba7-14a3ef54c14d (type: security_groups) to 1
2026-06-23 19:52:29.777 10 INFO neutron.db.ovn_revision_numbers_db [None req-ec2819c5-ab3f-4c5a-8c7d-1f8d6457a2c8 dd03f1e6eb9548279a3a08a1f8d6f6e6 7e57a0bb6e7a470893e6e45ce8442e2c - - default default] Successfully bumped revision number for resource 5240dd14-ef2d-49cd-b2e1-600ac6a3f187 (type: security_group_rules) to 0
2026-06-23 19:52:29.777 9 WARNING neutron.plugins.ml2.drivers.ovn.mech_driver.ovsdb.ovn_client [None req-417f25e2-76d0-457c-9acd-6e14122ef163 - - - - - -] No hosting information found for port 727d72e0-1da6-444a-8340-d3d9e1f736df: RuntimeError: No hosting information found for port 727d72e0-1da6-444a-8340-d3d9e1f736df
2026-06-23 19:52:29.778 9 INFO neutron.plugins.ml2.drivers.ovn.mech_driver.mech_driver [None req-417f25e2-76d0-457c-9acd-6e14122ef163 - - - - - -] OVN reports status up for port: 858b085f-614f-4962-8979-105b1891ae42
2026-06-23 19:52:29.794 9 INFO neutron.plugins.ml2.plugin [None req-417f25e2-76d0-457c-9acd-6e14122ef163 - - - - - -] Attempt 1 to provision port 858b085f-614f-4962-8979-105b1891ae42
2026-06-23 19:52:29.801 10 INFO neutron.db.ovn_revision_numbers_db [None req-ec2819c5-ab3f-4c5a-8c7d-1f8d6457a2c8 dd03f1e6eb9548279a3a08a1f8d6f6e6 7e57a0bb6e7a470893e6e45ce8442e2c - - default default] Successfully bumped revision number for resource 8e541290-6515-46d8-abe6-7cea54d0b326 (type: security_group_rules) to 0
2026-06-23 19:52:29.824 10 INFO neutron.db.ovn_revision_numbers_db [None req-ec2819c5-ab3f-4c5a-8c7d-1f8d6457a2c8 dd03f1e6eb9548279a3a08a1f8d6f6e6 7e57a0bb6e7a470893e6e45ce8442e2c - - default default] Successfully bumped revision number for resource 8f91d5d7-0ba0-48dc-b802-d69c5c5ac2de (type: security_group_rules) to 0
2026-06-23 19:52:29.841 10 INFO neutron.db.ovn_revision_numbers_db [None req-ec2819c5-ab3f-4c5a-8c7d-1f8d6457a2c8 dd03f1e6eb9548279a3a08a1f8d6f6e6 7e57a0bb6e7a470893e6e45ce8442e2c - - default default] Successfully bumped revision number for resource eaa75cab-2d7f-4894-95ea-2130a06cff6d (type: security_group_rules) to 0
2026-06-23 19:52:29.865 10 INFO neutron.wsgi [None req-ec2819c5-ab3f-4c5a-8c7d-1f8d6457a2c8 dd03f1e6eb9548279a3a08a1f8d6f6e6 7e57a0bb6e7a470893e6e45ce8442e2c - - default default] 10.0.0.84 "GET /v2.0/security-groups?tenant_id=e91060fde79d4ba199b917859a52ad32&name=default HTTP/1.1" status: 200 len: 3120 time: 0.2371287
2026-06-23 19:52:29.907 10 INFO neutron.wsgi [req-1d6e01d1-0a96-4c86-94c3-850469b22e40 req-8366ea44-0343-4f57-bd50-b37f2e0911c8 e1a0d1fd5af248e6a682318fd87fffc2 cdb337aa8f0845d1806d6eb3d9ac4eec - - default default] 10.0.0.12 "GET /v2.0/ports?device_id=d70bd236-8ff6-4498-81a0-30d036c24c5a HTTP/1.1" status: 200 len: 1170 time: 0.0446126
2026-06-23 19:52:29.958 10 INFO neutron.wsgi [req-1d6e01d1-0a96-4c86-94c3-850469b22e40 req-a8d1e954-739c-4ea3-a929-29c5b557dac9 e1a0d1fd5af248e6a682318fd87fffc2 cdb337aa8f0845d1806d6eb3d9ac4eec - - default default] 10.0.0.12 "GET /v2.0/security-groups?id=6509bda4-a056-4477-bd85-66ace9eddf64&fields=id&fields=name HTTP/1.1" status: 200 len: 312 time: 0.0453894
2026-06-23 19:52:30.153 9 INFO neutron.db.ovn_revision_numbers_db [None req-417f25e2-76d0-457c-9acd-6e14122ef163 - - - - - -] Successfully bumped revision number for resource 858b085f-614f-4962-8979-105b1891ae42 (type: ports) to 4
2026-06-23 19:52:30.210 9 INFO neutron.plugins.ml2.drivers.ovn.mech_driver.mech_driver [None req-417f25e2-76d0-457c-9acd-6e14122ef163 - - - - - -] OVN reports status down for port: 0322ed4c-5a3d-4f92-9470-86ac4c3c07a7
2026-06-23 19:52:30.215 9 INFO neutron.wsgi [None req-6b35982d-25df-45a4-b738-ef3c8ab95fda dd03f1e6eb9548279a3a08a1f8d6f6e6 7e57a0bb6e7a470893e6e45ce8442e2c - - default default] 10.0.0.84 "DELETE /v2.0/security-groups/da865b9d-3d7e-43e0-aba7-14a3ef54c14d HTTP/1.1" status: 204 len: 168 time: 0.3439348
2026-06-23 19:52:30.540 9 INFO neutron.db.ovn_revision_numbers_db [None req-417f25e2-76d0-457c-9acd-6e14122ef163 - - - - - -] Successfully bumped revision number for resource 0322ed4c-5a3d-4f92-9470-86ac4c3c07a7 (type: ports) to 5
2026-06-23 19:52:30.557 9 WARNING neutron.plugins.ml2.drivers.ovn.mech_driver.ovsdb.ovn_client [None req-417f25e2-76d0-457c-9acd-6e14122ef163 - - - - - -] Logical_Switch_Port %s host information not removed, the port state is up
2026-06-23 19:52:30.558 9 INFO neutron.plugins.ml2.drivers.ovn.mech_driver.mech_driver [None req-417f25e2-76d0-457c-9acd-6e14122ef163 - - - - - -] OVN reports status up for port: 0322ed4c-5a3d-4f92-9470-86ac4c3c07a7
2026-06-23 19:52:30.584 9 INFO neutron.plugins.ml2.plugin [None req-417f25e2-76d0-457c-9acd-6e14122ef163 - - - - - -] Attempt 1 to provision port 0322ed4c-5a3d-4f92-9470-86ac4c3c07a7
2026-06-23 19:52:30.666 9 INFO neutron.notifiers.nova [-] Nova event matching ['req-cf69aec9-178a-40c6-99a8-6e49ceaec16a'] response: {'server_uuid': '9a27a48b-7017-4989-bb39-3f2922ccdaad', 'name': 'network-vif-plugged', 'status': 'completed', 'tag': '858b085f-614f-4962-8979-105b1891ae42', 'code': 200}
2026-06-23 19:52:30.667 9 INFO neutron.notifiers.nova [-] Nova event matching ['req-cf69aec9-178a-40c6-99a8-6e49ceaec16a'] response: {'server_uuid': '9a27a48b-7017-4989-bb39-3f2922ccdaad', 'name': 'network-vif-plugged', 'status': 'completed', 'tag': '858b085f-614f-4962-8979-105b1891ae42', 'code': 200}
2026-06-23 19:52:30.667 9 INFO neutron.notifiers.nova [-] Nova event matching ['req-cf69aec9-178a-40c6-99a8-6e49ceaec16a'] response: {'server_uuid': 'd70bd236-8ff6-4498-81a0-30d036c24c5a', 'name': 'network-vif-unplugged', 'status': 'completed', 'tag': '0322ed4c-5a3d-4f92-9470-86ac4c3c07a7', 'code': 200}
2026-06-23 19:52:30.667 9 INFO neutron.notifiers.nova [-] Nova event matching ['req-cf69aec9-178a-40c6-99a8-6e49ceaec16a'] response: {'server_uuid': 'd70bd236-8ff6-4498-81a0-30d036c24c5a', 'name': 'network-vif-unplugged', 'status': 'completed', 'tag': '0322ed4c-5a3d-4f92-9470-86ac4c3c07a7', 'code': 200}
2026-06-23 19:52:30.759 10 INFO neutron.wsgi [req-043e0667-f7a6-417d-aeef-f1bdc342a68b req-987952fa-a111-4c82-9b49-4b1cc0b220cd 288704addc3444bb8daec7b4ce0705df 57efe4de2d3c4d5c975e1469434a0c1c - - default default] 10.0.0.12 "GET /v2.0/ports?device_id=9a27a48b-7017-4989-bb39-3f2922ccdaad HTTP/1.1" status: 200 len: 1170 time: 0.1282644
2026-06-23 19:52:30.854 10 INFO neutron.wsgi [req-043e0667-f7a6-417d-aeef-f1bdc342a68b req-ff3e3f25-174c-4625-8dae-9e92c9a6f6c8 288704addc3444bb8daec7b4ce0705df 57efe4de2d3c4d5c975e1469434a0c1c - - default default] 10.0.0.12 "GET /v2.0/security-groups?id=cc122f12-b309-4314-a34b-404767898b5f&fields=id&fields=name HTTP/1.1" status: 200 len: 312 time: 0.0771730
2026-06-23 19:52:30.919 10 INFO neutron.db.ovn_revision_numbers_db [None req-027fd343-7938-4435-a95a-24e5b2db3fe5 dd03f1e6eb9548279a3a08a1f8d6f6e6 7e57a0bb6e7a470893e6e45ce8442e2c - - default default] Successfully bumped revision number for resource 8e029a82-e128-498d-bea2-5987322de33a (type: security_groups) to 1
2026-06-23 19:52:30.932 9 INFO neutron.db.ovn_revision_numbers_db [None req-417f25e2-76d0-457c-9acd-6e14122ef163 - - - - - -] Successfully bumped revision number for resource 0322ed4c-5a3d-4f92-9470-86ac4c3c07a7 (type: ports) to 6
