2026-06-23 19:53:44.648 9 INFO neutron.services.segments.plugin [-] Segment 5e1f6257-bb50-4981-acc3-a34b1b20bf14 resource provider not found; error: Placement Client Error (4xx): {"errors": [{"status": 404, "title": "Not Found", "detail": "The resource could not be found.\n\n No resource provider with uuid 5e1f6257-bb50-4981-acc3-a34b1b20bf14 found for delete ", "request_id": "req-152b50c6-3661-44c2-843a-31a036c1cd85"}]}
2026-06-23 19:53:44.654 9 INFO neutron.services.segments.plugin [-] Segment 5e1f6257-bb50-4981-acc3-a34b1b20bf14 resource provider not found; error: Placement Client Error (4xx): {"errors": [{"status": 404, "title": "Not Found", "detail": "The resource could not be found.\n\n No resource provider with uuid 5e1f6257-bb50-4981-acc3-a34b1b20bf14 found for delete ", "request_id": "req-296641f3-f686-4f6b-9daa-8d737a595bf5"}]}
2026-06-23 19:53:44.660 9 INFO neutron.services.segments.plugin [-] Segment 24f7aec6-dd14-418c-9775-b6ed17af26d9 resource provider aggregate not found
2026-06-23 19:53:44.669 9 INFO neutron.services.segments.plugin [-] Segment 24f7aec6-dd14-418c-9775-b6ed17af26d9 resource provider aggregate not found
2026-06-23 19:53:44.673 9 INFO neutron.services.segments.plugin [-] Segment 24f7aec6-dd14-418c-9775-b6ed17af26d9 resource provider not found; error: Placement Client Error (4xx): {"errors": [{"status": 404, "title": "Not Found", "detail": "The resource could not be found.\n\n No resource provider with uuid 24f7aec6-dd14-418c-9775-b6ed17af26d9 found for delete ", "request_id": "req-f22fb6a6-b505-46a2-93a1-ed34e67c24e9"}]}
2026-06-23 19:53:44.689 9 INFO neutron.services.segments.plugin [-] Segment 24f7aec6-dd14-418c-9775-b6ed17af26d9 resource provider not found; error: Placement Client Error (4xx): {"errors": [{"status": 404, "title": "Not Found", "detail": "The resource could not be found.\n\n No resource provider with uuid 24f7aec6-dd14-418c-9775-b6ed17af26d9 found for delete ", "request_id": "req-34de52f2-a2c3-4214-aa81-52059e0ab3da"}]}
2026-06-23 19:53:44.811 9 INFO neutron.db.ovn_revision_numbers_db [None req-ec9998ea-cac6-42a5-83db-0057c36b4799 207fbeacd89d40ee8d9c3b600ab9ab5f 18ae5a96a40d419f8a62c6a47a568035 - - default default] Successfully bumped revision number for resource e27f661a-bfeb-47d8-bc7b-b0ba57d69fb0 (type: security_group_rules) to 0
2026-06-23 19:53:44.854 9 INFO neutron.wsgi [None req-ec9998ea-cac6-42a5-83db-0057c36b4799 207fbeacd89d40ee8d9c3b600ab9ab5f 18ae5a96a40d419f8a62c6a47a568035 - - default default] 10.0.0.84 "POST /v2.0/security-group-rules HTTP/1.1" status: 201 len: 801 time: 0.2247126
2026-06-23 19:53:44.867 9 WARNING neutron_lib.context [None req-c397b25a-b027-410c-ba84-4419fe2848b7 207fbeacd89d40ee8d9c3b600ab9ab5f 18ae5a96a40d419f8a62c6a47a568035 - - default default] Method 'is_advsvc' is deprecated since 2023.2 release (neutron-lib 3.8.0) and will be removed once support for the old RBAC API policies will be removed from Neutron. Please use method 'is_service_role' instead.
2026-06-23 19:53:44.896 9 INFO neutron.db.ovn_revision_numbers_db [None req-d921c39a-69f1-4e6e-ab09-f2dd896dcf3d dd03f1e6eb9548279a3a08a1f8d6f6e6 7e57a0bb6e7a470893e6e45ce8442e2c - - default default] Successfully bumped revision number for resource 0564ceb1-450c-49aa-938b-a049f2cce1db (type: security_groups) to 1
2026-06-23 19:53:44.923 9 INFO neutron.db.ovn_revision_numbers_db [None req-d921c39a-69f1-4e6e-ab09-f2dd896dcf3d dd03f1e6eb9548279a3a08a1f8d6f6e6 7e57a0bb6e7a470893e6e45ce8442e2c - - default default] Successfully bumped revision number for resource 16818cc7-c5d6-41a2-8a57-423697ecd2c9 (type: security_group_rules) to 0
2026-06-23 19:53:44.942 9 INFO neutron.db.ovn_revision_numbers_db [None req-d921c39a-69f1-4e6e-ab09-f2dd896dcf3d dd03f1e6eb9548279a3a08a1f8d6f6e6 7e57a0bb6e7a470893e6e45ce8442e2c - - default default] Successfully bumped revision number for resource 189b5a65-7c70-4a92-b566-1d1d170417b4 (type: security_group_rules) to 0
2026-06-23 19:53:44.963 9 INFO neutron.db.ovn_revision_numbers_db [None req-d921c39a-69f1-4e6e-ab09-f2dd896dcf3d dd03f1e6eb9548279a3a08a1f8d6f6e6 7e57a0bb6e7a470893e6e45ce8442e2c - - default default] Successfully bumped revision number for resource 7b8a6459-0b74-4020-85fb-ae75cf884710 (type: security_group_rules) to 0
2026-06-23 19:53:44.985 9 INFO neutron.db.ovn_revision_numbers_db [None req-d921c39a-69f1-4e6e-ab09-f2dd896dcf3d dd03f1e6eb9548279a3a08a1f8d6f6e6 7e57a0bb6e7a470893e6e45ce8442e2c - - default default] Successfully bumped revision number for resource f78b5e8d-d4f1-4bd6-aab6-94b74fbbadde (type: security_group_rules) to 0
2026-06-23 19:53:45.012 9 INFO neutron.wsgi [None req-d921c39a-69f1-4e6e-ab09-f2dd896dcf3d dd03f1e6eb9548279a3a08a1f8d6f6e6 7e57a0bb6e7a470893e6e45ce8442e2c - - default default] 10.0.0.84 "GET /v2.0/security-groups?tenant_id=0b8f0db2ee974fc6a17fc77feacec7a1&name=default HTTP/1.1" status: 200 len: 3120 time: 0.2757328
2026-06-23 19:53:45.082 10 INFO neutron.services.segments.plugin [-] Segment 34488e36-b096-44e9-905f-7d03c1f1940c resource provider aggregate not found
2026-06-23 19:53:45.089 10 INFO neutron.services.segments.plugin [-] Segment 34488e36-b096-44e9-905f-7d03c1f1940c resource provider aggregate not found
2026-06-23 19:53:45.097 10 INFO neutron.services.segments.plugin [-] Segment 34488e36-b096-44e9-905f-7d03c1f1940c resource provider not found; error: Placement Client Error (4xx): {"errors": [{"status": 404, "title": "Not Found", "detail": "The resource could not be found.\n\n No resource provider with uuid 34488e36-b096-44e9-905f-7d03c1f1940c found for delete ", "request_id": "req-ee097dc1-36ba-4046-9337-93fea6253511"}]}
2026-06-23 19:53:45.109 10 INFO neutron.services.segments.plugin [-] Segment 34488e36-b096-44e9-905f-7d03c1f1940c resource provider not found; error: Placement Client Error (4xx): {"errors": [{"status": 404, "title": "Not Found", "detail": "The resource could not be found.\n\n No resource provider with uuid 34488e36-b096-44e9-905f-7d03c1f1940c found for delete ", "request_id": "req-0db762d4-1181-4296-94fa-11ddc268cc91"}]}
2026-06-23 19:53:45.172 9 WARNING neutron.scheduler.dhcp_agent_scheduler [None req-c397b25a-b027-410c-ba84-4419fe2848b7 207fbeacd89d40ee8d9c3b600ab9ab5f 18ae5a96a40d419f8a62c6a47a568035 - - default default] No more DHCP agents
2026-06-23 19:53:45.174 9 WARNING neutron.api.rpc.agentnotifiers.dhcp_rpc_agent_api [None req-c397b25a-b027-410c-ba84-4419fe2848b7 207fbeacd89d40ee8d9c3b600ab9ab5f 18ae5a96a40d419f8a62c6a47a568035 - - default default] Unable to schedule network 9aa2abfd-6281-4bf9-8df1-b8ef24af13c5: no agents available; will retry on subsequent port and subnet creation events.
2026-06-23 19:53:45.286 10 INFO neutron.wsgi [None req-2a1f30ac-dc26-4f31-9e1d-28e2a85c9b2a dd03f1e6eb9548279a3a08a1f8d6f6e6 7e57a0bb6e7a470893e6e45ce8442e2c - - default default] 10.0.0.84 "DELETE /v2.0/security-groups/0564ceb1-450c-49aa-938b-a049f2cce1db HTTP/1.1" status: 204 len: 168 time: 0.2689898
2026-06-23 19:53:45.513 9 INFO neutron.wsgi [None req-c397b25a-b027-410c-ba84-4419fe2848b7 207fbeacd89d40ee8d9c3b600ab9ab5f 18ae5a96a40d419f8a62c6a47a568035 - - default default] 10.0.0.84 "POST /v2.0/floatingips HTTP/1.1" status: 201 len: 751 time: 0.6517260
2026-06-23 19:53:45.564 9 INFO neutron.db.ovn_revision_numbers_db [None req-63f14afc-9ba6-4593-926c-17a153bd2d98 dd03f1e6eb9548279a3a08a1f8d6f6e6 7e57a0bb6e7a470893e6e45ce8442e2c - - default default] Successfully bumped revision number for resource 499b465b-0cdb-4654-91ee-44892f3223e0 (type: security_groups) to 1
2026-06-23 19:53:45.584 9 INFO neutron.db.ovn_revision_numbers_db [None req-63f14afc-9ba6-4593-926c-17a153bd2d98 dd03f1e6eb9548279a3a08a1f8d6f6e6 7e57a0bb6e7a470893e6e45ce8442e2c - - default default] Successfully bumped revision number for resource 59585ccc-b210-4b9b-af45-46e9157f91e5 (type: security_group_rules) to 0
2026-06-23 19:53:45.602 9 INFO neutron.db.ovn_revision_numbers_db [None req-63f14afc-9ba6-4593-926c-17a153bd2d98 dd03f1e6eb9548279a3a08a1f8d6f6e6 7e57a0bb6e7a470893e6e45ce8442e2c - - default default] Successfully bumped revision number for resource 62f2ab4b-b44f-4a69-b3e8-a7fb31541349 (type: security_group_rules) to 0
2026-06-23 19:53:45.620 9 INFO neutron.db.ovn_revision_numbers_db [None req-63f14afc-9ba6-4593-926c-17a153bd2d98 dd03f1e6eb9548279a3a08a1f8d6f6e6 7e57a0bb6e7a470893e6e45ce8442e2c - - default default] Successfully bumped revision number for resource d439c88c-5d91-4c71-ba63-9abfb6466016 (type: security_group_rules) to 0
2026-06-23 19:53:45.636 9 INFO neutron.db.ovn_revision_numbers_db [None req-63f14afc-9ba6-4593-926c-17a153bd2d98 dd03f1e6eb9548279a3a08a1f8d6f6e6 7e57a0bb6e7a470893e6e45ce8442e2c - - default default] Successfully bumped revision number for resource d80f3723-255b-48d6-9aa9-79b21c858f0f (type: security_group_rules) to 0
2026-06-23 19:53:45.646 9 INFO neutron.db.ovn_revision_numbers_db [None req-fbb604a9-53c7-4015-a52d-d26fb3b09962 dd03f1e6eb9548279a3a08a1f8d6f6e6 7e57a0bb6e7a470893e6e45ce8442e2c - - default default] Successfully bumped revision number for resource fb6be9d5-7c89-4cfd-96bf-958831d82d2a (type: security_groups) to 1
2026-06-23 19:53:45.649 10 INFO neutron.wsgi [req-4ec26457-4043-4a25-a801-1ca4eb5fde71 req-90695150-210e-4952-b6a6-d0295f49ae1d 207fbeacd89d40ee8d9c3b600ab9ab5f 18ae5a96a40d419f8a62c6a47a568035 - - default default] 10.0.0.12 "GET /v2.0/security-groups?name=tempest-secgroup-smoke-1072222914&fields=id&tenant_id=18ae5a96a40d419f8a62c6a47a568035 HTTP/1.1" status: 200 len: 267 time: 0.0504887
2026-06-23 19:53:45.659 9 INFO neutron.wsgi [None req-63f14afc-9ba6-4593-926c-17a153bd2d98 dd03f1e6eb9548279a3a08a1f8d6f6e6 7e57a0bb6e7a470893e6e45ce8442e2c - - default default] 10.0.0.84 "GET /v2.0/security-groups?tenant_id=32acecfb8b7d4e0d834e8f3ec3239e88&name=default HTTP/1.1" status: 200 len: 3120 time: 0.2664034
2026-06-23 19:53:45.671 9 INFO neutron.db.ovn_revision_numbers_db [None req-fbb604a9-53c7-4015-a52d-d26fb3b09962 dd03f1e6eb9548279a3a08a1f8d6f6e6 7e57a0bb6e7a470893e6e45ce8442e2c - - default default] Successfully bumped revision number for resource 1d21b909-2d96-4c4b-9b18-0e9be6ffacde (type: security_group_rules) to 0
2026-06-23 19:53:45.685 9 INFO neutron.db.ovn_revision_numbers_db [None req-fbb604a9-53c7-4015-a52d-d26fb3b09962 dd03f1e6eb9548279a3a08a1f8d6f6e6 7e57a0bb6e7a470893e6e45ce8442e2c - - default default] Successfully bumped revision number for resource 28e95086-ad8c-4d7b-9fc9-b58b2caf297b (type: security_group_rules) to 0
2026-06-23 19:53:45.699 9 INFO neutron.db.ovn_revision_numbers_db [None req-fbb604a9-53c7-4015-a52d-d26fb3b09962 dd03f1e6eb9548279a3a08a1f8d6f6e6 7e57a0bb6e7a470893e6e45ce8442e2c - - default default] Successfully bumped revision number for resource 91606dd5-685a-4364-a2fd-2db701747218 (type: security_group_rules) to 0
2026-06-23 19:53:45.712 10 INFO neutron.wsgi [req-4ec26457-4043-4a25-a801-1ca4eb5fde71 req-5015e9da-b7ed-4486-b4ab-a3d62f4071c5 207fbeacd89d40ee8d9c3b600ab9ab5f 18ae5a96a40d419f8a62c6a47a568035 - - default default] 10.0.0.12 "GET /v2.0/security-groups?name=tempest-securitygroup--2130400548&fields=id&tenant_id=18ae5a96a40d419f8a62c6a47a568035 HTTP/1.1" status: 200 len: 267 time: 0.0543594
2026-06-23 19:53:45.713 9 INFO neutron.db.ovn_revision_numbers_db [None req-fbb604a9-53c7-4015-a52d-d26fb3b09962 dd03f1e6eb9548279a3a08a1f8d6f6e6 7e57a0bb6e7a470893e6e45ce8442e2c - - default default] Successfully bumped revision number for resource f1b02c23-f4e9-433e-844d-c8be8f0a3ddb (type: security_group_rules) to 0
2026-06-23 19:53:45.733 9 INFO neutron.wsgi [None req-fbb604a9-53c7-4015-a52d-d26fb3b09962 dd03f1e6eb9548279a3a08a1f8d6f6e6 7e57a0bb6e7a470893e6e45ce8442e2c - - default default] 10.0.0.84 "GET /v2.0/security-groups?tenant_id=f7c517c7e51f4a0cbc14ce9e51eb05fa&name=default HTTP/1.1" status: 200 len: 3120 time: 0.4640605
2026-06-23 19:53:45.844 10 INFO neutron.wsgi [req-4ec26457-4043-4a25-a801-1ca4eb5fde71 req-264eccdf-44d1-4ebf-bc5a-ed0391e8892f 207fbeacd89d40ee8d9c3b600ab9ab5f 18ae5a96a40d419f8a62c6a47a568035 - - default default] 10.0.0.12 "GET /v2.0/networks?id=66d27439-6c76-4ee6-8e74-992183f3a5e8 HTTP/1.1" status: 200 len: 872 time: 0.1244471
2026-06-23 19:53:45.865 10 INFO neutron.wsgi [req-4ec26457-4043-4a25-a801-1ca4eb5fde71 req-8fd2409e-634c-40ff-8cb1-dc751688e174 207fbeacd89d40ee8d9c3b600ab9ab5f 18ae5a96a40d419f8a62c6a47a568035 - - default default] 10.0.0.12 "GET /v2.0/quotas/18ae5a96a40d419f8a62c6a47a568035 HTTP/1.1" status: 200 len: 491 time: 0.0149565
2026-06-23 19:53:45.980 10 INFO neutron.wsgi [req-4ec26457-4043-4a25-a801-1ca4eb5fde71 req-55a4c4a5-659f-4615-a8cc-7e25415bbce1 207fbeacd89d40ee8d9c3b600ab9ab5f 18ae5a96a40d419f8a62c6a47a568035 - - default default] 10.0.0.12 "GET /v2.0/ports?tenant_id=18ae5a96a40d419f8a62c6a47a568035&fields=id HTTP/1.1" status: 200 len: 302 time: 0.1098101
2026-06-23 19:53:45.987 9 INFO neutron.wsgi [None req-a76db334-ed61-4165-a17f-d58d6a93ef0b dd03f1e6eb9548279a3a08a1f8d6f6e6 7e57a0bb6e7a470893e6e45ce8442e2c - - default default] 10.0.0.84 "DELETE /v2.0/security-groups/fb6be9d5-7c89-4cfd-96bf-958831d82d2a HTTP/1.1" status: 204 len: 168 time: 0.2483323
2026-06-23 19:53:46.034 10 INFO neutron.wsgi [None req-3f53b111-ba22-4783-af24-423053cb3b05 dd03f1e6eb9548279a3a08a1f8d6f6e6 7e57a0bb6e7a470893e6e45ce8442e2c - - default default] 10.0.0.84 "DELETE /v2.0/security-groups/499b465b-0cdb-4654-91ee-44892f3223e0 HTTP/1.1" status: 204 len: 168 time: 0.3695967
2026-06-23 19:53:46.056 10 INFO neutron.wsgi [req-4ec26457-4043-4a25-a801-1ca4eb5fde71 req-024f352b-e525-4107-ad1d-24ab5964a6e9 3b20aad8910c481aa3d09bda2c441861 4437f5005fd3417c9cd65be0703b1d5a - - 2189ca4831b045c09946bd1f0b90583d 2189ca4831b045c09946bd1f0b90583d] 10.0.0.12 "GET /v2.0/networks/66d27439-6c76-4ee6-8e74-992183f3a5e8?fields=segments HTTP/1.1" status: 200 len: 212 time: 0.0659144
2026-06-23 19:53:46.143 10 INFO neutron.wsgi [None req-31d9390f-b7c5-4756-a878-854bbf65a7e7 dd03f1e6eb9548279a3a08a1f8d6f6e6 7e57a0bb6e7a470893e6e45ce8442e2c - - default default] 10.0.0.84 "GET /v2.0/security-groups?tenant_id=6da302bea3354e2183b7348d06d131e6&name=default HTTP/1.1" status: 200 len: 3120 time: 0.0538704
2026-06-23 19:53:46.148 10 INFO neutron.wsgi [req-4ec26457-4043-4a25-a801-1ca4eb5fde71 req-3fc1418a-7bfd-4dc7-85e4-298d932b76c0 3b20aad8910c481aa3d09bda2c441861 4437f5005fd3417c9cd65be0703b1d5a - - 2189ca4831b045c09946bd1f0b90583d 2189ca4831b045c09946bd1f0b90583d] 10.0.0.12 "GET /v2.0/networks/66d27439-6c76-4ee6-8e74-992183f3a5e8?fields=provider%3Aphysical_network&fields=provider%3Anetwork_type HTTP/1.1" status: 200 len: 277 time: 0.0851452
2026-06-23 19:53:46.308 10 INFO neutron.wsgi [req-d62434f0-e8d6-46c5-9cd8-4a6bbb8b2229 req-840cdc42-b70e-4f24-b9e0-7c9f1170cdf9 207fbeacd89d40ee8d9c3b600ab9ab5f 18ae5a96a40d419f8a62c6a47a568035 - - default default] 10.0.0.12 "GET /v2.0/ports?device_id=65e38570-ca4f-4752-98e9-9c63264ac086 HTTP/1.1" status: 200 len: 210 time: 0.0235825
2026-06-23 19:53:46.392 10 INFO neutron.wsgi [None req-e07f5cfd-d124-4047-b2a8-97731f92c9b6 dd03f1e6eb9548279a3a08a1f8d6f6e6 7e57a0bb6e7a470893e6e45ce8442e2c - - default default] 10.0.0.84 "DELETE /v2.0/security-groups/5e5f3764-27fa-4abb-b96b-66ee93326813 HTTP/1.1" status: 204 len: 168 time: 0.2429619
2026-06-23 19:53:46.576 10 WARNING neutron.plugins.ml2.drivers.ovn.mech_driver.ovsdb.ovn_client [None req-7b52b48e-a412-4fb5-acdf-2f6eb947522b - - - - - -] No hosting information found for port 55f2e97e-af9e-4d12-baa6-63399e63ff7c: RuntimeError: No hosting information found for port 55f2e97e-af9e-4d12-baa6-63399e63ff7c
2026-06-23 19:53:46.658 9 INFO neutron.db.ovn_revision_numbers_db [None req-91f5552c-b342-44d2-8788-12157635b4a4 dd03f1e6eb9548279a3a08a1f8d6f6e6 7e57a0bb6e7a470893e6e45ce8442e2c - - default default] Successfully bumped revision number for resource e44e63e0-a059-4efc-a380-bc09aad899e2 (type: security_groups) to 1
2026-06-23 19:53:46.680 9 INFO neutron.db.ovn_revision_numbers_db [None req-91f5552c-b342-44d2-8788-12157635b4a4 dd03f1e6eb9548279a3a08a1f8d6f6e6 7e57a0bb6e7a470893e6e45ce8442e2c - - default default] Successfully bumped revision number for resource 9f18f60f-a079-4d63-b6ba-4b6d8a7053e7 (type: security_group_rules) to 0
2026-06-23 19:53:46.697 9 INFO neutron.db.ovn_revision_numbers_db [None req-91f5552c-b342-44d2-8788-12157635b4a4 dd03f1e6eb9548279a3a08a1f8d6f6e6 7e57a0bb6e7a470893e6e45ce8442e2c - - default default] Successfully bumped revision number for resource d3790682-f336-4d6b-963f-2172f5be341f (type: security_group_rules) to 0
2026-06-23 19:53:46.712 9 INFO neutron.db.ovn_revision_numbers_db [None req-91f5552c-b342-44d2-8788-12157635b4a4 dd03f1e6eb9548279a3a08a1f8d6f6e6 7e57a0bb6e7a470893e6e45ce8442e2c - - default default] Successfully bumped revision number for resource db2ce842-8377-4a47-81df-9071efacbdef (type: security_group_rules) to 0
2026-06-23 19:53:46.730 9 INFO neutron.db.ovn_revision_numbers_db [None req-91f5552c-b342-44d2-8788-12157635b4a4 dd03f1e6eb9548279a3a08a1f8d6f6e6 7e57a0bb6e7a470893e6e45ce8442e2c - - default default] Successfully bumped revision number for resource ed36e4e1-0842-40d8-b2bc-9ac65ed69a67 (type: security_group_rules) to 0
2026-06-23 19:53:46.769 9 INFO neutron.wsgi [None req-91f5552c-b342-44d2-8788-12157635b4a4 dd03f1e6eb9548279a3a08a1f8d6f6e6 7e57a0bb6e7a470893e6e45ce8442e2c - - default default] 10.0.0.84 "GET /v2.0/security-groups?tenant_id=402718803cf3499bafd28fbed2497988&name=default HTTP/1.1" status: 200 len: 3120 time: 0.2583578
2026-06-23 19:53:47.082 9 INFO neutron.wsgi [None req-2d6beaa4-0570-42a6-a415-4a720bf88f59 dd03f1e6eb9548279a3a08a1f8d6f6e6 7e57a0bb6e7a470893e6e45ce8442e2c - - default default] 10.0.0.84 "DELETE /v2.0/security-groups/e44e63e0-a059-4efc-a380-bc09aad899e2 HTTP/1.1" status: 204 len: 168 time: 0.3089073
2026-06-23 19:53:47.100 9 INFO neutron.wsgi [req-4ec26457-4043-4a25-a801-1ca4eb5fde71 req-e317aab2-20b7-400c-a50f-7c0cdc377c3c 207fbeacd89d40ee8d9c3b600ab9ab5f 18ae5a96a40d419f8a62c6a47a568035 - - default default] 199.204.45.53 "GET /v2.0/networks?id=66d27439-6c76-4ee6-8e74-992183f3a5e8 HTTP/1.1" status: 200 len: 872 time: 0.0977871
2026-06-23 19:53:47.152 9 INFO neutron.wsgi [req-4ec26457-4043-4a25-a801-1ca4eb5fde71 req-c5a370b3-2654-4c11-ae86-756d2560d9d3 207fbeacd89d40ee8d9c3b600ab9ab5f 18ae5a96a40d419f8a62c6a47a568035 - - default default] 199.204.45.53 "GET /v2.0/security-groups?fields=id&fields=name&tenant_id=18ae5a96a40d419f8a62c6a47a568035 HTTP/1.1" status: 200 len: 473 time: 0.0466652
2026-06-23 19:53:47.193 9 WARNING neutron_lib.context [req-4ec26457-4043-4a25-a801-1ca4eb5fde71 req-68b3e226-bcd9-4b17-ab72-5f0ea6c33606 207fbeacd89d40ee8d9c3b600ab9ab5f 18ae5a96a40d419f8a62c6a47a568035 - - default default] Method 'is_advsvc' is deprecated since 2023.2 release (neutron-lib 3.8.0) and will be removed once support for the old RBAC API policies will be removed from Neutron. Please use method 'is_service_role' instead.
2026-06-23 19:53:47.402 10 INFO neutron.wsgi [req-d4249b9b-b78c-467f-820b-7a2784af45b1 req-a5c7f428-4d2b-4d6b-88b3-b605f1bc1d8c 207fbeacd89d40ee8d9c3b600ab9ab5f 18ae5a96a40d419f8a62c6a47a568035 - - default default] 10.0.0.12 "GET /v2.0/ports?device_id=65e38570-ca4f-4752-98e9-9c63264ac086 HTTP/1.1" status: 200 len: 210 time: 0.0273318
2026-06-23 19:53:47.604 9 WARNING neutron.scheduler.dhcp_agent_scheduler [req-4ec26457-4043-4a25-a801-1ca4eb5fde71 req-68b3e226-bcd9-4b17-ab72-5f0ea6c33606 207fbeacd89d40ee8d9c3b600ab9ab5f 18ae5a96a40d419f8a62c6a47a568035 - - default default] No more DHCP agents
2026-06-23 19:53:47.606 9 WARNING neutron.api.rpc.agentnotifiers.dhcp_rpc_agent_api [req-4ec26457-4043-4a25-a801-1ca4eb5fde71 req-68b3e226-bcd9-4b17-ab72-5f0ea6c33606 207fbeacd89d40ee8d9c3b600ab9ab5f 18ae5a96a40d419f8a62c6a47a568035 - - default default] Unable to schedule network 66d27439-6c76-4ee6-8e74-992183f3a5e8: no agents available; will retry on subsequent port and subnet creation events.
2026-06-23 19:53:47.607 10 WARNING neutron_lib.context [None req-107f40b1-2283-4c2a-b536-04e9c199e445 f22c7313e5c847d6ba4a75c19b8b6046 33fdab6371a4482ca6d8e80328b14efe - - default default] Method 'is_advsvc' is deprecated since 2023.2 release (neutron-lib 3.8.0) and will be removed once support for the old RBAC API policies will be removed from Neutron. Please use method 'is_service_role' instead.
2026-06-23 19:53:47.729 10 INFO neutron.db.ovn_revision_numbers_db [None req-107f40b1-2283-4c2a-b536-04e9c199e445 f22c7313e5c847d6ba4a75c19b8b6046 33fdab6371a4482ca6d8e80328b14efe - - default default] Successfully bumped revision number for resource 4c25b8db-637e-4eda-a2ee-a565756d7eab (type: routers) to 1
2026-06-23 19:53:47.765 10 INFO neutron.wsgi [None req-107f40b1-2283-4c2a-b536-04e9c199e445 f22c7313e5c847d6ba4a75c19b8b6046 33fdab6371a4482ca6d8e80328b14efe - - default default] 10.0.0.84 "POST /v2.0/routers HTTP/1.1" status: 201 len: 769 time: 0.3198602 /var/lib/openstack/lib/python3.10/site-packages/pycadf/identifier.py:71: UserWarning: Invalid uuid: neutron. To ensure interoperability, identifiers should be a valid uuid. warnings.warn(('Invalid uuid: %s. To ensure interoperability, '
2026-06-23 19:53:47.776 9 WARNING neutron_lib.context [None req-a59289cc-d9ed-4497-b0f9-21439a5e503d f22c7313e5c847d6ba4a75c19b8b6046 33fdab6371a4482ca6d8e80328b14efe - - default default] Method 'is_advsvc' is deprecated since 2023.2 release (neutron-lib 3.8.0) and will be removed once support for the old RBAC API policies will be removed from Neutron. Please use method 'is_service_role' instead.
2026-06-23 19:53:47.781 9 INFO neutron.db.ovn_revision_numbers_db [req-4ec26457-4043-4a25-a801-1ca4eb5fde71 req-68b3e226-bcd9-4b17-ab72-5f0ea6c33606 207fbeacd89d40ee8d9c3b600ab9ab5f 18ae5a96a40d419f8a62c6a47a568035 - - default default] Successfully bumped revision number for resource 9c27f717-de72-4997-b41d-5d0d837bd50f (type: ports) to 1
2026-06-23 19:53:47.809 9 INFO neutron.wsgi [req-4ec26457-4043-4a25-a801-1ca4eb5fde71 req-68b3e226-bcd9-4b17-ab72-5f0ea6c33606 207fbeacd89d40ee8d9c3b600ab9ab5f 18ae5a96a40d419f8a62c6a47a568035 - - default default] 199.204.45.53 "POST /v2.0/ports HTTP/1.1" status: 201 len: 1197 time: 0.6332054
2026-06-23 19:53:47.930 9 INFO neutron.db.ovn_revision_numbers_db [None req-a59289cc-d9ed-4497-b0f9-21439a5e503d f22c7313e5c847d6ba4a75c19b8b6046 33fdab6371a4482ca6d8e80328b14efe - - default default] Successfully bumped revision number for resource 6c111a56-7c90-4763-ab36-4710f0e88da9 (type: routers) to 1
2026-06-23 19:53:47.946 9 INFO neutron.wsgi [None req-a59289cc-d9ed-4497-b0f9-21439a5e503d f22c7313e5c847d6ba4a75c19b8b6046 33fdab6371a4482ca6d8e80328b14efe - - default default] 10.0.0.84 "POST /v2.0/routers HTTP/1.1" status: 201 len: 769 time: 0.1760931
2026-06-23 19:53:47.960 10 WARNING neutron_lib.context [None req-f4c36596-02f4-49b5-832f-586e05d4e333 f22c7313e5c847d6ba4a75c19b8b6046 33fdab6371a4482ca6d8e80328b14efe - - default default] Method 'is_advsvc' is deprecated since 2023.2 release (neutron-lib 3.8.0) and will be removed once support for the old RBAC API policies will be removed from Neutron. Please use method 'is_service_role' instead.
2026-06-23 19:53:48.072 10 INFO neutron.db.ovn_revision_numbers_db [None req-f4c36596-02f4-49b5-832f-586e05d4e333 f22c7313e5c847d6ba4a75c19b8b6046 33fdab6371a4482ca6d8e80328b14efe - - default default] Successfully bumped revision number for resource 2981a287-8887-4946-83a7-01e7d1c63eec (type: routers) to 1
2026-06-23 19:53:48.087 10 INFO neutron.wsgi [None req-f4c36596-02f4-49b5-832f-586e05d4e333 f22c7313e5c847d6ba4a75c19b8b6046 33fdab6371a4482ca6d8e80328b14efe - - default default] 10.0.0.84 "POST /v2.0/routers HTTP/1.1" status: 201 len: 769 time: 0.1349587
2026-06-23 19:53:48.096 10 WARNING neutron_lib.context [None req-9ce5c2ca-a29e-493b-9564-dcae6003f0c9 f22c7313e5c847d6ba4a75c19b8b6046 33fdab6371a4482ca6d8e80328b14efe - - default default] Method 'is_advsvc' is deprecated since 2023.2 release (neutron-lib 3.8.0) and will be removed once support for the old RBAC API policies will be removed from Neutron. Please use method 'is_service_role' instead.
2026-06-23 19:53:48.225 10 INFO neutron.db.ovn_revision_numbers_db [None req-9ce5c2ca-a29e-493b-9564-dcae6003f0c9 f22c7313e5c847d6ba4a75c19b8b6046 33fdab6371a4482ca6d8e80328b14efe - - default default] Successfully bumped revision number for resource fe797352-2e47-4966-879f-db97c929278b (type: routers) to 1
2026-06-23 19:53:48.243 10 INFO neutron.wsgi [None req-9ce5c2ca-a29e-493b-9564-dcae6003f0c9 f22c7313e5c847d6ba4a75c19b8b6046 33fdab6371a4482ca6d8e80328b14efe - - default default] 10.0.0.84 "POST /v2.0/routers HTTP/1.1" status: 201 len: 769 time: 0.1501153
2026-06-23 19:53:48.252 10 WARNING neutron_lib.context [None req-9284bbc8-4a69-40c1-aef3-1cc8075bb566 f22c7313e5c847d6ba4a75c19b8b6046 33fdab6371a4482ca6d8e80328b14efe - - default default] Method 'is_advsvc' is deprecated since 2023.2 release (neutron-lib 3.8.0) and will be removed once support for the old RBAC API policies will be removed from Neutron. Please use method 'is_service_role' instead.
2026-06-23 19:53:48.304 9 INFO neutron.db.ovn_revision_numbers_db [req-4ec26457-4043-4a25-a801-1ca4eb5fde71 req-0e30b270-2a65-4886-bde0-c7d775e8fd29 3b20aad8910c481aa3d09bda2c441861 4437f5005fd3417c9cd65be0703b1d5a - - 2189ca4831b045c09946bd1f0b90583d 2189ca4831b045c09946bd1f0b90583d] Successfully bumped revision number for resource 9c27f717-de72-4997-b41d-5d0d837bd50f (type: ports) to 2
2026-06-23 19:53:48.584 10 INFO neutron.db.ovn_revision_numbers_db [None req-9284bbc8-4a69-40c1-aef3-1cc8075bb566 f22c7313e5c847d6ba4a75c19b8b6046 33fdab6371a4482ca6d8e80328b14efe - - default default] Successfully bumped revision number for resource fb5ffb30-6eaa-4aeb-a25c-450b57f65919 (type: routers) to 1
2026-06-23 19:53:48.597 10 INFO neutron.wsgi [req-9d34182e-9d1d-4748-9c41-0abe6285e182 req-a4513948-9959-42a1-be64-22fa1deda05c 207fbeacd89d40ee8d9c3b600ab9ab5f 18ae5a96a40d419f8a62c6a47a568035 - - default default] 10.0.0.12 "GET /v2.0/ports?device_id=65e38570-ca4f-4752-98e9-9c63264ac086 HTTP/1.1" status: 200 len: 1208 time: 0.0402913
2026-06-23 19:53:48.604 10 INFO neutron.wsgi [None req-9284bbc8-4a69-40c1-aef3-1cc8075bb566 f22c7313e5c847d6ba4a75c19b8b6046 33fdab6371a4482ca6d8e80328b14efe - - default default] 10.0.0.84 "POST /v2.0/routers HTTP/1.1" status: 201 len: 769 time: 0.3576405
2026-06-23 19:53:48.691 10 INFO neutron.wsgi [req-9d34182e-9d1d-4748-9c41-0abe6285e182 req-09210ab4-a222-43ac-8989-cf5a92cfe7f5 207fbeacd89d40ee8d9c3b600ab9ab5f 18ae5a96a40d419f8a62c6a47a568035 - - default default] 10.0.0.12 "GET /v2.0/security-groups?id=8d14249e-c3db-444b-bb56-14c8ebd36ecc&id=181c9b40-aaaa-4462-8c46-2594faca0359&fields=id&fields=name HTTP/1.1" status: 200 len: 406 time: 0.0861692
2026-06-23 19:53:48.694 10 INFO neutron.wsgi [None req-6177ffb7-bc11-47c9-85aa-3e0f058d5e1f f22c7313e5c847d6ba4a75c19b8b6046 33fdab6371a4482ca6d8e80328b14efe - - default default] 10.0.0.84 "PUT /v2.0/routers/4c25b8db-637e-4eda-a2ee-a565756d7eab/tags HTTP/1.1" status: 200 len: 210 time: 0.0831797
2026-06-23 19:53:48.773 10 INFO neutron.wsgi [None req-bfb0ac43-5c31-41f8-a264-ef01cb81f3ce f22c7313e5c847d6ba4a75c19b8b6046 33fdab6371a4482ca6d8e80328b14efe - - default default] 10.0.0.84 "PUT /v2.0/routers/6c111a56-7c90-4763-ab36-4710f0e88da9/tags HTTP/1.1" status: 200 len: 218 time: 0.0747366
2026-06-23 19:53:48.798 9 INFO neutron.db.ovn_revision_numbers_db [req-4ec26457-4043-4a25-a801-1ca4eb5fde71 req-0e30b270-2a65-4886-bde0-c7d775e8fd29 3b20aad8910c481aa3d09bda2c441861 4437f5005fd3417c9cd65be0703b1d5a - - 2189ca4831b045c09946bd1f0b90583d 2189ca4831b045c09946bd1f0b90583d] Successfully bumped revision number for resource 9c27f717-de72-4997-b41d-5d0d837bd50f (type: ports) to 2
2026-06-23 19:53:48.815 9 INFO neutron.wsgi [req-4ec26457-4043-4a25-a801-1ca4eb5fde71 req-0e30b270-2a65-4886-bde0-c7d775e8fd29 3b20aad8910c481aa3d09bda2c441861 4437f5005fd3417c9cd65be0703b1d5a - - 2189ca4831b045c09946bd1f0b90583d 2189ca4831b045c09946bd1f0b90583d] 199.204.45.53 "PUT /v2.0/ports/9c27f717-de72-4997-b41d-5d0d837bd50f HTTP/1.1" status: 200 len: 1415 time: 0.9982903
2026-06-23 19:53:48.856 10 INFO neutron.wsgi [None req-8ca01f9b-fec3-46fa-ab1a-3b6a3713f109 f22c7313e5c847d6ba4a75c19b8b6046 33fdab6371a4482ca6d8e80328b14efe - - default default] 10.0.0.84 "PUT /v2.0/routers/2981a287-8887-4946-83a7-01e7d1c63eec/tags HTTP/1.1" status: 200 len: 227 time: 0.0781429 /var/lib/openstack/lib/python3.10/site-packages/pycadf/identifier.py:71: UserWarning: Invalid uuid: neutron. To ensure interoperability, identifiers should be a valid uuid. warnings.warn(('Invalid uuid: %s. To ensure interoperability, '
2026-06-23 19:53:48.865 9 INFO neutron.notifiers.nova [-] Nova event matching ['req-555b37ca-2275-467b-86b6-52785a91a29a'] response: {'name': 'network-changed', 'server_uuid': '65e38570-ca4f-4752-98e9-9c63264ac086', 'tag': '9c27f717-de72-4997-b41d-5d0d837bd50f', 'status': 'completed', 'code': 200}
2026-06-23 19:53:48.917 9 INFO neutron.wsgi [req-4ec26457-4043-4a25-a801-1ca4eb5fde71 req-93b36106-c49c-4620-ad40-69e97979928c 3b20aad8910c481aa3d09bda2c441861 4437f5005fd3417c9cd65be0703b1d5a - - 2189ca4831b045c09946bd1f0b90583d 2189ca4831b045c09946bd1f0b90583d] 199.204.45.53 "GET /v2.0/ports?tenant_id=18ae5a96a40d419f8a62c6a47a568035&device_id=65e38570-ca4f-4752-98e9-9c63264ac086 HTTP/1.1" status: 200 len: 1446 time: 0.0650082
2026-06-23 19:53:48.940 10 INFO neutron.wsgi [None req-98381525-7e46-4f35-a74d-d20859672c5f f22c7313e5c847d6ba4a75c19b8b6046 33fdab6371a4482ca6d8e80328b14efe - - default default] 10.0.0.84 "PUT /v2.0/routers/fe797352-2e47-4966-879f-db97c929278b/tags HTTP/1.1" status: 200 len: 212 time: 0.0792568
2026-06-23 19:53:48.950 9 INFO neutron.wsgi [req-4ec26457-4043-4a25-a801-1ca4eb5fde71 req-e92c0d7e-bad5-4a6a-955f-45c60c9697d4 3b20aad8910c481aa3d09bda2c441861 4437f5005fd3417c9cd65be0703b1d5a - - 2189ca4831b045c09946bd1f0b90583d 2189ca4831b045c09946bd1f0b90583d] 199.204.45.53 "GET /v2.0/floatingips?fixed_ip_address=10.100.0.4&port_id=9c27f717-de72-4997-b41d-5d0d837bd50f HTTP/1.1" status: 200 len: 217 time: 0.0257692
2026-06-23 19:53:48.985 9 INFO neutron.wsgi [req-4ec26457-4043-4a25-a801-1ca4eb5fde71 req-6672ed70-b90a-4a8f-b18c-89ce3f872a29 3b20aad8910c481aa3d09bda2c441861 4437f5005fd3417c9cd65be0703b1d5a - - 2189ca4831b045c09946bd1f0b90583d 2189ca4831b045c09946bd1f0b90583d] 199.204.45.53 "GET /v2.0/subnets?id=c8800e7e-8162-4e2a-bb91-b8c183e27add HTTP/1.1" status: 200 len: 866 time: 0.0287058
2026-06-23 19:53:49.020 9 INFO neutron.wsgi [req-4ec26457-4043-4a25-a801-1ca4eb5fde71 req-0db79939-c104-426d-afa3-50d5afd0b6d7 3b20aad8910c481aa3d09bda2c441861 4437f5005fd3417c9cd65be0703b1d5a - - 2189ca4831b045c09946bd1f0b90583d 2189ca4831b045c09946bd1f0b90583d] 199.204.45.53 "GET /v2.0/ports?network_id=66d27439-6c76-4ee6-8e74-992183f3a5e8&device_owner=network%3Adhcp HTTP/1.1" status: 200 len: 210 time: 0.0280690
2026-06-23 19:53:49.034 10 INFO neutron.wsgi [None req-f37b8679-706d-4c42-bb31-d4898e34ae73 f22c7313e5c847d6ba4a75c19b8b6046 33fdab6371a4482ca6d8e80328b14efe - - default default] 10.0.0.84 "GET /v2.0/routers?tags=red HTTP/1.1" status: 200 len: 1946 time: 0.0886979
2026-06-23 19:53:49.120 9 INFO neutron.wsgi [None req-28923d20-18b1-43ef-b735-fbdf3beb8dcd f22c7313e5c847d6ba4a75c19b8b6046 33fdab6371a4482ca6d8e80328b14efe - - default default] 10.0.0.84 "GET /v2.0/routers?tags=red%2Cblue HTTP/1.1" status: 200 len: 1375 time: 0.0799546
2026-06-23 19:53:49.164 9 INFO neutron.wsgi [req-4ec26457-4043-4a25-a801-1ca4eb5fde71 req-32f720b5-d022-4221-a3d9-3cce40a74164 3b20aad8910c481aa3d09bda2c441861 4437f5005fd3417c9cd65be0703b1d5a - - 2189ca4831b045c09946bd1f0b90583d 2189ca4831b045c09946bd1f0b90583d] 199.204.45.53 "GET /v2.0/networks/66d27439-6c76-4ee6-8e74-992183f3a5e8?fields=segments HTTP/1.1" status: 200 len: 212 time: 0.1377273
2026-06-23 19:53:49.202 9 INFO neutron.wsgi [None req-d8ebdac2-1a26-4193-82a3-348390df32d4 f22c7313e5c847d6ba4a75c19b8b6046 33fdab6371a4482ca6d8e80328b14efe - - default default] 10.0.0.84 "GET /v2.0/routers?tags-any=blue HTTP/1.1" status: 200 len: 1375 time: 0.0746553
2026-06-23 19:53:49.244 9 INFO neutron.wsgi [req-4ec26457-4043-4a25-a801-1ca4eb5fde71 req-756d0f10-5744-4824-a412-d85a92ecbb10 3b20aad8910c481aa3d09bda2c441861 4437f5005fd3417c9cd65be0703b1d5a - - 2189ca4831b045c09946bd1f0b90583d 2189ca4831b045c09946bd1f0b90583d] 199.204.45.53 "GET /v2.0/networks/66d27439-6c76-4ee6-8e74-992183f3a5e8?fields=provider%3Aphysical_network&fields=provider%3Anetwork_type HTTP/1.1" status: 200 len: 277 time: 0.0695758
2026-06-23 19:53:49.289 10 INFO neutron.wsgi [None req-81a091ec-182b-4d5b-9605-4d32fad97158 f22c7313e5c847d6ba4a75c19b8b6046 33fdab6371a4482ca6d8e80328b14efe - - default default] 10.0.0.84 "GET /v2.0/routers?tags-any=red%2Cblue HTTP/1.1" status: 200 len: 1946 time: 0.0810978
2026-06-23 19:53:49.322 9 INFO neutron.wsgi [req-c36fa000-e1ec-454e-a3bc-5f66e129ba42 req-35f68c4b-9234-4890-a0f3-59adeab3888e 3b20aad8910c481aa3d09bda2c441861 4437f5005fd3417c9cd65be0703b1d5a - - 2189ca4831b045c09946bd1f0b90583d 2189ca4831b045c09946bd1f0b90583d] 199.204.45.53 "GET /v2.0/ports?tenant_id=18ae5a96a40d419f8a62c6a47a568035&device_id=65e38570-ca4f-4752-98e9-9c63264ac086 HTTP/1.1" status: 200 len: 1446 time: 0.0337639
2026-06-23 19:53:49.368 10 INFO neutron.wsgi [None req-f4155f10-7b71-4160-b03b-5ddc6e969ff0 f22c7313e5c847d6ba4a75c19b8b6046 33fdab6371a4482ca6d8e80328b14efe - - default default] 10.0.0.84 "GET /v2.0/routers?not-tags=red HTTP/1.1" status: 200 len: 1347 time: 0.0718248
2026-06-23 19:53:49.388 9 INFO neutron.wsgi [req-c36fa000-e1ec-454e-a3bc-5f66e129ba42 req-07729668-3526-43ac-940f-9b5300fff2df 3b20aad8910c481aa3d09bda2c441861 4437f5005fd3417c9cd65be0703b1d5a - - 2189ca4831b045c09946bd1f0b90583d 2189ca4831b045c09946bd1f0b90583d] 199.204.45.53 "GET /v2.0/networks?id=66d27439-6c76-4ee6-8e74-992183f3a5e8 HTTP/1.1" status: 200 len: 971 time: 0.0599508
2026-06-23 19:53:49.417 9 INFO neutron.wsgi [req-c36fa000-e1ec-454e-a3bc-5f66e129ba42 req-c37c47a0-188f-45ef-a7de-b66d306e28ff 3b20aad8910c481aa3d09bda2c441861 4437f5005fd3417c9cd65be0703b1d5a - - 2189ca4831b045c09946bd1f0b90583d 2189ca4831b045c09946bd1f0b90583d] 199.204.45.53 "GET /v2.0/floatingips?fixed_ip_address=10.100.0.4&port_id=9c27f717-de72-4997-b41d-5d0d837bd50f HTTP/1.1" status: 200 len: 217 time: 0.0237706
2026-06-23 19:53:49.452 9 INFO neutron.wsgi [req-c36fa000-e1ec-454e-a3bc-5f66e129ba42 req-ea7fb029-5885-4673-9249-5033a50c1334 3b20aad8910c481aa3d09bda2c441861 4437f5005fd3417c9cd65be0703b1d5a - - 2189ca4831b045c09946bd1f0b90583d 2189ca4831b045c09946bd1f0b90583d] 199.204.45.53 "GET /v2.0/subnets?id=c8800e7e-8162-4e2a-bb91-b8c183e27add HTTP/1.1" status: 200 len: 866 time: 0.0285785
2026-06-23 19:53:49.482 9 INFO neutron.wsgi [req-c36fa000-e1ec-454e-a3bc-5f66e129ba42 req-dba0833c-0a82-401c-8b95-92d7b3ba072a 3b20aad8910c481aa3d09bda2c441861 4437f5005fd3417c9cd65be0703b1d5a - - 2189ca4831b045c09946bd1f0b90583d 2189ca4831b045c09946bd1f0b90583d] 199.204.45.53 "GET /v2.0/ports?network_id=66d27439-6c76-4ee6-8e74-992183f3a5e8&device_owner=network%3Adhcp HTTP/1.1" status: 200 len: 210 time: 0.0205729
2026-06-23 19:53:49.491 10 INFO neutron.wsgi [None req-9f94041f-38d6-4d41-8aa1-39173954a483 f22c7313e5c847d6ba4a75c19b8b6046 33fdab6371a4482ca6d8e80328b14efe - - default default] 10.0.0.84 "GET /v2.0/routers?not-tags=red%2Cblue HTTP/1.1" status: 200 len: 1918 time: 0.1191785
2026-06-23 19:53:49.509 10 INFO neutron.wsgi [req-3659e76b-5ade-40d3-86f5-75a8e9299223 req-7bad9d9a-02f0-4f41-8c78-01a6fce82f83 3b20aad8910c481aa3d09bda2c441861 4437f5005fd3417c9cd65be0703b1d5a - - 2189ca4831b045c09946bd1f0b90583d 2189ca4831b045c09946bd1f0b90583d] 199.204.45.53 "GET /v2.0/ports?device_id=65e38570-ca4f-4752-98e9-9c63264ac086 HTTP/1.1" status: 200 len: 1446 time: 0.0845928
2026-06-23 19:53:49.553 10 INFO neutron.wsgi [req-3659e76b-5ade-40d3-86f5-75a8e9299223 req-4a89cf33-0013-4960-8bc2-74edb4c8378b 3b20aad8910c481aa3d09bda2c441861 4437f5005fd3417c9cd65be0703b1d5a - - 2189ca4831b045c09946bd1f0b90583d 2189ca4831b045c09946bd1f0b90583d] 199.204.45.53 "GET /v2.0/security-groups?id=181c9b40-aaaa-4462-8c46-2594faca0359&id=8d14249e-c3db-444b-bb56-14c8ebd36ecc&fields=id&fields=name HTTP/1.1" status: 200 len: 406 time: 0.0379341
2026-06-23 19:53:49.584 9 INFO neutron.wsgi [None req-64209a93-a9f1-4385-820d-d7b7feddd3be f22c7313e5c847d6ba4a75c19b8b6046 33fdab6371a4482ca6d8e80328b14efe - - default default] 10.0.0.84 "GET /v2.0/routers?not-tags-any=blue HTTP/1.1" status: 200 len: 1918 time: 0.0870979
2026-06-23 19:53:49.612 9 INFO neutron.wsgi [req-c36fa000-e1ec-454e-a3bc-5f66e129ba42 req-12fc4631-1971-4337-8ba8-133a2566aa64 3b20aad8910c481aa3d09bda2c441861 4437f5005fd3417c9cd65be0703b1d5a - - 2189ca4831b045c09946bd1f0b90583d 2189ca4831b045c09946bd1f0b90583d] 199.204.45.53 "GET /v2.0/networks/66d27439-6c76-4ee6-8e74-992183f3a5e8?fields=segments HTTP/1.1" status: 200 len: 212 time: 0.1247773
2026-06-23 19:53:49.636 9 INFO neutron.wsgi [None req-a04fc9ce-d4c8-4684-96fa-ce15649cb91a 0ab3717565e241d38720256f5228f9ff a831709df2214278a83c6a30af459033 - - default default] 10.0.0.84 "POST /v2.0/qos/policies HTTP/1.1" status: 201 len: 558 time: 0.3017616
2026-06-23 19:53:49.674 10 INFO neutron.plugins.ml2.drivers.ovn.mech_driver.mech_driver [None req-7b52b48e-a412-4fb5-acdf-2f6eb947522b - - - - - -] OVN reports status up for port: 9c27f717-de72-4997-b41d-5d0d837bd50f
2026-06-23 19:53:49.682 9 INFO neutron.wsgi [req-c36fa000-e1ec-454e-a3bc-5f66e129ba42 req-095acdf6-bcf4-417b-9fb7-bfa9637b0b4b 3b20aad8910c481aa3d09bda2c441861 4437f5005fd3417c9cd65be0703b1d5a - - 2189ca4831b045c09946bd1f0b90583d 2189ca4831b045c09946bd1f0b90583d] 199.204.45.53 "GET /v2.0/networks/66d27439-6c76-4ee6-8e74-992183f3a5e8?fields=provider%3Aphysical_network&fields=provider%3Anetwork_type HTTP/1.1" status: 200 len: 277 time: 0.0560796
2026-06-23 19:53:49.688 10 INFO neutron.wsgi [None req-b19d1580-59bc-422a-91c7-714631280e17 f22c7313e5c847d6ba4a75c19b8b6046 33fdab6371a4482ca6d8e80328b14efe - - default default] 10.0.0.84 "GET /v2.0/routers?not-tags-any=red%2Cblue HTTP/1.1" status: 200 len: 1347 time: 0.0985723
2026-06-23 19:53:49.700 10 INFO neutron.plugins.ml2.plugin [None req-7b52b48e-a412-4fb5-acdf-2f6eb947522b - - - - - -] Attempt 1 to provision port 9c27f717-de72-4997-b41d-5d0d837bd50f
2026-06-23 19:53:49.715 10 INFO neutron.wsgi [None req-52ccba31-e912-46f2-bd18-42e9b1c7af0f 0ab3717565e241d38720256f5228f9ff a831709df2214278a83c6a30af459033 - - default default] 10.0.0.84 "PUT /v2.0/policies/98b4d2bc-7ff9-46c0-bd26-493cde0db6c5/tags HTTP/1.1" status: 200 len: 218 time: 0.0700166
2026-06-23 19:53:49.766 9 INFO neutron.wsgi [None req-6e6c9eb4-ff14-44f4-8004-6e6e717b6f8f f22c7313e5c847d6ba4a75c19b8b6046 33fdab6371a4482ca6d8e80328b14efe - - default default] 10.0.0.84 "GET /v2.0/routers/4c25b8db-637e-4eda-a2ee-a565756d7eab HTTP/1.1" status: 200 len: 775 time: 0.0737684
2026-06-23 19:53:49.781 10 INFO neutron.wsgi [None req-98a80305-a6ff-4522-8d28-9fdb0b30d8a3 0ab3717565e241d38720256f5228f9ff a831709df2214278a83c6a30af459033 - - default default] 10.0.0.84 "GET /v2.0/policies/98b4d2bc-7ff9-46c0-bd26-493cde0db6c5/tags HTTP/1.1" status: 200 len: 218 time: 0.0596726
2026-06-23 19:53:49.835 10 INFO neutron.wsgi [req-de41a1dd-d1c5-427c-9c9b-e1dcb41582da req-0faab01d-d058-42bc-9dfe-0f6f13d28b79 207fbeacd89d40ee8d9c3b600ab9ab5f 18ae5a96a40d419f8a62c6a47a568035 - - default default] 10.0.0.12 "GET /v2.0/ports?device_id=65e38570-ca4f-4752-98e9-9c63264ac086 HTTP/1.1" status: 200 len: 1208 time: 0.0716834
2026-06-23 19:53:49.862 10 INFO neutron.wsgi [None req-1470a04d-4302-4e0c-a40e-eda9cfd1b2d0 0ab3717565e241d38720256f5228f9ff a831709df2214278a83c6a30af459033 - - default default] 10.0.0.84 "PUT /v2.0/policies/98b4d2bc-7ff9-46c0-bd26-493cde0db6c5/tags/green HTTP/1.1" status: 201 len: 201 time: 0.0633705
2026-06-23 19:53:49.914 10 INFO neutron.wsgi [req-de41a1dd-d1c5-427c-9c9b-e1dcb41582da req-626a60f2-1ca8-4974-8096-d8d9da12300f 207fbeacd89d40ee8d9c3b600ab9ab5f 18ae5a96a40d419f8a62c6a47a568035 - - default default] 10.0.0.12 "GET /v2.0/security-groups?id=8d14249e-c3db-444b-bb56-14c8ebd36ecc&id=181c9b40-aaaa-4462-8c46-2594faca0359&fields=id&fields=name HTTP/1.1" status: 200 len: 406 time: 0.0693607
2026-06-23 19:53:49.915 9 INFO neutron.wsgi [None req-5780473b-2864-4c2e-a626-ae6e03f10023 0ab3717565e241d38720256f5228f9ff a831709df2214278a83c6a30af459033 - - default default] 10.0.0.84 "GET /v2.0/policies/98b4d2bc-7ff9-46c0-bd26-493cde0db6c5/tags HTTP/1.1" status: 200 len: 227 time: 0.0494466
2026-06-23 19:53:49.930 10 INFO neutron.notifiers.nova [-] Nova event matching ['req-2ab40338-ed8b-4795-a893-8382600740f3'] response: {'server_uuid': '65e38570-ca4f-4752-98e9-9c63264ac086', 'name': 'network-vif-plugged', 'status': 'completed', 'tag': '9c27f717-de72-4997-b41d-5d0d837bd50f', 'code': 200}
2026-06-23 19:53:49.944 10 INFO neutron.wsgi [None req-048e029d-a4bf-4d09-827b-0c6abe5a0862 0ab3717565e241d38720256f5228f9ff a831709df2214278a83c6a30af459033 - - default default] 10.0.0.84 "PUT /v2.0/policies/98b4d2bc-7ff9-46c0-bd26-493cde0db6c5/tags/red HTTP/1.1" status: 201 len: 201 time: 0.0219579
2026-06-23 19:53:49.977 10 INFO neutron.wsgi [None req-73fe7c53-c7a6-42fc-bcd0-2e6b4a8ae8d4 0ab3717565e241d38720256f5228f9ff a831709df2214278a83c6a30af459033 - - default default] 10.0.0.84 "GET /v2.0/policies/98b4d2bc-7ff9-46c0-bd26-493cde0db6c5/tags HTTP/1.1" status: 200 len: 227 time: 0.0287735
2026-06-23 19:53:50.040 10 INFO neutron.wsgi [None req-733f80b8-0b0f-4828-999b-f73036ea6102 0ab3717565e241d38720256f5228f9ff a831709df2214278a83c6a30af459033 - - default default] 10.0.0.84 "PUT /v2.0/policies/98b4d2bc-7ff9-46c0-bd26-493cde0db6c5/tags/black.or.white HTTP/1.1" status: 201 len: 201 time: 0.0553424
2026-06-23 19:53:50.068 10 INFO neutron.wsgi [None req-9636cce8-beff-4a9d-bdcd-e3d49e80dc14 0ab3717565e241d38720256f5228f9ff a831709df2214278a83c6a30af459033 - - default default] 10.0.0.84 "GET /v2.0/policies/98b4d2bc-7ff9-46c0-bd26-493cde0db6c5/tags HTTP/1.1" status: 200 len: 245 time: 0.0226653
2026-06-23 19:53:50.119 10 INFO neutron.wsgi [None req-3d733ff7-98a2-40e0-8d9e-1e53d7949405 0ab3717565e241d38720256f5228f9ff a831709df2214278a83c6a30af459033 - - default default] 10.0.0.84 "PUT /v2.0/policies/98b4d2bc-7ff9-46c0-bd26-493cde0db6c5/tags HTTP/1.1" status: 200 len: 230 time: 0.0443847
2026-06-23 19:53:50.121 10 INFO neutron.db.ovn_revision_numbers_db [None req-7b52b48e-a412-4fb5-acdf-2f6eb947522b - - - - - -] Successfully bumped revision number for resource 9c27f717-de72-4997-b41d-5d0d837bd50f (type: ports) to 4
2026-06-23 19:53:50.180 10 INFO neutron.wsgi [None req-d26c8c09-c0be-495a-b308-919ddcc68114 0ab3717565e241d38720256f5228f9ff a831709df2214278a83c6a30af459033 - - default default] 10.0.0.84 "GET /v2.0/policies/98b4d2bc-7ff9-46c0-bd26-493cde0db6c5/tags HTTP/1.1" status: 200 len: 230 time: 0.0558205
2026-06-23 19:53:50.228 9 INFO neutron.wsgi [None req-c4385ee5-54f3-4976-b3c0-50a7f2d3abba 0ab3717565e241d38720256f5228f9ff a831709df2214278a83c6a30af459033 - - default default] 10.0.0.84 "GET /v2.0/policies/98b4d2bc-7ff9-46c0-bd26-493cde0db6c5/tags/red HTTP/1.1" status: 204 len: 168 time: 0.0429935 /var/lib/openstack/lib/python3.10/site-packages/pycadf/identifier.py:71: UserWarning: Invalid uuid: neutron. To ensure interoperability, identifiers should be a valid uuid. warnings.warn(('Invalid uuid: %s. To ensure interoperability, '
2026-06-23 19:53:50.264 10 INFO neutron.api.v2.resource [None req-6e100614-c8d3-4a6b-b77e-08293dc5263a 0ab3717565e241d38720256f5228f9ff a831709df2214278a83c6a30af459033 - - default default] show failed (client error): The resource could not be found.
2026-06-23 19:53:50.266 10 INFO neutron.wsgi [None req-6e100614-c8d3-4a6b-b77e-08293dc5263a 0ab3717565e241d38720256f5228f9ff a831709df2214278a83c6a30af459033 - - default default] 10.0.0.84 "GET /v2.0/policies/98b4d2bc-7ff9-46c0-bd26-493cde0db6c5/tags/green HTTP/1.1" status: 404 len: 299 time: 0.0306871
2026-06-23 19:53:50.327 10 INFO neutron.wsgi [None req-533ad515-fb05-4e71-966d-11111984e5f7 0ab3717565e241d38720256f5228f9ff a831709df2214278a83c6a30af459033 - - default default] 10.0.0.84 "DELETE /v2.0/policies/98b4d2bc-7ff9-46c0-bd26-493cde0db6c5/tags/red HTTP/1.1" status: 204 len: 168 time: 0.0577359
2026-06-23 19:53:50.357 10 INFO neutron.wsgi [None req-4cfd18c6-fba1-4fc0-9596-8573b00c48d1 0ab3717565e241d38720256f5228f9ff a831709df2214278a83c6a30af459033 - - default default] 10.0.0.84 "GET /v2.0/policies/98b4d2bc-7ff9-46c0-bd26-493cde0db6c5/tags HTTP/1.1" status: 200 len: 223 time: 0.0261815
2026-06-23 19:53:50.367 9 INFO neutron.db.ovn_revision_numbers_db [None req-be1f1a06-bff0-4b11-80b8-1d65cc17beff f22c7313e5c847d6ba4a75c19b8b6046 33fdab6371a4482ca6d8e80328b14efe - - default default] Successfully bumped revision number for resource 4c25b8db-637e-4eda-a2ee-a565756d7eab (type: routers) to 2
2026-06-23 19:53:50.375 9 INFO neutron.wsgi [None req-be1f1a06-bff0-4b11-80b8-1d65cc17beff f22c7313e5c847d6ba4a75c19b8b6046 33fdab6371a4482ca6d8e80328b14efe - - default default] 10.0.0.84 "PUT /v2.0/routers/4c25b8db-637e-4eda-a2ee-a565756d7eab HTTP/1.1" status: 200 len: 775 time: 0.6045713
2026-06-23 19:53:50.382 10 INFO neutron.api.v2.resource [None req-6335fb6b-8dfc-49d4-9b64-cf260142929c 0ab3717565e241d38720256f5228f9ff a831709df2214278a83c6a30af459033 - - default default] delete failed (client error): The resource could not be found.
2026-06-23 19:53:50.384 10 INFO neutron.wsgi [None req-6335fb6b-8dfc-49d4-9b64-cf260142929c 0ab3717565e241d38720256f5228f9ff a831709df2214278a83c6a30af459033 - - default default] 10.0.0.84 "DELETE /v2.0/policies/98b4d2bc-7ff9-46c0-bd26-493cde0db6c5/tags/green HTTP/1.1" status: 404 len: 299 time: 0.0224710
2026-06-23 19:53:50.408 9 INFO neutron.wsgi [None req-3cef7831-106f-4db1-a875-02357669a066 f22c7313e5c847d6ba4a75c19b8b6046 33fdab6371a4482ca6d8e80328b14efe - - default default] 10.0.0.84 "GET /v2.0/ports?device_id=4c25b8db-637e-4eda-a2ee-a565756d7eab HTTP/1.1" status: 200 len: 205 time: 0.0299046
2026-06-23 19:53:50.424 10 INFO neutron.wsgi [None req-dfa182d2-c766-42ff-a1c3-46f75bda9724 0ab3717565e241d38720256f5228f9ff a831709df2214278a83c6a30af459033 - - default default] 10.0.0.84 "DELETE /v2.0/policies/98b4d2bc-7ff9-46c0-bd26-493cde0db6c5/tags HTTP/1.1" status: 204 len: 168 time: 0.0348105
2026-06-23 19:53:50.450 10 INFO neutron.wsgi [None req-387a625e-49d7-4e46-830c-d0cafacdccfe 0ab3717565e241d38720256f5228f9ff a831709df2214278a83c6a30af459033 - - default default] 10.0.0.84 "GET /v2.0/policies/98b4d2bc-7ff9-46c0-bd26-493cde0db6c5/tags HTTP/1.1" status: 200 len: 205 time: 0.0186050
2026-06-23 19:53:50.524 10 INFO neutron.wsgi [None req-384b05e1-5a25-4566-9f7c-48b789984274 0ab3717565e241d38720256f5228f9ff a831709df2214278a83c6a30af459033 - - default default] 10.0.0.84 "DELETE /v2.0/qos/policies/98b4d2bc-7ff9-46c0-bd26-493cde0db6c5 HTTP/1.1" status: 204 len: 168 time: 0.0674016
2026-06-23 19:53:50.653 9 INFO neutron.wsgi [None req-4d2f2590-fcec-4dee-91f3-a2962aba5fdd f22c7313e5c847d6ba4a75c19b8b6046 33fdab6371a4482ca6d8e80328b14efe - - default default] 10.0.0.84 "DELETE /v2.0/routers/4c25b8db-637e-4eda-a2ee-a565756d7eab HTTP/1.1" status: 204 len: 168 time: 0.2414765
2026-06-23 19:53:50.707 9 INFO neutron.wsgi [None req-734d4c32-1b0d-40ab-a205-1940cbd9c04e f22c7313e5c847d6ba4a75c19b8b6046 33fdab6371a4482ca6d8e80328b14efe - - default default] 10.0.0.84 "GET /v2.0/routers/6c111a56-7c90-4763-ab36-4710f0e88da9 HTTP/1.1" status: 200 len: 783 time: 0.0489364
2026-06-23 19:53:51.094 9 INFO neutron.db.ovn_revision_numbers_db [None req-ae661c20-7dbf-46ae-b8b7-ed8e0efbbcec f22c7313e5c847d6ba4a75c19b8b6046 33fdab6371a4482ca6d8e80328b14efe - - default default] Successfully bumped revision number for resource 6c111a56-7c90-4763-ab36-4710f0e88da9 (type: routers) to 2
2026-06-23 19:53:51.100 9 INFO neutron.wsgi [None req-ae661c20-7dbf-46ae-b8b7-ed8e0efbbcec f22c7313e5c847d6ba4a75c19b8b6046 33fdab6371a4482ca6d8e80328b14efe - - default default] 10.0.0.84 "PUT /v2.0/routers/6c111a56-7c90-4763-ab36-4710f0e88da9 HTTP/1.1" status: 200 len: 783 time: 0.3897908
2026-06-23 19:53:51.128 9 INFO neutron.wsgi [None req-233b865d-0397-4054-bae1-afbbc6356510 f22c7313e5c847d6ba4a75c19b8b6046 33fdab6371a4482ca6d8e80328b14efe - - default default] 10.0.0.84 "GET /v2.0/ports?device_id=6c111a56-7c90-4763-ab36-4710f0e88da9 HTTP/1.1" status: 200 len: 205 time: 0.0208316
2026-06-23 19:53:51.312 10 INFO neutron.wsgi [req-61810af1-fc63-41d4-be91-be9818c4974b req-5b8d7280-5ad7-4875-80d1-763e3ff89507 207fbeacd89d40ee8d9c3b600ab9ab5f 18ae5a96a40d419f8a62c6a47a568035 - - default default] 10.0.0.12 "GET /v2.0/ports?device_id=65e38570-ca4f-4752-98e9-9c63264ac086 HTTP/1.1" status: 200 len: 1210 time: 0.3295197
2026-06-23 19:53:51.360 10 INFO neutron.wsgi [req-61810af1-fc63-41d4-be91-be9818c4974b req-419763c9-841a-4371-81ef-fd7869121ab4 207fbeacd89d40ee8d9c3b600ab9ab5f 18ae5a96a40d419f8a62c6a47a568035 - - default default] 10.0.0.12 "GET /v2.0/security-groups?id=8d14249e-c3db-444b-bb56-14c8ebd36ecc&id=181c9b40-aaaa-4462-8c46-2594faca0359&fields=id&fields=name HTTP/1.1" status: 200 len: 406 time: 0.0420871
2026-06-23 19:53:51.487 10 INFO neutron.wsgi [req-d639b9ac-c89c-4e72-ad17-bf34dd842091 req-1bcaf61a-5d9d-42b4-9ab6-cc9fe0c03864 207fbeacd89d40ee8d9c3b600ab9ab5f 18ae5a96a40d419f8a62c6a47a568035 - - default default] 10.0.0.12 "GET /v2.0/ports?device_id=65e38570-ca4f-4752-98e9-9c63264ac086 HTTP/1.1" status: 200 len: 1210 time: 0.0417211
2026-06-23 19:53:51.490 10 INFO neutron.wsgi [None req-41f77261-6d4e-484e-a3e3-1e4115ee1fcc e40ca00108234275bcfaefb21f37695a 670ff40a6cb745f28bf187e5ca1124ae - - default default] 10.0.0.84 "POST /v2.0/qos/policies HTTP/1.1" status: 201 len: 558 time: 0.1225853
2026-06-23 19:53:51.572 10 INFO neutron.wsgi [None req-816c202e-6dda-43bd-9c1f-9877a251035c e40ca00108234275bcfaefb21f37695a 670ff40a6cb745f28bf187e5ca1124ae - - default default] 10.0.0.84 "POST /v2.0/qos/policies HTTP/1.1" status: 201 len: 558 time: 0.0767541
