2026-06-23 19:50:33.682 9 WARNING neutron.api.rpc.agentnotifiers.dhcp_rpc_agent_api [req-91de3245-6333-4707-be50-9941c3a66242 req-7bab993d-051f-46e5-9568-4c0bcbb5af5f 0837e0e6cc394a4f81873579a6543c40 cf6bb09bda1a48639c0bc655b7c231a3 - - default default] Unable to schedule network 21cf6e58-0d88-4922-8825-3ccc0fd99f54: no agents available; will retry on subsequent port and subnet creation events.
2026-06-23 19:50:33.871 9 INFO neutron.db.ovn_revision_numbers_db [req-91de3245-6333-4707-be50-9941c3a66242 req-7bab993d-051f-46e5-9568-4c0bcbb5af5f 0837e0e6cc394a4f81873579a6543c40 cf6bb09bda1a48639c0bc655b7c231a3 - - default default] Successfully bumped revision number for resource ac237d18-e8a4-4f88-97d2-5eaef007b668 (type: ports) to 1
2026-06-23 19:50:33.898 9 INFO neutron.wsgi [req-91de3245-6333-4707-be50-9941c3a66242 req-7bab993d-051f-46e5-9568-4c0bcbb5af5f 0837e0e6cc394a4f81873579a6543c40 cf6bb09bda1a48639c0bc655b7c231a3 - - default default] 199.204.45.53 "POST /v2.0/ports HTTP/1.1" status: 201 len: 1158 time: 0.7813008 /var/lib/openstack/lib/python3.10/site-packages/pycadf/identifier.py:71: UserWarning: Invalid uuid: neutron. To ensure interoperability, identifiers should be a valid uuid. warnings.warn(('Invalid uuid: %s. To ensure interoperability, '
2026-06-23 19:50:33.911 9 INFO neutron.wsgi [req-91de3245-6333-4707-be50-9941c3a66242 req-7bc7f5ae-7288-439b-993c-0d4fc782de67 0837e0e6cc394a4f81873579a6543c40 cf6bb09bda1a48639c0bc655b7c231a3 - - default default] 199.204.45.53 "GET /v2.0/extensions HTTP/1.1" status: 200 len: 18683 time: 0.0068049 /var/lib/openstack/lib/python3.10/site-packages/pycadf/identifier.py:71: UserWarning: Invalid uuid: neutron. To ensure interoperability, identifiers should be a valid uuid. warnings.warn(('Invalid uuid: %s. To ensure interoperability, '
2026-06-23 19:50:34.024 10 INFO neutron.wsgi [None req-f46485b5-ac81-4af8-9b0f-7ac87f7f19e4 8578745819f143f19d5cdb88db43f862 066436e7b5fb4197bf3debdbf20c3199 - - default default] 10.0.0.84 "GET /v2.0/extensions HTTP/1.1" status: 200 len: 18678 time: 0.1930830
2026-06-23 19:50:34.032 10 INFO neutron.wsgi [None req-18c72c67-6edd-4434-a824-4a43338f50b9 dd03f1e6eb9548279a3a08a1f8d6f6e6 7e57a0bb6e7a470893e6e45ce8442e2c - - default default] 10.0.0.84 "DELETE /v2.0/networks/64a1ca75-db99-4718-98dc-d43054b05b63 HTTP/1.1" status: 204 len: 168 time: 0.7602758
2026-06-23 19:50:34.039 9 INFO neutron.wsgi [None req-5db00804-bf0b-4c6f-abc7-c853f2545579 8578745819f143f19d5cdb88db43f862 066436e7b5fb4197bf3debdbf20c3199 - - default default] 10.0.0.84 "GET /v2.0/extensions/address-group HTTP/1.1" status: 200 len: 353 time: 0.0067961
2026-06-23 19:50:34.041 10 INFO neutron.wsgi [None req-6ac63e6b-4726-46c9-a6e2-e5522aa49ea8 dd03f1e6eb9548279a3a08a1f8d6f6e6 7e57a0bb6e7a470893e6e45ce8442e2c - - default default] 10.0.0.84 "PUT /v2.0/routers/31492dd3-6fb9-43d6-8b0c-4fdaf43e6757/remove_router_interface HTTP/1.1" status: 200 len: 503 time: 1.6517992
2026-06-23 19:50:34.049 9 INFO neutron.wsgi [None req-17760887-7e64-4f45-8221-120869113359 8578745819f143f19d5cdb88db43f862 066436e7b5fb4197bf3debdbf20c3199 - - default default] 10.0.0.84 "GET /v2.0/extensions/address-scope HTTP/1.1" status: 200 len: 357 time: 0.0035760
2026-06-23 19:50:34.059 9 INFO neutron.wsgi [None req-10fdb1a5-fb3e-4720-b0ce-b717c9220bfc 8578745819f143f19d5cdb88db43f862 066436e7b5fb4197bf3debdbf20c3199 - - default default] 10.0.0.84 "GET /v2.0/extensions/agent HTTP/1.1" status: 200 len: 347 time: 0.0054970
2026-06-23 19:50:34.067 9 INFO neutron.wsgi [None req-4a305622-05ea-406a-b6de-82719ed1f9ea 8578745819f143f19d5cdb88db43f862 066436e7b5fb4197bf3debdbf20c3199 - - default default] 10.0.0.84 "GET /v2.0/extensions/allowed-address-pairs HTTP/1.1" status: 200 len: 378 time: 0.0053847
2026-06-23 19:50:34.081 9 INFO neutron.wsgi [None req-8e2e4b9d-5271-4100-80be-bd4c266eb449 8578745819f143f19d5cdb88db43f862 066436e7b5fb4197bf3debdbf20c3199 - - default default] 10.0.0.84 "GET /v2.0/extensions/auto-allocated-topology HTTP/1.1" status: 200 len: 394 time: 0.0058475
2026-06-23 19:50:34.093 9 INFO neutron.wsgi [None req-76a86941-9a12-4f43-a44b-665972f2637c 8578745819f143f19d5cdb88db43f862 066436e7b5fb4197bf3debdbf20c3199 - - default default] 10.0.0.84 "GET /v2.0/extensions/availability_zone HTTP/1.1" status: 200 len: 372 time: 0.0075939
2026-06-23 19:50:34.101 9 INFO neutron.wsgi [None req-424085fb-a43c-427b-abcf-7dad2a7a3174 8578745819f143f19d5cdb88db43f862 066436e7b5fb4197bf3debdbf20c3199 - - default default] 10.0.0.84 "GET /v2.0/extensions/default-subnetpools HTTP/1.1" status: 200 len: 405 time: 0.0037456
2026-06-23 19:50:34.109 9 INFO neutron.wsgi [None req-4b2f182c-1648-48c4-a676-43c41810079c 8578745819f143f19d5cdb88db43f862 066436e7b5fb4197bf3debdbf20c3199 - - default default] 10.0.0.84 "GET /v2.0/extensions/dhcp_agent_scheduler HTTP/1.1" status: 200 len: 381 time: 0.0046442
2026-06-23 19:50:34.119 9 INFO neutron.wsgi [None req-e964d116-91d0-443e-b5b5-9a21ce488331 8578745819f143f19d5cdb88db43f862 066436e7b5fb4197bf3debdbf20c3199 - - default default] 10.0.0.84 "GET /v2.0/extensions/dns-integration HTTP/1.1" status: 200 len: 366 time: 0.0050607
2026-06-23 19:50:34.130 9 INFO neutron.wsgi [None req-3330c827-0de5-453e-96bb-9d3eef600367 8578745819f143f19d5cdb88db43f862 066436e7b5fb4197bf3debdbf20c3199 - - default default] 10.0.0.84 "GET /v2.0/extensions/dns-domain-ports HTTP/1.1" status: 200 len: 399 time: 0.0075052
2026-06-23 19:50:34.144 9 INFO neutron.wsgi [None req-ef99c8e9-04e0-4e1d-8482-acfc0265beaf 8578745819f143f19d5cdb88db43f862 066436e7b5fb4197bf3debdbf20c3199 - - default default] 10.0.0.84 "GET /v2.0/extensions/dns-integration-domain-keywords HTTP/1.1" status: 200 len: 477 time: 0.0061538
2026-06-23 19:50:34.153 9 INFO neutron.wsgi [None req-bb6b082d-3ecd-4267-965f-30ed69a146ff 8578745819f143f19d5cdb88db43f862 066436e7b5fb4197bf3debdbf20c3199 - - default default] 10.0.0.84 "GET /v2.0/extensions/empty-string-filtering HTTP/1.1" status: 200 len: 413 time: 0.0045772
2026-06-23 19:50:34.161 9 INFO neutron.wsgi [None req-f0d4b3e3-a0da-4f7c-bf2d-4d40173fd330 8578745819f143f19d5cdb88db43f862 066436e7b5fb4197bf3debdbf20c3199 - - default default] 10.0.0.84 "GET /v2.0/extensions/external-net HTTP/1.1" status: 200 len: 394 time: 0.0047705
2026-06-23 19:50:34.172 9 INFO neutron.wsgi [None req-70ff9cc1-2c73-44c8-a7c0-4d9fdbc38587 8578745819f143f19d5cdb88db43f862 066436e7b5fb4197bf3debdbf20c3199 - - default default] 10.0.0.84 "GET /v2.0/extensions/extra_dhcp_opt HTTP/1.1" status: 200 len: 498 time: 0.0053015
2026-06-23 19:50:34.180 9 INFO neutron.wsgi [None req-d4d0de7e-9dde-4e23-ad78-c14620647d7f 8578745819f143f19d5cdb88db43f862 066436e7b5fb4197bf3debdbf20c3199 - - default default] 10.0.0.84 "GET /v2.0/extensions/extraroute HTTP/1.1" status: 200 len: 375 time: 0.0040102
2026-06-23 19:50:34.191 10 INFO neutron.wsgi [None req-4327bf0b-7e72-4f14-b6a0-1e834e97cd92 8578745819f143f19d5cdb88db43f862 066436e7b5fb4197bf3debdbf20c3199 - - default default] 10.0.0.84 "GET /v2.0/extensions/floating-ip-port-forwarding-detail HTTP/1.1" status: 200 len: 465 time: 0.0067825
2026-06-23 19:50:34.202 9 INFO neutron.wsgi [None req-b30e56da-922a-4c9c-b54f-04ad8a40ccac 8578745819f143f19d5cdb88db43f862 066436e7b5fb4197bf3debdbf20c3199 - - default default] 10.0.0.84 "GET /v2.0/extensions/fip-port-details HTTP/1.1" status: 200 len: 406 time: 0.0083301
2026-06-23 19:50:34.211 9 INFO neutron.wsgi [None req-a6d9b775-0960-49ae-a4a0-2394b10f8268 8578745819f143f19d5cdb88db43f862 066436e7b5fb4197bf3debdbf20c3199 - - default default] 10.0.0.84 "GET /v2.0/extensions/flavors HTTP/1.1" status: 200 len: 387 time: 0.0054488
2026-06-23 19:50:34.220 9 INFO neutron.wsgi [None req-a9d55610-5123-4e8f-ac4f-706d432605fa 8578745819f143f19d5cdb88db43f862 066436e7b5fb4197bf3debdbf20c3199 - - default default] 10.0.0.84 "GET /v2.0/extensions/floatingip-pools HTTP/1.1" status: 200 len: 382 time: 0.0037780
2026-06-23 19:50:34.234 9 INFO neutron.wsgi [None req-e7fb79c7-3c5a-44d7-a3ac-5e263d692a6f 8578745819f143f19d5cdb88db43f862 066436e7b5fb4197bf3debdbf20c3199 - - default default] 10.0.0.84 "GET /v2.0/extensions/ip_allocation HTTP/1.1" status: 200 len: 356 time: 0.0060625
2026-06-23 19:50:34.248 10 INFO neutron.wsgi [None req-e0d37353-f826-442a-8088-3ec4097fd0f8 8578745819f143f19d5cdb88db43f862 066436e7b5fb4197bf3debdbf20c3199 - - default default] 10.0.0.84 "GET /v2.0/extensions/l2_adjacency HTTP/1.1" status: 200 len: 372 time: 0.0099850
2026-06-23 19:50:34.260 9 INFO neutron.wsgi [None req-9612a34a-46e7-4bcc-95c8-fc7bb0616285 8578745819f143f19d5cdb88db43f862 066436e7b5fb4197bf3debdbf20c3199 - - default default] 10.0.0.84 "GET /v2.0/extensions/router HTTP/1.1" status: 200 len: 450 time: 0.0082233
2026-06-23 19:50:34.272 10 INFO neutron.wsgi [None req-4099c5c1-ce33-4be2-829e-cfc818864234 8578745819f143f19d5cdb88db43f862 066436e7b5fb4197bf3debdbf20c3199 - - default default] 10.0.0.84 "GET /v2.0/extensions/enable-default-route-bfd HTTP/1.1" status: 200 len: 406 time: 0.0049701
2026-06-23 19:50:34.283 9 INFO neutron.wsgi [None req-6b114506-f3b3-4f35-82f9-5f567cd70df7 8578745819f143f19d5cdb88db43f862 066436e7b5fb4197bf3debdbf20c3199 - - default default] 10.0.0.84 "GET /v2.0/extensions/enable-default-route-ecmp HTTP/1.1" status: 200 len: 409 time: 0.0048492
2026-06-23 19:50:34.286 9 INFO neutron.wsgi [None req-b182baf1-1bf0-4a02-ba99-2a924abb9131 dd03f1e6eb9548279a3a08a1f8d6f6e6 7e57a0bb6e7a470893e6e45ce8442e2c - - default default] 10.0.0.84 "GET /v2.0/security-groups?tenant_id=7f5a79ffa95f4d5da8c4611aa0fe6154&name=default HTTP/1.1" status: 200 len: 3116 time: 0.0639408
2026-06-23 19:50:34.300 9 INFO neutron.wsgi [None req-7fe14254-38f8-4c42-8d4d-89ddafeebef1 8578745819f143f19d5cdb88db43f862 066436e7b5fb4197bf3debdbf20c3199 - - default default] 10.0.0.84 "GET /v2.0/extensions/ext-gw-mode HTTP/1.1" status: 200 len: 462 time: 0.0048976
2026-06-23 19:50:34.311 9 INFO neutron.wsgi [None req-fb72dec8-67f6-4dff-9510-b65e678ef38e 8578745819f143f19d5cdb88db43f862 066436e7b5fb4197bf3debdbf20c3199 - - default default] 10.0.0.84 "GET /v2.0/extensions/l3-ha HTTP/1.1" status: 200 len: 360 time: 0.0045955
2026-06-23 19:50:34.320 9 INFO neutron.wsgi [None req-efe2078e-9944-42c2-9f8d-7ab4c8cdb3c0 8578745819f143f19d5cdb88db43f862 066436e7b5fb4197bf3debdbf20c3199 - - default default] 10.0.0.84 "GET /v2.0/extensions/external-gateway-multihoming HTTP/1.1" status: 200 len: 421 time: 0.0044215
2026-06-23 19:50:34.332 9 INFO neutron.wsgi [None req-94f1592e-4819-4066-b740-705ed15ec9ab 8578745819f143f19d5cdb88db43f862 066436e7b5fb4197bf3debdbf20c3199 - - default default] 10.0.0.84 "GET /v2.0/extensions/l3-flavors HTTP/1.1" status: 200 len: 366 time: 0.0076904
2026-06-23 19:50:34.342 9 INFO neutron.wsgi [None req-71f330ee-4b79-44de-9b79-3422f029234f 8578745819f143f19d5cdb88db43f862 066436e7b5fb4197bf3debdbf20c3199 - - default default] 10.0.0.84 "GET /v2.0/extensions/logging HTTP/1.1" status: 200 len: 407 time: 0.0046318
2026-06-23 19:50:34.353 9 INFO neutron.wsgi [None req-99b6101b-91be-463d-8dfe-4d841b10a84b 8578745819f143f19d5cdb88db43f862 066436e7b5fb4197bf3debdbf20c3199 - - default default] 10.0.0.84 "GET /v2.0/extensions/multi-provider HTTP/1.1" status: 200 len: 406 time: 0.0036888
2026-06-23 19:50:34.366 9 INFO neutron.wsgi [None req-eab877f0-715d-48a7-971e-b21f81d67d25 8578745819f143f19d5cdb88db43f862 066436e7b5fb4197bf3debdbf20c3199 - - default default] 10.0.0.84 "GET /v2.0/extensions/net-mtu HTTP/1.1" status: 200 len: 370 time: 0.0046000
2026-06-23 19:50:34.378 9 INFO neutron.wsgi [None req-5ec1654d-56d0-426f-b63c-d0c149d598d8 8578745819f143f19d5cdb88db43f862 066436e7b5fb4197bf3debdbf20c3199 - - default default] 10.0.0.84 "GET /v2.0/extensions/net-mtu-writable HTTP/1.1" status: 200 len: 401 time: 0.0050077
2026-06-23 19:50:34.386 9 INFO neutron.wsgi [None req-d93369fa-65c3-4570-8ef6-4f8856d1ff14 8578745819f143f19d5cdb88db43f862 066436e7b5fb4197bf3debdbf20c3199 - - default default] 10.0.0.84 "GET /v2.0/extensions/network_availability_zone HTTP/1.1" status: 200 len: 394 time: 0.0048056
2026-06-23 19:50:34.398 10 INFO neutron.wsgi [None req-ed940294-8f3a-4db2-a7a5-f8eeb3ff3110 8578745819f143f19d5cdb88db43f862 066436e7b5fb4197bf3debdbf20c3199 - - default default] 10.0.0.84 "GET /v2.0/extensions/network-ip-availability HTTP/1.1" status: 200 len: 410 time: 0.0063894
2026-06-23 19:50:34.408 10 INFO neutron.wsgi [None req-197705ac-d39a-4f18-b78e-0081ffde2202 8578745819f143f19d5cdb88db43f862 066436e7b5fb4197bf3debdbf20c3199 - - default default] 10.0.0.84 "GET /v2.0/extensions/pagination HTTP/1.1" status: 200 len: 386 time: 0.0048666
2026-06-23 19:50:34.417 9 INFO neutron.wsgi [None req-c238fe70-99e2-4d82-8e59-b4637784b378 8578745819f143f19d5cdb88db43f862 066436e7b5fb4197bf3debdbf20c3199 - - default default] 10.0.0.84 "GET /v2.0/extensions/port-device-profile HTTP/1.1" status: 200 len: 383 time: 0.0050564
2026-06-23 19:50:34.424 9 INFO neutron.wsgi [None req-3ae97f6f-5b7f-4070-9ab0-07fdf2a6adfa 8578745819f143f19d5cdb88db43f862 066436e7b5fb4197bf3debdbf20c3199 - - default default] 10.0.0.84 "GET /v2.0/extensions/port-mac-address-regenerate HTTP/1.1" status: 200 len: 403 time: 0.0032408
2026-06-23 19:50:34.433 9 INFO neutron.wsgi [None req-ebd8209e-37af-4e24-a286-39a0ae26ad90 8578745819f143f19d5cdb88db43f862 066436e7b5fb4197bf3debdbf20c3199 - - default default] 10.0.0.84 "GET /v2.0/extensions/port-numa-affinity-policy HTTP/1.1" status: 200 len: 392 time: 0.0061910
2026-06-23 19:50:34.440 9 INFO neutron.wsgi [None req-bef9ef12-9e50-48e2-a371-f5e230f9487b 8578745819f143f19d5cdb88db43f862 066436e7b5fb4197bf3debdbf20c3199 - - default default] 10.0.0.84 "GET /v2.0/extensions/port-resource-request HTTP/1.1" status: 200 len: 379 time: 0.0037460
2026-06-23 19:50:34.450 9 INFO neutron.wsgi [None req-a60cd46b-5938-4b53-a61a-9fde13c7c3bf 8578745819f143f19d5cdb88db43f862 066436e7b5fb4197bf3debdbf20c3199 - - default default] 10.0.0.84 "GET /v2.0/extensions/port-resource-request-groups HTTP/1.1" status: 200 len: 465 time: 0.0049808
2026-06-23 19:50:34.458 9 INFO neutron.wsgi [None req-17088839-8995-40e1-9357-37fb3e723915 8578745819f143f19d5cdb88db43f862 066436e7b5fb4197bf3debdbf20c3199 - - default default] 10.0.0.84 "GET /v2.0/extensions/binding HTTP/1.1" status: 200 len: 387 time: 0.0040760
2026-06-23 19:50:34.469 9 INFO neutron.wsgi [None req-6ba0ecf7-8757-4290-8864-857dd428e270 8578745819f143f19d5cdb88db43f862 066436e7b5fb4197bf3debdbf20c3199 - - default default] 10.0.0.84 "GET /v2.0/extensions/binding-extended HTTP/1.1" status: 200 len: 406 time: 0.0045555
2026-06-23 19:50:34.476 9 INFO neutron.wsgi [None req-e04070b2-289e-408d-a9cc-328f9b6b73cd 8578745819f143f19d5cdb88db43f862 066436e7b5fb4197bf3debdbf20c3199 - - default default] 10.0.0.84 "GET /v2.0/extensions/port-security HTTP/1.1" status: 200 len: 354 time: 0.0034273
2026-06-23 19:50:34.490 9 INFO neutron.wsgi [None req-e060f954-d4c6-4a48-9795-2a0c2dba6287 8578745819f143f19d5cdb88db43f862 066436e7b5fb4197bf3debdbf20c3199 - - default default] 10.0.0.84 "GET /v2.0/extensions/project-id HTTP/1.1" status: 200 len: 398 time: 0.0057554
2026-06-23 19:50:34.494 10 INFO neutron.wsgi [req-d0576930-39dd-44bf-84e2-e4b906bac4b4 req-c98d5ca6-2046-45e0-b250-3144b67b02c0 0837e0e6cc394a4f81873579a6543c40 cf6bb09bda1a48639c0bc655b7c231a3 - - default default] 10.0.0.12 "GET /v2.0/ports?device_id=b30b7aab-a90a-44e8-abe7-8114a200f588 HTTP/1.1" status: 200 len: 1156 time: 0.0563169
2026-06-23 19:50:34.500 9 INFO neutron.wsgi [None req-e5c8dabf-8b04-4be0-997a-fff633b9a638 8578745819f143f19d5cdb88db43f862 066436e7b5fb4197bf3debdbf20c3199 - - default default] 10.0.0.84 "GET /v2.0/extensions/provider HTTP/1.1" status: 200 len: 385 time: 0.0047109
2026-06-23 19:50:34.506 10 INFO neutron.services.segments.plugin [-] Segment bb806471-661f-4233-b6c2-b69579586371 resource provider aggregate not found
2026-06-23 19:50:34.513 9 INFO neutron.wsgi [None req-9d6add38-d3a5-466c-aaaa-c7765b63224c 8578745819f143f19d5cdb88db43f862 066436e7b5fb4197bf3debdbf20c3199 - - default default] 10.0.0.84 "GET /v2.0/extensions/qos HTTP/1.1" status: 200 len: 360 time: 0.0077269
2026-06-23 19:50:34.524 9 INFO neutron.wsgi [None req-6c733dd8-7b2a-4f04-bc20-069759d4e6f5 8578745819f143f19d5cdb88db43f862 066436e7b5fb4197bf3debdbf20c3199 - - default default] 10.0.0.84 "GET /v2.0/extensions/qos-bw-limit-direction HTTP/1.1" status: 200 len: 452 time: 0.0071180
2026-06-23 19:50:34.533 9 INFO neutron.wsgi [None req-17dc7510-c1d1-42b8-974e-72f6270b4804 8578745819f143f19d5cdb88db43f862 066436e7b5fb4197bf3debdbf20c3199 - - default default] 10.0.0.84 "GET /v2.0/extensions/qos-bw-minimum-ingress HTTP/1.1" status: 200 len: 445 time: 0.0048594
2026-06-23 19:50:34.537 10 INFO neutron.services.segments.plugin [-] Segment bb806471-661f-4233-b6c2-b69579586371 resource provider not found; error: Placement Client Error (4xx): {"errors": [{"status": 404, "title": "Not Found", "detail": "The resource could not be found.\n\n No resource provider with uuid bb806471-661f-4233-b6c2-b69579586371 found for delete ", "request_id": "req-34fd4670-e1cd-4067-a7e3-1b7ca4d5da91"}]}
2026-06-23 19:50:34.541 9 INFO neutron.wsgi [None req-ce3259dd-41bf-4161-a755-035501daf3f0 8578745819f143f19d5cdb88db43f862 066436e7b5fb4197bf3debdbf20c3199 - - default default] 10.0.0.84 "GET /v2.0/extensions/qos-default HTTP/1.1" status: 200 len: 377 time: 0.0038381
2026-06-23 19:50:34.546 10 INFO neutron.services.segments.plugin [-] Segment bb806471-661f-4233-b6c2-b69579586371 resource provider aggregate not found
2026-06-23 19:50:34.553 9 INFO neutron.wsgi [None req-1ce06876-0ca5-4746-a7c8-cc3d323e8937 8578745819f143f19d5cdb88db43f862 066436e7b5fb4197bf3debdbf20c3199 - - default default] 10.0.0.84 "GET /v2.0/extensions/qos-fip HTTP/1.1" status: 200 len: 372 time: 0.0043578
2026-06-23 19:50:34.564 9 INFO neutron.wsgi [None req-af70e8ba-4fd9-4805-955f-3ebd7016404e 8578745819f143f19d5cdb88db43f862 066436e7b5fb4197bf3debdbf20c3199 - - default default] 10.0.0.84 "GET /v2.0/extensions/qos-gateway-ip HTTP/1.1" status: 200 len: 391 time: 0.0046377
2026-06-23 19:50:34.567 10 INFO neutron.services.segments.plugin [-] Segment bb806471-661f-4233-b6c2-b69579586371 resource provider not found; error: Placement Client Error (4xx): {"errors": [{"status": 404, "title": "Not Found", "detail": "The resource could not be found.\n\n No resource provider with uuid bb806471-661f-4233-b6c2-b69579586371 found for delete ", "request_id": "req-435c6ab0-ba8a-4c2a-9222-80ac0ec43028"}]}
2026-06-23 19:50:34.581 9 INFO neutron.wsgi [None req-0d71d236-2390-48ca-bfc7-dc88db97ac25 8578745819f143f19d5cdb88db43f862 066436e7b5fb4197bf3debdbf20c3199 - - default default] 10.0.0.84 "GET /v2.0/extensions/qos-port-network-policy HTTP/1.1" status: 200 len: 403 time: 0.0109496
2026-06-23 19:50:34.590 9 INFO neutron.wsgi [None req-836bc4b0-0ca2-4dd3-895c-96c5b0d456a4 8578745819f143f19d5cdb88db43f862 066436e7b5fb4197bf3debdbf20c3199 - - default default] 10.0.0.84 "GET /v2.0/extensions/qos-pps-minimum HTTP/1.1" status: 200 len: 397 time: 0.0063245
2026-06-23 19:50:34.603 10 INFO neutron.wsgi [None req-f52cf87d-096d-4c41-aff2-d27bb476c93d 8578745819f143f19d5cdb88db43f862 066436e7b5fb4197bf3debdbf20c3199 - - default default] 10.0.0.84 "GET /v2.0/extensions/qos-pps-minimum-rule-alias HTTP/1.1" status: 200 len: 471 time: 0.0060458
2026-06-23 19:50:34.605 10 INFO neutron.wsgi [req-d0576930-39dd-44bf-84e2-e4b906bac4b4 req-65c635af-9ce6-406f-ae70-3c6f7b54a295 0837e0e6cc394a4f81873579a6543c40 cf6bb09bda1a48639c0bc655b7c231a3 - - default default] 10.0.0.12 "GET /v2.0/security-groups?id=d3a57ffc-0dbd-42ce-8864-bc717922a9f9&fields=id&fields=name HTTP/1.1" status: 200 len: 312 time: 0.0944943
2026-06-23 19:50:34.613 9 INFO neutron.wsgi [None req-2d588a8f-31cc-4f54-9f46-6ecc2735536a 8578745819f143f19d5cdb88db43f862 066436e7b5fb4197bf3debdbf20c3199 - - default default] 10.0.0.84 "GET /v2.0/extensions/qos-pps HTTP/1.1" status: 200 len: 389 time: 0.0065720
2026-06-23 19:50:34.620 9 INFO neutron.wsgi [None req-7efca79b-4d6a-4d33-b0c7-3e6ee2b655ba 8578745819f143f19d5cdb88db43f862 066436e7b5fb4197bf3debdbf20c3199 - - default default] 10.0.0.84 "GET /v2.0/extensions/qos-rule-type-details HTTP/1.1" status: 200 len: 423 time: 0.0034528
2026-06-23 19:50:34.628 10 INFO neutron.wsgi [None req-38050309-dc8b-4aa9-9c26-4f629eb3d0cc 8578745819f143f19d5cdb88db43f862 066436e7b5fb4197bf3debdbf20c3199 - - default default] 10.0.0.84 "GET /v2.0/extensions/qos-rule-type-filter HTTP/1.1" status: 200 len: 567 time: 0.0055928
2026-06-23 19:50:34.652 9 INFO neutron.wsgi [None req-7bf71dc5-0e8c-4de4-bd4a-eb8f372cac39 8578745819f143f19d5cdb88db43f862 066436e7b5fb4197bf3debdbf20c3199 - - default default] 10.0.0.84 "GET /v2.0/extensions/qos-rules-alias HTTP/1.1" status: 200 len: 448 time: 0.0075777
2026-06-23 19:50:34.663 9 INFO neutron.wsgi [None req-680f5df9-f7da-4aa7-9b07-5c1b19aee475 8578745819f143f19d5cdb88db43f862 066436e7b5fb4197bf3debdbf20c3199 - - default default] 10.0.0.84 "GET /v2.0/extensions/quota-check-limit HTTP/1.1" status: 200 len: 420 time: 0.0064363
2026-06-23 19:50:34.674 9 INFO neutron.wsgi [None req-b2253296-0e3b-4a0b-bf02-5c378750c7ed 8578745819f143f19d5cdb88db43f862 066436e7b5fb4197bf3debdbf20c3199 - - default default] 10.0.0.84 "GET /v2.0/extensions/quotas HTTP/1.1" status: 200 len: 386 time: 0.0059543
2026-06-23 19:50:34.685 10 INFO neutron.wsgi [None req-475e2626-5941-46eb-80ce-b391357c8162 8578745819f143f19d5cdb88db43f862 066436e7b5fb4197bf3debdbf20c3199 - - default default] 10.0.0.84 "GET /v2.0/extensions/quota_details HTTP/1.1" status: 200 len: 407 time: 0.0052798
2026-06-23 19:50:34.697 9 INFO neutron.wsgi [None req-68c1bb84-c8e5-498b-9923-91618da03025 8578745819f143f19d5cdb88db43f862 066436e7b5fb4197bf3debdbf20c3199 - - default default] 10.0.0.84 "GET /v2.0/extensions/rbac-policies HTTP/1.1" status: 200 len: 417 time: 0.0075142
2026-06-23 19:50:34.711 9 INFO neutron.wsgi [None req-9b101dfd-c9d0-492b-9182-b46b71b1d107 8578745819f143f19d5cdb88db43f862 066436e7b5fb4197bf3debdbf20c3199 - - default default] 10.0.0.84 "GET /v2.0/extensions/rbac-address-scope HTTP/1.1" status: 200 len: 384 time: 0.0064166
2026-06-23 19:50:34.730 10 INFO neutron.wsgi [None req-3952f53e-0727-41ea-8ca0-86df306fdf38 8578745819f143f19d5cdb88db43f862 066436e7b5fb4197bf3debdbf20c3199 - - default default] 10.0.0.84 "GET /v2.0/extensions/rbac-security-groups HTTP/1.1" status: 200 len: 404 time: 0.0058684
2026-06-23 19:50:34.734 10 INFO neutron.wsgi [None req-a0f43dd8-d6c1-4203-b6bd-0eb656e60772 dd03f1e6eb9548279a3a08a1f8d6f6e6 7e57a0bb6e7a470893e6e45ce8442e2c - - default default] 10.0.0.84 "DELETE /v2.0/security-groups/c9f23efb-19c9-4bb0-ad9c-e8576ae7c0d7 HTTP/1.1" status: 204 len: 168 time: 0.4377539
2026-06-23 19:50:34.743 9 INFO neutron.wsgi [None req-051de881-ed55-4e7c-863f-2f969597ded5 8578745819f143f19d5cdb88db43f862 066436e7b5fb4197bf3debdbf20c3199 - - default default] 10.0.0.84 "GET /v2.0/extensions/revision-if-match HTTP/1.1" status: 200 len: 441 time: 0.0075774
2026-06-23 19:50:34.757 10 INFO neutron.wsgi [None req-6c775e47-1cc5-4090-9254-fb89d9c59719 8578745819f143f19d5cdb88db43f862 066436e7b5fb4197bf3debdbf20c3199 - - default default] 10.0.0.84 "GET /v2.0/extensions/standard-attr-revisions HTTP/1.1" status: 200 len: 423 time: 0.0052524
2026-06-23 19:50:34.776 9 INFO neutron.wsgi [None req-2745dd74-b070-4bd1-949e-895c1141404f 8578745819f143f19d5cdb88db43f862 066436e7b5fb4197bf3debdbf20c3199 - - default default] 10.0.0.84 "GET /v2.0/extensions/router_availability_zone HTTP/1.1" status: 200 len: 391 time: 0.0132940
2026-06-23 19:50:34.787 10 INFO neutron.wsgi [None req-c64767ef-ffc5-4680-b0b3-d6a903327ae2 8578745819f143f19d5cdb88db43f862 066436e7b5fb4197bf3debdbf20c3199 - - default default] 10.0.0.84 "GET /v2.0/extensions/security-groups-default-rules HTTP/1.1" status: 200 len: 456 time: 0.0052493
2026-06-23 19:50:34.795 10 INFO neutron.wsgi [None req-4a10ae4d-14c3-4860-9455-3e8a216f1d2c 8578745819f143f19d5cdb88db43f862 066436e7b5fb4197bf3debdbf20c3199 - - default default] 10.0.0.84 "GET /v2.0/extensions/security-groups-normalized-cidr HTTP/1.1" status: 200 len: 445 time: 0.0039909
2026-06-23 19:50:34.807 9 INFO neutron.wsgi [None req-fa10b10d-23b3-44fc-bc09-a40d63f73c43 8578745819f143f19d5cdb88db43f862 066436e7b5fb4197bf3debdbf20c3199 - - default default] 10.0.0.84 "GET /v2.0/extensions/security-groups-remote-address-group HTTP/1.1" status: 200 len: 448 time: 0.0069461
2026-06-23 19:50:34.817 9 INFO neutron.wsgi [None req-b9ffe759-5cfa-46e3-8fc8-e0f30f32ad2a 8578745819f143f19d5cdb88db43f862 066436e7b5fb4197bf3debdbf20c3199 - - default default] 10.0.0.84 "GET /v2.0/extensions/security-groups-rules-belongs-to-default-sg HTTP/1.1" status: 200 len: 508 time: 0.0037677
2026-06-23 19:50:34.825 9 INFO neutron.wsgi [None req-2d044b98-5066-4c3d-b2e5-92af608289da 8578745819f143f19d5cdb88db43f862 066436e7b5fb4197bf3debdbf20c3199 - - default default] 10.0.0.84 "GET /v2.0/extensions/security-groups-shared-filtering HTTP/1.1" status: 200 len: 435 time: 0.0048320
2026-06-23 19:50:34.836 10 INFO neutron.wsgi [None req-66eec75a-80d1-48cb-9600-3d7282d430c4 8578745819f143f19d5cdb88db43f862 066436e7b5fb4197bf3debdbf20c3199 - - default default] 10.0.0.84 "GET /v2.0/extensions/security-group HTTP/1.1" status: 200 len: 364 time: 0.0065930
2026-06-23 19:50:34.853 9 INFO neutron.wsgi [None req-9653fe17-99d3-4681-8235-fae5d4e9ab94 8578745819f143f19d5cdb88db43f862 066436e7b5fb4197bf3debdbf20c3199 - - default default] 10.0.0.84 "GET /v2.0/extensions/segment HTTP/1.1" status: 200 len: 339 time: 0.0058875
2026-06-23 19:50:34.868 9 INFO neutron.wsgi [None req-aaa159a6-2afc-4f26-bac5-0fe8e9bf0dae 8578745819f143f19d5cdb88db43f862 066436e7b5fb4197bf3debdbf20c3199 - - default default] 10.0.0.84 "GET /v2.0/extensions/segments-peer-subnet-host-routes HTTP/1.1" status: 200 len: 427 time: 0.0081325
2026-06-23 19:50:34.889 10 INFO neutron.wsgi [None req-a55f4115-5872-4983-baeb-be3c6e006289 8578745819f143f19d5cdb88db43f862 066436e7b5fb4197bf3debdbf20c3199 - - default default] 10.0.0.84 "GET /v2.0/extensions/service-type HTTP/1.1" status: 200 len: 415 time: 0.0052450
2026-06-23 19:50:34.896 10 INFO neutron.wsgi [None req-f4461aae-78c0-4732-900b-253e688763e4 8578745819f143f19d5cdb88db43f862 066436e7b5fb4197bf3debdbf20c3199 - - default default] 10.0.0.84 "GET /v2.0/extensions/sorting HTTP/1.1" status: 200 len: 377 time: 0.0035474
2026-06-23 19:50:34.906 10 INFO neutron.wsgi [None req-c638029d-49c1-4307-b671-b905debfa5a6 8578745819f143f19d5cdb88db43f862 066436e7b5fb4197bf3debdbf20c3199 - - default default] 10.0.0.84 "GET /v2.0/extensions/standard-attr-segment HTTP/1.1" status: 200 len: 406 time: 0.0071738
2026-06-23 19:50:34.914 10 INFO neutron.wsgi [None req-17df9ebf-4501-4646-88ca-46495ea6ab61 8578745819f143f19d5cdb88db43f862 066436e7b5fb4197bf3debdbf20c3199 - - default default] 10.0.0.84 "GET /v2.0/extensions/standard-attr-description HTTP/1.1" status: 200 len: 408 time: 0.0038164
2026-06-23 19:50:34.920 10 INFO neutron.wsgi [None req-ff938649-36cb-4de2-90ce-b5cc500429fd 8578745819f143f19d5cdb88db43f862 066436e7b5fb4197bf3debdbf20c3199 - - default default] 10.0.0.84 "GET /v2.0/extensions/stateful-security-group HTTP/1.1" status: 200 len: 402 time: 0.0034137 /var/lib/openstack/lib/python3.10/site-packages/pycadf/identifier.py:71: UserWarning: Invalid uuid: neutron. To ensure interoperability, identifiers should be a valid uuid. warnings.warn(('Invalid uuid: %s. To ensure interoperability, '
2026-06-23 19:50:34.930 9 INFO neutron.wsgi [None req-6541ecda-d3ce-431a-94c1-290de64d7c04 8578745819f143f19d5cdb88db43f862 066436e7b5fb4197bf3debdbf20c3199 - - default default] 10.0.0.84 "GET /v2.0/extensions/subnet-dns-publish-fixed-ip HTTP/1.1" status: 200 len: 421 time: 0.0066879
2026-06-23 19:50:34.947 9 INFO neutron.wsgi [None req-62b549bc-2e82-435c-863f-dec98e42b05d 8578745819f143f19d5cdb88db43f862 066436e7b5fb4197bf3debdbf20c3199 - - default default] 10.0.0.84 "GET /v2.0/extensions/subnet-segmentid-writable HTTP/1.1" status: 200 len: 421 time: 0.0061827
2026-06-23 19:50:34.953 10 WARNING neutron.plugins.ml2.drivers.ovn.mech_driver.ovsdb.ovn_client [None req-7b52b48e-a412-4fb5-acdf-2f6eb947522b - - - - - -] No port found with ID 1039dbd4-ff31-4e8d-9822-4abc11972bad: RuntimeError: No port found with ID 1039dbd4-ff31-4e8d-9822-4abc11972bad
2026-06-23 19:50:34.954 10 INFO neutron.plugins.ml2.drivers.ovn.mech_driver.mech_driver [None req-7b52b48e-a412-4fb5-acdf-2f6eb947522b - - - - - -] OVN reports status up for port: ca33c823-52e3-492d-9090-70313c412cd1
2026-06-23 19:50:34.958 9 INFO neutron.wsgi [None req-62c71002-c254-445f-91df-e25984fc4d8f 8578745819f143f19d5cdb88db43f862 066436e7b5fb4197bf3debdbf20c3199 - - default default] 10.0.0.84 "GET /v2.0/extensions/subnet-service-types HTTP/1.1" status: 200 len: 400 time: 0.0050013
2026-06-23 19:50:34.974 10 INFO neutron.wsgi [None req-f226c2ff-0401-4e97-be00-289b6c04ba43 8578745819f143f19d5cdb88db43f862 066436e7b5fb4197bf3debdbf20c3199 - - default default] 10.0.0.84 "GET /v2.0/extensions/subnet_allocation HTTP/1.1" status: 200 len: 388 time: 0.0041218
2026-06-23 19:50:34.976 10 INFO neutron.plugins.ml2.plugin [None req-7b52b48e-a412-4fb5-acdf-2f6eb947522b - - - - - -] Attempt 1 to provision port ca33c823-52e3-492d-9090-70313c412cd1
2026-06-23 19:50:35.001 10 INFO neutron.wsgi [None req-47f8de69-2afa-46d2-81ed-50a236abe7cd 8578745819f143f19d5cdb88db43f862 066436e7b5fb4197bf3debdbf20c3199 - - default default] 10.0.0.84 "GET /v2.0/extensions/subnetpool-prefix-ops HTTP/1.1" status: 200 len: 418 time: 0.0223649
2026-06-23 19:50:35.010 9 INFO neutron.wsgi [None req-4b30c9e5-37f4-4627-abef-99601fea9000 8578745819f143f19d5cdb88db43f862 066436e7b5fb4197bf3debdbf20c3199 - - default default] 10.0.0.84 "GET /v2.0/extensions/standard-attr-tag HTTP/1.1" status: 200 len: 537 time: 0.0046289
2026-06-23 19:50:35.019 9 INFO neutron.wsgi [None req-ba71a608-7c7f-454c-82b5-832786304eab 8578745819f143f19d5cdb88db43f862 066436e7b5fb4197bf3debdbf20c3199 - - default default] 10.0.0.84 "GET /v2.0/extensions/standard-attr-timestamp HTTP/1.1" status: 200 len: 449 time: 0.0037529
2026-06-23 19:50:35.028 9 INFO neutron.wsgi [None req-7f22c9f3-4f51-4de5-a8ca-657bb9b5d66a 8578745819f143f19d5cdb88db43f862 066436e7b5fb4197bf3debdbf20c3199 - - default default] 10.0.0.84 "GET /v2.0/extensions/trunk HTTP/1.1" status: 200 len: 358 time: 0.0052645
2026-06-23 19:50:35.035 9 INFO neutron.wsgi [None req-2b8e0919-1a68-4c4d-9d8e-4654f5ba2e8a 8578745819f143f19d5cdb88db43f862 066436e7b5fb4197bf3debdbf20c3199 - - default default] 10.0.0.84 "GET /v2.0/extensions/trunk-details HTTP/1.1" status: 200 len: 362 time: 0.0036995
2026-06-23 19:50:35.039 9 INFO neutron.db.ovn_revision_numbers_db [req-91de3245-6333-4707-be50-9941c3a66242 req-78990388-c93c-4f5b-aa48-865600b768f5 3b20aad8910c481aa3d09bda2c441861 4437f5005fd3417c9cd65be0703b1d5a - - 2189ca4831b045c09946bd1f0b90583d 2189ca4831b045c09946bd1f0b90583d] Successfully bumped revision number for resource ac237d18-e8a4-4f88-97d2-5eaef007b668 (type: ports) to 2
2026-06-23 19:50:35.046 9 INFO neutron.wsgi [None req-9881a435-dcf0-4d97-a987-55069264f49a 8578745819f143f19d5cdb88db43f862 066436e7b5fb4197bf3debdbf20c3199 - - default default] 10.0.0.84 "GET /v2.0/extensions/vpn-agent-scheduler HTTP/1.1" status: 200 len: 393 time: 0.0046339
2026-06-23 19:50:35.054 9 INFO neutron.wsgi [None req-b81fe4f1-c61e-47fc-a14f-9d00ffc68789 8578745819f143f19d5cdb88db43f862 066436e7b5fb4197bf3debdbf20c3199 - - default default] 10.0.0.84 "GET /v2.0/extensions/vpn-endpoint-groups HTTP/1.1" status: 200 len: 371 time: 0.0040371
2026-06-23 19:50:35.062 9 INFO neutron.wsgi [None req-6981f27a-cb60-4de5-a4ed-a4d94e4dadf3 8578745819f143f19d5cdb88db43f862 066436e7b5fb4197bf3debdbf20c3199 - - default default] 10.0.0.84 "GET /v2.0/extensions/vpn-flavors HTTP/1.1" status: 200 len: 376 time: 0.0044711
2026-06-23 19:50:35.073 9 INFO neutron.wsgi [None req-6be5c283-848d-4454-9fd3-de89672b395c 8578745819f143f19d5cdb88db43f862 066436e7b5fb4197bf3debdbf20c3199 - - default default] 10.0.0.84 "GET /v2.0/extensions/vpnaas HTTP/1.1" status: 200 len: 348 time: 0.0060456
2026-06-23 19:50:35.229 10 INFO neutron.wsgi [None req-3cd74ef3-d7b2-4b13-a867-d0309e0cbc52 dd03f1e6eb9548279a3a08a1f8d6f6e6 7e57a0bb6e7a470893e6e45ce8442e2c - - default default] 10.0.0.84 "DELETE /v2.0/routers/31492dd3-6fb9-43d6-8b0c-4fdaf43e6757 HTTP/1.1" status: 204 len: 168 time: 1.1836591 /var/lib/openstack/lib/python3.10/site-packages/pycadf/identifier.py:71: UserWarning: Invalid uuid: neutron. To ensure interoperability, identifiers should be a valid uuid. warnings.warn(('Invalid uuid: %s. To ensure interoperability, '
2026-06-23 19:50:35.285 9 INFO neutron.db.ovn_revision_numbers_db [req-91de3245-6333-4707-be50-9941c3a66242 req-78990388-c93c-4f5b-aa48-865600b768f5 3b20aad8910c481aa3d09bda2c441861 4437f5005fd3417c9cd65be0703b1d5a - - 2189ca4831b045c09946bd1f0b90583d 2189ca4831b045c09946bd1f0b90583d] Successfully bumped revision number for resource ac237d18-e8a4-4f88-97d2-5eaef007b668 (type: ports) to 2
2026-06-23 19:50:35.315 9 INFO neutron.wsgi [req-91de3245-6333-4707-be50-9941c3a66242 req-78990388-c93c-4f5b-aa48-865600b768f5 3b20aad8910c481aa3d09bda2c441861 4437f5005fd3417c9cd65be0703b1d5a - - 2189ca4831b045c09946bd1f0b90583d 2189ca4831b045c09946bd1f0b90583d] 199.204.45.53 "PUT /v2.0/ports/ac237d18-e8a4-4f88-97d2-5eaef007b668 HTTP/1.1" status: 200 len: 1376 time: 0.9719892
2026-06-23 19:50:35.447 9 INFO neutron.wsgi [req-91de3245-6333-4707-be50-9941c3a66242 req-becf6b8f-0819-4178-bfe3-e1983666f250 3b20aad8910c481aa3d09bda2c441861 4437f5005fd3417c9cd65be0703b1d5a - - 2189ca4831b045c09946bd1f0b90583d 2189ca4831b045c09946bd1f0b90583d] 199.204.45.53 "GET /v2.0/ports?tenant_id=cf6bb09bda1a48639c0bc655b7c231a3&device_id=b30b7aab-a90a-44e8-abe7-8114a200f588 HTTP/1.1" status: 200 len: 1407 time: 0.0530088
2026-06-23 19:50:35.466 9 INFO neutron.wsgi [None req-adcf1df6-c673-4184-88d6-bf988eaacd15 dd03f1e6eb9548279a3a08a1f8d6f6e6 7e57a0bb6e7a470893e6e45ce8442e2c - - default default] 10.0.0.84 "DELETE /v2.0/subnets/2668b587-5b49-45cc-bac6-e813fff2b6d6 HTTP/1.1" status: 204 len: 168 time: 0.2299175
2026-06-23 19:50:35.494 9 INFO neutron.wsgi [req-91de3245-6333-4707-be50-9941c3a66242 req-e46a4641-797f-4d64-9b18-2b14ea1945ed 3b20aad8910c481aa3d09bda2c441861 4437f5005fd3417c9cd65be0703b1d5a - - 2189ca4831b045c09946bd1f0b90583d 2189ca4831b045c09946bd1f0b90583d] 199.204.45.53 "GET /v2.0/floatingips?fixed_ip_address=10.100.0.6&port_id=ac237d18-e8a4-4f88-97d2-5eaef007b668 HTTP/1.1" status: 200 len: 217 time: 0.0315216
2026-06-23 19:50:35.547 9 INFO neutron.wsgi [req-91de3245-6333-4707-be50-9941c3a66242 req-d79ff0a8-dfd7-4120-aade-73d7eb176f8f 3b20aad8910c481aa3d09bda2c441861 4437f5005fd3417c9cd65be0703b1d5a - - 2189ca4831b045c09946bd1f0b90583d 2189ca4831b045c09946bd1f0b90583d] 199.204.45.53 "GET /v2.0/subnets?id=8140d5bf-42c8-4056-8342-8c890cb5440d HTTP/1.1" status: 200 len: 877 time: 0.0443130
2026-06-23 19:50:35.600 9 INFO neutron.wsgi [req-91de3245-6333-4707-be50-9941c3a66242 req-06fc207e-408c-4af6-8b78-36e972f5d120 3b20aad8910c481aa3d09bda2c441861 4437f5005fd3417c9cd65be0703b1d5a - - 2189ca4831b045c09946bd1f0b90583d 2189ca4831b045c09946bd1f0b90583d] 199.204.45.53 "GET /v2.0/ports?network_id=21cf6e58-0d88-4922-8825-3ccc0fd99f54&device_owner=network%3Adhcp HTTP/1.1" status: 200 len: 210 time: 0.0437069
2026-06-23 19:50:35.689 9 INFO neutron.wsgi [req-91de3245-6333-4707-be50-9941c3a66242 req-9be5ca79-dbc3-416a-a7b8-061d9bda0012 3b20aad8910c481aa3d09bda2c441861 4437f5005fd3417c9cd65be0703b1d5a - - 2189ca4831b045c09946bd1f0b90583d 2189ca4831b045c09946bd1f0b90583d] 199.204.45.53 "GET /v2.0/networks/21cf6e58-0d88-4922-8825-3ccc0fd99f54?fields=segments HTTP/1.1" status: 200 len: 212 time: 0.0780277
2026-06-23 19:50:35.753 10 INFO neutron.db.ovn_revision_numbers_db [None req-7b52b48e-a412-4fb5-acdf-2f6eb947522b - - - - - -] Successfully bumped revision number for resource ca33c823-52e3-492d-9090-70313c412cd1 (type: ports) to 2
2026-06-23 19:50:35.774 9 INFO neutron.wsgi [req-91de3245-6333-4707-be50-9941c3a66242 req-f9290611-41f0-4142-af32-c81cc3e0cff8 3b20aad8910c481aa3d09bda2c441861 4437f5005fd3417c9cd65be0703b1d5a - - 2189ca4831b045c09946bd1f0b90583d 2189ca4831b045c09946bd1f0b90583d] 199.204.45.53 "GET /v2.0/networks/21cf6e58-0d88-4922-8825-3ccc0fd99f54?fields=provider%3Aphysical_network&fields=provider%3Anetwork_type HTTP/1.1" status: 200 len: 277 time: 0.0732307
2026-06-23 19:50:35.868 9 INFO neutron.notifiers.nova [-] Nova event matching ['req-46cc6738-1d5a-491e-8627-1f646c0cfc5e'] response: {'name': 'network-changed', 'server_uuid': 'b30b7aab-a90a-44e8-abe7-8114a200f588', 'tag': 'ac237d18-e8a4-4f88-97d2-5eaef007b668', 'status': 'completed', 'code': 200}
2026-06-23 19:50:35.870 10 INFO neutron.wsgi [req-413dca85-3e33-485b-889c-439b3d0c3b98 req-db48b1a7-7b24-43c4-9577-b2ef506ab76e 0837e0e6cc394a4f81873579a6543c40 cf6bb09bda1a48639c0bc655b7c231a3 - - default default] 10.0.0.12 "GET /v2.0/ports?device_id=b30b7aab-a90a-44e8-abe7-8114a200f588 HTTP/1.1" status: 200 len: 1168 time: 0.1749861
2026-06-23 19:50:35.974 10 INFO neutron.wsgi [req-413dca85-3e33-485b-889c-439b3d0c3b98 req-d7bb1e30-df5e-407d-a6af-ed2f14f76c8e 0837e0e6cc394a4f81873579a6543c40 cf6bb09bda1a48639c0bc655b7c231a3 - - default default] 10.0.0.12 "GET /v2.0/security-groups?id=d3a57ffc-0dbd-42ce-8864-bc717922a9f9&fields=id&fields=name HTTP/1.1" status: 200 len: 312 time: 0.0911372
2026-06-23 19:50:36.029 9 INFO neutron.wsgi [req-06df8eb2-1ec7-4638-a2e4-ea039d195b7c req-cb2c5c94-d9ff-4def-b9ec-b25216378331 3b20aad8910c481aa3d09bda2c441861 4437f5005fd3417c9cd65be0703b1d5a - - 2189ca4831b045c09946bd1f0b90583d 2189ca4831b045c09946bd1f0b90583d] 199.204.45.53 "GET /v2.0/ports?tenant_id=cf6bb09bda1a48639c0bc655b7c231a3&device_id=b30b7aab-a90a-44e8-abe7-8114a200f588 HTTP/1.1" status: 200 len: 1407 time: 0.0397577
2026-06-23 19:50:36.031 10 INFO neutron.db.ovn_revision_numbers_db [None req-7b52b48e-a412-4fb5-acdf-2f6eb947522b - - - - - -] Successfully bumped revision number for resource ca33c823-52e3-492d-9090-70313c412cd1 (type: router_ports) to 2
2026-06-23 19:50:36.112 9 INFO neutron.db.ovn_revision_numbers_db [None req-fb7937ae-a8ab-4090-b9d6-1bc9908dfc41 dd03f1e6eb9548279a3a08a1f8d6f6e6 7e57a0bb6e7a470893e6e45ce8442e2c - - default default] Successfully bumped revision number for resource b7611018-90b6-471d-aec3-5943c1a32b39 (type: security_groups) to 1
2026-06-23 19:50:36.131 9 INFO neutron.wsgi [req-06df8eb2-1ec7-4638-a2e4-ea039d195b7c req-0321aa7e-d03a-419c-a176-3f03303c0bf5 3b20aad8910c481aa3d09bda2c441861 4437f5005fd3417c9cd65be0703b1d5a - - 2189ca4831b045c09946bd1f0b90583d 2189ca4831b045c09946bd1f0b90583d] 199.204.45.53 "GET /v2.0/networks?id=21cf6e58-0d88-4922-8825-3ccc0fd99f54 HTTP/1.1" status: 200 len: 980 time: 0.0792511
2026-06-23 19:50:36.135 9 INFO neutron.db.ovn_revision_numbers_db [None req-fb7937ae-a8ab-4090-b9d6-1bc9908dfc41 dd03f1e6eb9548279a3a08a1f8d6f6e6 7e57a0bb6e7a470893e6e45ce8442e2c - - default default] Successfully bumped revision number for resource 20859c15-48c8-4a2b-b4de-b8ed1e8dc5b2 (type: security_group_rules) to 0
2026-06-23 19:50:36.164 9 INFO neutron.wsgi [req-06df8eb2-1ec7-4638-a2e4-ea039d195b7c req-d2e4498f-4069-4d4e-9ce3-ccf4cb424a88 3b20aad8910c481aa3d09bda2c441861 4437f5005fd3417c9cd65be0703b1d5a - - 2189ca4831b045c09946bd1f0b90583d 2189ca4831b045c09946bd1f0b90583d] 199.204.45.53 "GET /v2.0/floatingips?fixed_ip_address=10.100.0.6&port_id=ac237d18-e8a4-4f88-97d2-5eaef007b668 HTTP/1.1" status: 200 len: 217 time: 0.0248225
2026-06-23 19:50:36.167 9 INFO neutron.db.ovn_revision_numbers_db [None req-fb7937ae-a8ab-4090-b9d6-1bc9908dfc41 dd03f1e6eb9548279a3a08a1f8d6f6e6 7e57a0bb6e7a470893e6e45ce8442e2c - - default default] Successfully bumped revision number for resource 5b17a3a0-c05f-4ca7-934a-5cce3112567b (type: security_group_rules) to 0
2026-06-23 19:50:36.191 9 INFO neutron.db.ovn_revision_numbers_db [None req-fb7937ae-a8ab-4090-b9d6-1bc9908dfc41 dd03f1e6eb9548279a3a08a1f8d6f6e6 7e57a0bb6e7a470893e6e45ce8442e2c - - default default] Successfully bumped revision number for resource b2b31b52-db81-42b8-8805-8387e2829e1a (type: security_group_rules) to 0
2026-06-23 19:50:36.203 9 INFO neutron.wsgi [req-06df8eb2-1ec7-4638-a2e4-ea039d195b7c req-f1670712-ec0c-4e58-be86-2b0158e52629 3b20aad8910c481aa3d09bda2c441861 4437f5005fd3417c9cd65be0703b1d5a - - 2189ca4831b045c09946bd1f0b90583d 2189ca4831b045c09946bd1f0b90583d] 199.204.45.53 "GET /v2.0/subnets?id=8140d5bf-42c8-4056-8342-8c890cb5440d HTTP/1.1" status: 200 len: 877 time: 0.0345078
2026-06-23 19:50:36.209 9 INFO neutron.db.ovn_revision_numbers_db [None req-fb7937ae-a8ab-4090-b9d6-1bc9908dfc41 dd03f1e6eb9548279a3a08a1f8d6f6e6 7e57a0bb6e7a470893e6e45ce8442e2c - - default default] Successfully bumped revision number for resource dd5976a4-2fd8-4e4c-85f3-3bd203304306 (type: security_group_rules) to 0
2026-06-23 19:50:36.238 9 INFO neutron.wsgi [req-06df8eb2-1ec7-4638-a2e4-ea039d195b7c req-f0d58afe-66de-4efc-9c45-e3f54ff20a7b 3b20aad8910c481aa3d09bda2c441861 4437f5005fd3417c9cd65be0703b1d5a - - 2189ca4831b045c09946bd1f0b90583d 2189ca4831b045c09946bd1f0b90583d] 199.204.45.53 "GET /v2.0/ports?network_id=21cf6e58-0d88-4922-8825-3ccc0fd99f54&device_owner=network%3Adhcp HTTP/1.1" status: 200 len: 210 time: 0.0270772
2026-06-23 19:50:36.241 9 INFO neutron.wsgi [None req-fb7937ae-a8ab-4090-b9d6-1bc9908dfc41 dd03f1e6eb9548279a3a08a1f8d6f6e6 7e57a0bb6e7a470893e6e45ce8442e2c - - default default] 10.0.0.84 "GET /v2.0/security-groups?tenant_id=066436e7b5fb4197bf3debdbf20c3199&name=default HTTP/1.1" status: 200 len: 3120 time: 0.5750966
2026-06-23 19:50:36.293 10 INFO neutron.wsgi [None req-54d0698c-c257-4c30-9550-d7e22ec91085 dd03f1e6eb9548279a3a08a1f8d6f6e6 7e57a0bb6e7a470893e6e45ce8442e2c - - default default] 10.0.0.84 "DELETE /v2.0/networks/14ac5294-d590-496e-8f92-50c0d5ba563b HTTP/1.1" status: 204 len: 168 time: 0.8222299
2026-06-23 19:50:36.304 9 INFO neutron.wsgi [req-06df8eb2-1ec7-4638-a2e4-ea039d195b7c req-a6f73f24-9d82-453e-9aec-41cc3619cdc2 3b20aad8910c481aa3d09bda2c441861 4437f5005fd3417c9cd65be0703b1d5a - - 2189ca4831b045c09946bd1f0b90583d 2189ca4831b045c09946bd1f0b90583d] 199.204.45.53 "GET /v2.0/networks/21cf6e58-0d88-4922-8825-3ccc0fd99f54?fields=segments HTTP/1.1" status: 200 len: 212 time: 0.0593991
2026-06-23 19:50:36.369 9 INFO neutron.wsgi [req-06df8eb2-1ec7-4638-a2e4-ea039d195b7c req-4e65a93f-4d3a-419f-b1d5-bb1dd847310f 3b20aad8910c481aa3d09bda2c441861 4437f5005fd3417c9cd65be0703b1d5a - - 2189ca4831b045c09946bd1f0b90583d 2189ca4831b045c09946bd1f0b90583d] 199.204.45.53 "GET /v2.0/networks/21cf6e58-0d88-4922-8825-3ccc0fd99f54?fields=provider%3Aphysical_network&fields=provider%3Anetwork_type HTTP/1.1" status: 200 len: 277 time: 0.0587070
2026-06-23 19:50:36.470 10 INFO neutron.wsgi [None req-8af45637-ff27-41bc-ad49-873a1b5c0c47 dd03f1e6eb9548279a3a08a1f8d6f6e6 7e57a0bb6e7a470893e6e45ce8442e2c - - default default] 10.0.0.84 "DELETE /v2.0/security-groups/b7611018-90b6-471d-aec3-5943c1a32b39 HTTP/1.1" status: 204 len: 168 time: 0.2225034
2026-06-23 19:50:36.495 9 INFO neutron.wsgi [None req-29cc74c5-9f84-4da1-902c-7199024e2453 dd03f1e6eb9548279a3a08a1f8d6f6e6 7e57a0bb6e7a470893e6e45ce8442e2c - - default default] 10.0.0.84 "GET /v2.0/security-groups?tenant_id=6ab6e0eb3f5a4000a2d32604af9bad2b&name=default HTTP/1.1" status: 200 len: 3116 time: 0.0356491
2026-06-23 19:50:36.558 10 INFO neutron.services.segments.plugin [-] Segment d7c210fc-1369-48ed-bb25-6238157d7a00 resource provider aggregate not found
2026-06-23 19:50:36.581 10 INFO neutron.services.segments.plugin [-] Segment d7c210fc-1369-48ed-bb25-6238157d7a00 resource provider not found; error: Placement Client Error (4xx): {"errors": [{"status": 404, "title": "Not Found", "detail": "The resource could not be found.\n\n No resource provider with uuid d7c210fc-1369-48ed-bb25-6238157d7a00 found for delete ", "request_id": "req-215fd0f4-016f-4811-b144-72bcca0e5a32"}]}
2026-06-23 19:50:36.587 10 INFO neutron.services.segments.plugin [-] Segment d7c210fc-1369-48ed-bb25-6238157d7a00 resource provider aggregate not found
2026-06-23 19:50:36.607 10 INFO neutron.services.segments.plugin [-] Segment d7c210fc-1369-48ed-bb25-6238157d7a00 resource provider not found; error: Placement Client Error (4xx): {"errors": [{"status": 404, "title": "Not Found", "detail": "The resource could not be found.\n\n No resource provider with uuid d7c210fc-1369-48ed-bb25-6238157d7a00 found for delete ", "request_id": "req-4341f57d-42bd-4874-afb8-7189d5954f5a"}]}
2026-06-23 19:50:36.729 9 INFO neutron.wsgi [None req-a14b25c1-6716-4465-9735-40d10342a845 dd03f1e6eb9548279a3a08a1f8d6f6e6 7e57a0bb6e7a470893e6e45ce8442e2c - - default default] 10.0.0.84 "DELETE /v2.0/security-groups/819e6229-373e-4e80-9859-37b56d33646c HTTP/1.1" status: 204 len: 168 time: 0.2291050
2026-06-23 19:50:37.094 10 INFO neutron.wsgi [req-d81ae8ca-d9dd-49b8-9b53-769f34f6b89a req-cdef10e3-33ae-4b2e-8088-b8a644fd89f5 0837e0e6cc394a4f81873579a6543c40 cf6bb09bda1a48639c0bc655b7c231a3 - - default default] 10.0.0.12 "GET /v2.0/ports?device_id=b30b7aab-a90a-44e8-abe7-8114a200f588 HTTP/1.1" status: 200 len: 1168 time: 0.0402572
2026-06-23 19:50:37.140 10 INFO neutron.wsgi [req-d81ae8ca-d9dd-49b8-9b53-769f34f6b89a req-e922e550-a649-4e3c-b21a-5a2510f399db 0837e0e6cc394a4f81873579a6543c40 cf6bb09bda1a48639c0bc655b7c231a3 - - default default] 10.0.0.12 "GET /v2.0/security-groups?id=d3a57ffc-0dbd-42ce-8864-bc717922a9f9&fields=id&fields=name HTTP/1.1" status: 200 len: 312 time: 0.0417600
2026-06-23 19:50:38.306 10 INFO neutron.wsgi [req-894caceb-a81d-4385-bc6e-1af882ffba8e req-7ff5d0fd-735b-42e6-9ed8-ce15b0356c34 0837e0e6cc394a4f81873579a6543c40 cf6bb09bda1a48639c0bc655b7c231a3 - - default default] 10.0.0.12 "GET /v2.0/ports?device_id=b30b7aab-a90a-44e8-abe7-8114a200f588 HTTP/1.1" status: 200 len: 1168 time: 0.0617418
2026-06-23 19:50:38.361 10 INFO neutron.wsgi [req-894caceb-a81d-4385-bc6e-1af882ffba8e req-d5e399a2-29c3-4119-bd67-59e7ef7c11e3 0837e0e6cc394a4f81873579a6543c40 cf6bb09bda1a48639c0bc655b7c231a3 - - default default] 10.0.0.12 "GET /v2.0/security-groups?id=d3a57ffc-0dbd-42ce-8864-bc717922a9f9&fields=id&fields=name HTTP/1.1" status: 200 len: 312 time: 0.0438671
2026-06-23 19:50:38.836 9 WARNING neutron_lib.context [None req-b06113b5-e009-4211-a9d3-b422d3b9010c 35ebfac5803841af977f91c9da896182 545f482864fb4cfabfacf96cb0b03cbb - - default default] Method 'is_advsvc' is deprecated since 2023.2 release (neutron-lib 3.8.0) and will be removed once support for the old RBAC API policies will be removed from Neutron. Please use method 'is_service_role' instead.
2026-06-23 19:50:39.000 9 INFO neutron.db.ovn_revision_numbers_db [None req-b06113b5-e009-4211-a9d3-b422d3b9010c 35ebfac5803841af977f91c9da896182 545f482864fb4cfabfacf96cb0b03cbb - - default default] Successfully bumped revision number for resource 9951cfba-c528-44f4-8411-035bfdbefe1c (type: security_groups) to 1
2026-06-23 19:50:39.019 9 INFO neutron.db.ovn_revision_numbers_db [None req-b06113b5-e009-4211-a9d3-b422d3b9010c 35ebfac5803841af977f91c9da896182 545f482864fb4cfabfacf96cb0b03cbb - - default default] Successfully bumped revision number for resource 2ec9661c-6d97-495c-9e26-11e3e9e1334e (type: security_group_rules) to 0
2026-06-23 19:50:39.033 9 INFO neutron.db.ovn_revision_numbers_db [None req-b06113b5-e009-4211-a9d3-b422d3b9010c 35ebfac5803841af977f91c9da896182 545f482864fb4cfabfacf96cb0b03cbb - - default default] Successfully bumped revision number for resource 56a04ff6-5d43-45e0-a3ac-9641c29b256e (type: security_group_rules) to 0
2026-06-23 19:50:39.051 9 INFO neutron.db.ovn_revision_numbers_db [None req-b06113b5-e009-4211-a9d3-b422d3b9010c 35ebfac5803841af977f91c9da896182 545f482864fb4cfabfacf96cb0b03cbb - - default default] Successfully bumped revision number for resource 7b2d48fc-5726-45c8-be77-b9c073e9171d (type: security_group_rules) to 0
2026-06-23 19:50:39.064 9 INFO neutron.db.ovn_revision_numbers_db [None req-3a083b92-843e-4e35-89ac-0f8f8564d9f7 dd03f1e6eb9548279a3a08a1f8d6f6e6 7e57a0bb6e7a470893e6e45ce8442e2c - - default default] Successfully bumped revision number for resource cc1b71f9-9d4d-44ce-a908-fb7f0e62ccdc (type: security_groups) to 1
2026-06-23 19:50:39.066 9 INFO neutron.db.ovn_revision_numbers_db [None req-b06113b5-e009-4211-a9d3-b422d3b9010c 35ebfac5803841af977f91c9da896182 545f482864fb4cfabfacf96cb0b03cbb - - default default] Successfully bumped revision number for resource c4de6ebe-3a38-4fef-9b48-31ffcbde46a8 (type: security_group_rules) to 0
2026-06-23 19:50:39.084 9 INFO neutron.db.ovn_revision_numbers_db [None req-3a083b92-843e-4e35-89ac-0f8f8564d9f7 dd03f1e6eb9548279a3a08a1f8d6f6e6 7e57a0bb6e7a470893e6e45ce8442e2c - - default default] Successfully bumped revision number for resource 0316fc48-f3e8-4cfb-bc0a-534d738b28a1 (type: security_group_rules) to 0
2026-06-23 19:50:39.100 9 INFO neutron.db.ovn_revision_numbers_db [None req-3a083b92-843e-4e35-89ac-0f8f8564d9f7 dd03f1e6eb9548279a3a08a1f8d6f6e6 7e57a0bb6e7a470893e6e45ce8442e2c - - default default] Successfully bumped revision number for resource 4d0014ea-559e-4995-92f5-d63e121c071f (type: security_group_rules) to 0
2026-06-23 19:50:39.115 9 INFO neutron.db.ovn_revision_numbers_db [None req-3a083b92-843e-4e35-89ac-0f8f8564d9f7 dd03f1e6eb9548279a3a08a1f8d6f6e6 7e57a0bb6e7a470893e6e45ce8442e2c - - default default] Successfully bumped revision number for resource 58e39d0a-4b9b-4d30-8ba0-0d904a80810c (type: security_group_rules) to 0
2026-06-23 19:50:39.116 9 INFO neutron.db.segments_db [None req-b06113b5-e009-4211-a9d3-b422d3b9010c 35ebfac5803841af977f91c9da896182 545f482864fb4cfabfacf96cb0b03cbb - - default default] Added segment 3067c7fc-489f-4958-8f9d-985df6fb71d7 of type geneve for network 04121173-5a16-4462-8a8a-adf629c23f66
