Apr 11 16:59:43.523096 np0000165170 systemd[1]: Starting devstack@n-api.service - Devstack devstack@n-api.service...
Apr 11 16:59:43.532150 np0000165170 devstack@n-api.service[100973]: [uWSGI] getting INI configuration from /etc/nova/nova-api-uwsgi.ini
Apr 11 16:59:43.532150 np0000165170 devstack@n-api.service[100973]: open("./http_plugin.so"): No such file or directory [core/utils.c line 3709]
Apr 11 16:59:43.532856 np0000165170 devstack@n-api.service[100973]: !!! UNABLE to load uWSGI plugin: ./http_plugin.so: cannot open shared object file: No such file or directory !!!
Apr 11 16:59:43.532856 np0000165170 devstack@n-api.service[100973]: open("./python3_plugin.so"): No such file or directory [core/utils.c line 3709]
Apr 11 16:59:43.532856 np0000165170 devstack@n-api.service[100973]: !!! UNABLE to load uWSGI plugin: ./python3_plugin.so: cannot open shared object file: No such file or directory !!!
Apr 11 16:59:43.532856 np0000165170 devstack@n-api.service[100973]: *** Starting uWSGI 2.0.31 (64bit) on [Sat Apr 11 16:59:43 2026] ***
Apr 11 16:59:43.532856 np0000165170 devstack@n-api.service[100973]: compiled with version: 13.3.0 on 11 April 2026 16:50:31
Apr 11 16:59:43.532856 np0000165170 devstack@n-api.service[100973]: os: Linux-6.8.0-107-generic #107-Ubuntu SMP PREEMPT_DYNAMIC Fri Mar 13 19:51:50 UTC 2026
Apr 11 16:59:43.532856 np0000165170 devstack@n-api.service[100973]: nodename: np0000165170
Apr 11 16:59:43.532856 np0000165170 devstack@n-api.service[100973]: machine: x86_64
Apr 11 16:59:43.532856 np0000165170 devstack@n-api.service[100973]: clock source: unix
Apr 11 16:59:43.532856 np0000165170 devstack@n-api.service[100973]: pcre jit disabled
Apr 11 16:59:43.532856 np0000165170 devstack@n-api.service[100973]: detected number of CPU cores: 16
Apr 11 16:59:43.532856 np0000165170 devstack@n-api.service[100973]: current working directory: /
Apr 11 16:59:43.532856 np0000165170 devstack@n-api.service[100973]: detected binary path: /opt/stack/data/venv/bin/uwsgi
Apr 11 16:59:43.532856 np0000165170 devstack@n-api.service[100973]: your processes number limit is 256917
Apr 11 16:59:43.532856 np0000165170 devstack@n-api.service[100973]: your memory page size is 4096 bytes
Apr 11 16:59:43.532856 np0000165170 devstack@n-api.service[100973]: detected max file descriptor number: 2048
Apr 11 16:59:43.532856 np0000165170 devstack@n-api.service[100973]: lock engine: pthread robust mutexes
Apr 11 16:59:43.532856 np0000165170 devstack@n-api.service[100973]: thunder lock: enabled
Apr 11 16:59:43.533741 np0000165170 devstack@n-api.service[100973]: uwsgi socket 0 bound to UNIX address /var/run/uwsgi/nova-api.socket fd 4
Apr 11 16:59:43.533741 np0000165170 devstack@n-api.service[100973]: Python version: 3.12.3 (main, Mar 3 2026, 12:15:18) [GCC 13.3.0]
Apr 11 16:59:43.533741 np0000165170 devstack@n-api.service[100973]: PEP 405 virtualenv detected: /opt/stack/data/venv
Apr 11 16:59:43.533741 np0000165170 devstack@n-api.service[100973]: Set PythonHome to /opt/stack/data/venv
Apr 11 16:59:43.567364 np0000165170 devstack@n-api.service[100973]: Python main interpreter initialized at 0x7af15e0a3668
Apr 11 16:59:43.567364 np0000165170 devstack@n-api.service[100973]: python threads support enabled
Apr 11 16:59:43.567364 np0000165170 devstack@n-api.service[100973]: your server socket listen backlog is limited to 100 connections
Apr 11 16:59:43.567364 np0000165170 devstack@n-api.service[100973]: your mercy for graceful operations on workers is 80 seconds
Apr 11 16:59:43.567854 np0000165170 devstack@n-api.service[100973]: mapped 671795 bytes (656 KB) for 4 cores
Apr 11 16:59:43.568002 np0000165170 devstack@n-api.service[100973]: *** Operational MODE: preforking ***
Apr 11 16:59:43.568198 np0000165170 devstack@n-api.service[100973]: *** uWSGI is running in multiple interpreter mode ***
Apr 11 16:59:43.568198 np0000165170 devstack@n-api.service[100973]: spawned uWSGI master process (pid: 100973)
Apr 11 16:59:43.568415 np0000165170 systemd[1]: Started devstack@n-api.service - Devstack devstack@n-api.service.
Apr 11 16:59:43.569249 np0000165170 devstack@n-api.service[100973]: spawned uWSGI worker 1 (pid: 100974, cores: 1)
Apr 11 16:59:43.569820 np0000165170 devstack@n-api.service[100973]: spawned uWSGI worker 2 (pid: 100975, cores: 1)
Apr 11 16:59:43.570254 np0000165170 devstack@n-api.service[100973]: spawned uWSGI worker 3 (pid: 100976, cores: 1)
Apr 11 16:59:43.570762 np0000165170 devstack@n-api.service[100973]: spawned uWSGI worker 4 (pid: 100977, cores: 1)
Apr 11 16:59:43.570867 np0000165170 devstack@n-api.service[100973]: running "unix_signal:15 gracefully_kill_them_all" (master-start)...
Apr 11 16:59:43.863888 np0000165170 devstack@n-api.service[100977]: /opt/stack/data/venv/lib/python3.12/site-packages/oslo_concurrency/lockutils.py:41: EventletDeprecationWarning:
Apr 11 16:59:43.863888 np0000165170 devstack@n-api.service[100977]: Eventlet is deprecated. It is currently being maintained in bugfix mode, and
Apr 11 16:59:43.863888 np0000165170 devstack@n-api.service[100977]: we strongly recommend against using it for new projects.
Apr 11 16:59:43.863888 np0000165170 devstack@n-api.service[100977]: If you are already using Eventlet, we recommend migrating to a different
Apr 11 16:59:43.863888 np0000165170 devstack@n-api.service[100977]: framework. For more detail see
Apr 11 16:59:43.863888 np0000165170 devstack@n-api.service[100977]: https://eventlet.readthedocs.io/en/latest/asyncio/migration.html
Apr 11 16:59:43.863888 np0000165170 devstack@n-api.service[100977]: import eventlet
Apr 11 16:59:43.864878 np0000165170 devstack@n-api.service[100975]: /opt/stack/data/venv/lib/python3.12/site-packages/oslo_concurrency/lockutils.py:41: EventletDeprecationWarning:
Apr 11 16:59:43.864878 np0000165170 devstack@n-api.service[100975]: Eventlet is deprecated. It is currently being maintained in bugfix mode, and
Apr 11 16:59:43.864878 np0000165170 devstack@n-api.service[100975]: we strongly recommend against using it for new projects.
Apr 11 16:59:43.864878 np0000165170 devstack@n-api.service[100975]: If you are already using Eventlet, we recommend migrating to a different
Apr 11 16:59:43.864878 np0000165170 devstack@n-api.service[100975]: framework. For more detail see
Apr 11 16:59:43.864878 np0000165170 devstack@n-api.service[100975]: https://eventlet.readthedocs.io/en/latest/asyncio/migration.html
Apr 11 16:59:43.864878 np0000165170 devstack@n-api.service[100975]: import eventlet
Apr 11 16:59:43.873835 np0000165170 devstack@n-api.service[100976]: /opt/stack/data/venv/lib/python3.12/site-packages/oslo_concurrency/lockutils.py:41: EventletDeprecationWarning:
Apr 11 16:59:43.873835 np0000165170 devstack@n-api.service[100976]: Eventlet is deprecated. It is currently being maintained in bugfix mode, and
Apr 11 16:59:43.873835 np0000165170 devstack@n-api.service[100976]: we strongly recommend against using it for new projects.
Apr 11 16:59:43.873835 np0000165170 devstack@n-api.service[100976]: If you are already using Eventlet, we recommend migrating to a different
Apr 11 16:59:43.873835 np0000165170 devstack@n-api.service[100976]: framework. For more detail see
Apr 11 16:59:43.873835 np0000165170 devstack@n-api.service[100976]: https://eventlet.readthedocs.io/en/latest/asyncio/migration.html
Apr 11 16:59:43.873835 np0000165170 devstack@n-api.service[100976]: import eventlet
Apr 11 16:59:43.874977 np0000165170 devstack@n-api.service[100974]: /opt/stack/data/venv/lib/python3.12/site-packages/oslo_concurrency/lockutils.py:41: EventletDeprecationWarning:
Apr 11 16:59:43.874977 np0000165170 devstack@n-api.service[100974]: Eventlet is deprecated. It is currently being maintained in bugfix mode, and
Apr 11 16:59:43.874977 np0000165170 devstack@n-api.service[100974]: we strongly recommend against using it for new projects.
Apr 11 16:59:43.874977 np0000165170 devstack@n-api.service[100974]: If you are already using Eventlet, we recommend migrating to a different
Apr 11 16:59:43.874977 np0000165170 devstack@n-api.service[100974]: framework. For more detail see
Apr 11 16:59:43.874977 np0000165170 devstack@n-api.service[100974]: https://eventlet.readthedocs.io/en/latest/asyncio/migration.html
Apr 11 16:59:43.874977 np0000165170 devstack@n-api.service[100974]: import eventlet
Apr 11 16:59:43.908677 np0000165170 devstack@n-api.service[100975]: Service is starting with native threading. This is currently experimental. Do not use it in production without first testing it in pre-production.
Apr 11 16:59:43.908851 np0000165170 devstack@n-api.service[100977]: Service is starting with native threading. This is currently experimental. Do not use it in production without first testing it in pre-production.
Apr 11 16:59:43.917604 np0000165170 devstack@n-api.service[100976]: Service is starting with native threading. This is currently experimental. Do not use it in production without first testing it in pre-production.
Apr 11 16:59:43.919134 np0000165170 devstack@n-api.service[100974]: Service is starting with native threading. This is currently experimental. Do not use it in production without first testing it in pre-production.
Apr 11 16:59:45.862937 np0000165170 devstack@n-api.service[100977]: INFO dbcounter [None req-f27e7c44-a731-4a19-83ef-800363215758 None None] Registered counter for database nova_api
Apr 11 16:59:45.863671 np0000165170 devstack@n-api.service[100975]: INFO dbcounter [None req-1f074769-26f1-4538-b1ce-6204988b3b5d None None] Registered counter for database nova_api
Apr 11 16:59:45.874586 np0000165170 devstack@n-api.service[100977]: DEBUG oslo_db.sqlalchemy.engines [None req-f27e7c44-a731-4a19-83ef-800363215758 None None] MySQL server mode set to STRICT_TRANS_TABLES,STRICT_ALL_TABLES,NO_ZERO_IN_DATE,NO_ZERO_DATE,ERROR_FOR_DIVISION_BY_ZERO,TRADITIONAL,NO_ENGINE_SUBSTITUTION {{(pid=100977) _check_effective_sql_mode /opt/stack/data/venv/lib/python3.12/site-packages/oslo_db/sqlalchemy/engines.py:325}}
Apr 11 16:59:45.880121 np0000165170 devstack@n-api.service[100975]: DEBUG oslo_db.sqlalchemy.engines [None req-1f074769-26f1-4538-b1ce-6204988b3b5d None None] MySQL server mode set to STRICT_TRANS_TABLES,STRICT_ALL_TABLES,NO_ZERO_IN_DATE,NO_ZERO_DATE,ERROR_FOR_DIVISION_BY_ZERO,TRADITIONAL,NO_ENGINE_SUBSTITUTION {{(pid=100975) _check_effective_sql_mode /opt/stack/data/venv/lib/python3.12/site-packages/oslo_db/sqlalchemy/engines.py:325}}
Apr 11 16:59:45.886041 np0000165170 devstack@n-api.service[100974]: INFO dbcounter [None req-edb5802e-979a-4267-871d-d35ae01d13d1 None None] Registered counter for database nova_api
Apr 11 16:59:45.898287 np0000165170 devstack@n-api.service[100974]: DEBUG oslo_db.sqlalchemy.engines [None req-edb5802e-979a-4267-871d-d35ae01d13d1 None None] MySQL server mode set to STRICT_TRANS_TABLES,STRICT_ALL_TABLES,NO_ZERO_IN_DATE,NO_ZERO_DATE,ERROR_FOR_DIVISION_BY_ZERO,TRADITIONAL,NO_ENGINE_SUBSTITUTION {{(pid=100974) _check_effective_sql_mode /opt/stack/data/venv/lib/python3.12/site-packages/oslo_db/sqlalchemy/engines.py:325}}
Apr 11 16:59:45.937160 np0000165170 devstack@n-api.service[100977]: DEBUG dbcounter [-] [100977] Writer thread running {{(pid=100977) stat_writer /opt/stack/data/venv/lib/python3.12/site-packages/dbcounter.py:102}}
Apr 11 16:59:45.937788 np0000165170 devstack@n-api.service[100975]: DEBUG dbcounter [-] [100975] Writer thread running {{(pid=100975) stat_writer /opt/stack/data/venv/lib/python3.12/site-packages/dbcounter.py:102}}
Apr 11 16:59:45.937891 np0000165170 devstack@n-api.service[100976]: INFO dbcounter [None req-db5e6bf7-614f-4fde-805b-8c3a2abecef4 None None] Registered counter for database nova_api
Apr 11 16:59:45.938310 np0000165170 devstack@n-api.service[100977]: DEBUG nova.context [None req-f27e7c44-a731-4a19-83ef-800363215758 None None] Found 2 cells: 00000000-0000-0000-0000-000000000000(cell0),022dba2f-b85f-46e3-8c68-4d3872ee70e8(cell1) {{(pid=100977) load_cells /opt/stack/nova/nova/context.py:509}}
Apr 11 16:59:45.938576 np0000165170 devstack@n-api.service[100977]: INFO nova.utils [None req-f27e7c44-a731-4a19-83ef-800363215758 None None] The cell worker thread pool MainProcess.cell_worker is initialized
Apr 11 16:59:45.939287 np0000165170 devstack@n-api.service[100975]: DEBUG nova.context [None req-1f074769-26f1-4538-b1ce-6204988b3b5d None None] Found 2 cells: 00000000-0000-0000-0000-000000000000(cell0),022dba2f-b85f-46e3-8c68-4d3872ee70e8(cell1) {{(pid=100975) load_cells /opt/stack/nova/nova/context.py:509}}
Apr 11 16:59:45.939781 np0000165170 devstack@n-api.service[100975]: INFO nova.utils [None req-1f074769-26f1-4538-b1ce-6204988b3b5d None None] The cell worker thread pool MainProcess.cell_worker is initialized
Apr 11 16:59:45.940277 np0000165170 devstack@n-api.service[100977]: DEBUG oslo_concurrency.lockutils [None req-f27e7c44-a731-4a19-83ef-800363215758 None None] Acquiring lock "00000000-0000-0000-0000-000000000000" by "nova.context.set_target_cell..get_or_set_cached_cell_and_set_connections" {{(pid=100977) inner /opt/stack/data/venv/lib/python3.12/site-packages/oslo_concurrency/lockutils.py:506}}
Apr 11 16:59:45.940448 np0000165170 devstack@n-api.service[100977]: DEBUG oslo_concurrency.lockutils [None req-f27e7c44-a731-4a19-83ef-800363215758 None None] Lock "00000000-0000-0000-0000-000000000000" acquired by "nova.context.set_target_cell..get_or_set_cached_cell_and_set_connections" :: waited 0.000s {{(pid=100977) inner /opt/stack/data/venv/lib/python3.12/site-packages/oslo_concurrency/lockutils.py:519}}
Apr 11 16:59:45.940844 np0000165170 devstack@n-api.service[100977]: DEBUG oslo_concurrency.lockutils [None req-f27e7c44-a731-4a19-83ef-800363215758 None None] Lock "00000000-0000-0000-0000-000000000000" "released" by "nova.context.set_target_cell..get_or_set_cached_cell_and_set_connections" :: held 0.000s {{(pid=100977) inner /opt/stack/data/venv/lib/python3.12/site-packages/oslo_concurrency/lockutils.py:538}}
Apr 11 16:59:45.941505 np0000165170 devstack@n-api.service[100977]: DEBUG oslo_concurrency.lockutils [None req-f27e7c44-a731-4a19-83ef-800363215758 None None] Acquiring lock "022dba2f-b85f-46e3-8c68-4d3872ee70e8" by "nova.context.set_target_cell..get_or_set_cached_cell_and_set_connections" {{(pid=100977) inner /opt/stack/data/venv/lib/python3.12/site-packages/oslo_concurrency/lockutils.py:506}}
Apr 11 16:59:45.941645 np0000165170 devstack@n-api.service[100977]: DEBUG oslo_concurrency.lockutils [None req-f27e7c44-a731-4a19-83ef-800363215758 None None] Lock "022dba2f-b85f-46e3-8c68-4d3872ee70e8" acquired by "nova.context.set_target_cell..get_or_set_cached_cell_and_set_connections" :: waited 0.000s {{(pid=100977) inner /opt/stack/data/venv/lib/python3.12/site-packages/oslo_concurrency/lockutils.py:519}}
Apr 11 16:59:45.942489 np0000165170 devstack@n-api.service[100977]: DEBUG oslo_concurrency.lockutils [None req-f27e7c44-a731-4a19-83ef-800363215758 None None] Lock "022dba2f-b85f-46e3-8c68-4d3872ee70e8" "released" by "nova.context.set_target_cell..get_or_set_cached_cell_and_set_connections" :: held 0.001s {{(pid=100977) inner /opt/stack/data/venv/lib/python3.12/site-packages/oslo_concurrency/lockutils.py:538}}
Apr 11 16:59:45.943794 np0000165170 devstack@n-api.service[100975]: DEBUG oslo_concurrency.lockutils [None req-1f074769-26f1-4538-b1ce-6204988b3b5d None None] Acquiring lock "00000000-0000-0000-0000-000000000000" by "nova.context.set_target_cell..get_or_set_cached_cell_and_set_connections" {{(pid=100975) inner /opt/stack/data/venv/lib/python3.12/site-packages/oslo_concurrency/lockutils.py:506}}
Apr 11 16:59:45.944164 np0000165170 devstack@n-api.service[100975]: DEBUG oslo_concurrency.lockutils [None req-1f074769-26f1-4538-b1ce-6204988b3b5d None None] Lock "00000000-0000-0000-0000-000000000000" acquired by "nova.context.set_target_cell..get_or_set_cached_cell_and_set_connections" :: waited 0.000s {{(pid=100975) inner /opt/stack/data/venv/lib/python3.12/site-packages/oslo_concurrency/lockutils.py:519}}
Apr 11 16:59:45.944764 np0000165170 devstack@n-api.service[100977]: INFO dbcounter [None req-f27e7c44-a731-4a19-83ef-800363215758 None None] Registered counter for database nova_cell0
Apr 11 16:59:45.944985 np0000165170 devstack@n-api.service[100975]: DEBUG oslo_concurrency.lockutils [None req-1f074769-26f1-4538-b1ce-6204988b3b5d None None] Lock "00000000-0000-0000-0000-000000000000" "released" by "nova.context.set_target_cell..get_or_set_cached_cell_and_set_connections" :: held 0.001s {{(pid=100975) inner /opt/stack/data/venv/lib/python3.12/site-packages/oslo_concurrency/lockutils.py:538}}
Apr 11 16:59:45.946178 np0000165170 devstack@n-api.service[100975]: DEBUG oslo_concurrency.lockutils [None req-1f074769-26f1-4538-b1ce-6204988b3b5d None None] Acquiring lock "022dba2f-b85f-46e3-8c68-4d3872ee70e8" by "nova.context.set_target_cell..get_or_set_cached_cell_and_set_connections" {{(pid=100975) inner /opt/stack/data/venv/lib/python3.12/site-packages/oslo_concurrency/lockutils.py:506}}
Apr 11 16:59:45.946384 np0000165170 devstack@n-api.service[100975]: DEBUG oslo_concurrency.lockutils [None req-1f074769-26f1-4538-b1ce-6204988b3b5d None None] Lock "022dba2f-b85f-46e3-8c68-4d3872ee70e8" acquired by "nova.context.set_target_cell..get_or_set_cached_cell_and_set_connections" :: waited 0.000s {{(pid=100975) inner /opt/stack/data/venv/lib/python3.12/site-packages/oslo_concurrency/lockutils.py:519}}
Apr 11 16:59:45.947168 np0000165170 devstack@n-api.service[100975]: DEBUG oslo_concurrency.lockutils [None req-1f074769-26f1-4538-b1ce-6204988b3b5d None None] Lock "022dba2f-b85f-46e3-8c68-4d3872ee70e8" "released" by "nova.context.set_target_cell..get_or_set_cached_cell_and_set_connections" :: held 0.001s {{(pid=100975) inner /opt/stack/data/venv/lib/python3.12/site-packages/oslo_concurrency/lockutils.py:538}}
Apr 11 16:59:45.950039 np0000165170 devstack@n-api.service[100975]: INFO dbcounter [None req-1f074769-26f1-4538-b1ce-6204988b3b5d None None] Registered counter for database nova_cell0
Apr 11 16:59:45.951256 np0000165170 devstack@n-api.service[100977]: INFO dbcounter [None req-f27e7c44-a731-4a19-83ef-800363215758 None None] Registered counter for database nova_cell1
Apr 11 16:59:45.953518 np0000165170 devstack@n-api.service[100976]: DEBUG oslo_db.sqlalchemy.engines [None req-db5e6bf7-614f-4fde-805b-8c3a2abecef4 None None] MySQL server mode set to STRICT_TRANS_TABLES,STRICT_ALL_TABLES,NO_ZERO_IN_DATE,NO_ZERO_DATE,ERROR_FOR_DIVISION_BY_ZERO,TRADITIONAL,NO_ENGINE_SUBSTITUTION {{(pid=100976) _check_effective_sql_mode /opt/stack/data/venv/lib/python3.12/site-packages/oslo_db/sqlalchemy/engines.py:325}}
Apr 11 16:59:45.953979 np0000165170 devstack@n-api.service[100975]: INFO dbcounter [None req-1f074769-26f1-4538-b1ce-6204988b3b5d None None] Registered counter for database nova_cell1
Apr 11 16:59:45.956267 np0000165170 devstack@n-api.service[100974]: DEBUG dbcounter [-] [100974] Writer thread running {{(pid=100974) stat_writer /opt/stack/data/venv/lib/python3.12/site-packages/dbcounter.py:102}}
Apr 11 16:59:45.958625 np0000165170 devstack@n-api.service[100974]: DEBUG nova.context [None req-edb5802e-979a-4267-871d-d35ae01d13d1 None None] Found 2 cells: 00000000-0000-0000-0000-000000000000(cell0),022dba2f-b85f-46e3-8c68-4d3872ee70e8(cell1) {{(pid=100974) load_cells /opt/stack/nova/nova/context.py:509}}
Apr 11 16:59:45.958849 np0000165170 devstack@n-api.service[100974]: INFO nova.utils [None req-edb5802e-979a-4267-871d-d35ae01d13d1 None None] The cell worker thread pool MainProcess.cell_worker is initialized
Apr 11 16:59:45.960659 np0000165170 devstack@n-api.service[100974]: DEBUG oslo_concurrency.lockutils [None req-edb5802e-979a-4267-871d-d35ae01d13d1 None None] Acquiring lock "00000000-0000-0000-0000-000000000000" by "nova.context.set_target_cell..get_or_set_cached_cell_and_set_connections" {{(pid=100974) inner /opt/stack/data/venv/lib/python3.12/site-packages/oslo_concurrency/lockutils.py:506}}
Apr 11 16:59:45.960879 np0000165170 devstack@n-api.service[100974]: DEBUG oslo_concurrency.lockutils [None req-edb5802e-979a-4267-871d-d35ae01d13d1 None None] Lock "00000000-0000-0000-0000-000000000000" acquired by "nova.context.set_target_cell..get_or_set_cached_cell_and_set_connections" :: waited 0.000s {{(pid=100974) inner /opt/stack/data/venv/lib/python3.12/site-packages/oslo_concurrency/lockutils.py:519}}
Apr 11 16:59:45.960949 np0000165170 devstack@n-api.service[100977]: DEBUG oslo_db.sqlalchemy.engines [None req-f27e7c44-a731-4a19-83ef-800363215758 None None] MySQL server mode set to STRICT_TRANS_TABLES,STRICT_ALL_TABLES,NO_ZERO_IN_DATE,NO_ZERO_DATE,ERROR_FOR_DIVISION_BY_ZERO,TRADITIONAL,NO_ENGINE_SUBSTITUTION {{(pid=100977) _check_effective_sql_mode /opt/stack/data/venv/lib/python3.12/site-packages/oslo_db/sqlalchemy/engines.py:325}}
Apr 11 16:59:45.961197 np0000165170 devstack@n-api.service[100974]: DEBUG oslo_concurrency.lockutils [None req-edb5802e-979a-4267-871d-d35ae01d13d1 None None] Lock "00000000-0000-0000-0000-000000000000" "released" by "nova.context.set_target_cell..get_or_set_cached_cell_and_set_connections" :: held 0.000s {{(pid=100974) inner /opt/stack/data/venv/lib/python3.12/site-packages/oslo_concurrency/lockutils.py:538}}
Apr 11 16:59:45.961876 np0000165170 devstack@n-api.service[100974]: DEBUG oslo_concurrency.lockutils [None req-edb5802e-979a-4267-871d-d35ae01d13d1 None None] Acquiring lock "022dba2f-b85f-46e3-8c68-4d3872ee70e8" by "nova.context.set_target_cell..get_or_set_cached_cell_and_set_connections" {{(pid=100974) inner /opt/stack/data/venv/lib/python3.12/site-packages/oslo_concurrency/lockutils.py:506}}
Apr 11 16:59:45.962041 np0000165170 devstack@n-api.service[100974]: DEBUG oslo_concurrency.lockutils [None req-edb5802e-979a-4267-871d-d35ae01d13d1 None None] Lock "022dba2f-b85f-46e3-8c68-4d3872ee70e8" acquired by "nova.context.set_target_cell..get_or_set_cached_cell_and_set_connections" :: waited 0.000s {{(pid=100974) inner /opt/stack/data/venv/lib/python3.12/site-packages/oslo_concurrency/lockutils.py:519}}
Apr 11 16:59:45.962886 np0000165170 devstack@n-api.service[100974]: DEBUG oslo_concurrency.lockutils [None req-edb5802e-979a-4267-871d-d35ae01d13d1 None None] Lock "022dba2f-b85f-46e3-8c68-4d3872ee70e8" "released" by "nova.context.set_target_cell..get_or_set_cached_cell_and_set_connections" :: held 0.001s {{(pid=100974) inner /opt/stack/data/venv/lib/python3.12/site-packages/oslo_concurrency/lockutils.py:538}}
Apr 11 16:59:45.963928 np0000165170 devstack@n-api.service[100975]: DEBUG oslo_db.sqlalchemy.engines [None req-1f074769-26f1-4538-b1ce-6204988b3b5d None None] MySQL server mode set to STRICT_TRANS_TABLES,STRICT_ALL_TABLES,NO_ZERO_IN_DATE,NO_ZERO_DATE,ERROR_FOR_DIVISION_BY_ZERO,TRADITIONAL,NO_ENGINE_SUBSTITUTION {{(pid=100975) _check_effective_sql_mode /opt/stack/data/venv/lib/python3.12/site-packages/oslo_db/sqlalchemy/engines.py:325}}
Apr 11 16:59:45.965493 np0000165170 devstack@n-api.service[100974]: INFO dbcounter [None req-edb5802e-979a-4267-871d-d35ae01d13d1 None None] Registered counter for database nova_cell0
Apr 11 16:59:45.970244 np0000165170 devstack@n-api.service[100974]: INFO dbcounter [None req-edb5802e-979a-4267-871d-d35ae01d13d1 None None] Registered counter for database nova_cell1
Apr 11 16:59:45.979387 np0000165170 devstack@n-api.service[100975]: DEBUG oslo_db.sqlalchemy.engines [None req-1f074769-26f1-4538-b1ce-6204988b3b5d None None] MySQL server mode set to STRICT_TRANS_TABLES,STRICT_ALL_TABLES,NO_ZERO_IN_DATE,NO_ZERO_DATE,ERROR_FOR_DIVISION_BY_ZERO,TRADITIONAL,NO_ENGINE_SUBSTITUTION {{(pid=100975) _check_effective_sql_mode /opt/stack/data/venv/lib/python3.12/site-packages/oslo_db/sqlalchemy/engines.py:325}}
Apr 11 16:59:45.980245 np0000165170 devstack@n-api.service[100977]: DEBUG oslo_db.sqlalchemy.engines [None req-f27e7c44-a731-4a19-83ef-800363215758 None None] MySQL server mode set to STRICT_TRANS_TABLES,STRICT_ALL_TABLES,NO_ZERO_IN_DATE,NO_ZERO_DATE,ERROR_FOR_DIVISION_BY_ZERO,TRADITIONAL,NO_ENGINE_SUBSTITUTION {{(pid=100977) _check_effective_sql_mode /opt/stack/data/venv/lib/python3.12/site-packages/oslo_db/sqlalchemy/engines.py:325}}
Apr 11 16:59:45.980353 np0000165170 devstack@n-api.service[100974]: DEBUG oslo_db.sqlalchemy.engines [None req-edb5802e-979a-4267-871d-d35ae01d13d1 None None] MySQL server mode set to STRICT_TRANS_TABLES,STRICT_ALL_TABLES,NO_ZERO_IN_DATE,NO_ZERO_DATE,ERROR_FOR_DIVISION_BY_ZERO,TRADITIONAL,NO_ENGINE_SUBSTITUTION {{(pid=100974) _check_effective_sql_mode /opt/stack/data/venv/lib/python3.12/site-packages/oslo_db/sqlalchemy/engines.py:325}}
Apr 11 16:59:45.986017 np0000165170 devstack@n-api.service[100976]: DEBUG dbcounter [-] [100976] Writer thread running {{(pid=100976) stat_writer /opt/stack/data/venv/lib/python3.12/site-packages/dbcounter.py:102}}
Apr 11 16:59:45.987926 np0000165170 devstack@n-api.service[100976]: DEBUG nova.context [None req-db5e6bf7-614f-4fde-805b-8c3a2abecef4 None None] Found 2 cells: 00000000-0000-0000-0000-000000000000(cell0),022dba2f-b85f-46e3-8c68-4d3872ee70e8(cell1) {{(pid=100976) load_cells /opt/stack/nova/nova/context.py:509}}
Apr 11 16:59:45.988148 np0000165170 devstack@n-api.service[100976]: INFO nova.utils [None req-db5e6bf7-614f-4fde-805b-8c3a2abecef4 None None] The cell worker thread pool MainProcess.cell_worker is initialized
Apr 11 16:59:45.989810 np0000165170 devstack@n-api.service[100976]: DEBUG oslo_concurrency.lockutils [None req-db5e6bf7-614f-4fde-805b-8c3a2abecef4 None None] Acquiring lock "00000000-0000-0000-0000-000000000000" by "nova.context.set_target_cell..get_or_set_cached_cell_and_set_connections" {{(pid=100976) inner /opt/stack/data/venv/lib/python3.12/site-packages/oslo_concurrency/lockutils.py:506}}
Apr 11 16:59:45.989973 np0000165170 devstack@n-api.service[100976]: DEBUG oslo_concurrency.lockutils [None req-db5e6bf7-614f-4fde-805b-8c3a2abecef4 None None] Lock "00000000-0000-0000-0000-000000000000" acquired by "nova.context.set_target_cell..get_or_set_cached_cell_and_set_connections" :: waited 0.000s {{(pid=100976) inner /opt/stack/data/venv/lib/python3.12/site-packages/oslo_concurrency/lockutils.py:519}}
Apr 11 16:59:45.990308 np0000165170 devstack@n-api.service[100976]: DEBUG oslo_concurrency.lockutils [None req-db5e6bf7-614f-4fde-805b-8c3a2abecef4 None None] Lock "00000000-0000-0000-0000-000000000000" "released" by "nova.context.set_target_cell..get_or_set_cached_cell_and_set_connections" :: held 0.000s {{(pid=100976) inner /opt/stack/data/venv/lib/python3.12/site-packages/oslo_concurrency/lockutils.py:538}}
Apr 11 16:59:45.990937 np0000165170 devstack@n-api.service[100976]: DEBUG oslo_concurrency.lockutils [None req-db5e6bf7-614f-4fde-805b-8c3a2abecef4 None None] Acquiring lock "022dba2f-b85f-46e3-8c68-4d3872ee70e8" by "nova.context.set_target_cell..get_or_set_cached_cell_and_set_connections" {{(pid=100976) inner /opt/stack/data/venv/lib/python3.12/site-packages/oslo_concurrency/lockutils.py:506}}
Apr 11 16:59:45.991064 np0000165170 devstack@n-api.service[100976]: DEBUG oslo_concurrency.lockutils [None req-db5e6bf7-614f-4fde-805b-8c3a2abecef4 None None] Lock "022dba2f-b85f-46e3-8c68-4d3872ee70e8" acquired by "nova.context.set_target_cell..get_or_set_cached_cell_and_set_connections" :: waited 0.000s {{(pid=100976) inner /opt/stack/data/venv/lib/python3.12/site-packages/oslo_concurrency/lockutils.py:519}}
Apr 11 16:59:45.991656 np0000165170 devstack@n-api.service[100974]: DEBUG oslo_db.sqlalchemy.engines [None req-edb5802e-979a-4267-871d-d35ae01d13d1 None None] MySQL server mode set to STRICT_TRANS_TABLES,STRICT_ALL_TABLES,NO_ZERO_IN_DATE,NO_ZERO_DATE,ERROR_FOR_DIVISION_BY_ZERO,TRADITIONAL,NO_ENGINE_SUBSTITUTION {{(pid=100974) _check_effective_sql_mode /opt/stack/data/venv/lib/python3.12/site-packages/oslo_db/sqlalchemy/engines.py:325}}
Apr 11 16:59:45.991878 np0000165170 devstack@n-api.service[100976]: DEBUG oslo_concurrency.lockutils [None req-db5e6bf7-614f-4fde-805b-8c3a2abecef4 None None] Lock "022dba2f-b85f-46e3-8c68-4d3872ee70e8" "released" by "nova.context.set_target_cell..get_or_set_cached_cell_and_set_connections" :: held 0.001s {{(pid=100976) inner /opt/stack/data/venv/lib/python3.12/site-packages/oslo_concurrency/lockutils.py:538}}
Apr 11 16:59:45.994272 np0000165170 devstack@n-api.service[100976]: INFO dbcounter [None req-db5e6bf7-614f-4fde-805b-8c3a2abecef4 None None] Registered counter for database nova_cell0
Apr 11 16:59:45.998860 np0000165170 devstack@n-api.service[100976]: INFO dbcounter [None req-db5e6bf7-614f-4fde-805b-8c3a2abecef4 None None] Registered counter for database nova_cell1
Apr 11 16:59:46.006554 np0000165170 devstack@n-api.service[100976]: DEBUG oslo_db.sqlalchemy.engines [None req-db5e6bf7-614f-4fde-805b-8c3a2abecef4 None None] MySQL server mode set to STRICT_TRANS_TABLES,STRICT_ALL_TABLES,NO_ZERO_IN_DATE,NO_ZERO_DATE,ERROR_FOR_DIVISION_BY_ZERO,TRADITIONAL,NO_ENGINE_SUBSTITUTION {{(pid=100976) _check_effective_sql_mode /opt/stack/data/venv/lib/python3.12/site-packages/oslo_db/sqlalchemy/engines.py:325}}
Apr 11 16:59:46.016859 np0000165170 devstack@n-api.service[100976]: DEBUG oslo_db.sqlalchemy.engines [None req-db5e6bf7-614f-4fde-805b-8c3a2abecef4 None None] MySQL server mode set to STRICT_TRANS_TABLES,STRICT_ALL_TABLES,NO_ZERO_IN_DATE,NO_ZERO_DATE,ERROR_FOR_DIVISION_BY_ZERO,TRADITIONAL,NO_ENGINE_SUBSTITUTION {{(pid=100976) _check_effective_sql_mode /opt/stack/data/venv/lib/python3.12/site-packages/oslo_db/sqlalchemy/engines.py:325}}
Apr 11 16:59:46.049234 np0000165170 devstack@n-api.service[100977]: DEBUG dbcounter [-] [100977] Writer thread running {{(pid=100977) stat_writer /opt/stack/data/venv/lib/python3.12/site-packages/dbcounter.py:102}}
Apr 11 16:59:46.053644 np0000165170 devstack@n-api.service[100977]: DEBUG dbcounter [-] [100977] Writer thread running {{(pid=100977) stat_writer /opt/stack/data/venv/lib/python3.12/site-packages/dbcounter.py:102}}
Apr 11 16:59:46.057928 np0000165170 devstack@n-api.service[100977]: INFO dbcounter [None req-f27e7c44-a731-4a19-83ef-800363215758 None None] Registered counter for database nova_cell0
Apr 11 16:59:46.067996 np0000165170 devstack@n-api.service[100974]: DEBUG dbcounter [-] [100974] Writer thread running {{(pid=100974) stat_writer /opt/stack/data/venv/lib/python3.12/site-packages/dbcounter.py:102}}
Apr 11 16:59:46.068930 np0000165170 devstack@n-api.service[100977]: DEBUG oslo_db.sqlalchemy.engines [None req-f27e7c44-a731-4a19-83ef-800363215758 None None] MySQL server mode set to STRICT_TRANS_TABLES,STRICT_ALL_TABLES,NO_ZERO_IN_DATE,NO_ZERO_DATE,ERROR_FOR_DIVISION_BY_ZERO,TRADITIONAL,NO_ENGINE_SUBSTITUTION {{(pid=100977) _check_effective_sql_mode /opt/stack/data/venv/lib/python3.12/site-packages/oslo_db/sqlalchemy/engines.py:325}}
Apr 11 16:59:46.073613 np0000165170 devstack@n-api.service[100974]: DEBUG dbcounter [-] [100974] Writer thread running {{(pid=100974) stat_writer /opt/stack/data/venv/lib/python3.12/site-packages/dbcounter.py:102}}
Apr 11 16:59:46.078871 np0000165170 devstack@n-api.service[100974]: INFO dbcounter [None req-edb5802e-979a-4267-871d-d35ae01d13d1 None None] Registered counter for database nova_cell0
Apr 11 16:59:46.079716 np0000165170 devstack@n-api.service[100977]: DEBUG dbcounter [-] [100977] Writer thread running {{(pid=100977) stat_writer /opt/stack/data/venv/lib/python3.12/site-packages/dbcounter.py:102}}
Apr 11 16:59:46.082750 np0000165170 devstack@n-api.service[100975]: DEBUG dbcounter [-] [100975] Writer thread running {{(pid=100975) stat_writer /opt/stack/data/venv/lib/python3.12/site-packages/dbcounter.py:102}}
Apr 11 16:59:46.085423 np0000165170 devstack@n-api.service[100975]: DEBUG dbcounter [-] [100975] Writer thread running {{(pid=100975) stat_writer /opt/stack/data/venv/lib/python3.12/site-packages/dbcounter.py:102}}
Apr 11 16:59:46.087134 np0000165170 devstack@n-api.service[100974]: DEBUG oslo_db.sqlalchemy.engines [None req-edb5802e-979a-4267-871d-d35ae01d13d1 None None] MySQL server mode set to STRICT_TRANS_TABLES,STRICT_ALL_TABLES,NO_ZERO_IN_DATE,NO_ZERO_DATE,ERROR_FOR_DIVISION_BY_ZERO,TRADITIONAL,NO_ENGINE_SUBSTITUTION {{(pid=100974) _check_effective_sql_mode /opt/stack/data/venv/lib/python3.12/site-packages/oslo_db/sqlalchemy/engines.py:325}}
Apr 11 16:59:46.094688 np0000165170 devstack@n-api.service[100974]: DEBUG dbcounter [-] [100974] Writer thread running {{(pid=100974) stat_writer /opt/stack/data/venv/lib/python3.12/site-packages/dbcounter.py:102}}
Apr 11 16:59:46.107313 np0000165170 devstack@n-api.service[100976]: DEBUG dbcounter [-] [100976] Writer thread running {{(pid=100976) stat_writer /opt/stack/data/venv/lib/python3.12/site-packages/dbcounter.py:102}}
Apr 11 16:59:46.112804 np0000165170 devstack@n-api.service[100976]: DEBUG dbcounter [-] [100976] Writer thread running {{(pid=100976) stat_writer /opt/stack/data/venv/lib/python3.12/site-packages/dbcounter.py:102}}
Apr 11 16:59:46.134645 np0000165170 devstack@n-api.service[100975]: INFO dbcounter [None req-1f074769-26f1-4538-b1ce-6204988b3b5d None None] Registered counter for database nova_cell0
Apr 11 16:59:46.134900 np0000165170 devstack@n-api.service[100976]: INFO dbcounter [None req-db5e6bf7-614f-4fde-805b-8c3a2abecef4 None None] Registered counter for database nova_cell0
Apr 11 16:59:46.145420 np0000165170 devstack@n-api.service[100976]: DEBUG oslo_db.sqlalchemy.engines [None req-db5e6bf7-614f-4fde-805b-8c3a2abecef4 None None] MySQL server mode set to STRICT_TRANS_TABLES,STRICT_ALL_TABLES,NO_ZERO_IN_DATE,NO_ZERO_DATE,ERROR_FOR_DIVISION_BY_ZERO,TRADITIONAL,NO_ENGINE_SUBSTITUTION {{(pid=100976) _check_effective_sql_mode /opt/stack/data/venv/lib/python3.12/site-packages/oslo_db/sqlalchemy/engines.py:325}}
Apr 11 16:59:46.150967 np0000165170 devstack@n-api.service[100975]: DEBUG oslo_db.sqlalchemy.engines [None req-1f074769-26f1-4538-b1ce-6204988b3b5d None None] MySQL server mode set to STRICT_TRANS_TABLES,STRICT_ALL_TABLES,NO_ZERO_IN_DATE,NO_ZERO_DATE,ERROR_FOR_DIVISION_BY_ZERO,TRADITIONAL,NO_ENGINE_SUBSTITUTION {{(pid=100975) _check_effective_sql_mode /opt/stack/data/venv/lib/python3.12/site-packages/oslo_db/sqlalchemy/engines.py:325}}
Apr 11 16:59:46.153907 np0000165170 devstack@n-api.service[100976]: DEBUG dbcounter [-] [100976] Writer thread running {{(pid=100976) stat_writer /opt/stack/data/venv/lib/python3.12/site-packages/dbcounter.py:102}}
Apr 11 16:59:46.161888 np0000165170 devstack@n-api.service[100975]: DEBUG dbcounter [-] [100975] Writer thread running {{(pid=100975) stat_writer /opt/stack/data/venv/lib/python3.12/site-packages/dbcounter.py:102}}
Apr 11 16:59:46.583832 np0000165170 devstack@n-api.service[100977]: DEBUG oslo_concurrency.processutils [None req-f27e7c44-a731-4a19-83ef-800363215758 None None] Running cmd (subprocess): grep -F node.session.scan /sbin/iscsiadm {{(pid=100977) execute /opt/stack/data/venv/lib/python3.12/site-packages/oslo_concurrency/processutils.py:440}}
Apr 11 16:59:46.591678 np0000165170 devstack@n-api.service[100974]: DEBUG oslo_concurrency.processutils [None req-edb5802e-979a-4267-871d-d35ae01d13d1 None None] Running cmd (subprocess): grep -F node.session.scan /sbin/iscsiadm {{(pid=100974) execute /opt/stack/data/venv/lib/python3.12/site-packages/oslo_concurrency/processutils.py:440}}
Apr 11 16:59:46.591790 np0000165170 devstack@n-api.service[100976]: DEBUG oslo_concurrency.processutils [None req-db5e6bf7-614f-4fde-805b-8c3a2abecef4 None None] Running cmd (subprocess): grep -F node.session.scan /sbin/iscsiadm {{(pid=100976) execute /opt/stack/data/venv/lib/python3.12/site-packages/oslo_concurrency/processutils.py:440}}
Apr 11 16:59:46.592081 np0000165170 devstack@n-api.service[100975]: DEBUG oslo_concurrency.processutils [None req-1f074769-26f1-4538-b1ce-6204988b3b5d None None] Running cmd (subprocess): grep -F node.session.scan /sbin/iscsiadm {{(pid=100975) execute /opt/stack/data/venv/lib/python3.12/site-packages/oslo_concurrency/processutils.py:440}}
Apr 11 16:59:46.602837 np0000165170 devstack@n-api.service[100977]: DEBUG oslo_concurrency.processutils [None req-f27e7c44-a731-4a19-83ef-800363215758 None None] CMD "grep -F node.session.scan /sbin/iscsiadm" returned: 0 in 0.019s {{(pid=100977) execute /opt/stack/data/venv/lib/python3.12/site-packages/oslo_concurrency/processutils.py:468}}
Apr 11 16:59:46.610042 np0000165170 devstack@n-api.service[100974]: DEBUG oslo_concurrency.processutils [None req-edb5802e-979a-4267-871d-d35ae01d13d1 None None] CMD "grep -F node.session.scan /sbin/iscsiadm" returned: 0 in 0.018s {{(pid=100974) execute /opt/stack/data/venv/lib/python3.12/site-packages/oslo_concurrency/processutils.py:468}}
Apr 11 16:59:46.610907 np0000165170 devstack@n-api.service[100975]: DEBUG oslo_concurrency.processutils [None req-1f074769-26f1-4538-b1ce-6204988b3b5d None None] CMD "grep -F node.session.scan /sbin/iscsiadm" returned: 0 in 0.019s {{(pid=100975) execute /opt/stack/data/venv/lib/python3.12/site-packages/oslo_concurrency/processutils.py:468}}
Apr 11 16:59:46.611640 np0000165170 devstack@n-api.service[100976]: DEBUG oslo_concurrency.processutils [None req-db5e6bf7-614f-4fde-805b-8c3a2abecef4 None None] CMD "grep -F node.session.scan /sbin/iscsiadm" returned: 0 in 0.020s {{(pid=100976) execute /opt/stack/data/venv/lib/python3.12/site-packages/oslo_concurrency/processutils.py:468}}
Apr 11 16:59:47.008842 np0000165170 devstack@n-api.service[100974]: WARNING keystonemiddleware.auth_token [None req-edb5802e-979a-4267-871d-d35ae01d13d1 None None] AuthToken middleware is set with keystone_authtoken.service_token_roles_required set to False. This is backwards compatible but deprecated behaviour. Please set this to True.
Apr 11 16:59:47.009482 np0000165170 devstack@n-api.service[100975]: WARNING keystonemiddleware.auth_token [None req-1f074769-26f1-4538-b1ce-6204988b3b5d None None] AuthToken middleware is set with keystone_authtoken.service_token_roles_required set to False. This is backwards compatible but deprecated behaviour. Please set this to True.
Apr 11 16:59:47.009852 np0000165170 devstack@n-api.service[100976]: WARNING keystonemiddleware.auth_token [None req-db5e6bf7-614f-4fde-805b-8c3a2abecef4 None None] AuthToken middleware is set with keystone_authtoken.service_token_roles_required set to False. This is backwards compatible but deprecated behaviour. Please set this to True.
Apr 11 16:59:47.015282 np0000165170 devstack@n-api.service[100977]: WARNING keystonemiddleware.auth_token [None req-f27e7c44-a731-4a19-83ef-800363215758 None None] AuthToken middleware is set with keystone_authtoken.service_token_roles_required set to False. This is backwards compatible but deprecated behaviour. Please set this to True.
Apr 11 16:59:47.188437 np0000165170 devstack@n-api.service[100976]: WARNING keystonemiddleware.auth_token [None req-db5e6bf7-614f-4fde-805b-8c3a2abecef4 None None] AuthToken middleware is set with keystone_authtoken.service_token_roles_required set to False. This is backwards compatible but deprecated behaviour. Please set this to True.
Apr 11 16:59:47.192986 np0000165170 devstack@n-api.service[100974]: WARNING keystonemiddleware.auth_token [None req-edb5802e-979a-4267-871d-d35ae01d13d1 None None] AuthToken middleware is set with keystone_authtoken.service_token_roles_required set to False. This is backwards compatible but deprecated behaviour. Please set this to True.
Apr 11 16:59:47.193408 np0000165170 devstack@n-api.service[100976]: DEBUG nova.api.openstack.wsgi_app [None req-db5e6bf7-614f-4fde-805b-8c3a2abecef4 None None] ******************************************************************************** {{(pid=100976) log_opt_values /opt/stack/data/venv/lib/python3.12/site-packages/oslo_config/cfg.py:2979}}
Apr 11 16:59:47.193513 np0000165170 devstack@n-api.service[100976]: DEBUG nova.api.openstack.wsgi_app [None req-db5e6bf7-614f-4fde-805b-8c3a2abecef4 None None] Configuration options gathered from: {{(pid=100976) log_opt_values /opt/stack/data/venv/lib/python3.12/site-packages/oslo_config/cfg.py:2980}}
Apr 11 16:59:47.193644 np0000165170 devstack@n-api.service[100975]: WARNING keystonemiddleware.auth_token [None req-1f074769-26f1-4538-b1ce-6204988b3b5d None None] AuthToken middleware is set with keystone_authtoken.service_token_roles_required set to False. This is backwards compatible but deprecated behaviour. Please set this to True.
Apr 11 16:59:47.193812 np0000165170 devstack@n-api.service[100976]: DEBUG nova.api.openstack.wsgi_app [None req-db5e6bf7-614f-4fde-805b-8c3a2abecef4 None None] command line args: [] {{(pid=100976) log_opt_values /opt/stack/data/venv/lib/python3.12/site-packages/oslo_config/cfg.py:2981}}
Apr 11 16:59:47.193965 np0000165170 devstack@n-api.service[100976]: DEBUG nova.api.openstack.wsgi_app [None req-db5e6bf7-614f-4fde-805b-8c3a2abecef4 None None] config files: ['/etc/nova/api-paste.ini', '/etc/nova/nova.conf'] {{(pid=100976) log_opt_values /opt/stack/data/venv/lib/python3.12/site-packages/oslo_config/cfg.py:2982}}
Apr 11 16:59:47.194082 np0000165170 devstack@n-api.service[100976]: DEBUG nova.api.openstack.wsgi_app [None req-db5e6bf7-614f-4fde-805b-8c3a2abecef4 None None] ================================================================================ {{(pid=100976) log_opt_values /opt/stack/data/venv/lib/python3.12/site-packages/oslo_config/cfg.py:2987}}
Apr 11 16:59:47.194202 np0000165170 devstack@n-api.service[100976]: DEBUG nova.api.openstack.wsgi_app [None req-db5e6bf7-614f-4fde-805b-8c3a2abecef4 None None] allow_resize_to_same_host = True {{(pid=100976) log_opt_values /opt/stack/data/venv/lib/python3.12/site-packages/oslo_config/cfg.py:2995}}
Apr 11 16:59:47.194371 np0000165170 devstack@n-api.service[100976]: DEBUG nova.api.openstack.wsgi_app [None req-db5e6bf7-614f-4fde-805b-8c3a2abecef4 None None] arq_binding_timeout = 300 {{(pid=100976) log_opt_values /opt/stack/data/venv/lib/python3.12/site-packages/oslo_config/cfg.py:2995}}
Apr 11 16:59:47.194504 np0000165170 devstack@n-api.service[100976]: DEBUG nova.api.openstack.wsgi_app [None req-db5e6bf7-614f-4fde-805b-8c3a2abecef4 None None] block_device_allocate_retries = 60 {{(pid=100976) log_opt_values /opt/stack/data/venv/lib/python3.12/site-packages/oslo_config/cfg.py:2995}}
Apr 11 16:59:47.194603 np0000165170 devstack@n-api.service[100976]: DEBUG nova.api.openstack.wsgi_app [None req-db5e6bf7-614f-4fde-805b-8c3a2abecef4 None None] block_device_allocate_retries_interval = 3 {{(pid=100976) log_opt_values /opt/stack/data/venv/lib/python3.12/site-packages/oslo_config/cfg.py:2995}}
Apr 11 16:59:47.194731 np0000165170 devstack@n-api.service[100976]: DEBUG nova.api.openstack.wsgi_app [None req-db5e6bf7-614f-4fde-805b-8c3a2abecef4 None None] cell_worker_thread_pool_size = 5 {{(pid=100976) log_opt_values /opt/stack/data/venv/lib/python3.12/site-packages/oslo_config/cfg.py:2995}}
Apr 11 16:59:47.194852 np0000165170 devstack@n-api.service[100976]: DEBUG nova.api.openstack.wsgi_app [None req-db5e6bf7-614f-4fde-805b-8c3a2abecef4 None None] cert = self.pem {{(pid=100976) log_opt_values /opt/stack/data/venv/lib/python3.12/site-packages/oslo_config/cfg.py:2995}}
Apr 11 16:59:47.194986 np0000165170 devstack@n-api.service[100976]: DEBUG nova.api.openstack.wsgi_app [None req-db5e6bf7-614f-4fde-805b-8c3a2abecef4 None None] compute_driver = libvirt.LibvirtDriver {{(pid=100976) log_opt_values /opt/stack/data/venv/lib/python3.12/site-packages/oslo_config/cfg.py:2995}}
Apr 11 16:59:47.195111 np0000165170 devstack@n-api.service[100976]: DEBUG nova.api.openstack.wsgi_app [None req-db5e6bf7-614f-4fde-805b-8c3a2abecef4 None None] compute_monitors = [] {{(pid=100976) log_opt_values /opt/stack/data/venv/lib/python3.12/site-packages/oslo_config/cfg.py:2995}}
Apr 11 16:59:47.195238 np0000165170 devstack@n-api.service[100976]: DEBUG nova.api.openstack.wsgi_app [None req-db5e6bf7-614f-4fde-805b-8c3a2abecef4 None None] config_dir = [] {{(pid=100976) log_opt_values /opt/stack/data/venv/lib/python3.12/site-packages/oslo_config/cfg.py:2995}}
Apr 11 16:59:47.195393 np0000165170 devstack@n-api.service[100976]: DEBUG nova.api.openstack.wsgi_app [None req-db5e6bf7-614f-4fde-805b-8c3a2abecef4 None None] config_drive_format = iso9660 {{(pid=100976) log_opt_values /opt/stack/data/venv/lib/python3.12/site-packages/oslo_config/cfg.py:2995}}
Apr 11 16:59:47.195520 np0000165170 devstack@n-api.service[100976]: DEBUG nova.api.openstack.wsgi_app [None req-db5e6bf7-614f-4fde-805b-8c3a2abecef4 None None] config_file = ['/etc/nova/api-paste.ini', '/etc/nova/nova.conf'] {{(pid=100976) log_opt_values /opt/stack/data/venv/lib/python3.12/site-packages/oslo_config/cfg.py:2995}}
Apr 11 16:59:47.195627 np0000165170 devstack@n-api.service[100976]: DEBUG nova.api.openstack.wsgi_app [None req-db5e6bf7-614f-4fde-805b-8c3a2abecef4 None None] config_source = [] {{(pid=100976) log_opt_values /opt/stack/data/venv/lib/python3.12/site-packages/oslo_config/cfg.py:2995}}
Apr 11 16:59:47.195750 np0000165170 devstack@n-api.service[100976]: DEBUG nova.api.openstack.wsgi_app [None req-db5e6bf7-614f-4fde-805b-8c3a2abecef4 None None] console_host = np0000165170 {{(pid=100976) log_opt_values /opt/stack/data/venv/lib/python3.12/site-packages/oslo_config/cfg.py:2995}}
Apr 11 16:59:47.195894 np0000165170 devstack@n-api.service[100976]: DEBUG nova.api.openstack.wsgi_app [None req-db5e6bf7-614f-4fde-805b-8c3a2abecef4 None None] control_exchange = nova {{(pid=100976) log_opt_values /opt/stack/data/venv/lib/python3.12/site-packages/oslo_config/cfg.py:2995}}
Apr 11 16:59:47.196024 np0000165170 devstack@n-api.service[100976]: DEBUG nova.api.openstack.wsgi_app [None req-db5e6bf7-614f-4fde-805b-8c3a2abecef4 None None] cpu_allocation_ratio = None {{(pid=100976) log_opt_values /opt/stack/data/venv/lib/python3.12/site-packages/oslo_config/cfg.py:2995}}
Apr 11 16:59:47.196129 np0000165170 devstack@n-api.service[100976]: DEBUG nova.api.openstack.wsgi_app [None req-db5e6bf7-614f-4fde-805b-8c3a2abecef4 None None] daemon = False {{(pid=100976) log_opt_values /opt/stack/data/venv/lib/python3.12/site-packages/oslo_config/cfg.py:2995}}
Apr 11 16:59:47.196247 np0000165170 devstack@n-api.service[100976]: DEBUG nova.api.openstack.wsgi_app [None req-db5e6bf7-614f-4fde-805b-8c3a2abecef4 None None] debug = True {{(pid=100976) log_opt_values /opt/stack/data/venv/lib/python3.12/site-packages/oslo_config/cfg.py:2995}}
Apr 11 16:59:47.196415 np0000165170 devstack@n-api.service[100976]: DEBUG nova.api.openstack.wsgi_app [None req-db5e6bf7-614f-4fde-805b-8c3a2abecef4 None None] default_access_ip_network_name = None {{(pid=100976) log_opt_values /opt/stack/data/venv/lib/python3.12/site-packages/oslo_config/cfg.py:2995}}
Apr 11 16:59:47.196553 np0000165170 devstack@n-api.service[100976]: DEBUG nova.api.openstack.wsgi_app [None req-db5e6bf7-614f-4fde-805b-8c3a2abecef4 None None] default_availability_zone = nova {{(pid=100976) log_opt_values /opt/stack/data/venv/lib/python3.12/site-packages/oslo_config/cfg.py:2995}}
Apr 11 16:59:47.196623 np0000165170 devstack@n-api.service[100976]: DEBUG nova.api.openstack.wsgi_app [None req-db5e6bf7-614f-4fde-805b-8c3a2abecef4 None None] default_ephemeral_format = ext4 {{(pid=100976) log_opt_values /opt/stack/data/venv/lib/python3.12/site-packages/oslo_config/cfg.py:2995}}
Apr 11 16:59:47.196760 np0000165170 devstack@n-api.service[100976]: DEBUG nova.api.openstack.wsgi_app [None req-db5e6bf7-614f-4fde-805b-8c3a2abecef4 None None] default_green_pool_size = 1000 {{(pid=100976) log_opt_values /opt/stack/data/venv/lib/python3.12/site-packages/oslo_config/cfg.py:2995}}
Apr 11 16:59:47.196963 np0000165170 devstack@n-api.service[100976]: DEBUG nova.api.openstack.wsgi_app [None req-db5e6bf7-614f-4fde-805b-8c3a2abecef4 None None] default_log_levels = ['amqp=WARN', 'boto=WARN', 'sqlalchemy=WARN', 'suds=INFO', 'oslo.messaging=INFO', 'oslo_messaging=INFO', 'iso8601=WARN', 'requests.packages.urllib3.connectionpool=WARN', 'urllib3.connectionpool=WARN', 'websocket=WARN', 'requests.packages.urllib3.util.retry=WARN', 'urllib3.util.retry=WARN', 'keystonemiddleware=WARN', 'routes.middleware=WARN', 'stevedore=WARN', 'taskflow=WARN', 'keystoneauth=WARN', 'oslo.cache=INFO', 'oslo_policy=INFO', 'dogpile.core.dogpile=INFO', 'glanceclient=WARN', 'oslo.privsep.daemon=INFO'] {{(pid=100976) log_opt_values /opt/stack/data/venv/lib/python3.12/site-packages/oslo_config/cfg.py:2995}}
Apr 11 16:59:47.197199 np0000165170 devstack@n-api.service[100976]: DEBUG nova.api.openstack.wsgi_app [None req-db5e6bf7-614f-4fde-805b-8c3a2abecef4 None None] default_schedule_zone = None {{(pid=100976) log_opt_values /opt/stack/data/venv/lib/python3.12/site-packages/oslo_config/cfg.py:2995}}
Apr 11 16:59:47.197323 np0000165170 devstack@n-api.service[100976]: DEBUG nova.api.openstack.wsgi_app [None req-db5e6bf7-614f-4fde-805b-8c3a2abecef4 None None] default_thread_pool_size = 10 {{(pid=100976) log_opt_values /opt/stack/data/venv/lib/python3.12/site-packages/oslo_config/cfg.py:2995}}
Apr 11 16:59:47.197323 np0000165170 devstack@n-api.service[100976]: DEBUG nova.api.openstack.wsgi_app [None req-db5e6bf7-614f-4fde-805b-8c3a2abecef4 None None] disk_allocation_ratio = None {{(pid=100976) log_opt_values /opt/stack/data/venv/lib/python3.12/site-packages/oslo_config/cfg.py:2995}}
Apr 11 16:59:47.197582 np0000165170 devstack@n-api.service[100976]: DEBUG nova.api.openstack.wsgi_app [None req-db5e6bf7-614f-4fde-805b-8c3a2abecef4 None None] enable_new_services = True {{(pid=100976) log_opt_values /opt/stack/data/venv/lib/python3.12/site-packages/oslo_config/cfg.py:2995}}
Apr 11 16:59:47.197582 np0000165170 devstack@n-api.service[100976]: DEBUG nova.api.openstack.wsgi_app [None req-db5e6bf7-614f-4fde-805b-8c3a2abecef4 None None] flat_injected = False {{(pid=100976) log_opt_values /opt/stack/data/venv/lib/python3.12/site-packages/oslo_config/cfg.py:2995}}
Apr 11 16:59:47.197732 np0000165170 devstack@n-api.service[100976]: DEBUG nova.api.openstack.wsgi_app [None req-db5e6bf7-614f-4fde-805b-8c3a2abecef4 None None] force_config_drive = False {{(pid=100976) log_opt_values /opt/stack/data/venv/lib/python3.12/site-packages/oslo_config/cfg.py:2995}}
