Jul 07 01:27:36.837567 np0000184299 devstack@neutron-api.service[102216]: DEBUG neutron.api.extensions [None req-2a1cdeb4-62df-47bd-8213-61f2caf8f64d None None] Loading extension file: ip_substring_port_filtering.py {{(pid=102216) _load_all_extensions_from_path /opt/stack/neutron/neutron/api/extensions.py:449}}
Jul 07 01:27:36.837800 np0000184299 devstack@neutron-api.service[102216]: DEBUG neutron.api.extensions [None req-2a1cdeb4-62df-47bd-8213-61f2caf8f64d None None] Ext name="IP address substring filtering" alias="ip-substring-filtering" description="Provides IP address substring filtering when listing ports" updated="2017-11-28T09:00:00-00:00" {{(pid=102216) _check_extension /opt/stack/neutron/neutron/api/extensions.py:415}}
Jul 07 01:27:36.837961 np0000184299 devstack@neutron-api.service[102216]: INFO neutron.api.extensions [None req-2a1cdeb4-62df-47bd-8213-61f2caf8f64d None None] Extension ip-substring-filtering not supported by any of loaded plugins
Jul 07 01:27:36.838048 np0000184299 devstack@neutron-api.service[102216]: DEBUG neutron.api.extensions [None req-2a1cdeb4-62df-47bd-8213-61f2caf8f64d None None] Loading extension file: l2_adjacency.py {{(pid=102216) _load_all_extensions_from_path /opt/stack/neutron/neutron/api/extensions.py:449}}
Jul 07 01:27:36.838275 np0000184299 devstack@neutron-api.service[102216]: DEBUG neutron.api.extensions [None req-2a1cdeb4-62df-47bd-8213-61f2caf8f64d None None] Ext name="L2 Adjacency" alias="l2_adjacency" description="Display L2 Adjacency for Neutron Networks." updated="2016-04-12T16:00:00-00:00" {{(pid=102216) _check_extension /opt/stack/neutron/neutron/api/extensions.py:415}}
Jul 07 01:27:36.838518 np0000184299 devstack@neutron-api.service[102216]: INFO neutron.api.extensions [None req-2a1cdeb4-62df-47bd-8213-61f2caf8f64d None None] Extension l2_adjacency not supported by any of loaded plugins
Jul 07 01:27:36.838617 np0000184299 devstack@neutron-api.service[102216]: DEBUG neutron.api.extensions [None req-2a1cdeb4-62df-47bd-8213-61f2caf8f64d None None] Loading extension file: l3.py {{(pid=102216) _load_all_extensions_from_path /opt/stack/neutron/neutron/api/extensions.py:449}}
Jul 07 01:27:36.839027 np0000184299 devstack@neutron-api.service[102216]: DEBUG neutron.api.extensions [None req-2a1cdeb4-62df-47bd-8213-61f2caf8f64d None None] Ext name="Neutron L3 Router" alias="router" description="Router abstraction for basic L3 forwarding between L2 Neutron networks and access to external networks via a NAT gateway." updated="2012-07-20T10:00:00-00:00" {{(pid=102216) _check_extension /opt/stack/neutron/neutron/api/extensions.py:415}}
Jul 07 01:27:36.839204 np0000184299 devstack@neutron-api.service[102216]: INFO neutron.api.extensions [None req-2a1cdeb4-62df-47bd-8213-61f2caf8f64d None None] Loaded extension: router
Jul 07 01:27:36.839296 np0000184299 devstack@neutron-api.service[102216]: DEBUG neutron.api.extensions [None req-2a1cdeb4-62df-47bd-8213-61f2caf8f64d None None] Loading extension file: l3_agent_scheduler_ha_chassis_priority.py {{(pid=102216) _load_all_extensions_from_path /opt/stack/neutron/neutron/api/extensions.py:449}}
Jul 07 01:27:36.839546 np0000184299 devstack@neutron-api.service[102216]: DEBUG neutron.api.extensions [None req-2a1cdeb4-62df-47bd-8213-61f2caf8f64d None None] Ext name="L3 Agent Scheduler HA Chassis Priority" alias="l3-agent-scheduler-ha-chassis-priority" description="Exposes the HA_Chassis priority in the L3 Agent Scheduler API responses and allows setting priority when scheduling a router to a chassis." updated="2026-03-31T00:00:00-00:00" {{(pid=102216) _check_extension /opt/stack/neutron/neutron/api/extensions.py:415}}
Jul 07 01:27:36.839714 np0000184299 devstack@neutron-api.service[102216]: INFO neutron.api.extensions [None req-2a1cdeb4-62df-47bd-8213-61f2caf8f64d None None] Loaded extension: l3-agent-scheduler-ha-chassis-priority
Jul 07 01:27:36.839891 np0000184299 devstack@neutron-api.service[102216]: DEBUG neutron.api.extensions [None req-2a1cdeb4-62df-47bd-8213-61f2caf8f64d None None] Loading extension file: l3_conntrack_helper.py {{(pid=102216) _load_all_extensions_from_path /opt/stack/neutron/neutron/api/extensions.py:449}}
Jul 07 01:27:36.840776 np0000184299 devstack@neutron-api.service[102216]: DEBUG neutron.api.extensions [None req-2a1cdeb4-62df-47bd-8213-61f2caf8f64d None None] Ext name="L3 Conntrack helper" alias="l3-conntrack-helper" description="Allow adding CT target rules for conntrack helper" updated="2019-04-04T10:00:00-00:00" {{(pid=102216) _check_extension /opt/stack/neutron/neutron/api/extensions.py:415}}
Jul 07 01:27:36.841079 np0000184299 devstack@neutron-api.service[102216]: INFO neutron.api.extensions [None req-2a1cdeb4-62df-47bd-8213-61f2caf8f64d None None] Extension l3-conntrack-helper not supported by any of loaded plugins
Jul 07 01:27:36.841243 np0000184299 devstack@neutron-api.service[102216]: DEBUG neutron.api.extensions [None req-2a1cdeb4-62df-47bd-8213-61f2caf8f64d None None] Loading extension file: l3_enable_default_route_bfd.py {{(pid=102216) _load_all_extensions_from_path /opt/stack/neutron/neutron/api/extensions.py:449}}
Jul 07 01:27:36.841696 np0000184299 devstack@neutron-api.service[102216]: DEBUG neutron.api.extensions [None req-2a1cdeb4-62df-47bd-8213-61f2caf8f64d None None] Ext name="Enable Default Route BFD" alias="enable-default-route-bfd" description="Enables configurable BFD behavior for default routes" updated="2023-02-27T00:00:00-00:00" {{(pid=102216) _check_extension /opt/stack/neutron/neutron/api/extensions.py:415}}
Jul 07 01:27:36.841992 np0000184299 devstack@neutron-api.service[102216]: INFO neutron.api.extensions [None req-2a1cdeb4-62df-47bd-8213-61f2caf8f64d None None] Loaded extension: enable-default-route-bfd
Jul 07 01:27:36.842096 np0000184299 devstack@neutron-api.service[102216]: DEBUG neutron.api.extensions [None req-2a1cdeb4-62df-47bd-8213-61f2caf8f64d None None] Loading extension file: l3_enable_default_route_ecmp.py {{(pid=102216) _load_all_extensions_from_path /opt/stack/neutron/neutron/api/extensions.py:449}}
Jul 07 01:27:36.842527 np0000184299 devstack@neutron-api.service[102216]: DEBUG neutron.api.extensions [None req-2a1cdeb4-62df-47bd-8213-61f2caf8f64d None None] Ext name="Enable Default Route ECMP" alias="enable-default-route-ecmp" description="Enables configurable ECMP behavior for default routes" updated="2023-02-27T00:00:00-00:00" {{(pid=102216) _check_extension /opt/stack/neutron/neutron/api/extensions.py:415}}
Jul 07 01:27:36.842726 np0000184299 devstack@neutron-api.service[102216]: INFO neutron.api.extensions [None req-2a1cdeb4-62df-47bd-8213-61f2caf8f64d None None] Loaded extension: enable-default-route-ecmp
Jul 07 01:27:36.842929 np0000184299 devstack@neutron-api.service[102216]: DEBUG neutron.api.extensions [None req-2a1cdeb4-62df-47bd-8213-61f2caf8f64d None None] Loading extension file: l3_ext_gw_mode.py {{(pid=102216) _load_all_extensions_from_path /opt/stack/neutron/neutron/api/extensions.py:449}}
Jul 07 01:27:36.843373 np0000184299 devstack@neutron-api.service[102216]: DEBUG neutron.api.extensions [None req-2a1cdeb4-62df-47bd-8213-61f2caf8f64d None None] Ext name="Neutron L3 Configurable external gateway mode" alias="ext-gw-mode" description="Extension of the router abstraction for specifying whether SNAT should occur on the external gateway" updated="2013-03-28T10:00:00-00:00" {{(pid=102216) _check_extension /opt/stack/neutron/neutron/api/extensions.py:415}}
Jul 07 01:27:36.843596 np0000184299 devstack@neutron-api.service[102216]: INFO neutron.api.extensions [None req-2a1cdeb4-62df-47bd-8213-61f2caf8f64d None None] Loaded extension: ext-gw-mode
Jul 07 01:27:36.843724 np0000184299 devstack@neutron-api.service[102216]: DEBUG neutron.api.extensions [None req-2a1cdeb4-62df-47bd-8213-61f2caf8f64d None None] Loading extension file: l3_ext_ha_mode.py {{(pid=102216) _load_all_extensions_from_path /opt/stack/neutron/neutron/api/extensions.py:449}}
Jul 07 01:27:36.844052 np0000184299 devstack@neutron-api.service[102216]: DEBUG neutron.api.extensions [None req-2a1cdeb4-62df-47bd-8213-61f2caf8f64d None None] Ext name="HA Router extension" alias="l3-ha" description="Adds HA capability to routers." updated="2014-04-26T00:00:00-00:00" {{(pid=102216) _check_extension /opt/stack/neutron/neutron/api/extensions.py:415}}
Jul 07 01:27:36.844320 np0000184299 devstack@neutron-api.service[102216]: INFO neutron.api.extensions [None req-2a1cdeb4-62df-47bd-8213-61f2caf8f64d None None] Loaded extension: l3-ha
Jul 07 01:27:36.844505 np0000184299 devstack@neutron-api.service[102216]: DEBUG neutron.api.extensions [None req-2a1cdeb4-62df-47bd-8213-61f2caf8f64d None None] Loading extension file: l3_ext_ndp_proxy.py {{(pid=102216) _load_all_extensions_from_path /opt/stack/neutron/neutron/api/extensions.py:449}}
Jul 07 01:27:36.844890 np0000184299 devstack@neutron-api.service[102216]: DEBUG neutron.api.extensions [None req-2a1cdeb4-62df-47bd-8213-61f2caf8f64d None None] Ext name="Router support to enable NDP proxy" alias="l3-ext-ndp-proxy" description="Router extension to enable ndp proxy" updated="2020-08-25T00:00:00-00:00" {{(pid=102216) _check_extension /opt/stack/neutron/neutron/api/extensions.py:415}}
Jul 07 01:27:36.845171 np0000184299 devstack@neutron-api.service[102216]: INFO neutron.api.extensions [None req-2a1cdeb4-62df-47bd-8213-61f2caf8f64d None None] Extension l3-ext-ndp-proxy not supported by any of loaded plugins
Jul 07 01:27:36.845292 np0000184299 devstack@neutron-api.service[102216]: DEBUG neutron.api.extensions [None req-2a1cdeb4-62df-47bd-8213-61f2caf8f64d None None] Loading extension file: l3_extra_gws.py {{(pid=102216) _load_all_extensions_from_path /opt/stack/neutron/neutron/api/extensions.py:449}}
Jul 07 01:27:36.845494 np0000184299 devstack@neutron-api.service[102216]: DEBUG neutron.api.extensions [None req-2a1cdeb4-62df-47bd-8213-61f2caf8f64d None None] Ext name="Neutron L3 External Gateway Multihoming" alias="external-gateway-multihoming" description="Allow multiple external gateway ports per router" updated="2023-01-18T00:00:00-00:00" {{(pid=102216) _check_extension /opt/stack/neutron/neutron/api/extensions.py:415}}
Jul 07 01:27:36.845807 np0000184299 devstack@neutron-api.service[102216]: INFO neutron.api.extensions [None req-2a1cdeb4-62df-47bd-8213-61f2caf8f64d None None] Loaded extension: external-gateway-multihoming
Jul 07 01:27:36.846002 np0000184299 devstack@neutron-api.service[102216]: DEBUG neutron.api.extensions [None req-2a1cdeb4-62df-47bd-8213-61f2caf8f64d None None] Loading extension file: l3_flavors.py {{(pid=102216) _load_all_extensions_from_path /opt/stack/neutron/neutron/api/extensions.py:449}}
Jul 07 01:27:36.846377 np0000184299 devstack@neutron-api.service[102216]: DEBUG neutron.api.extensions [None req-2a1cdeb4-62df-47bd-8213-61f2caf8f64d None None] Ext name="Router Flavor Extension" alias="l3-flavors" description="Flavor support for routers." updated="2016-05-17T00:00:00-00:00" {{(pid=102216) _check_extension /opt/stack/neutron/neutron/api/extensions.py:415}}
Jul 07 01:27:36.846689 np0000184299 devstack@neutron-api.service[102216]: INFO neutron.api.extensions [None req-2a1cdeb4-62df-47bd-8213-61f2caf8f64d None None] Loaded extension: l3-flavors
Jul 07 01:27:36.846809 np0000184299 devstack@neutron-api.service[102216]: DEBUG neutron.api.extensions [None req-2a1cdeb4-62df-47bd-8213-61f2caf8f64d None None] Loading extension file: l3_ndp_proxy.py {{(pid=102216) _load_all_extensions_from_path /opt/stack/neutron/neutron/api/extensions.py:449}}
Jul 07 01:27:36.847184 np0000184299 devstack@neutron-api.service[102216]: DEBUG neutron.api.extensions [None req-2a1cdeb4-62df-47bd-8213-61f2caf8f64d None None] Ext name="name" alias="l3-ndp-proxy" description="description" updated="2021-06-29T10:00:00-00:00" {{(pid=102216) _check_extension /opt/stack/neutron/neutron/api/extensions.py:415}}
Jul 07 01:27:36.847545 np0000184299 devstack@neutron-api.service[102216]: INFO neutron.api.extensions [None req-2a1cdeb4-62df-47bd-8213-61f2caf8f64d None None] Extension l3-ndp-proxy not supported by any of loaded plugins
Jul 07 01:27:36.847739 np0000184299 devstack@neutron-api.service[102216]: DEBUG neutron.api.extensions [None req-2a1cdeb4-62df-47bd-8213-61f2caf8f64d None None] Loading extension file: l3_port_ip_change_not_allowed.py {{(pid=102216) _load_all_extensions_from_path /opt/stack/neutron/neutron/api/extensions.py:449}}
Jul 07 01:27:36.919592 np0000184299 devstack@neutron-api.service[102219]: INFO neutron.plugins.ml2.drivers.type_vlan [None req-315a8fca-5eee-4315-b1af-691a84e6dea6 None None] VlanTypeDriver initialization complete
Jul 07 01:27:36.919852 np0000184299 devstack@neutron-api.service[102219]: INFO neutron.plugins.ml2.managers [None req-315a8fca-5eee-4315-b1af-691a84e6dea6 None None] Initializing extension driver 'port_security'
Jul 07 01:27:36.919914 np0000184299 devstack@neutron-api.service[102219]: INFO neutron.plugins.ml2.extensions.port_security [None req-315a8fca-5eee-4315-b1af-691a84e6dea6 None None] PortSecurityExtensionDriver initialization complete
Jul 07 01:27:36.920032 np0000184299 devstack@neutron-api.service[102219]: INFO neutron.plugins.ml2.managers [None req-315a8fca-5eee-4315-b1af-691a84e6dea6 None None] Initializing extension driver 'qos'
Jul 07 01:27:36.920174 np0000184299 devstack@neutron-api.service[102219]: DEBUG neutron.plugins.ml2.extensions.qos [None req-315a8fca-5eee-4315-b1af-691a84e6dea6 None None] QosExtensionDriver initialization complete {{(pid=102219) initialize /opt/stack/neutron/neutron/plugins/ml2/extensions/qos.py:31}}
Jul 07 01:27:36.920325 np0000184299 devstack@neutron-api.service[102219]: INFO neutron.plugins.ml2.managers [None req-315a8fca-5eee-4315-b1af-691a84e6dea6 None None] Initializing mechanism driver 'ovn'
Jul 07 01:27:36.920680 np0000184299 devstack@neutron-api.service[102219]: INFO neutron.plugins.ml2.drivers.ovn.mech_driver.mech_driver [None req-315a8fca-5eee-4315-b1af-691a84e6dea6 None None] Starting OVNMechanismDriver
Jul 07 01:27:36.922690 np0000184299 devstack@neutron-api.service[102219]: DEBUG neutron_lib.callbacks.manager [None req-315a8fca-5eee-4315-b1af-691a84e6dea6 None None] Subscribe: > process before_spawn 55550000, False {{(pid=102219) subscribe /opt/stack/data/venv/lib/python3.12/site-packages/neutron_lib/callbacks/manager.py:52}}
Jul 07 01:27:36.922905 np0000184299 devstack@neutron-api.service[102219]: DEBUG neutron_lib.callbacks.manager [None req-315a8fca-5eee-4315-b1af-691a84e6dea6 None None] Subscribe: > process after_init 55550000, True {{(pid=102219) subscribe /opt/stack/data/venv/lib/python3.12/site-packages/neutron_lib/callbacks/manager.py:52}}
Jul 07 01:27:36.923063 np0000184299 devstack@neutron-api.service[102219]: DEBUG neutron_lib.callbacks.manager [None req-315a8fca-5eee-4315-b1af-691a84e6dea6 None None] Subscribe: > segment after_create 55550000, False {{(pid=102219) subscribe /opt/stack/data/venv/lib/python3.12/site-packages/neutron_lib/callbacks/manager.py:52}}
Jul 07 01:27:36.923220 np0000184299 devstack@neutron-api.service[102219]: DEBUG neutron_lib.callbacks.manager [None req-315a8fca-5eee-4315-b1af-691a84e6dea6 None None] Subscribe: > segment after_create 55550000, False {{(pid=102219) subscribe /opt/stack/data/venv/lib/python3.12/site-packages/neutron_lib/callbacks/manager.py:52}}
Jul 07 01:27:36.923376 np0000184299 devstack@neutron-api.service[102219]: DEBUG neutron_lib.callbacks.manager [None req-315a8fca-5eee-4315-b1af-691a84e6dea6 None None] Subscribe: > segment after_delete 55550000, False {{(pid=102219) subscribe /opt/stack/data/venv/lib/python3.12/site-packages/neutron_lib/callbacks/manager.py:52}}
Jul 07 01:27:36.923539 np0000184299 devstack@neutron-api.service[102219]: DEBUG neutron_lib.callbacks.manager [None req-315a8fca-5eee-4315-b1af-691a84e6dea6 None None] Subscribe: > allowed_address_pair before_create 55550000, False {{(pid=102219) subscribe /opt/stack/data/venv/lib/python3.12/site-packages/neutron_lib/callbacks/manager.py:52}}
Jul 07 01:27:36.923678 np0000184299 devstack@neutron-api.service[102219]: DEBUG neutron_lib.callbacks.manager [None req-315a8fca-5eee-4315-b1af-691a84e6dea6 None None] Subscribe: > security_group precommit_create 55550000, False {{(pid=102219) subscribe /opt/stack/data/venv/lib/python3.12/site-packages/neutron_lib/callbacks/manager.py:52}}
Jul 07 01:27:36.923919 np0000184299 devstack@neutron-api.service[102219]: DEBUG neutron_lib.callbacks.manager [None req-315a8fca-5eee-4315-b1af-691a84e6dea6 None None] Subscribe: > security_group after_update 55550000, False {{(pid=102219) subscribe /opt/stack/data/venv/lib/python3.12/site-packages/neutron_lib/callbacks/manager.py:52}}
Jul 07 01:27:36.923919 np0000184299 devstack@neutron-api.service[102219]: DEBUG neutron_lib.callbacks.manager [None req-315a8fca-5eee-4315-b1af-691a84e6dea6 None None] Subscribe: > security_group after_create 55550000, False {{(pid=102219) subscribe /opt/stack/data/venv/lib/python3.12/site-packages/neutron_lib/callbacks/manager.py:52}}
Jul 07 01:27:36.924131 np0000184299 devstack@neutron-api.service[102219]: DEBUG neutron_lib.callbacks.manager [None req-315a8fca-5eee-4315-b1af-691a84e6dea6 None None] Subscribe: > security_group precommit_delete 55550000, False {{(pid=102219) subscribe /opt/stack/data/venv/lib/python3.12/site-packages/neutron_lib/callbacks/manager.py:52}}
Jul 07 01:27:36.924311 np0000184299 devstack@neutron-api.service[102219]: DEBUG neutron_lib.callbacks.manager [None req-315a8fca-5eee-4315-b1af-691a84e6dea6 None None] Subscribe: > security_group after_delete 55550000, False {{(pid=102219) subscribe /opt/stack/data/venv/lib/python3.12/site-packages/neutron_lib/callbacks/manager.py:52}}
Jul 07 01:27:36.924488 np0000184299 devstack@neutron-api.service[102219]: DEBUG neutron_lib.callbacks.manager [None req-315a8fca-5eee-4315-b1af-691a84e6dea6 None None] Subscribe: > security_group_rule precommit_create 55550000, False {{(pid=102219) subscribe /opt/stack/data/venv/lib/python3.12/site-packages/neutron_lib/callbacks/manager.py:52}}
Jul 07 01:27:36.924488 np0000184299 devstack@neutron-api.service[102219]: DEBUG neutron_lib.callbacks.manager [None req-315a8fca-5eee-4315-b1af-691a84e6dea6 None None] Subscribe: > security_group_rule after_create 55550000, False {{(pid=102219) subscribe /opt/stack/data/venv/lib/python3.12/site-packages/neutron_lib/callbacks/manager.py:52}}
Jul 07 01:27:36.924683 np0000184299 devstack@neutron-api.service[102219]: DEBUG neutron_lib.callbacks.manager [None req-315a8fca-5eee-4315-b1af-691a84e6dea6 None None] Subscribe: > security_group_rule before_delete 55550000, False {{(pid=102219) subscribe /opt/stack/data/venv/lib/python3.12/site-packages/neutron_lib/callbacks/manager.py:52}}
Jul 07 01:27:36.924862 np0000184299 devstack@neutron-api.service[102219]: DEBUG neutron_lib.callbacks.manager [None req-315a8fca-5eee-4315-b1af-691a84e6dea6 None None] Subscribe: > address_group after_create 55550000, False {{(pid=102219) subscribe /opt/stack/data/venv/lib/python3.12/site-packages/neutron_lib/callbacks/manager.py:52}}
Jul 07 01:27:36.924994 np0000184299 devstack@neutron-api.service[102219]: DEBUG neutron_lib.callbacks.manager [None req-315a8fca-5eee-4315-b1af-691a84e6dea6 None None] Subscribe: > address_group after_update 55550000, False {{(pid=102219) subscribe /opt/stack/data/venv/lib/python3.12/site-packages/neutron_lib/callbacks/manager.py:52}}
Jul 07 01:27:36.925111 np0000184299 devstack@neutron-api.service[102219]: DEBUG neutron_lib.callbacks.manager [None req-315a8fca-5eee-4315-b1af-691a84e6dea6 None None] Subscribe: > address_group after_delete 55550000, False {{(pid=102219) subscribe /opt/stack/data/venv/lib/python3.12/site-packages/neutron_lib/callbacks/manager.py:52}}
Jul 07 01:27:36.925382 np0000184299 devstack@neutron-api.service[102219]: DEBUG neutron_lib.callbacks.manager [None req-315a8fca-5eee-4315-b1af-691a84e6dea6 None None] Subscribe: > qos_plugin after_init 55550000, False {{(pid=102219) subscribe /opt/stack/data/venv/lib/python3.12/site-packages/neutron_lib/callbacks/manager.py:52}}
Jul 07 01:27:36.925818 np0000184299 devstack@neutron-api.service[102219]: DEBUG neutron_lib.callbacks.manager [None req-315a8fca-5eee-4315-b1af-691a84e6dea6 None None] Subscribe: > trunk_plugin after_init 55550000, False {{(pid=102219) subscribe /opt/stack/data/venv/lib/python3.12/site-packages/neutron_lib/callbacks/manager.py:52}}
Jul 07 01:27:36.925952 np0000184299 devstack@neutron-api.service[102219]: DEBUG neutron_lib.callbacks.manager [None req-315a8fca-5eee-4315-b1af-691a84e6dea6 None None] Subscribe: > logging-plugin after_init 55550000, False {{(pid=102219) subscribe /opt/stack/data/venv/lib/python3.12/site-packages/neutron_lib/callbacks/manager.py:52}}
Jul 07 01:27:36.926660 np0000184299 devstack@neutron-api.service[102219]: INFO neutron.services.logapi.drivers.ovn.driver [None req-315a8fca-5eee-4315-b1af-691a84e6dea6 None None] OVN logging driver registered
Jul 07 01:27:36.926753 np0000184299 devstack@neutron-api.service[102219]: DEBUG neutron_lib.callbacks.manager [None req-315a8fca-5eee-4315-b1af-691a84e6dea6 None None] Subscribe: ._register_pvlan_driver at 0x775911e92840> pvlan_plugin before_spawn 55550000, False {{(pid=102219) subscribe /opt/stack/data/venv/lib/python3.12/site-packages/neutron_lib/callbacks/manager.py:52}}
Jul 07 01:27:36.926882 np0000184299 devstack@neutron-api.service[102219]: DEBUG neutron_lib.callbacks.manager [None req-315a8fca-5eee-4315-b1af-691a84e6dea6 None None] Subscribe: process after_init 55550000, False {{(pid=102219) subscribe /opt/stack/data/venv/lib/python3.12/site-packages/neutron_lib/callbacks/manager.py:52}}
Jul 07 01:27:36.928922 np0000184299 devstack@neutron-api.service[102219]: DEBUG neutron.plugins.ml2.plugin [None req-315a8fca-5eee-4315-b1af-691a84e6dea6 None None] neutron.plugins.ml2.plugin.Ml2Plugin method _start_rpc_notifiers called with arguments () {} {{(pid=102219) wrapper /opt/stack/data/venv/lib/python3.12/site-packages/oslo_log/helpers.py:77}}
Jul 07 01:27:36.929167 np0000184299 devstack@neutron-api.service[102219]: DEBUG neutron_lib.callbacks.manager [None req-315a8fca-5eee-4315-b1af-691a84e6dea6 None None] Subscribe: > port after_create 55550000, False {{(pid=102219) subscribe /opt/stack/data/venv/lib/python3.12/site-packages/neutron_lib/callbacks/manager.py:52}}
Jul 07 01:27:36.929296 np0000184299 devstack@neutron-api.service[102219]: DEBUG neutron_lib.callbacks.manager [None req-315a8fca-5eee-4315-b1af-691a84e6dea6 None None] Subscribe: > port after_update 55550000, False {{(pid=102219) subscribe /opt/stack/data/venv/lib/python3.12/site-packages/neutron_lib/callbacks/manager.py:52}}
Jul 07 01:27:36.929413 np0000184299 devstack@neutron-api.service[102219]: DEBUG neutron_lib.callbacks.manager [None req-315a8fca-5eee-4315-b1af-691a84e6dea6 None None] Subscribe: > port after_delete 55550000, False {{(pid=102219) subscribe /opt/stack/data/venv/lib/python3.12/site-packages/neutron_lib/callbacks/manager.py:52}}
Jul 07 01:27:36.929507 np0000184299 devstack@neutron-api.service[102219]: DEBUG neutron_lib.callbacks.manager [None req-315a8fca-5eee-4315-b1af-691a84e6dea6 None None] Subscribe: > subnet after_create 55550000, False {{(pid=102219) subscribe /opt/stack/data/venv/lib/python3.12/site-packages/neutron_lib/callbacks/manager.py:52}}
Jul 07 01:27:36.929642 np0000184299 devstack@neutron-api.service[102219]: DEBUG neutron_lib.callbacks.manager [None req-315a8fca-5eee-4315-b1af-691a84e6dea6 None None] Subscribe: > subnet after_update 55550000, False {{(pid=102219) subscribe /opt/stack/data/venv/lib/python3.12/site-packages/neutron_lib/callbacks/manager.py:52}}
Jul 07 01:27:36.929748 np0000184299 devstack@neutron-api.service[102219]: DEBUG neutron_lib.callbacks.manager [None req-315a8fca-5eee-4315-b1af-691a84e6dea6 None None] Subscribe: > subnet after_delete 55550000, False {{(pid=102219) subscribe /opt/stack/data/venv/lib/python3.12/site-packages/neutron_lib/callbacks/manager.py:52}}
Jul 07 01:27:36.929748 np0000184299 devstack@neutron-api.service[102219]: DEBUG neutron_lib.callbacks.manager [None req-315a8fca-5eee-4315-b1af-691a84e6dea6 None None] Subscribe: > network after_create 55550000, False {{(pid=102219) subscribe /opt/stack/data/venv/lib/python3.12/site-packages/neutron_lib/callbacks/manager.py:52}}
Jul 07 01:27:36.929896 np0000184299 devstack@neutron-api.service[102219]: DEBUG neutron_lib.callbacks.manager [None req-315a8fca-5eee-4315-b1af-691a84e6dea6 None None] Subscribe: > network after_update 55550000, False {{(pid=102219) subscribe /opt/stack/data/venv/lib/python3.12/site-packages/neutron_lib/callbacks/manager.py:52}}
Jul 07 01:27:36.930015 np0000184299 devstack@neutron-api.service[102219]: DEBUG neutron_lib.callbacks.manager [None req-315a8fca-5eee-4315-b1af-691a84e6dea6 None None] Subscribe: > network after_delete 55550000, False {{(pid=102219) subscribe /opt/stack/data/venv/lib/python3.12/site-packages/neutron_lib/callbacks/manager.py:52}}
Jul 07 01:27:36.930100 np0000184299 devstack@neutron-api.service[102219]: DEBUG neutron_lib.callbacks.manager [None req-315a8fca-5eee-4315-b1af-691a84e6dea6 None None] Subscribe: > security_group after_create 55550000, False {{(pid=102219) subscribe /opt/stack/data/venv/lib/python3.12/site-packages/neutron_lib/callbacks/manager.py:52}}
Jul 07 01:27:36.930189 np0000184299 devstack@neutron-api.service[102219]: DEBUG neutron_lib.callbacks.manager [None req-315a8fca-5eee-4315-b1af-691a84e6dea6 None None] Subscribe: > security_group after_update 55550000, False {{(pid=102219) subscribe /opt/stack/data/venv/lib/python3.12/site-packages/neutron_lib/callbacks/manager.py:52}}
Jul 07 01:27:36.930247 np0000184299 devstack@neutron-api.service[102219]: DEBUG neutron_lib.callbacks.manager [None req-315a8fca-5eee-4315-b1af-691a84e6dea6 None None] Subscribe: > security_group after_delete 55550000, False {{(pid=102219) subscribe /opt/stack/data/venv/lib/python3.12/site-packages/neutron_lib/callbacks/manager.py:52}}
Jul 07 01:27:36.930337 np0000184299 devstack@neutron-api.service[102219]: DEBUG neutron_lib.callbacks.manager [None req-315a8fca-5eee-4315-b1af-691a84e6dea6 None None] Subscribe: > security_group_rule after_create 55550000, False {{(pid=102219) subscribe /opt/stack/data/venv/lib/python3.12/site-packages/neutron_lib/callbacks/manager.py:52}}
Jul 07 01:27:36.930452 np0000184299 devstack@neutron-api.service[102219]: DEBUG neutron_lib.callbacks.manager [None req-315a8fca-5eee-4315-b1af-691a84e6dea6 None None] Subscribe: > security_group_rule after_update 55550000, False {{(pid=102219) subscribe /opt/stack/data/venv/lib/python3.12/site-packages/neutron_lib/callbacks/manager.py:52}}
Jul 07 01:27:36.930537 np0000184299 devstack@neutron-api.service[102219]: DEBUG neutron_lib.callbacks.manager [None req-315a8fca-5eee-4315-b1af-691a84e6dea6 None None] Subscribe: > security_group_rule after_delete 55550000, False {{(pid=102219) subscribe /opt/stack/data/venv/lib/python3.12/site-packages/neutron_lib/callbacks/manager.py:52}}
Jul 07 01:27:36.930675 np0000184299 devstack@neutron-api.service[102219]: DEBUG neutron_lib.callbacks.manager [None req-315a8fca-5eee-4315-b1af-691a84e6dea6 None None] Subscribe: > address_group after_create 55550000, False {{(pid=102219) subscribe /opt/stack/data/venv/lib/python3.12/site-packages/neutron_lib/callbacks/manager.py:52}}
Jul 07 01:27:36.930779 np0000184299 devstack@neutron-api.service[102219]: DEBUG neutron_lib.callbacks.manager [None req-315a8fca-5eee-4315-b1af-691a84e6dea6 None None] Subscribe: > address_group after_update 55550000, False {{(pid=102219) subscribe /opt/stack/data/venv/lib/python3.12/site-packages/neutron_lib/callbacks/manager.py:52}}
Jul 07 01:27:36.930779 np0000184299 devstack@neutron-api.service[102219]: DEBUG neutron_lib.callbacks.manager [None req-315a8fca-5eee-4315-b1af-691a84e6dea6 None None] Subscribe: > address_group after_delete 55550000, False {{(pid=102219) subscribe /opt/stack/data/venv/lib/python3.12/site-packages/neutron_lib/callbacks/manager.py:52}}
Jul 07 01:27:36.930931 np0000184299 devstack@neutron-api.service[102219]: DEBUG neutron.plugins.ml2.ovo_rpc [None req-315a8fca-5eee-4315-b1af-691a84e6dea6 None None] ML2 OVO RPC backend initialized. {{(pid=102219) __init__ /opt/stack/neutron/neutron/plugins/ml2/ovo_rpc.py:117}}
Jul 07 01:27:36.931756 np0000184299 devstack@neutron-api.service[102219]: INFO neutron.quota [None req-315a8fca-5eee-4315-b1af-691a84e6dea6 None None] Loaded quota_driver: .
Jul 07 01:27:36.931875 np0000184299 devstack@neutron-api.service[102219]: INFO neutron.plugins.ml2.plugin [None req-315a8fca-5eee-4315-b1af-691a84e6dea6 None None] Modular L2 Plugin initialization complete
Jul 07 01:27:36.932014 np0000184299 devstack@neutron-api.service[102219]: DEBUG neutron.manager [None req-315a8fca-5eee-4315-b1af-691a84e6dea6 None None] Loading services supported by the core plugin {{(pid=102219) _load_services_from_core_plugin /opt/stack/neutron/neutron/manager.py:167}}
Jul 07 01:27:36.932108 np0000184299 devstack@neutron-api.service[102219]: INFO neutron.plugins.ml2.managers [None req-315a8fca-5eee-4315-b1af-691a84e6dea6 None None] Got port-security extension from driver 'port_security'
Jul 07 01:27:36.932436 np0000184299 devstack@neutron-api.service[102219]: DEBUG neutron.manager [None req-315a8fca-5eee-4315-b1af-691a84e6dea6 None None] Loading service plugins: ['ovn-router', 'auto_allocate', 'tag', 'timestamp', 'network_ip_availability', 'flavors', 'revisions'] {{(pid=102219) _load_service_plugins /opt/stack/neutron/neutron/manager.py:192}}
Jul 07 01:27:36.932649 np0000184299 devstack@neutron-api.service[102219]: INFO neutron.manager [None req-315a8fca-5eee-4315-b1af-691a84e6dea6 None None] Loading Plugin: ovn-router
Jul 07 01:27:36.939972 np0000184299 devstack@neutron-api.service[102217]: DEBUG neutron.api.extensions [None req-be2309c8-6bbd-4be5-9321-c205798dab28 None None] Ext name="QinQ networks" alias="qinq" description="Expose network 'qinq' attribute in the API. This allows to configure network to allow vlan in vlan configuration using 0x88a8 ethertype (QinQ)." updated="2024-12-02T10:00:00-00:00" {{(pid=102217) _check_extension /opt/stack/neutron/neutron/api/extensions.py:415}}
Jul 07 01:27:36.940164 np0000184299 devstack@neutron-api.service[102217]: INFO neutron.api.extensions [None req-be2309c8-6bbd-4be5-9321-c205798dab28 None None] Loaded extension: qinq
Jul 07 01:27:36.940164 np0000184299 devstack@neutron-api.service[102217]: DEBUG neutron.api.extensions [None req-be2309c8-6bbd-4be5-9321-c205798dab28 None None] Loading extension file: qos.py {{(pid=102217) _load_all_extensions_from_path /opt/stack/neutron/neutron/api/extensions.py:449}}
Jul 07 01:27:36.941250 np0000184299 devstack@neutron-api.service[102217]: DEBUG neutron.api.extensions [None req-be2309c8-6bbd-4be5-9321-c205798dab28 None None] Ext name="Quality of Service" alias="qos" description="The Quality of Service extension." updated="2015-06-08T10:00:00-00:00" {{(pid=102217) _check_extension /opt/stack/neutron/neutron/api/extensions.py:415}}
Jul 07 01:27:36.941481 np0000184299 devstack@neutron-api.service[102217]: INFO neutron.api.extensions [None req-be2309c8-6bbd-4be5-9321-c205798dab28 None None] Extension qos not supported by any of loaded plugins
Jul 07 01:27:36.941614 np0000184299 devstack@neutron-api.service[102217]: DEBUG neutron.api.extensions [None req-be2309c8-6bbd-4be5-9321-c205798dab28 None None] Loading extension file: qos_bw_limit_direction.py {{(pid=102217) _load_all_extensions_from_path /opt/stack/neutron/neutron/api/extensions.py:449}}
Jul 07 01:27:36.941850 np0000184299 devstack@neutron-api.service[102217]: DEBUG neutron.api.extensions [None req-be2309c8-6bbd-4be5-9321-c205798dab28 None None] Ext name="Direction for QoS bandwidth limit rule" alias="qos-bw-limit-direction" description="Allow to configure QoS bandwidth limit rule with specific direction: ingress or egress" updated="2017-04-10T10:00:00-00:00" {{(pid=102217) _check_extension /opt/stack/neutron/neutron/api/extensions.py:415}}
Jul 07 01:27:36.941967 np0000184299 devstack@neutron-api.service[102217]: INFO neutron.api.extensions [None req-be2309c8-6bbd-4be5-9321-c205798dab28 None None] Extension qos-bw-limit-direction not supported by any of loaded plugins
Jul 07 01:27:36.942092 np0000184299 devstack@neutron-api.service[102217]: DEBUG neutron.api.extensions [None req-be2309c8-6bbd-4be5-9321-c205798dab28 None None] Loading extension file: qos_bw_minimum_ingress.py {{(pid=102217) _load_all_extensions_from_path /opt/stack/neutron/neutron/api/extensions.py:449}}
Jul 07 01:27:36.942243 np0000184299 devstack@neutron-api.service[102219]: DEBUG neutron_lib.callbacks.manager [None req-315a8fca-5eee-4315-b1af-691a84e6dea6 None None] Subscribe: > router before_delete 55550000, False {{(pid=102219) subscribe /opt/stack/data/venv/lib/python3.12/site-packages/neutron_lib/callbacks/manager.py:52}}
Jul 07 01:27:36.942379 np0000184299 devstack@neutron-api.service[102217]: DEBUG neutron.api.extensions [None req-be2309c8-6bbd-4be5-9321-c205798dab28 None None] Ext name="Ingress direction for QoS minimum bandwidth rule" alias="qos-bw-minimum-ingress" description="Allow to configure QoS minumum bandwidth rule with ingress direction." updated="2018-07-09T10:00:00-00:00" {{(pid=102217) _check_extension /opt/stack/neutron/neutron/api/extensions.py:415}}
Jul 07 01:27:36.942533 np0000184299 devstack@neutron-api.service[102219]: DEBUG neutron_lib.callbacks.manager [None req-315a8fca-5eee-4315-b1af-691a84e6dea6 None None] Subscribe: port before_update 55550000, False {{(pid=102219) subscribe /opt/stack/data/venv/lib/python3.12/site-packages/neutron_lib/callbacks/manager.py:52}}
Jul 07 01:27:36.942533 np0000184299 devstack@neutron-api.service[102219]: DEBUG neutron_lib.callbacks.manager [None req-315a8fca-5eee-4315-b1af-691a84e6dea6 None None] Subscribe: port after_update 55550000, False {{(pid=102219) subscribe /opt/stack/data/venv/lib/python3.12/site-packages/neutron_lib/callbacks/manager.py:52}}
Jul 07 01:27:36.942706 np0000184299 devstack@neutron-api.service[102217]: INFO neutron.api.extensions [None req-be2309c8-6bbd-4be5-9321-c205798dab28 None None] Extension qos-bw-minimum-ingress not supported by any of loaded plugins
Jul 07 01:27:36.942810 np0000184299 devstack@neutron-api.service[102219]: DEBUG neutron_lib.callbacks.manager [None req-315a8fca-5eee-4315-b1af-691a84e6dea6 None None] Subscribe: > port precommit_delete 55550000, False {{(pid=102219) subscribe /opt/stack/data/venv/lib/python3.12/site-packages/neutron_lib/callbacks/manager.py:52}}
Jul 07 01:27:36.943043 np0000184299 devstack@neutron-api.service[102217]: DEBUG neutron.api.extensions [None req-be2309c8-6bbd-4be5-9321-c205798dab28 None None] Loading extension file: qos_default.py {{(pid=102217) _load_all_extensions_from_path /opt/stack/neutron/neutron/api/extensions.py:449}}
Jul 07 01:27:36.943189 np0000184299 devstack@neutron-api.service[102219]: DEBUG neutron_lib.callbacks.manager [None req-315a8fca-5eee-4315-b1af-691a84e6dea6 None None] Subscribe: port before_update 55550000, False {{(pid=102219) subscribe /opt/stack/data/venv/lib/python3.12/site-packages/neutron_lib/callbacks/manager.py:52}}
Jul 07 01:27:36.943189 np0000184299 devstack@neutron-api.service[102219]: DEBUG neutron_lib.callbacks.manager [None req-315a8fca-5eee-4315-b1af-691a84e6dea6 None None] Subscribe: port before_delete 55550000, False {{(pid=102219) subscribe /opt/stack/data/venv/lib/python3.12/site-packages/neutron_lib/callbacks/manager.py:52}}
Jul 07 01:27:36.943376 np0000184299 devstack@neutron-api.service[102217]: DEBUG neutron.api.extensions [None req-be2309c8-6bbd-4be5-9321-c205798dab28 None None] Ext name="QoS default policy" alias="qos-default" description="Expose the QoS default policy per project" updated="2017-041-06T10:00:00-00:00" {{(pid=102217) _check_extension /opt/stack/neutron/neutron/api/extensions.py:415}}
Jul 07 01:27:36.943509 np0000184299 devstack@neutron-api.service[102219]: DEBUG neutron_lib.callbacks.manager [None req-315a8fca-5eee-4315-b1af-691a84e6dea6 None None] Subscribe: > router precommit_create 55550000, False {{(pid=102219) subscribe /opt/stack/data/venv/lib/python3.12/site-packages/neutron_lib/callbacks/manager.py:52}}
Jul 07 01:27:36.943509 np0000184299 devstack@neutron-api.service[102219]: DEBUG neutron_lib.callbacks.manager [None req-315a8fca-5eee-4315-b1af-691a84e6dea6 None None] Subscribe: > router precommit_create 55550000, False {{(pid=102219) subscribe /opt/stack/data/venv/lib/python3.12/site-packages/neutron_lib/callbacks/manager.py:52}}
Jul 07 01:27:36.943673 np0000184299 devstack@neutron-api.service[102217]: INFO neutron.api.extensions [None req-be2309c8-6bbd-4be5-9321-c205798dab28 None None] Extension qos-default not supported by any of loaded plugins
Jul 07 01:27:36.943822 np0000184299 devstack@neutron-api.service[102219]: DEBUG neutron_lib.callbacks.manager [None req-315a8fca-5eee-4315-b1af-691a84e6dea6 None None] Subscribe: > router precommit_update 55550000, False {{(pid=102219) subscribe /opt/stack/data/venv/lib/python3.12/site-packages/neutron_lib/callbacks/manager.py:52}}
Jul 07 01:27:36.943977 np0000184299 devstack@neutron-api.service[102217]: DEBUG neutron.api.extensions [None req-be2309c8-6bbd-4be5-9321-c205798dab28 None None] Loading extension file: qos_fip.py {{(pid=102217) _load_all_extensions_from_path /opt/stack/neutron/neutron/api/extensions.py:449}}
Jul 07 01:27:36.944154 np0000184299 devstack@neutron-api.service[102219]: DEBUG neutron_lib.callbacks.manager [None req-315a8fca-5eee-4315-b1af-691a84e6dea6 None None] Subscribe: subnet after_update 55550000, False {{(pid=102219) subscribe /opt/stack/data/venv/lib/python3.12/site-packages/neutron_lib/callbacks/manager.py:52}}
Jul 07 01:27:36.944326 np0000184299 devstack@neutron-api.service[102217]: DEBUG neutron.api.extensions [None req-be2309c8-6bbd-4be5-9321-c205798dab28 None None] Ext name="Floating IP QoS" alias="qos-fip" description="The floating IP Quality of Service extension" updated="2017-07-20T00:00:00-00:00" {{(pid=102217) _check_extension /opt/stack/neutron/neutron/api/extensions.py:415}}
Jul 07 01:27:36.944458 np0000184299 devstack@neutron-api.service[102219]: DEBUG neutron.quota.resource_registry [None req-315a8fca-5eee-4315-b1af-691a84e6dea6 None None] Tracking information for resource: router configured {{(pid=102219) set_tracked_resource /opt/stack/neutron/neutron/quota/resource_registry.py:203}}
Jul 07 01:27:36.944458 np0000184299 devstack@neutron-api.service[102219]: DEBUG neutron.quota.resource_registry [None req-315a8fca-5eee-4315-b1af-691a84e6dea6 None None] Tracking information for resource: floatingip configured {{(pid=102219) set_tracked_resource /opt/stack/neutron/neutron/quota/resource_registry.py:203}}
Jul 07 01:27:36.944639 np0000184299 devstack@neutron-api.service[102217]: INFO neutron.api.extensions [None req-be2309c8-6bbd-4be5-9321-c205798dab28 None None] Extension qos-fip not supported by any of loaded plugins
Jul 07 01:27:36.944763 np0000184299 devstack@neutron-api.service[102219]: INFO neutron.services.ovn_l3.plugin [None req-315a8fca-5eee-4315-b1af-691a84e6dea6 None None] Starting OVNL3RouterPlugin
Jul 07 01:27:36.944890 np0000184299 devstack@neutron-api.service[102217]: DEBUG neutron.api.extensions [None req-be2309c8-6bbd-4be5-9321-c205798dab28 None None] Loading extension file: qos_fip_network_policy.py {{(pid=102217) _load_all_extensions_from_path /opt/stack/neutron/neutron/api/extensions.py:449}}
Jul 07 01:27:36.945038 np0000184299 devstack@neutron-api.service[102219]: DEBUG neutron_lib.callbacks.manager [None req-315a8fca-5eee-4315-b1af-691a84e6dea6 None None] Subscribe: > port_forwarding_plugin after_init 55550000, False {{(pid=102219) subscribe /opt/stack/data/venv/lib/python3.12/site-packages/neutron_lib/callbacks/manager.py:52}}
Jul 07 01:27:36.945193 np0000184299 devstack@neutron-api.service[102217]: DEBUG neutron.api.extensions [None req-be2309c8-6bbd-4be5-9321-c205798dab28 None None] Ext name="QoS floating IP network policy ID" alias="qos-fip-network-policy" description="Adds a the QoS network ID to the floating IP definition" updated="2021-11-15T10:00:00-00:00" {{(pid=102217) _check_extension /opt/stack/neutron/neutron/api/extensions.py:415}}
Jul 07 01:27:36.945315 np0000184299 devstack@neutron-api.service[102219]: DEBUG neutron_lib.callbacks.manager [None req-315a8fca-5eee-4315-b1af-691a84e6dea6 None None] Subscribe: > router before_create 55550100, False {{(pid=102219) subscribe /opt/stack/data/venv/lib/python3.12/site-packages/neutron_lib/callbacks/manager.py:52}}
Jul 07 01:27:36.945477 np0000184299 devstack@neutron-api.service[102217]: INFO neutron.api.extensions [None req-be2309c8-6bbd-4be5-9321-c205798dab28 None None] Extension qos-fip-network-policy not supported by any of loaded plugins
Jul 07 01:27:36.945477 np0000184299 devstack@neutron-api.service[102217]: DEBUG neutron.api.extensions [None req-be2309c8-6bbd-4be5-9321-c205798dab28 None None] Loading extension file: qos_gateway_ip.py {{(pid=102217) _load_all_extensions_from_path /opt/stack/neutron/neutron/api/extensions.py:449}}
Jul 07 01:27:36.945822 np0000184299 devstack@neutron-api.service[102219]: DEBUG neutron_lib.callbacks.manager [None req-315a8fca-5eee-4315-b1af-691a84e6dea6 None None] Subscribe: > router precommit_delete 55550100, False {{(pid=102219) subscribe /opt/stack/data/venv/lib/python3.12/site-packages/neutron_lib/callbacks/manager.py:52}}
Jul 07 01:27:36.945822 np0000184299 devstack@neutron-api.service[102219]: DEBUG neutron_lib.callbacks.manager [None req-315a8fca-5eee-4315-b1af-691a84e6dea6 None None] Subscribe: > router precommit_create 55550100, False {{(pid=102219) subscribe /opt/stack/data/venv/lib/python3.12/site-packages/neutron_lib/callbacks/manager.py:52}}
Jul 07 01:27:36.945822 np0000184299 devstack@neutron-api.service[102219]: DEBUG neutron_lib.callbacks.manager [None req-315a8fca-5eee-4315-b1af-691a84e6dea6 None None] Subscribe: > router precommit_update 55550100, False {{(pid=102219) subscribe /opt/stack/data/venv/lib/python3.12/site-packages/neutron_lib/callbacks/manager.py:52}}
Jul 07 01:27:36.946014 np0000184299 devstack@neutron-api.service[102217]: DEBUG neutron.api.extensions [None req-be2309c8-6bbd-4be5-9321-c205798dab28 None None] Ext name="Router gateway IP QoS" alias="qos-gateway-ip" description="The Router gateway IP Quality of Service extension" updated="2018-02-24T00:00:00-00:00" {{(pid=102217) _check_extension /opt/stack/neutron/neutron/api/extensions.py:415}}
Jul 07 01:27:36.946014 np0000184299 devstack@neutron-api.service[102217]: INFO neutron.api.extensions [None req-be2309c8-6bbd-4be5-9321-c205798dab28 None None] Extension qos-gateway-ip not supported by any of loaded plugins
Jul 07 01:27:36.946014 np0000184299 devstack@neutron-api.service[102217]: DEBUG neutron.api.extensions [None req-be2309c8-6bbd-4be5-9321-c205798dab28 None None] Loading extension file: qos_port_network_policy.py {{(pid=102217) _load_all_extensions_from_path /opt/stack/neutron/neutron/api/extensions.py:449}}
Jul 07 01:27:36.946014 np0000184299 devstack@neutron-api.service[102217]: DEBUG neutron.api.extensions [None req-be2309c8-6bbd-4be5-9321-c205798dab28 None None] Ext name="QoS port network policy ID" alias="qos-port-network-policy" description="Adds a the QoS network ID to the port definition" updated="2019-11-01T10:00:00-00:00" {{(pid=102217) _check_extension /opt/stack/neutron/neutron/api/extensions.py:415}}
Jul 07 01:27:36.946014 np0000184299 devstack@neutron-api.service[102217]: INFO neutron.api.extensions [None req-be2309c8-6bbd-4be5-9321-c205798dab28 None None] Extension qos-port-network-policy not supported by any of loaded plugins
Jul 07 01:27:36.946014 np0000184299 devstack@neutron-api.service[102217]: DEBUG neutron.api.extensions [None req-be2309c8-6bbd-4be5-9321-c205798dab28 None None] Loading extension file: qos_pps_minimum_rule.py {{(pid=102217) _load_all_extensions_from_path /opt/stack/neutron/neutron/api/extensions.py:449}}
Jul 07 01:27:36.946014 np0000184299 devstack@neutron-api.service[102217]: DEBUG neutron.api.extensions [None req-be2309c8-6bbd-4be5-9321-c205798dab28 None None] Ext name="QoS minimum packet rate rule" alias="qos-pps-minimum" description="Allow to configure QoS minimum packet rate rule." updated="2021-07-14T10:00:00-00:00" {{(pid=102217) _check_extension /opt/stack/neutron/neutron/api/extensions.py:415}}
Jul 07 01:27:36.946302 np0000184299 devstack@neutron-api.service[102217]: INFO neutron.api.extensions [None req-be2309c8-6bbd-4be5-9321-c205798dab28 None None] Extension qos-pps-minimum not supported by any of loaded plugins
Jul 07 01:27:36.946302 np0000184299 devstack@neutron-api.service[102217]: DEBUG neutron.api.extensions [None req-be2309c8-6bbd-4be5-9321-c205798dab28 None None] Loading extension file: qos_pps_minimum_rule_alias.py {{(pid=102217) _load_all_extensions_from_path /opt/stack/neutron/neutron/api/extensions.py:449}}
Jul 07 01:27:36.946302 np0000184299 devstack@neutron-api.service[102217]: DEBUG neutron.api.extensions [None req-be2309c8-6bbd-4be5-9321-c205798dab28 None None] Ext name="QoS minimum packet rate rule alias" alias="qos-pps-minimum-rule-alias" description="API to enable GET, PUT and DELETE operations on QoS minimum packet rate rule without specifying policy ID" updated="2021-10-22T10:00:00-00:00" {{(pid=102217) _check_extension /opt/stack/neutron/neutron/api/extensions.py:415}}
Jul 07 01:27:36.946302 np0000184299 devstack@neutron-api.service[102217]: INFO neutron.api.extensions [None req-be2309c8-6bbd-4be5-9321-c205798dab28 None None] Extension qos-pps-minimum-rule-alias not supported by any of loaded plugins
Jul 07 01:27:36.946302 np0000184299 devstack@neutron-api.service[102217]: DEBUG neutron.api.extensions [None req-be2309c8-6bbd-4be5-9321-c205798dab28 None None] Loading extension file: qos_pps_rule.py {{(pid=102217) _load_all_extensions_from_path /opt/stack/neutron/neutron/api/extensions.py:449}}
Jul 07 01:27:36.946302 np0000184299 devstack@neutron-api.service[102217]: DEBUG neutron.api.extensions [None req-be2309c8-6bbd-4be5-9321-c205798dab28 None None] Ext name="QoS Rule Type Packet per Second Extension" alias="qos-pps" description="Add QoS Rule Type Packet per Second" updated="2021-05-12T10:00:00-00:00" {{(pid=102217) _check_extension /opt/stack/neutron/neutron/api/extensions.py:415}}
Jul 07 01:27:36.946572 np0000184299 devstack@neutron-api.service[102217]: INFO neutron.api.extensions [None req-be2309c8-6bbd-4be5-9321-c205798dab28 None None] Extension qos-pps not supported by any of loaded plugins
Jul 07 01:27:36.946572 np0000184299 devstack@neutron-api.service[102217]: DEBUG neutron.api.extensions [None req-be2309c8-6bbd-4be5-9321-c205798dab28 None None] Loading extension file: qos_rule_type_details.py {{(pid=102217) _load_all_extensions_from_path /opt/stack/neutron/neutron/api/extensions.py:449}}
Jul 07 01:27:36.946724 np0000184299 devstack@neutron-api.service[102217]: DEBUG neutron.api.extensions [None req-be2309c8-6bbd-4be5-9321-c205798dab28 None None] Ext name="Details of QoS rule types" alias="qos-rule-type-details" description="Expose details about QoS rule types supported by loaded backend drivers" updated="2017-06-22T10:00:00-00:00" {{(pid=102217) _check_extension /opt/stack/neutron/neutron/api/extensions.py:415}}
Jul 07 01:27:36.946872 np0000184299 devstack@neutron-api.service[102217]: INFO neutron.api.extensions [None req-be2309c8-6bbd-4be5-9321-c205798dab28 None None] Extension qos-rule-type-details not supported by any of loaded plugins
Jul 07 01:27:36.946986 np0000184299 devstack@neutron-api.service[102217]: DEBUG neutron.api.extensions [None req-be2309c8-6bbd-4be5-9321-c205798dab28 None None] Loading extension file: qos_rule_type_filter.py {{(pid=102217) _load_all_extensions_from_path /opt/stack/neutron/neutron/api/extensions.py:449}}
Jul 07 01:27:36.947170 np0000184299 devstack@neutron-api.service[102217]: DEBUG neutron.api.extensions [None req-be2309c8-6bbd-4be5-9321-c205798dab28 None None] Ext name="Allow to filter the list of QoS rule types" alias="qos-rule-type-filter" description="Allows to filter the QoS rule type list adding two new flags. "all_rules" prints all implemented QoS rule types."all_supported" prints all supported QoS rule types by the loaded mechanism drivers" updated="2022-02-02T10:00:00-00:00" {{(pid=102217) _check_extension /opt/stack/neutron/neutron/api/extensions.py:415}}
Jul 07 01:27:36.947375 np0000184299 devstack@neutron-api.service[102217]: INFO neutron.api.extensions [None req-be2309c8-6bbd-4be5-9321-c205798dab28 None None] Extension qos-rule-type-filter not supported by any of loaded plugins
Jul 07 01:27:36.947683 np0000184299 devstack@neutron-api.service[102217]: DEBUG neutron.api.extensions [None req-be2309c8-6bbd-4be5-9321-c205798dab28 None None] Loading extension file: qos_rules_alias.py {{(pid=102217) _load_all_extensions_from_path /opt/stack/neutron/neutron/api/extensions.py:449}}
Jul 07 01:27:36.947683 np0000184299 devstack@neutron-api.service[102217]: DEBUG neutron.api.extensions [None req-be2309c8-6bbd-4be5-9321-c205798dab28 None None] Ext name="Quality of Service rules alias API" alias="qos-rules-alias" description="API to enable GET, PUT and DELETE operations on QoS policy rules without specifying policy ID" updated="2018-10-07T10:00:00-00:00" {{(pid=102217) _check_extension /opt/stack/neutron/neutron/api/extensions.py:415}}
Jul 07 01:27:36.947854 np0000184299 devstack@neutron-api.service[102217]: INFO neutron.api.extensions [None req-be2309c8-6bbd-4be5-9321-c205798dab28 None None] Extension qos-rules-alias not supported by any of loaded plugins
Jul 07 01:27:36.947966 np0000184299 devstack@neutron-api.service[102219]: DEBUG neutron.services.provider_configuration [None req-315a8fca-5eee-4315-b1af-691a84e6dea6 None None] Service providers = [] {{(pid=102219) parse_service_provider_opt /opt/stack/neutron/neutron/services/provider_configuration.py:170}}
