2026-06-23 01:32:27.043 8 INFO placement.requestlog [None req-1dd5d3fc-4efd-4759-bb61-0fe340664b77 ad378ecd51b44d0e864ef0f42da540fe fffd1013a3324619bf85571770f9044b - - e36057b960bd4a8c93ce3d6122ad4b41 e36057b960bd4a8c93ce3d6122ad4b41] 10.0.0.19 "DELETE /resource_providers/417bcbe6-6260-4f75-8245-12b5028563a7" status: 404 len: 246 microversion: 1.1 [pid: 8|app: 0|req: 340/682] 10.0.0.19 () {34 vars in 815 bytes} [Tue Jun 23 01:32:27 2026] DELETE /resource_providers/417bcbe6-6260-4f75-8245-12b5028563a7 => generated 246 bytes in 13 msecs (HTTP/1.1 404) 6 headers in 231 bytes (1 switches on core 0)
2026-06-23 01:32:27.189 7 INFO placement.requestlog [req-029845a0-12be-4f58-981b-a73779eeff8d req-58c4e3d2-0c92-4174-abcb-52f74092a9da 88721cf1bfdb460bb5c6d8a2133f3005 fffd1013a3324619bf85571770f9044b - - e36057b960bd4a8c93ce3d6122ad4b41 e36057b960bd4a8c93ce3d6122ad4b41] 199.204.45.229 "GET /resource_providers/bc015965-1ae7-4f7c-b4c1-235f4e4c12ce/allocations" status: 200 len: 338 microversion: 1.0 [pid: 7|app: 0|req: 343/683] 199.204.45.229 () {32 vars in 857 bytes} [Tue Jun 23 01:32:27 2026] GET /resource_providers/bc015965-1ae7-4f7c-b4c1-235f4e4c12ce/allocations => generated 338 bytes in 17 msecs (HTTP/1.1 200) 6 headers in 224 bytes (1 switches on core 0)
2026-06-23 01:32:27.214 8 INFO placement.requestlog [req-029845a0-12be-4f58-981b-a73779eeff8d req-4864003d-b515-495f-b6a2-e2fcf26534c9 88721cf1bfdb460bb5c6d8a2133f3005 fffd1013a3324619bf85571770f9044b - - e36057b960bd4a8c93ce3d6122ad4b41 e36057b960bd4a8c93ce3d6122ad4b41] 199.204.45.229 "GET /allocations/38633dd4-b5cc-463b-b03c-ede489eac5ba" status: 200 len: 243 microversion: 1.28 [pid: 8|app: 0|req: 341/684] 199.204.45.229 () {34 vars in 863 bytes} [Tue Jun 23 01:32:27 2026] GET /allocations/38633dd4-b5cc-463b-b03c-ede489eac5ba => generated 243 bytes in 21 msecs (HTTP/1.1 200) 8 headers in 296 bytes (1 switches on core 0)
2026-06-23 01:32:27.232 7 INFO placement.requestlog [req-029845a0-12be-4f58-981b-a73779eeff8d req-04464a1a-3296-40f8-8b1f-9680354b17aa 88721cf1bfdb460bb5c6d8a2133f3005 fffd1013a3324619bf85571770f9044b - - e36057b960bd4a8c93ce3d6122ad4b41 e36057b960bd4a8c93ce3d6122ad4b41] 199.204.45.229 "GET /allocations/dd331b1a-240c-4c06-aa10-045f02fe99ee" status: 200 len: 257 microversion: 1.28 [pid: 7|app: 0|req: 344/685] 199.204.45.229 () {34 vars in 863 bytes} [Tue Jun 23 01:32:27 2026] GET /allocations/dd331b1a-240c-4c06-aa10-045f02fe99ee => generated 257 bytes in 10 msecs (HTTP/1.1 200) 8 headers in 296 bytes (1 switches on core 0)
2026-06-23 01:32:27.266 8 INFO placement.requestlog [req-029845a0-12be-4f58-981b-a73779eeff8d req-6dd9f7ad-250e-4744-bcac-e4f7ef0a1448 88721cf1bfdb460bb5c6d8a2133f3005 fffd1013a3324619bf85571770f9044b - - e36057b960bd4a8c93ce3d6122ad4b41 e36057b960bd4a8c93ce3d6122ad4b41] 199.204.45.229 "GET /allocations/e93ac130-e1c4-4c95-a3e1-9a78d83ad8d5" status: 200 len: 257 microversion: 1.28 [pid: 8|app: 0|req: 342/686] 199.204.45.229 () {34 vars in 863 bytes} [Tue Jun 23 01:32:27 2026] GET /allocations/e93ac130-e1c4-4c95-a3e1-9a78d83ad8d5 => generated 257 bytes in 30 msecs (HTTP/1.1 200) 8 headers in 296 bytes (1 switches on core 0)
2026-06-23 01:32:27.511 8 INFO placement.requestlog [None req-3dd91f71-af38-43e6-a27b-e5cf370fe4f6 ad378ecd51b44d0e864ef0f42da540fe fffd1013a3324619bf85571770f9044b - - e36057b960bd4a8c93ce3d6122ad4b41 e36057b960bd4a8c93ce3d6122ad4b41] 10.0.0.19 "GET /resource_providers/c1df5318-b133-49a7-b355-9ec126a00f01/aggregates" status: 404 len: 235 microversion: 1.1 [pid: 8|app: 0|req: 343/687] 10.0.0.19 () {32 vars in 815 bytes} [Tue Jun 23 01:32:27 2026] GET /resource_providers/c1df5318-b133-49a7-b355-9ec126a00f01/aggregates => generated 235 bytes in 8 msecs (HTTP/1.1 404) 5 headers in 202 bytes (1 switches on core 0)
2026-06-23 01:32:27.532 8 INFO placement.requestlog [None req-ec58c68b-e429-4dcb-a406-995e676dc7f7 ad378ecd51b44d0e864ef0f42da540fe fffd1013a3324619bf85571770f9044b - - e36057b960bd4a8c93ce3d6122ad4b41 e36057b960bd4a8c93ce3d6122ad4b41] 10.0.0.19 "DELETE /resource_providers/c1df5318-b133-49a7-b355-9ec126a00f01" status: 404 len: 246 microversion: 1.1 [pid: 8|app: 0|req: 344/688] 10.0.0.19 () {34 vars in 815 bytes} [Tue Jun 23 01:32:27 2026] DELETE /resource_providers/c1df5318-b133-49a7-b355-9ec126a00f01 => generated 246 bytes in 9 msecs (HTTP/1.1 404) 6 headers in 231 bytes (1 switches on core 0)
2026-06-23 01:32:27.546 7 INFO placement.requestlog [None req-766c0257-c52c-4ab4-ac18-a2a7491073ae ad378ecd51b44d0e864ef0f42da540fe fffd1013a3324619bf85571770f9044b - - e36057b960bd4a8c93ce3d6122ad4b41 e36057b960bd4a8c93ce3d6122ad4b41] 10.0.0.19 "GET /resource_providers/c1df5318-b133-49a7-b355-9ec126a00f01/aggregates" status: 404 len: 235 microversion: 1.1 [pid: 7|app: 0|req: 345/689] 10.0.0.19 () {32 vars in 815 bytes} [Tue Jun 23 01:32:27 2026] GET /resource_providers/c1df5318-b133-49a7-b355-9ec126a00f01/aggregates => generated 235 bytes in 44 msecs (HTTP/1.1 404) 5 headers in 202 bytes (1 switches on core 0)
2026-06-23 01:32:27.566 8 INFO placement.requestlog [None req-520d7a06-b184-4f85-bcc2-d4b391dccd0e ad378ecd51b44d0e864ef0f42da540fe fffd1013a3324619bf85571770f9044b - - e36057b960bd4a8c93ce3d6122ad4b41 e36057b960bd4a8c93ce3d6122ad4b41] 10.0.0.19 "DELETE /resource_providers/c1df5318-b133-49a7-b355-9ec126a00f01" status: 404 len: 246 microversion: 1.1 [pid: 8|app: 0|req: 345/690] 10.0.0.19 () {34 vars in 815 bytes} [Tue Jun 23 01:32:27 2026] DELETE /resource_providers/c1df5318-b133-49a7-b355-9ec126a00f01 => generated 246 bytes in 10 msecs (HTTP/1.1 404) 6 headers in 231 bytes (1 switches on core 0)
2026-06-23 01:32:28.662 8 INFO placement.requestlog [None req-962f0055-03b0-4ee2-b5bd-a60ab4758df9 - - - - - -] 10.0.0.77 "GET /" status: 200 len: 136 microversion: 1.0
2026-06-23 01:32:28.662 7 INFO placement.requestlog [None req-57050bd8-0415-422c-bb0e-25aaa6e847c5 - - - - - -] 10.0.0.77 "GET /" status: 200 len: 136 microversion: 1.0
2026-06-23 01:32:29.560 8 INFO placement.requestlog [None req-62030e1b-6f91-4e48-9919-86ef4d1a9d90 ad378ecd51b44d0e864ef0f42da540fe fffd1013a3324619bf85571770f9044b - - e36057b960bd4a8c93ce3d6122ad4b41 e36057b960bd4a8c93ce3d6122ad4b41] 10.0.0.19 "GET /resource_providers/353eeba2-c9b3-46d6-bdbf-9183dca4dd75/aggregates" status: 404 len: 235 microversion: 1.1 [pid: 8|app: 0|req: 347/693] 10.0.0.19 () {32 vars in 815 bytes} [Tue Jun 23 01:32:29 2026] GET /resource_providers/353eeba2-c9b3-46d6-bdbf-9183dca4dd75/aggregates => generated 235 bytes in 13 msecs (HTTP/1.1 404) 5 headers in 202 bytes (1 switches on core 0)
2026-06-23 01:32:29.594 7 INFO placement.requestlog [None req-88082d28-b699-4db3-ad2e-a6f1d483d60f ad378ecd51b44d0e864ef0f42da540fe fffd1013a3324619bf85571770f9044b - - e36057b960bd4a8c93ce3d6122ad4b41 e36057b960bd4a8c93ce3d6122ad4b41] 10.0.0.19 "DELETE /resource_providers/353eeba2-c9b3-46d6-bdbf-9183dca4dd75" status: 404 len: 246 microversion: 1.1 [pid: 7|app: 0|req: 347/694] 10.0.0.19 () {34 vars in 815 bytes} [Tue Jun 23 01:32:29 2026] DELETE /resource_providers/353eeba2-c9b3-46d6-bdbf-9183dca4dd75 => generated 246 bytes in 18 msecs (HTTP/1.1 404) 6 headers in 231 bytes (1 switches on core 0)
2026-06-23 01:32:29.598 8 INFO placement.requestlog [None req-bd2c6748-2bdc-4d6f-84bf-bd085c06f7b6 ad378ecd51b44d0e864ef0f42da540fe fffd1013a3324619bf85571770f9044b - - e36057b960bd4a8c93ce3d6122ad4b41 e36057b960bd4a8c93ce3d6122ad4b41] 10.0.0.19 "GET /resource_providers/353eeba2-c9b3-46d6-bdbf-9183dca4dd75/aggregates" status: 404 len: 235 microversion: 1.1 [pid: 8|app: 0|req: 348/695] 10.0.0.19 () {32 vars in 815 bytes} [Tue Jun 23 01:32:29 2026] GET /resource_providers/353eeba2-c9b3-46d6-bdbf-9183dca4dd75/aggregates => generated 235 bytes in 7 msecs (HTTP/1.1 404) 5 headers in 202 bytes (1 switches on core 0)
2026-06-23 01:32:29.616 7 INFO placement.requestlog [None req-5a52a289-d44d-42a9-a2f8-07834b51cda8 ad378ecd51b44d0e864ef0f42da540fe fffd1013a3324619bf85571770f9044b - - e36057b960bd4a8c93ce3d6122ad4b41 e36057b960bd4a8c93ce3d6122ad4b41] 10.0.0.19 "DELETE /resource_providers/353eeba2-c9b3-46d6-bdbf-9183dca4dd75" status: 404 len: 246 microversion: 1.1 [pid: 7|app: 0|req: 348/696] 10.0.0.19 () {34 vars in 815 bytes} [Tue Jun 23 01:32:29 2026] DELETE /resource_providers/353eeba2-c9b3-46d6-bdbf-9183dca4dd75 => generated 246 bytes in 10 msecs (HTTP/1.1 404) 6 headers in 231 bytes (1 switches on core 0)
2026-06-23 01:32:32.816 7 INFO placement.requestlog [None req-e3ab3f3b-9d4f-4d7a-97be-8b3ba23bf443 ad378ecd51b44d0e864ef0f42da540fe fffd1013a3324619bf85571770f9044b - - e36057b960bd4a8c93ce3d6122ad4b41 e36057b960bd4a8c93ce3d6122ad4b41] 10.0.0.19 "GET /resource_providers/fd4366d0-f23d-42f5-a179-e58e24058cc5/aggregates" status: 404 len: 235 microversion: 1.1 [pid: 7|app: 0|req: 349/697] 10.0.0.19 () {32 vars in 815 bytes} [Tue Jun 23 01:32:32 2026] GET /resource_providers/fd4366d0-f23d-42f5-a179-e58e24058cc5/aggregates => generated 235 bytes in 12 msecs (HTTP/1.1 404) 5 headers in 202 bytes (1 switches on core 0)
2026-06-23 01:32:32.822 8 INFO placement.requestlog [None req-e4202a5e-48f6-4513-9458-634bc3a0343f ad378ecd51b44d0e864ef0f42da540fe fffd1013a3324619bf85571770f9044b - - e36057b960bd4a8c93ce3d6122ad4b41 e36057b960bd4a8c93ce3d6122ad4b41] 10.0.0.19 "GET /resource_providers/fd4366d0-f23d-42f5-a179-e58e24058cc5/aggregates" status: 404 len: 235 microversion: 1.1 [pid: 8|app: 0|req: 349/698] 10.0.0.19 () {32 vars in 815 bytes} [Tue Jun 23 01:32:32 2026] GET /resource_providers/fd4366d0-f23d-42f5-a179-e58e24058cc5/aggregates => generated 235 bytes in 20 msecs (HTTP/1.1 404) 5 headers in 202 bytes (1 switches on core 0)
2026-06-23 01:32:32.846 7 INFO placement.requestlog [None req-cf0c9803-f9b2-4d38-ac72-7330f603ee48 ad378ecd51b44d0e864ef0f42da540fe fffd1013a3324619bf85571770f9044b - - e36057b960bd4a8c93ce3d6122ad4b41 e36057b960bd4a8c93ce3d6122ad4b41] 10.0.0.19 "DELETE /resource_providers/fd4366d0-f23d-42f5-a179-e58e24058cc5" status: 404 len: 246 microversion: 1.1 [pid: 7|app: 0|req: 350/699] 10.0.0.19 () {34 vars in 815 bytes} [Tue Jun 23 01:32:32 2026] DELETE /resource_providers/fd4366d0-f23d-42f5-a179-e58e24058cc5 => generated 246 bytes in 10 msecs (HTTP/1.1 404) 6 headers in 231 bytes (1 switches on core 0)
2026-06-23 01:32:32.851 8 INFO placement.requestlog [None req-9fd4a360-7bd4-49b9-9da9-d9560d1e641a ad378ecd51b44d0e864ef0f42da540fe fffd1013a3324619bf85571770f9044b - - e36057b960bd4a8c93ce3d6122ad4b41 e36057b960bd4a8c93ce3d6122ad4b41] 10.0.0.19 "DELETE /resource_providers/fd4366d0-f23d-42f5-a179-e58e24058cc5" status: 404 len: 246 microversion: 1.1 [pid: 8|app: 0|req: 350/700] 10.0.0.19 () {34 vars in 815 bytes} [Tue Jun 23 01:32:32 2026] DELETE /resource_providers/fd4366d0-f23d-42f5-a179-e58e24058cc5 => generated 246 bytes in 16 msecs (HTTP/1.1 404) 6 headers in 231 bytes (1 switches on core 0)
2026-06-23 01:32:34.893 7 INFO placement.requestlog [None req-1067934a-3f6f-44aa-8b8e-811b770c0d7c ad378ecd51b44d0e864ef0f42da540fe fffd1013a3324619bf85571770f9044b - - e36057b960bd4a8c93ce3d6122ad4b41 e36057b960bd4a8c93ce3d6122ad4b41] 10.0.0.19 "GET /resource_providers/091b3e76-463f-4203-9f95-ee8b728a94c1/aggregates" status: 404 len: 235 microversion: 1.1 [pid: 7|app: 0|req: 351/701] 10.0.0.19 () {32 vars in 815 bytes} [Tue Jun 23 01:32:34 2026] GET /resource_providers/091b3e76-463f-4203-9f95-ee8b728a94c1/aggregates => generated 235 bytes in 18 msecs (HTTP/1.1 404) 5 headers in 202 bytes (1 switches on core 0)
2026-06-23 01:32:34.895 8 INFO placement.requestlog [None req-5f6dbc91-5fa6-46ca-b3a5-bde4474c95cf ad378ecd51b44d0e864ef0f42da540fe fffd1013a3324619bf85571770f9044b - - e36057b960bd4a8c93ce3d6122ad4b41 e36057b960bd4a8c93ce3d6122ad4b41] 10.0.0.19 "GET /resource_providers/091b3e76-463f-4203-9f95-ee8b728a94c1/aggregates" status: 404 len: 235 microversion: 1.1 [pid: 8|app: 0|req: 351/702] 10.0.0.19 () {32 vars in 815 bytes} [Tue Jun 23 01:32:34 2026] GET /resource_providers/091b3e76-463f-4203-9f95-ee8b728a94c1/aggregates => generated 235 bytes in 20 msecs (HTTP/1.1 404) 5 headers in 202 bytes (1 switches on core 0)
2026-06-23 01:32:34.930 7 INFO placement.requestlog [None req-d3c37173-34a0-4dfe-bd06-dbdc5cc8b96a ad378ecd51b44d0e864ef0f42da540fe fffd1013a3324619bf85571770f9044b - - e36057b960bd4a8c93ce3d6122ad4b41 e36057b960bd4a8c93ce3d6122ad4b41] 10.0.0.19 "DELETE /resource_providers/091b3e76-463f-4203-9f95-ee8b728a94c1" status: 404 len: 246 microversion: 1.1 [pid: 7|app: 0|req: 352/703] 10.0.0.19 () {34 vars in 815 bytes} [Tue Jun 23 01:32:34 2026] DELETE /resource_providers/091b3e76-463f-4203-9f95-ee8b728a94c1 => generated 246 bytes in 11 msecs (HTTP/1.1 404) 6 headers in 231 bytes (1 switches on core 0)
2026-06-23 01:32:34.949 8 INFO placement.requestlog [None req-37c50334-870e-40fd-a8a4-612405d9df46 ad378ecd51b44d0e864ef0f42da540fe fffd1013a3324619bf85571770f9044b - - e36057b960bd4a8c93ce3d6122ad4b41 e36057b960bd4a8c93ce3d6122ad4b41] 10.0.0.19 "DELETE /resource_providers/091b3e76-463f-4203-9f95-ee8b728a94c1" status: 404 len: 246 microversion: 1.1 [pid: 8|app: 0|req: 352/704] 10.0.0.19 () {34 vars in 815 bytes} [Tue Jun 23 01:32:34 2026] DELETE /resource_providers/091b3e76-463f-4203-9f95-ee8b728a94c1 => generated 246 bytes in 24 msecs (HTTP/1.1 404) 6 headers in 231 bytes (1 switches on core 0)
2026-06-23 01:32:37.692 7 INFO placement.requestlog [None req-800367d2-57f4-4823-9d2b-c10fa2646db9 ad378ecd51b44d0e864ef0f42da540fe fffd1013a3324619bf85571770f9044b - - e36057b960bd4a8c93ce3d6122ad4b41 e36057b960bd4a8c93ce3d6122ad4b41] 10.0.0.19 "GET /resource_providers/5e8212cb-2cd0-4fa5-ab8d-523c85b19089/aggregates" status: 404 len: 235 microversion: 1.1 [pid: 7|app: 0|req: 353/705] 10.0.0.19 () {32 vars in 815 bytes} [Tue Jun 23 01:32:37 2026] GET /resource_providers/5e8212cb-2cd0-4fa5-ab8d-523c85b19089/aggregates => generated 235 bytes in 11 msecs (HTTP/1.1 404) 5 headers in 202 bytes (1 switches on core 0)
2026-06-23 01:32:37.693 8 INFO placement.requestlog [None req-f7b476a0-acba-4473-a5f6-3be6e1df3a8a ad378ecd51b44d0e864ef0f42da540fe fffd1013a3324619bf85571770f9044b - - e36057b960bd4a8c93ce3d6122ad4b41 e36057b960bd4a8c93ce3d6122ad4b41] 10.0.0.19 "GET /resource_providers/5e8212cb-2cd0-4fa5-ab8d-523c85b19089/aggregates" status: 404 len: 235 microversion: 1.1 [pid: 8|app: 0|req: 353/706] 10.0.0.19 () {32 vars in 815 bytes} [Tue Jun 23 01:32:37 2026] GET /resource_providers/5e8212cb-2cd0-4fa5-ab8d-523c85b19089/aggregates => generated 235 bytes in 13 msecs (HTTP/1.1 404) 5 headers in 202 bytes (1 switches on core 0)
2026-06-23 01:32:37.711 7 INFO placement.requestlog [None req-082d7de4-0623-411b-bb19-d453da93dba9 ad378ecd51b44d0e864ef0f42da540fe fffd1013a3324619bf85571770f9044b - - e36057b960bd4a8c93ce3d6122ad4b41 e36057b960bd4a8c93ce3d6122ad4b41] 10.0.0.19 "DELETE /resource_providers/5e8212cb-2cd0-4fa5-ab8d-523c85b19089" status: 404 len: 246 microversion: 1.1 [pid: 7|app: 0|req: 354/707] 10.0.0.19 () {34 vars in 815 bytes} [Tue Jun 23 01:32:37 2026] DELETE /resource_providers/5e8212cb-2cd0-4fa5-ab8d-523c85b19089 => generated 246 bytes in 7 msecs (HTTP/1.1 404) 6 headers in 231 bytes (1 switches on core 0)
2026-06-23 01:32:37.723 8 INFO placement.requestlog [None req-d33ef387-4728-445a-9ca4-a4059710af45 ad378ecd51b44d0e864ef0f42da540fe fffd1013a3324619bf85571770f9044b - - e36057b960bd4a8c93ce3d6122ad4b41 e36057b960bd4a8c93ce3d6122ad4b41] 10.0.0.19 "DELETE /resource_providers/5e8212cb-2cd0-4fa5-ab8d-523c85b19089" status: 404 len: 246 microversion: 1.1 [pid: 8|app: 0|req: 354/708] 10.0.0.19 () {34 vars in 815 bytes} [Tue Jun 23 01:32:37 2026] DELETE /resource_providers/5e8212cb-2cd0-4fa5-ab8d-523c85b19089 => generated 246 bytes in 13 msecs (HTTP/1.1 404) 6 headers in 231 bytes (1 switches on core 0)
2026-06-23 01:32:38.662 7 INFO placement.requestlog [None req-bdd16cfd-8ea4-4729-a884-8cdd2f0faccd - - - - - -] 10.0.0.77 "GET /" status: 200 len: 136 microversion: 1.0
2026-06-23 01:32:38.662 8 INFO placement.requestlog [None req-1c94421e-f819-4358-b507-84e50d5919fa - - - - - -] 10.0.0.77 "GET /" status: 200 len: 136 microversion: 1.0
2026-06-23 01:32:39.733 8 INFO placement.requestlog [None req-4fe5b85f-4c44-4ca5-8c35-705db485a854 ad378ecd51b44d0e864ef0f42da540fe fffd1013a3324619bf85571770f9044b - - e36057b960bd4a8c93ce3d6122ad4b41 e36057b960bd4a8c93ce3d6122ad4b41] 10.0.0.19 "GET /resource_providers/86a106cd-6ca2-4eb3-84f1-86a159155084/aggregates" status: 404 len: 235 microversion: 1.1 [pid: 8|app: 0|req: 356/711] 10.0.0.19 () {32 vars in 815 bytes} [Tue Jun 23 01:32:39 2026] GET /resource_providers/86a106cd-6ca2-4eb3-84f1-86a159155084/aggregates => generated 235 bytes in 10 msecs (HTTP/1.1 404) 5 headers in 202 bytes (1 switches on core 0)
2026-06-23 01:32:39.757 7 INFO placement.requestlog [None req-41924634-c030-4dcd-baa1-c9e9f55d1d0a ad378ecd51b44d0e864ef0f42da540fe fffd1013a3324619bf85571770f9044b - - e36057b960bd4a8c93ce3d6122ad4b41 e36057b960bd4a8c93ce3d6122ad4b41] 10.0.0.19 "GET /resource_providers/86a106cd-6ca2-4eb3-84f1-86a159155084/aggregates" status: 404 len: 235 microversion: 1.1 [pid: 7|app: 0|req: 356/712] 10.0.0.19 () {32 vars in 815 bytes} [Tue Jun 23 01:32:39 2026] GET /resource_providers/86a106cd-6ca2-4eb3-84f1-86a159155084/aggregates => generated 235 bytes in 12 msecs (HTTP/1.1 404) 5 headers in 202 bytes (1 switches on core 0)
2026-06-23 01:32:39.765 8 INFO placement.requestlog [None req-8d6c3698-fe9b-402a-b7ca-7cb24b230dfd ad378ecd51b44d0e864ef0f42da540fe fffd1013a3324619bf85571770f9044b - - e36057b960bd4a8c93ce3d6122ad4b41 e36057b960bd4a8c93ce3d6122ad4b41] 10.0.0.19 "DELETE /resource_providers/86a106cd-6ca2-4eb3-84f1-86a159155084" status: 404 len: 246 microversion: 1.1 [pid: 8|app: 0|req: 357/713] 10.0.0.19 () {34 vars in 815 bytes} [Tue Jun 23 01:32:39 2026] DELETE /resource_providers/86a106cd-6ca2-4eb3-84f1-86a159155084 => generated 246 bytes in 13 msecs (HTTP/1.1 404) 6 headers in 231 bytes (1 switches on core 0)
2026-06-23 01:32:39.782 7 INFO placement.requestlog [None req-f9bec839-3f0b-4227-b181-51f8905d5a22 ad378ecd51b44d0e864ef0f42da540fe fffd1013a3324619bf85571770f9044b - - e36057b960bd4a8c93ce3d6122ad4b41 e36057b960bd4a8c93ce3d6122ad4b41] 10.0.0.19 "DELETE /resource_providers/86a106cd-6ca2-4eb3-84f1-86a159155084" status: 404 len: 246 microversion: 1.1 [pid: 7|app: 0|req: 357/714] 10.0.0.19 () {34 vars in 815 bytes} [Tue Jun 23 01:32:39 2026] DELETE /resource_providers/86a106cd-6ca2-4eb3-84f1-86a159155084 => generated 246 bytes in 11 msecs (HTTP/1.1 404) 6 headers in 231 bytes (1 switches on core 0)
2026-06-23 01:32:41.001 8 INFO placement.requestlog [req-a4bd24a1-fbba-47f3-a868-590c20432169 req-f63823b0-7a00-4a65-a8a1-45498b51bb7d 88721cf1bfdb460bb5c6d8a2133f3005 fffd1013a3324619bf85571770f9044b - - e36057b960bd4a8c93ce3d6122ad4b41 e36057b960bd4a8c93ce3d6122ad4b41] 199.204.45.229 "GET /resource_providers/bc015965-1ae7-4f7c-b4c1-235f4e4c12ce/allocations" status: 200 len: 338 microversion: 1.0 [pid: 8|app: 0|req: 358/715] 199.204.45.229 () {32 vars in 857 bytes} [Tue Jun 23 01:32:40 2026] GET /resource_providers/bc015965-1ae7-4f7c-b4c1-235f4e4c12ce/allocations => generated 338 bytes in 14 msecs (HTTP/1.1 200) 6 headers in 224 bytes (1 switches on core 0)
2026-06-23 01:32:41.023 7 INFO placement.requestlog [req-a4bd24a1-fbba-47f3-a868-590c20432169 req-d0b18d89-774d-4db6-ae89-745152c5b857 88721cf1bfdb460bb5c6d8a2133f3005 fffd1013a3324619bf85571770f9044b - - e36057b960bd4a8c93ce3d6122ad4b41 e36057b960bd4a8c93ce3d6122ad4b41] 199.204.45.229 "GET /allocations/38633dd4-b5cc-463b-b03c-ede489eac5ba" status: 200 len: 243 microversion: 1.28 [pid: 7|app: 0|req: 358/716] 199.204.45.229 () {34 vars in 863 bytes} [Tue Jun 23 01:32:41 2026] GET /allocations/38633dd4-b5cc-463b-b03c-ede489eac5ba => generated 243 bytes in 14 msecs (HTTP/1.1 200) 8 headers in 296 bytes (1 switches on core 0)
2026-06-23 01:32:41.058 8 INFO placement.requestlog [req-a4bd24a1-fbba-47f3-a868-590c20432169 req-498cd110-250e-4646-9ad8-e5cc16d944fe 88721cf1bfdb460bb5c6d8a2133f3005 fffd1013a3324619bf85571770f9044b - - e36057b960bd4a8c93ce3d6122ad4b41 e36057b960bd4a8c93ce3d6122ad4b41] 199.204.45.229 "GET /allocations/dd331b1a-240c-4c06-aa10-045f02fe99ee" status: 200 len: 257 microversion: 1.28 [pid: 8|app: 0|req: 359/717] 199.204.45.229 () {34 vars in 863 bytes} [Tue Jun 23 01:32:41 2026] GET /allocations/dd331b1a-240c-4c06-aa10-045f02fe99ee => generated 257 bytes in 29 msecs (HTTP/1.1 200) 8 headers in 296 bytes (1 switches on core 0)
2026-06-23 01:32:41.080 7 INFO placement.requestlog [req-a4bd24a1-fbba-47f3-a868-590c20432169 req-4287bd0a-95a4-4ad8-8b31-65383186259e 88721cf1bfdb460bb5c6d8a2133f3005 fffd1013a3324619bf85571770f9044b - - e36057b960bd4a8c93ce3d6122ad4b41 e36057b960bd4a8c93ce3d6122ad4b41] 199.204.45.229 "GET /allocations/e93ac130-e1c4-4c95-a3e1-9a78d83ad8d5" status: 200 len: 257 microversion: 1.28 [pid: 7|app: 0|req: 359/718] 199.204.45.229 () {34 vars in 863 bytes} [Tue Jun 23 01:32:41 2026] GET /allocations/e93ac130-e1c4-4c95-a3e1-9a78d83ad8d5 => generated 257 bytes in 14 msecs (HTTP/1.1 200) 8 headers in 296 bytes (1 switches on core 0)
2026-06-23 01:32:42.139 8 INFO placement.requestlog [req-a4bd24a1-fbba-47f3-a868-590c20432169 req-e4dbbb10-edcf-4531-8b7f-ad0868c47d8c 88721cf1bfdb460bb5c6d8a2133f3005 fffd1013a3324619bf85571770f9044b - - e36057b960bd4a8c93ce3d6122ad4b41 e36057b960bd4a8c93ce3d6122ad4b41] 199.204.45.229 "DELETE /allocations/38633dd4-b5cc-463b-b03c-ede489eac5ba" status: 204 len: 0 microversion: 1.0 [pid: 8|app: 0|req: 360/719] 199.204.45.229 () {34 vars in 841 bytes} [Tue Jun 23 01:32:42 2026] DELETE /allocations/38633dd4-b5cc-463b-b03c-ede489eac5ba => generated 0 bytes in 29 msecs (HTTP/1.1 204) 5 headers in 198 bytes (1 switches on core 0)
2026-06-23 01:32:42.217 7 INFO placement.requestlog [None req-680814e9-24d8-4459-acfb-8d10a3ad7eaa ad378ecd51b44d0e864ef0f42da540fe fffd1013a3324619bf85571770f9044b - - e36057b960bd4a8c93ce3d6122ad4b41 e36057b960bd4a8c93ce3d6122ad4b41] 10.0.0.19 "GET /resource_providers/537e4224-d539-4001-8f4e-bd8d62701608/aggregates" status: 404 len: 235 microversion: 1.1 [pid: 7|app: 0|req: 360/720] 10.0.0.19 () {32 vars in 815 bytes} [Tue Jun 23 01:32:42 2026] GET /resource_providers/537e4224-d539-4001-8f4e-bd8d62701608/aggregates => generated 235 bytes in 10 msecs (HTTP/1.1 404) 5 headers in 202 bytes (1 switches on core 0)
2026-06-23 01:32:42.220 8 INFO placement.requestlog [None req-1077881d-1fa5-4468-ad1a-5c8a9bad2201 ad378ecd51b44d0e864ef0f42da540fe fffd1013a3324619bf85571770f9044b - - e36057b960bd4a8c93ce3d6122ad4b41 e36057b960bd4a8c93ce3d6122ad4b41] 10.0.0.19 "GET /resource_providers/537e4224-d539-4001-8f4e-bd8d62701608/aggregates" status: 404 len: 235 microversion: 1.1 [pid: 8|app: 0|req: 361/721] 10.0.0.19 () {32 vars in 815 bytes} [Tue Jun 23 01:32:42 2026] GET /resource_providers/537e4224-d539-4001-8f4e-bd8d62701608/aggregates => generated 235 bytes in 12 msecs (HTTP/1.1 404) 5 headers in 202 bytes (1 switches on core 0)
2026-06-23 01:32:42.254 7 INFO placement.requestlog [None req-27a12b5d-2829-4470-aafd-e0778149976c ad378ecd51b44d0e864ef0f42da540fe fffd1013a3324619bf85571770f9044b - - e36057b960bd4a8c93ce3d6122ad4b41 e36057b960bd4a8c93ce3d6122ad4b41] 10.0.0.19 "DELETE /resource_providers/537e4224-d539-4001-8f4e-bd8d62701608" status: 404 len: 246 microversion: 1.1 [pid: 7|app: 0|req: 361/722] 10.0.0.19 () {34 vars in 815 bytes} [Tue Jun 23 01:32:42 2026] DELETE /resource_providers/537e4224-d539-4001-8f4e-bd8d62701608 => generated 246 bytes in 23 msecs (HTTP/1.1 404) 6 headers in 231 bytes (1 switches on core 0)
2026-06-23 01:32:42.257 8 INFO placement.requestlog [None req-a738d9f0-788f-494f-8439-3092c7867920 ad378ecd51b44d0e864ef0f42da540fe fffd1013a3324619bf85571770f9044b - - e36057b960bd4a8c93ce3d6122ad4b41 e36057b960bd4a8c93ce3d6122ad4b41] 10.0.0.19 "DELETE /resource_providers/537e4224-d539-4001-8f4e-bd8d62701608" status: 404 len: 246 microversion: 1.1 [pid: 8|app: 0|req: 362/723] 10.0.0.19 () {34 vars in 815 bytes} [Tue Jun 23 01:32:42 2026] DELETE /resource_providers/537e4224-d539-4001-8f4e-bd8d62701608 => generated 246 bytes in 19 msecs (HTTP/1.1 404) 6 headers in 231 bytes (1 switches on core 0)
2026-06-23 01:32:45.280 7 INFO placement.requestlog [None req-ec481640-1c0d-4e84-9168-3e80da4725fa ad378ecd51b44d0e864ef0f42da540fe fffd1013a3324619bf85571770f9044b - - e36057b960bd4a8c93ce3d6122ad4b41 e36057b960bd4a8c93ce3d6122ad4b41] 10.0.0.19 "GET /resource_providers/ab9dc4d6-3e14-4b51-aec8-50f054d69435/aggregates" status: 404 len: 235 microversion: 1.1 [pid: 7|app: 0|req: 362/724] 10.0.0.19 () {32 vars in 815 bytes} [Tue Jun 23 01:32:45 2026] GET /resource_providers/ab9dc4d6-3e14-4b51-aec8-50f054d69435/aggregates => generated 235 bytes in 10 msecs (HTTP/1.1 404) 5 headers in 202 bytes (1 switches on core 0)
2026-06-23 01:32:45.284 8 INFO placement.requestlog [None req-4c3a265a-cde5-4f3a-8efe-851daaaee1fa ad378ecd51b44d0e864ef0f42da540fe fffd1013a3324619bf85571770f9044b - - e36057b960bd4a8c93ce3d6122ad4b41 e36057b960bd4a8c93ce3d6122ad4b41] 10.0.0.19 "GET /resource_providers/ab9dc4d6-3e14-4b51-aec8-50f054d69435/aggregates" status: 404 len: 235 microversion: 1.1 [pid: 8|app: 0|req: 363/725] 10.0.0.19 () {32 vars in 815 bytes} [Tue Jun 23 01:32:45 2026] GET /resource_providers/ab9dc4d6-3e14-4b51-aec8-50f054d69435/aggregates => generated 235 bytes in 11 msecs (HTTP/1.1 404) 5 headers in 202 bytes (1 switches on core 0)
2026-06-23 01:32:45.306 7 INFO placement.requestlog [None req-1d1c8451-8901-4129-9822-2a7ca5f39c77 ad378ecd51b44d0e864ef0f42da540fe fffd1013a3324619bf85571770f9044b - - e36057b960bd4a8c93ce3d6122ad4b41 e36057b960bd4a8c93ce3d6122ad4b41] 10.0.0.19 "DELETE /resource_providers/ab9dc4d6-3e14-4b51-aec8-50f054d69435" status: 404 len: 246 microversion: 1.1
2026-06-23 01:32:45.306 8 INFO placement.requestlog [None req-a7f67719-668f-4793-b95c-7014a98943ff ad378ecd51b44d0e864ef0f42da540fe fffd1013a3324619bf85571770f9044b - - e36057b960bd4a8c93ce3d6122ad4b41 e36057b960bd4a8c93ce3d6122ad4b41] 10.0.0.19 "DELETE /resource_providers/ab9dc4d6-3e14-4b51-aec8-50f054d69435" status: 404 len: 246 microversion: 1.1 [pid: 7|app: 0|req: 363/727] 10.0.0.19 () {34 vars in 815 bytes} [Tue Jun 23 01:32:45 2026] DELETE /resource_providers/ab9dc4d6-3e14-4b51-aec8-50f054d69435 => generated 246 bytes in 15 msecs (HTTP/1.1 404) 6 headers in 231 bytes (1 switches on core 0) [pid: 8|app: 0|req: 364/727] 10.0.0.19 () {34 vars in 815 bytes} [Tue Jun 23 01:32:45 2026] DELETE /resource_providers/ab9dc4d6-3e14-4b51-aec8-50f054d69435 => generated 246 bytes in 9 msecs (HTTP/1.1 404) 6 headers in 231 bytes (1 switches on core 0)
2026-06-23 01:32:45.771 7 INFO placement.requestlog [req-21d9374f-d798-45fd-9394-5c06e7e30975 req-956a6b30-5c20-4e5b-affe-9367298143c5 88721cf1bfdb460bb5c6d8a2133f3005 fffd1013a3324619bf85571770f9044b - - e36057b960bd4a8c93ce3d6122ad4b41 e36057b960bd4a8c93ce3d6122ad4b41] 199.204.45.229 "GET /resource_providers/bc015965-1ae7-4f7c-b4c1-235f4e4c12ce/allocations" status: 200 len: 252 microversion: 1.0 [pid: 7|app: 0|req: 364/728] 199.204.45.229 () {32 vars in 857 bytes} [Tue Jun 23 01:32:45 2026] GET /resource_providers/bc015965-1ae7-4f7c-b4c1-235f4e4c12ce/allocations => generated 252 bytes in 21 msecs (HTTP/1.1 200) 6 headers in 224 bytes (1 switches on core 0)
2026-06-23 01:32:45.796 8 INFO placement.requestlog [req-21d9374f-d798-45fd-9394-5c06e7e30975 req-3f9957d8-a4e3-4174-ae1f-c0ed0ef2077f 88721cf1bfdb460bb5c6d8a2133f3005 fffd1013a3324619bf85571770f9044b - - e36057b960bd4a8c93ce3d6122ad4b41 e36057b960bd4a8c93ce3d6122ad4b41] 199.204.45.229 "GET /allocations/e93ac130-e1c4-4c95-a3e1-9a78d83ad8d5" status: 200 len: 257 microversion: 1.28 [pid: 8|app: 0|req: 365/729] 199.204.45.229 () {34 vars in 863 bytes} [Tue Jun 23 01:32:45 2026] GET /allocations/e93ac130-e1c4-4c95-a3e1-9a78d83ad8d5 => generated 257 bytes in 18 msecs (HTTP/1.1 200) 8 headers in 296 bytes (1 switches on core 0)
2026-06-23 01:32:45.814 7 INFO placement.requestlog [req-21d9374f-d798-45fd-9394-5c06e7e30975 req-89b8e8fd-4c68-4671-92c4-17a010df469d 88721cf1bfdb460bb5c6d8a2133f3005 fffd1013a3324619bf85571770f9044b - - e36057b960bd4a8c93ce3d6122ad4b41 e36057b960bd4a8c93ce3d6122ad4b41] 199.204.45.229 "GET /allocations/dd331b1a-240c-4c06-aa10-045f02fe99ee" status: 200 len: 257 microversion: 1.28 [pid: 7|app: 0|req: 365/730] 199.204.45.229 () {34 vars in 863 bytes} [Tue Jun 23 01:32:45 2026] GET /allocations/dd331b1a-240c-4c06-aa10-045f02fe99ee => generated 257 bytes in 11 msecs (HTTP/1.1 200) 8 headers in 296 bytes (1 switches on core 0)
2026-06-23 01:32:46.882 8 INFO placement.requestlog [req-21d9374f-d798-45fd-9394-5c06e7e30975 req-ba015462-5a64-4bbc-b74a-f616ef816653 88721cf1bfdb460bb5c6d8a2133f3005 fffd1013a3324619bf85571770f9044b - - e36057b960bd4a8c93ce3d6122ad4b41 e36057b960bd4a8c93ce3d6122ad4b41] 199.204.45.229 "DELETE /allocations/e93ac130-e1c4-4c95-a3e1-9a78d83ad8d5" status: 204 len: 0 microversion: 1.0 [pid: 8|app: 0|req: 366/731] 199.204.45.229 () {34 vars in 841 bytes} [Tue Jun 23 01:32:46 2026] DELETE /allocations/e93ac130-e1c4-4c95-a3e1-9a78d83ad8d5 => generated 0 bytes in 43 msecs (HTTP/1.1 204) 5 headers in 198 bytes (1 switches on core 0)
2026-06-23 01:32:47.328 7 INFO placement.requestlog [None req-8b730397-84a8-4096-88f9-4569b6a1c964 ad378ecd51b44d0e864ef0f42da540fe fffd1013a3324619bf85571770f9044b - - e36057b960bd4a8c93ce3d6122ad4b41 e36057b960bd4a8c93ce3d6122ad4b41] 10.0.0.19 "GET /resource_providers/f1fd28a3-f255-4ce3-8f7f-7d860a0fc095/aggregates" status: 404 len: 235 microversion: 1.1 [pid: 7|app: 0|req: 366/732] 10.0.0.19 () {32 vars in 815 bytes} [Tue Jun 23 01:32:47 2026] GET /resource_providers/f1fd28a3-f255-4ce3-8f7f-7d860a0fc095/aggregates => generated 235 bytes in 8 msecs (HTTP/1.1 404) 5 headers in 202 bytes (1 switches on core 0)
2026-06-23 01:32:47.329 8 INFO placement.requestlog [None req-7a4aa8cb-d970-42ec-9497-70cc64a8d632 ad378ecd51b44d0e864ef0f42da540fe fffd1013a3324619bf85571770f9044b - - e36057b960bd4a8c93ce3d6122ad4b41 e36057b960bd4a8c93ce3d6122ad4b41] 10.0.0.19 "GET /resource_providers/f1fd28a3-f255-4ce3-8f7f-7d860a0fc095/aggregates" status: 404 len: 235 microversion: 1.1 [pid: 8|app: 0|req: 367/733] 10.0.0.19 () {32 vars in 815 bytes} [Tue Jun 23 01:32:47 2026] GET /resource_providers/f1fd28a3-f255-4ce3-8f7f-7d860a0fc095/aggregates => generated 235 bytes in 8 msecs (HTTP/1.1 404) 5 headers in 202 bytes (1 switches on core 0)
2026-06-23 01:32:47.351 7 INFO placement.requestlog [None req-b0972a31-0f45-45c6-9230-536095057c8e ad378ecd51b44d0e864ef0f42da540fe fffd1013a3324619bf85571770f9044b - - e36057b960bd4a8c93ce3d6122ad4b41 e36057b960bd4a8c93ce3d6122ad4b41] 10.0.0.19 "DELETE /resource_providers/f1fd28a3-f255-4ce3-8f7f-7d860a0fc095" status: 404 len: 246 microversion: 1.1
2026-06-23 01:32:47.351 8 INFO placement.requestlog [None req-f1c8024f-2e26-4bb5-9882-bfb238f13a17 ad378ecd51b44d0e864ef0f42da540fe fffd1013a3324619bf85571770f9044b - - e36057b960bd4a8c93ce3d6122ad4b41 e36057b960bd4a8c93ce3d6122ad4b41] 10.0.0.19 "DELETE /resource_providers/f1fd28a3-f255-4ce3-8f7f-7d860a0fc095" status: 404 len: 246 microversion: 1.1 [pid: 7|app: 0|req: 367/734] 10.0.0.19 () {34 vars in 815 bytes} [Tue Jun 23 01:32:47 2026] DELETE /resource_providers/f1fd28a3-f255-4ce3-8f7f-7d860a0fc095 => generated 246 bytes in 10 msecs (HTTP/1.1 404) 6 headers in 231 bytes (1 switches on core 0) [pid: 8|app: 0|req: 368/735] 10.0.0.19 () {34 vars in 815 bytes} [Tue Jun 23 01:32:47 2026] DELETE /resource_providers/f1fd28a3-f255-4ce3-8f7f-7d860a0fc095 => generated 246 bytes in 9 msecs (HTTP/1.1 404) 6 headers in 231 bytes (1 switches on core 0)
2026-06-23 01:32:48.661 7 INFO placement.requestlog [None req-040d94f5-2c4d-4f9a-994c-3e80aa511ed4 - - - - - -] 10.0.0.77 "GET /" status: 200 len: 136 microversion: 1.0
2026-06-23 01:32:48.663 8 INFO placement.requestlog [None req-2dd567a8-cd36-43b5-bf23-0a1807bd40a5 - - - - - -] 10.0.0.77 "GET /" status: 200 len: 136 microversion: 1.0
2026-06-23 01:32:50.175 7 INFO placement.requestlog [None req-b6cce59b-c564-4aff-af7e-8d4345d1c704 ad378ecd51b44d0e864ef0f42da540fe fffd1013a3324619bf85571770f9044b - - e36057b960bd4a8c93ce3d6122ad4b41 e36057b960bd4a8c93ce3d6122ad4b41] 10.0.0.19 "GET /resource_providers/39887c5e-a458-43e8-b73f-3b3f248abb2a/aggregates" status: 404 len: 235 microversion: 1.1
2026-06-23 01:32:50.176 8 INFO placement.requestlog [None req-0efe2c53-6efa-4fd0-8064-5f7fcb81eac4 ad378ecd51b44d0e864ef0f42da540fe fffd1013a3324619bf85571770f9044b - - e36057b960bd4a8c93ce3d6122ad4b41 e36057b960bd4a8c93ce3d6122ad4b41] 10.0.0.19 "GET /resource_providers/39887c5e-a458-43e8-b73f-3b3f248abb2a/aggregates" status: 404 len: 235 microversion: 1.1 [pid: 7|app: 0|req: 369/738] 10.0.0.19 () {32 vars in 815 bytes} [Tue Jun 23 01:32:50 2026] GET /resource_providers/39887c5e-a458-43e8-b73f-3b3f248abb2a/aggregates => generated 235 bytes in 11 msecs (HTTP/1.1 404) 5 headers in 202 bytes (1 switches on core 0) [pid: 8|app: 0|req: 370/739] 10.0.0.19 () {32 vars in 815 bytes} [Tue Jun 23 01:32:50 2026] GET /resource_providers/39887c5e-a458-43e8-b73f-3b3f248abb2a/aggregates => generated 235 bytes in 11 msecs (HTTP/1.1 404) 5 headers in 202 bytes (1 switches on core 0)
2026-06-23 01:32:50.202 8 INFO placement.requestlog [None req-d894244c-7b73-4270-8553-646de044d50c ad378ecd51b44d0e864ef0f42da540fe fffd1013a3324619bf85571770f9044b - - e36057b960bd4a8c93ce3d6122ad4b41 e36057b960bd4a8c93ce3d6122ad4b41] 10.0.0.19 "DELETE /resource_providers/39887c5e-a458-43e8-b73f-3b3f248abb2a" status: 404 len: 246 microversion: 1.1
2026-06-23 01:32:50.202 7 INFO placement.requestlog [None req-108fef43-5986-42bb-83a9-2dd6603f9db9 ad378ecd51b44d0e864ef0f42da540fe fffd1013a3324619bf85571770f9044b - - e36057b960bd4a8c93ce3d6122ad4b41 e36057b960bd4a8c93ce3d6122ad4b41] 10.0.0.19 "DELETE /resource_providers/39887c5e-a458-43e8-b73f-3b3f248abb2a" status: 404 len: 246 microversion: 1.1 [pid: 8|app: 0|req: 371/740] 10.0.0.19 () {34 vars in 815 bytes} [Tue Jun 23 01:32:50 2026] DELETE /resource_providers/39887c5e-a458-43e8-b73f-3b3f248abb2a => generated 246 bytes in 8 msecs (HTTP/1.1 404) 6 headers in 231 bytes (1 switches on core 0) [pid: 7|app: 0|req: 370/741] 10.0.0.19 () {34 vars in 815 bytes} [Tue Jun 23 01:32:50 2026] DELETE /resource_providers/39887c5e-a458-43e8-b73f-3b3f248abb2a => generated 246 bytes in 10 msecs (HTTP/1.1 404) 6 headers in 231 bytes (1 switches on core 0)
2026-06-23 01:32:52.224 7 INFO placement.requestlog [None req-5792b4e8-b373-4aee-a4b7-44bb035f169d ad378ecd51b44d0e864ef0f42da540fe fffd1013a3324619bf85571770f9044b - - e36057b960bd4a8c93ce3d6122ad4b41 e36057b960bd4a8c93ce3d6122ad4b41] 10.0.0.19 "GET /resource_providers/b3501d95-9b0f-46de-9661-7018826fc06c/aggregates" status: 404 len: 235 microversion: 1.1 [pid: 7|app: 0|req: 371/742] 10.0.0.19 () {32 vars in 815 bytes} [Tue Jun 23 01:32:52 2026] GET /resource_providers/b3501d95-9b0f-46de-9661-7018826fc06c/aggregates => generated 235 bytes in 8 msecs (HTTP/1.1 404) 5 headers in 202 bytes (1 switches on core 0)
2026-06-23 01:32:52.229 8 INFO placement.requestlog [None req-5f4b5528-486f-4457-b84d-979fec461ed6 ad378ecd51b44d0e864ef0f42da540fe fffd1013a3324619bf85571770f9044b - - e36057b960bd4a8c93ce3d6122ad4b41 e36057b960bd4a8c93ce3d6122ad4b41] 10.0.0.19 "GET /resource_providers/b3501d95-9b0f-46de-9661-7018826fc06c/aggregates" status: 404 len: 235 microversion: 1.1 [pid: 8|app: 0|req: 372/743] 10.0.0.19 () {32 vars in 815 bytes} [Tue Jun 23 01:32:52 2026] GET /resource_providers/b3501d95-9b0f-46de-9661-7018826fc06c/aggregates => generated 235 bytes in 17 msecs (HTTP/1.1 404) 5 headers in 202 bytes (1 switches on core 0)
2026-06-23 01:32:52.245 7 INFO placement.requestlog [None req-f6c1aa22-ab6a-489e-abd0-8cf5b14c365e ad378ecd51b44d0e864ef0f42da540fe fffd1013a3324619bf85571770f9044b - - e36057b960bd4a8c93ce3d6122ad4b41 e36057b960bd4a8c93ce3d6122ad4b41] 10.0.0.19 "DELETE /resource_providers/b3501d95-9b0f-46de-9661-7018826fc06c" status: 404 len: 246 microversion: 1.1 [pid: 7|app: 0|req: 372/744] 10.0.0.19 () {34 vars in 815 bytes} [Tue Jun 23 01:32:52 2026] DELETE /resource_providers/b3501d95-9b0f-46de-9661-7018826fc06c => generated 246 bytes in 10 msecs (HTTP/1.1 404) 6 headers in 231 bytes (1 switches on core 0)
2026-06-23 01:32:52.255 8 INFO placement.requestlog [None req-a6d2321c-27a3-46f6-8622-4556a6d651fd ad378ecd51b44d0e864ef0f42da540fe fffd1013a3324619bf85571770f9044b - - e36057b960bd4a8c93ce3d6122ad4b41 e36057b960bd4a8c93ce3d6122ad4b41] 10.0.0.19 "DELETE /resource_providers/b3501d95-9b0f-46de-9661-7018826fc06c" status: 404 len: 246 microversion: 1.1 [pid: 8|app: 0|req: 373/745] 10.0.0.19 () {34 vars in 815 bytes} [Tue Jun 23 01:32:52 2026] DELETE /resource_providers/b3501d95-9b0f-46de-9661-7018826fc06c => generated 246 bytes in 18 msecs (HTTP/1.1 404) 6 headers in 231 bytes (1 switches on core 0)
2026-06-23 01:32:54.963 7 INFO placement.requestlog [req-2b132b2a-72df-4b08-8a9d-bcc9459e8e3b req-5f71771f-ed9b-45b1-acc3-4fea9df650d1 88721cf1bfdb460bb5c6d8a2133f3005 fffd1013a3324619bf85571770f9044b - - e36057b960bd4a8c93ce3d6122ad4b41 e36057b960bd4a8c93ce3d6122ad4b41] 10.0.0.207 "GET /allocation_candidates?limit=1000&resources=DISK_GB%3A1%2CMEMORY_MB%3A512%2CVCPU%3A1&root_required=%21COMPUTE_STATUS_DISABLED" status: 200 len: 2783 microversion: 1.36 [pid: 7|app: 0|req: 373/746] 10.0.0.207 () {34 vars in 1012 bytes} [Tue Jun 23 01:32:54 2026] GET /allocation_candidates?limit=1000&resources=DISK_GB%3A1%2CMEMORY_MB%3A512%2CVCPU%3A1&root_required=%21COMPUTE_STATUS_DISABLED => generated 2783 bytes in 65 msecs (HTTP/1.1 200) 8 headers in 297 bytes (1 switches on core 0)
2026-06-23 01:32:54.992 8 INFO placement.requestlog [req-2b132b2a-72df-4b08-8a9d-bcc9459e8e3b req-0cbd692d-6720-461d-9d6f-7adb186939e9 88721cf1bfdb460bb5c6d8a2133f3005 fffd1013a3324619bf85571770f9044b - - e36057b960bd4a8c93ce3d6122ad4b41 e36057b960bd4a8c93ce3d6122ad4b41] 10.0.0.207 "GET /allocations/1e85c28a-b8d9-42b0-8b4a-a03ffca6dc01" status: 200 len: 19 microversion: 1.28 [pid: 8|app: 0|req: 374/747] 10.0.0.207 () {34 vars in 861 bytes} [Tue Jun 23 01:32:54 2026] GET /allocations/1e85c28a-b8d9-42b0-8b4a-a03ffca6dc01 => generated 19 bytes in 8 msecs (HTTP/1.1 200) 8 headers in 295 bytes (1 switches on core 0)
2026-06-23 01:32:55.070 7 INFO placement.requestlog [req-2b132b2a-72df-4b08-8a9d-bcc9459e8e3b req-06a45911-fb17-4db4-8514-1bd1d678cd5d 88721cf1bfdb460bb5c6d8a2133f3005 fffd1013a3324619bf85571770f9044b - - e36057b960bd4a8c93ce3d6122ad4b41 e36057b960bd4a8c93ce3d6122ad4b41] 10.0.0.207 "PUT /allocations/1e85c28a-b8d9-42b0-8b4a-a03ffca6dc01" status: 204 len: 0 microversion: 1.36 [pid: 7|app: 0|req: 374/748] 10.0.0.207 () {38 vars in 914 bytes} [Tue Jun 23 01:32:54 2026] PUT /allocations/1e85c28a-b8d9-42b0-8b4a-a03ffca6dc01 => generated 0 bytes in 77 msecs (HTTP/1.1 204) 5 headers in 199 bytes (1 switches on core 0)
2026-06-23 01:32:55.312 8 INFO placement.requestlog [req-4fc64a57-9cdc-4d95-ac22-26cf5345e5a0 req-2475ad6b-4917-4e83-b613-bcba2c5a336f 88721cf1bfdb460bb5c6d8a2133f3005 fffd1013a3324619bf85571770f9044b - - e36057b960bd4a8c93ce3d6122ad4b41 e36057b960bd4a8c93ce3d6122ad4b41] 199.204.45.229 "GET /resource_providers/bc015965-1ae7-4f7c-b4c1-235f4e4c12ce/allocations" status: 200 len: 252 microversion: 1.0 [pid: 8|app: 0|req: 375/749] 199.204.45.229 () {32 vars in 857 bytes} [Tue Jun 23 01:32:55 2026] GET /resource_providers/bc015965-1ae7-4f7c-b4c1-235f4e4c12ce/allocations => generated 252 bytes in 52 msecs (HTTP/1.1 200) 6 headers in 224 bytes (1 switches on core 0)
2026-06-23 01:32:55.847 7 INFO placement.requestlog [req-4fc64a57-9cdc-4d95-ac22-26cf5345e5a0 req-3157ab79-a1fd-4576-892b-00ca74288ceb 88721cf1bfdb460bb5c6d8a2133f3005 fffd1013a3324619bf85571770f9044b - - e36057b960bd4a8c93ce3d6122ad4b41 e36057b960bd4a8c93ce3d6122ad4b41] 199.204.45.229 "GET /resource_providers/bc015965-1ae7-4f7c-b4c1-235f4e4c12ce/allocations" status: 200 len: 252 microversion: 1.0 [pid: 7|app: 0|req: 375/750] 199.204.45.229 () {32 vars in 857 bytes} [Tue Jun 23 01:32:55 2026] GET /resource_providers/bc015965-1ae7-4f7c-b4c1-235f4e4c12ce/allocations => generated 252 bytes in 21 msecs (HTTP/1.1 200) 6 headers in 224 bytes (1 switches on core 0)
2026-06-23 01:32:55.872 8 INFO placement.requestlog [req-4fc64a57-9cdc-4d95-ac22-26cf5345e5a0 req-eb668670-a767-43bd-b14d-0c44ac807f01 88721cf1bfdb460bb5c6d8a2133f3005 fffd1013a3324619bf85571770f9044b - - e36057b960bd4a8c93ce3d6122ad4b41 e36057b960bd4a8c93ce3d6122ad4b41] 199.204.45.229 "GET /allocations/1e85c28a-b8d9-42b0-8b4a-a03ffca6dc01" status: 200 len: 257 microversion: 1.28 [pid: 8|app: 0|req: 376/751] 199.204.45.229 () {34 vars in 863 bytes} [Tue Jun 23 01:32:55 2026] GET /allocations/1e85c28a-b8d9-42b0-8b4a-a03ffca6dc01 => generated 257 bytes in 19 msecs (HTTP/1.1 200) 8 headers in 296 bytes (1 switches on core 0)
2026-06-23 01:32:55.893 7 INFO placement.requestlog [req-4fc64a57-9cdc-4d95-ac22-26cf5345e5a0 req-cec6539b-a7b6-4527-b811-2833a4a12afe 88721cf1bfdb460bb5c6d8a2133f3005 fffd1013a3324619bf85571770f9044b - - e36057b960bd4a8c93ce3d6122ad4b41 e36057b960bd4a8c93ce3d6122ad4b41] 199.204.45.229 "GET /allocations/dd331b1a-240c-4c06-aa10-045f02fe99ee" status: 200 len: 257 microversion: 1.28 [pid: 7|app: 0|req: 376/752] 199.204.45.229 () {34 vars in 863 bytes} [Tue Jun 23 01:32:55 2026] GET /allocations/dd331b1a-240c-4c06-aa10-045f02fe99ee => generated 257 bytes in 13 msecs (HTTP/1.1 200) 8 headers in 296 bytes (1 switches on core 0)
2026-06-23 01:32:56.581 8 INFO placement.requestlog [req-2b132b2a-72df-4b08-8a9d-bcc9459e8e3b req-03463d67-da2f-4c5d-a603-ea2ea8382e7f 88721cf1bfdb460bb5c6d8a2133f3005 fffd1013a3324619bf85571770f9044b - - e36057b960bd4a8c93ce3d6122ad4b41 e36057b960bd4a8c93ce3d6122ad4b41] 199.204.45.229 "GET /allocations/1e85c28a-b8d9-42b0-8b4a-a03ffca6dc01" status: 200 len: 257 microversion: 1.28 [pid: 8|app: 0|req: 377/753] 199.204.45.229 () {34 vars in 863 bytes} [Tue Jun 23 01:32:56 2026] GET /allocations/1e85c28a-b8d9-42b0-8b4a-a03ffca6dc01 => generated 257 bytes in 13 msecs (HTTP/1.1 200) 8 headers in 296 bytes (1 switches on core 0)
2026-06-23 01:32:57.962 7 INFO placement.requestlog [req-2b132b2a-72df-4b08-8a9d-bcc9459e8e3b req-10da0bcb-1e73-47e3-be8b-dab3d7abab69 88721cf1bfdb460bb5c6d8a2133f3005 fffd1013a3324619bf85571770f9044b - - e36057b960bd4a8c93ce3d6122ad4b41 e36057b960bd4a8c93ce3d6122ad4b41] 199.204.45.229 "GET /resource_providers/bc015965-1ae7-4f7c-b4c1-235f4e4c12ce/allocations" status: 200 len: 252 microversion: 1.0 [pid: 7|app: 0|req: 377/754] 199.204.45.229 () {32 vars in 857 bytes} [Tue Jun 23 01:32:57 2026] GET /resource_providers/bc015965-1ae7-4f7c-b4c1-235f4e4c12ce/allocations => generated 252 bytes in 16 msecs (HTTP/1.1 200) 6 headers in 224 bytes (1 switches on core 0)
2026-06-23 01:32:57.981 8 INFO placement.requestlog [req-2b132b2a-72df-4b08-8a9d-bcc9459e8e3b req-1adee6e2-d1d9-44d2-a379-9feb06ef6169 88721cf1bfdb460bb5c6d8a2133f3005 fffd1013a3324619bf85571770f9044b - - e36057b960bd4a8c93ce3d6122ad4b41 e36057b960bd4a8c93ce3d6122ad4b41] 199.204.45.229 "GET /allocations/1e85c28a-b8d9-42b0-8b4a-a03ffca6dc01" status: 200 len: 257 microversion: 1.28 [pid: 8|app: 0|req: 378/755] 199.204.45.229 () {34 vars in 863 bytes} [Tue Jun 23 01:32:57 2026] GET /allocations/1e85c28a-b8d9-42b0-8b4a-a03ffca6dc01 => generated 257 bytes in 11 msecs (HTTP/1.1 200) 8 headers in 296 bytes (1 switches on core 0)
2026-06-23 01:32:57.998 7 INFO placement.requestlog [req-2b132b2a-72df-4b08-8a9d-bcc9459e8e3b req-c272cf25-4add-4788-aabb-d21f184e455a 88721cf1bfdb460bb5c6d8a2133f3005 fffd1013a3324619bf85571770f9044b - - e36057b960bd4a8c93ce3d6122ad4b41 e36057b960bd4a8c93ce3d6122ad4b41] 199.204.45.229 "GET /allocations/dd331b1a-240c-4c06-aa10-045f02fe99ee" status: 200 len: 257 microversion: 1.28 [pid: 7|app: 0|req: 378/756] 199.204.45.229 () {34 vars in 863 bytes} [Tue Jun 23 01:32:57 2026] GET /allocations/dd331b1a-240c-4c06-aa10-045f02fe99ee => generated 257 bytes in 13 msecs (HTTP/1.1 200) 8 headers in 296 bytes (1 switches on core 0)
2026-06-23 01:32:58.661 7 INFO placement.requestlog [None req-ee2b4b59-b555-48a4-a92f-58db0544b87a - - - - - -] 10.0.0.77 "GET /" status: 200 len: 136 microversion: 1.0
2026-06-23 01:32:58.662 8 INFO placement.requestlog [None req-c00df31f-fe3a-4806-a9ee-8e4e574a83c5 - - - - - -] 10.0.0.77 "GET /" status: 200 len: 136 microversion: 1.0
2026-06-23 01:33:08.181 8 INFO placement.requestlog [None req-ae24ce0e-bf99-4831-b452-3e25b4b9a91e ad378ecd51b44d0e864ef0f42da540fe fffd1013a3324619bf85571770f9044b - - e36057b960bd4a8c93ce3d6122ad4b41 e36057b960bd4a8c93ce3d6122ad4b41] 10.0.0.19 "GET /resource_providers/867353fe-736a-4294-9508-f49e92e8ef85/aggregates" status: 404 len: 235 microversion: 1.1 [pid: 8|app: 0|req: 380/759] 10.0.0.19 () {32 vars in 815 bytes} [Tue Jun 23 01:33:08 2026] GET /resource_providers/867353fe-736a-4294-9508-f49e92e8ef85/aggregates => generated 235 bytes in 12 msecs (HTTP/1.1 404) 5 headers in 202 bytes (1 switches on core 0)
2026-06-23 01:33:08.189 7 INFO placement.requestlog [None req-d09315c1-92a7-4b9d-8943-3f933d2e3483 ad378ecd51b44d0e864ef0f42da540fe fffd1013a3324619bf85571770f9044b - - e36057b960bd4a8c93ce3d6122ad4b41 e36057b960bd4a8c93ce3d6122ad4b41] 10.0.0.19 "GET /resource_providers/867353fe-736a-4294-9508-f49e92e8ef85/aggregates" status: 404 len: 235 microversion: 1.1 [pid: 7|app: 0|req: 380/760] 10.0.0.19 () {32 vars in 815 bytes} [Tue Jun 23 01:33:08 2026] GET /resource_providers/867353fe-736a-4294-9508-f49e92e8ef85/aggregates => generated 235 bytes in 9 msecs (HTTP/1.1 404) 5 headers in 202 bytes (1 switches on core 0)
2026-06-23 01:33:08.209 8 INFO placement.requestlog [None req-9a323f53-82fc-435f-bb35-c25a222195ca ad378ecd51b44d0e864ef0f42da540fe fffd1013a3324619bf85571770f9044b - - e36057b960bd4a8c93ce3d6122ad4b41 e36057b960bd4a8c93ce3d6122ad4b41] 10.0.0.19 "DELETE /resource_providers/867353fe-736a-4294-9508-f49e92e8ef85" status: 404 len: 246 microversion: 1.1 [pid: 8|app: 0|req: 381/761] 10.0.0.19 () {34 vars in 815 bytes} [Tue Jun 23 01:33:08 2026] DELETE /resource_providers/867353fe-736a-4294-9508-f49e92e8ef85 => generated 246 bytes in 9 msecs (HTTP/1.1 404) 6 headers in 231 bytes (1 switches on core 0)
2026-06-23 01:33:08.211 7 INFO placement.requestlog [None req-57713422-5d2c-4085-9884-4c63cda2897d ad378ecd51b44d0e864ef0f42da540fe fffd1013a3324619bf85571770f9044b - - e36057b960bd4a8c93ce3d6122ad4b41 e36057b960bd4a8c93ce3d6122ad4b41] 10.0.0.19 "DELETE /resource_providers/867353fe-736a-4294-9508-f49e92e8ef85" status: 404 len: 246 microversion: 1.1 [pid: 7|app: 0|req: 381/762] 10.0.0.19 () {34 vars in 815 bytes} [Tue Jun 23 01:33:08 2026] DELETE /resource_providers/867353fe-736a-4294-9508-f49e92e8ef85 => generated 246 bytes in 11 msecs (HTTP/1.1 404) 6 headers in 231 bytes (1 switches on core 0)
2026-06-23 01:33:08.662 8 INFO placement.requestlog [None req-5c7eb9e3-19cd-4583-ae31-c034edd44452 - - - - - -] 10.0.0.77 "GET /" status: 200 len: 136 microversion: 1.0
2026-06-23 01:33:08.662 7 INFO placement.requestlog [None req-b088cf96-11c8-4af0-b1ba-6c83031bf37e - - - - - -] 10.0.0.77 "GET /" status: 200 len: 136 microversion: 1.0
2026-06-23 01:33:09.169 7 INFO placement.requestlog [None req-23c66cf9-3884-4bfa-9918-5a3579de965c ad378ecd51b44d0e864ef0f42da540fe fffd1013a3324619bf85571770f9044b - - e36057b960bd4a8c93ce3d6122ad4b41 e36057b960bd4a8c93ce3d6122ad4b41] 10.0.0.19 "GET /resource_providers/657de7fe-5608-4233-9c1f-42b18edcde4c/aggregates" status: 404 len: 235 microversion: 1.1 [pid: 7|app: 0|req: 383/765] 10.0.0.19 () {32 vars in 815 bytes} [Tue Jun 23 01:33:09 2026] GET /resource_providers/657de7fe-5608-4233-9c1f-42b18edcde4c/aggregates => generated 235 bytes in 10 msecs (HTTP/1.1 404) 5 headers in 202 bytes (1 switches on core 0)
2026-06-23 01:33:09.173 8 INFO placement.requestlog [None req-8e1942a4-b1c2-4cac-8179-0b9cefc6bde4 ad378ecd51b44d0e864ef0f42da540fe fffd1013a3324619bf85571770f9044b - - e36057b960bd4a8c93ce3d6122ad4b41 e36057b960bd4a8c93ce3d6122ad4b41] 10.0.0.19 "GET /resource_providers/657de7fe-5608-4233-9c1f-42b18edcde4c/aggregates" status: 404 len: 235 microversion: 1.1 [pid: 8|app: 0|req: 383/766] 10.0.0.19 () {32 vars in 815 bytes} [Tue Jun 23 01:33:09 2026] GET /resource_providers/657de7fe-5608-4233-9c1f-42b18edcde4c/aggregates => generated 235 bytes in 16 msecs (HTTP/1.1 404) 5 headers in 202 bytes (1 switches on core 0)
2026-06-23 01:33:09.184 7 INFO placement.requestlog [None req-7bde2cb8-3db6-4453-a4d3-5a5b300a17be ad378ecd51b44d0e864ef0f42da540fe fffd1013a3324619bf85571770f9044b - - e36057b960bd4a8c93ce3d6122ad4b41 e36057b960bd4a8c93ce3d6122ad4b41] 10.0.0.19 "DELETE /resource_providers/657de7fe-5608-4233-9c1f-42b18edcde4c" status: 404 len: 246 microversion: 1.1 [pid: 7|app: 0|req: 384/767] 10.0.0.19 () {34 vars in 815 bytes} [Tue Jun 23 01:33:09 2026] DELETE /resource_providers/657de7fe-5608-4233-9c1f-42b18edcde4c => generated 246 bytes in 7 msecs (HTTP/1.1 404) 6 headers in 231 bytes (1 switches on core 0)
2026-06-23 01:33:09.204 8 INFO placement.requestlog [None req-530fdca2-e4a4-41d1-a643-a3c262357229 ad378ecd51b44d0e864ef0f42da540fe fffd1013a3324619bf85571770f9044b - - e36057b960bd4a8c93ce3d6122ad4b41 e36057b960bd4a8c93ce3d6122ad4b41] 10.0.0.19 "DELETE /resource_providers/657de7fe-5608-4233-9c1f-42b18edcde4c" status: 404 len: 246 microversion: 1.1 [pid: 8|app: 0|req: 384/768] 10.0.0.19 () {34 vars in 815 bytes} [Tue Jun 23 01:33:09 2026] DELETE /resource_providers/657de7fe-5608-4233-9c1f-42b18edcde4c => generated 246 bytes in 17 msecs (HTTP/1.1 404) 6 headers in 231 bytes (1 switches on core 0)
