2026-06-23 01:34:38.662 7 INFO placement.requestlog [None req-81b2c262-7be9-4b6c-8a75-90ca5072a14d - - - - - -] 10.0.0.77 "GET /" status: 200 len: 136 microversion: 1.0
2026-06-23 01:34:38.662 8 INFO placement.requestlog [None req-65f49b8a-20c4-44c4-8aa9-549ab141f058 - - - - - -] 10.0.0.77 "GET /" status: 200 len: 136 microversion: 1.0
2026-06-23 01:34:43.782 7 INFO placement.requestlog [None req-8dba9cd8-3e15-404e-a1a9-13c3ad12da36 ad378ecd51b44d0e864ef0f42da540fe fffd1013a3324619bf85571770f9044b - - e36057b960bd4a8c93ce3d6122ad4b41 e36057b960bd4a8c93ce3d6122ad4b41] 10.0.0.19 "GET /resource_providers/c452141a-c993-4739-ad35-1ba3f9e03c46/aggregates" status: 404 len: 235 microversion: 1.1 [pid: 7|app: 0|req: 470/942] 10.0.0.19 () {32 vars in 815 bytes} [Tue Jun 23 01:34:43 2026] GET /resource_providers/c452141a-c993-4739-ad35-1ba3f9e03c46/aggregates => generated 235 bytes in 13 msecs (HTTP/1.1 404) 5 headers in 202 bytes (1 switches on core 0)
2026-06-23 01:34:43.789 8 INFO placement.requestlog [None req-b32e790a-0c4f-4d30-bdec-ee6a9355bb04 ad378ecd51b44d0e864ef0f42da540fe fffd1013a3324619bf85571770f9044b - - e36057b960bd4a8c93ce3d6122ad4b41 e36057b960bd4a8c93ce3d6122ad4b41] 10.0.0.19 "GET /resource_providers/c452141a-c993-4739-ad35-1ba3f9e03c46/aggregates" status: 404 len: 235 microversion: 1.1 [pid: 8|app: 0|req: 473/943] 10.0.0.19 () {32 vars in 815 bytes} [Tue Jun 23 01:34:43 2026] GET /resource_providers/c452141a-c993-4739-ad35-1ba3f9e03c46/aggregates => generated 235 bytes in 16 msecs (HTTP/1.1 404) 5 headers in 202 bytes (1 switches on core 0)
2026-06-23 01:34:43.816 7 INFO placement.requestlog [None req-74c1591b-2fa1-426b-bfca-97946a3f70ce ad378ecd51b44d0e864ef0f42da540fe fffd1013a3324619bf85571770f9044b - - e36057b960bd4a8c93ce3d6122ad4b41 e36057b960bd4a8c93ce3d6122ad4b41] 10.0.0.19 "DELETE /resource_providers/c452141a-c993-4739-ad35-1ba3f9e03c46" status: 404 len: 246 microversion: 1.1 [pid: 7|app: 0|req: 471/944] 10.0.0.19 () {34 vars in 815 bytes} [Tue Jun 23 01:34:43 2026] DELETE /resource_providers/c452141a-c993-4739-ad35-1ba3f9e03c46 => generated 246 bytes in 12 msecs (HTTP/1.1 404) 6 headers in 231 bytes (1 switches on core 0)
2026-06-23 01:34:43.826 8 INFO placement.requestlog [None req-1bf88dd4-2c5c-49e0-96b2-a077a907005a ad378ecd51b44d0e864ef0f42da540fe fffd1013a3324619bf85571770f9044b - - e36057b960bd4a8c93ce3d6122ad4b41 e36057b960bd4a8c93ce3d6122ad4b41] 10.0.0.19 "DELETE /resource_providers/c452141a-c993-4739-ad35-1ba3f9e03c46" status: 404 len: 246 microversion: 1.1 [pid: 8|app: 0|req: 474/945] 10.0.0.19 () {34 vars in 815 bytes} [Tue Jun 23 01:34:43 2026] DELETE /resource_providers/c452141a-c993-4739-ad35-1ba3f9e03c46 => generated 246 bytes in 19 msecs (HTTP/1.1 404) 6 headers in 231 bytes (1 switches on core 0)
2026-06-23 01:34:45.142 7 INFO placement.requestlog [req-6b678aa4-6425-45a7-8774-5190a42a0c0c req-76158395-89a0-4843-ba92-4a9ff3621c04 88721cf1bfdb460bb5c6d8a2133f3005 fffd1013a3324619bf85571770f9044b - - e36057b960bd4a8c93ce3d6122ad4b41 e36057b960bd4a8c93ce3d6122ad4b41] 199.204.45.229 "GET /resource_providers/bc015965-1ae7-4f7c-b4c1-235f4e4c12ce/allocations" status: 200 len: 353 microversion: 1.0 [pid: 7|app: 0|req: 472/946] 199.204.45.229 () {32 vars in 857 bytes} [Tue Jun 23 01:34:45 2026] GET /resource_providers/bc015965-1ae7-4f7c-b4c1-235f4e4c12ce/allocations => generated 353 bytes in 12 msecs (HTTP/1.1 200) 6 headers in 224 bytes (1 switches on core 0)
2026-06-23 01:34:45.170 8 INFO placement.requestlog [req-6b678aa4-6425-45a7-8774-5190a42a0c0c req-65c95e39-59f7-4f9a-8d39-20081d679d4d 88721cf1bfdb460bb5c6d8a2133f3005 fffd1013a3324619bf85571770f9044b - - e36057b960bd4a8c93ce3d6122ad4b41 e36057b960bd4a8c93ce3d6122ad4b41] 199.204.45.229 "GET /allocations/2896639c-cc52-4d1b-883e-9e2cdbc36bbf" status: 200 len: 258 microversion: 1.28 [pid: 8|app: 0|req: 475/947] 199.204.45.229 () {34 vars in 863 bytes} [Tue Jun 23 01:34:45 2026] GET /allocations/2896639c-cc52-4d1b-883e-9e2cdbc36bbf => generated 258 bytes in 21 msecs (HTTP/1.1 200) 8 headers in 296 bytes (1 switches on core 0)
2026-06-23 01:34:45.185 7 INFO placement.requestlog [req-6b678aa4-6425-45a7-8774-5190a42a0c0c req-bf0e73b1-1704-4043-98f1-7941ffa8f996 88721cf1bfdb460bb5c6d8a2133f3005 fffd1013a3324619bf85571770f9044b - - e36057b960bd4a8c93ce3d6122ad4b41 e36057b960bd4a8c93ce3d6122ad4b41] 199.204.45.229 "GET /allocations/514f1cdb-1575-46be-8a5c-920b3e0d335e" status: 200 len: 258 microversion: 1.28 [pid: 7|app: 0|req: 473/948] 199.204.45.229 () {34 vars in 863 bytes} [Tue Jun 23 01:34:45 2026] GET /allocations/514f1cdb-1575-46be-8a5c-920b3e0d335e => generated 258 bytes in 11 msecs (HTTP/1.1 200) 8 headers in 296 bytes (1 switches on core 0)
2026-06-23 01:34:45.208 8 INFO placement.requestlog [req-6b678aa4-6425-45a7-8774-5190a42a0c0c req-d764198f-8786-4c50-93fe-9ef1172bfa7f 88721cf1bfdb460bb5c6d8a2133f3005 fffd1013a3324619bf85571770f9044b - - e36057b960bd4a8c93ce3d6122ad4b41 e36057b960bd4a8c93ce3d6122ad4b41] 199.204.45.229 "GET /allocations/a7b36b2f-3350-4272-9466-0a9f6326491c" status: 200 len: 258 microversion: 1.28 [pid: 8|app: 0|req: 476/949] 199.204.45.229 () {34 vars in 863 bytes} [Tue Jun 23 01:34:45 2026] GET /allocations/a7b36b2f-3350-4272-9466-0a9f6326491c => generated 258 bytes in 19 msecs (HTTP/1.1 200) 8 headers in 296 bytes (1 switches on core 0)
2026-06-23 01:34:45.837 7 INFO placement.requestlog [None req-ee80f8cc-742d-4db5-81ed-e15fb81a9c7c ad378ecd51b44d0e864ef0f42da540fe fffd1013a3324619bf85571770f9044b - - e36057b960bd4a8c93ce3d6122ad4b41 e36057b960bd4a8c93ce3d6122ad4b41] 10.0.0.19 "GET /resource_providers/a097cfa2-89cc-4160-8582-8f2f8c28f56a/aggregates" status: 404 len: 235 microversion: 1.1 [pid: 7|app: 0|req: 474/950] 10.0.0.19 () {32 vars in 815 bytes} [Tue Jun 23 01:34:45 2026] GET /resource_providers/a097cfa2-89cc-4160-8582-8f2f8c28f56a/aggregates => generated 235 bytes in 11 msecs (HTTP/1.1 404) 5 headers in 202 bytes (1 switches on core 0)
2026-06-23 01:34:45.868 7 INFO placement.requestlog [None req-13e48fd9-11fa-4e88-98ad-b559f76452d1 ad378ecd51b44d0e864ef0f42da540fe fffd1013a3324619bf85571770f9044b - - e36057b960bd4a8c93ce3d6122ad4b41 e36057b960bd4a8c93ce3d6122ad4b41] 10.0.0.19 "GET /resource_providers/a097cfa2-89cc-4160-8582-8f2f8c28f56a/aggregates" status: 404 len: 235 microversion: 1.1 [pid: 7|app: 0|req: 475/951] 10.0.0.19 () {32 vars in 815 bytes} [Tue Jun 23 01:34:45 2026] GET /resource_providers/a097cfa2-89cc-4160-8582-8f2f8c28f56a/aggregates => generated 235 bytes in 8 msecs (HTTP/1.1 404) 5 headers in 202 bytes (1 switches on core 0)
2026-06-23 01:34:45.881 8 INFO placement.requestlog [None req-880394be-a10d-4a92-a47f-6b94e0ebb5ea ad378ecd51b44d0e864ef0f42da540fe fffd1013a3324619bf85571770f9044b - - e36057b960bd4a8c93ce3d6122ad4b41 e36057b960bd4a8c93ce3d6122ad4b41] 10.0.0.19 "DELETE /resource_providers/a097cfa2-89cc-4160-8582-8f2f8c28f56a" status: 404 len: 246 microversion: 1.1 [pid: 8|app: 0|req: 477/952] 10.0.0.19 () {34 vars in 815 bytes} [Tue Jun 23 01:34:45 2026] DELETE /resource_providers/a097cfa2-89cc-4160-8582-8f2f8c28f56a => generated 246 bytes in 30 msecs (HTTP/1.1 404) 6 headers in 231 bytes (1 switches on core 0)
2026-06-23 01:34:45.889 7 INFO placement.requestlog [None req-231aaa12-d607-4b5c-b18c-12b1dfb571b2 ad378ecd51b44d0e864ef0f42da540fe fffd1013a3324619bf85571770f9044b - - e36057b960bd4a8c93ce3d6122ad4b41 e36057b960bd4a8c93ce3d6122ad4b41] 10.0.0.19 "DELETE /resource_providers/a097cfa2-89cc-4160-8582-8f2f8c28f56a" status: 404 len: 246 microversion: 1.1 [pid: 7|app: 0|req: 476/953] 10.0.0.19 () {34 vars in 815 bytes} [Tue Jun 23 01:34:45 2026] DELETE /resource_providers/a097cfa2-89cc-4160-8582-8f2f8c28f56a => generated 246 bytes in 11 msecs (HTTP/1.1 404) 6 headers in 231 bytes (1 switches on core 0)
2026-06-23 01:34:45.898 8 INFO placement.requestlog [None req-c9028064-714b-452d-b992-e32b4c34d129 ad378ecd51b44d0e864ef0f42da540fe fffd1013a3324619bf85571770f9044b - - e36057b960bd4a8c93ce3d6122ad4b41 e36057b960bd4a8c93ce3d6122ad4b41] 10.0.0.19 "GET /resource_providers/c37061d1-083d-48e1-9e91-a68a1cc813cd/aggregates" status: 404 len: 235 microversion: 1.1 [pid: 8|app: 0|req: 478/954] 10.0.0.19 () {32 vars in 815 bytes} [Tue Jun 23 01:34:45 2026] GET /resource_providers/c37061d1-083d-48e1-9e91-a68a1cc813cd/aggregates => generated 235 bytes in 10 msecs (HTTP/1.1 404) 5 headers in 202 bytes (1 switches on core 0)
2026-06-23 01:34:45.905 7 INFO placement.requestlog [None req-124c50c0-fbe1-47cd-ada4-c1f345ed3418 ad378ecd51b44d0e864ef0f42da540fe fffd1013a3324619bf85571770f9044b - - e36057b960bd4a8c93ce3d6122ad4b41 e36057b960bd4a8c93ce3d6122ad4b41] 10.0.0.19 "GET /resource_providers/c37061d1-083d-48e1-9e91-a68a1cc813cd/aggregates" status: 404 len: 235 microversion: 1.1 [pid: 7|app: 0|req: 477/955] 10.0.0.19 () {32 vars in 815 bytes} [Tue Jun 23 01:34:45 2026] GET /resource_providers/c37061d1-083d-48e1-9e91-a68a1cc813cd/aggregates => generated 235 bytes in 7 msecs (HTTP/1.1 404) 5 headers in 202 bytes (1 switches on core 0)
2026-06-23 01:34:45.912 8 INFO placement.requestlog [None req-0568ccf0-758a-4848-8c15-800a8314b975 ad378ecd51b44d0e864ef0f42da540fe fffd1013a3324619bf85571770f9044b - - e36057b960bd4a8c93ce3d6122ad4b41 e36057b960bd4a8c93ce3d6122ad4b41] 10.0.0.19 "DELETE /resource_providers/c37061d1-083d-48e1-9e91-a68a1cc813cd" status: 404 len: 246 microversion: 1.1 [pid: 8|app: 0|req: 479/956] 10.0.0.19 () {34 vars in 815 bytes} [Tue Jun 23 01:34:45 2026] DELETE /resource_providers/c37061d1-083d-48e1-9e91-a68a1cc813cd => generated 246 bytes in 9 msecs (HTTP/1.1 404) 6 headers in 231 bytes (1 switches on core 0)
2026-06-23 01:34:45.916 7 INFO placement.requestlog [None req-028d41b7-bbc7-4b78-bb59-ec4d165aa381 ad378ecd51b44d0e864ef0f42da540fe fffd1013a3324619bf85571770f9044b - - e36057b960bd4a8c93ce3d6122ad4b41 e36057b960bd4a8c93ce3d6122ad4b41] 10.0.0.19 "DELETE /resource_providers/c37061d1-083d-48e1-9e91-a68a1cc813cd" status: 404 len: 246 microversion: 1.1 [pid: 7|app: 0|req: 478/957] 10.0.0.19 () {34 vars in 815 bytes} [Tue Jun 23 01:34:45 2026] DELETE /resource_providers/c37061d1-083d-48e1-9e91-a68a1cc813cd => generated 246 bytes in 6 msecs (HTTP/1.1 404) 6 headers in 231 bytes (1 switches on core 0)
2026-06-23 01:34:45.938 8 INFO placement.requestlog [None req-301ffbc4-896a-4581-a4fd-3fc095720e80 ad378ecd51b44d0e864ef0f42da540fe fffd1013a3324619bf85571770f9044b - - e36057b960bd4a8c93ce3d6122ad4b41 e36057b960bd4a8c93ce3d6122ad4b41] 10.0.0.19 "GET /resource_providers/65da00db-372e-41df-962d-7393ab27ccea/aggregates" status: 404 len: 235 microversion: 1.1 [pid: 8|app: 0|req: 480/958] 10.0.0.19 () {32 vars in 815 bytes} [Tue Jun 23 01:34:45 2026] GET /resource_providers/65da00db-372e-41df-962d-7393ab27ccea/aggregates => generated 235 bytes in 10 msecs (HTTP/1.1 404) 5 headers in 202 bytes (1 switches on core 0)
2026-06-23 01:34:45.943 7 INFO placement.requestlog [None req-f59b7c7e-ebbf-40e5-8b91-9e23a6eff186 ad378ecd51b44d0e864ef0f42da540fe fffd1013a3324619bf85571770f9044b - - e36057b960bd4a8c93ce3d6122ad4b41 e36057b960bd4a8c93ce3d6122ad4b41] 10.0.0.19 "GET /resource_providers/65da00db-372e-41df-962d-7393ab27ccea/aggregates" status: 404 len: 235 microversion: 1.1 [pid: 7|app: 0|req: 479/959] 10.0.0.19 () {32 vars in 815 bytes} [Tue Jun 23 01:34:45 2026] GET /resource_providers/65da00db-372e-41df-962d-7393ab27ccea/aggregates => generated 235 bytes in 12 msecs (HTTP/1.1 404) 5 headers in 202 bytes (1 switches on core 0)
2026-06-23 01:34:45.954 8 INFO placement.requestlog [None req-ad972706-ad27-4651-93aa-879315ce37e1 ad378ecd51b44d0e864ef0f42da540fe fffd1013a3324619bf85571770f9044b - - e36057b960bd4a8c93ce3d6122ad4b41 e36057b960bd4a8c93ce3d6122ad4b41] 10.0.0.19 "DELETE /resource_providers/65da00db-372e-41df-962d-7393ab27ccea" status: 404 len: 246 microversion: 1.1 [pid: 8|app: 0|req: 481/960] 10.0.0.19 () {34 vars in 815 bytes} [Tue Jun 23 01:34:45 2026] DELETE /resource_providers/65da00db-372e-41df-962d-7393ab27ccea => generated 246 bytes in 8 msecs (HTTP/1.1 404) 6 headers in 231 bytes (1 switches on core 0)
2026-06-23 01:34:45.962 7 INFO placement.requestlog [None req-9f16f886-7ec4-4606-b7a4-ac46d192f8fe ad378ecd51b44d0e864ef0f42da540fe fffd1013a3324619bf85571770f9044b - - e36057b960bd4a8c93ce3d6122ad4b41 e36057b960bd4a8c93ce3d6122ad4b41] 10.0.0.19 "DELETE /resource_providers/65da00db-372e-41df-962d-7393ab27ccea" status: 404 len: 246 microversion: 1.1 [pid: 7|app: 0|req: 480/961] 10.0.0.19 () {34 vars in 815 bytes} [Tue Jun 23 01:34:45 2026] DELETE /resource_providers/65da00db-372e-41df-962d-7393ab27ccea => generated 246 bytes in 10 msecs (HTTP/1.1 404) 6 headers in 231 bytes (1 switches on core 0)
2026-06-23 01:34:45.969 8 INFO placement.requestlog [None req-4b11aa69-ffc4-45ff-b9ad-e91874377302 ad378ecd51b44d0e864ef0f42da540fe fffd1013a3324619bf85571770f9044b - - e36057b960bd4a8c93ce3d6122ad4b41 e36057b960bd4a8c93ce3d6122ad4b41] 10.0.0.19 "GET /resource_providers/bfa7e050-51b9-4c31-b20e-bcba3db42154/aggregates" status: 404 len: 235 microversion: 1.1 [pid: 8|app: 0|req: 482/962] 10.0.0.19 () {32 vars in 815 bytes} [Tue Jun 23 01:34:45 2026] GET /resource_providers/bfa7e050-51b9-4c31-b20e-bcba3db42154/aggregates => generated 235 bytes in 9 msecs (HTTP/1.1 404) 5 headers in 202 bytes (1 switches on core 0)
2026-06-23 01:34:45.993 7 INFO placement.requestlog [None req-a8e046eb-2e2a-4899-89db-a7b1709d93ad ad378ecd51b44d0e864ef0f42da540fe fffd1013a3324619bf85571770f9044b - - e36057b960bd4a8c93ce3d6122ad4b41 e36057b960bd4a8c93ce3d6122ad4b41] 10.0.0.19 "GET /resource_providers/bfa7e050-51b9-4c31-b20e-bcba3db42154/aggregates" status: 404 len: 235 microversion: 1.1 [pid: 7|app: 0|req: 481/963] 10.0.0.19 () {32 vars in 815 bytes} [Tue Jun 23 01:34:45 2026] GET /resource_providers/bfa7e050-51b9-4c31-b20e-bcba3db42154/aggregates => generated 235 bytes in 10 msecs (HTTP/1.1 404) 5 headers in 202 bytes (1 switches on core 0)
2026-06-23 01:34:45.993 8 INFO placement.requestlog [None req-b863ef15-15d0-4e5c-875c-9d7ab965cd86 ad378ecd51b44d0e864ef0f42da540fe fffd1013a3324619bf85571770f9044b - - e36057b960bd4a8c93ce3d6122ad4b41 e36057b960bd4a8c93ce3d6122ad4b41] 10.0.0.19 "DELETE /resource_providers/bfa7e050-51b9-4c31-b20e-bcba3db42154" status: 404 len: 246 microversion: 1.1 [pid: 8|app: 0|req: 483/964] 10.0.0.19 () {34 vars in 815 bytes} [Tue Jun 23 01:34:45 2026] DELETE /resource_providers/bfa7e050-51b9-4c31-b20e-bcba3db42154 => generated 246 bytes in 9 msecs (HTTP/1.1 404) 6 headers in 231 bytes (1 switches on core 0)
2026-06-23 01:34:46.007 7 INFO placement.requestlog [None req-ec52e0a9-52d4-45cb-9a34-9afd5351a14f ad378ecd51b44d0e864ef0f42da540fe fffd1013a3324619bf85571770f9044b - - e36057b960bd4a8c93ce3d6122ad4b41 e36057b960bd4a8c93ce3d6122ad4b41] 10.0.0.19 "DELETE /resource_providers/bfa7e050-51b9-4c31-b20e-bcba3db42154" status: 404 len: 246 microversion: 1.1 [pid: 7|app: 0|req: 482/965] 10.0.0.19 () {34 vars in 815 bytes} [Tue Jun 23 01:34:46 2026] DELETE /resource_providers/bfa7e050-51b9-4c31-b20e-bcba3db42154 => generated 246 bytes in 6 msecs (HTTP/1.1 404) 6 headers in 231 bytes (1 switches on core 0)
2026-06-23 01:34:46.265 8 INFO placement.requestlog [req-6b678aa4-6425-45a7-8774-5190a42a0c0c req-11bcd502-35a2-4fce-8d73-29f8d2e43990 88721cf1bfdb460bb5c6d8a2133f3005 fffd1013a3324619bf85571770f9044b - - e36057b960bd4a8c93ce3d6122ad4b41 e36057b960bd4a8c93ce3d6122ad4b41] 199.204.45.229 "DELETE /allocations/514f1cdb-1575-46be-8a5c-920b3e0d335e" status: 204 len: 0 microversion: 1.0 [pid: 8|app: 0|req: 484/966] 199.204.45.229 () {34 vars in 841 bytes} [Tue Jun 23 01:34:46 2026] DELETE /allocations/514f1cdb-1575-46be-8a5c-920b3e0d335e => generated 0 bytes in 26 msecs (HTTP/1.1 204) 5 headers in 198 bytes (1 switches on core 0)
2026-06-23 01:34:48.663 8 INFO placement.requestlog [None req-5468b3e7-a59d-48ab-81f2-b489777155a0 - - - - - -] 10.0.0.77 "GET /" status: 200 len: 136 microversion: 1.0
2026-06-23 01:34:48.663 7 INFO placement.requestlog [None req-95e427e0-dcd2-4394-a5ec-4f7a90e55c76 - - - - - -] 10.0.0.77 "GET /" status: 200 len: 136 microversion: 1.0
2026-06-23 01:34:48.844 8 INFO placement.requestlog [req-3ab0250e-eee7-41e0-bae9-dd749512cd6f req-376601f7-6d30-4c9e-9f01-e47bc822577c 88721cf1bfdb460bb5c6d8a2133f3005 fffd1013a3324619bf85571770f9044b - - e36057b960bd4a8c93ce3d6122ad4b41 e36057b960bd4a8c93ce3d6122ad4b41] 10.0.0.207 "GET /allocation_candidates?limit=1000&resources=DISK_GB%3A1%2CMEMORY_MB%3A512%2CVCPU%3A1&root_required=%21COMPUTE_STATUS_DISABLED" status: 200 len: 2784 microversion: 1.36 [pid: 8|app: 0|req: 486/969] 10.0.0.207 () {34 vars in 1012 bytes} [Tue Jun 23 01:34:48 2026] GET /allocation_candidates?limit=1000&resources=DISK_GB%3A1%2CMEMORY_MB%3A512%2CVCPU%3A1&root_required=%21COMPUTE_STATUS_DISABLED => generated 2784 bytes in 55 msecs (HTTP/1.1 200) 8 headers in 297 bytes (1 switches on core 0)
2026-06-23 01:34:48.890 7 INFO placement.requestlog [req-3ab0250e-eee7-41e0-bae9-dd749512cd6f req-a8cbe015-b592-4c0f-9749-8c745fd6a477 88721cf1bfdb460bb5c6d8a2133f3005 fffd1013a3324619bf85571770f9044b - - e36057b960bd4a8c93ce3d6122ad4b41 e36057b960bd4a8c93ce3d6122ad4b41] 10.0.0.207 "GET /allocations/a247e7e0-65ff-4474-ba95-090a2bfcb356" status: 200 len: 19 microversion: 1.28 [pid: 7|app: 0|req: 484/970] 10.0.0.207 () {34 vars in 861 bytes} [Tue Jun 23 01:34:48 2026] GET /allocations/a247e7e0-65ff-4474-ba95-090a2bfcb356 => generated 19 bytes in 14 msecs (HTTP/1.1 200) 8 headers in 295 bytes (1 switches on core 0)
2026-06-23 01:34:48.957 8 INFO placement.requestlog [req-3ab0250e-eee7-41e0-bae9-dd749512cd6f req-05fbb201-d055-4582-b5ac-5ccac521310e 88721cf1bfdb460bb5c6d8a2133f3005 fffd1013a3324619bf85571770f9044b - - e36057b960bd4a8c93ce3d6122ad4b41 e36057b960bd4a8c93ce3d6122ad4b41] 10.0.0.207 "PUT /allocations/a247e7e0-65ff-4474-ba95-090a2bfcb356" status: 204 len: 0 microversion: 1.36 [pid: 8|app: 0|req: 487/971] 10.0.0.207 () {38 vars in 914 bytes} [Tue Jun 23 01:34:48 2026] PUT /allocations/a247e7e0-65ff-4474-ba95-090a2bfcb356 => generated 0 bytes in 55 msecs (HTTP/1.1 204) 5 headers in 199 bytes (1 switches on core 0)
2026-06-23 01:34:50.448 7 INFO placement.requestlog [req-3ab0250e-eee7-41e0-bae9-dd749512cd6f req-ac2fe3a9-ac1d-4489-8914-0ebc61f013b9 88721cf1bfdb460bb5c6d8a2133f3005 fffd1013a3324619bf85571770f9044b - - e36057b960bd4a8c93ce3d6122ad4b41 e36057b960bd4a8c93ce3d6122ad4b41] 199.204.45.229 "GET /allocations/a247e7e0-65ff-4474-ba95-090a2bfcb356" status: 200 len: 258 microversion: 1.28 [pid: 7|app: 0|req: 485/972] 199.204.45.229 () {34 vars in 863 bytes} [Tue Jun 23 01:34:50 2026] GET /allocations/a247e7e0-65ff-4474-ba95-090a2bfcb356 => generated 258 bytes in 16 msecs (HTTP/1.1 200) 8 headers in 296 bytes (1 switches on core 0)
2026-06-23 01:34:50.711 8 INFO placement.requestlog [None req-4fa42815-606b-4655-9f5c-b8dc8c916e41 ad378ecd51b44d0e864ef0f42da540fe fffd1013a3324619bf85571770f9044b - - e36057b960bd4a8c93ce3d6122ad4b41 e36057b960bd4a8c93ce3d6122ad4b41] 10.0.0.19 "GET /resource_providers/a95c95b1-14b8-4a64-a386-53321ff68256/aggregates" status: 404 len: 235 microversion: 1.1 [pid: 8|app: 0|req: 488/973] 10.0.0.19 () {32 vars in 815 bytes} [Tue Jun 23 01:34:50 2026] GET /resource_providers/a95c95b1-14b8-4a64-a386-53321ff68256/aggregates => generated 235 bytes in 10 msecs (HTTP/1.1 404) 5 headers in 202 bytes (1 switches on core 0)
2026-06-23 01:34:50.714 7 INFO placement.requestlog [None req-686df25f-08e4-4b9a-aa46-e63708032ee3 ad378ecd51b44d0e864ef0f42da540fe fffd1013a3324619bf85571770f9044b - - e36057b960bd4a8c93ce3d6122ad4b41 e36057b960bd4a8c93ce3d6122ad4b41] 10.0.0.19 "GET /resource_providers/a95c95b1-14b8-4a64-a386-53321ff68256/aggregates" status: 404 len: 235 microversion: 1.1 [pid: 7|app: 0|req: 486/974] 10.0.0.19 () {32 vars in 815 bytes} [Tue Jun 23 01:34:50 2026] GET /resource_providers/a95c95b1-14b8-4a64-a386-53321ff68256/aggregates => generated 235 bytes in 12 msecs (HTTP/1.1 404) 5 headers in 202 bytes (1 switches on core 0)
2026-06-23 01:34:50.732 8 INFO placement.requestlog [None req-1a351eab-3680-4cab-9fc2-c1dc2a2b52d9 ad378ecd51b44d0e864ef0f42da540fe fffd1013a3324619bf85571770f9044b - - e36057b960bd4a8c93ce3d6122ad4b41 e36057b960bd4a8c93ce3d6122ad4b41] 10.0.0.19 "DELETE /resource_providers/a95c95b1-14b8-4a64-a386-53321ff68256" status: 404 len: 246 microversion: 1.1 [pid: 8|app: 0|req: 489/975] 10.0.0.19 () {34 vars in 815 bytes} [Tue Jun 23 01:34:50 2026] DELETE /resource_providers/a95c95b1-14b8-4a64-a386-53321ff68256 => generated 246 bytes in 10 msecs (HTTP/1.1 404) 6 headers in 231 bytes (1 switches on core 0)
2026-06-23 01:34:50.735 7 INFO placement.requestlog [None req-c9621255-ac64-4e28-9ec0-9f152fdc559a ad378ecd51b44d0e864ef0f42da540fe fffd1013a3324619bf85571770f9044b - - e36057b960bd4a8c93ce3d6122ad4b41 e36057b960bd4a8c93ce3d6122ad4b41] 10.0.0.19 "DELETE /resource_providers/a95c95b1-14b8-4a64-a386-53321ff68256" status: 404 len: 246 microversion: 1.1 [pid: 7|app: 0|req: 487/976] 10.0.0.19 () {34 vars in 815 bytes} [Tue Jun 23 01:34:50 2026] DELETE /resource_providers/a95c95b1-14b8-4a64-a386-53321ff68256 => generated 246 bytes in 10 msecs (HTTP/1.1 404) 6 headers in 231 bytes (1 switches on core 0)
2026-06-23 01:34:51.492 8 INFO placement.requestlog [req-3ab0250e-eee7-41e0-bae9-dd749512cd6f req-4a4b8d01-c859-4617-8a3c-74842b075203 88721cf1bfdb460bb5c6d8a2133f3005 fffd1013a3324619bf85571770f9044b - - e36057b960bd4a8c93ce3d6122ad4b41 e36057b960bd4a8c93ce3d6122ad4b41] 199.204.45.229 "GET /resource_providers/bc015965-1ae7-4f7c-b4c1-235f4e4c12ce/allocations" status: 200 len: 353 microversion: 1.0 [pid: 8|app: 0|req: 490/977] 199.204.45.229 () {32 vars in 857 bytes} [Tue Jun 23 01:34:51 2026] GET /resource_providers/bc015965-1ae7-4f7c-b4c1-235f4e4c12ce/allocations => generated 353 bytes in 16 msecs (HTTP/1.1 200) 6 headers in 224 bytes (1 switches on core 0)
2026-06-23 01:34:51.520 7 INFO placement.requestlog [req-3ab0250e-eee7-41e0-bae9-dd749512cd6f req-da16fc11-46c2-4955-996b-ebb5ae0ca35a 88721cf1bfdb460bb5c6d8a2133f3005 fffd1013a3324619bf85571770f9044b - - e36057b960bd4a8c93ce3d6122ad4b41 e36057b960bd4a8c93ce3d6122ad4b41] 199.204.45.229 "GET /allocations/2896639c-cc52-4d1b-883e-9e2cdbc36bbf" status: 200 len: 258 microversion: 1.28 [pid: 7|app: 0|req: 488/978] 199.204.45.229 () {34 vars in 863 bytes} [Tue Jun 23 01:34:51 2026] GET /allocations/2896639c-cc52-4d1b-883e-9e2cdbc36bbf => generated 258 bytes in 19 msecs (HTTP/1.1 200) 8 headers in 296 bytes (1 switches on core 0)
2026-06-23 01:34:51.539 8 INFO placement.requestlog [req-3ab0250e-eee7-41e0-bae9-dd749512cd6f req-653dc4b9-c1b0-4235-a23c-1eb69cf2817b 88721cf1bfdb460bb5c6d8a2133f3005 fffd1013a3324619bf85571770f9044b - - e36057b960bd4a8c93ce3d6122ad4b41 e36057b960bd4a8c93ce3d6122ad4b41] 199.204.45.229 "GET /allocations/a7b36b2f-3350-4272-9466-0a9f6326491c" status: 200 len: 258 microversion: 1.28 [pid: 8|app: 0|req: 491/979] 199.204.45.229 () {34 vars in 863 bytes} [Tue Jun 23 01:34:51 2026] GET /allocations/a7b36b2f-3350-4272-9466-0a9f6326491c => generated 258 bytes in 13 msecs (HTTP/1.1 200) 8 headers in 296 bytes (1 switches on core 0)
2026-06-23 01:34:51.558 7 INFO placement.requestlog [req-3ab0250e-eee7-41e0-bae9-dd749512cd6f req-4e034504-45a2-476d-92b2-7a99a6f9057e 88721cf1bfdb460bb5c6d8a2133f3005 fffd1013a3324619bf85571770f9044b - - e36057b960bd4a8c93ce3d6122ad4b41 e36057b960bd4a8c93ce3d6122ad4b41] 199.204.45.229 "GET /allocations/a247e7e0-65ff-4474-ba95-090a2bfcb356" status: 200 len: 258 microversion: 1.28 [pid: 7|app: 0|req: 489/980] 199.204.45.229 () {34 vars in 863 bytes} [Tue Jun 23 01:34:51 2026] GET /allocations/a247e7e0-65ff-4474-ba95-090a2bfcb356 => generated 258 bytes in 12 msecs (HTTP/1.1 200) 8 headers in 296 bytes (1 switches on core 0)
2026-06-23 01:34:52.759 8 INFO placement.requestlog [None req-99e4b758-525e-465f-9697-18f6aad79c2d ad378ecd51b44d0e864ef0f42da540fe fffd1013a3324619bf85571770f9044b - - e36057b960bd4a8c93ce3d6122ad4b41 e36057b960bd4a8c93ce3d6122ad4b41] 10.0.0.19 "GET /resource_providers/9b868c63-9e70-46f0-b196-fbbc54291397/aggregates" status: 404 len: 235 microversion: 1.1
2026-06-23 01:34:52.760 7 INFO placement.requestlog [None req-a6f6f1bc-db2a-4c58-82dc-493272983152 ad378ecd51b44d0e864ef0f42da540fe fffd1013a3324619bf85571770f9044b - - e36057b960bd4a8c93ce3d6122ad4b41 e36057b960bd4a8c93ce3d6122ad4b41] 10.0.0.19 "GET /resource_providers/9b868c63-9e70-46f0-b196-fbbc54291397/aggregates" status: 404 len: 235 microversion: 1.1 [pid: 8|app: 0|req: 492/981] 10.0.0.19 () {32 vars in 815 bytes} [Tue Jun 23 01:34:52 2026] GET /resource_providers/9b868c63-9e70-46f0-b196-fbbc54291397/aggregates => generated 235 bytes in 13 msecs (HTTP/1.1 404) 5 headers in 202 bytes (1 switches on core 0) [pid: 7|app: 0|req: 490/982] 10.0.0.19 () {32 vars in 815 bytes} [Tue Jun 23 01:34:52 2026] GET /resource_providers/9b868c63-9e70-46f0-b196-fbbc54291397/aggregates => generated 235 bytes in 9 msecs (HTTP/1.1 404) 5 headers in 202 bytes (1 switches on core 0)
2026-06-23 01:34:52.784 7 INFO placement.requestlog [None req-d84b5d1d-dbe6-4f45-a701-ef9a8ba05d80 ad378ecd51b44d0e864ef0f42da540fe fffd1013a3324619bf85571770f9044b - - e36057b960bd4a8c93ce3d6122ad4b41 e36057b960bd4a8c93ce3d6122ad4b41] 10.0.0.19 "DELETE /resource_providers/9b868c63-9e70-46f0-b196-fbbc54291397" status: 404 len: 246 microversion: 1.1 [pid: 7|app: 0|req: 491/983] 10.0.0.19 () {34 vars in 815 bytes} [Tue Jun 23 01:34:52 2026] DELETE /resource_providers/9b868c63-9e70-46f0-b196-fbbc54291397 => generated 246 bytes in 9 msecs (HTTP/1.1 404) 6 headers in 231 bytes (1 switches on core 0)
2026-06-23 01:34:52.786 8 INFO placement.requestlog [None req-aaa84935-8dc6-4042-a1d2-ebb1a36d1a59 ad378ecd51b44d0e864ef0f42da540fe fffd1013a3324619bf85571770f9044b - - e36057b960bd4a8c93ce3d6122ad4b41 e36057b960bd4a8c93ce3d6122ad4b41] 10.0.0.19 "DELETE /resource_providers/9b868c63-9e70-46f0-b196-fbbc54291397" status: 404 len: 246 microversion: 1.1 [pid: 8|app: 0|req: 493/984] 10.0.0.19 () {34 vars in 815 bytes} [Tue Jun 23 01:34:52 2026] DELETE /resource_providers/9b868c63-9e70-46f0-b196-fbbc54291397 => generated 246 bytes in 13 msecs (HTTP/1.1 404) 6 headers in 231 bytes (1 switches on core 0)
2026-06-23 01:34:58.459 7 INFO placement.requestlog [req-88dd5fb2-9387-4065-b567-6b80ae85a07b req-e2e9431b-6342-4c92-b3cf-a0ff0764b06a 88721cf1bfdb460bb5c6d8a2133f3005 fffd1013a3324619bf85571770f9044b - - e36057b960bd4a8c93ce3d6122ad4b41 e36057b960bd4a8c93ce3d6122ad4b41] 199.204.45.229 "GET /resource_providers/bc015965-1ae7-4f7c-b4c1-235f4e4c12ce/allocations" status: 200 len: 353 microversion: 1.0 [pid: 7|app: 0|req: 492/985] 199.204.45.229 () {32 vars in 857 bytes} [Tue Jun 23 01:34:58 2026] GET /resource_providers/bc015965-1ae7-4f7c-b4c1-235f4e4c12ce/allocations => generated 353 bytes in 151 msecs (HTTP/1.1 200) 6 headers in 224 bytes (1 switches on core 0)
2026-06-23 01:34:58.480 8 INFO placement.requestlog [req-88dd5fb2-9387-4065-b567-6b80ae85a07b req-68e4d664-f09d-4168-8226-a367fb36bbbf 88721cf1bfdb460bb5c6d8a2133f3005 fffd1013a3324619bf85571770f9044b - - e36057b960bd4a8c93ce3d6122ad4b41 e36057b960bd4a8c93ce3d6122ad4b41] 199.204.45.229 "GET /resource_providers?in_tree=bc015965-1ae7-4f7c-b4c1-235f4e4c12ce" status: 200 len: 798 microversion: 1.14 [pid: 8|app: 0|req: 494/986] 199.204.45.229 () {34 vars in 892 bytes} [Tue Jun 23 01:34:58 2026] GET /resource_providers?in_tree=bc015965-1ae7-4f7c-b4c1-235f4e4c12ce => generated 798 bytes in 16 msecs (HTTP/1.1 200) 6 headers in 225 bytes (1 switches on core 0)
2026-06-23 01:34:58.498 7 INFO placement.requestlog [req-88dd5fb2-9387-4065-b567-6b80ae85a07b req-2c140edf-2fce-4bee-bd8e-6ef312283c74 88721cf1bfdb460bb5c6d8a2133f3005 fffd1013a3324619bf85571770f9044b - - e36057b960bd4a8c93ce3d6122ad4b41 e36057b960bd4a8c93ce3d6122ad4b41] 199.204.45.229 "GET /resource_providers/bc015965-1ae7-4f7c-b4c1-235f4e4c12ce/inventories" status: 200 len: 401 microversion: 1.0 [pid: 7|app: 0|req: 493/987] 199.204.45.229 () {32 vars in 857 bytes} [Tue Jun 23 01:34:58 2026] GET /resource_providers/bc015965-1ae7-4f7c-b4c1-235f4e4c12ce/inventories => generated 401 bytes in 11 msecs (HTTP/1.1 200) 6 headers in 224 bytes (1 switches on core 0)
2026-06-23 01:34:58.517 8 INFO placement.requestlog [req-88dd5fb2-9387-4065-b567-6b80ae85a07b req-410dca1b-1d7c-42d5-9b78-a5e3ad02a7a2 88721cf1bfdb460bb5c6d8a2133f3005 fffd1013a3324619bf85571770f9044b - - e36057b960bd4a8c93ce3d6122ad4b41 e36057b960bd4a8c93ce3d6122ad4b41] 199.204.45.229 "GET /resource_providers/bc015965-1ae7-4f7c-b4c1-235f4e4c12ce/aggregates" status: 200 len: 54 microversion: 1.19 [pid: 8|app: 0|req: 495/988] 199.204.45.229 () {34 vars in 899 bytes} [Tue Jun 23 01:34:58 2026] GET /resource_providers/bc015965-1ae7-4f7c-b4c1-235f4e4c12ce/aggregates => generated 54 bytes in 15 msecs (HTTP/1.1 200) 8 headers in 295 bytes (1 switches on core 0)
2026-06-23 01:34:58.541 7 INFO placement.requestlog [req-88dd5fb2-9387-4065-b567-6b80ae85a07b req-4817074c-ad13-4322-939c-54adc0594774 88721cf1bfdb460bb5c6d8a2133f3005 fffd1013a3324619bf85571770f9044b - - e36057b960bd4a8c93ce3d6122ad4b41 e36057b960bd4a8c93ce3d6122ad4b41] 199.204.45.229 "GET /resource_providers/bc015965-1ae7-4f7c-b4c1-235f4e4c12ce/traits" status: 200 len: 2317 microversion: 1.6 [pid: 7|app: 0|req: 494/989] 199.204.45.229 () {34 vars in 890 bytes} [Tue Jun 23 01:34:58 2026] GET /resource_providers/bc015965-1ae7-4f7c-b4c1-235f4e4c12ce/traits => generated 2317 bytes in 18 msecs (HTTP/1.1 200) 6 headers in 225 bytes (1 switches on core 0)
2026-06-23 01:34:58.568 8 INFO placement.requestlog [req-88dd5fb2-9387-4065-b567-6b80ae85a07b req-3fe56d8d-0160-4c23-a410-d1fee954c3a0 88721cf1bfdb460bb5c6d8a2133f3005 fffd1013a3324619bf85571770f9044b - - e36057b960bd4a8c93ce3d6122ad4b41 e36057b960bd4a8c93ce3d6122ad4b41] 199.204.45.229 "GET /resource_providers/bc015965-1ae7-4f7c-b4c1-235f4e4c12ce/allocations" status: 200 len: 353 microversion: 1.0 [pid: 8|app: 0|req: 496/990] 199.204.45.229 () {32 vars in 857 bytes} [Tue Jun 23 01:34:58 2026] GET /resource_providers/bc015965-1ae7-4f7c-b4c1-235f4e4c12ce/allocations => generated 353 bytes in 20 msecs (HTTP/1.1 200) 6 headers in 224 bytes (1 switches on core 0)
2026-06-23 01:34:58.588 7 INFO placement.requestlog [req-88dd5fb2-9387-4065-b567-6b80ae85a07b req-f22a7a1e-154a-41c7-a1b9-fa0b12ee7969 88721cf1bfdb460bb5c6d8a2133f3005 fffd1013a3324619bf85571770f9044b - - e36057b960bd4a8c93ce3d6122ad4b41 e36057b960bd4a8c93ce3d6122ad4b41] 199.204.45.229 "GET /allocations/2896639c-cc52-4d1b-883e-9e2cdbc36bbf" status: 200 len: 258 microversion: 1.28 [pid: 7|app: 0|req: 495/991] 199.204.45.229 () {34 vars in 863 bytes} [Tue Jun 23 01:34:58 2026] GET /allocations/2896639c-cc52-4d1b-883e-9e2cdbc36bbf => generated 258 bytes in 14 msecs (HTTP/1.1 200) 8 headers in 296 bytes (1 switches on core 0)
2026-06-23 01:34:58.618 8 INFO placement.requestlog [req-88dd5fb2-9387-4065-b567-6b80ae85a07b req-18320427-f828-46be-a80f-af20f512a02a 88721cf1bfdb460bb5c6d8a2133f3005 fffd1013a3324619bf85571770f9044b - - e36057b960bd4a8c93ce3d6122ad4b41 e36057b960bd4a8c93ce3d6122ad4b41] 199.204.45.229 "GET /allocations/a7b36b2f-3350-4272-9466-0a9f6326491c" status: 200 len: 258 microversion: 1.28 [pid: 8|app: 0|req: 497/992] 199.204.45.229 () {34 vars in 863 bytes} [Tue Jun 23 01:34:58 2026] GET /allocations/a7b36b2f-3350-4272-9466-0a9f6326491c => generated 258 bytes in 24 msecs (HTTP/1.1 200) 8 headers in 296 bytes (1 switches on core 0)
2026-06-23 01:34:58.639 7 INFO placement.requestlog [req-88dd5fb2-9387-4065-b567-6b80ae85a07b req-b5ed1c6a-7238-4d07-b41d-64e3d82ea5ef 88721cf1bfdb460bb5c6d8a2133f3005 fffd1013a3324619bf85571770f9044b - - e36057b960bd4a8c93ce3d6122ad4b41 e36057b960bd4a8c93ce3d6122ad4b41] 199.204.45.229 "GET /allocations/a247e7e0-65ff-4474-ba95-090a2bfcb356" status: 200 len: 258 microversion: 1.28 [pid: 7|app: 0|req: 496/993] 199.204.45.229 () {34 vars in 863 bytes} [Tue Jun 23 01:34:58 2026] GET /allocations/a247e7e0-65ff-4474-ba95-090a2bfcb356 => generated 258 bytes in 13 msecs (HTTP/1.1 200) 8 headers in 296 bytes (1 switches on core 0)
2026-06-23 01:34:58.661 7 INFO placement.requestlog [None req-cd808c05-f743-4958-bf33-ce173c9aafa4 - - - - - -] 10.0.0.77 "GET /" status: 200 len: 136 microversion: 1.0
2026-06-23 01:34:58.661 8 INFO placement.requestlog [None req-68f28e2a-0c64-49e5-a28f-89c5e383048c - - - - - -] 10.0.0.77 "GET /" status: 200 len: 136 microversion: 1.0
2026-06-23 01:35:08.058 7 INFO placement.requestlog [req-22eee2f6-3a10-4917-aacc-f0daf45f6d00 req-8ecae1a8-076c-4610-adf0-349961ff7e19 88721cf1bfdb460bb5c6d8a2133f3005 fffd1013a3324619bf85571770f9044b - - e36057b960bd4a8c93ce3d6122ad4b41 e36057b960bd4a8c93ce3d6122ad4b41] 199.204.45.229 "GET /resource_providers/bc015965-1ae7-4f7c-b4c1-235f4e4c12ce/allocations" status: 200 len: 353 microversion: 1.0 [pid: 7|app: 0|req: 498/996] 199.204.45.229 () {32 vars in 857 bytes} [Tue Jun 23 01:35:08 2026] GET /resource_providers/bc015965-1ae7-4f7c-b4c1-235f4e4c12ce/allocations => generated 353 bytes in 17 msecs (HTTP/1.1 200) 6 headers in 224 bytes (1 switches on core 0)
2026-06-23 01:35:08.086 8 INFO placement.requestlog [req-22eee2f6-3a10-4917-aacc-f0daf45f6d00 req-f1a89eb8-f709-431d-829a-1f551e5e0c6f 88721cf1bfdb460bb5c6d8a2133f3005 fffd1013a3324619bf85571770f9044b - - e36057b960bd4a8c93ce3d6122ad4b41 e36057b960bd4a8c93ce3d6122ad4b41] 199.204.45.229 "GET /allocations/2896639c-cc52-4d1b-883e-9e2cdbc36bbf" status: 200 len: 258 microversion: 1.28 [pid: 8|app: 0|req: 499/997] 199.204.45.229 () {34 vars in 863 bytes} [Tue Jun 23 01:35:08 2026] GET /allocations/2896639c-cc52-4d1b-883e-9e2cdbc36bbf => generated 258 bytes in 24 msecs (HTTP/1.1 200) 8 headers in 296 bytes (1 switches on core 0)
2026-06-23 01:35:08.103 7 INFO placement.requestlog [req-22eee2f6-3a10-4917-aacc-f0daf45f6d00 req-1fdecc5c-20c9-4b3f-a2f0-878f6b8094b7 88721cf1bfdb460bb5c6d8a2133f3005 fffd1013a3324619bf85571770f9044b - - e36057b960bd4a8c93ce3d6122ad4b41 e36057b960bd4a8c93ce3d6122ad4b41] 199.204.45.229 "GET /allocations/a7b36b2f-3350-4272-9466-0a9f6326491c" status: 200 len: 258 microversion: 1.28 [pid: 7|app: 0|req: 499/998] 199.204.45.229 () {34 vars in 863 bytes} [Tue Jun 23 01:35:08 2026] GET /allocations/a7b36b2f-3350-4272-9466-0a9f6326491c => generated 258 bytes in 12 msecs (HTTP/1.1 200) 8 headers in 296 bytes (1 switches on core 0)
2026-06-23 01:35:08.122 8 INFO placement.requestlog [req-22eee2f6-3a10-4917-aacc-f0daf45f6d00 req-9c6dc49b-7313-4085-afb0-1a016a84e5c5 88721cf1bfdb460bb5c6d8a2133f3005 fffd1013a3324619bf85571770f9044b - - e36057b960bd4a8c93ce3d6122ad4b41 e36057b960bd4a8c93ce3d6122ad4b41] 199.204.45.229 "GET /allocations/a247e7e0-65ff-4474-ba95-090a2bfcb356" status: 200 len: 258 microversion: 1.28 [pid: 8|app: 0|req: 500/999] 199.204.45.229 () {34 vars in 863 bytes} [Tue Jun 23 01:35:08 2026] GET /allocations/a247e7e0-65ff-4474-ba95-090a2bfcb356 => generated 258 bytes in 15 msecs (HTTP/1.1 200) 8 headers in 296 bytes (1 switches on core 0)
2026-06-23 01:35:08.661 8 INFO placement.requestlog [None req-d816e09e-dbfe-43d6-a17f-3c7a14cfe028 - - - - - -] 10.0.0.77 "GET /" status: 200 len: 136 microversion: 1.0
2026-06-23 01:35:08.662 7 INFO placement.requestlog [None req-4ef046bb-d11f-4f9a-a099-41a5f901a5da - - - - - -] 10.0.0.77 "GET /" status: 200 len: 136 microversion: 1.0
2026-06-23 01:35:09.176 8 INFO placement.requestlog [req-22eee2f6-3a10-4917-aacc-f0daf45f6d00 req-ddc1bffe-8e2f-4e84-a8e5-6dd29beb6679 88721cf1bfdb460bb5c6d8a2133f3005 fffd1013a3324619bf85571770f9044b - - e36057b960bd4a8c93ce3d6122ad4b41 e36057b960bd4a8c93ce3d6122ad4b41] 199.204.45.229 "DELETE /allocations/a7b36b2f-3350-4272-9466-0a9f6326491c" status: 204 len: 0 microversion: 1.0 [pid: 8|app: 0|req: 502/1002] 199.204.45.229 () {34 vars in 841 bytes} [Tue Jun 23 01:35:09 2026] DELETE /allocations/a7b36b2f-3350-4272-9466-0a9f6326491c => generated 0 bytes in 24 msecs (HTTP/1.1 204) 5 headers in 198 bytes (1 switches on core 0)
2026-06-23 01:35:15.380 7 INFO placement.requestlog [req-0e5804c1-697f-4b53-a295-8e5a39c31cea req-661666dc-03f1-4020-9673-bcbecfead5fd 88721cf1bfdb460bb5c6d8a2133f3005 fffd1013a3324619bf85571770f9044b - - e36057b960bd4a8c93ce3d6122ad4b41 e36057b960bd4a8c93ce3d6122ad4b41] 199.204.45.229 "GET /resource_providers/bc015965-1ae7-4f7c-b4c1-235f4e4c12ce/allocations" status: 200 len: 253 microversion: 1.0 [pid: 7|app: 0|req: 501/1003] 199.204.45.229 () {32 vars in 857 bytes} [Tue Jun 23 01:35:15 2026] GET /resource_providers/bc015965-1ae7-4f7c-b4c1-235f4e4c12ce/allocations => generated 253 bytes in 17 msecs (HTTP/1.1 200) 6 headers in 224 bytes (1 switches on core 0)
2026-06-23 01:35:15.400 8 INFO placement.requestlog [req-0e5804c1-697f-4b53-a295-8e5a39c31cea req-a5a62d95-2e66-46e7-b66d-7c0ae24d26b8 88721cf1bfdb460bb5c6d8a2133f3005 fffd1013a3324619bf85571770f9044b - - e36057b960bd4a8c93ce3d6122ad4b41 e36057b960bd4a8c93ce3d6122ad4b41] 199.204.45.229 "GET /allocations/2896639c-cc52-4d1b-883e-9e2cdbc36bbf" status: 200 len: 258 microversion: 1.28 [pid: 8|app: 0|req: 503/1004] 199.204.45.229 () {34 vars in 863 bytes} [Tue Jun 23 01:35:15 2026] GET /allocations/2896639c-cc52-4d1b-883e-9e2cdbc36bbf => generated 258 bytes in 13 msecs (HTTP/1.1 200) 8 headers in 296 bytes (1 switches on core 0)
2026-06-23 01:35:15.422 7 INFO placement.requestlog [req-0e5804c1-697f-4b53-a295-8e5a39c31cea req-4db167dc-74dd-4ef5-80be-8d88eed46f8b 88721cf1bfdb460bb5c6d8a2133f3005 fffd1013a3324619bf85571770f9044b - - e36057b960bd4a8c93ce3d6122ad4b41 e36057b960bd4a8c93ce3d6122ad4b41] 199.204.45.229 "GET /allocations/a247e7e0-65ff-4474-ba95-090a2bfcb356" status: 200 len: 258 microversion: 1.28 [pid: 7|app: 0|req: 502/1005] 199.204.45.229 () {34 vars in 863 bytes} [Tue Jun 23 01:35:15 2026] GET /allocations/a247e7e0-65ff-4474-ba95-090a2bfcb356 => generated 258 bytes in 10 msecs (HTTP/1.1 200) 8 headers in 296 bytes (1 switches on core 0)
2026-06-23 01:35:16.484 8 INFO placement.requestlog [req-0e5804c1-697f-4b53-a295-8e5a39c31cea req-398ec484-c2b3-4e05-9ae4-231e505dd37c 88721cf1bfdb460bb5c6d8a2133f3005 fffd1013a3324619bf85571770f9044b - - e36057b960bd4a8c93ce3d6122ad4b41 e36057b960bd4a8c93ce3d6122ad4b41] 199.204.45.229 "DELETE /allocations/2896639c-cc52-4d1b-883e-9e2cdbc36bbf" status: 204 len: 0 microversion: 1.0 [pid: 8|app: 0|req: 504/1006] 199.204.45.229 () {34 vars in 841 bytes} [Tue Jun 23 01:35:16 2026] DELETE /allocations/2896639c-cc52-4d1b-883e-9e2cdbc36bbf => generated 0 bytes in 38 msecs (HTTP/1.1 204) 5 headers in 198 bytes (1 switches on core 0)
2026-06-23 01:35:18.616 7 INFO placement.requestlog [req-b350a387-6d39-4409-97f3-b1d43b0f4b6f req-bbeef1e0-933f-4d24-b1fd-256f97139bce 88721cf1bfdb460bb5c6d8a2133f3005 fffd1013a3324619bf85571770f9044b - - e36057b960bd4a8c93ce3d6122ad4b41 e36057b960bd4a8c93ce3d6122ad4b41] 199.204.45.229 "GET /resource_providers/bc015965-1ae7-4f7c-b4c1-235f4e4c12ce/allocations" status: 200 len: 153 microversion: 1.0 [pid: 7|app: 0|req: 503/1007] 199.204.45.229 () {32 vars in 857 bytes} [Tue Jun 23 01:35:18 2026] GET /resource_providers/bc015965-1ae7-4f7c-b4c1-235f4e4c12ce/allocations => generated 153 bytes in 21 msecs (HTTP/1.1 200) 6 headers in 224 bytes (1 switches on core 0)
2026-06-23 01:35:18.633 8 INFO placement.requestlog [req-b350a387-6d39-4409-97f3-b1d43b0f4b6f req-ea1e8c51-136f-43ef-86fd-9d4269d89a35 88721cf1bfdb460bb5c6d8a2133f3005 fffd1013a3324619bf85571770f9044b - - e36057b960bd4a8c93ce3d6122ad4b41 e36057b960bd4a8c93ce3d6122ad4b41] 199.204.45.229 "GET /allocations/a247e7e0-65ff-4474-ba95-090a2bfcb356" status: 200 len: 258 microversion: 1.28 [pid: 8|app: 0|req: 505/1008] 199.204.45.229 () {34 vars in 863 bytes} [Tue Jun 23 01:35:18 2026] GET /allocations/a247e7e0-65ff-4474-ba95-090a2bfcb356 => generated 258 bytes in 12 msecs (HTTP/1.1 200) 8 headers in 296 bytes (1 switches on core 0)
2026-06-23 01:35:18.661 7 INFO placement.requestlog [None req-0f4fe5c2-c8b8-47f4-a26f-8a51fc1737ee - - - - - -] 10.0.0.77 "GET /" status: 200 len: 136 microversion: 1.0
2026-06-23 01:35:18.661 8 INFO placement.requestlog [None req-635ce129-8b1c-4154-ab86-22bd3eb7f8bd - - - - - -] 10.0.0.77 "GET /" status: 200 len: 136 microversion: 1.0
2026-06-23 01:35:19.359 7 INFO placement.requestlog [None req-097751d0-21b6-4b63-8656-aa2bc912c9a3 ad378ecd51b44d0e864ef0f42da540fe fffd1013a3324619bf85571770f9044b - - e36057b960bd4a8c93ce3d6122ad4b41 e36057b960bd4a8c93ce3d6122ad4b41] 10.0.0.19 "GET /resource_providers/f7c28c97-15f3-4929-aac6-24f52973ffa3/aggregates" status: 404 len: 235 microversion: 1.1 [pid: 7|app: 0|req: 505/1011] 10.0.0.19 () {32 vars in 815 bytes} [Tue Jun 23 01:35:19 2026] GET /resource_providers/f7c28c97-15f3-4929-aac6-24f52973ffa3/aggregates => generated 235 bytes in 9 msecs (HTTP/1.1 404) 5 headers in 202 bytes (1 switches on core 0)
2026-06-23 01:35:19.362 8 INFO placement.requestlog [None req-a52e89a9-8f1c-42aa-a54b-56023a4584d8 ad378ecd51b44d0e864ef0f42da540fe fffd1013a3324619bf85571770f9044b - - e36057b960bd4a8c93ce3d6122ad4b41 e36057b960bd4a8c93ce3d6122ad4b41] 10.0.0.19 "GET /resource_providers/f7c28c97-15f3-4929-aac6-24f52973ffa3/aggregates" status: 404 len: 235 microversion: 1.1 [pid: 8|app: 0|req: 507/1012] 10.0.0.19 () {32 vars in 815 bytes} [Tue Jun 23 01:35:19 2026] GET /resource_providers/f7c28c97-15f3-4929-aac6-24f52973ffa3/aggregates => generated 235 bytes in 10 msecs (HTTP/1.1 404) 5 headers in 202 bytes (1 switches on core 0)
2026-06-23 01:35:19.378 7 INFO placement.requestlog [None req-d15aed81-f7da-4863-8313-d8023ebdac0d ad378ecd51b44d0e864ef0f42da540fe fffd1013a3324619bf85571770f9044b - - e36057b960bd4a8c93ce3d6122ad4b41 e36057b960bd4a8c93ce3d6122ad4b41] 10.0.0.19 "DELETE /resource_providers/f7c28c97-15f3-4929-aac6-24f52973ffa3" status: 404 len: 246 microversion: 1.1 [pid: 7|app: 0|req: 506/1013] 10.0.0.19 () {34 vars in 815 bytes} [Tue Jun 23 01:35:19 2026] DELETE /resource_providers/f7c28c97-15f3-4929-aac6-24f52973ffa3 => generated 246 bytes in 6 msecs (HTTP/1.1 404) 6 headers in 231 bytes (1 switches on core 0)
2026-06-23 01:35:19.387 8 INFO placement.requestlog [None req-4becc12c-75c2-4333-9798-e702022e56c5 ad378ecd51b44d0e864ef0f42da540fe fffd1013a3324619bf85571770f9044b - - e36057b960bd4a8c93ce3d6122ad4b41 e36057b960bd4a8c93ce3d6122ad4b41] 10.0.0.19 "DELETE /resource_providers/f7c28c97-15f3-4929-aac6-24f52973ffa3" status: 404 len: 246 microversion: 1.1 [pid: 8|app: 0|req: 508/1014] 10.0.0.19 () {34 vars in 815 bytes} [Tue Jun 23 01:35:19 2026] DELETE /resource_providers/f7c28c97-15f3-4929-aac6-24f52973ffa3 => generated 246 bytes in 13 msecs (HTTP/1.1 404) 6 headers in 231 bytes (1 switches on core 0)
2026-06-23 01:35:19.698 7 INFO placement.requestlog [req-b350a387-6d39-4409-97f3-b1d43b0f4b6f req-547c57a7-f287-4eb4-9ee4-408facf90496 88721cf1bfdb460bb5c6d8a2133f3005 fffd1013a3324619bf85571770f9044b - - e36057b960bd4a8c93ce3d6122ad4b41 e36057b960bd4a8c93ce3d6122ad4b41] 199.204.45.229 "DELETE /allocations/a247e7e0-65ff-4474-ba95-090a2bfcb356" status: 204 len: 0 microversion: 1.0 [pid: 7|app: 0|req: 507/1015] 199.204.45.229 () {34 vars in 841 bytes} [Tue Jun 23 01:35:19 2026] DELETE /allocations/a247e7e0-65ff-4474-ba95-090a2bfcb356 => generated 0 bytes in 40 msecs (HTTP/1.1 204) 5 headers in 198 bytes (1 switches on core 0)
2026-06-23 01:35:21.042 8 INFO placement.requestlog [None req-2984f052-3215-4928-a986-a42e8ec5b8ed ad378ecd51b44d0e864ef0f42da540fe fffd1013a3324619bf85571770f9044b - - e36057b960bd4a8c93ce3d6122ad4b41 e36057b960bd4a8c93ce3d6122ad4b41] 10.0.0.19 "GET /resource_providers/42ce7d3d-fde0-4e6a-9b8c-908895a0154e/aggregates" status: 404 len: 235 microversion: 1.1 [pid: 8|app: 0|req: 509/1016] 10.0.0.19 () {32 vars in 815 bytes} [Tue Jun 23 01:35:21 2026] GET /resource_providers/42ce7d3d-fde0-4e6a-9b8c-908895a0154e/aggregates => generated 235 bytes in 9 msecs (HTTP/1.1 404) 5 headers in 202 bytes (1 switches on core 0)
2026-06-23 01:35:21.045 7 INFO placement.requestlog [None req-4a0d30c0-75dc-48a5-aaff-c179048972e9 ad378ecd51b44d0e864ef0f42da540fe fffd1013a3324619bf85571770f9044b - - e36057b960bd4a8c93ce3d6122ad4b41 e36057b960bd4a8c93ce3d6122ad4b41] 10.0.0.19 "GET /resource_providers/42ce7d3d-fde0-4e6a-9b8c-908895a0154e/aggregates" status: 404 len: 235 microversion: 1.1 [pid: 7|app: 0|req: 508/1017] 10.0.0.19 () {32 vars in 815 bytes} [Tue Jun 23 01:35:21 2026] GET /resource_providers/42ce7d3d-fde0-4e6a-9b8c-908895a0154e/aggregates => generated 235 bytes in 10 msecs (HTTP/1.1 404) 5 headers in 202 bytes (1 switches on core 0)
2026-06-23 01:35:21.063 8 INFO placement.requestlog [None req-24e97f2c-5efe-42c8-8152-11f9b3c83a2f ad378ecd51b44d0e864ef0f42da540fe fffd1013a3324619bf85571770f9044b - - e36057b960bd4a8c93ce3d6122ad4b41 e36057b960bd4a8c93ce3d6122ad4b41] 10.0.0.19 "DELETE /resource_providers/42ce7d3d-fde0-4e6a-9b8c-908895a0154e" status: 404 len: 246 microversion: 1.1 [pid: 8|app: 0|req: 510/1018] 10.0.0.19 () {34 vars in 815 bytes} [Tue Jun 23 01:35:21 2026] DELETE /resource_providers/42ce7d3d-fde0-4e6a-9b8c-908895a0154e => generated 246 bytes in 7 msecs (HTTP/1.1 404) 6 headers in 231 bytes (1 switches on core 0)
2026-06-23 01:35:21.069 7 INFO placement.requestlog [None req-7cf83ab9-42f0-44cf-b11c-28932fb59feb ad378ecd51b44d0e864ef0f42da540fe fffd1013a3324619bf85571770f9044b - - e36057b960bd4a8c93ce3d6122ad4b41 e36057b960bd4a8c93ce3d6122ad4b41] 10.0.0.19 "DELETE /resource_providers/42ce7d3d-fde0-4e6a-9b8c-908895a0154e" status: 404 len: 246 microversion: 1.1 [pid: 7|app: 0|req: 509/1019] 10.0.0.19 () {34 vars in 815 bytes} [Tue Jun 23 01:35:21 2026] DELETE /resource_providers/42ce7d3d-fde0-4e6a-9b8c-908895a0154e => generated 246 bytes in 11 msecs (HTTP/1.1 404) 6 headers in 231 bytes (1 switches on core 0)
2026-06-23 01:35:21.400 8 INFO placement.requestlog [None req-4cd7945d-e373-41fd-8157-a7def7e4e38f ad378ecd51b44d0e864ef0f42da540fe fffd1013a3324619bf85571770f9044b - - e36057b960bd4a8c93ce3d6122ad4b41 e36057b960bd4a8c93ce3d6122ad4b41] 10.0.0.19 "GET /resource_providers/dd747a0f-b914-40ab-92c2-8eae6fbdd5f8/aggregates" status: 404 len: 235 microversion: 1.1 [pid: 8|app: 0|req: 511/1020] 10.0.0.19 () {32 vars in 815 bytes} [Tue Jun 23 01:35:21 2026] GET /resource_providers/dd747a0f-b914-40ab-92c2-8eae6fbdd5f8/aggregates => generated 235 bytes in 13 msecs (HTTP/1.1 404) 5 headers in 202 bytes (1 switches on core 0)
2026-06-23 01:35:21.410 7 INFO placement.requestlog [None req-97658104-a271-480d-b5d4-1e3254b4f993 ad378ecd51b44d0e864ef0f42da540fe fffd1013a3324619bf85571770f9044b - - e36057b960bd4a8c93ce3d6122ad4b41 e36057b960bd4a8c93ce3d6122ad4b41] 10.0.0.19 "GET /resource_providers/dd747a0f-b914-40ab-92c2-8eae6fbdd5f8/aggregates" status: 404 len: 235 microversion: 1.1 [pid: 7|app: 0|req: 510/1021] 10.0.0.19 () {32 vars in 815 bytes} [Tue Jun 23 01:35:21 2026] GET /resource_providers/dd747a0f-b914-40ab-92c2-8eae6fbdd5f8/aggregates => generated 235 bytes in 13 msecs (HTTP/1.1 404) 5 headers in 202 bytes (1 switches on core 0)
2026-06-23 01:35:21.425 8 INFO placement.requestlog [None req-09b5fc69-3d55-40d8-bbec-064026a46fc0 ad378ecd51b44d0e864ef0f42da540fe fffd1013a3324619bf85571770f9044b - - e36057b960bd4a8c93ce3d6122ad4b41 e36057b960bd4a8c93ce3d6122ad4b41] 10.0.0.19 "DELETE /resource_providers/dd747a0f-b914-40ab-92c2-8eae6fbdd5f8" status: 404 len: 246 microversion: 1.1 [pid: 8|app: 0|req: 512/1022] 10.0.0.19 () {34 vars in 815 bytes} [Tue Jun 23 01:35:21 2026] DELETE /resource_providers/dd747a0f-b914-40ab-92c2-8eae6fbdd5f8 => generated 246 bytes in 17 msecs (HTTP/1.1 404) 6 headers in 231 bytes (1 switches on core 0)
2026-06-23 01:35:21.428 7 INFO placement.requestlog [None req-de7c9ed0-cc06-4a27-9c51-fa05c53e0fdd ad378ecd51b44d0e864ef0f42da540fe fffd1013a3324619bf85571770f9044b - - e36057b960bd4a8c93ce3d6122ad4b41 e36057b960bd4a8c93ce3d6122ad4b41] 10.0.0.19 "DELETE /resource_providers/dd747a0f-b914-40ab-92c2-8eae6fbdd5f8" status: 404 len: 246 microversion: 1.1 [pid: 7|app: 0|req: 511/1023] 10.0.0.19 () {34 vars in 815 bytes} [Tue Jun 23 01:35:21 2026] DELETE /resource_providers/dd747a0f-b914-40ab-92c2-8eae6fbdd5f8 => generated 246 bytes in 10 msecs (HTTP/1.1 404) 6 headers in 231 bytes (1 switches on core 0)
2026-06-23 01:35:23.351 7 INFO placement.requestlog [None req-f8e23885-2a56-4c38-9102-7caa0e6ae848 ad378ecd51b44d0e864ef0f42da540fe fffd1013a3324619bf85571770f9044b - - e36057b960bd4a8c93ce3d6122ad4b41 e36057b960bd4a8c93ce3d6122ad4b41] 10.0.0.19 "GET /resource_providers/f0767331-856c-4157-90d6-e2aaa28870f7/aggregates" status: 404 len: 235 microversion: 1.1 [pid: 7|app: 0|req: 512/1024] 10.0.0.19 () {32 vars in 815 bytes} [Tue Jun 23 01:35:23 2026] GET /resource_providers/f0767331-856c-4157-90d6-e2aaa28870f7/aggregates => generated 235 bytes in 13 msecs (HTTP/1.1 404) 5 headers in 202 bytes (1 switches on core 0)
2026-06-23 01:35:23.352 8 INFO placement.requestlog [None req-c66ccbc3-36da-494b-9b08-9957bb808865 ad378ecd51b44d0e864ef0f42da540fe fffd1013a3324619bf85571770f9044b - - e36057b960bd4a8c93ce3d6122ad4b41 e36057b960bd4a8c93ce3d6122ad4b41] 10.0.0.19 "GET /resource_providers/f0767331-856c-4157-90d6-e2aaa28870f7/aggregates" status: 404 len: 235 microversion: 1.1 [pid: 8|app: 0|req: 513/1025] 10.0.0.19 () {32 vars in 815 bytes} [Tue Jun 23 01:35:23 2026] GET /resource_providers/f0767331-856c-4157-90d6-e2aaa28870f7/aggregates => generated 235 bytes in 20 msecs (HTTP/1.1 404) 5 headers in 202 bytes (1 switches on core 0)
2026-06-23 01:35:23.373 7 INFO placement.requestlog [None req-71aa1019-fe02-4afd-aa1c-48915cf9e2ed ad378ecd51b44d0e864ef0f42da540fe fffd1013a3324619bf85571770f9044b - - e36057b960bd4a8c93ce3d6122ad4b41 e36057b960bd4a8c93ce3d6122ad4b41] 10.0.0.19 "DELETE /resource_providers/f0767331-856c-4157-90d6-e2aaa28870f7" status: 404 len: 246 microversion: 1.1 [pid: 7|app: 0|req: 513/1026] 10.0.0.19 () {34 vars in 815 bytes} [Tue Jun 23 01:35:23 2026] DELETE /resource_providers/f0767331-856c-4157-90d6-e2aaa28870f7 => generated 246 bytes in 7 msecs (HTTP/1.1 404) 6 headers in 231 bytes (1 switches on core 0)
