Apr 21 15:02:58.719757 np0000168767 neutron-periodic-workers[106072]: DEBUG cotyledon.oslo_config_glue [-] ml2.overlay_ip_version = 4 {{(pid=106072) log_opt_values /opt/stack/data/venv/lib/python3.12/site-packages/oslo_config/cfg.py:3006}}
Apr 21 15:02:58.719757 np0000168767 neutron-periodic-workers[106072]: DEBUG cotyledon.oslo_config_glue [-] ml2.path_mtu = 0 {{(pid=106072) log_opt_values /opt/stack/data/venv/lib/python3.12/site-packages/oslo_config/cfg.py:3006}}
Apr 21 15:02:58.719757 np0000168767 neutron-periodic-workers[106072]: DEBUG cotyledon.oslo_config_glue [-] ml2.physical_network_mtus = {} {{(pid=106072) log_opt_values /opt/stack/data/venv/lib/python3.12/site-packages/oslo_config/cfg.py:3006}}
Apr 21 15:02:58.719757 np0000168767 neutron-periodic-workers[106072]: DEBUG cotyledon.oslo_config_glue [-] ml2.project_network_types = ['geneve'] {{(pid=106072) log_opt_values /opt/stack/data/venv/lib/python3.12/site-packages/oslo_config/cfg.py:3006}}
Apr 21 15:02:58.719757 np0000168767 neutron-periodic-workers[106072]: DEBUG cotyledon.oslo_config_glue [-] ml2.tunnelled_network_rp_name = rp_tunnelled {{(pid=106072) log_opt_values /opt/stack/data/venv/lib/python3.12/site-packages/oslo_config/cfg.py:3006}}
Apr 21 15:02:58.719757 np0000168767 neutron-periodic-workers[106072]: DEBUG cotyledon.oslo_config_glue [-] ml2.type_drivers = ['local', 'flat', 'vlan', 'geneve'] {{(pid=106072) log_opt_values /opt/stack/data/venv/lib/python3.12/site-packages/oslo_config/cfg.py:3006}}
Apr 21 15:02:58.719757 np0000168767 neutron-periodic-workers[106072]: DEBUG cotyledon.oslo_config_glue [-] ml2_type_flat.flat_networks = ['public'] {{(pid=106072) log_opt_values /opt/stack/data/venv/lib/python3.12/site-packages/oslo_config/cfg.py:3006}}
Apr 21 15:02:58.719757 np0000168767 neutron-periodic-workers[106072]: DEBUG cotyledon.oslo_config_glue [-] ml2_type_geneve.max_header_size = 38 {{(pid=106072) log_opt_values /opt/stack/data/venv/lib/python3.12/site-packages/oslo_config/cfg.py:3006}}
Apr 21 15:02:58.720005 np0000168767 neutron-periodic-workers[106072]: DEBUG cotyledon.oslo_config_glue [-] ml2_type_geneve.vni_ranges = ['1:65536'] {{(pid=106072) log_opt_values /opt/stack/data/venv/lib/python3.12/site-packages/oslo_config/cfg.py:3006}}
Apr 21 15:02:58.720005 np0000168767 neutron-periodic-workers[106072]: DEBUG cotyledon.oslo_config_glue [-] ml2_type_vlan.network_vlan_ranges = ['public'] {{(pid=106072) log_opt_values /opt/stack/data/venv/lib/python3.12/site-packages/oslo_config/cfg.py:3006}}
Apr 21 15:02:58.720005 np0000168767 neutron-periodic-workers[106072]: DEBUG cotyledon.oslo_config_glue [-] network_log.burst_limit = 25 {{(pid=106072) log_opt_values /opt/stack/data/venv/lib/python3.12/site-packages/oslo_config/cfg.py:3006}}
Apr 21 15:02:58.720005 np0000168767 neutron-periodic-workers[106072]: DEBUG cotyledon.oslo_config_glue [-] network_log.local_output_log_base = None {{(pid=106072) log_opt_values /opt/stack/data/venv/lib/python3.12/site-packages/oslo_config/cfg.py:3006}}
Apr 21 15:02:58.720005 np0000168767 neutron-periodic-workers[106072]: DEBUG cotyledon.oslo_config_glue [-] network_log.rate_limit = 100 {{(pid=106072) log_opt_values /opt/stack/data/venv/lib/python3.12/site-packages/oslo_config/cfg.py:3006}}
Apr 21 15:02:58.720005 np0000168767 neutron-periodic-workers[106072]: DEBUG cotyledon.oslo_config_glue [-] database.asyncio_connection = **** {{(pid=106072) log_opt_values /opt/stack/data/venv/lib/python3.12/site-packages/oslo_config/cfg.py:3006}}
Apr 21 15:02:58.720005 np0000168767 neutron-periodic-workers[106072]: DEBUG cotyledon.oslo_config_glue [-] database.asyncio_slave_connection = **** {{(pid=106072) log_opt_values /opt/stack/data/venv/lib/python3.12/site-packages/oslo_config/cfg.py:3006}}
Apr 21 15:02:58.720005 np0000168767 neutron-periodic-workers[106072]: DEBUG cotyledon.oslo_config_glue [-] database.backend = sqlalchemy {{(pid=106072) log_opt_values /opt/stack/data/venv/lib/python3.12/site-packages/oslo_config/cfg.py:3006}}
Apr 21 15:02:58.720005 np0000168767 neutron-periodic-workers[106072]: DEBUG cotyledon.oslo_config_glue [-] database.connection = **** {{(pid=106072) log_opt_values /opt/stack/data/venv/lib/python3.12/site-packages/oslo_config/cfg.py:3006}}
Apr 21 15:02:58.720246 np0000168767 neutron-periodic-workers[106072]: DEBUG cotyledon.oslo_config_glue [-] database.connection_debug = 0 {{(pid=106072) log_opt_values /opt/stack/data/venv/lib/python3.12/site-packages/oslo_config/cfg.py:3006}}
Apr 21 15:02:58.720246 np0000168767 neutron-periodic-workers[106072]: DEBUG cotyledon.oslo_config_glue [-] database.connection_parameters = {{(pid=106072) log_opt_values /opt/stack/data/venv/lib/python3.12/site-packages/oslo_config/cfg.py:3006}}
Apr 21 15:02:58.720246 np0000168767 neutron-periodic-workers[106072]: DEBUG cotyledon.oslo_config_glue [-] database.connection_recycle_time = 3600 {{(pid=106072) log_opt_values /opt/stack/data/venv/lib/python3.12/site-packages/oslo_config/cfg.py:3006}}
Apr 21 15:02:58.720246 np0000168767 neutron-periodic-workers[106072]: DEBUG cotyledon.oslo_config_glue [-] database.connection_trace = False {{(pid=106072) log_opt_values /opt/stack/data/venv/lib/python3.12/site-packages/oslo_config/cfg.py:3006}}
Apr 21 15:02:58.720246 np0000168767 neutron-periodic-workers[106072]: DEBUG cotyledon.oslo_config_glue [-] database.db_inc_retry_interval = True {{(pid=106072) log_opt_values /opt/stack/data/venv/lib/python3.12/site-packages/oslo_config/cfg.py:3006}}
Apr 21 15:02:58.720246 np0000168767 neutron-periodic-workers[106072]: DEBUG cotyledon.oslo_config_glue [-] database.db_max_retries = 20 {{(pid=106072) log_opt_values /opt/stack/data/venv/lib/python3.12/site-packages/oslo_config/cfg.py:3006}}
Apr 21 15:02:58.720246 np0000168767 neutron-periodic-workers[106072]: DEBUG cotyledon.oslo_config_glue [-] database.db_max_retry_interval = 10 {{(pid=106072) log_opt_values /opt/stack/data/venv/lib/python3.12/site-packages/oslo_config/cfg.py:3006}}
Apr 21 15:02:58.720246 np0000168767 neutron-periodic-workers[106072]: DEBUG cotyledon.oslo_config_glue [-] database.db_retry_interval = 1 {{(pid=106072) log_opt_values /opt/stack/data/venv/lib/python3.12/site-packages/oslo_config/cfg.py:3006}}
Apr 21 15:02:58.720246 np0000168767 neutron-periodic-workers[106072]: DEBUG cotyledon.oslo_config_glue [-] database.max_overflow = 50 {{(pid=106072) log_opt_values /opt/stack/data/venv/lib/python3.12/site-packages/oslo_config/cfg.py:3006}}
Apr 21 15:02:58.720597 np0000168767 neutron-periodic-workers[106072]: DEBUG cotyledon.oslo_config_glue [-] database.max_pool_size = 5 {{(pid=106072) log_opt_values /opt/stack/data/venv/lib/python3.12/site-packages/oslo_config/cfg.py:3006}}
Apr 21 15:02:58.720597 np0000168767 neutron-periodic-workers[106072]: DEBUG cotyledon.oslo_config_glue [-] database.max_retries = 10 {{(pid=106072) log_opt_values /opt/stack/data/venv/lib/python3.12/site-packages/oslo_config/cfg.py:3006}}
Apr 21 15:02:58.720597 np0000168767 neutron-periodic-workers[106072]: DEBUG cotyledon.oslo_config_glue [-] database.mysql_sql_mode = TRADITIONAL {{(pid=106072) log_opt_values /opt/stack/data/venv/lib/python3.12/site-packages/oslo_config/cfg.py:3006}}
Apr 21 15:02:58.720597 np0000168767 neutron-periodic-workers[106072]: DEBUG cotyledon.oslo_config_glue [-] database.mysql_wsrep_sync_wait = None {{(pid=106072) log_opt_values /opt/stack/data/venv/lib/python3.12/site-packages/oslo_config/cfg.py:3006}}
Apr 21 15:02:58.720597 np0000168767 neutron-periodic-workers[106072]: DEBUG cotyledon.oslo_config_glue [-] database.pool_timeout = None {{(pid=106072) log_opt_values /opt/stack/data/venv/lib/python3.12/site-packages/oslo_config/cfg.py:3006}}
Apr 21 15:02:58.720597 np0000168767 neutron-periodic-workers[106072]: DEBUG cotyledon.oslo_config_glue [-] database.retry_interval = 10 {{(pid=106072) log_opt_values /opt/stack/data/venv/lib/python3.12/site-packages/oslo_config/cfg.py:3006}}
Apr 21 15:02:58.720597 np0000168767 neutron-periodic-workers[106072]: DEBUG cotyledon.oslo_config_glue [-] database.slave_connection = **** {{(pid=106072) log_opt_values /opt/stack/data/venv/lib/python3.12/site-packages/oslo_config/cfg.py:3006}}
Apr 21 15:02:58.720597 np0000168767 neutron-periodic-workers[106072]: DEBUG cotyledon.oslo_config_glue [-] database.sqlite_synchronous = True {{(pid=106072) log_opt_values /opt/stack/data/venv/lib/python3.12/site-packages/oslo_config/cfg.py:3006}}
Apr 21 15:02:58.720597 np0000168767 neutron-periodic-workers[106072]: DEBUG cotyledon.oslo_config_glue [-] database.synchronous_reader = True {{(pid=106072) log_opt_values /opt/stack/data/venv/lib/python3.12/site-packages/oslo_config/cfg.py:3006}}
Apr 21 15:02:58.720856 np0000168767 neutron-periodic-workers[106072]: DEBUG cotyledon.oslo_config_glue [-] database.use_db_reconnect = False {{(pid=106072) log_opt_values /opt/stack/data/venv/lib/python3.12/site-packages/oslo_config/cfg.py:3006}}
Apr 21 15:02:58.720856 np0000168767 neutron-periodic-workers[106072]: DEBUG cotyledon.oslo_config_glue [-] ovn.bfd_min_rx = 1000 {{(pid=106072) log_opt_values /opt/stack/data/venv/lib/python3.12/site-packages/oslo_config/cfg.py:3006}}
Apr 21 15:02:58.720856 np0000168767 neutron-periodic-workers[106072]: DEBUG cotyledon.oslo_config_glue [-] ovn.bfd_min_tx = 100 {{(pid=106072) log_opt_values /opt/stack/data/venv/lib/python3.12/site-packages/oslo_config/cfg.py:3006}}
Apr 21 15:02:58.720856 np0000168767 neutron-periodic-workers[106072]: DEBUG cotyledon.oslo_config_glue [-] ovn.bfd_mult = 3 {{(pid=106072) log_opt_values /opt/stack/data/venv/lib/python3.12/site-packages/oslo_config/cfg.py:3006}}
Apr 21 15:02:58.720856 np0000168767 neutron-periodic-workers[106072]: DEBUG cotyledon.oslo_config_glue [-] ovn.broadcast_arps_to_all_routers = True {{(pid=106072) log_opt_values /opt/stack/data/venv/lib/python3.12/site-packages/oslo_config/cfg.py:3006}}
Apr 21 15:02:58.720856 np0000168767 neutron-periodic-workers[106072]: DEBUG cotyledon.oslo_config_glue [-] ovn.dhcp_default_lease_time = 43200 {{(pid=106072) log_opt_values /opt/stack/data/venv/lib/python3.12/site-packages/oslo_config/cfg.py:3006}}
Apr 21 15:02:58.720856 np0000168767 neutron-periodic-workers[106072]: DEBUG cotyledon.oslo_config_glue [-] ovn.disable_ovn_dhcp_for_baremetal_ports = False {{(pid=106072) log_opt_values /opt/stack/data/venv/lib/python3.12/site-packages/oslo_config/cfg.py:3006}}
Apr 21 15:02:58.720856 np0000168767 neutron-periodic-workers[106072]: DEBUG cotyledon.oslo_config_glue [-] ovn.dns_records_ovn_owned = False {{(pid=106072) log_opt_values /opt/stack/data/venv/lib/python3.12/site-packages/oslo_config/cfg.py:3006}}
Apr 21 15:02:58.720856 np0000168767 neutron-periodic-workers[106072]: DEBUG cotyledon.oslo_config_glue [-] ovn.dns_servers = [] {{(pid=106072) log_opt_values /opt/stack/data/venv/lib/python3.12/site-packages/oslo_config/cfg.py:3006}}
Apr 21 15:02:58.721143 np0000168767 neutron-periodic-workers[106072]: DEBUG cotyledon.oslo_config_glue [-] ovn.enable_distributed_floating_ip = False {{(pid=106072) log_opt_values /opt/stack/data/venv/lib/python3.12/site-packages/oslo_config/cfg.py:3006}}
Apr 21 15:02:58.721143 np0000168767 neutron-periodic-workers[106072]: DEBUG cotyledon.oslo_config_glue [-] ovn.fdb_age_threshold = 300 {{(pid=106072) log_opt_values /opt/stack/data/venv/lib/python3.12/site-packages/oslo_config/cfg.py:3006}}
Apr 21 15:02:58.721143 np0000168767 neutron-periodic-workers[106072]: DEBUG cotyledon.oslo_config_glue [-] ovn.ha_failover_strategy = normal {{(pid=106072) log_opt_values /opt/stack/data/venv/lib/python3.12/site-packages/oslo_config/cfg.py:3006}}
Apr 21 15:02:58.721143 np0000168767 neutron-periodic-workers[106072]: DEBUG cotyledon.oslo_config_glue [-] ovn.live_migration_activation_strategy = rarp {{(pid=106072) log_opt_values /opt/stack/data/venv/lib/python3.12/site-packages/oslo_config/cfg.py:3006}}
Apr 21 15:02:58.721143 np0000168767 neutron-periodic-workers[106072]: DEBUG cotyledon.oslo_config_glue [-] ovn.localnet_learn_fdb = False {{(pid=106072) log_opt_values /opt/stack/data/venv/lib/python3.12/site-packages/oslo_config/cfg.py:3006}}
Apr 21 15:02:58.721143 np0000168767 neutron-periodic-workers[106072]: DEBUG cotyledon.oslo_config_glue [-] ovn.mac_binding_age_threshold = 300 {{(pid=106072) log_opt_values /opt/stack/data/venv/lib/python3.12/site-packages/oslo_config/cfg.py:3006}}
Apr 21 15:02:58.721143 np0000168767 neutron-periodic-workers[106072]: DEBUG cotyledon.oslo_config_glue [-] ovn.neutron_sync_mode = log {{(pid=106072) log_opt_values /opt/stack/data/venv/lib/python3.12/site-packages/oslo_config/cfg.py:3006}}
Apr 21 15:02:58.721143 np0000168767 neutron-periodic-workers[106072]: DEBUG cotyledon.oslo_config_glue [-] ovn.ovn_dhcp4_global_options = {} {{(pid=106072) log_opt_values /opt/stack/data/venv/lib/python3.12/site-packages/oslo_config/cfg.py:3006}}
Apr 21 15:02:58.721143 np0000168767 neutron-periodic-workers[106072]: DEBUG cotyledon.oslo_config_glue [-] ovn.ovn_dhcp6_global_options = {} {{(pid=106072) log_opt_values /opt/stack/data/venv/lib/python3.12/site-packages/oslo_config/cfg.py:3006}}
Apr 21 15:02:58.721384 np0000168767 neutron-periodic-workers[106072]: DEBUG cotyledon.oslo_config_glue [-] ovn.ovn_l3_scheduler = leastloaded {{(pid=106072) log_opt_values /opt/stack/data/venv/lib/python3.12/site-packages/oslo_config/cfg.py:3006}}
Apr 21 15:02:58.721384 np0000168767 neutron-periodic-workers[106072]: DEBUG cotyledon.oslo_config_glue [-] ovn.ovn_metadata_enabled = True {{(pid=106072) log_opt_values /opt/stack/data/venv/lib/python3.12/site-packages/oslo_config/cfg.py:3006}}
Apr 21 15:02:58.721384 np0000168767 neutron-periodic-workers[106072]: DEBUG cotyledon.oslo_config_glue [-] ovn.ovn_nb_ca_cert = /opt/stack/data/CA/int-ca/ca-chain.pem {{(pid=106072) log_opt_values /opt/stack/data/venv/lib/python3.12/site-packages/oslo_config/cfg.py:3006}}
Apr 21 15:02:58.721384 np0000168767 neutron-periodic-workers[106072]: DEBUG cotyledon.oslo_config_glue [-] ovn.ovn_nb_certificate = /opt/stack/data/CA/int-ca/devstack-cert.crt {{(pid=106072) log_opt_values /opt/stack/data/venv/lib/python3.12/site-packages/oslo_config/cfg.py:3006}}
Apr 21 15:02:58.721384 np0000168767 neutron-periodic-workers[106072]: DEBUG cotyledon.oslo_config_glue [-] ovn.ovn_nb_connection = ['ssl:199.204.45.109:6641'] {{(pid=106072) log_opt_values /opt/stack/data/venv/lib/python3.12/site-packages/oslo_config/cfg.py:3006}}
Apr 21 15:02:58.721384 np0000168767 neutron-periodic-workers[106072]: DEBUG cotyledon.oslo_config_glue [-] ovn.ovn_nb_private_key = /opt/stack/data/CA/int-ca/private/devstack-cert.key {{(pid=106072) log_opt_values /opt/stack/data/venv/lib/python3.12/site-packages/oslo_config/cfg.py:3006}}
Apr 21 15:02:58.721384 np0000168767 neutron-periodic-workers[106072]: DEBUG cotyledon.oslo_config_glue [-] ovn.ovn_router_indirect_snat = False {{(pid=106072) log_opt_values /opt/stack/data/venv/lib/python3.12/site-packages/oslo_config/cfg.py:3006}}
Apr 21 15:02:58.721384 np0000168767 neutron-periodic-workers[106072]: DEBUG cotyledon.oslo_config_glue [-] ovn.ovn_sb_ca_cert = /opt/stack/data/CA/int-ca/ca-chain.pem {{(pid=106072) log_opt_values /opt/stack/data/venv/lib/python3.12/site-packages/oslo_config/cfg.py:3006}}
Apr 21 15:02:58.721604 np0000168767 neutron-periodic-workers[106072]: DEBUG cotyledon.oslo_config_glue [-] ovn.ovn_sb_certificate = /opt/stack/data/CA/int-ca/devstack-cert.crt {{(pid=106072) log_opt_values /opt/stack/data/venv/lib/python3.12/site-packages/oslo_config/cfg.py:3006}}
Apr 21 15:02:58.721604 np0000168767 neutron-periodic-workers[106072]: DEBUG cotyledon.oslo_config_glue [-] ovn.ovn_sb_connection = ['ssl:199.204.45.109:6642'] {{(pid=106072) log_opt_values /opt/stack/data/venv/lib/python3.12/site-packages/oslo_config/cfg.py:3006}}
Apr 21 15:02:58.721604 np0000168767 neutron-periodic-workers[106072]: DEBUG cotyledon.oslo_config_glue [-] ovn.ovn_sb_private_key = /opt/stack/data/CA/int-ca/private/devstack-cert.key {{(pid=106072) log_opt_values /opt/stack/data/venv/lib/python3.12/site-packages/oslo_config/cfg.py:3006}}
Apr 21 15:02:58.721604 np0000168767 neutron-periodic-workers[106072]: DEBUG cotyledon.oslo_config_glue [-] ovn.ovs_create_tap = False {{(pid=106072) log_opt_values /opt/stack/data/venv/lib/python3.12/site-packages/oslo_config/cfg.py:3006}}
Apr 21 15:02:58.721604 np0000168767 neutron-periodic-workers[106072]: DEBUG cotyledon.oslo_config_glue [-] ovn.ovsdb_connection_timeout = 180 {{(pid=106072) log_opt_values /opt/stack/data/venv/lib/python3.12/site-packages/oslo_config/cfg.py:3006}}
Apr 21 15:02:58.721604 np0000168767 neutron-periodic-workers[106072]: DEBUG cotyledon.oslo_config_glue [-] ovn.ovsdb_log_level = INFO {{(pid=106072) log_opt_values /opt/stack/data/venv/lib/python3.12/site-packages/oslo_config/cfg.py:3006}}
Apr 21 15:02:58.721604 np0000168767 neutron-periodic-workers[106072]: DEBUG cotyledon.oslo_config_glue [-] ovn.ovsdb_probe_interval = 60000 {{(pid=106072) log_opt_values /opt/stack/data/venv/lib/python3.12/site-packages/oslo_config/cfg.py:3006}}
Apr 21 15:02:58.721604 np0000168767 neutron-periodic-workers[106072]: DEBUG cotyledon.oslo_config_glue [-] ovn.ovsdb_retry_max_interval = 180 {{(pid=106072) log_opt_values /opt/stack/data/venv/lib/python3.12/site-packages/oslo_config/cfg.py:3006}}
Apr 21 15:02:58.721604 np0000168767 neutron-periodic-workers[106072]: DEBUG cotyledon.oslo_config_glue [-] ovn.stateless_nat_enabled = False {{(pid=106072) log_opt_values /opt/stack/data/venv/lib/python3.12/site-packages/oslo_config/cfg.py:3006}}
Apr 21 15:02:58.721866 np0000168767 neutron-periodic-workers[106072]: DEBUG cotyledon.oslo_config_glue [-] ovn.vhost_sock_dir = /var/run/openvswitch {{(pid=106072) log_opt_values /opt/stack/data/venv/lib/python3.12/site-packages/oslo_config/cfg.py:3006}}
Apr 21 15:02:58.721866 np0000168767 neutron-periodic-workers[106072]: DEBUG cotyledon.oslo_config_glue [-] OVS.bridge_mac_table_size = 50000 {{(pid=106072) log_opt_values /opt/stack/data/venv/lib/python3.12/site-packages/oslo_config/cfg.py:3006}}
Apr 21 15:02:58.721866 np0000168767 neutron-periodic-workers[106072]: DEBUG cotyledon.oslo_config_glue [-] OVS.igmp_flood = False {{(pid=106072) log_opt_values /opt/stack/data/venv/lib/python3.12/site-packages/oslo_config/cfg.py:3006}}
Apr 21 15:02:58.721866 np0000168767 neutron-periodic-workers[106072]: DEBUG cotyledon.oslo_config_glue [-] OVS.igmp_flood_reports = True {{(pid=106072) log_opt_values /opt/stack/data/venv/lib/python3.12/site-packages/oslo_config/cfg.py:3006}}
Apr 21 15:02:58.721866 np0000168767 neutron-periodic-workers[106072]: DEBUG cotyledon.oslo_config_glue [-] OVS.igmp_flood_unregistered = False {{(pid=106072) log_opt_values /opt/stack/data/venv/lib/python3.12/site-packages/oslo_config/cfg.py:3006}}
Apr 21 15:02:58.721866 np0000168767 neutron-periodic-workers[106072]: DEBUG cotyledon.oslo_config_glue [-] OVS.igmp_snooping_enable = False {{(pid=106072) log_opt_values /opt/stack/data/venv/lib/python3.12/site-packages/oslo_config/cfg.py:3006}}
Apr 21 15:02:58.721866 np0000168767 neutron-periodic-workers[106072]: DEBUG cotyledon.oslo_config_glue [-] OVS.ovsdb_timeout = 10 {{(pid=106072) log_opt_values /opt/stack/data/venv/lib/python3.12/site-packages/oslo_config/cfg.py:3006}}
Apr 21 15:02:58.721866 np0000168767 neutron-periodic-workers[106072]: DEBUG cotyledon.oslo_config_glue [-] ovn_nb_global.fdb_removal_limit = 0 {{(pid=106072) log_opt_values /opt/stack/data/venv/lib/python3.12/site-packages/oslo_config/cfg.py:3006}}
Apr 21 15:02:58.721866 np0000168767 neutron-periodic-workers[106072]: DEBUG cotyledon.oslo_config_glue [-] ovn_nb_global.ignore_lsp_down = False {{(pid=106072) log_opt_values /opt/stack/data/venv/lib/python3.12/site-packages/oslo_config/cfg.py:3006}}
Apr 21 15:02:58.722140 np0000168767 neutron-periodic-workers[106072]: DEBUG cotyledon.oslo_config_glue [-] ovn_nb_global.mac_binding_removal_limit = 0 {{(pid=106072) log_opt_values /opt/stack/data/venv/lib/python3.12/site-packages/oslo_config/cfg.py:3006}}
Apr 21 15:02:58.722140 np0000168767 neutron-periodic-workers[106072]: DEBUG cotyledon.oslo_config_glue [-] ******************************************************************************** {{(pid=106072) log_opt_values /opt/stack/data/venv/lib/python3.12/site-packages/oslo_config/cfg.py:3013}}
Apr 21 15:02:58.722140 np0000168767 neutron-periodic-workers[106072]: DEBUG cotyledon._service_worker [-] Run service ServiceWrapper(0) [106072] {{(pid=106072) wait_forever /opt/stack/data/venv/lib/python3.12/site-packages/cotyledon/_service_worker.py:218}}
Apr 21 15:03:07.730977 np0000168767 neutron-periodic-workers[106072]: DEBUG oslo_db.sqlalchemy.engines [None req-0110f97b-dc03-491a-8dde-3fa03d62009f None None] Parent process 105392 forked (106072) with an open database connection, which is being discarded and recreated. {{(pid=106072) checkout /opt/stack/data/venv/lib/python3.12/site-packages/oslo_db/sqlalchemy/engines.py:402}}
Apr 21 15:03:07.755267 np0000168767 neutron-periodic-workers[106072]: DEBUG dbcounter [-] [106072] Writer thread running {{(pid=106072) stat_writer /opt/stack/data/venv/lib/python3.12/site-packages/dbcounter.py:102}}
Apr 21 15:03:07.766095 np0000168767 neutron-periodic-workers[106072]: DEBUG oslo.service.backend._threading.loopingcall [None req-0110f97b-dc03-491a-8dde-3fa03d62009f None None] Fixed interval looping call 'neutron.services.ovn_l3.plugin.L3_NAT_dbonly_mixin._clean_garbage' sleeping for 299.96 seconds {{(pid=106072) _run_loop /opt/stack/data/venv/lib/python3.12/site-packages/oslo_service/backend/_threading/loopingcall.py:125}}
Apr 21 15:03:08.377857 np0000168767 neutron-periodic-workers[105392]: DEBUG dbcounter [-] [105392] Writing DB stats neutron:SELECT=4 {{(pid=105392) stat_writer /opt/stack/data/venv/lib/python3.12/site-packages/dbcounter.py:115}}
Apr 21 15:03:17.756625 np0000168767 neutron-periodic-workers[106072]: DEBUG dbcounter [-] [106072] Writing DB stats neutron:SELECT=1 {{(pid=106072) stat_writer /opt/stack/data/venv/lib/python3.12/site-packages/dbcounter.py:115}}
Apr 21 15:03:57.687823 np0000168767 neutron-periodic-workers[106038]: DEBUG dbcounter [-] [106038] Writer thread running {{(pid=106038) stat_writer /opt/stack/data/venv/lib/python3.12/site-packages/dbcounter.py:102}}
Apr 21 15:03:57.696288 np0000168767 neutron-periodic-workers[106038]: DEBUG oslo.service.backend._threading.loopingcall [None req-11bd28fe-c80c-469c-8682-601db7117fd2 None None] Fixed interval looping call 'neutron.plugins.ml2.plugin.DhcpAgentSchedulerDbMixin.remove_networks_from_down_agents' sleeping for 36.98 seconds {{(pid=106038) _run_loop /opt/stack/data/venv/lib/python3.12/site-packages/oslo_service/backend/_threading/loopingcall.py:125}}
Apr 21 15:04:07.695545 np0000168767 neutron-periodic-workers[106038]: DEBUG dbcounter [-] [106038] Writing DB stats neutron:SELECT=3 {{(pid=106038) stat_writer /opt/stack/data/venv/lib/python3.12/site-packages/dbcounter.py:115}}
Apr 21 15:04:09.706417 np0000168767 neutron-periodic-workers[106047]: DEBUG dbcounter [-] [106047] Writer thread running {{(pid=106047) stat_writer /opt/stack/data/venv/lib/python3.12/site-packages/dbcounter.py:102}}
Apr 21 15:04:09.710745 np0000168767 neutron-periodic-workers[106047]: DEBUG neutron.db.agents_db [None req-8b76555f-e85c-44db-9e0c-7c58570286a3 None None] Agent healthcheck: found 0 active agents {{(pid=106047) agent_health_check /opt/stack/neutron/neutron/db/agents_db.py:317}}
Apr 21 15:04:09.710972 np0000168767 neutron-periodic-workers[106047]: DEBUG oslo.service.backend._threading.loopingcall [None req-8b76555f-e85c-44db-9e0c-7c58570286a3 None None] Fixed interval looping call 'neutron.plugins.ml2.plugin.AgentDbMixin.agent_health_check' sleeping for 36.98 seconds {{(pid=106047) _run_loop /opt/stack/data/venv/lib/python3.12/site-packages/oslo_service/backend/_threading/loopingcall.py:125}}
Apr 21 15:04:19.706967 np0000168767 neutron-periodic-workers[106047]: DEBUG dbcounter [-] [106047] Writing DB stats neutron:SELECT=1 {{(pid=106047) stat_writer /opt/stack/data/venv/lib/python3.12/site-packages/dbcounter.py:115}}
Apr 21 15:04:34.686472 np0000168767 neutron-periodic-workers[106038]: DEBUG oslo.service.backend._threading.loopingcall [None req-11bd28fe-c80c-469c-8682-601db7117fd2 None None] Fixed interval looping call 'neutron.plugins.ml2.plugin.DhcpAgentSchedulerDbMixin.remove_networks_from_down_agents' sleeping for 36.99 seconds {{(pid=106038) _run_loop /opt/stack/data/venv/lib/python3.12/site-packages/oslo_service/backend/_threading/loopingcall.py:125}}
Apr 21 15:04:44.685921 np0000168767 neutron-periodic-workers[106038]: DEBUG dbcounter [-] [106038] Writing DB stats neutron:SELECT=3 {{(pid=106038) stat_writer /opt/stack/data/venv/lib/python3.12/site-packages/dbcounter.py:115}}
Apr 21 15:04:46.696993 np0000168767 neutron-periodic-workers[106047]: DEBUG neutron.db.agents_db [None req-8b76555f-e85c-44db-9e0c-7c58570286a3 None None] Agent healthcheck: found 0 active agents {{(pid=106047) agent_health_check /opt/stack/neutron/neutron/db/agents_db.py:317}}
Apr 21 15:04:46.698041 np0000168767 neutron-periodic-workers[106047]: DEBUG oslo.service.backend._threading.loopingcall [None req-8b76555f-e85c-44db-9e0c-7c58570286a3 None None] Fixed interval looping call 'neutron.plugins.ml2.plugin.AgentDbMixin.agent_health_check' sleeping for 36.99 seconds {{(pid=106047) _run_loop /opt/stack/data/venv/lib/python3.12/site-packages/oslo_service/backend/_threading/loopingcall.py:125}}
Apr 21 15:04:56.694738 np0000168767 neutron-periodic-workers[106047]: DEBUG dbcounter [-] [106047] Writing DB stats neutron:SELECT=1 {{(pid=106047) stat_writer /opt/stack/data/venv/lib/python3.12/site-packages/dbcounter.py:115}}
Apr 21 15:04:58.721040 np0000168767 neutron-periodic-workers[106057]: DEBUG dbcounter [-] [106057] Writer thread running {{(pid=106057) stat_writer /opt/stack/data/venv/lib/python3.12/site-packages/dbcounter.py:102}}
Apr 21 15:04:58.722824 np0000168767 neutron-periodic-workers[106057]: DEBUG oslo.service.backend._threading.loopingcall [None req-49695088-4065-4944-9d18-ec500407705a None None] Fixed interval looping call 'neutron.db.quota.driver_nolock.DbQuotaNoLockDriver._remove_expired_reservations' sleeping for 119.98 seconds {{(pid=106057) _run_loop /opt/stack/data/venv/lib/python3.12/site-packages/oslo_service/backend/_threading/loopingcall.py:125}}
Apr 21 15:05:08.721770 np0000168767 neutron-periodic-workers[106057]: DEBUG dbcounter [-] [106057] Writing DB stats neutron:DELETE=1 {{(pid=106057) stat_writer /opt/stack/data/venv/lib/python3.12/site-packages/dbcounter.py:115}}
Apr 21 15:05:11.686486 np0000168767 neutron-periodic-workers[106038]: DEBUG oslo.service.backend._threading.loopingcall [None req-11bd28fe-c80c-469c-8682-601db7117fd2 None None] Fixed interval looping call 'neutron.plugins.ml2.plugin.DhcpAgentSchedulerDbMixin.remove_networks_from_down_agents' sleeping for 36.99 seconds {{(pid=106038) _run_loop /opt/stack/data/venv/lib/python3.12/site-packages/oslo_service/backend/_threading/loopingcall.py:125}}
Apr 21 15:05:21.686031 np0000168767 neutron-periodic-workers[106038]: DEBUG dbcounter [-] [106038] Writing DB stats neutron:SELECT=3 {{(pid=106038) stat_writer /opt/stack/data/venv/lib/python3.12/site-packages/dbcounter.py:115}}
Apr 21 15:05:23.692153 np0000168767 neutron-periodic-workers[106047]: DEBUG neutron.db.agents_db [None req-8b76555f-e85c-44db-9e0c-7c58570286a3 None None] Agent healthcheck: found 0 active agents {{(pid=106047) agent_health_check /opt/stack/neutron/neutron/db/agents_db.py:317}}
Apr 21 15:05:23.692817 np0000168767 neutron-periodic-workers[106047]: DEBUG oslo.service.backend._threading.loopingcall [None req-8b76555f-e85c-44db-9e0c-7c58570286a3 None None] Fixed interval looping call 'neutron.plugins.ml2.plugin.AgentDbMixin.agent_health_check' sleeping for 37.00 seconds {{(pid=106047) _run_loop /opt/stack/data/venv/lib/python3.12/site-packages/oslo_service/backend/_threading/loopingcall.py:125}}
Apr 21 15:05:33.690427 np0000168767 neutron-periodic-workers[106047]: DEBUG dbcounter [-] [106047] Writing DB stats neutron:SELECT=1 {{(pid=106047) stat_writer /opt/stack/data/venv/lib/python3.12/site-packages/dbcounter.py:115}}
Apr 21 15:05:48.685347 np0000168767 neutron-periodic-workers[106038]: DEBUG oslo.service.backend._threading.loopingcall [None req-11bd28fe-c80c-469c-8682-601db7117fd2 None None] Fixed interval looping call 'neutron.plugins.ml2.plugin.DhcpAgentSchedulerDbMixin.remove_networks_from_down_agents' sleeping for 36.99 seconds {{(pid=106038) _run_loop /opt/stack/data/venv/lib/python3.12/site-packages/oslo_service/backend/_threading/loopingcall.py:125}}
Apr 21 15:05:58.684692 np0000168767 neutron-periodic-workers[106038]: DEBUG dbcounter [-] [106038] Writing DB stats neutron:SELECT=3 {{(pid=106038) stat_writer /opt/stack/data/venv/lib/python3.12/site-packages/dbcounter.py:115}}
Apr 21 15:06:00.698075 np0000168767 neutron-periodic-workers[106047]: DEBUG neutron.db.agents_db [None req-8b76555f-e85c-44db-9e0c-7c58570286a3 None None] Agent healthcheck: found 0 active agents {{(pid=106047) agent_health_check /opt/stack/neutron/neutron/db/agents_db.py:317}}
Apr 21 15:06:00.698691 np0000168767 neutron-periodic-workers[106047]: DEBUG oslo.service.backend._threading.loopingcall [None req-8b76555f-e85c-44db-9e0c-7c58570286a3 None None] Fixed interval looping call 'neutron.plugins.ml2.plugin.AgentDbMixin.agent_health_check' sleeping for 36.99 seconds {{(pid=106047) _run_loop /opt/stack/data/venv/lib/python3.12/site-packages/oslo_service/backend/_threading/loopingcall.py:125}}
Apr 21 15:06:10.696042 np0000168767 neutron-periodic-workers[106047]: DEBUG dbcounter [-] [106047] Writing DB stats neutron:SELECT=1 {{(pid=106047) stat_writer /opt/stack/data/venv/lib/python3.12/site-packages/dbcounter.py:115}}
Apr 21 15:06:25.684116 np0000168767 neutron-periodic-workers[106038]: DEBUG oslo.service.backend._threading.loopingcall [None req-11bd28fe-c80c-469c-8682-601db7117fd2 None None] Fixed interval looping call 'neutron.plugins.ml2.plugin.DhcpAgentSchedulerDbMixin.remove_networks_from_down_agents' sleeping for 36.99 seconds {{(pid=106038) _run_loop /opt/stack/data/venv/lib/python3.12/site-packages/oslo_service/backend/_threading/loopingcall.py:125}}
Apr 21 15:06:35.683321 np0000168767 neutron-periodic-workers[106038]: DEBUG dbcounter [-] [106038] Writing DB stats neutron:SELECT=3 {{(pid=106038) stat_writer /opt/stack/data/venv/lib/python3.12/site-packages/dbcounter.py:115}}
Apr 21 15:06:37.694968 np0000168767 neutron-periodic-workers[106047]: DEBUG neutron.db.agents_db [None req-8b76555f-e85c-44db-9e0c-7c58570286a3 None None] Agent healthcheck: found 0 active agents {{(pid=106047) agent_health_check /opt/stack/neutron/neutron/db/agents_db.py:317}}
Apr 21 15:06:37.695661 np0000168767 neutron-periodic-workers[106047]: DEBUG oslo.service.backend._threading.loopingcall [None req-8b76555f-e85c-44db-9e0c-7c58570286a3 None None] Fixed interval looping call 'neutron.plugins.ml2.plugin.AgentDbMixin.agent_health_check' sleeping for 36.99 seconds {{(pid=106047) _run_loop /opt/stack/data/venv/lib/python3.12/site-packages/oslo_service/backend/_threading/loopingcall.py:125}}
Apr 21 15:06:47.692609 np0000168767 neutron-periodic-workers[106047]: DEBUG dbcounter [-] [106047] Writing DB stats neutron:SELECT=1 {{(pid=106047) stat_writer /opt/stack/data/venv/lib/python3.12/site-packages/dbcounter.py:115}}
Apr 21 15:06:58.709122 np0000168767 neutron-periodic-workers[106057]: DEBUG oslo.service.backend._threading.loopingcall [None req-49695088-4065-4944-9d18-ec500407705a None None] Fixed interval looping call 'neutron.db.quota.driver_nolock.DbQuotaNoLockDriver._remove_expired_reservations' sleeping for 119.99 seconds {{(pid=106057) _run_loop /opt/stack/data/venv/lib/python3.12/site-packages/oslo_service/backend/_threading/loopingcall.py:125}}
Apr 21 15:07:02.684076 np0000168767 neutron-periodic-workers[106038]: DEBUG oslo.service.backend._threading.loopingcall [None req-11bd28fe-c80c-469c-8682-601db7117fd2 None None] Fixed interval looping call 'neutron.plugins.ml2.plugin.DhcpAgentSchedulerDbMixin.remove_networks_from_down_agents' sleeping for 36.99 seconds {{(pid=106038) _run_loop /opt/stack/data/venv/lib/python3.12/site-packages/oslo_service/backend/_threading/loopingcall.py:125}}
Apr 21 15:07:08.707903 np0000168767 neutron-periodic-workers[106057]: DEBUG dbcounter [-] [106057] Writing DB stats neutron:DELETE=1 {{(pid=106057) stat_writer /opt/stack/data/venv/lib/python3.12/site-packages/dbcounter.py:115}}
Apr 21 15:07:12.682667 np0000168767 neutron-periodic-workers[106038]: DEBUG dbcounter [-] [106038] Writing DB stats neutron:SELECT=3 {{(pid=106038) stat_writer /opt/stack/data/venv/lib/python3.12/site-packages/dbcounter.py:115}}
Apr 21 15:07:14.691665 np0000168767 neutron-periodic-workers[106047]: DEBUG neutron.db.agents_db [None req-8b76555f-e85c-44db-9e0c-7c58570286a3 None None] Agent healthcheck: found 0 active agents {{(pid=106047) agent_health_check /opt/stack/neutron/neutron/db/agents_db.py:317}}
Apr 21 15:07:14.692162 np0000168767 neutron-periodic-workers[106047]: DEBUG oslo.service.backend._threading.loopingcall [None req-8b76555f-e85c-44db-9e0c-7c58570286a3 None None] Fixed interval looping call 'neutron.plugins.ml2.plugin.AgentDbMixin.agent_health_check' sleeping for 36.99 seconds {{(pid=106047) _run_loop /opt/stack/data/venv/lib/python3.12/site-packages/oslo_service/backend/_threading/loopingcall.py:125}}
Apr 21 15:07:24.688850 np0000168767 neutron-periodic-workers[106047]: DEBUG dbcounter [-] [106047] Writing DB stats neutron:SELECT=1 {{(pid=106047) stat_writer /opt/stack/data/venv/lib/python3.12/site-packages/dbcounter.py:115}}
Apr 21 15:07:39.682143 np0000168767 neutron-periodic-workers[106038]: DEBUG oslo.service.backend._threading.loopingcall [None req-11bd28fe-c80c-469c-8682-601db7117fd2 None None] Fixed interval looping call 'neutron.plugins.ml2.plugin.DhcpAgentSchedulerDbMixin.remove_networks_from_down_agents' sleeping for 36.99 seconds {{(pid=106038) _run_loop /opt/stack/data/venv/lib/python3.12/site-packages/oslo_service/backend/_threading/loopingcall.py:125}}
Apr 21 15:07:49.681396 np0000168767 neutron-periodic-workers[106038]: DEBUG dbcounter [-] [106038] Writing DB stats neutron:SELECT=3 {{(pid=106038) stat_writer /opt/stack/data/venv/lib/python3.12/site-packages/dbcounter.py:115}}
Apr 21 15:07:51.687241 np0000168767 neutron-periodic-workers[106047]: DEBUG neutron.db.agents_db [None req-8b76555f-e85c-44db-9e0c-7c58570286a3 None None] Agent healthcheck: found 0 active agents {{(pid=106047) agent_health_check /opt/stack/neutron/neutron/db/agents_db.py:317}}
Apr 21 15:07:51.687985 np0000168767 neutron-periodic-workers[106047]: DEBUG oslo.service.backend._threading.loopingcall [None req-8b76555f-e85c-44db-9e0c-7c58570286a3 None None] Fixed interval looping call 'neutron.plugins.ml2.plugin.AgentDbMixin.agent_health_check' sleeping for 37.00 seconds {{(pid=106047) _run_loop /opt/stack/data/venv/lib/python3.12/site-packages/oslo_service/backend/_threading/loopingcall.py:125}}
Apr 21 15:08:01.685520 np0000168767 neutron-periodic-workers[106047]: DEBUG dbcounter [-] [106047] Writing DB stats neutron:SELECT=1 {{(pid=106047) stat_writer /opt/stack/data/venv/lib/python3.12/site-packages/dbcounter.py:115}}
Apr 21 15:08:07.735678 np0000168767 neutron-periodic-workers[106072]: DEBUG oslo.service.backend._threading.loopingcall [None req-0110f97b-dc03-491a-8dde-3fa03d62009f None None] Fixed interval looping call 'neutron.services.ovn_l3.plugin.L3_NAT_dbonly_mixin._clean_garbage' sleeping for 299.99 seconds {{(pid=106072) _run_loop /opt/stack/data/venv/lib/python3.12/site-packages/oslo_service/backend/_threading/loopingcall.py:125}}
Apr 21 15:08:16.678272 np0000168767 neutron-periodic-workers[106038]: DEBUG oslo.service.backend._threading.loopingcall [None req-11bd28fe-c80c-469c-8682-601db7117fd2 None None] Fixed interval looping call 'neutron.plugins.ml2.plugin.DhcpAgentSchedulerDbMixin.remove_networks_from_down_agents' sleeping for 36.99 seconds {{(pid=106038) _run_loop /opt/stack/data/venv/lib/python3.12/site-packages/oslo_service/backend/_threading/loopingcall.py:125}}
Apr 21 15:08:17.729980 np0000168767 neutron-periodic-workers[106072]: DEBUG dbcounter [-] [106072] Writing DB stats neutron:SELECT=1 {{(pid=106072) stat_writer /opt/stack/data/venv/lib/python3.12/site-packages/dbcounter.py:115}}
Apr 21 15:08:26.678159 np0000168767 neutron-periodic-workers[106038]: DEBUG dbcounter [-] [106038] Writing DB stats neutron:SELECT=3 {{(pid=106038) stat_writer /opt/stack/data/venv/lib/python3.12/site-packages/dbcounter.py:115}}
Apr 21 15:08:28.692761 np0000168767 neutron-periodic-workers[106047]: DEBUG neutron.db.agents_db [None req-8b76555f-e85c-44db-9e0c-7c58570286a3 None None] Agent healthcheck: found 0 active agents {{(pid=106047) agent_health_check /opt/stack/neutron/neutron/db/agents_db.py:317}}
Apr 21 15:08:28.693358 np0000168767 neutron-periodic-workers[106047]: DEBUG oslo.service.backend._threading.loopingcall [None req-8b76555f-e85c-44db-9e0c-7c58570286a3 None None] Fixed interval looping call 'neutron.plugins.ml2.plugin.AgentDbMixin.agent_health_check' sleeping for 36.99 seconds {{(pid=106047) _run_loop /opt/stack/data/venv/lib/python3.12/site-packages/oslo_service/backend/_threading/loopingcall.py:125}}
Apr 21 15:08:38.690982 np0000168767 neutron-periodic-workers[106047]: DEBUG dbcounter [-] [106047] Writing DB stats neutron:SELECT=1 {{(pid=106047) stat_writer /opt/stack/data/venv/lib/python3.12/site-packages/dbcounter.py:115}}
Apr 21 15:08:53.678875 np0000168767 neutron-periodic-workers[106038]: DEBUG oslo.service.backend._threading.loopingcall [None req-11bd28fe-c80c-469c-8682-601db7117fd2 None None] Fixed interval looping call 'neutron.plugins.ml2.plugin.DhcpAgentSchedulerDbMixin.remove_networks_from_down_agents' sleeping for 36.99 seconds {{(pid=106038) _run_loop /opt/stack/data/venv/lib/python3.12/site-packages/oslo_service/backend/_threading/loopingcall.py:125}}
Apr 21 15:08:58.704267 np0000168767 neutron-periodic-workers[106057]: DEBUG oslo.service.backend._threading.loopingcall [None req-49695088-4065-4944-9d18-ec500407705a None None] Fixed interval looping call 'neutron.db.quota.driver_nolock.DbQuotaNoLockDriver._remove_expired_reservations' sleeping for 120.00 seconds {{(pid=106057) _run_loop /opt/stack/data/venv/lib/python3.12/site-packages/oslo_service/backend/_threading/loopingcall.py:125}}
Apr 21 15:09:03.677852 np0000168767 neutron-periodic-workers[106038]: DEBUG dbcounter [-] [106038] Writing DB stats neutron:SELECT=3 {{(pid=106038) stat_writer /opt/stack/data/venv/lib/python3.12/site-packages/dbcounter.py:115}}
Apr 21 15:09:05.689967 np0000168767 neutron-periodic-workers[106047]: DEBUG neutron.db.agents_db [None req-8b76555f-e85c-44db-9e0c-7c58570286a3 None None] Agent healthcheck: found 0 active agents {{(pid=106047) agent_health_check /opt/stack/neutron/neutron/db/agents_db.py:317}}
Apr 21 15:09:05.690863 np0000168767 neutron-periodic-workers[106047]: DEBUG oslo.service.backend._threading.loopingcall [None req-8b76555f-e85c-44db-9e0c-7c58570286a3 None None] Fixed interval looping call 'neutron.plugins.ml2.plugin.AgentDbMixin.agent_health_check' sleeping for 36.99 seconds {{(pid=106047) _run_loop /opt/stack/data/venv/lib/python3.12/site-packages/oslo_service/backend/_threading/loopingcall.py:125}}
Apr 21 15:09:08.702824 np0000168767 neutron-periodic-workers[106057]: DEBUG dbcounter [-] [106057] Writing DB stats neutron:DELETE=1 {{(pid=106057) stat_writer /opt/stack/data/venv/lib/python3.12/site-packages/dbcounter.py:115}}
Apr 21 15:09:15.687785 np0000168767 neutron-periodic-workers[106047]: DEBUG dbcounter [-] [106047] Writing DB stats neutron:SELECT=1 {{(pid=106047) stat_writer /opt/stack/data/venv/lib/python3.12/site-packages/dbcounter.py:115}}
Apr 21 15:09:30.678209 np0000168767 neutron-periodic-workers[106038]: DEBUG oslo.service.backend._threading.loopingcall [None req-11bd28fe-c80c-469c-8682-601db7117fd2 None None] Fixed interval looping call 'neutron.plugins.ml2.plugin.DhcpAgentSchedulerDbMixin.remove_networks_from_down_agents' sleeping for 36.99 seconds {{(pid=106038) _run_loop /opt/stack/data/venv/lib/python3.12/site-packages/oslo_service/backend/_threading/loopingcall.py:125}}
Apr 21 15:09:40.676763 np0000168767 neutron-periodic-workers[106038]: DEBUG dbcounter [-] [106038] Writing DB stats neutron:SELECT=3 {{(pid=106038) stat_writer /opt/stack/data/venv/lib/python3.12/site-packages/dbcounter.py:115}}
Apr 21 15:09:42.685702 np0000168767 neutron-periodic-workers[106047]: DEBUG neutron.db.agents_db [None req-8b76555f-e85c-44db-9e0c-7c58570286a3 None None] Agent healthcheck: found 0 active agents {{(pid=106047) agent_health_check /opt/stack/neutron/neutron/db/agents_db.py:317}}
Apr 21 15:09:42.686333 np0000168767 neutron-periodic-workers[106047]: DEBUG oslo.service.backend._threading.loopingcall [None req-8b76555f-e85c-44db-9e0c-7c58570286a3 None None] Fixed interval looping call 'neutron.plugins.ml2.plugin.AgentDbMixin.agent_health_check' sleeping for 36.99 seconds {{(pid=106047) _run_loop /opt/stack/data/venv/lib/python3.12/site-packages/oslo_service/backend/_threading/loopingcall.py:125}}
Apr 21 15:09:52.684016 np0000168767 neutron-periodic-workers[106047]: DEBUG dbcounter [-] [106047] Writing DB stats neutron:SELECT=1 {{(pid=106047) stat_writer /opt/stack/data/venv/lib/python3.12/site-packages/dbcounter.py:115}}
Apr 21 15:10:07.677609 np0000168767 neutron-periodic-workers[106038]: DEBUG oslo.service.backend._threading.loopingcall [None req-11bd28fe-c80c-469c-8682-601db7117fd2 None None] Fixed interval looping call 'neutron.plugins.ml2.plugin.DhcpAgentSchedulerDbMixin.remove_networks_from_down_agents' sleeping for 36.99 seconds {{(pid=106038) _run_loop /opt/stack/data/venv/lib/python3.12/site-packages/oslo_service/backend/_threading/loopingcall.py:125}}
Apr 21 15:10:17.676486 np0000168767 neutron-periodic-workers[106038]: DEBUG dbcounter [-] [106038] Writing DB stats neutron:SELECT=3 {{(pid=106038) stat_writer /opt/stack/data/venv/lib/python3.12/site-packages/dbcounter.py:115}}
Apr 21 15:10:19.681208 np0000168767 neutron-periodic-workers[106047]: DEBUG neutron.db.agents_db [None req-8b76555f-e85c-44db-9e0c-7c58570286a3 None None] Agent healthcheck: found 0 active agents {{(pid=106047) agent_health_check /opt/stack/neutron/neutron/db/agents_db.py:317}}
Apr 21 15:10:19.681891 np0000168767 neutron-periodic-workers[106047]: DEBUG oslo.service.backend._threading.loopingcall [None req-8b76555f-e85c-44db-9e0c-7c58570286a3 None None] Fixed interval looping call 'neutron.plugins.ml2.plugin.AgentDbMixin.agent_health_check' sleeping for 36.99 seconds {{(pid=106047) _run_loop /opt/stack/data/venv/lib/python3.12/site-packages/oslo_service/backend/_threading/loopingcall.py:125}}
Apr 21 15:10:29.679263 np0000168767 neutron-periodic-workers[106047]: DEBUG dbcounter [-] [106047] Writing DB stats neutron:SELECT=1 {{(pid=106047) stat_writer /opt/stack/data/venv/lib/python3.12/site-packages/dbcounter.py:115}}
Apr 21 15:10:44.674665 np0000168767 neutron-periodic-workers[106038]: DEBUG oslo.service.backend._threading.loopingcall [None req-11bd28fe-c80c-469c-8682-601db7117fd2 None None] Fixed interval looping call 'neutron.plugins.ml2.plugin.DhcpAgentSchedulerDbMixin.remove_networks_from_down_agents' sleeping for 36.99 seconds {{(pid=106038) _run_loop /opt/stack/data/venv/lib/python3.12/site-packages/oslo_service/backend/_threading/loopingcall.py:125}}
Apr 21 15:10:54.673705 np0000168767 neutron-periodic-workers[106038]: DEBUG dbcounter [-] [106038] Writing DB stats neutron:SELECT=3 {{(pid=106038) stat_writer /opt/stack/data/venv/lib/python3.12/site-packages/dbcounter.py:115}}
Apr 21 15:10:56.678084 np0000168767 neutron-periodic-workers[106047]: DEBUG neutron.db.agents_db [None req-8b76555f-e85c-44db-9e0c-7c58570286a3 None None] Agent healthcheck: found 0 active agents {{(pid=106047) agent_health_check /opt/stack/neutron/neutron/db/agents_db.py:317}}
Apr 21 15:10:56.678864 np0000168767 neutron-periodic-workers[106047]: DEBUG oslo.service.backend._threading.loopingcall [None req-8b76555f-e85c-44db-9e0c-7c58570286a3 None None] Fixed interval looping call 'neutron.plugins.ml2.plugin.AgentDbMixin.agent_health_check' sleeping for 36.99 seconds {{(pid=106047) _run_loop /opt/stack/data/venv/lib/python3.12/site-packages/oslo_service/backend/_threading/loopingcall.py:125}}
Apr 21 15:10:58.709164 np0000168767 neutron-periodic-workers[106057]: DEBUG oslo.service.backend._threading.loopingcall [None req-49695088-4065-4944-9d18-ec500407705a None None] Fixed interval looping call 'neutron.db.quota.driver_nolock.DbQuotaNoLockDriver._remove_expired_reservations' sleeping for 120.00 seconds {{(pid=106057) _run_loop /opt/stack/data/venv/lib/python3.12/site-packages/oslo_service/backend/_threading/loopingcall.py:125}}
Apr 21 15:11:06.675429 np0000168767 neutron-periodic-workers[106047]: DEBUG dbcounter [-] [106047] Writing DB stats neutron:SELECT=1 {{(pid=106047) stat_writer /opt/stack/data/venv/lib/python3.12/site-packages/dbcounter.py:115}}
Apr 21 15:11:08.707858 np0000168767 neutron-periodic-workers[106057]: DEBUG dbcounter [-] [106057] Writing DB stats neutron:DELETE=1 {{(pid=106057) stat_writer /opt/stack/data/venv/lib/python3.12/site-packages/dbcounter.py:115}}
Apr 21 15:11:21.671990 np0000168767 neutron-periodic-workers[106038]: DEBUG oslo.service.backend._threading.loopingcall [None req-11bd28fe-c80c-469c-8682-601db7117fd2 None None] Fixed interval looping call 'neutron.plugins.ml2.plugin.DhcpAgentSchedulerDbMixin.remove_networks_from_down_agents' sleeping for 36.99 seconds {{(pid=106038) _run_loop /opt/stack/data/venv/lib/python3.12/site-packages/oslo_service/backend/_threading/loopingcall.py:125}}
Apr 21 15:11:31.671184 np0000168767 neutron-periodic-workers[106038]: DEBUG dbcounter [-] [106038] Writing DB stats neutron:SELECT=3 {{(pid=106038) stat_writer /opt/stack/data/venv/lib/python3.12/site-packages/dbcounter.py:115}}
Apr 21 15:11:33.672560 np0000168767 neutron-periodic-workers[106047]: DEBUG neutron.db.agents_db [None req-8b76555f-e85c-44db-9e0c-7c58570286a3 None None] Agent healthcheck: found 0 active agents {{(pid=106047) agent_health_check /opt/stack/neutron/neutron/db/agents_db.py:317}}
Apr 21 15:11:33.673352 np0000168767 neutron-periodic-workers[106047]: DEBUG oslo.service.backend._threading.loopingcall [None req-8b76555f-e85c-44db-9e0c-7c58570286a3 None None] Fixed interval looping call 'neutron.plugins.ml2.plugin.AgentDbMixin.agent_health_check' sleeping for 37.00 seconds {{(pid=106047) _run_loop /opt/stack/data/venv/lib/python3.12/site-packages/oslo_service/backend/_threading/loopingcall.py:125}}
Apr 21 15:11:43.671377 np0000168767 neutron-periodic-workers[106047]: DEBUG dbcounter [-] [106047] Writing DB stats neutron:SELECT=1 {{(pid=106047) stat_writer /opt/stack/data/venv/lib/python3.12/site-packages/dbcounter.py:115}}
Apr 21 15:11:58.673227 np0000168767 neutron-periodic-workers[106038]: DEBUG oslo.service.backend._threading.loopingcall [None req-11bd28fe-c80c-469c-8682-601db7117fd2 None None] Fixed interval looping call 'neutron.plugins.ml2.plugin.DhcpAgentSchedulerDbMixin.remove_networks_from_down_agents' sleeping for 36.99 seconds {{(pid=106038) _run_loop /opt/stack/data/venv/lib/python3.12/site-packages/oslo_service/backend/_threading/loopingcall.py:125}}
Apr 21 15:12:08.671616 np0000168767 neutron-periodic-workers[106038]: DEBUG dbcounter [-] [106038] Writing DB stats neutron:SELECT=3 {{(pid=106038) stat_writer /opt/stack/data/venv/lib/python3.12/site-packages/dbcounter.py:115}}
Apr 21 15:12:10.678858 np0000168767 neutron-periodic-workers[106047]: DEBUG neutron.db.agents_db [None req-8b76555f-e85c-44db-9e0c-7c58570286a3 None None] Agent healthcheck: found 0 active agents {{(pid=106047) agent_health_check /opt/stack/neutron/neutron/db/agents_db.py:317}}
Apr 21 15:12:10.680080 np0000168767 neutron-periodic-workers[106047]: DEBUG oslo.service.backend._threading.loopingcall [None req-8b76555f-e85c-44db-9e0c-7c58570286a3 None None] Fixed interval looping call 'neutron.plugins.ml2.plugin.AgentDbMixin.agent_health_check' sleeping for 36.99 seconds {{(pid=106047) _run_loop /opt/stack/data/venv/lib/python3.12/site-packages/oslo_service/backend/_threading/loopingcall.py:125}}
Apr 21 15:12:20.676867 np0000168767 neutron-periodic-workers[106047]: DEBUG dbcounter [-] [106047] Writing DB stats neutron:SELECT=1 {{(pid=106047) stat_writer /opt/stack/data/venv/lib/python3.12/site-packages/dbcounter.py:115}}
Apr 21 15:12:35.674620 np0000168767 neutron-periodic-workers[106038]: DEBUG oslo.service.backend._threading.loopingcall [None req-11bd28fe-c80c-469c-8682-601db7117fd2 None None] Fixed interval looping call 'neutron.plugins.ml2.plugin.DhcpAgentSchedulerDbMixin.remove_networks_from_down_agents' sleeping for 36.99 seconds {{(pid=106038) _run_loop /opt/stack/data/venv/lib/python3.12/site-packages/oslo_service/backend/_threading/loopingcall.py:125}}
Apr 21 15:12:45.672635 np0000168767 neutron-periodic-workers[106038]: DEBUG dbcounter [-] [106038] Writing DB stats neutron:SELECT=3 {{(pid=106038) stat_writer /opt/stack/data/venv/lib/python3.12/site-packages/dbcounter.py:115}}
Apr 21 15:12:47.675994 np0000168767 neutron-periodic-workers[106047]: DEBUG neutron.db.agents_db [None req-8b76555f-e85c-44db-9e0c-7c58570286a3 None None] Agent healthcheck: found 0 active agents {{(pid=106047) agent_health_check /opt/stack/neutron/neutron/db/agents_db.py:317}}
Apr 21 15:12:47.676610 np0000168767 neutron-periodic-workers[106047]: DEBUG oslo.service.backend._threading.loopingcall [None req-8b76555f-e85c-44db-9e0c-7c58570286a3 None None] Fixed interval looping call 'neutron.plugins.ml2.plugin.AgentDbMixin.agent_health_check' sleeping for 36.99 seconds {{(pid=106047) _run_loop /opt/stack/data/venv/lib/python3.12/site-packages/oslo_service/backend/_threading/loopingcall.py:125}}
