2026-07-06 03:13:25.577 7 INFO neutron.db.ovn_revision_numbers_db [None req-344cfabc-60f1-4d06-b184-10b0db2edd7f - - - - - -] Successfully bumped revision number for resource c1e7bb9b-79ca-472d-94fe-dc6156ad7ae1 (type: ports) to 6 [pid: 8|app: 0|req: 1784/3599] 199.204.45.22 () {34 vars in 1079 bytes} [Mon Jul 6 03:13:25 2026] GET /v2.0/ports?tenant_id=0953bf46c35d4b51bc560ed8261ef13c&device_id=842d42a4-4bbc-4565-a42a-861aca521ad8 => generated 1440 bytes in 52 msecs (HTTP/1.1 200) 4 headers in 158 bytes (1 switches on core 0) /var/lib/openstack/lib/python3.12/site-packages/pycadf/identifier.py:70: UserWarning: Invalid uuid: neutron. To ensure interoperability, identifiers should be a valid uuid. warnings.warn(('Invalid uuid: %s. To ensure interoperability, ' [pid: 7|app: 0|req: 1816/3600] 199.204.45.22 () {34 vars in 985 bytes} [Mon Jul 6 03:13:25 2026] GET /v2.0/networks?id=30dcb3ed-d0bf-4c5f-9631-07b4d5a02a3e => generated 803 bytes in 52 msecs (HTTP/1.1 200) 4 headers in 157 bytes (1 switches on core 0) [pid: 8|app: 0|req: 1785/3601] 199.204.45.22 () {34 vars in 1057 bytes} [Mon Jul 6 03:13:25 2026] GET /v2.0/floatingips?fixed_ip_address=10.2.2.225&port_id=c1e7bb9b-79ca-472d-94fe-dc6156ad7ae1 => generated 19 bytes in 30 msecs (HTTP/1.1 200) 4 headers in 156 bytes (1 switches on core 0) [pid: 7|app: 0|req: 1817/3602] 199.204.45.22 () {34 vars in 1105 bytes} [Mon Jul 6 03:13:26 2026] GET /v2.0/floatingips?fixed_ip_address=fd77%3A1457%3A4cf0%3A26a8%3A%3A2e0&port_id=c1e7bb9b-79ca-472d-94fe-dc6156ad7ae1 => generated 19 bytes in 21 msecs (HTTP/1.1 200) 4 headers in 156 bytes (1 switches on core 0) [pid: 8|app: 0|req: 1786/3603] 199.204.45.22 () {34 vars in 1063 bytes} [Mon Jul 6 03:13:26 2026] GET /v2.0/subnets?id=97f91278-dfdb-43a1-b017-585cde32c41f&id=d6b4b458-8613-4cd7-ac40-c7588a0a1537 => generated 1413 bytes in 44 msecs (HTTP/1.1 200) 4 headers in 158 bytes (1 switches on core 0) [pid: 7|app: 0|req: 1818/3604] 199.204.45.22 () {34 vars in 1051 bytes} [Mon Jul 6 03:13:26 2026] GET /v2.0/ports?network_id=30dcb3ed-d0bf-4c5f-9631-07b4d5a02a3e&device_owner=network%3Adhcp => generated 12 bytes in 25 msecs (HTTP/1.1 200) 4 headers in 156 bytes (1 switches on core 0) [pid: 8|app: 0|req: 1787/3605] 199.204.45.22 () {34 vars in 1051 bytes} [Mon Jul 6 03:13:26 2026] GET /v2.0/ports?network_id=30dcb3ed-d0bf-4c5f-9631-07b4d5a02a3e&device_owner=network%3Adhcp => generated 12 bytes in 25 msecs (HTTP/1.1 200) 4 headers in 156 bytes (1 switches on core 0) [pid: 7|app: 0|req: 1819/3606] 199.204.45.22 () {34 vars in 1011 bytes} [Mon Jul 6 03:13:26 2026] GET /v2.0/networks/30dcb3ed-d0bf-4c5f-9631-07b4d5a02a3e?fields=segments => generated 14 bytes in 47 msecs (HTTP/1.1 200) 4 headers in 156 bytes (1 switches on core 0) [pid: 8|app: 0|req: 1788/3607] 199.204.45.22 () {34 vars in 1111 bytes} [Mon Jul 6 03:13:26 2026] GET /v2.0/networks/30dcb3ed-d0bf-4c5f-9631-07b4d5a02a3e?fields=provider%3Aphysical_network&fields=provider%3Anetwork_type => generated 79 bytes in 56 msecs (HTTP/1.1 200) 4 headers in 156 bytes (1 switches on core 0) [pid: 7|app: 0|req: 1820/3608] 199.204.45.22 () {34 vars in 993 bytes} [Mon Jul 6 03:13:26 2026] GET /v2.0/ports?device_id=842d42a4-4bbc-4565-a42a-861aca521ad8 => generated 1202 bytes in 86 msecs (HTTP/1.1 200) 4 headers in 158 bytes (1 switches on core 0)
2026-07-06 03:13:26.696 8 INFO neutron_taas.services.taas.taas_plugin [req-04e0b94a-61bb-4569-ab69-b271de6d0f64 req-e9772819-6f4c-44df-a3eb-266e6c601417 8ce73dd5c5d446dbb8aca60c8255ec55 0953bf46c35d4b51bc560ed8261ef13c - - default default] TaaS: Handle Delete Port: c1e7bb9b-79ca-472d-94fe-dc6156ad7ae1
2026-07-06 03:13:26.699 8 INFO neutron_taas.services.taas.tap_mirror_plugin [req-04e0b94a-61bb-4569-ab69-b271de6d0f64 req-e9772819-6f4c-44df-a3eb-266e6c601417 8ce73dd5c5d446dbb8aca60c8255ec55 0953bf46c35d4b51bc560ed8261ef13c - - default default] Tap Mirror: Handle Delete Port: c1e7bb9b-79ca-472d-94fe-dc6156ad7ae1 [pid: 8|app: 0|req: 1789/3609] 199.204.45.22 () {36 vars in 996 bytes} [Mon Jul 6 03:13:26 2026] DELETE /v2.0/ports/c1e7bb9b-79ca-472d-94fe-dc6156ad7ae1 => generated 0 bytes in 308 msecs (HTTP/1.1 204) 3 headers in 131 bytes (1 switches on core 0)
2026-07-06 03:13:27.395 8 INFO neutron.notifiers.nova [-] Nova event matching ['req-70a90cd1-c604-4d8e-93d5-a331e1209955'] response: {'server_uuid': '842d42a4-4bbc-4565-a42a-861aca521ad8', 'name': 'network-vif-deleted', 'tag': 'c1e7bb9b-79ca-472d-94fe-dc6156ad7ae1', 'status': 'completed', 'code': 200}
2026-07-06 03:13:27.475 7 INFO neutron.notifiers.nova [-] Nova event matching ['req-77dd9a64-0397-428a-9e53-7db5201dd817'] response: {'server_uuid': '842d42a4-4bbc-4565-a42a-861aca521ad8', 'name': 'network-vif-unplugged', 'status': 'completed', 'tag': 'c1e7bb9b-79ca-472d-94fe-dc6156ad7ae1', 'code': 200} [pid: 7|app: 0|req: 1821/3610] 10.0.0.151 () {34 vars in 990 bytes} [Mon Jul 6 03:13:29 2026] GET /v2.0/ports?device_id=842d42a4-4bbc-4565-a42a-861aca521ad8 => generated 12 bytes in 24 msecs (HTTP/1.1 200) 4 headers in 156 bytes (1 switches on core 0)
2026-07-06 03:13:34.671 8 INFO neutron_taas.services.taas.taas_plugin [None req-b3f899b0-5665-453d-a2f4-27dff74a8f42 8ce73dd5c5d446dbb8aca60c8255ec55 0953bf46c35d4b51bc560ed8261ef13c - - default default] TaaS: Handle Delete Port: b02ea5df-2f14-4ef9-b1a6-6591c7259342
2026-07-06 03:13:34.675 8 INFO neutron_taas.services.taas.tap_mirror_plugin [None req-b3f899b0-5665-453d-a2f4-27dff74a8f42 8ce73dd5c5d446dbb8aca60c8255ec55 0953bf46c35d4b51bc560ed8261ef13c - - default default] Tap Mirror: Handle Delete Port: b02ea5df-2f14-4ef9-b1a6-6591c7259342
2026-07-06 03:13:34.894 8 INFO neutron.db.l3_db [None req-b3f899b0-5665-453d-a2f4-27dff74a8f42 8ce73dd5c5d446dbb8aca60c8255ec55 0953bf46c35d4b51bc560ed8261ef13c - - default default] Floating IP bef73487-cad1-4066-a3f5-c18f431279dc disassociated (deleted). External IP: 10.96.250.209, port: 45025931-daa6-4c23-a314-fa23e84fe508. [pid: 8|app: 0|req: 1790/3611] 10.0.0.253 () {32 vars in 732 bytes} [Mon Jul 6 03:13:34 2026] DELETE /v2.0/floatingips/bef73487-cad1-4066-a3f5-c18f431279dc => generated 0 bytes in 415 msecs (HTTP/1.1 204) 2 headers in 112 bytes (1 switches on core 0)
2026-07-06 03:13:34.949 7 INFO neutron.api.v2.resource [None req-99fadc6c-b65a-4f0b-a177-a7993a87db56 8ce73dd5c5d446dbb8aca60c8255ec55 0953bf46c35d4b51bc560ed8261ef13c - - default default] show failed (client error): The resource could not be found. [pid: 7|app: 0|req: 1822/3612] 10.0.0.253 () {32 vars in 729 bytes} [Mon Jul 6 03:13:34 2026] GET /v2.0/floatingips/bef73487-cad1-4066-a3f5-c18f431279dc => generated 144 bytes in 21 msecs (HTTP/1.1 404) 4 headers in 164 bytes (1 switches on core 0)
2026-07-06 03:13:34.959 8 INFO neutron.notifiers.nova [-] Nova event matching ['req-fd099927-21a6-4153-8a69-ac43702d9958'] response: {'name': 'network-changed', 'server_uuid': '311d634f-2d11-4515-b3a3-9c929869e6fb', 'tag': '45025931-daa6-4c23-a314-fa23e84fe508', 'status': 'completed', 'code': 200} /var/lib/openstack/lib/python3.12/site-packages/pycadf/identifier.py:70: UserWarning: Invalid uuid: neutron. To ensure interoperability, identifiers should be a valid uuid. warnings.warn(('Invalid uuid: %s. To ensure interoperability, ' [pid: 8|app: 0|req: 1791/3613] 10.0.0.151 () {34 vars in 990 bytes} [Mon Jul 6 03:13:35 2026] GET /v2.0/ports?device_id=311d634f-2d11-4515-b3a3-9c929869e6fb => generated 1196 bytes in 85 msecs (HTTP/1.1 200) 4 headers in 158 bytes (1 switches on core 0) [pid: 7|app: 0|req: 1823/3614] 10.0.0.151 () {34 vars in 1040 bytes} [Mon Jul 6 03:13:35 2026] GET /v2.0/security-groups?id=4911f785-321b-4d26-a9e2-86b3df9ed85f&fields=id&fields=name => generated 112 bytes in 41 msecs (HTTP/1.1 200) 4 headers in 157 bytes (1 switches on core 0) [pid: 8|app: 0|req: 1792/3615] 199.204.45.22 () {34 vars in 1079 bytes} [Mon Jul 6 03:13:35 2026] GET /v2.0/ports?tenant_id=0953bf46c35d4b51bc560ed8261ef13c&device_id=311d634f-2d11-4515-b3a3-9c929869e6fb => generated 1434 bytes in 48 msecs (HTTP/1.1 200) 4 headers in 158 bytes (1 switches on core 0) [pid: 7|app: 0|req: 1824/3616] 199.204.45.22 () {34 vars in 985 bytes} [Mon Jul 6 03:13:35 2026] GET /v2.0/networks?id=3bbb8c79-1518-4ed0-8657-b8c181a31e9a => generated 803 bytes in 52 msecs (HTTP/1.1 200) 4 headers in 157 bytes (1 switches on core 0) [pid: 8|app: 0|req: 1793/3617] 199.204.45.22 () {34 vars in 1055 bytes} [Mon Jul 6 03:13:35 2026] GET /v2.0/floatingips?fixed_ip_address=10.2.1.93&port_id=45025931-daa6-4c23-a314-fa23e84fe508 => generated 19 bytes in 23 msecs (HTTP/1.1 200) 4 headers in 156 bytes (1 switches on core 0) [pid: 7|app: 0|req: 1825/3618] 199.204.45.22 () {34 vars in 1103 bytes} [Mon Jul 6 03:13:35 2026] GET /v2.0/floatingips?fixed_ip_address=fd7b%3Af9f7%3Afff%3A4eca%3A%3A211&port_id=45025931-daa6-4c23-a314-fa23e84fe508 => generated 19 bytes in 20 msecs (HTTP/1.1 200) 4 headers in 156 bytes (1 switches on core 0) [pid: 8|app: 0|req: 1794/3619] 199.204.45.22 () {34 vars in 1063 bytes} [Mon Jul 6 03:13:35 2026] GET /v2.0/subnets?id=a117f1b0-694a-495c-b910-20bb5183467a&id=de0c00f8-6e29-4201-902e-e0da92f8b506 => generated 1409 bytes in 34 msecs (HTTP/1.1 200) 4 headers in 158 bytes (1 switches on core 0) [pid: 7|app: 0|req: 1826/3620] 199.204.45.22 () {34 vars in 1051 bytes} [Mon Jul 6 03:13:35 2026] GET /v2.0/ports?network_id=3bbb8c79-1518-4ed0-8657-b8c181a31e9a&device_owner=network%3Adhcp => generated 12 bytes in 19 msecs (HTTP/1.1 200) 4 headers in 156 bytes (1 switches on core 0) [pid: 8|app: 0|req: 1795/3621] 199.204.45.22 () {34 vars in 1051 bytes} [Mon Jul 6 03:13:35 2026] GET /v2.0/ports?network_id=3bbb8c79-1518-4ed0-8657-b8c181a31e9a&device_owner=network%3Adhcp => generated 12 bytes in 23 msecs (HTTP/1.1 200) 4 headers in 156 bytes (1 switches on core 0) [pid: 7|app: 0|req: 1827/3622] 199.204.45.22 () {34 vars in 1011 bytes} [Mon Jul 6 03:13:35 2026] GET /v2.0/networks/3bbb8c79-1518-4ed0-8657-b8c181a31e9a?fields=segments => generated 14 bytes in 46 msecs (HTTP/1.1 200) 4 headers in 156 bytes (1 switches on core 0) [pid: 8|app: 0|req: 1796/3623] 199.204.45.22 () {34 vars in 1111 bytes} [Mon Jul 6 03:13:35 2026] GET /v2.0/networks/3bbb8c79-1518-4ed0-8657-b8c181a31e9a?fields=provider%3Aphysical_network&fields=provider%3Anetwork_type => generated 79 bytes in 50 msecs (HTTP/1.1 200) 4 headers in 156 bytes (1 switches on core 0)
2026-07-06 03:13:36.174 7 INFO neutron.plugins.ml2.drivers.ovn.mech_driver.mech_driver [None req-1b46186f-6f03-46dd-b14f-d3cb307bedf2 - - - - - -] OVN reports status down for port: 45025931-daa6-4c23-a314-fa23e84fe508
2026-07-06 03:13:36.320 7 INFO neutron.notifiers.nova [-] Nova event matching ['req-575ac719-c22d-44b6-95be-1c0b28de926b'] response: {'server_uuid': '311d634f-2d11-4515-b3a3-9c929869e6fb', 'name': 'network-vif-unplugged', 'status': 'completed', 'tag': '45025931-daa6-4c23-a314-fa23e84fe508', 'code': 200}
2026-07-06 03:13:36.466 7 INFO neutron.db.ovn_revision_numbers_db [None req-1b46186f-6f03-46dd-b14f-d3cb307bedf2 - - - - - -] Successfully bumped revision number for resource 45025931-daa6-4c23-a314-fa23e84fe508 (type: ports) to 6 [pid: 8|app: 0|req: 1798/3626] 199.204.45.22 () {34 vars in 993 bytes} [Mon Jul 6 03:13:37 2026] GET /v2.0/ports?device_id=311d634f-2d11-4515-b3a3-9c929869e6fb => generated 1194 bytes in 40 msecs (HTTP/1.1 200) 4 headers in 158 bytes (1 switches on core 0) /var/lib/openstack/lib/python3.12/site-packages/pycadf/identifier.py:70: UserWarning: Invalid uuid: neutron. To ensure interoperability, identifiers should be a valid uuid. warnings.warn(('Invalid uuid: %s. To ensure interoperability, '
2026-07-06 03:13:37.597 7 INFO neutron_taas.services.taas.taas_plugin [req-7e5d6bd6-8f38-442c-b71d-3f27f8279304 req-9c77f81f-8d82-4dfd-b8d3-b43ee86f4e90 8ce73dd5c5d446dbb8aca60c8255ec55 0953bf46c35d4b51bc560ed8261ef13c - - default default] TaaS: Handle Delete Port: 45025931-daa6-4c23-a314-fa23e84fe508
2026-07-06 03:13:37.601 7 INFO neutron_taas.services.taas.tap_mirror_plugin [req-7e5d6bd6-8f38-442c-b71d-3f27f8279304 req-9c77f81f-8d82-4dfd-b8d3-b43ee86f4e90 8ce73dd5c5d446dbb8aca60c8255ec55 0953bf46c35d4b51bc560ed8261ef13c - - default default] Tap Mirror: Handle Delete Port: 45025931-daa6-4c23-a314-fa23e84fe508 [pid: 7|app: 0|req: 1829/3627] 199.204.45.22 () {36 vars in 996 bytes} [Mon Jul 6 03:13:37 2026] DELETE /v2.0/ports/45025931-daa6-4c23-a314-fa23e84fe508 => generated 0 bytes in 409 msecs (HTTP/1.1 204) 3 headers in 131 bytes (1 switches on core 0)
2026-07-06 03:13:38.350 7 INFO neutron.notifiers.nova [-] Nova event matching ['req-391bfde6-19be-41c8-b96e-d15157ae636f'] response: {'server_uuid': '311d634f-2d11-4515-b3a3-9c929869e6fb', 'name': 'network-vif-unplugged', 'status': 'completed', 'tag': '45025931-daa6-4c23-a314-fa23e84fe508', 'code': 200}
2026-07-06 03:13:38.351 7 INFO neutron.notifiers.nova [-] Nova event matching ['req-391bfde6-19be-41c8-b96e-d15157ae636f'] response: {'server_uuid': '311d634f-2d11-4515-b3a3-9c929869e6fb', 'name': 'network-vif-deleted', 'tag': '45025931-daa6-4c23-a314-fa23e84fe508', 'status': 'completed', 'code': 200} [pid: 8|app: 0|req: 1799/3628] 10.0.0.151 () {34 vars in 990 bytes} [Mon Jul 6 03:13:40 2026] GET /v2.0/ports?device_id=311d634f-2d11-4515-b3a3-9c929869e6fb => generated 12 bytes in 23 msecs (HTTP/1.1 200) 4 headers in 156 bytes (1 switches on core 0) [pid: 7|app: 0|req: 1830/3629] 10.0.0.253 () {32 vars in 750 bytes} [Mon Jul 6 03:13:45 2026] DELETE /v2.0/security-group-rules/eb22562e-8c4b-4a8d-b3cd-a2912f8e06ba => generated 0 bytes in 192 msecs (HTTP/1.1 204) 2 headers in 112 bytes (1 switches on core 0)
2026-07-06 03:13:45.575 8 INFO neutron.api.v2.resource [None req-2e22ecf9-1d98-4bff-b055-93a9a57e8582 8ce73dd5c5d446dbb8aca60c8255ec55 0953bf46c35d4b51bc560ed8261ef13c - - default default] show failed (client error): The resource could not be found. [pid: 8|app: 0|req: 1800/3630] 10.0.0.253 () {32 vars in 747 bytes} [Mon Jul 6 03:13:45 2026] GET /v2.0/security-group-rules/eb22562e-8c4b-4a8d-b3cd-a2912f8e06ba => generated 155 bytes in 16 msecs (HTTP/1.1 404) 4 headers in 164 bytes (1 switches on core 0) [pid: 7|app: 0|req: 1831/3631] 10.0.0.253 () {32 vars in 750 bytes} [Mon Jul 6 03:13:45 2026] DELETE /v2.0/security-group-rules/0719d945-e8cc-43df-b846-2e0a3220ddb3 => generated 0 bytes in 155 msecs (HTTP/1.1 204) 2 headers in 112 bytes (1 switches on core 0)
2026-07-06 03:13:45.756 8 INFO neutron.api.v2.resource [None req-b6984dc3-38c9-478f-8402-62981108369a 8ce73dd5c5d446dbb8aca60c8255ec55 0953bf46c35d4b51bc560ed8261ef13c - - default default] show failed (client error): The resource could not be found. [pid: 8|app: 0|req: 1801/3632] 10.0.0.253 () {32 vars in 747 bytes} [Mon Jul 6 03:13:45 2026] GET /v2.0/security-group-rules/0719d945-e8cc-43df-b846-2e0a3220ddb3 => generated 155 bytes in 15 msecs (HTTP/1.1 404) 4 headers in 164 bytes (1 switches on core 0) [pid: 7|app: 0|req: 1832/3633] 10.0.0.253 () {32 vars in 750 bytes} [Mon Jul 6 03:13:45 2026] DELETE /v2.0/security-group-rules/da9b041e-8255-4ecb-9941-9b068aff739f => generated 0 bytes in 171 msecs (HTTP/1.1 204) 2 headers in 112 bytes (1 switches on core 0)
2026-07-06 03:13:45.953 8 INFO neutron.api.v2.resource [None req-0b4977c6-8a8a-4230-aace-6e7c713aeb56 8ce73dd5c5d446dbb8aca60c8255ec55 0953bf46c35d4b51bc560ed8261ef13c - - default default] show failed (client error): The resource could not be found. [pid: 8|app: 0|req: 1802/3634] 10.0.0.253 () {32 vars in 747 bytes} [Mon Jul 6 03:13:45 2026] GET /v2.0/security-group-rules/da9b041e-8255-4ecb-9941-9b068aff739f => generated 155 bytes in 15 msecs (HTTP/1.1 404) 4 headers in 164 bytes (1 switches on core 0) [pid: 7|app: 0|req: 1833/3635] 10.0.0.253 () {32 vars in 750 bytes} [Mon Jul 6 03:13:45 2026] DELETE /v2.0/security-group-rules/f0e61d57-ec90-4fa9-bc74-cde54c8c1b10 => generated 0 bytes in 135 msecs (HTTP/1.1 204) 2 headers in 112 bytes (1 switches on core 0)
2026-07-06 03:13:46.112 8 INFO neutron.api.v2.resource [None req-2daf4762-b52d-41d8-92c3-44aefb6d84c7 8ce73dd5c5d446dbb8aca60c8255ec55 0953bf46c35d4b51bc560ed8261ef13c - - default default] show failed (client error): The resource could not be found. [pid: 8|app: 0|req: 1803/3636] 10.0.0.253 () {32 vars in 747 bytes} [Mon Jul 6 03:13:46 2026] GET /v2.0/security-group-rules/f0e61d57-ec90-4fa9-bc74-cde54c8c1b10 => generated 155 bytes in 13 msecs (HTTP/1.1 404) 4 headers in 164 bytes (1 switches on core 0) [pid: 7|app: 0|req: 1834/3637] 10.0.0.253 () {32 vars in 750 bytes} [Mon Jul 6 03:13:46 2026] DELETE /v2.0/security-group-rules/843fe538-e11d-42fd-ab92-5a7cfcfeda79 => generated 0 bytes in 145 msecs (HTTP/1.1 204) 2 headers in 112 bytes (1 switches on core 0)
2026-07-06 03:13:46.280 8 INFO neutron.api.v2.resource [None req-e4df2586-4b8e-4452-a933-f7f19a5cae3f 8ce73dd5c5d446dbb8aca60c8255ec55 0953bf46c35d4b51bc560ed8261ef13c - - default default] show failed (client error): The resource could not be found. [pid: 8|app: 0|req: 1804/3638] 10.0.0.253 () {32 vars in 747 bytes} [Mon Jul 6 03:13:46 2026] GET /v2.0/security-group-rules/843fe538-e11d-42fd-ab92-5a7cfcfeda79 => generated 155 bytes in 13 msecs (HTTP/1.1 404) 4 headers in 164 bytes (1 switches on core 0) [pid: 7|app: 0|req: 1835/3639] 10.0.0.253 () {32 vars in 750 bytes} [Mon Jul 6 03:13:46 2026] DELETE /v2.0/security-group-rules/fb5ffb7d-2a78-48ac-a0c8-f021ac451ac0 => generated 0 bytes in 144 msecs (HTTP/1.1 204) 2 headers in 112 bytes (1 switches on core 0)
2026-07-06 03:13:46.450 8 INFO neutron.api.v2.resource [None req-0cf1d13e-d275-486a-a98d-5f198835113d 8ce73dd5c5d446dbb8aca60c8255ec55 0953bf46c35d4b51bc560ed8261ef13c - - default default] show failed (client error): The resource could not be found. [pid: 8|app: 0|req: 1805/3640] 10.0.0.253 () {32 vars in 747 bytes} [Mon Jul 6 03:13:46 2026] GET /v2.0/security-group-rules/fb5ffb7d-2a78-48ac-a0c8-f021ac451ac0 => generated 155 bytes in 16 msecs (HTTP/1.1 404) 4 headers in 164 bytes (1 switches on core 0) [pid: 7|app: 0|req: 1836/3641] 10.0.0.253 () {32 vars in 750 bytes} [Mon Jul 6 03:13:46 2026] DELETE /v2.0/security-group-rules/4a0a9b9e-b167-4a25-b318-afc7231ed842 => generated 0 bytes in 164 msecs (HTTP/1.1 204) 2 headers in 112 bytes (1 switches on core 0)
2026-07-06 03:13:46.635 8 INFO neutron.api.v2.resource [None req-007f62de-7c46-4553-9fb6-b2c51464f627 8ce73dd5c5d446dbb8aca60c8255ec55 0953bf46c35d4b51bc560ed8261ef13c - - default default] show failed (client error): The resource could not be found. [pid: 8|app: 0|req: 1806/3642] 10.0.0.253 () {32 vars in 747 bytes} [Mon Jul 6 03:13:46 2026] GET /v2.0/security-group-rules/4a0a9b9e-b167-4a25-b318-afc7231ed842 => generated 155 bytes in 11 msecs (HTTP/1.1 404) 4 headers in 164 bytes (1 switches on core 0) [pid: 7|app: 0|req: 1837/3643] 10.0.0.253 () {32 vars in 750 bytes} [Mon Jul 6 03:13:46 2026] DELETE /v2.0/security-group-rules/2d5a5292-1dd0-4434-89ee-c5d9cb40df49 => generated 0 bytes in 143 msecs (HTTP/1.1 204) 2 headers in 112 bytes (1 switches on core 0)
2026-07-06 03:13:46.803 8 INFO neutron.api.v2.resource [None req-66bb1f30-63ce-44c9-98dd-d1e431af0534 8ce73dd5c5d446dbb8aca60c8255ec55 0953bf46c35d4b51bc560ed8261ef13c - - default default] show failed (client error): The resource could not be found. [pid: 8|app: 0|req: 1807/3644] 10.0.0.253 () {32 vars in 747 bytes} [Mon Jul 6 03:13:46 2026] GET /v2.0/security-group-rules/2d5a5292-1dd0-4434-89ee-c5d9cb40df49 => generated 155 bytes in 14 msecs (HTTP/1.1 404) 4 headers in 164 bytes (1 switches on core 0) [pid: 7|app: 0|req: 1838/3645] 10.0.0.253 () {32 vars in 750 bytes} [Mon Jul 6 03:13:46 2026] DELETE /v2.0/security-group-rules/7bb2d29d-0cee-4fa2-a194-f0a1f9da7f13 => generated 0 bytes in 102 msecs (HTTP/1.1 204) 2 headers in 112 bytes (1 switches on core 0)
2026-07-06 03:13:46.928 8 INFO neutron.api.v2.resource [None req-259a39a5-7c7a-4cb2-8994-7fd9fe7bdb50 8ce73dd5c5d446dbb8aca60c8255ec55 0953bf46c35d4b51bc560ed8261ef13c - - default default] show failed (client error): The resource could not be found. [pid: 8|app: 0|req: 1808/3646] 10.0.0.253 () {32 vars in 747 bytes} [Mon Jul 6 03:13:46 2026] GET /v2.0/security-group-rules/7bb2d29d-0cee-4fa2-a194-f0a1f9da7f13 => generated 155 bytes in 12 msecs (HTTP/1.1 404) 4 headers in 164 bytes (1 switches on core 0) [pid: 7|app: 0|req: 1839/3647] 10.0.0.253 () {32 vars in 750 bytes} [Mon Jul 6 03:13:46 2026] DELETE /v2.0/security-group-rules/6ea9d3f6-4b27-4bc9-8661-deb00b4cb34e => generated 0 bytes in 114 msecs (HTTP/1.1 204) 2 headers in 112 bytes (1 switches on core 0)
2026-07-06 03:13:47.066 8 INFO neutron.api.v2.resource [None req-32625b51-6d2b-4e41-91a5-b3fbb93a223e 8ce73dd5c5d446dbb8aca60c8255ec55 0953bf46c35d4b51bc560ed8261ef13c - - default default] show failed (client error): The resource could not be found. [pid: 8|app: 0|req: 1809/3648] 10.0.0.253 () {32 vars in 747 bytes} [Mon Jul 6 03:13:47 2026] GET /v2.0/security-group-rules/6ea9d3f6-4b27-4bc9-8661-deb00b4cb34e => generated 155 bytes in 15 msecs (HTTP/1.1 404) 4 headers in 164 bytes (1 switches on core 0) [pid: 7|app: 0|req: 1840/3649] 10.0.0.253 () {32 vars in 750 bytes} [Mon Jul 6 03:13:47 2026] DELETE /v2.0/security-group-rules/cb6bf799-d854-432e-a3e8-abe6349dee5b => generated 0 bytes in 108 msecs (HTTP/1.1 204) 2 headers in 112 bytes (1 switches on core 0)
2026-07-06 03:13:47.195 8 INFO neutron.api.v2.resource [None req-c52f50bb-59f2-4716-aa08-6f32a59d5c0c 8ce73dd5c5d446dbb8aca60c8255ec55 0953bf46c35d4b51bc560ed8261ef13c - - default default] show failed (client error): The resource could not be found. [pid: 8|app: 0|req: 1810/3650] 10.0.0.253 () {32 vars in 747 bytes} [Mon Jul 6 03:13:47 2026] GET /v2.0/security-group-rules/cb6bf799-d854-432e-a3e8-abe6349dee5b => generated 155 bytes in 12 msecs (HTTP/1.1 404) 4 headers in 164 bytes (1 switches on core 0) [pid: 7|app: 0|req: 1841/3651] 10.0.0.253 () {32 vars in 740 bytes} [Mon Jul 6 03:13:47 2026] DELETE /v2.0/security-groups/4911f785-321b-4d26-a9e2-86b3df9ed85f => generated 0 bytes in 117 msecs (HTTP/1.1 204) 2 headers in 112 bytes (1 switches on core 0)
2026-07-06 03:13:47.334 8 INFO neutron.api.v2.resource [None req-69deb071-eee5-4513-9abd-52a9f5db07e6 8ce73dd5c5d446dbb8aca60c8255ec55 0953bf46c35d4b51bc560ed8261ef13c - - default default] show failed (client error): The resource could not be found. [pid: 8|app: 0|req: 1811/3652] 10.0.0.253 () {32 vars in 737 bytes} [Mon Jul 6 03:13:47 2026] GET /v2.0/security-groups/4911f785-321b-4d26-a9e2-86b3df9ed85f => generated 146 bytes in 13 msecs (HTTP/1.1 404) 4 headers in 164 bytes (1 switches on core 0)
2026-07-06 03:13:48.256 7 INFO neutron_taas.services.taas.taas_plugin [None req-8b1ddfef-a79f-4add-94fe-f55c9327ede5 8ce73dd5c5d446dbb8aca60c8255ec55 0953bf46c35d4b51bc560ed8261ef13c - - default default] TaaS: Handle Delete Port: 26fea91d-be21-4082-8b16-018e1c3e43d0
2026-07-06 03:13:48.260 7 INFO neutron_taas.services.taas.tap_mirror_plugin [None req-8b1ddfef-a79f-4add-94fe-f55c9327ede5 8ce73dd5c5d446dbb8aca60c8255ec55 0953bf46c35d4b51bc560ed8261ef13c - - default default] Tap Mirror: Handle Delete Port: 26fea91d-be21-4082-8b16-018e1c3e43d0 [pid: 7|app: 0|req: 1842/3653] 10.0.0.253 () {34 vars in 789 bytes} [Mon Jul 6 03:13:47 2026] PUT /v2.0/routers/bc2a4cb6-7335-4d8d-9151-c0f7f4461164/remove_router_interface => generated 309 bytes in 1471 msecs (HTTP/1.1 200) 4 headers in 157 bytes (1 switches on core 0)
2026-07-06 03:13:48.940 8 INFO neutron.api.v2.resource [None req-bf5cd554-71a6-4dfe-bafd-256dfd9f8b7f 8ce73dd5c5d446dbb8aca60c8255ec55 0953bf46c35d4b51bc560ed8261ef13c - - default default] remove_router_interface failed (client error): The resource could not be found. [pid: 8|app: 0|req: 1812/3654] 10.0.0.253 () {34 vars in 789 bytes} [Mon Jul 6 03:13:48 2026] PUT /v2.0/routers/bc2a4cb6-7335-4d8d-9151-c0f7f4461164/remove_router_interface => generated 198 bytes in 88 msecs (HTTP/1.1 404) 4 headers in 164 bytes (1 switches on core 0) /var/lib/openstack/lib/python3.12/site-packages/pycadf/identifier.py:70: UserWarning: Invalid uuid: neutron. To ensure interoperability, identifiers should be a valid uuid. warnings.warn(('Invalid uuid: %s. To ensure interoperability, '
2026-07-06 03:13:49.258 7 INFO neutron_taas.services.taas.taas_plugin [None req-29832190-01fd-4d9e-8f1d-418c0d1dfdb1 8ce73dd5c5d446dbb8aca60c8255ec55 0953bf46c35d4b51bc560ed8261ef13c - - default default] TaaS: Handle Delete Port: e87c6096-faab-4114-935e-0623a23b1035
2026-07-06 03:13:49.262 7 INFO neutron_taas.services.taas.tap_mirror_plugin [None req-29832190-01fd-4d9e-8f1d-418c0d1dfdb1 8ce73dd5c5d446dbb8aca60c8255ec55 0953bf46c35d4b51bc560ed8261ef13c - - default default] Tap Mirror: Handle Delete Port: e87c6096-faab-4114-935e-0623a23b1035 [pid: 7|app: 0|req: 1843/3655] 10.0.0.253 () {34 vars in 789 bytes} [Mon Jul 6 03:13:48 2026] PUT /v2.0/routers/bc2a4cb6-7335-4d8d-9151-c0f7f4461164/remove_router_interface => generated 309 bytes in 854 msecs (HTTP/1.1 200) 4 headers in 157 bytes (1 switches on core 0)
2026-07-06 03:13:49.915 8 INFO neutron.api.v2.resource [None req-9334532f-f5a9-4d21-8b9b-f3291ca377d5 8ce73dd5c5d446dbb8aca60c8255ec55 0953bf46c35d4b51bc560ed8261ef13c - - default default] remove_router_interface failed (client error): The resource could not be found. [pid: 8|app: 0|req: 1813/3656] 10.0.0.253 () {34 vars in 789 bytes} [Mon Jul 6 03:13:49 2026] PUT /v2.0/routers/bc2a4cb6-7335-4d8d-9151-c0f7f4461164/remove_router_interface => generated 198 bytes in 110 msecs (HTTP/1.1 404) 4 headers in 164 bytes (1 switches on core 0) /var/lib/openstack/lib/python3.12/site-packages/pycadf/identifier.py:70: UserWarning: Invalid uuid: neutron. To ensure interoperability, identifiers should be a valid uuid. warnings.warn(('Invalid uuid: %s. To ensure interoperability, '
2026-07-06 03:13:50.201 7 INFO neutron_taas.services.taas.taas_plugin [None req-55ac4792-26aa-4beb-95ed-5537ac70099b 8ce73dd5c5d446dbb8aca60c8255ec55 0953bf46c35d4b51bc560ed8261ef13c - - default default] TaaS: Handle Delete Port: 14e7cffa-3997-4111-bcb2-412d539e516d
2026-07-06 03:13:50.204 7 INFO neutron_taas.services.taas.tap_mirror_plugin [None req-55ac4792-26aa-4beb-95ed-5537ac70099b 8ce73dd5c5d446dbb8aca60c8255ec55 0953bf46c35d4b51bc560ed8261ef13c - - default default] Tap Mirror: Handle Delete Port: 14e7cffa-3997-4111-bcb2-412d539e516d [pid: 7|app: 0|req: 1844/3657] 10.0.0.253 () {34 vars in 789 bytes} [Mon Jul 6 03:13:49 2026] PUT /v2.0/routers/bc2a4cb6-7335-4d8d-9151-c0f7f4461164/remove_router_interface => generated 309 bytes in 797 msecs (HTTP/1.1 200) 4 headers in 157 bytes (1 switches on core 0)
2026-07-06 03:13:50.854 8 INFO neutron.api.v2.resource [None req-f35da17e-c1d5-49f1-8ced-e327cf35d3fc 8ce73dd5c5d446dbb8aca60c8255ec55 0953bf46c35d4b51bc560ed8261ef13c - - default default] remove_router_interface failed (client error): The resource could not be found. [pid: 8|app: 0|req: 1814/3658] 10.0.0.253 () {34 vars in 789 bytes} [Mon Jul 6 03:13:50 2026] PUT /v2.0/routers/bc2a4cb6-7335-4d8d-9151-c0f7f4461164/remove_router_interface => generated 198 bytes in 116 msecs (HTTP/1.1 404) 4 headers in 164 bytes (1 switches on core 0) /var/lib/openstack/lib/python3.12/site-packages/pycadf/identifier.py:70: UserWarning: Invalid uuid: neutron. To ensure interoperability, identifiers should be a valid uuid. warnings.warn(('Invalid uuid: %s. To ensure interoperability, '
2026-07-06 03:13:51.169 7 INFO neutron_taas.services.taas.taas_plugin [None req-673a5270-a847-4dff-8b0b-a4040964ce4c 8ce73dd5c5d446dbb8aca60c8255ec55 0953bf46c35d4b51bc560ed8261ef13c - - default default] TaaS: Handle Delete Port: 72d9d249-2aad-4e8f-b92c-1b9aedbcdf06
2026-07-06 03:13:51.173 7 INFO neutron_taas.services.taas.tap_mirror_plugin [None req-673a5270-a847-4dff-8b0b-a4040964ce4c 8ce73dd5c5d446dbb8aca60c8255ec55 0953bf46c35d4b51bc560ed8261ef13c - - default default] Tap Mirror: Handle Delete Port: 72d9d249-2aad-4e8f-b92c-1b9aedbcdf06 [pid: 7|app: 0|req: 1845/3661] 10.0.0.253 () {32 vars in 724 bytes} [Mon Jul 6 03:13:50 2026] DELETE /v2.0/routers/bc2a4cb6-7335-4d8d-9151-c0f7f4461164 => generated 0 bytes in 708 msecs (HTTP/1.1 204) 2 headers in 112 bytes (1 switches on core 0)
2026-07-06 03:13:51.594 8 INFO neutron.api.v2.resource [None req-05aa9814-7281-40a9-ad26-3f532d9f9eda 8ce73dd5c5d446dbb8aca60c8255ec55 0953bf46c35d4b51bc560ed8261ef13c - - default default] show failed (client error): The resource could not be found. [pid: 8|app: 0|req: 1817/3662] 10.0.0.253 () {32 vars in 721 bytes} [Mon Jul 6 03:13:51 2026] GET /v2.0/routers/bc2a4cb6-7335-4d8d-9151-c0f7f4461164 => generated 135 bytes in 22 msecs (HTTP/1.1 404) 4 headers in 164 bytes (1 switches on core 0) [pid: 7|app: 0|req: 1846/3663] 10.0.0.253 () {32 vars in 724 bytes} [Mon Jul 6 03:13:51 2026] DELETE /v2.0/subnets/d6b4b458-8613-4cd7-ac40-c7588a0a1537 => generated 0 bytes in 150 msecs (HTTP/1.1 204) 3 headers in 131 bytes (1 switches on core 0)
2026-07-06 03:13:51.767 8 INFO neutron.pecan_wsgi.hooks.translation [None req-f4c212b4-3e45-4468-8a60-a84fea8386b0 8ce73dd5c5d446dbb8aca60c8255ec55 0953bf46c35d4b51bc560ed8261ef13c - - default default] GET failed (client error): The resource could not be found. [pid: 8|app: 0|req: 1818/3664] 10.0.0.253 () {32 vars in 721 bytes} [Mon Jul 6 03:13:51 2026] GET /v2.0/subnets/d6b4b458-8613-4cd7-ac40-c7588a0a1537 => generated 136 bytes in 14 msecs (HTTP/1.1 404) 4 headers in 164 bytes (1 switches on core 0) [pid: 7|app: 0|req: 1847/3665] 10.0.0.253 () {32 vars in 724 bytes} [Mon Jul 6 03:13:51 2026] DELETE /v2.0/subnets/97f91278-dfdb-43a1-b017-585cde32c41f => generated 0 bytes in 133 msecs (HTTP/1.1 204) 3 headers in 131 bytes (1 switches on core 0)
2026-07-06 03:13:51.927 8 INFO neutron.pecan_wsgi.hooks.translation [None req-2eaa170f-f35d-4293-9cb4-1a336db8be36 8ce73dd5c5d446dbb8aca60c8255ec55 0953bf46c35d4b51bc560ed8261ef13c - - default default] GET failed (client error): The resource could not be found. [pid: 8|app: 0|req: 1819/3666] 10.0.0.253 () {32 vars in 721 bytes} [Mon Jul 6 03:13:51 2026] GET /v2.0/subnets/97f91278-dfdb-43a1-b017-585cde32c41f => generated 136 bytes in 17 msecs (HTTP/1.1 404) 4 headers in 164 bytes (1 switches on core 0)
2026-07-06 03:13:52.050 7 INFO neutron_taas.services.taas.taas_plugin [None req-70fec243-84e5-42db-a451-1c7c0f13672d 8ce73dd5c5d446dbb8aca60c8255ec55 0953bf46c35d4b51bc560ed8261ef13c - - default default] TaaS: Handle Delete Port: af918957-1cfa-42ee-af95-2c6c7cad0115
2026-07-06 03:13:52.053 7 INFO neutron_taas.services.taas.tap_mirror_plugin [None req-70fec243-84e5-42db-a451-1c7c0f13672d 8ce73dd5c5d446dbb8aca60c8255ec55 0953bf46c35d4b51bc560ed8261ef13c - - default default] Tap Mirror: Handle Delete Port: af918957-1cfa-42ee-af95-2c6c7cad0115
2026-07-06 03:13:52.227 7 INFO neutron.services.segments.plugin [-] Segment f102a779-bcad-4dbf-8955-f4bf73ef7113 resource provider aggregate not found
2026-07-06 03:13:52.232 7 INFO neutron.services.segments.plugin [-] Segment f102a779-bcad-4dbf-8955-f4bf73ef7113 resource provider aggregate not found
2026-07-06 03:13:52.247 7 INFO neutron.services.segments.plugin [-] Segment f102a779-bcad-4dbf-8955-f4bf73ef7113 resource provider not found; error: Placement Client Error (4xx): {"errors": [{"status": 404, "title": "Not Found", "detail": "The resource could not be found.\n\n No resource provider with uuid f102a779-bcad-4dbf-8955-f4bf73ef7113 found for delete ", "request_id": "req-f3dad39a-544b-4fbb-864d-2edcc1bf9005"}]}
2026-07-06 03:13:52.259 7 INFO neutron.services.segments.plugin [-] Segment f102a779-bcad-4dbf-8955-f4bf73ef7113 resource provider not found; error: Placement Client Error (4xx): {"errors": [{"status": 404, "title": "Not Found", "detail": "The resource could not be found.\n\n No resource provider with uuid f102a779-bcad-4dbf-8955-f4bf73ef7113 found for delete ", "request_id": "req-735cb916-12bd-4889-bda9-1592c5bb864d"}]} [pid: 7|app: 0|req: 1848/3667] 10.0.0.253 () {32 vars in 726 bytes} [Mon Jul 6 03:13:51 2026] DELETE /v2.0/networks/30dcb3ed-d0bf-4c5f-9631-07b4d5a02a3e => generated 0 bytes in 346 msecs (HTTP/1.1 204) 3 headers in 131 bytes (1 switches on core 0)
2026-07-06 03:13:52.298 8 INFO neutron.pecan_wsgi.hooks.translation [None req-7ca6ac51-4420-4590-be8b-e2e5b52ee51b 8ce73dd5c5d446dbb8aca60c8255ec55 0953bf46c35d4b51bc560ed8261ef13c - - default default] GET failed (client error): The resource could not be found. [pid: 8|app: 0|req: 1820/3668] 10.0.0.253 () {32 vars in 723 bytes} [Mon Jul 6 03:13:52 2026] GET /v2.0/networks/30dcb3ed-d0bf-4c5f-9631-07b4d5a02a3e => generated 138 bytes in 16 msecs (HTTP/1.1 404) 4 headers in 164 bytes (1 switches on core 0) [pid: 7|app: 0|req: 1849/3669] 10.0.0.253 () {32 vars in 724 bytes} [Mon Jul 6 03:13:52 2026] DELETE /v2.0/subnets/a117f1b0-694a-495c-b910-20bb5183467a => generated 0 bytes in 141 msecs (HTTP/1.1 204) 3 headers in 131 bytes (1 switches on core 0)
2026-07-06 03:13:52.475 8 INFO neutron.pecan_wsgi.hooks.translation [None req-ab18a912-d3b9-4754-aaeb-ebe414b9139b 8ce73dd5c5d446dbb8aca60c8255ec55 0953bf46c35d4b51bc560ed8261ef13c - - default default] GET failed (client error): The resource could not be found. [pid: 8|app: 0|req: 1821/3670] 10.0.0.253 () {32 vars in 721 bytes} [Mon Jul 6 03:13:52 2026] GET /v2.0/subnets/a117f1b0-694a-495c-b910-20bb5183467a => generated 136 bytes in 24 msecs (HTTP/1.1 404) 4 headers in 164 bytes (1 switches on core 0) [pid: 7|app: 0|req: 1850/3671] 10.0.0.253 () {32 vars in 724 bytes} [Mon Jul 6 03:13:52 2026] DELETE /v2.0/subnets/de0c00f8-6e29-4201-902e-e0da92f8b506 => generated 0 bytes in 209 msecs (HTTP/1.1 204) 3 headers in 131 bytes (1 switches on core 0)
2026-07-06 03:13:52.713 8 INFO neutron.pecan_wsgi.hooks.translation [None req-c3c4f32a-636c-4875-a046-884f0475ac8f 8ce73dd5c5d446dbb8aca60c8255ec55 0953bf46c35d4b51bc560ed8261ef13c - - default default] GET failed (client error): The resource could not be found. [pid: 8|app: 0|req: 1822/3672] 10.0.0.253 () {32 vars in 721 bytes} [Mon Jul 6 03:13:52 2026] GET /v2.0/subnets/de0c00f8-6e29-4201-902e-e0da92f8b506 => generated 136 bytes in 21 msecs (HTTP/1.1 404) 4 headers in 164 bytes (1 switches on core 0)
2026-07-06 03:13:52.822 7 INFO neutron_taas.services.taas.taas_plugin [None req-9348ebc8-d945-4aa4-8ae1-864b1e150ecf 8ce73dd5c5d446dbb8aca60c8255ec55 0953bf46c35d4b51bc560ed8261ef13c - - default default] TaaS: Handle Delete Port: ddebc485-3257-478f-a49a-1ab0748b1400
2026-07-06 03:13:52.824 7 INFO neutron_taas.services.taas.tap_mirror_plugin [None req-9348ebc8-d945-4aa4-8ae1-864b1e150ecf 8ce73dd5c5d446dbb8aca60c8255ec55 0953bf46c35d4b51bc560ed8261ef13c - - default default] Tap Mirror: Handle Delete Port: ddebc485-3257-478f-a49a-1ab0748b1400 [pid: 7|app: 0|req: 1851/3673] 10.0.0.253 () {32 vars in 726 bytes} [Mon Jul 6 03:13:52 2026] DELETE /v2.0/networks/3bbb8c79-1518-4ed0-8657-b8c181a31e9a => generated 0 bytes in 284 msecs (HTTP/1.1 204) 3 headers in 131 bytes (1 switches on core 0)
2026-07-06 03:13:53.026 8 INFO neutron.pecan_wsgi.hooks.translation [None req-028abb35-8657-4565-870a-a5c268782205 8ce73dd5c5d446dbb8aca60c8255ec55 0953bf46c35d4b51bc560ed8261ef13c - - default default] GET failed (client error): The resource could not be found. [pid: 8|app: 0|req: 1823/3674] 10.0.0.253 () {32 vars in 723 bytes} [Mon Jul 6 03:13:53 2026] GET /v2.0/networks/3bbb8c79-1518-4ed0-8657-b8c181a31e9a => generated 138 bytes in 18 msecs (HTTP/1.1 404) 4 headers in 164 bytes (1 switches on core 0) [pid: 7|app: 0|req: 1852/3675] 10.0.0.253 () {32 vars in 724 bytes} [Mon Jul 6 03:13:53 2026] DELETE /v2.0/subnets/565431c5-4800-4efb-a653-2042bc9822eb => generated 0 bytes in 137 msecs (HTTP/1.1 204) 3 headers in 131 bytes (1 switches on core 0)
2026-07-06 03:13:53.191 8 INFO neutron.pecan_wsgi.hooks.translation [None req-1bf1ea72-fc7e-481c-92d7-c8a1889fb04a 8ce73dd5c5d446dbb8aca60c8255ec55 0953bf46c35d4b51bc560ed8261ef13c - - default default] GET failed (client error): The resource could not be found. [pid: 8|app: 0|req: 1824/3676] 10.0.0.253 () {32 vars in 721 bytes} [Mon Jul 6 03:13:53 2026] GET /v2.0/subnets/565431c5-4800-4efb-a653-2042bc9822eb => generated 136 bytes in 16 msecs (HTTP/1.1 404) 4 headers in 164 bytes (1 switches on core 0) [pid: 7|app: 0|req: 1853/3677] 10.0.0.253 () {32 vars in 724 bytes} [Mon Jul 6 03:13:53 2026] DELETE /v2.0/subnets/4993e45c-73c0-47bf-b8c1-19b46a3536a6 => generated 0 bytes in 168 msecs (HTTP/1.1 204) 3 headers in 131 bytes (1 switches on core 0)
2026-07-06 03:13:53.390 8 INFO neutron.pecan_wsgi.hooks.translation [None req-3d1d1c14-7dba-45ae-a0f9-993ea2bde816 8ce73dd5c5d446dbb8aca60c8255ec55 0953bf46c35d4b51bc560ed8261ef13c - - default default] GET failed (client error): The resource could not be found. [pid: 8|app: 0|req: 1825/3678] 10.0.0.253 () {32 vars in 721 bytes} [Mon Jul 6 03:13:53 2026] GET /v2.0/subnets/4993e45c-73c0-47bf-b8c1-19b46a3536a6 => generated 136 bytes in 24 msecs (HTTP/1.1 404) 4 headers in 164 bytes (1 switches on core 0)
2026-07-06 03:13:53.543 7 INFO neutron_taas.services.taas.taas_plugin [None req-ccc2c3a2-4765-42bb-9585-32289439be2b 8ce73dd5c5d446dbb8aca60c8255ec55 0953bf46c35d4b51bc560ed8261ef13c - - default default] TaaS: Handle Delete Port: dd278329-ff2f-4d6b-8514-a7fa55b424ab
2026-07-06 03:13:53.546 7 INFO neutron_taas.services.taas.tap_mirror_plugin [None req-ccc2c3a2-4765-42bb-9585-32289439be2b 8ce73dd5c5d446dbb8aca60c8255ec55 0953bf46c35d4b51bc560ed8261ef13c - - default default] Tap Mirror: Handle Delete Port: dd278329-ff2f-4d6b-8514-a7fa55b424ab [pid: 7|app: 0|req: 1854/3679] 10.0.0.253 () {32 vars in 726 bytes} [Mon Jul 6 03:13:53 2026] DELETE /v2.0/networks/99003c18-b482-4c7f-ac6c-069af471ad7b => generated 0 bytes in 378 msecs (HTTP/1.1 204) 3 headers in 131 bytes (1 switches on core 0)
2026-07-06 03:13:53.798 8 INFO neutron.pecan_wsgi.hooks.translation [None req-0ff643b2-9895-4ad4-9d0e-570ff3972f9e 8ce73dd5c5d446dbb8aca60c8255ec55 0953bf46c35d4b51bc560ed8261ef13c - - default default] GET failed (client error): The resource could not be found. [pid: 8|app: 0|req: 1826/3680] 10.0.0.253 () {32 vars in 723 bytes} [Mon Jul 6 03:13:53 2026] GET /v2.0/networks/99003c18-b482-4c7f-ac6c-069af471ad7b => generated 138 bytes in 17 msecs (HTTP/1.1 404) 4 headers in 164 bytes (1 switches on core 0)
2026-07-06 03:13:54.265 7 INFO neutron.services.segments.plugin [-] Segment 66291019-2e43-4578-9085-fc7a3191862b resource provider aggregate not found
2026-07-06 03:13:54.279 7 INFO neutron.services.segments.plugin [-] Segment 66291019-2e43-4578-9085-fc7a3191862b resource provider aggregate not found
2026-07-06 03:13:54.283 7 INFO neutron.services.segments.plugin [-] Segment 66291019-2e43-4578-9085-fc7a3191862b resource provider not found; error: Placement Client Error (4xx): {"errors": [{"status": 404, "title": "Not Found", "detail": "The resource could not be found.\n\n No resource provider with uuid 66291019-2e43-4578-9085-fc7a3191862b found for delete ", "request_id": "req-70856538-29f2-456d-81dc-972d81119a03"}]}
2026-07-06 03:13:54.300 7 INFO neutron.services.segments.plugin [-] Segment 66291019-2e43-4578-9085-fc7a3191862b resource provider not found; error: Placement Client Error (4xx): {"errors": [{"status": 404, "title": "Not Found", "detail": "The resource could not be found.\n\n No resource provider with uuid 66291019-2e43-4578-9085-fc7a3191862b found for delete ", "request_id": "req-2e43c8af-9145-476f-a2f5-c62861bf681c"}]}
2026-07-06 03:13:54.305 7 INFO neutron.services.segments.plugin [-] Segment 25dfed7c-e3af-48da-b8b9-4c761e19d9d8 resource provider aggregate not found
2026-07-06 03:13:54.322 7 INFO neutron.services.segments.plugin [-] Segment 25dfed7c-e3af-48da-b8b9-4c761e19d9d8 resource provider aggregate not found
2026-07-06 03:13:54.325 7 INFO neutron.services.segments.plugin [-] Segment 25dfed7c-e3af-48da-b8b9-4c761e19d9d8 resource provider not found; error: Placement Client Error (4xx): {"errors": [{"status": 404, "title": "Not Found", "detail": "The resource could not be found.\n\n No resource provider with uuid 25dfed7c-e3af-48da-b8b9-4c761e19d9d8 found for delete ", "request_id": "req-d1f9b849-405b-4d4e-88c0-7623b878906b"}]}
2026-07-06 03:13:54.335 7 INFO neutron.services.segments.plugin [-] Segment 25dfed7c-e3af-48da-b8b9-4c761e19d9d8 resource provider not found; error: Placement Client Error (4xx): {"errors": [{"status": 404, "title": "Not Found", "detail": "The resource could not be found.\n\n No resource provider with uuid 25dfed7c-e3af-48da-b8b9-4c761e19d9d8 found for delete ", "request_id": "req-2afef0c9-8e73-4ae2-afe6-a5dbbca1683c"}]}
2026-07-06 03:13:55.987 7 INFO neutron.db.ovn_revision_numbers_db [None req-a996efbd-345b-4d90-b284-3eeb72066b79 73d8b59b834f40119e7c1cfc339009bb 0b38a5bfd4594c0ba1d2a2d453bdc553 - - default default] Successfully bumped revision number for resource 0b72aeef-131b-4b5c-9518-9b4521b6c483 (type: security_groups) to 1
2026-07-06 03:13:55.998 7 INFO neutron.db.ovn_revision_numbers_db [None req-a996efbd-345b-4d90-b284-3eeb72066b79 73d8b59b834f40119e7c1cfc339009bb 0b38a5bfd4594c0ba1d2a2d453bdc553 - - default default] Successfully bumped revision number for resource 03d0b4e3-239f-4057-b173-c83555925126 (type: security_group_rules) to 0
2026-07-06 03:13:56.011 7 INFO neutron.db.ovn_revision_numbers_db [None req-a996efbd-345b-4d90-b284-3eeb72066b79 73d8b59b834f40119e7c1cfc339009bb 0b38a5bfd4594c0ba1d2a2d453bdc553 - - default default] Successfully bumped revision number for resource 594029b8-6684-4296-afb5-fb648bb62219 (type: security_group_rules) to 0
2026-07-06 03:13:56.022 7 INFO neutron.db.ovn_revision_numbers_db [None req-a996efbd-345b-4d90-b284-3eeb72066b79 73d8b59b834f40119e7c1cfc339009bb 0b38a5bfd4594c0ba1d2a2d453bdc553 - - default default] Successfully bumped revision number for resource 98f550fb-79c8-4e1e-bdd2-657899502a1e (type: security_group_rules) to 0
2026-07-06 03:13:56.033 7 INFO neutron.db.ovn_revision_numbers_db [None req-a996efbd-345b-4d90-b284-3eeb72066b79 73d8b59b834f40119e7c1cfc339009bb 0b38a5bfd4594c0ba1d2a2d453bdc553 - - default default] Successfully bumped revision number for resource 9967ffde-3219-4db4-a657-f72de65a2ca8 (type: security_group_rules) to 0 [pid: 7|app: 0|req: 1855/3681] 10.0.0.253 () {32 vars in 774 bytes} [Mon Jul 6 03:13:55 2026] GET /v2.0/security-groups?tenant_id=403d9e70fdc0458faf8786d079222912&name=default => generated 2929 bytes in 364 msecs (HTTP/1.1 200) 4 headers in 158 bytes (1 switches on core 0) [pid: 8|app: 0|req: 1827/3682] 10.0.0.253 () {32 vars in 740 bytes} [Mon Jul 6 03:13:56 2026] DELETE /v2.0/security-groups/0b72aeef-131b-4b5c-9518-9b4521b6c483 => generated 0 bytes in 228 msecs (HTTP/1.1 204) 2 headers in 112 bytes (1 switches on core 0)
2026-07-06 03:13:56.498 7 INFO neutron.db.ovn_revision_numbers_db [None req-9d3301d2-ea5f-4c1e-9798-eb2dff329b72 73d8b59b834f40119e7c1cfc339009bb 0b38a5bfd4594c0ba1d2a2d453bdc553 - - default default] Successfully bumped revision number for resource 61cd2c70-13e2-4bcb-abf9-1a8864f13b50 (type: security_groups) to 1
2026-07-06 03:13:56.511 7 INFO neutron.db.ovn_revision_numbers_db [None req-9d3301d2-ea5f-4c1e-9798-eb2dff329b72 73d8b59b834f40119e7c1cfc339009bb 0b38a5bfd4594c0ba1d2a2d453bdc553 - - default default] Successfully bumped revision number for resource 17a62268-3522-4119-9a5c-5020b326742a (type: security_group_rules) to 0
2026-07-06 03:13:56.526 7 INFO neutron.db.ovn_revision_numbers_db [None req-9d3301d2-ea5f-4c1e-9798-eb2dff329b72 73d8b59b834f40119e7c1cfc339009bb 0b38a5bfd4594c0ba1d2a2d453bdc553 - - default default] Successfully bumped revision number for resource 446d7153-de1e-4515-a3a7-c6e4138fab6d (type: security_group_rules) to 0
2026-07-06 03:13:56.541 7 INFO neutron.db.ovn_revision_numbers_db [None req-9d3301d2-ea5f-4c1e-9798-eb2dff329b72 73d8b59b834f40119e7c1cfc339009bb 0b38a5bfd4594c0ba1d2a2d453bdc553 - - default default] Successfully bumped revision number for resource 712b0ac7-4e32-4977-b0cb-ea4e5c042207 (type: security_group_rules) to 0
2026-07-06 03:13:56.559 7 INFO neutron.db.ovn_revision_numbers_db [None req-9d3301d2-ea5f-4c1e-9798-eb2dff329b72 73d8b59b834f40119e7c1cfc339009bb 0b38a5bfd4594c0ba1d2a2d453bdc553 - - default default] Successfully bumped revision number for resource eb10ada9-211a-4e96-9b41-b8f5a98b5ffe (type: security_group_rules) to 0 [pid: 7|app: 0|req: 1856/3683] 10.0.0.253 () {32 vars in 774 bytes} [Mon Jul 6 03:13:56 2026] GET /v2.0/security-groups?tenant_id=85caf3af2ff145c59e9b9e05fd9e9470&name=default => generated 2929 bytes in 234 msecs (HTTP/1.1 200) 4 headers in 158 bytes (1 switches on core 0) [pid: 8|app: 0|req: 1828/3684] 10.0.0.253 () {32 vars in 740 bytes} [Mon Jul 6 03:13:56 2026] DELETE /v2.0/security-groups/61cd2c70-13e2-4bcb-abf9-1a8864f13b50 => generated 0 bytes in 273 msecs (HTTP/1.1 204) 2 headers in 112 bytes (1 switches on core 0)
2026-07-06 03:13:57.144 7 INFO neutron.db.ovn_revision_numbers_db [None req-40c773a3-e5c8-4056-8962-ec3e687a6822 73d8b59b834f40119e7c1cfc339009bb 0b38a5bfd4594c0ba1d2a2d453bdc553 - - default default] Successfully bumped revision number for resource dfe9749c-6088-4b34-9e3b-69d885d3e760 (type: security_groups) to 1
2026-07-06 03:13:57.155 7 INFO neutron.db.ovn_revision_numbers_db [None req-40c773a3-e5c8-4056-8962-ec3e687a6822 73d8b59b834f40119e7c1cfc339009bb 0b38a5bfd4594c0ba1d2a2d453bdc553 - - default default] Successfully bumped revision number for resource 4f7f6e26-6f21-4706-b6f3-867ef22df8bc (type: security_group_rules) to 0
2026-07-06 03:13:57.165 7 INFO neutron.db.ovn_revision_numbers_db [None req-40c773a3-e5c8-4056-8962-ec3e687a6822 73d8b59b834f40119e7c1cfc339009bb 0b38a5bfd4594c0ba1d2a2d453bdc553 - - default default] Successfully bumped revision number for resource 595f9acb-ea27-4cd3-a21c-3ee03e1af57e (type: security_group_rules) to 0
2026-07-06 03:13:57.175 7 INFO neutron.db.ovn_revision_numbers_db [None req-40c773a3-e5c8-4056-8962-ec3e687a6822 73d8b59b834f40119e7c1cfc339009bb 0b38a5bfd4594c0ba1d2a2d453bdc553 - - default default] Successfully bumped revision number for resource 9646b0c3-3bdb-4ed3-81e2-0eb3d5245d4f (type: security_group_rules) to 0
2026-07-06 03:13:57.188 7 INFO neutron.db.ovn_revision_numbers_db [None req-40c773a3-e5c8-4056-8962-ec3e687a6822 73d8b59b834f40119e7c1cfc339009bb 0b38a5bfd4594c0ba1d2a2d453bdc553 - - default default] Successfully bumped revision number for resource ce01f46c-4238-45a3-95a4-58f5ade3f004 (type: security_group_rules) to 0 [pid: 7|app: 0|req: 1857/3685] 10.0.0.253 () {32 vars in 774 bytes} [Mon Jul 6 03:13:57 2026] GET /v2.0/security-groups?tenant_id=43109c4731b84a84ad6e69325af1650b&name=default => generated 2929 bytes in 216 msecs (HTTP/1.1 200) 4 headers in 158 bytes (1 switches on core 0) [pid: 8|app: 0|req: 1829/3686] 10.0.0.253 () {32 vars in 740 bytes} [Mon Jul 6 03:13:57 2026] DELETE /v2.0/security-groups/dfe9749c-6088-4b34-9e3b-69d885d3e760 => generated 0 bytes in 227 msecs (HTTP/1.1 204) 2 headers in 112 bytes (1 switches on core 0) [pid: 7|app: 0|req: 1858/3687] 10.0.0.253 () {32 vars in 774 bytes} [Mon Jul 6 03:13:57 2026] GET /v2.0/security-groups?tenant_id=0953bf46c35d4b51bc560ed8261ef13c&name=default => generated 2929 bytes in 35 msecs (HTTP/1.1 200) 4 headers in 158 bytes (1 switches on core 0) [pid: 8|app: 0|req: 1830/3688] 10.0.0.253 () {32 vars in 740 bytes} [Mon Jul 6 03:13:57 2026] DELETE /v2.0/security-groups/4083f09e-c8bf-4e62-8785-76206cc2a503 => generated 0 bytes in 206 msecs (HTTP/1.1 204) 2 headers in 112 bytes (1 switches on core 0)
2026-07-06 03:13:58.102 7 INFO neutron.db.ovn_revision_numbers_db [None req-c4f24027-a435-4e49-aecb-631001d24ca3 73d8b59b834f40119e7c1cfc339009bb 0b38a5bfd4594c0ba1d2a2d453bdc553 - - default default] Successfully bumped revision number for resource bcb9b65a-09e8-4d3b-ad8e-40ebb8c0d7ad (type: security_groups) to 1
2026-07-06 03:13:58.115 7 INFO neutron.db.ovn_revision_numbers_db [None req-c4f24027-a435-4e49-aecb-631001d24ca3 73d8b59b834f40119e7c1cfc339009bb 0b38a5bfd4594c0ba1d2a2d453bdc553 - - default default] Successfully bumped revision number for resource 47127318-8b29-44a1-b5b7-f90877ab1b55 (type: security_group_rules) to 0
2026-07-06 03:13:58.127 7 INFO neutron.db.ovn_revision_numbers_db [None req-c4f24027-a435-4e49-aecb-631001d24ca3 73d8b59b834f40119e7c1cfc339009bb 0b38a5bfd4594c0ba1d2a2d453bdc553 - - default default] Successfully bumped revision number for resource 4a5ba736-bf43-4aac-847a-bc7db426d336 (type: security_group_rules) to 0
2026-07-06 03:13:58.141 7 INFO neutron.db.ovn_revision_numbers_db [None req-c4f24027-a435-4e49-aecb-631001d24ca3 73d8b59b834f40119e7c1cfc339009bb 0b38a5bfd4594c0ba1d2a2d453bdc553 - - default default] Successfully bumped revision number for resource 9d9712a5-122b-4788-b886-815104b24199 (type: security_group_rules) to 0
2026-07-06 03:13:58.152 7 INFO neutron.db.ovn_revision_numbers_db [None req-c4f24027-a435-4e49-aecb-631001d24ca3 73d8b59b834f40119e7c1cfc339009bb 0b38a5bfd4594c0ba1d2a2d453bdc553 - - default default] Successfully bumped revision number for resource a9a4a8b2-4124-40c6-b9b6-ed67b449fcce (type: security_group_rules) to 0 [pid: 7|app: 0|req: 1859/3689] 10.0.0.253 () {32 vars in 774 bytes} [Mon Jul 6 03:13:57 2026] GET /v2.0/security-groups?tenant_id=a1d2b00f2f15487fa980f1f9ef7dbe94&name=default => generated 2929 bytes in 222 msecs (HTTP/1.1 200) 4 headers in 158 bytes (1 switches on core 0) [pid: 8|app: 0|req: 1831/3690] 10.0.0.253 () {32 vars in 740 bytes} [Mon Jul 6 03:13:58 2026] DELETE /v2.0/security-groups/bcb9b65a-09e8-4d3b-ad8e-40ebb8c0d7ad => generated 0 bytes in 215 msecs (HTTP/1.1 204) 2 headers in 112 bytes (1 switches on core 0)
2026-07-06 03:13:58.731 7 INFO neutron.db.ovn_revision_numbers_db [None req-1d3ec4ee-47c0-46fd-bfc5-2ce952163a63 73d8b59b834f40119e7c1cfc339009bb 0b38a5bfd4594c0ba1d2a2d453bdc553 - - default default] Successfully bumped revision number for resource 37ff50ac-03be-4e5b-95ab-7a310bb92aa2 (type: security_groups) to 1
