2026-06-24 10:59:01.216 8 WARNING neutron.api.rpc.agentnotifiers.dhcp_rpc_agent_api [None req-a72f2ed8-938e-4630-a73e-57a00dbd6a48 0ac965d03dcd4726b432a52133306c8f 09fc6fa427a745afb056646d695043a2 - - default default] Unable to schedule network 72b7510a-69a6-489a-8e4d-e1a6ac008ac6: no agents available; will retry on subsequent port and subnet creation events.
2026-06-24 10:59:01.549 7 WARNING neutron.scheduler.dhcp_agent_scheduler [None req-39a7a4ec-07ad-4adc-9e89-5289e4978dfb 26835024d1954dc29674884587a94cf4 b9ab4b5c211f4a48a970882ef6fdb798 - - default default] No more DHCP agents
2026-06-24 10:59:01.551 7 WARNING neutron.api.rpc.agentnotifiers.dhcp_rpc_agent_api [None req-39a7a4ec-07ad-4adc-9e89-5289e4978dfb 26835024d1954dc29674884587a94cf4 b9ab4b5c211f4a48a970882ef6fdb798 - - default default] Unable to schedule network 856076e1-4685-4b46-b3b2-82ebbe87864c: no agents available; will retry on subsequent port and subnet creation events.
2026-06-24 10:59:01.954 7 INFO neutron.db.ovn_revision_numbers_db [None req-39a7a4ec-07ad-4adc-9e89-5289e4978dfb 26835024d1954dc29674884587a94cf4 b9ab4b5c211f4a48a970882ef6fdb798 - - default default] Successfully bumped revision number for resource 3a69c4ee-6d0a-4f2e-b3b9-c92c51adbb41 (type: router_ports) to 1 [pid: 7|app: 0|req: 893/1766] 10.0.0.56 () {34 vars in 781 bytes} [Wed Jun 24 10:58:59 2026] PUT /v2.0/routers/8f685734-d980-4c15-9af6-b3d154ba1ba2/add_router_interface => generated 309 bytes in 2223 msecs (HTTP/1.1 200) 4 headers in 157 bytes (1 switches on core 0) [pid: 7|app: 0|req: 894/1767] 10.0.0.56 () {32 vars in 715 bytes} [Wed Jun 24 10:59:01 2026] GET /v2.0/ports/3a69c4ee-6d0a-4f2e-b3b9-c92c51adbb41 => generated 941 bytes in 79 msecs (HTTP/1.1 200) 4 headers in 157 bytes (1 switches on core 0) [pid: 7|app: 0|req: 895/1768] 10.0.0.56 () {32 vars in 715 bytes} [Wed Jun 24 10:59:02 2026] GET /v2.0/ports/3a69c4ee-6d0a-4f2e-b3b9-c92c51adbb41 => generated 941 bytes in 59 msecs (HTTP/1.1 200) 4 headers in 157 bytes (1 switches on core 0)
2026-06-24 10:59:02.144 8 INFO neutron.db.ovn_revision_numbers_db [None req-4dc09ddf-0fbd-48ae-a22f-26f3a9a983fe - - - - - -] Successfully bumped revision number for resource b0c9f0da-38e5-4b12-b3f7-ced3992f03b5 (type: ports) to 2
2026-06-24 10:59:02.209 8 INFO neutron.db.ovn_revision_numbers_db [None req-4dc09ddf-0fbd-48ae-a22f-26f3a9a983fe - - - - - -] Successfully bumped revision number for resource d00fe85d-7fe0-4259-888b-a4049bc75189 (type: subnets) to 0 [pid: 8|app: 0|req: 874/1769] 10.0.0.56 () {34 vars in 667 bytes} [Wed Jun 24 10:59:00 2026] POST /v2.0/subnets => generated 687 bytes in 1290 msecs (HTTP/1.1 201) 4 headers in 162 bytes (1 switches on core 0) [pid: 8|app: 0|req: 875/1770] 10.0.0.173 () {34 vars in 989 bytes} [Wed Jun 24 10:59:02 2026] GET /v2.0/ports?device_id=bf582dbf-c74b-4881-8924-b85c6b92ffdc => generated 1209 bytes in 36 msecs (HTTP/1.1 200) 4 headers in 158 bytes (1 switches on core 0) [pid: 8|app: 0|req: 876/1771] 10.0.0.173 () {34 vars in 1039 bytes} [Wed Jun 24 10:59:02 2026] GET /v2.0/security-groups?id=51d6fe24-da9d-47ae-82dc-42188736c4ea&fields=id&fields=name => generated 114 bytes in 35 msecs (HTTP/1.1 200) 4 headers in 157 bytes (1 switches on core 0)
2026-06-24 10:59:02.961 7 WARNING neutron.scheduler.dhcp_agent_scheduler [None req-adcba778-ed4c-46b7-b325-37b920e5b732 0ac965d03dcd4726b432a52133306c8f 09fc6fa427a745afb056646d695043a2 - - default default] No more DHCP agents
2026-06-24 10:59:02.962 7 WARNING neutron.api.rpc.agentnotifiers.dhcp_rpc_agent_api [None req-adcba778-ed4c-46b7-b325-37b920e5b732 0ac965d03dcd4726b432a52133306c8f 09fc6fa427a745afb056646d695043a2 - - default default] Unable to schedule network 2e3eaf3c-f99d-4498-95a8-901a7474ec02: no agents available; will retry on subsequent port and subnet creation events.
2026-06-24 10:59:03.195 7 INFO neutron.db.ovn_revision_numbers_db [None req-adcba778-ed4c-46b7-b325-37b920e5b732 0ac965d03dcd4726b432a52133306c8f 09fc6fa427a745afb056646d695043a2 - - default default] Successfully bumped revision number for resource ff0f3000-459d-4e0e-be3d-27b69022ff55 (type: ports) to 1 [pid: 8|app: 0|req: 877/1772] 10.0.0.56 () {32 vars in 715 bytes} [Wed Jun 24 10:59:03 2026] GET /v2.0/ports/3a69c4ee-6d0a-4f2e-b3b9-c92c51adbb41 => generated 941 bytes in 95 msecs (HTTP/1.1 200) 4 headers in 157 bytes (1 switches on core 0)
2026-06-24 10:59:03.926 7 INFO neutron.plugins.ml2.drivers.ovn.mech_driver.ovsdb.commands [None req-05ddb742-f30d-46b3-ba7c-7b4dade512db - - - - - -] Schedule LRP lrp-ff0f3000-459d-4e0e-be3d-27b69022ff55 on gateway 4ec6e976-6384-4dfb-b70d-636f7f34285b with priority 1
2026-06-24 10:59:04.016 7 INFO neutron.plugins.ml2.drivers.ovn.mech_driver.ovsdb.ovsdb_monitor [None req-e8aed668-e815-4731-aa73-d9fccaf02a76 - - - - - -] Router d6508d07-eee2-433e-b0ff-44e03ced9692 is bound to host instance
2026-06-24 10:59:04.127 7 INFO neutron.db.ovn_revision_numbers_db [None req-adcba778-ed4c-46b7-b325-37b920e5b732 0ac965d03dcd4726b432a52133306c8f 09fc6fa427a745afb056646d695043a2 - - default default] Successfully bumped revision number for resource ff0f3000-459d-4e0e-be3d-27b69022ff55 (type: router_ports) to 1 [pid: 8|app: 0|req: 878/1773] 10.0.0.56 () {32 vars in 715 bytes} [Wed Jun 24 10:59:04 2026] GET /v2.0/ports/3a69c4ee-6d0a-4f2e-b3b9-c92c51adbb41 => generated 941 bytes in 49 msecs (HTTP/1.1 200) 4 headers in 157 bytes (1 switches on core 0)
2026-06-24 10:59:04.344 7 INFO neutron.db.ovn_revision_numbers_db [None req-adcba778-ed4c-46b7-b325-37b920e5b732 0ac965d03dcd4726b432a52133306c8f 09fc6fa427a745afb056646d695043a2 - - default default] Successfully bumped revision number for resource d6508d07-eee2-433e-b0ff-44e03ced9692 (type: routers) to 2 [pid: 7|app: 0|req: 896/1774] 10.0.0.56 () {34 vars in 667 bytes} [Wed Jun 24 10:59:02 2026] POST /v2.0/routers => generated 965 bytes in 2228 msecs (HTTP/1.1 201) 4 headers in 162 bytes (1 switches on core 0)
2026-06-24 10:59:05.011 8 WARNING neutron.scheduler.dhcp_agent_scheduler [None req-58dc1930-d9e8-4446-881a-3a3e32ff5c50 0ac965d03dcd4726b432a52133306c8f 09fc6fa427a745afb056646d695043a2 - - default default] No more DHCP agents
2026-06-24 10:59:05.013 8 WARNING neutron.api.rpc.agentnotifiers.dhcp_rpc_agent_api [None req-58dc1930-d9e8-4446-881a-3a3e32ff5c50 0ac965d03dcd4726b432a52133306c8f 09fc6fa427a745afb056646d695043a2 - - default default] Unable to schedule network 72b7510a-69a6-489a-8e4d-e1a6ac008ac6: no agents available; will retry on subsequent port and subnet creation events.
2026-06-24 10:59:05.128 8 INFO neutron.plugins.ml2.drivers.ovn.mech_driver.mech_driver [None req-fe105c94-f120-4d29-849e-d06db758a706 - - - - - -] OVN reports status down for port: bb86ceec-5372-44c1-8198-139d45969f24 [pid: 7|app: 0|req: 897/1775] 10.0.0.56 () {32 vars in 824 bytes} [Wed Jun 24 10:59:05 2026] GET /v2.0/ports?project_id=779fdcac436841c7941ddf38564ec81b&network_id=40de3d56-02de-4e47-8083-9e9d506ccdf8 => generated 3315 bytes in 122 msecs (HTTP/1.1 200) 4 headers in 158 bytes (1 switches on core 0)
2026-06-24 10:59:05.190 7 INFO neutron.db.ovn_revision_numbers_db [None req-02ed7aef-f3ca-4fae-9189-5835b7edde1a - - - - - -] Successfully bumped revision number for resource ff0f3000-459d-4e0e-be3d-27b69022ff55 (type: ports) to 4
2026-06-24 10:59:05.222 8 INFO neutron.db.ovn_revision_numbers_db [None req-58dc1930-d9e8-4446-881a-3a3e32ff5c50 0ac965d03dcd4726b432a52133306c8f 09fc6fa427a745afb056646d695043a2 - - default default] Successfully bumped revision number for resource bb86ceec-5372-44c1-8198-139d45969f24 (type: ports) to 1 [pid: 7|app: 0|req: 898/1776] 10.0.0.56 () {32 vars in 715 bytes} [Wed Jun 24 10:59:05 2026] GET /v2.0/ports/3a69c4ee-6d0a-4f2e-b3b9-c92c51adbb41 => generated 941 bytes in 81 msecs (HTTP/1.1 200) 4 headers in 157 bytes (1 switches on core 0)
2026-06-24 10:59:05.402 7 WARNING neutron.plugins.ml2.drivers.ovn.mech_driver.ovsdb.ovn_client [None req-0090b192-708d-483b-abbf-dc4dd63310d7 - - - - - -] No hosting information found for port 3296dfbb-ad8b-4630-b71e-0fb941073e5f: RuntimeError: No hosting information found for port 3296dfbb-ad8b-4630-b71e-0fb941073e5f [pid: 7|app: 0|req: 899/1777] 10.0.0.56 () {32 vars in 740 bytes} [Wed Jun 24 10:59:05 2026] GET /v2.0/subnets?network_id=2e3eaf3c-f99d-4498-95a8-901a7474ec02 => generated 667 bytes in 144 msecs (HTTP/1.1 200) 4 headers in 157 bytes (1 switches on core 0)
2026-06-24 10:59:06.001 8 INFO neutron.plugins.ml2.drivers.ovn.mech_driver.mech_driver [None req-fe105c94-f120-4d29-849e-d06db758a706 - - - - - -] OVN reports status up for port: bb86ceec-5372-44c1-8198-139d45969f24
2026-06-24 10:59:06.062 8 INFO neutron.plugins.ml2.plugin [None req-fe105c94-f120-4d29-849e-d06db758a706 - - - - - -] Attempt 1 to provision port bb86ceec-5372-44c1-8198-139d45969f24
2026-06-24 10:59:06.139 8 WARNING neutron.scheduler.dhcp_agent_scheduler [None req-58dc1930-d9e8-4446-881a-3a3e32ff5c50 0ac965d03dcd4726b432a52133306c8f 09fc6fa427a745afb056646d695043a2 - - default default] No more DHCP agents
2026-06-24 10:59:06.144 8 WARNING neutron.api.rpc.agentnotifiers.dhcp_rpc_agent_api [None req-58dc1930-d9e8-4446-881a-3a3e32ff5c50 0ac965d03dcd4726b432a52133306c8f 09fc6fa427a745afb056646d695043a2 - - default default] Unable to schedule network 72b7510a-69a6-489a-8e4d-e1a6ac008ac6: no agents available; will retry on subsequent port and subnet creation events.
2026-06-24 10:59:06.253 7 INFO neutron.db.ovn_revision_numbers_db [None req-0090b192-708d-483b-abbf-dc4dd63310d7 - - - - - -] Successfully bumped revision number for resource 3296dfbb-ad8b-4630-b71e-0fb941073e5f (type: router_ports) to 2
2026-06-24 10:59:06.420 7 INFO neutron.plugins.ml2.drivers.ovn.mech_driver.mech_driver [None req-0090b192-708d-483b-abbf-dc4dd63310d7 - - - - - -] OVN reports status down for port: 3a69c4ee-6d0a-4f2e-b3b9-c92c51adbb41
2026-06-24 10:59:06.599 7 INFO neutron.db.ovn_revision_numbers_db [None req-02ed7aef-f3ca-4fae-9189-5835b7edde1a - - - - - -] Successfully bumped revision number for resource ff0f3000-459d-4e0e-be3d-27b69022ff55 (type: ports) to 5
2026-06-24 10:59:06.628 7 WARNING neutron.plugins.ml2.drivers.ovn.mech_driver.ovsdb.ovn_client [None req-0090b192-708d-483b-abbf-dc4dd63310d7 - - - - - -] Logical_Switch_Port %s host information not removed, the port state is up
2026-06-24 10:59:06.629 7 INFO neutron.plugins.ml2.drivers.ovn.mech_driver.mech_driver [None req-0090b192-708d-483b-abbf-dc4dd63310d7 - - - - - -] OVN reports status up for port: 3a69c4ee-6d0a-4f2e-b3b9-c92c51adbb41
2026-06-24 10:59:06.726 7 INFO neutron.plugins.ml2.plugin [None req-0090b192-708d-483b-abbf-dc4dd63310d7 - - - - - -] Attempt 1 to provision port 3a69c4ee-6d0a-4f2e-b3b9-c92c51adbb41
2026-06-24 10:59:06.743 7 INFO neutron.db.ovn_revision_numbers_db [None req-7e826280-17a0-4e1a-956d-0fb9e05c9e55 add721665dc74bc7827be9475cbed2dd 779fdcac436841c7941ddf38564ec81b - - default default] Successfully bumped revision number for resource aad733b3-9542-4c8f-b124-fac2bcd25463 (type: floatingips) to 2
2026-06-24 10:59:06.848 7 INFO neutron.db.l3_db [None req-7e826280-17a0-4e1a-956d-0fb9e05c9e55 add721665dc74bc7827be9475cbed2dd 779fdcac436841c7941ddf38564ec81b - - default default] Floating IP aad733b3-9542-4c8f-b124-fac2bcd25463 disassociated. External IP: 10.96.250.217, port: a62d6e3e-8b88-41c1-8431-af75a259d70b. [pid: 7|app: 0|req: 900/1778] 10.0.0.56 () {34 vars in 747 bytes} [Wed Jun 24 10:59:05 2026] PUT /v2.0/floatingips/aad733b3-9542-4c8f-b124-fac2bcd25463 => generated 554 bytes in 1243 msecs (HTTP/1.1 200) 4 headers in 157 bytes (1 switches on core 0)
2026-06-24 10:59:06.977 8 INFO neutron.db.ovn_revision_numbers_db [None req-fe105c94-f120-4d29-849e-d06db758a706 - - - - - -] Successfully bumped revision number for resource bb86ceec-5372-44c1-8198-139d45969f24 (type: ports) to 2
2026-06-24 10:59:06.996 7 INFO neutron.notifiers.nova [-] Nova event matching ['req-ffe43606-cd06-4830-b369-f4d72bc49569'] response: {'name': 'network-changed', 'server_uuid': 'bf582dbf-c74b-4881-8924-b85c6b92ffdc', 'tag': 'a62d6e3e-8b88-41c1-8431-af75a259d70b', 'status': 'completed', 'code': 200} [pid: 7|app: 0|req: 901/1779] 10.0.0.56 () {32 vars in 715 bytes} [Wed Jun 24 10:59:06 2026] GET /v2.0/ports/3a69c4ee-6d0a-4f2e-b3b9-c92c51adbb41 => generated 941 bytes in 77 msecs (HTTP/1.1 200) 4 headers in 157 bytes (1 switches on core 0) [pid: 7|app: 0|req: 904/1782] 10.0.0.56 () {32 vars in 727 bytes} [Wed Jun 24 10:59:07 2026] GET /v2.0/floatingips/aad733b3-9542-4c8f-b124-fac2bcd25463 => generated 552 bytes in 104 msecs (HTTP/1.1 200) 4 headers in 157 bytes (1 switches on core 0)
2026-06-24 10:59:07.264 8 INFO neutron.db.ovn_revision_numbers_db [None req-58dc1930-d9e8-4446-881a-3a3e32ff5c50 0ac965d03dcd4726b432a52133306c8f 09fc6fa427a745afb056646d695043a2 - - default default] Successfully bumped revision number for resource bb86ceec-5372-44c1-8198-139d45969f24 (type: router_ports) to 1 [pid: 8|app: 0|req: 879/1783] 10.0.0.56 () {34 vars in 781 bytes} [Wed Jun 24 10:59:04 2026] PUT /v2.0/routers/d6508d07-eee2-433e-b0ff-44e03ced9692/add_router_interface => generated 309 bytes in 2783 msecs (HTTP/1.1 200) 4 headers in 157 bytes (1 switches on core 0)
2026-06-24 10:59:07.364 7 INFO neutron.db.ovn_revision_numbers_db [None req-0090b192-708d-483b-abbf-dc4dd63310d7 - - - - - -] Successfully bumped revision number for resource 3a69c4ee-6d0a-4f2e-b3b9-c92c51adbb41 (type: ports) to 2 [pid: 7|app: 0|req: 905/1784] 199.19.213.88 () {34 vars in 1078 bytes} [Wed Jun 24 10:59:07 2026] GET /v2.0/ports?tenant_id=779fdcac436841c7941ddf38564ec81b&device_id=bf582dbf-c74b-4881-8924-b85c6b92ffdc => generated 1209 bytes in 48 msecs (HTTP/1.1 200) 4 headers in 158 bytes (1 switches on core 0) [pid: 8|app: 0|req: 880/1785] 199.19.213.88 () {34 vars in 984 bytes} [Wed Jun 24 10:59:07 2026] GET /v2.0/networks?id=40de3d56-02de-4e47-8083-9e9d506ccdf8 => generated 797 bytes in 55 msecs (HTTP/1.1 200) 4 headers in 157 bytes (1 switches on core 0) [pid: 7|app: 0|req: 906/1786] 199.19.213.88 () {34 vars in 1056 bytes} [Wed Jun 24 10:59:07 2026] GET /v2.0/floatingips?fixed_ip_address=10.100.0.8&port_id=a62d6e3e-8b88-41c1-8431-af75a259d70b => generated 19 bytes in 24 msecs (HTTP/1.1 200) 4 headers in 156 bytes (1 switches on core 0) [pid: 8|app: 0|req: 881/1787] 199.19.213.88 () {34 vars in 982 bytes} [Wed Jun 24 10:59:07 2026] GET /v2.0/subnets?id=b3cc3f50-e996-49f3-9e9a-a54facd31e3b => generated 677 bytes in 31 msecs (HTTP/1.1 200) 4 headers in 157 bytes (1 switches on core 0) [pid: 7|app: 0|req: 907/1788] 199.19.213.88 () {34 vars in 1050 bytes} [Wed Jun 24 10:59:07 2026] GET /v2.0/ports?network_id=40de3d56-02de-4e47-8083-9e9d506ccdf8&device_owner=network%3Adhcp => generated 12 bytes in 28 msecs (HTTP/1.1 200) 4 headers in 156 bytes (1 switches on core 0) [pid: 8|app: 0|req: 882/1789] 199.19.213.88 () {34 vars in 1010 bytes} [Wed Jun 24 10:59:07 2026] GET /v2.0/networks/40de3d56-02de-4e47-8083-9e9d506ccdf8?fields=segments => generated 14 bytes in 62 msecs (HTTP/1.1 200) 4 headers in 156 bytes (1 switches on core 0) [pid: 7|app: 0|req: 908/1790] 199.19.213.88 () {34 vars in 1110 bytes} [Wed Jun 24 10:59:07 2026] GET /v2.0/networks/40de3d56-02de-4e47-8083-9e9d506ccdf8?fields=provider%3Aphysical_network&fields=provider%3Anetwork_type => generated 79 bytes in 53 msecs (HTTP/1.1 200) 4 headers in 156 bytes (1 switches on core 0) [pid: 8|app: 0|req: 883/1791] 10.0.0.56 () {32 vars in 715 bytes} [Wed Jun 24 10:59:08 2026] GET /v2.0/ports/3a69c4ee-6d0a-4f2e-b3b9-c92c51adbb41 => generated 943 bytes in 40 msecs (HTTP/1.1 200) 4 headers in 157 bytes (1 switches on core 0) [pid: 8|app: 0|req: 884/1792] 10.0.0.173 () {34 vars in 989 bytes} [Wed Jun 24 10:59:08 2026] GET /v2.0/ports?device_id=58667006-b7a0-4823-8c69-b0e4c862fdce => generated 1213 bytes in 39 msecs (HTTP/1.1 200) 4 headers in 158 bytes (1 switches on core 0) [pid: 8|app: 0|req: 885/1793] 10.0.0.173 () {34 vars in 1039 bytes} [Wed Jun 24 10:59:08 2026] GET /v2.0/security-groups?id=e2c4e74a-8365-4d24-9844-87dc259f5ebe&fields=id&fields=name => generated 114 bytes in 31 msecs (HTTP/1.1 200) 4 headers in 157 bytes (1 switches on core 0)
2026-06-24 10:59:08.323 7 INFO neutron_taas.services.taas.taas_plugin [None req-12707f3f-29d2-456d-9f65-815f03537513 26835024d1954dc29674884587a94cf4 b9ab4b5c211f4a48a970882ef6fdb798 - - default default] TaaS: Handle Delete Port: 3a69c4ee-6d0a-4f2e-b3b9-c92c51adbb41
2026-06-24 10:59:08.329 7 INFO neutron_taas.services.taas.tap_mirror_plugin [None req-12707f3f-29d2-456d-9f65-815f03537513 26835024d1954dc29674884587a94cf4 b9ab4b5c211f4a48a970882ef6fdb798 - - default default] Tap Mirror: Handle Delete Port: 3a69c4ee-6d0a-4f2e-b3b9-c92c51adbb41
2026-06-24 10:59:08.352 8 INFO neutron.db.ovn_revision_numbers_db [None req-86c280eb-a446-4fd0-b8ed-a9a26dee634f add721665dc74bc7827be9475cbed2dd 779fdcac436841c7941ddf38564ec81b - - default default] Successfully bumped revision number for resource a70f27e6-e904-427b-8ef2-6ffece7b28e0 (type: security_groups) to 1
2026-06-24 10:59:08.371 8 INFO neutron.db.ovn_revision_numbers_db [None req-86c280eb-a446-4fd0-b8ed-a9a26dee634f add721665dc74bc7827be9475cbed2dd 779fdcac436841c7941ddf38564ec81b - - default default] Successfully bumped revision number for resource 8d78819d-6caa-46d3-a65a-90dbed52b93d (type: security_group_rules) to 0
2026-06-24 10:59:08.388 8 INFO neutron.db.ovn_revision_numbers_db [None req-86c280eb-a446-4fd0-b8ed-a9a26dee634f add721665dc74bc7827be9475cbed2dd 779fdcac436841c7941ddf38564ec81b - - default default] Successfully bumped revision number for resource d9dbcbc4-75b4-41e0-a50e-c2dfb7d33e9a (type: security_group_rules) to 0 [pid: 8|app: 0|req: 886/1794] 10.0.0.56 () {34 vars in 683 bytes} [Wed Jun 24 10:59:08 2026] POST /v2.0/security-groups => generated 1675 bytes in 223 msecs (HTTP/1.1 201) 4 headers in 163 bytes (1 switches on core 0)
2026-06-24 10:59:08.664 8 INFO neutron.db.ovn_revision_numbers_db [None req-74866f06-e8d2-4e3e-8f91-3341ea10e7d7 0ac965d03dcd4726b432a52133306c8f 09fc6fa427a745afb056646d695043a2 - - default default] Successfully bumped revision number for resource 3c47cca6-27b5-4c7b-8fe1-5b8bc13075cd (type: security_groups) to 1
2026-06-24 10:59:08.698 8 INFO neutron.db.ovn_revision_numbers_db [None req-74866f06-e8d2-4e3e-8f91-3341ea10e7d7 0ac965d03dcd4726b432a52133306c8f 09fc6fa427a745afb056646d695043a2 - - default default] Successfully bumped revision number for resource 5aa238df-8f19-45e8-874f-956edec3523a (type: security_group_rules) to 0
2026-06-24 10:59:08.715 8 INFO neutron.db.ovn_revision_numbers_db [None req-74866f06-e8d2-4e3e-8f91-3341ea10e7d7 0ac965d03dcd4726b432a52133306c8f 09fc6fa427a745afb056646d695043a2 - - default default] Successfully bumped revision number for resource 6e2031c8-07bd-42f5-80b5-d6cd5c9e490c (type: security_group_rules) to 0
2026-06-24 10:59:08.730 8 INFO neutron.db.ovn_revision_numbers_db [None req-74866f06-e8d2-4e3e-8f91-3341ea10e7d7 0ac965d03dcd4726b432a52133306c8f 09fc6fa427a745afb056646d695043a2 - - default default] Successfully bumped revision number for resource 84df5ac6-7290-4ca2-8d40-97c219ba6358 (type: security_group_rules) to 0
2026-06-24 10:59:08.751 8 INFO neutron.db.ovn_revision_numbers_db [None req-74866f06-e8d2-4e3e-8f91-3341ea10e7d7 0ac965d03dcd4726b432a52133306c8f 09fc6fa427a745afb056646d695043a2 - - default default] Successfully bumped revision number for resource e49db91c-aa5e-4b18-b23a-1ef15ff73586 (type: security_group_rules) to 0 [pid: 7|app: 0|req: 909/1795] 10.0.0.56 () {34 vars in 787 bytes} [Wed Jun 24 10:59:08 2026] PUT /v2.0/routers/8f685734-d980-4c15-9af6-b3d154ba1ba2/remove_router_interface => generated 309 bytes in 703 msecs (HTTP/1.1 200) 4 headers in 157 bytes (1 switches on core 0) /var/lib/openstack/lib/python3.12/site-packages/pycadf/identifier.py:70: UserWarning: Invalid uuid: neutron. To ensure interoperability, identifiers should be a valid uuid. warnings.warn(('Invalid uuid: %s. To ensure interoperability, '
2026-06-24 10:59:08.833 8 INFO neutron.db.segments_db [None req-74866f06-e8d2-4e3e-8f91-3341ea10e7d7 0ac965d03dcd4726b432a52133306c8f 09fc6fa427a745afb056646d695043a2 - - default default] Added segment 91e31ad3-d7c4-4e45-a302-ec0f725ff644 of type geneve for network 4e521360-0204-494c-86a8-aef727ea9c35
2026-06-24 10:59:08.905 7 INFO neutron.db.ovn_revision_numbers_db [None req-d3a2260f-a08a-47e4-8f44-2cde28a3c10c add721665dc74bc7827be9475cbed2dd 779fdcac436841c7941ddf38564ec81b - - default default] Successfully bumped revision number for resource 44134a13-48c6-4d48-949e-d0f8316c51d6 (type: security_group_rules) to 0 [pid: 7|app: 0|req: 910/1796] 10.0.0.56 () {34 vars in 693 bytes} [Wed Jun 24 10:59:08 2026] POST /v2.0/security-group-rules => generated 597 bytes in 174 msecs (HTTP/1.1 201) 4 headers in 162 bytes (1 switches on core 0)
2026-06-24 10:59:08.985 8 INFO neutron.db.ovn_revision_numbers_db [None req-74866f06-e8d2-4e3e-8f91-3341ea10e7d7 0ac965d03dcd4726b432a52133306c8f 09fc6fa427a745afb056646d695043a2 - - default default] Successfully bumped revision number for resource 4e521360-0204-494c-86a8-aef727ea9c35 (type: networks) to 1 [pid: 7|app: 0|req: 911/1797] 10.0.0.56 () {32 vars in 715 bytes} [Wed Jun 24 10:59:08 2026] GET /v2.0/ports/3296dfbb-ad8b-4630-b71e-0fb941073e5f => generated 943 bytes in 76 msecs (HTTP/1.1 200) 4 headers in 157 bytes (1 switches on core 0)
2026-06-24 10:59:09.152 7 INFO neutron.db.ovn_revision_numbers_db [None req-e7c4838f-56ee-4cad-a5f0-89e1c26cc5fd add721665dc74bc7827be9475cbed2dd 779fdcac436841c7941ddf38564ec81b - - default default] Successfully bumped revision number for resource bac996ee-6a98-4b5a-9635-d1c0a16970e4 (type: security_group_rules) to 0
2026-06-24 10:59:09.157 8 WARNING neutron.scheduler.dhcp_agent_scheduler [None req-74866f06-e8d2-4e3e-8f91-3341ea10e7d7 0ac965d03dcd4726b432a52133306c8f 09fc6fa427a745afb056646d695043a2 - - default default] No more DHCP agents
2026-06-24 10:59:09.159 8 WARNING neutron.api.rpc.agentnotifiers.dhcp_rpc_agent_api [None req-74866f06-e8d2-4e3e-8f91-3341ea10e7d7 0ac965d03dcd4726b432a52133306c8f 09fc6fa427a745afb056646d695043a2 - - default default] Unable to schedule network 4e521360-0204-494c-86a8-aef727ea9c35: no agents available; will retry on subsequent port and subnet creation events. [pid: 7|app: 0|req: 912/1798] 10.0.0.56 () {34 vars in 693 bytes} [Wed Jun 24 10:59:09 2026] POST /v2.0/security-group-rules => generated 596 bytes in 163 msecs (HTTP/1.1 201) 4 headers in 162 bytes (1 switches on core 0)
2026-06-24 10:59:09.235 8 INFO neutron.db.ovn_revision_numbers_db [None req-74866f06-e8d2-4e3e-8f91-3341ea10e7d7 0ac965d03dcd4726b432a52133306c8f 09fc6fa427a745afb056646d695043a2 - - default default] Successfully bumped revision number for resource e4348bfc-88a7-41f3-824c-8b7a55f97a99 (type: ports) to 1 [pid: 8|app: 0|req: 887/1799] 10.0.0.56 () {34 vars in 669 bytes} [Wed Jun 24 10:59:08 2026] POST /v2.0/networks => generated 762 bytes in 821 msecs (HTTP/1.1 201) 4 headers in 162 bytes (1 switches on core 0)
2026-06-24 10:59:09.421 8 INFO neutron.db.ovn_revision_numbers_db [None req-86cd0376-7795-4926-8db1-4b38f7dae823 add721665dc74bc7827be9475cbed2dd 779fdcac436841c7941ddf38564ec81b - - default default] Successfully bumped revision number for resource 236e056d-79e3-4775-98a5-ffdf8d4995a2 (type: security_group_rules) to 0 [pid: 8|app: 0|req: 888/1800] 10.0.0.56 () {34 vars in 693 bytes} [Wed Jun 24 10:59:09 2026] POST /v2.0/security-group-rules => generated 602 bytes in 209 msecs (HTTP/1.1 201) 4 headers in 162 bytes (1 switches on core 0)
2026-06-24 10:59:09.494 7 INFO neutron_taas.services.taas.taas_plugin [None req-bc2a4f13-b461-4022-9014-1c772f7d8440 26835024d1954dc29674884587a94cf4 b9ab4b5c211f4a48a970882ef6fdb798 - - default default] TaaS: Handle Delete Port: 3296dfbb-ad8b-4630-b71e-0fb941073e5f
2026-06-24 10:59:09.498 7 INFO neutron_taas.services.taas.tap_mirror_plugin [None req-bc2a4f13-b461-4022-9014-1c772f7d8440 26835024d1954dc29674884587a94cf4 b9ab4b5c211f4a48a970882ef6fdb798 - - default default] Tap Mirror: Handle Delete Port: 3296dfbb-ad8b-4630-b71e-0fb941073e5f
2026-06-24 10:59:09.619 8 WARNING neutron.scheduler.dhcp_agent_scheduler [None req-5371fee8-6b10-4cce-9c5b-9b91ae82bca2 0ac965d03dcd4726b432a52133306c8f 09fc6fa427a745afb056646d695043a2 - - default default] No more DHCP agents
2026-06-24 10:59:09.621 8 WARNING neutron.api.rpc.agentnotifiers.dhcp_rpc_agent_api [None req-5371fee8-6b10-4cce-9c5b-9b91ae82bca2 0ac965d03dcd4726b432a52133306c8f 09fc6fa427a745afb056646d695043a2 - - default default] Unable to schedule network 4e521360-0204-494c-86a8-aef727ea9c35: no agents available; will retry on subsequent port and subnet creation events. [pid: 7|app: 0|req: 913/1801] 10.0.0.56 () {34 vars in 787 bytes} [Wed Jun 24 10:59:09 2026] PUT /v2.0/routers/8f685734-d980-4c15-9af6-b3d154ba1ba2/remove_router_interface => generated 309 bytes in 667 msecs (HTTP/1.1 200) 4 headers in 157 bytes (1 switches on core 0) /var/lib/openstack/lib/python3.12/site-packages/pycadf/identifier.py:70: UserWarning: Invalid uuid: neutron. To ensure interoperability, identifiers should be a valid uuid. warnings.warn(('Invalid uuid: %s. To ensure interoperability, '
2026-06-24 10:59:10.005 7 INFO neutron.db.ovn_revision_numbers_db [None req-335c1550-49b1-4da3-bf3e-8320a3ba64a9 add721665dc74bc7827be9475cbed2dd 779fdcac436841c7941ddf38564ec81b - - default default] Successfully bumped revision number for resource d59b20a4-c227-40a9-9830-965629f79254 (type: security_group_rules) to 0 [pid: 7|app: 0|req: 914/1802] 10.0.0.56 () {34 vars in 693 bytes} [Wed Jun 24 10:59:09 2026] POST /v2.0/security-group-rules => generated 601 bytes in 213 msecs (HTTP/1.1 201) 4 headers in 162 bytes (1 switches on core 0)
2026-06-24 10:59:10.076 8 INFO neutron.db.ovn_revision_numbers_db [None req-21cfa1c2-3df1-4d7c-9f5a-18c2501044e6 - - - - - -] Successfully bumped revision number for resource e4348bfc-88a7-41f3-824c-8b7a55f97a99 (type: ports) to 2 [pid: 7|app: 0|req: 915/1803] 10.0.0.56 () {32 vars in 734 bytes} [Wed Jun 24 10:59:10 2026] GET /v2.0/ports?device_id=8f685734-d980-4c15-9af6-b3d154ba1ba2 => generated 12 bytes in 26 msecs (HTTP/1.1 200) 4 headers in 156 bytes (1 switches on core 0)
2026-06-24 10:59:10.103 8 INFO neutron.db.ovn_revision_numbers_db [None req-21cfa1c2-3df1-4d7c-9f5a-18c2501044e6 - - - - - -] Successfully bumped revision number for resource 0713883f-9e1e-486d-bfcf-bada0ba19b55 (type: subnets) to 0 [pid: 8|app: 0|req: 889/1804] 10.0.0.56 () {34 vars in 667 bytes} [Wed Jun 24 10:59:09 2026] POST /v2.0/subnets => generated 687 bytes in 649 msecs (HTTP/1.1 201) 4 headers in 162 bytes (1 switches on core 0)
2026-06-24 10:59:10.120 7 INFO neutron.db.securitygroups_db [None req-0887c2f1-c6fd-4c1b-86ac-e1637c356b1f add721665dc74bc7827be9475cbed2dd 779fdcac436841c7941ddf38564ec81b - - default default] Project 779fdcac436841c7941ddf38564ec81b added a security group rule with legacy IPv6 ICMP protocol name icmp, ipv6-icmp should be used instead. It was automatically converted.
2026-06-24 10:59:10.231 7 INFO neutron.db.ovn_revision_numbers_db [None req-0887c2f1-c6fd-4c1b-86ac-e1637c356b1f add721665dc74bc7827be9475cbed2dd 779fdcac436841c7941ddf38564ec81b - - default default] Successfully bumped revision number for resource 27528d7e-64f8-405d-8926-4175fdd65dbe (type: security_group_rules) to 0 [pid: 7|app: 0|req: 916/1805] 10.0.0.56 () {34 vars in 693 bytes} [Wed Jun 24 10:59:10 2026] POST /v2.0/security-group-rules => generated 607 bytes in 167 msecs (HTTP/1.1 201) 4 headers in 162 bytes (1 switches on core 0) [pid: 8|app: 0|req: 890/1806] 10.0.0.56 () {32 vars in 722 bytes} [Wed Jun 24 10:59:10 2026] DELETE /v2.0/routers/8f685734-d980-4c15-9af6-b3d154ba1ba2 => generated 0 bytes in 179 msecs (HTTP/1.1 204) 2 headers in 112 bytes (1 switches on core 0)
2026-06-24 10:59:10.326 8 INFO neutron.db.securitygroups_db [None req-a73e8bef-756b-4efb-9557-6a434db9d456 add721665dc74bc7827be9475cbed2dd 779fdcac436841c7941ddf38564ec81b - - default default] Project 779fdcac436841c7941ddf38564ec81b added a security group rule with legacy IPv6 ICMP protocol name icmp, ipv6-icmp should be used instead. It was automatically converted.
2026-06-24 10:59:10.430 8 INFO neutron.db.ovn_revision_numbers_db [None req-a73e8bef-756b-4efb-9557-6a434db9d456 add721665dc74bc7827be9475cbed2dd 779fdcac436841c7941ddf38564ec81b - - default default] Successfully bumped revision number for resource dcec8148-ef49-4ab7-b8ef-2f3097d5f9d9 (type: security_group_rules) to 0 [pid: 8|app: 0|req: 891/1807] 10.0.0.56 () {34 vars in 693 bytes} [Wed Jun 24 10:59:10 2026] POST /v2.0/security-group-rules => generated 606 bytes in 172 msecs (HTTP/1.1 201) 4 headers in 162 bytes (1 switches on core 0) [pid: 8|app: 0|req: 892/1808] 10.0.0.56 () {32 vars in 722 bytes} [Wed Jun 24 10:59:10 2026] DELETE /v2.0/subnets/301fae0f-7cf8-4aac-b506-c2aab1d82ffa => generated 0 bytes in 184 msecs (HTTP/1.1 204) 3 headers in 131 bytes (1 switches on core 0)
2026-06-24 10:59:10.697 7 WARNING neutron.scheduler.dhcp_agent_scheduler [None req-07381b21-c861-4f2b-80d8-4df0daf4ce87 0ac965d03dcd4726b432a52133306c8f 09fc6fa427a745afb056646d695043a2 - - default default] No more DHCP agents
2026-06-24 10:59:10.699 7 WARNING neutron.api.rpc.agentnotifiers.dhcp_rpc_agent_api [None req-07381b21-c861-4f2b-80d8-4df0daf4ce87 0ac965d03dcd4726b432a52133306c8f 09fc6fa427a745afb056646d695043a2 - - default default] Unable to schedule network 2e3eaf3c-f99d-4498-95a8-901a7474ec02: no agents available; will retry on subsequent port and subnet creation events.
2026-06-24 10:59:10.823 7 INFO neutron.db.ovn_revision_numbers_db [None req-07381b21-c861-4f2b-80d8-4df0daf4ce87 0ac965d03dcd4726b432a52133306c8f 09fc6fa427a745afb056646d695043a2 - - default default] Successfully bumped revision number for resource 844bf97f-a17b-4b2f-90c2-64818d21afb8 (type: ports) to 1 [pid: 8|app: 0|req: 893/1809] 10.0.0.56 () {32 vars in 722 bytes} [Wed Jun 24 10:59:10 2026] DELETE /v2.0/subnets/3c31508c-d702-4089-8eb8-7c290ba2126e => generated 0 bytes in 196 msecs (HTTP/1.1 204) 3 headers in 131 bytes (1 switches on core 0) [pid: 8|app: 0|req: 894/1810] 10.0.0.56 () {32 vars in 647 bytes} [Wed Jun 24 10:59:10 2026] GET /v2.0/networks => generated 1374 bytes in 206 msecs (HTTP/1.1 200) 4 headers in 158 bytes (1 switches on core 0)
2026-06-24 10:59:11.176 8 INFO neutron_taas.services.taas.taas_plugin [None req-875c32c6-4db2-41db-aa61-346257334679 26835024d1954dc29674884587a94cf4 b9ab4b5c211f4a48a970882ef6fdb798 - - default default] TaaS: Handle Delete Port: 506a8ac7-db4a-4ebc-b9ad-8cf9eae8d182
2026-06-24 10:59:11.180 8 INFO neutron_taas.services.taas.tap_mirror_plugin [None req-875c32c6-4db2-41db-aa61-346257334679 26835024d1954dc29674884587a94cf4 b9ab4b5c211f4a48a970882ef6fdb798 - - default default] Tap Mirror: Handle Delete Port: 506a8ac7-db4a-4ebc-b9ad-8cf9eae8d182
2026-06-24 10:59:11.363 8 INFO neutron.services.segments.plugin [-] Segment 2a08f5ea-d964-4f6d-a2ea-1045e5ad1aab resource provider aggregate not found
2026-06-24 10:59:11.371 8 INFO neutron.services.segments.plugin [-] Segment 2a08f5ea-d964-4f6d-a2ea-1045e5ad1aab resource provider aggregate not found
2026-06-24 10:59:11.387 8 INFO neutron.services.segments.plugin [-] Segment 2a08f5ea-d964-4f6d-a2ea-1045e5ad1aab resource provider not found; error: Placement Client Error (4xx): {"errors": [{"status": 404, "title": "Not Found", "detail": "The resource could not be found.\n\n No resource provider with uuid 2a08f5ea-d964-4f6d-a2ea-1045e5ad1aab found for delete ", "request_id": "req-ce639f38-69a4-4785-852b-e3a68eaf5c60"}]}
2026-06-24 10:59:11.394 8 INFO neutron.services.segments.plugin [-] Segment 2a08f5ea-d964-4f6d-a2ea-1045e5ad1aab resource provider not found; error: Placement Client Error (4xx): {"errors": [{"status": 404, "title": "Not Found", "detail": "The resource could not be found.\n\n No resource provider with uuid 2a08f5ea-d964-4f6d-a2ea-1045e5ad1aab found for delete ", "request_id": "req-81e2a638-a06f-4016-ab2e-b762d6918fdf"}]} [pid: 8|app: 0|req: 895/1811] 10.0.0.56 () {32 vars in 724 bytes} [Wed Jun 24 10:59:11 2026] DELETE /v2.0/networks/856076e1-4685-4b46-b3b2-82ebbe87864c => generated 0 bytes in 353 msecs (HTTP/1.1 204) 3 headers in 131 bytes (1 switches on core 0)
2026-06-24 10:59:11.432 7 INFO neutron.plugins.ml2.drivers.ovn.mech_driver.ovsdb.commands [None req-05ddb742-f30d-46b3-ba7c-7b4dade512db - - - - - -] Schedule LRP lrp-844bf97f-a17b-4b2f-90c2-64818d21afb8 on gateway 4ec6e976-6384-4dfb-b70d-636f7f34285b with priority 1 [pid: 8|app: 0|req: 896/1812] 10.0.0.96 () {34 vars in 1098 bytes} [Wed Jun 24 10:59:11 2026] GET /v2.0/security-groups?name=tempest-secgroup-smoke-2060138731&fields=id&tenant_id=779fdcac436841c7941ddf38564ec81b => generated 69 bytes in 32 msecs (HTTP/1.1 200) 4 headers in 156 bytes (1 switches on core 0)
2026-06-24 10:59:11.477 7 INFO neutron.plugins.ml2.drivers.ovn.mech_driver.ovsdb.ovsdb_monitor [None req-02ed7aef-f3ca-4fae-9189-5835b7edde1a - - - - - -] Router 97f25caf-323f-4e28-bc6e-a07e82749ae7 is bound to host instance
2026-06-24 10:59:11.582 7 INFO neutron.db.ovn_revision_numbers_db [None req-07381b21-c861-4f2b-80d8-4df0daf4ce87 0ac965d03dcd4726b432a52133306c8f 09fc6fa427a745afb056646d695043a2 - - default default] Successfully bumped revision number for resource 844bf97f-a17b-4b2f-90c2-64818d21afb8 (type: router_ports) to 1
2026-06-24 10:59:11.614 8 INFO neutron_taas.services.taas.taas_plugin [None req-322f75fa-6f47-4391-b592-d5bb199d2651 26835024d1954dc29674884587a94cf4 b9ab4b5c211f4a48a970882ef6fdb798 - - default default] TaaS: Handle Delete Port: bd9fde55-1616-41b2-ab0e-9e2ac0fc5ee2
2026-06-24 10:59:11.617 8 INFO neutron_taas.services.taas.tap_mirror_plugin [None req-322f75fa-6f47-4391-b592-d5bb199d2651 26835024d1954dc29674884587a94cf4 b9ab4b5c211f4a48a970882ef6fdb798 - - default default] Tap Mirror: Handle Delete Port: bd9fde55-1616-41b2-ab0e-9e2ac0fc5ee2
2026-06-24 10:59:11.732 7 INFO neutron.db.ovn_revision_numbers_db [None req-07381b21-c861-4f2b-80d8-4df0daf4ce87 0ac965d03dcd4726b432a52133306c8f 09fc6fa427a745afb056646d695043a2 - - default default] Successfully bumped revision number for resource 97f25caf-323f-4e28-bc6e-a07e82749ae7 (type: routers) to 2 [pid: 7|app: 0|req: 917/1813] 10.0.0.56 () {34 vars in 667 bytes} [Wed Jun 24 10:59:10 2026] POST /v2.0/routers => generated 965 bytes in 1504 msecs (HTTP/1.1 201) 4 headers in 162 bytes (1 switches on core 0) [pid: 8|app: 0|req: 897/1814] 10.0.0.56 () {32 vars in 724 bytes} [Wed Jun 24 10:59:11 2026] DELETE /v2.0/networks/dabe17ea-48d8-4401-913c-1e83d322ddc4 => generated 0 bytes in 374 msecs (HTTP/1.1 204) 3 headers in 131 bytes (1 switches on core 0) [pid: 7|app: 0|req: 918/1815] 10.0.0.96 () {34 vars in 980 bytes} [Wed Jun 24 10:59:11 2026] GET /v2.0/networks?id=40de3d56-02de-4e47-8083-9e9d506ccdf8 => generated 699 bytes in 95 msecs (HTTP/1.1 200) 4 headers in 157 bytes (1 switches on core 0)
2026-06-24 10:59:11.994 7 INFO neutron.db.segments_db [None req-3c0f14fc-029b-4914-9174-f324e1482b05 26835024d1954dc29674884587a94cf4 b9ab4b5c211f4a48a970882ef6fdb798 - - default default] Added segment b0ccbcf3-9ec6-4810-898c-445d11fcb212 of type geneve for network 4fece9b2-7fb4-4085-ae6b-8f778c6a460b
2026-06-24 10:59:12.168 7 INFO neutron.db.ovn_revision_numbers_db [None req-3c0f14fc-029b-4914-9174-f324e1482b05 26835024d1954dc29674884587a94cf4 b9ab4b5c211f4a48a970882ef6fdb798 - - default default] Successfully bumped revision number for resource 4fece9b2-7fb4-4085-ae6b-8f778c6a460b (type: networks) to 1
2026-06-24 10:59:12.261 7 WARNING neutron.plugins.ml2.drivers.ovn.mech_driver.ovsdb.ovn_client [None req-4e9e0736-42e1-41f5-87ac-d8f69b08339a - - - - - -] No port found with ID 3a69c4ee-6d0a-4f2e-b3b9-c92c51adbb41: RuntimeError: No port found with ID 3a69c4ee-6d0a-4f2e-b3b9-c92c51adbb41
2026-06-24 10:59:12.264 8 WARNING neutron.scheduler.dhcp_agent_scheduler [None req-c62b2814-68df-4324-99d1-4d7892a97574 0ac965d03dcd4726b432a52133306c8f 09fc6fa427a745afb056646d695043a2 - - default default] No more DHCP agents
2026-06-24 10:59:12.265 8 WARNING neutron.api.rpc.agentnotifiers.dhcp_rpc_agent_api [None req-c62b2814-68df-4324-99d1-4d7892a97574 0ac965d03dcd4726b432a52133306c8f 09fc6fa427a745afb056646d695043a2 - - default default] Unable to schedule network 4e521360-0204-494c-86a8-aef727ea9c35: no agents available; will retry on subsequent port and subnet creation events.
2026-06-24 10:59:12.292 7 INFO neutron.plugins.ml2.drivers.ovn.mech_driver.mech_driver [None req-4e9e0736-42e1-41f5-87ac-d8f69b08339a - - - - - -] OVN reports status down for port: ff0f3000-459d-4e0e-be3d-27b69022ff55
2026-06-24 10:59:12.326 8 WARNING neutron.plugins.ml2.drivers.ovn.mech_driver.ovsdb.ovn_client [None req-038d7a12-bdb6-453a-b01e-58116da21ea3 - - - - - -] No hosting information found for port bb86ceec-5372-44c1-8198-139d45969f24: RuntimeError: No hosting information found for port bb86ceec-5372-44c1-8198-139d45969f24
2026-06-24 10:59:12.563 8 INFO neutron.db.ovn_revision_numbers_db [None req-c62b2814-68df-4324-99d1-4d7892a97574 0ac965d03dcd4726b432a52133306c8f 09fc6fa427a745afb056646d695043a2 - - default default] Successfully bumped revision number for resource 11b3d74b-ac2c-4a14-8ba9-e4bd3c2aaf12 (type: ports) to 1
2026-06-24 10:59:12.566 8 INFO neutron.db.ovn_revision_numbers_db [None req-038d7a12-bdb6-453a-b01e-58116da21ea3 - - - - - -] Successfully bumped revision number for resource bb86ceec-5372-44c1-8198-139d45969f24 (type: router_ports) to 2
2026-06-24 10:59:12.568 8 INFO neutron.plugins.ml2.drivers.ovn.mech_driver.mech_driver [None req-038d7a12-bdb6-453a-b01e-58116da21ea3 - - - - - -] OVN reports status down for port: 844bf97f-a17b-4b2f-90c2-64818d21afb8
2026-06-24 10:59:12.664 7 WARNING neutron.scheduler.dhcp_agent_scheduler [None req-3c0f14fc-029b-4914-9174-f324e1482b05 26835024d1954dc29674884587a94cf4 b9ab4b5c211f4a48a970882ef6fdb798 - - default default] No more DHCP agents
2026-06-24 10:59:12.672 7 WARNING neutron.api.rpc.agentnotifiers.dhcp_rpc_agent_api [None req-3c0f14fc-029b-4914-9174-f324e1482b05 26835024d1954dc29674884587a94cf4 b9ab4b5c211f4a48a970882ef6fdb798 - - default default] Unable to schedule network 4fece9b2-7fb4-4085-ae6b-8f778c6a460b: no agents available; will retry on subsequent port and subnet creation events.
2026-06-24 10:59:12.672 8 WARNING neutron.plugins.ml2.drivers.ovn.mech_driver.ovsdb.ovn_client [None req-038d7a12-bdb6-453a-b01e-58116da21ea3 - - - - - -] Logical_Switch_Port %s host information not removed, the port state is up
2026-06-24 10:59:12.673 8 INFO neutron.plugins.ml2.drivers.ovn.mech_driver.mech_driver [None req-038d7a12-bdb6-453a-b01e-58116da21ea3 - - - - - -] OVN reports status up for port: 844bf97f-a17b-4b2f-90c2-64818d21afb8
2026-06-24 10:59:12.925 8 INFO neutron.plugins.ml2.plugin [None req-038d7a12-bdb6-453a-b01e-58116da21ea3 - - - - - -] Attempt 1 to provision port 844bf97f-a17b-4b2f-90c2-64818d21afb8
2026-06-24 10:59:12.979 7 INFO neutron.db.ovn_revision_numbers_db [None req-3c0f14fc-029b-4914-9174-f324e1482b05 26835024d1954dc29674884587a94cf4 b9ab4b5c211f4a48a970882ef6fdb798 - - default default] Successfully bumped revision number for resource 44d282ed-6453-4ecc-8b6a-a21c0dd5d63b (type: ports) to 1 [pid: 7|app: 0|req: 919/1816] 10.0.0.56 () {34 vars in 668 bytes} [Wed Jun 24 10:59:11 2026] POST /v2.0/networks => generated 647 bytes in 1175 msecs (HTTP/1.1 201) 4 headers in 162 bytes (1 switches on core 0) [pid: 7|app: 0|req: 920/1817] 10.0.0.96 () {34 vars in 963 bytes} [Wed Jun 24 10:59:13 2026] GET /v2.0/quotas/779fdcac436841c7941ddf38564ec81b => generated 292 bytes in 78 msecs (HTTP/1.1 200) 4 headers in 157 bytes (1 switches on core 0) [pid: 7|app: 0|req: 921/1818] 10.0.0.76 () {28 vars in 589 bytes} [Wed Jun 24 10:59:13 2026] GET /v2.0/floatingips => generated 1399 bytes in 168 msecs (HTTP/1.1 200) 4 headers in 158 bytes (1 switches on core 0)
2026-06-24 10:59:13.386 7 INFO neutron.db.ovn_revision_numbers_db [None req-4e9e0736-42e1-41f5-87ac-d8f69b08339a - - - - - -] Successfully bumped revision number for resource ff0f3000-459d-4e0e-be3d-27b69022ff55 (type: ports) to 6
2026-06-24 10:59:13.417 8 INFO neutron.services.segments.plugin [-] Segment bb4fda57-6548-40d5-b308-034061c05b49 resource provider aggregate not found
2026-06-24 10:59:13.439 8 INFO neutron.services.segments.plugin [-] Segment bb4fda57-6548-40d5-b308-034061c05b49 resource provider aggregate not found
2026-06-24 10:59:13.467 8 INFO neutron.services.segments.plugin [-] Segment bb4fda57-6548-40d5-b308-034061c05b49 resource provider not found; error: Placement Client Error (4xx): {"errors": [{"status": 404, "title": "Not Found", "detail": "The resource could not be found.\n\n No resource provider with uuid bb4fda57-6548-40d5-b308-034061c05b49 found for delete ", "request_id": "req-aa12d153-6182-40b7-acc5-810ff944c085"}]}
2026-06-24 10:59:13.468 8 INFO neutron.services.segments.plugin [-] Segment bb4fda57-6548-40d5-b308-034061c05b49 resource provider not found; error: Placement Client Error (4xx): {"errors": [{"status": 404, "title": "Not Found", "detail": "The resource could not be found.\n\n No resource provider with uuid bb4fda57-6548-40d5-b308-034061c05b49 found for delete ", "request_id": "req-114b90da-db2b-48a5-a43c-6ed00b22a7de"}]}
2026-06-24 10:59:13.577 7 ERROR ovsdbapp.backend.ovs_idl.transaction [None req-897eb991-7fa5-4949-addd-dfb2fcb0f5d6 - - - - - -]
Traceback (most recent call last): File "/var/lib/openstack/lib/python3.12/site-packages/ovsdbapp/backend/ovs_idl/connection.py", line 121, in run txn.results.put(txn.do_commit()) ^^^^^^^^^^^^^^^
File "/var/lib/openstack/lib/python3.12/site-packages/ovsdbapp/backend/ovs_idl/transaction.py", line 92, in do_commit command.run_idl(txn)
File "/var/lib/openstack/lib/python3.12/site-packages/neutron/plugins/ml2/drivers/ovn/mech_driver/ovsdb/commands.py", line 1046, in run_idl raise ovn_exc.RevisionConflict( neutron.common.ovn.exceptions.RevisionConflict: OVN revision number for 844bf97f-a17b-4b2f-90c2-64818d21afb8 (type: ports) is higher than the given resource. Skipping update
2026-06-24 10:59:13.579 7 INFO neutron.plugins.ml2.drivers.ovn.mech_driver.ovsdb.impl_idl_ovn [None req-897eb991-7fa5-4949-addd-dfb2fcb0f5d6 - - - - - -] Transaction aborted. Reason: OVN revision number for 844bf97f-a17b-4b2f-90c2-64818d21afb8 (type: ports) is higher than the given resource. Skipping update
2026-06-24 10:59:13.590 8 INFO neutron.db.ovn_revision_numbers_db [None req-038d7a12-bdb6-453a-b01e-58116da21ea3 - - - - - -] Successfully bumped revision number for resource 844bf97f-a17b-4b2f-90c2-64818d21afb8 (type: ports) to 5
2026-06-24 10:59:13.646 8 WARNING neutron.scheduler.dhcp_agent_scheduler [None req-c62b2814-68df-4324-99d1-4d7892a97574 0ac965d03dcd4726b432a52133306c8f 09fc6fa427a745afb056646d695043a2 - - default default] No more DHCP agents
2026-06-24 10:59:13.650 8 WARNING neutron.api.rpc.agentnotifiers.dhcp_rpc_agent_api [None req-c62b2814-68df-4324-99d1-4d7892a97574 0ac965d03dcd4726b432a52133306c8f 09fc6fa427a745afb056646d695043a2 - - default default] Unable to schedule network 4e521360-0204-494c-86a8-aef727ea9c35: no agents available; will retry on subsequent port and subnet creation events.
2026-06-24 10:59:13.681 7 WARNING neutron.plugins.ml2.drivers.ovn.mech_driver.ovsdb.ovn_client [None req-a8868ecc-a85e-486b-8616-dfe5200a503e - - - - - -] Logical_Switch_Port %s host information not removed, the port state is up
2026-06-24 10:59:13.681 7 INFO neutron.plugins.ml2.drivers.ovn.mech_driver.mech_driver [None req-a8868ecc-a85e-486b-8616-dfe5200a503e - - - - - -] OVN reports status up for port: ff0f3000-459d-4e0e-be3d-27b69022ff55
2026-06-24 10:59:13.710 7 INFO neutron.plugins.ml2.plugin [None req-a8868ecc-a85e-486b-8616-dfe5200a503e - - - - - -] Attempt 1 to provision port ff0f3000-459d-4e0e-be3d-27b69022ff55
2026-06-24 10:59:13.817 7 WARNING neutron.scheduler.dhcp_agent_scheduler [None req-fb05459e-4089-4a5b-bda0-4b48ba62f602 26835024d1954dc29674884587a94cf4 b9ab4b5c211f4a48a970882ef6fdb798 - - default default] No more DHCP agents
2026-06-24 10:59:13.820 7 WARNING neutron.api.rpc.agentnotifiers.dhcp_rpc_agent_api [None req-fb05459e-4089-4a5b-bda0-4b48ba62f602 26835024d1954dc29674884587a94cf4 b9ab4b5c211f4a48a970882ef6fdb798 - - default default] Unable to schedule network 4fece9b2-7fb4-4085-ae6b-8f778c6a460b: no agents available; will retry on subsequent port and subnet creation events.
2026-06-24 10:59:14.126 8 INFO neutron.db.ovn_revision_numbers_db [None req-c62b2814-68df-4324-99d1-4d7892a97574 0ac965d03dcd4726b432a52133306c8f 09fc6fa427a745afb056646d695043a2 - - default default] Successfully bumped revision number for resource 11b3d74b-ac2c-4a14-8ba9-e4bd3c2aaf12 (type: router_ports) to 1 [pid: 8|app: 0|req: 898/1819] 10.0.0.56 () {34 vars in 781 bytes} [Wed Jun 24 10:59:11 2026] PUT /v2.0/routers/97f25caf-323f-4e28-bc6e-a07e82749ae7/add_router_interface => generated 309 bytes in 2310 msecs (HTTP/1.1 200) 4 headers in 157 bytes (1 switches on core 0) /var/lib/openstack/lib/python3.12/site-packages/pycadf/identifier.py:70: UserWarning: Invalid uuid: neutron. To ensure interoperability, identifiers should be a valid uuid. warnings.warn(('Invalid uuid: %s. To ensure interoperability, ' [pid: 8|app: 0|req: 899/1820] 10.0.0.96 () {34 vars in 1000 bytes} [Wed Jun 24 10:59:14 2026] GET /v2.0/ports?tenant_id=779fdcac436841c7941ddf38564ec81b&fields=id => generated 149 bytes in 68 msecs (HTTP/1.1 200) 4 headers in 157 bytes (1 switches on core 0) [pid: 8|app: 0|req: 900/1821] 10.0.0.96 () {34 vars in 988 bytes} [Wed Jun 24 10:59:14 2026] GET /v2.0/ports?device_id=58667006-b7a0-4823-8c69-b0e4c862fdce => generated 975 bytes in 78 msecs (HTTP/1.1 200) 4 headers in 157 bytes (1 switches on core 0) [pid: 8|app: 0|req: 901/1822] 10.0.0.76 () {28 vars in 597 bytes} [Wed Jun 24 10:59:14 2026] GET /v2.0/security-groups => generated 45471 bytes in 56 msecs (HTTP/1.1 200) 4 headers in 159 bytes (1 switches on core 0) [pid: 8|app: 0|req: 902/1823] 10.0.0.96 () {34 vars in 1006 bytes} [Wed Jun 24 10:59:14 2026] GET /v2.0/networks/40de3d56-02de-4e47-8083-9e9d506ccdf8?fields=segments => generated 14 bytes in 45 msecs (HTTP/1.1 200) 4 headers in 156 bytes (1 switches on core 0) [pid: 8|app: 0|req: 903/1824] 10.0.0.96 () {34 vars in 1038 bytes} [Wed Jun 24 10:59:14 2026] GET /v2.0/security-groups?id=e2c4e74a-8365-4d24-9844-87dc259f5ebe&fields=id&fields=name => generated 114 bytes in 43 msecs (HTTP/1.1 200) 4 headers in 157 bytes (1 switches on core 0)
2026-06-24 10:59:14.470 7 INFO neutron.db.ovn_revision_numbers_db [None req-a8868ecc-a85e-486b-8616-dfe5200a503e - - - - - -] Successfully bumped revision number for resource ff0f3000-459d-4e0e-be3d-27b69022ff55 (type: ports) to 7 [pid: 8|app: 0|req: 904/1825] 10.0.0.76 () {28 vars in 581 bytes} [Wed Jun 24 10:59:14 2026] GET /v2.0/subnets => generated 4640 bytes in 64 msecs (HTTP/1.1 200) 4 headers in 158 bytes (1 switches on core 0) [pid: 8|app: 0|req: 905/1826] 10.0.0.96 () {34 vars in 1106 bytes} [Wed Jun 24 10:59:14 2026] GET /v2.0/networks/40de3d56-02de-4e47-8083-9e9d506ccdf8?fields=provider%3Aphysical_network&fields=provider%3Anetwork_type => generated 79 bytes in 52 msecs (HTTP/1.1 200) 4 headers in 156 bytes (1 switches on core 0) [pid: 8|app: 0|req: 906/1827] 10.0.0.76 () {28 vars in 577 bytes} [Wed Jun 24 10:59:14 2026] GET /v2.0/ports => generated 23512 bytes in 125 msecs (HTTP/1.1 200) 4 headers in 159 bytes (1 switches on core 0) [pid: 8|app: 0|req: 907/1828] 10.0.0.96 () {34 vars in 988 bytes} [Wed Jun 24 10:59:14 2026] GET /v2.0/ports?device_id=58667006-b7a0-4823-8c69-b0e4c862fdce => generated 975 bytes in 30 msecs (HTTP/1.1 200) 4 headers in 157 bytes (1 switches on core 0)
2026-06-24 10:59:14.701 7 INFO neutron.plugins.ml2.drivers.ovn.mech_driver.mech_driver [None req-aa498f31-5aa6-44d3-87cb-07029937497d - - - - - -] OVN reports status down for port: e4348bfc-88a7-41f3-824c-8b7a55f97a99
2026-06-24 10:59:14.774 7 INFO neutron.db.ovn_revision_numbers_db [None req-f75f2c64-9b61-4a8f-b42f-1b9338e7c355 - - - - - -] Successfully bumped revision number for resource 44d282ed-6453-4ecc-8b6a-a21c0dd5d63b (type: ports) to 2 [pid: 8|app: 0|req: 908/1829] 10.0.0.76 () {28 vars in 581 bytes} [Wed Jun 24 10:59:14 2026] GET /v2.0/routers => generated 3862 bytes in 85 msecs (HTTP/1.1 200) 4 headers in 158 bytes (1 switches on core 0) [pid: 8|app: 0|req: 909/1830] 10.0.0.96 () {34 vars in 1038 bytes} [Wed Jun 24 10:59:14 2026] GET /v2.0/security-groups?id=e2c4e74a-8365-4d24-9844-87dc259f5ebe&fields=id&fields=name => generated 114 bytes in 24 msecs (HTTP/1.1 200) 4 headers in 157 bytes (1 switches on core 0)
2026-06-24 10:59:14.822 7 INFO neutron.plugins.ml2.drivers.ovn.mech_driver.mech_driver [None req-aa498f31-5aa6-44d3-87cb-07029937497d - - - - - -] OVN reports status down for port: 11b3d74b-ac2c-4a14-8ba9-e4bd3c2aaf12
2026-06-24 10:59:14.825 7 INFO neutron.db.ovn_revision_numbers_db [None req-f75f2c64-9b61-4a8f-b42f-1b9338e7c355 - - - - - -] Successfully bumped revision number for resource e47eaf35-712e-495f-b369-dad7f8009507 (type: subnets) to 0 [pid: 7|app: 0|req: 922/1831] 10.0.0.56 () {34 vars in 667 bytes} [Wed Jun 24 10:59:13 2026] POST /v2.0/subnets => generated 626 bytes in 1574 msecs (HTTP/1.1 201) 4 headers in 162 bytes (1 switches on core 0) [pid: 7|app: 0|req: 923/1832] 10.0.0.76 () {28 vars in 622 bytes} [Wed Jun 24 10:59:14 2026] GET /v2.0/agents?binary=ovn-controller => generated 416 bytes in 18 msecs (HTTP/1.1 200) 4 headers in 157 bytes (1 switches on core 0) [pid: 7|app: 0|req: 924/1833] 10.0.0.96 () {34 vars in 988 bytes} [Wed Jun 24 10:59:14 2026] GET /v2.0/ports?device_id=bb670e62-018e-43e7-832c-311f2fe69a1d => generated 12 bytes in 24 msecs (HTTP/1.1 200) 4 headers in 156 bytes (1 switches on core 0)
