Mar 30 18:18:34.826882 np0000161492 neutron-periodic-workers[104300]: DEBUG cotyledon.oslo_config_glue [-] ml2.type_drivers = ['local', 'flat', 'vlan', 'geneve'] {{(pid=104300) log_opt_values /opt/stack/data/venv/lib/python3.12/site-packages/oslo_config/cfg.py:3006}}
Mar 30 18:18:34.826954 np0000161492 neutron-periodic-workers[104300]: DEBUG cotyledon.oslo_config_glue [-] ml2_type_flat.flat_networks = ['public'] {{(pid=104300) log_opt_values /opt/stack/data/venv/lib/python3.12/site-packages/oslo_config/cfg.py:3006}}
Mar 30 18:18:34.827012 np0000161492 neutron-periodic-workers[104300]: DEBUG cotyledon.oslo_config_glue [-] ml2_type_geneve.max_header_size = 38 {{(pid=104300) log_opt_values /opt/stack/data/venv/lib/python3.12/site-packages/oslo_config/cfg.py:3006}}
Mar 30 18:18:34.827055 np0000161492 neutron-periodic-workers[104300]: DEBUG cotyledon.oslo_config_glue [-] ml2_type_geneve.vni_ranges = ['1:65536'] {{(pid=104300) log_opt_values /opt/stack/data/venv/lib/python3.12/site-packages/oslo_config/cfg.py:3006}}
Mar 30 18:18:34.827164 np0000161492 neutron-periodic-workers[104300]: DEBUG cotyledon.oslo_config_glue [-] ml2_type_vlan.network_vlan_ranges = ['public'] {{(pid=104300) log_opt_values /opt/stack/data/venv/lib/python3.12/site-packages/oslo_config/cfg.py:3006}}
Mar 30 18:18:34.827236 np0000161492 neutron-periodic-workers[104300]: DEBUG cotyledon.oslo_config_glue [-] network_log.burst_limit = 25 {{(pid=104300) log_opt_values /opt/stack/data/venv/lib/python3.12/site-packages/oslo_config/cfg.py:3006}}
Mar 30 18:18:34.827279 np0000161492 neutron-periodic-workers[104300]: DEBUG cotyledon.oslo_config_glue [-] network_log.local_output_log_base = None {{(pid=104300) log_opt_values /opt/stack/data/venv/lib/python3.12/site-packages/oslo_config/cfg.py:3006}}
Mar 30 18:18:34.827321 np0000161492 neutron-periodic-workers[104300]: DEBUG cotyledon.oslo_config_glue [-] network_log.rate_limit = 100 {{(pid=104300) log_opt_values /opt/stack/data/venv/lib/python3.12/site-packages/oslo_config/cfg.py:3006}}
Mar 30 18:18:34.827379 np0000161492 neutron-periodic-workers[104300]: DEBUG cotyledon.oslo_config_glue [-] database.asyncio_connection = **** {{(pid=104300) log_opt_values /opt/stack/data/venv/lib/python3.12/site-packages/oslo_config/cfg.py:3006}}
Mar 30 18:18:34.827416 np0000161492 neutron-periodic-workers[104300]: DEBUG cotyledon.oslo_config_glue [-] database.asyncio_slave_connection = **** {{(pid=104300) log_opt_values /opt/stack/data/venv/lib/python3.12/site-packages/oslo_config/cfg.py:3006}}
Mar 30 18:18:34.827460 np0000161492 neutron-periodic-workers[104300]: DEBUG cotyledon.oslo_config_glue [-] database.backend = sqlalchemy {{(pid=104300) log_opt_values /opt/stack/data/venv/lib/python3.12/site-packages/oslo_config/cfg.py:3006}}
Mar 30 18:18:34.827514 np0000161492 neutron-periodic-workers[104300]: DEBUG cotyledon.oslo_config_glue [-] database.connection = **** {{(pid=104300) log_opt_values /opt/stack/data/venv/lib/python3.12/site-packages/oslo_config/cfg.py:3006}}
Mar 30 18:18:34.827563 np0000161492 neutron-periodic-workers[104300]: DEBUG cotyledon.oslo_config_glue [-] database.connection_debug = 0 {{(pid=104300) log_opt_values /opt/stack/data/venv/lib/python3.12/site-packages/oslo_config/cfg.py:3006}}
Mar 30 18:18:34.827606 np0000161492 neutron-periodic-workers[104300]: DEBUG cotyledon.oslo_config_glue [-] database.connection_parameters = {{(pid=104300) log_opt_values /opt/stack/data/venv/lib/python3.12/site-packages/oslo_config/cfg.py:3006}}
Mar 30 18:18:34.827659 np0000161492 neutron-periodic-workers[104300]: DEBUG cotyledon.oslo_config_glue [-] database.connection_recycle_time = 3600 {{(pid=104300) log_opt_values /opt/stack/data/venv/lib/python3.12/site-packages/oslo_config/cfg.py:3006}}
Mar 30 18:18:34.827701 np0000161492 neutron-periodic-workers[104300]: DEBUG cotyledon.oslo_config_glue [-] database.connection_trace = False {{(pid=104300) log_opt_values /opt/stack/data/venv/lib/python3.12/site-packages/oslo_config/cfg.py:3006}}
Mar 30 18:18:34.827744 np0000161492 neutron-periodic-workers[104300]: DEBUG cotyledon.oslo_config_glue [-] database.db_inc_retry_interval = True {{(pid=104300) log_opt_values /opt/stack/data/venv/lib/python3.12/site-packages/oslo_config/cfg.py:3006}}
Mar 30 18:18:34.827789 np0000161492 neutron-periodic-workers[104300]: DEBUG cotyledon.oslo_config_glue [-] database.db_max_retries = 20 {{(pid=104300) log_opt_values /opt/stack/data/venv/lib/python3.12/site-packages/oslo_config/cfg.py:3006}}
Mar 30 18:18:34.827837 np0000161492 neutron-periodic-workers[104300]: DEBUG cotyledon.oslo_config_glue [-] database.db_max_retry_interval = 10 {{(pid=104300) log_opt_values /opt/stack/data/venv/lib/python3.12/site-packages/oslo_config/cfg.py:3006}}
Mar 30 18:18:34.827879 np0000161492 neutron-periodic-workers[104300]: DEBUG cotyledon.oslo_config_glue [-] database.db_retry_interval = 1 {{(pid=104300) log_opt_values /opt/stack/data/venv/lib/python3.12/site-packages/oslo_config/cfg.py:3006}}
Mar 30 18:18:34.827920 np0000161492 neutron-periodic-workers[104300]: DEBUG cotyledon.oslo_config_glue [-] database.max_overflow = 50 {{(pid=104300) log_opt_values /opt/stack/data/venv/lib/python3.12/site-packages/oslo_config/cfg.py:3006}}
Mar 30 18:18:34.827964 np0000161492 neutron-periodic-workers[104300]: DEBUG cotyledon.oslo_config_glue [-] database.max_pool_size = 5 {{(pid=104300) log_opt_values /opt/stack/data/venv/lib/python3.12/site-packages/oslo_config/cfg.py:3006}}
Mar 30 18:18:34.828006 np0000161492 neutron-periodic-workers[104300]: DEBUG cotyledon.oslo_config_glue [-] database.max_retries = 10 {{(pid=104300) log_opt_values /opt/stack/data/venv/lib/python3.12/site-packages/oslo_config/cfg.py:3006}}
Mar 30 18:18:34.828054 np0000161492 neutron-periodic-workers[104300]: DEBUG cotyledon.oslo_config_glue [-] database.mysql_sql_mode = TRADITIONAL {{(pid=104300) log_opt_values /opt/stack/data/venv/lib/python3.12/site-packages/oslo_config/cfg.py:3006}}
Mar 30 18:18:34.828097 np0000161492 neutron-periodic-workers[104300]: DEBUG cotyledon.oslo_config_glue [-] database.mysql_wsrep_sync_wait = None {{(pid=104300) log_opt_values /opt/stack/data/venv/lib/python3.12/site-packages/oslo_config/cfg.py:3006}}
Mar 30 18:18:34.828153 np0000161492 neutron-periodic-workers[104300]: DEBUG cotyledon.oslo_config_glue [-] database.pool_timeout = None {{(pid=104300) log_opt_values /opt/stack/data/venv/lib/python3.12/site-packages/oslo_config/cfg.py:3006}}
Mar 30 18:18:34.828197 np0000161492 neutron-periodic-workers[104300]: DEBUG cotyledon.oslo_config_glue [-] database.retry_interval = 10 {{(pid=104300) log_opt_values /opt/stack/data/venv/lib/python3.12/site-packages/oslo_config/cfg.py:3006}}
Mar 30 18:18:34.828275 np0000161492 neutron-periodic-workers[104300]: DEBUG cotyledon.oslo_config_glue [-] database.slave_connection = **** {{(pid=104300) log_opt_values /opt/stack/data/venv/lib/python3.12/site-packages/oslo_config/cfg.py:3006}}
Mar 30 18:18:34.828325 np0000161492 neutron-periodic-workers[104300]: DEBUG cotyledon.oslo_config_glue [-] database.sqlite_synchronous = True {{(pid=104300) log_opt_values /opt/stack/data/venv/lib/python3.12/site-packages/oslo_config/cfg.py:3006}}
Mar 30 18:18:34.828374 np0000161492 neutron-periodic-workers[104300]: DEBUG cotyledon.oslo_config_glue [-] database.synchronous_reader = True {{(pid=104300) log_opt_values /opt/stack/data/venv/lib/python3.12/site-packages/oslo_config/cfg.py:3006}}
Mar 30 18:18:34.828427 np0000161492 neutron-periodic-workers[104300]: DEBUG cotyledon.oslo_config_glue [-] database.use_db_reconnect = False {{(pid=104300) log_opt_values /opt/stack/data/venv/lib/python3.12/site-packages/oslo_config/cfg.py:3006}}
Mar 30 18:18:34.828498 np0000161492 neutron-periodic-workers[104300]: DEBUG cotyledon.oslo_config_glue [-] ovn.bfd_min_rx = 1000 {{(pid=104300) log_opt_values /opt/stack/data/venv/lib/python3.12/site-packages/oslo_config/cfg.py:3006}}
Mar 30 18:18:34.828540 np0000161492 neutron-periodic-workers[104300]: DEBUG cotyledon.oslo_config_glue [-] ovn.bfd_min_tx = 100 {{(pid=104300) log_opt_values /opt/stack/data/venv/lib/python3.12/site-packages/oslo_config/cfg.py:3006}}
Mar 30 18:18:34.828583 np0000161492 neutron-periodic-workers[104300]: DEBUG cotyledon.oslo_config_glue [-] ovn.bfd_mult = 3 {{(pid=104300) log_opt_values /opt/stack/data/venv/lib/python3.12/site-packages/oslo_config/cfg.py:3006}}
Mar 30 18:18:34.828626 np0000161492 neutron-periodic-workers[104300]: DEBUG cotyledon.oslo_config_glue [-] ovn.broadcast_arps_to_all_routers = True {{(pid=104300) log_opt_values /opt/stack/data/venv/lib/python3.12/site-packages/oslo_config/cfg.py:3006}}
Mar 30 18:18:34.828666 np0000161492 neutron-periodic-workers[104300]: DEBUG cotyledon.oslo_config_glue [-] ovn.dhcp_default_lease_time = 43200 {{(pid=104300) log_opt_values /opt/stack/data/venv/lib/python3.12/site-packages/oslo_config/cfg.py:3006}}
Mar 30 18:18:34.828716 np0000161492 neutron-periodic-workers[104300]: DEBUG cotyledon.oslo_config_glue [-] ovn.disable_ovn_dhcp_for_baremetal_ports = False {{(pid=104300) log_opt_values /opt/stack/data/venv/lib/python3.12/site-packages/oslo_config/cfg.py:3006}}
Mar 30 18:18:34.828760 np0000161492 neutron-periodic-workers[104300]: DEBUG cotyledon.oslo_config_glue [-] ovn.dns_records_ovn_owned = False {{(pid=104300) log_opt_values /opt/stack/data/venv/lib/python3.12/site-packages/oslo_config/cfg.py:3006}}
Mar 30 18:18:34.828794 np0000161492 neutron-periodic-workers[104300]: DEBUG cotyledon.oslo_config_glue [-] ovn.dns_servers = [] {{(pid=104300) log_opt_values /opt/stack/data/venv/lib/python3.12/site-packages/oslo_config/cfg.py:3006}}
Mar 30 18:18:34.828840 np0000161492 neutron-periodic-workers[104300]: DEBUG cotyledon.oslo_config_glue [-] ovn.enable_distributed_floating_ip = False {{(pid=104300) log_opt_values /opt/stack/data/venv/lib/python3.12/site-packages/oslo_config/cfg.py:3006}}
Mar 30 18:18:34.828880 np0000161492 neutron-periodic-workers[104300]: DEBUG cotyledon.oslo_config_glue [-] ovn.fdb_age_threshold = 300 {{(pid=104300) log_opt_values /opt/stack/data/venv/lib/python3.12/site-packages/oslo_config/cfg.py:3006}}
Mar 30 18:18:34.828923 np0000161492 neutron-periodic-workers[104300]: DEBUG cotyledon.oslo_config_glue [-] ovn.ha_failover_strategy = normal {{(pid=104300) log_opt_values /opt/stack/data/venv/lib/python3.12/site-packages/oslo_config/cfg.py:3006}}
Mar 30 18:18:34.828966 np0000161492 neutron-periodic-workers[104300]: DEBUG cotyledon.oslo_config_glue [-] ovn.live_migration_activation_strategy = rarp {{(pid=104300) log_opt_values /opt/stack/data/venv/lib/python3.12/site-packages/oslo_config/cfg.py:3006}}
Mar 30 18:18:34.829010 np0000161492 neutron-periodic-workers[104300]: DEBUG cotyledon.oslo_config_glue [-] ovn.localnet_learn_fdb = False {{(pid=104300) log_opt_values /opt/stack/data/venv/lib/python3.12/site-packages/oslo_config/cfg.py:3006}}
Mar 30 18:18:34.829053 np0000161492 neutron-periodic-workers[104300]: DEBUG cotyledon.oslo_config_glue [-] ovn.mac_binding_age_threshold = 300 {{(pid=104300) log_opt_values /opt/stack/data/venv/lib/python3.12/site-packages/oslo_config/cfg.py:3006}}
Mar 30 18:18:34.829096 np0000161492 neutron-periodic-workers[104300]: DEBUG cotyledon.oslo_config_glue [-] ovn.neutron_sync_mode = log {{(pid=104300) log_opt_values /opt/stack/data/venv/lib/python3.12/site-packages/oslo_config/cfg.py:3006}}
Mar 30 18:18:34.829175 np0000161492 neutron-periodic-workers[104300]: DEBUG cotyledon.oslo_config_glue [-] ovn.ovn_dhcp4_global_options = {} {{(pid=104300) log_opt_values /opt/stack/data/venv/lib/python3.12/site-packages/oslo_config/cfg.py:3006}}
Mar 30 18:18:34.829280 np0000161492 neutron-periodic-workers[104300]: DEBUG cotyledon.oslo_config_glue [-] ovn.ovn_dhcp6_global_options = {} {{(pid=104300) log_opt_values /opt/stack/data/venv/lib/python3.12/site-packages/oslo_config/cfg.py:3006}}
Mar 30 18:18:34.829280 np0000161492 neutron-periodic-workers[104300]: DEBUG cotyledon.oslo_config_glue [-] ovn.ovn_l3_scheduler = leastloaded {{(pid=104300) log_opt_values /opt/stack/data/venv/lib/python3.12/site-packages/oslo_config/cfg.py:3006}}
Mar 30 18:18:34.829334 np0000161492 neutron-periodic-workers[104300]: DEBUG cotyledon.oslo_config_glue [-] ovn.ovn_metadata_enabled = True {{(pid=104300) log_opt_values /opt/stack/data/venv/lib/python3.12/site-packages/oslo_config/cfg.py:3006}}
Mar 30 18:18:34.829362 np0000161492 neutron-periodic-workers[104300]: DEBUG cotyledon.oslo_config_glue [-] ovn.ovn_nb_ca_cert = /opt/stack/data/CA/int-ca/ca-chain.pem {{(pid=104300) log_opt_values /opt/stack/data/venv/lib/python3.12/site-packages/oslo_config/cfg.py:3006}}
Mar 30 18:18:34.829420 np0000161492 neutron-periodic-workers[104300]: DEBUG cotyledon.oslo_config_glue [-] ovn.ovn_nb_certificate = /opt/stack/data/CA/int-ca/devstack-cert.crt {{(pid=104300) log_opt_values /opt/stack/data/venv/lib/python3.12/site-packages/oslo_config/cfg.py:3006}}
Mar 30 18:18:34.829449 np0000161492 neutron-periodic-workers[104300]: DEBUG cotyledon.oslo_config_glue [-] ovn.ovn_nb_connection = ['ssl:199.204.45.235:6641'] {{(pid=104300) log_opt_values /opt/stack/data/venv/lib/python3.12/site-packages/oslo_config/cfg.py:3006}}
Mar 30 18:18:34.829500 np0000161492 neutron-periodic-workers[104300]: DEBUG cotyledon.oslo_config_glue [-] ovn.ovn_nb_private_key = /opt/stack/data/CA/int-ca/private/devstack-cert.key {{(pid=104300) log_opt_values /opt/stack/data/venv/lib/python3.12/site-packages/oslo_config/cfg.py:3006}}
Mar 30 18:18:34.829572 np0000161492 neutron-periodic-workers[104300]: DEBUG cotyledon.oslo_config_glue [-] ovn.ovn_router_indirect_snat = False {{(pid=104300) log_opt_values /opt/stack/data/venv/lib/python3.12/site-packages/oslo_config/cfg.py:3006}}
Mar 30 18:18:34.829602 np0000161492 neutron-periodic-workers[104300]: DEBUG cotyledon.oslo_config_glue [-] ovn.ovn_sb_ca_cert = /opt/stack/data/CA/int-ca/ca-chain.pem {{(pid=104300) log_opt_values /opt/stack/data/venv/lib/python3.12/site-packages/oslo_config/cfg.py:3006}}
Mar 30 18:18:34.829648 np0000161492 neutron-periodic-workers[104300]: DEBUG cotyledon.oslo_config_glue [-] ovn.ovn_sb_certificate = /opt/stack/data/CA/int-ca/devstack-cert.crt {{(pid=104300) log_opt_values /opt/stack/data/venv/lib/python3.12/site-packages/oslo_config/cfg.py:3006}}
Mar 30 18:18:34.829677 np0000161492 neutron-periodic-workers[104300]: DEBUG cotyledon.oslo_config_glue [-] ovn.ovn_sb_connection = ['ssl:199.204.45.235:6642'] {{(pid=104300) log_opt_values /opt/stack/data/venv/lib/python3.12/site-packages/oslo_config/cfg.py:3006}}
Mar 30 18:18:34.829722 np0000161492 neutron-periodic-workers[104300]: DEBUG cotyledon.oslo_config_glue [-] ovn.ovn_sb_private_key = /opt/stack/data/CA/int-ca/private/devstack-cert.key {{(pid=104300) log_opt_values /opt/stack/data/venv/lib/python3.12/site-packages/oslo_config/cfg.py:3006}}
Mar 30 18:18:34.829764 np0000161492 neutron-periodic-workers[104300]: DEBUG cotyledon.oslo_config_glue [-] ovn.ovs_create_tap = False {{(pid=104300) log_opt_values /opt/stack/data/venv/lib/python3.12/site-packages/oslo_config/cfg.py:3006}}
Mar 30 18:18:34.829808 np0000161492 neutron-periodic-workers[104300]: DEBUG cotyledon.oslo_config_glue [-] ovn.ovsdb_connection_timeout = 180 {{(pid=104300) log_opt_values /opt/stack/data/venv/lib/python3.12/site-packages/oslo_config/cfg.py:3006}}
Mar 30 18:18:34.829901 np0000161492 neutron-periodic-workers[104300]: DEBUG cotyledon.oslo_config_glue [-] ovn.ovsdb_log_level = INFO {{(pid=104300) log_opt_values /opt/stack/data/venv/lib/python3.12/site-packages/oslo_config/cfg.py:3006}}
Mar 30 18:18:34.829901 np0000161492 neutron-periodic-workers[104300]: DEBUG cotyledon.oslo_config_glue [-] ovn.ovsdb_probe_interval = 60000 {{(pid=104300) log_opt_values /opt/stack/data/venv/lib/python3.12/site-packages/oslo_config/cfg.py:3006}}
Mar 30 18:18:34.829958 np0000161492 neutron-periodic-workers[104300]: DEBUG cotyledon.oslo_config_glue [-] ovn.ovsdb_retry_max_interval = 180 {{(pid=104300) log_opt_values /opt/stack/data/venv/lib/python3.12/site-packages/oslo_config/cfg.py:3006}}
Mar 30 18:18:34.829958 np0000161492 neutron-periodic-workers[104300]: DEBUG cotyledon.oslo_config_glue [-] ovn.stateless_nat_enabled = False {{(pid=104300) log_opt_values /opt/stack/data/venv/lib/python3.12/site-packages/oslo_config/cfg.py:3006}}
Mar 30 18:18:34.830007 np0000161492 neutron-periodic-workers[104300]: DEBUG cotyledon.oslo_config_glue [-] ovn.vhost_sock_dir = /var/run/openvswitch {{(pid=104300) log_opt_values /opt/stack/data/venv/lib/python3.12/site-packages/oslo_config/cfg.py:3006}}
Mar 30 18:18:34.830068 np0000161492 neutron-periodic-workers[104300]: DEBUG cotyledon.oslo_config_glue [-] OVS.bridge_mac_table_size = 50000 {{(pid=104300) log_opt_values /opt/stack/data/venv/lib/python3.12/site-packages/oslo_config/cfg.py:3006}}
Mar 30 18:18:34.830134 np0000161492 neutron-periodic-workers[104300]: DEBUG cotyledon.oslo_config_glue [-] OVS.igmp_flood = False {{(pid=104300) log_opt_values /opt/stack/data/venv/lib/python3.12/site-packages/oslo_config/cfg.py:3006}}
Mar 30 18:18:34.830220 np0000161492 neutron-periodic-workers[104300]: DEBUG cotyledon.oslo_config_glue [-] OVS.igmp_flood_reports = True {{(pid=104300) log_opt_values /opt/stack/data/venv/lib/python3.12/site-packages/oslo_config/cfg.py:3006}}
Mar 30 18:18:34.830259 np0000161492 neutron-periodic-workers[104300]: DEBUG cotyledon.oslo_config_glue [-] OVS.igmp_flood_unregistered = False {{(pid=104300) log_opt_values /opt/stack/data/venv/lib/python3.12/site-packages/oslo_config/cfg.py:3006}}
Mar 30 18:18:34.830287 np0000161492 neutron-periodic-workers[104300]: DEBUG cotyledon.oslo_config_glue [-] OVS.igmp_snooping_enable = False {{(pid=104300) log_opt_values /opt/stack/data/venv/lib/python3.12/site-packages/oslo_config/cfg.py:3006}}
Mar 30 18:18:34.830316 np0000161492 neutron-periodic-workers[104300]: DEBUG cotyledon.oslo_config_glue [-] OVS.ovsdb_timeout = 10 {{(pid=104300) log_opt_values /opt/stack/data/venv/lib/python3.12/site-packages/oslo_config/cfg.py:3006}}
Mar 30 18:18:34.830377 np0000161492 neutron-periodic-workers[104300]: DEBUG cotyledon.oslo_config_glue [-] ovn_nb_global.fdb_removal_limit = 0 {{(pid=104300) log_opt_values /opt/stack/data/venv/lib/python3.12/site-packages/oslo_config/cfg.py:3006}}
Mar 30 18:18:34.830423 np0000161492 neutron-periodic-workers[104300]: DEBUG cotyledon.oslo_config_glue [-] ovn_nb_global.ignore_lsp_down = False {{(pid=104300) log_opt_values /opt/stack/data/venv/lib/python3.12/site-packages/oslo_config/cfg.py:3006}}
Mar 30 18:18:34.830474 np0000161492 neutron-periodic-workers[104300]: DEBUG cotyledon.oslo_config_glue [-] ovn_nb_global.mac_binding_removal_limit = 0 {{(pid=104300) log_opt_values /opt/stack/data/venv/lib/python3.12/site-packages/oslo_config/cfg.py:3006}}
Mar 30 18:18:34.830539 np0000161492 neutron-periodic-workers[104300]: DEBUG cotyledon.oslo_config_glue [-] ******************************************************************************** {{(pid=104300) log_opt_values /opt/stack/data/venv/lib/python3.12/site-packages/oslo_config/cfg.py:3013}}
Mar 30 18:18:34.830679 np0000161492 neutron-periodic-workers[104300]: DEBUG cotyledon._service_worker [-] Run service ServiceWrapper(0) [104300] {{(pid=104300) wait_forever /opt/stack/data/venv/lib/python3.12/site-packages/cotyledon/_service_worker.py:218}}
Mar 30 18:18:44.476062 np0000161492 neutron-periodic-workers[103497]: DEBUG dbcounter [-] [103497] Writing DB stats neutron:SELECT=4 {{(pid=103497) stat_writer /opt/stack/data/venv/lib/python3.12/site-packages/dbcounter.py:115}}
Mar 30 18:19:14.782849 np0000161492 neutron-periodic-workers[104274]: DEBUG oslo_db.sqlalchemy.engines [None req-316bcd07-eaa0-44d3-bd1b-55133cce0676 None None] Parent process 103497 forked (104274) with an open database connection, which is being discarded and recreated. {{(pid=104274) checkout /opt/stack/data/venv/lib/python3.12/site-packages/oslo_db/sqlalchemy/engines.py:402}}
Mar 30 18:19:14.805885 np0000161492 neutron-periodic-workers[104274]: DEBUG dbcounter [-] [104274] Writer thread running {{(pid=104274) stat_writer /opt/stack/data/venv/lib/python3.12/site-packages/dbcounter.py:102}}
Mar 30 18:19:14.817937 np0000161492 neutron-periodic-workers[104274]: DEBUG oslo.service.backend._threading.loopingcall [None req-316bcd07-eaa0-44d3-bd1b-55133cce0676 None None] Fixed interval looping call 'neutron.services.ovn_l3.plugin.L3_NAT_dbonly_mixin._clean_garbage' sleeping for 299.96 seconds {{(pid=104274) _run_loop /opt/stack/data/venv/lib/python3.12/site-packages/oslo_service/backend/_threading/loopingcall.py:125}}
Mar 30 18:19:21.823839 np0000161492 neutron-periodic-workers[104293]: DEBUG dbcounter [-] [104293] Writer thread running {{(pid=104293) stat_writer /opt/stack/data/venv/lib/python3.12/site-packages/dbcounter.py:102}}
Mar 30 18:19:21.830032 np0000161492 neutron-periodic-workers[104293]: DEBUG neutron.db.agents_db [None req-063fd9a0-cfe4-4f23-9043-611d5a10271c None None] Agent healthcheck: found 0 active agents {{(pid=104293) agent_health_check /opt/stack/neutron/neutron/db/agents_db.py:317}}
Mar 30 18:19:21.830335 np0000161492 neutron-periodic-workers[104293]: DEBUG oslo.service.backend._threading.loopingcall [None req-063fd9a0-cfe4-4f23-9043-611d5a10271c None None] Fixed interval looping call 'neutron.plugins.ml2.plugin.AgentDbMixin.agent_health_check' sleeping for 36.97 seconds {{(pid=104293) _run_loop /opt/stack/data/venv/lib/python3.12/site-packages/oslo_service/backend/_threading/loopingcall.py:125}}
Mar 30 18:19:24.807551 np0000161492 neutron-periodic-workers[104274]: DEBUG dbcounter [-] [104274] Writing DB stats neutron:SELECT=1 {{(pid=104274) stat_writer /opt/stack/data/venv/lib/python3.12/site-packages/dbcounter.py:115}}
Mar 30 18:19:31.824996 np0000161492 neutron-periodic-workers[104293]: DEBUG dbcounter [-] [104293] Writing DB stats neutron:SELECT=1 {{(pid=104293) stat_writer /opt/stack/data/venv/lib/python3.12/site-packages/dbcounter.py:115}}
Mar 30 18:19:35.823401 np0000161492 neutron-periodic-workers[104284]: DEBUG dbcounter [-] [104284] Writer thread running {{(pid=104284) stat_writer /opt/stack/data/venv/lib/python3.12/site-packages/dbcounter.py:102}}
Mar 30 18:19:35.833005 np0000161492 neutron-periodic-workers[104284]: DEBUG oslo.service.backend._threading.loopingcall [None req-0097e882-2ccf-4e21-91f3-629f2fbe9049 None None] Fixed interval looping call 'neutron.plugins.ml2.plugin.DhcpAgentSchedulerDbMixin.remove_networks_from_down_agents' sleeping for 36.97 seconds {{(pid=104284) _run_loop /opt/stack/data/venv/lib/python3.12/site-packages/oslo_service/backend/_threading/loopingcall.py:125}}
Mar 30 18:19:45.831518 np0000161492 neutron-periodic-workers[104284]: DEBUG dbcounter [-] [104284] Writing DB stats neutron:SELECT=3 {{(pid=104284) stat_writer /opt/stack/data/venv/lib/python3.12/site-packages/dbcounter.py:115}}
Mar 30 18:19:58.808054 np0000161492 neutron-periodic-workers[104293]: DEBUG neutron.db.agents_db [None req-063fd9a0-cfe4-4f23-9043-611d5a10271c None None] Agent healthcheck: found 0 active agents {{(pid=104293) agent_health_check /opt/stack/neutron/neutron/db/agents_db.py:317}}
Mar 30 18:19:58.808538 np0000161492 neutron-periodic-workers[104293]: DEBUG oslo.service.backend._threading.loopingcall [None req-063fd9a0-cfe4-4f23-9043-611d5a10271c None None] Fixed interval looping call 'neutron.plugins.ml2.plugin.AgentDbMixin.agent_health_check' sleeping for 36.99 seconds {{(pid=104293) _run_loop /opt/stack/data/venv/lib/python3.12/site-packages/oslo_service/backend/_threading/loopingcall.py:125}}
Mar 30 18:20:08.808645 np0000161492 neutron-periodic-workers[104293]: DEBUG dbcounter [-] [104293] Writing DB stats neutron:SELECT=1 {{(pid=104293) stat_writer /opt/stack/data/venv/lib/python3.12/site-packages/dbcounter.py:115}}
Mar 30 18:20:12.821703 np0000161492 neutron-periodic-workers[104284]: DEBUG oslo.service.backend._threading.loopingcall [None req-0097e882-2ccf-4e21-91f3-629f2fbe9049 None None] Fixed interval looping call 'neutron.plugins.ml2.plugin.DhcpAgentSchedulerDbMixin.remove_networks_from_down_agents' sleeping for 36.98 seconds {{(pid=104284) _run_loop /opt/stack/data/venv/lib/python3.12/site-packages/oslo_service/backend/_threading/loopingcall.py:125}}
Mar 30 18:20:22.819689 np0000161492 neutron-periodic-workers[104284]: DEBUG dbcounter [-] [104284] Writing DB stats neutron:SELECT=3 {{(pid=104284) stat_writer /opt/stack/data/venv/lib/python3.12/site-packages/dbcounter.py:115}}
Mar 30 18:20:34.848651 np0000161492 neutron-periodic-workers[104300]: DEBUG dbcounter [-] [104300] Writer thread running {{(pid=104300) stat_writer /opt/stack/data/venv/lib/python3.12/site-packages/dbcounter.py:102}}
Mar 30 18:20:34.850832 np0000161492 neutron-periodic-workers[104300]: DEBUG oslo.service.backend._threading.loopingcall [None req-ed98a31a-80b8-4bb1-a955-d318c2ee3e44 None None] Fixed interval looping call 'neutron.db.quota.driver_nolock.DbQuotaNoLockDriver._remove_expired_reservations' sleeping for 119.98 seconds {{(pid=104300) _run_loop /opt/stack/data/venv/lib/python3.12/site-packages/oslo_service/backend/_threading/loopingcall.py:125}}
Mar 30 18:20:35.803714 np0000161492 neutron-periodic-workers[104293]: DEBUG neutron.db.agents_db [None req-063fd9a0-cfe4-4f23-9043-611d5a10271c None None] Agent healthcheck: found 0 active agents {{(pid=104293) agent_health_check /opt/stack/neutron/neutron/db/agents_db.py:317}}
Mar 30 18:20:35.804262 np0000161492 neutron-periodic-workers[104293]: DEBUG oslo.service.backend._threading.loopingcall [None req-063fd9a0-cfe4-4f23-9043-611d5a10271c None None] Fixed interval looping call 'neutron.plugins.ml2.plugin.AgentDbMixin.agent_health_check' sleeping for 36.99 seconds {{(pid=104293) _run_loop /opt/stack/data/venv/lib/python3.12/site-packages/oslo_service/backend/_threading/loopingcall.py:125}}
Mar 30 18:20:44.850503 np0000161492 neutron-periodic-workers[104300]: DEBUG dbcounter [-] [104300] Writing DB stats neutron:DELETE=1 {{(pid=104300) stat_writer /opt/stack/data/venv/lib/python3.12/site-packages/dbcounter.py:115}}
Mar 30 18:20:45.801953 np0000161492 neutron-periodic-workers[104293]: DEBUG dbcounter [-] [104293] Writing DB stats neutron:SELECT=1 {{(pid=104293) stat_writer /opt/stack/data/venv/lib/python3.12/site-packages/dbcounter.py:115}}
Mar 30 18:20:49.811050 np0000161492 neutron-periodic-workers[104284]: DEBUG oslo.service.backend._threading.loopingcall [None req-0097e882-2ccf-4e21-91f3-629f2fbe9049 None None] Fixed interval looping call 'neutron.plugins.ml2.plugin.DhcpAgentSchedulerDbMixin.remove_networks_from_down_agents' sleeping for 36.99 seconds {{(pid=104284) _run_loop /opt/stack/data/venv/lib/python3.12/site-packages/oslo_service/backend/_threading/loopingcall.py:125}}
Mar 30 18:20:59.810441 np0000161492 neutron-periodic-workers[104284]: DEBUG dbcounter [-] [104284] Writing DB stats neutron:SELECT=3 {{(pid=104284) stat_writer /opt/stack/data/venv/lib/python3.12/site-packages/dbcounter.py:115}}
Mar 30 18:21:12.800087 np0000161492 neutron-periodic-workers[104293]: DEBUG neutron.db.agents_db [None req-063fd9a0-cfe4-4f23-9043-611d5a10271c None None] Agent healthcheck: found 0 active agents {{(pid=104293) agent_health_check /opt/stack/neutron/neutron/db/agents_db.py:317}}
Mar 30 18:21:12.800919 np0000161492 neutron-periodic-workers[104293]: DEBUG oslo.service.backend._threading.loopingcall [None req-063fd9a0-cfe4-4f23-9043-611d5a10271c None None] Fixed interval looping call 'neutron.plugins.ml2.plugin.AgentDbMixin.agent_health_check' sleeping for 36.99 seconds {{(pid=104293) _run_loop /opt/stack/data/venv/lib/python3.12/site-packages/oslo_service/backend/_threading/loopingcall.py:125}}
Mar 30 18:21:22.798152 np0000161492 neutron-periodic-workers[104293]: DEBUG dbcounter [-] [104293] Writing DB stats neutron:SELECT=1 {{(pid=104293) stat_writer /opt/stack/data/venv/lib/python3.12/site-packages/dbcounter.py:115}}
Mar 30 18:21:26.812146 np0000161492 neutron-periodic-workers[104284]: DEBUG oslo.service.backend._threading.loopingcall [None req-0097e882-2ccf-4e21-91f3-629f2fbe9049 None None] Fixed interval looping call 'neutron.plugins.ml2.plugin.DhcpAgentSchedulerDbMixin.remove_networks_from_down_agents' sleeping for 36.99 seconds {{(pid=104284) _run_loop /opt/stack/data/venv/lib/python3.12/site-packages/oslo_service/backend/_threading/loopingcall.py:125}}
Mar 30 18:21:36.810593 np0000161492 neutron-periodic-workers[104284]: DEBUG dbcounter [-] [104284] Writing DB stats neutron:SELECT=3 {{(pid=104284) stat_writer /opt/stack/data/venv/lib/python3.12/site-packages/dbcounter.py:115}}
Mar 30 18:21:49.795625 np0000161492 neutron-periodic-workers[104293]: DEBUG neutron.db.agents_db [None req-063fd9a0-cfe4-4f23-9043-611d5a10271c None None] Agent healthcheck: found 0 active agents {{(pid=104293) agent_health_check /opt/stack/neutron/neutron/db/agents_db.py:317}}
Mar 30 18:21:49.796177 np0000161492 neutron-periodic-workers[104293]: DEBUG oslo.service.backend._threading.loopingcall [None req-063fd9a0-cfe4-4f23-9043-611d5a10271c None None] Fixed interval looping call 'neutron.plugins.ml2.plugin.AgentDbMixin.agent_health_check' sleeping for 36.99 seconds {{(pid=104293) _run_loop /opt/stack/data/venv/lib/python3.12/site-packages/oslo_service/backend/_threading/loopingcall.py:125}}
Mar 30 18:21:59.794156 np0000161492 neutron-periodic-workers[104293]: DEBUG dbcounter [-] [104293] Writing DB stats neutron:SELECT=1 {{(pid=104293) stat_writer /opt/stack/data/venv/lib/python3.12/site-packages/dbcounter.py:115}}
Mar 30 18:22:03.811865 np0000161492 neutron-periodic-workers[104284]: DEBUG oslo.service.backend._threading.loopingcall [None req-0097e882-2ccf-4e21-91f3-629f2fbe9049 None None] Fixed interval looping call 'neutron.plugins.ml2.plugin.DhcpAgentSchedulerDbMixin.remove_networks_from_down_agents' sleeping for 36.99 seconds {{(pid=104284) _run_loop /opt/stack/data/venv/lib/python3.12/site-packages/oslo_service/backend/_threading/loopingcall.py:125}}
Mar 30 18:22:13.810941 np0000161492 neutron-periodic-workers[104284]: DEBUG dbcounter [-] [104284] Writing DB stats neutron:SELECT=3 {{(pid=104284) stat_writer /opt/stack/data/venv/lib/python3.12/site-packages/dbcounter.py:115}}
Mar 30 18:22:26.791832 np0000161492 neutron-periodic-workers[104293]: DEBUG neutron.db.agents_db [None req-063fd9a0-cfe4-4f23-9043-611d5a10271c None None] Agent healthcheck: found 0 active agents {{(pid=104293) agent_health_check /opt/stack/neutron/neutron/db/agents_db.py:317}}
Mar 30 18:22:26.792453 np0000161492 neutron-periodic-workers[104293]: DEBUG oslo.service.backend._threading.loopingcall [None req-063fd9a0-cfe4-4f23-9043-611d5a10271c None None] Fixed interval looping call 'neutron.plugins.ml2.plugin.AgentDbMixin.agent_health_check' sleeping for 36.99 seconds {{(pid=104293) _run_loop /opt/stack/data/venv/lib/python3.12/site-packages/oslo_service/backend/_threading/loopingcall.py:125}}
Mar 30 18:22:34.835941 np0000161492 neutron-periodic-workers[104300]: DEBUG oslo.service.backend._threading.loopingcall [None req-ed98a31a-80b8-4bb1-a955-d318c2ee3e44 None None] Fixed interval looping call 'neutron.db.quota.driver_nolock.DbQuotaNoLockDriver._remove_expired_reservations' sleeping for 120.00 seconds {{(pid=104300) _run_loop /opt/stack/data/venv/lib/python3.12/site-packages/oslo_service/backend/_threading/loopingcall.py:125}}
Mar 30 18:22:36.789678 np0000161492 neutron-periodic-workers[104293]: DEBUG dbcounter [-] [104293] Writing DB stats neutron:SELECT=1 {{(pid=104293) stat_writer /opt/stack/data/venv/lib/python3.12/site-packages/dbcounter.py:115}}
Mar 30 18:22:40.811110 np0000161492 neutron-periodic-workers[104284]: DEBUG oslo.service.backend._threading.loopingcall [None req-0097e882-2ccf-4e21-91f3-629f2fbe9049 None None] Fixed interval looping call 'neutron.plugins.ml2.plugin.DhcpAgentSchedulerDbMixin.remove_networks_from_down_agents' sleeping for 36.99 seconds {{(pid=104284) _run_loop /opt/stack/data/venv/lib/python3.12/site-packages/oslo_service/backend/_threading/loopingcall.py:125}}
Mar 30 18:22:44.834645 np0000161492 neutron-periodic-workers[104300]: DEBUG dbcounter [-] [104300] Writing DB stats neutron:DELETE=1 {{(pid=104300) stat_writer /opt/stack/data/venv/lib/python3.12/site-packages/dbcounter.py:115}}
Mar 30 18:22:50.810098 np0000161492 neutron-periodic-workers[104284]: DEBUG dbcounter [-] [104284] Writing DB stats neutron:SELECT=3 {{(pid=104284) stat_writer /opt/stack/data/venv/lib/python3.12/site-packages/dbcounter.py:115}}
Mar 30 18:23:03.789857 np0000161492 neutron-periodic-workers[104293]: DEBUG neutron.db.agents_db [None req-063fd9a0-cfe4-4f23-9043-611d5a10271c None None] Agent healthcheck: found 0 active agents {{(pid=104293) agent_health_check /opt/stack/neutron/neutron/db/agents_db.py:317}}
Mar 30 18:23:03.790763 np0000161492 neutron-periodic-workers[104293]: DEBUG oslo.service.backend._threading.loopingcall [None req-063fd9a0-cfe4-4f23-9043-611d5a10271c None None] Fixed interval looping call 'neutron.plugins.ml2.plugin.AgentDbMixin.agent_health_check' sleeping for 36.99 seconds {{(pid=104293) _run_loop /opt/stack/data/venv/lib/python3.12/site-packages/oslo_service/backend/_threading/loopingcall.py:125}}
Mar 30 18:23:13.787171 np0000161492 neutron-periodic-workers[104293]: DEBUG dbcounter [-] [104293] Writing DB stats neutron:SELECT=1 {{(pid=104293) stat_writer /opt/stack/data/venv/lib/python3.12/site-packages/dbcounter.py:115}}
Mar 30 18:23:17.806408 np0000161492 neutron-periodic-workers[104284]: DEBUG oslo.service.backend._threading.loopingcall [None req-0097e882-2ccf-4e21-91f3-629f2fbe9049 None None] Fixed interval looping call 'neutron.plugins.ml2.plugin.DhcpAgentSchedulerDbMixin.remove_networks_from_down_agents' sleeping for 36.99 seconds {{(pid=104284) _run_loop /opt/stack/data/venv/lib/python3.12/site-packages/oslo_service/backend/_threading/loopingcall.py:125}}
Mar 30 18:23:27.806282 np0000161492 neutron-periodic-workers[104284]: DEBUG dbcounter [-] [104284] Writing DB stats neutron:SELECT=3 {{(pid=104284) stat_writer /opt/stack/data/venv/lib/python3.12/site-packages/dbcounter.py:115}}
Mar 30 18:23:40.786167 np0000161492 neutron-periodic-workers[104293]: DEBUG neutron.db.agents_db [None req-063fd9a0-cfe4-4f23-9043-611d5a10271c None None] Agent healthcheck: found 0 active agents {{(pid=104293) agent_health_check /opt/stack/neutron/neutron/db/agents_db.py:317}}
Mar 30 18:23:40.786709 np0000161492 neutron-periodic-workers[104293]: DEBUG oslo.service.backend._threading.loopingcall [None req-063fd9a0-cfe4-4f23-9043-611d5a10271c None None] Fixed interval looping call 'neutron.plugins.ml2.plugin.AgentDbMixin.agent_health_check' sleeping for 36.99 seconds {{(pid=104293) _run_loop /opt/stack/data/venv/lib/python3.12/site-packages/oslo_service/backend/_threading/loopingcall.py:125}}
Mar 30 18:23:50.784451 np0000161492 neutron-periodic-workers[104293]: DEBUG dbcounter [-] [104293] Writing DB stats neutron:SELECT=1 {{(pid=104293) stat_writer /opt/stack/data/venv/lib/python3.12/site-packages/dbcounter.py:115}}
Mar 30 18:23:54.807100 np0000161492 neutron-periodic-workers[104284]: DEBUG oslo.service.backend._threading.loopingcall [None req-0097e882-2ccf-4e21-91f3-629f2fbe9049 None None] Fixed interval looping call 'neutron.plugins.ml2.plugin.DhcpAgentSchedulerDbMixin.remove_networks_from_down_agents' sleeping for 36.99 seconds {{(pid=104284) _run_loop /opt/stack/data/venv/lib/python3.12/site-packages/oslo_service/backend/_threading/loopingcall.py:125}}
Mar 30 18:24:04.805651 np0000161492 neutron-periodic-workers[104284]: DEBUG dbcounter [-] [104284] Writing DB stats neutron:SELECT=3 {{(pid=104284) stat_writer /opt/stack/data/venv/lib/python3.12/site-packages/dbcounter.py:115}}
Mar 30 18:24:14.789586 np0000161492 neutron-periodic-workers[104274]: DEBUG oslo.service.backend._threading.loopingcall [None req-316bcd07-eaa0-44d3-bd1b-55133cce0676 None None] Fixed interval looping call 'neutron.services.ovn_l3.plugin.L3_NAT_dbonly_mixin._clean_garbage' sleeping for 299.99 seconds {{(pid=104274) _run_loop /opt/stack/data/venv/lib/python3.12/site-packages/oslo_service/backend/_threading/loopingcall.py:125}}
Mar 30 18:24:17.784048 np0000161492 neutron-periodic-workers[104293]: DEBUG neutron.db.agents_db [None req-063fd9a0-cfe4-4f23-9043-611d5a10271c None None] Agent healthcheck: found 0 active agents {{(pid=104293) agent_health_check /opt/stack/neutron/neutron/db/agents_db.py:317}}
Mar 30 18:24:17.784863 np0000161492 neutron-periodic-workers[104293]: DEBUG oslo.service.backend._threading.loopingcall [None req-063fd9a0-cfe4-4f23-9043-611d5a10271c None None] Fixed interval looping call 'neutron.plugins.ml2.plugin.AgentDbMixin.agent_health_check' sleeping for 36.99 seconds {{(pid=104293) _run_loop /opt/stack/data/venv/lib/python3.12/site-packages/oslo_service/backend/_threading/loopingcall.py:125}}
Mar 30 18:24:24.782282 np0000161492 neutron-periodic-workers[104274]: DEBUG dbcounter [-] [104274] Writing DB stats neutron:SELECT=1 {{(pid=104274) stat_writer /opt/stack/data/venv/lib/python3.12/site-packages/dbcounter.py:115}}
Mar 30 18:24:27.787100 np0000161492 neutron-periodic-workers[104293]: DEBUG dbcounter [-] [104293] Writing DB stats neutron:SELECT=1 {{(pid=104293) stat_writer /opt/stack/data/venv/lib/python3.12/site-packages/dbcounter.py:115}}
Mar 30 18:24:31.803901 np0000161492 neutron-periodic-workers[104284]: DEBUG oslo.service.backend._threading.loopingcall [None req-0097e882-2ccf-4e21-91f3-629f2fbe9049 None None] Fixed interval looping call 'neutron.plugins.ml2.plugin.DhcpAgentSchedulerDbMixin.remove_networks_from_down_agents' sleeping for 36.99 seconds {{(pid=104284) _run_loop /opt/stack/data/venv/lib/python3.12/site-packages/oslo_service/backend/_threading/loopingcall.py:125}}
Mar 30 18:24:34.839336 np0000161492 neutron-periodic-workers[104300]: DEBUG oslo.service.backend._threading.loopingcall [None req-ed98a31a-80b8-4bb1-a955-d318c2ee3e44 None None] Fixed interval looping call 'neutron.db.quota.driver_nolock.DbQuotaNoLockDriver._remove_expired_reservations' sleeping for 120.00 seconds {{(pid=104300) _run_loop /opt/stack/data/venv/lib/python3.12/site-packages/oslo_service/backend/_threading/loopingcall.py:125}}
Mar 30 18:24:41.803274 np0000161492 neutron-periodic-workers[104284]: DEBUG dbcounter [-] [104284] Writing DB stats neutron:SELECT=3 {{(pid=104284) stat_writer /opt/stack/data/venv/lib/python3.12/site-packages/dbcounter.py:115}}
Mar 30 18:24:44.838741 np0000161492 neutron-periodic-workers[104300]: DEBUG dbcounter [-] [104300] Writing DB stats neutron:DELETE=1 {{(pid=104300) stat_writer /opt/stack/data/venv/lib/python3.12/site-packages/dbcounter.py:115}}
Mar 30 18:24:54.780995 np0000161492 neutron-periodic-workers[104293]: DEBUG neutron.db.agents_db [None req-063fd9a0-cfe4-4f23-9043-611d5a10271c None None] Agent healthcheck: found 0 active agents {{(pid=104293) agent_health_check /opt/stack/neutron/neutron/db/agents_db.py:317}}
Mar 30 18:24:54.781593 np0000161492 neutron-periodic-workers[104293]: DEBUG oslo.service.backend._threading.loopingcall [None req-063fd9a0-cfe4-4f23-9043-611d5a10271c None None] Fixed interval looping call 'neutron.plugins.ml2.plugin.AgentDbMixin.agent_health_check' sleeping for 36.99 seconds {{(pid=104293) _run_loop /opt/stack/data/venv/lib/python3.12/site-packages/oslo_service/backend/_threading/loopingcall.py:125}}
Mar 30 18:25:04.778377 np0000161492 neutron-periodic-workers[104293]: DEBUG dbcounter [-] [104293] Writing DB stats neutron:SELECT=1 {{(pid=104293) stat_writer /opt/stack/data/venv/lib/python3.12/site-packages/dbcounter.py:115}}
Mar 30 18:25:08.805536 np0000161492 neutron-periodic-workers[104284]: DEBUG oslo.service.backend._threading.loopingcall [None req-0097e882-2ccf-4e21-91f3-629f2fbe9049 None None] Fixed interval looping call 'neutron.plugins.ml2.plugin.DhcpAgentSchedulerDbMixin.remove_networks_from_down_agents' sleeping for 36.99 seconds {{(pid=104284) _run_loop /opt/stack/data/venv/lib/python3.12/site-packages/oslo_service/backend/_threading/loopingcall.py:125}}
Mar 30 18:25:18.803734 np0000161492 neutron-periodic-workers[104284]: DEBUG dbcounter [-] [104284] Writing DB stats neutron:SELECT=3 {{(pid=104284) stat_writer /opt/stack/data/venv/lib/python3.12/site-packages/dbcounter.py:115}}
Mar 30 18:25:31.775419 np0000161492 neutron-periodic-workers[104293]: DEBUG neutron.db.agents_db [None req-063fd9a0-cfe4-4f23-9043-611d5a10271c None None] Agent healthcheck: found 0 active agents {{(pid=104293) agent_health_check /opt/stack/neutron/neutron/db/agents_db.py:317}}
Mar 30 18:25:31.775897 np0000161492 neutron-periodic-workers[104293]: DEBUG oslo.service.backend._threading.loopingcall [None req-063fd9a0-cfe4-4f23-9043-611d5a10271c None None] Fixed interval looping call 'neutron.plugins.ml2.plugin.AgentDbMixin.agent_health_check' sleeping for 37.00 seconds {{(pid=104293) _run_loop /opt/stack/data/venv/lib/python3.12/site-packages/oslo_service/backend/_threading/loopingcall.py:125}}
Mar 30 18:25:41.774293 np0000161492 neutron-periodic-workers[104293]: DEBUG dbcounter [-] [104293] Writing DB stats neutron:SELECT=1 {{(pid=104293) stat_writer /opt/stack/data/venv/lib/python3.12/site-packages/dbcounter.py:115}}
Mar 30 18:25:45.804091 np0000161492 neutron-periodic-workers[104284]: DEBUG oslo.service.backend._threading.loopingcall [None req-0097e882-2ccf-4e21-91f3-629f2fbe9049 None None] Fixed interval looping call 'neutron.plugins.ml2.plugin.DhcpAgentSchedulerDbMixin.remove_networks_from_down_agents' sleeping for 36.99 seconds {{(pid=104284) _run_loop /opt/stack/data/venv/lib/python3.12/site-packages/oslo_service/backend/_threading/loopingcall.py:125}}
Mar 30 18:25:55.803259 np0000161492 neutron-periodic-workers[104284]: DEBUG dbcounter [-] [104284] Writing DB stats neutron:SELECT=3 {{(pid=104284) stat_writer /opt/stack/data/venv/lib/python3.12/site-packages/dbcounter.py:115}}
Mar 30 18:26:08.779865 np0000161492 neutron-periodic-workers[104293]: DEBUG neutron.db.agents_db [None req-063fd9a0-cfe4-4f23-9043-611d5a10271c None None] Agent healthcheck: found 0 active agents {{(pid=104293) agent_health_check /opt/stack/neutron/neutron/db/agents_db.py:317}}
Mar 30 18:26:08.780523 np0000161492 neutron-periodic-workers[104293]: DEBUG oslo.service.backend._threading.loopingcall [None req-063fd9a0-cfe4-4f23-9043-611d5a10271c None None] Fixed interval looping call 'neutron.plugins.ml2.plugin.AgentDbMixin.agent_health_check' sleeping for 37.00 seconds {{(pid=104293) _run_loop /opt/stack/data/venv/lib/python3.12/site-packages/oslo_service/backend/_threading/loopingcall.py:125}}
Mar 30 18:26:18.778723 np0000161492 neutron-periodic-workers[104293]: DEBUG dbcounter [-] [104293] Writing DB stats neutron:SELECT=1 {{(pid=104293) stat_writer /opt/stack/data/venv/lib/python3.12/site-packages/dbcounter.py:115}}
Mar 30 18:26:22.805252 np0000161492 neutron-periodic-workers[104284]: DEBUG oslo.service.backend._threading.loopingcall [None req-0097e882-2ccf-4e21-91f3-629f2fbe9049 None None] Fixed interval looping call 'neutron.plugins.ml2.plugin.DhcpAgentSchedulerDbMixin.remove_networks_from_down_agents' sleeping for 36.99 seconds {{(pid=104284) _run_loop /opt/stack/data/venv/lib/python3.12/site-packages/oslo_service/backend/_threading/loopingcall.py:125}}
Mar 30 18:26:32.803805 np0000161492 neutron-periodic-workers[104284]: DEBUG dbcounter [-] [104284] Writing DB stats neutron:SELECT=3 {{(pid=104284) stat_writer /opt/stack/data/venv/lib/python3.12/site-packages/dbcounter.py:115}}
Mar 30 18:26:34.844070 np0000161492 neutron-periodic-workers[104300]: DEBUG oslo.service.backend._threading.loopingcall [None req-ed98a31a-80b8-4bb1-a955-d318c2ee3e44 None None] Fixed interval looping call 'neutron.db.quota.driver_nolock.DbQuotaNoLockDriver._remove_expired_reservations' sleeping for 120.00 seconds {{(pid=104300) _run_loop /opt/stack/data/venv/lib/python3.12/site-packages/oslo_service/backend/_threading/loopingcall.py:125}}
Mar 30 18:26:44.842586 np0000161492 neutron-periodic-workers[104300]: DEBUG dbcounter [-] [104300] Writing DB stats neutron:DELETE=1 {{(pid=104300) stat_writer /opt/stack/data/venv/lib/python3.12/site-packages/dbcounter.py:115}}
Mar 30 18:26:45.785422 np0000161492 neutron-periodic-workers[104293]: DEBUG neutron.db.agents_db [None req-063fd9a0-cfe4-4f23-9043-611d5a10271c None None] Agent healthcheck: found 0 active agents {{(pid=104293) agent_health_check /opt/stack/neutron/neutron/db/agents_db.py:317}}
Mar 30 18:26:45.786062 np0000161492 neutron-periodic-workers[104293]: DEBUG oslo.service.backend._threading.loopingcall [None req-063fd9a0-cfe4-4f23-9043-611d5a10271c None None] Fixed interval looping call 'neutron.plugins.ml2.plugin.AgentDbMixin.agent_health_check' sleeping for 36.99 seconds {{(pid=104293) _run_loop /opt/stack/data/venv/lib/python3.12/site-packages/oslo_service/backend/_threading/loopingcall.py:125}}
Mar 30 18:26:55.783387 np0000161492 neutron-periodic-workers[104293]: DEBUG dbcounter [-] [104293] Writing DB stats neutron:SELECT=1 {{(pid=104293) stat_writer /opt/stack/data/venv/lib/python3.12/site-packages/dbcounter.py:115}}
Mar 30 18:26:59.806180 np0000161492 neutron-periodic-workers[104284]: DEBUG oslo.service.backend._threading.loopingcall [None req-0097e882-2ccf-4e21-91f3-629f2fbe9049 None None] Fixed interval looping call 'neutron.plugins.ml2.plugin.DhcpAgentSchedulerDbMixin.remove_networks_from_down_agents' sleeping for 36.99 seconds {{(pid=104284) _run_loop /opt/stack/data/venv/lib/python3.12/site-packages/oslo_service/backend/_threading/loopingcall.py:125}}
Mar 30 18:27:09.803982 np0000161492 neutron-periodic-workers[104284]: DEBUG dbcounter [-] [104284] Writing DB stats neutron:SELECT=3 {{(pid=104284) stat_writer /opt/stack/data/venv/lib/python3.12/site-packages/dbcounter.py:115}}
Mar 30 18:27:22.781151 np0000161492 neutron-periodic-workers[104293]: DEBUG neutron.db.agents_db [None req-063fd9a0-cfe4-4f23-9043-611d5a10271c None None] Agent healthcheck: found 0 active agents {{(pid=104293) agent_health_check /opt/stack/neutron/neutron/db/agents_db.py:317}}
Mar 30 18:27:22.781692 np0000161492 neutron-periodic-workers[104293]: DEBUG oslo.service.backend._threading.loopingcall [None req-063fd9a0-cfe4-4f23-9043-611d5a10271c None None] Fixed interval looping call 'neutron.plugins.ml2.plugin.AgentDbMixin.agent_health_check' sleeping for 36.99 seconds {{(pid=104293) _run_loop /opt/stack/data/venv/lib/python3.12/site-packages/oslo_service/backend/_threading/loopingcall.py:125}}
Mar 30 18:27:32.779556 np0000161492 neutron-periodic-workers[104293]: DEBUG dbcounter [-] [104293] Writing DB stats neutron:SELECT=1 {{(pid=104293) stat_writer /opt/stack/data/venv/lib/python3.12/site-packages/dbcounter.py:115}}
Mar 30 18:27:36.805800 np0000161492 neutron-periodic-workers[104284]: DEBUG oslo.service.backend._threading.loopingcall [None req-0097e882-2ccf-4e21-91f3-629f2fbe9049 None None] Fixed interval looping call 'neutron.plugins.ml2.plugin.DhcpAgentSchedulerDbMixin.remove_networks_from_down_agents' sleeping for 36.99 seconds {{(pid=104284) _run_loop /opt/stack/data/venv/lib/python3.12/site-packages/oslo_service/backend/_threading/loopingcall.py:125}}
Mar 30 18:27:46.804451 np0000161492 neutron-periodic-workers[104284]: DEBUG dbcounter [-] [104284] Writing DB stats neutron:SELECT=3 {{(pid=104284) stat_writer /opt/stack/data/venv/lib/python3.12/site-packages/dbcounter.py:115}}
Mar 30 18:27:59.777413 np0000161492 neutron-periodic-workers[104293]: DEBUG neutron.db.agents_db [None req-063fd9a0-cfe4-4f23-9043-611d5a10271c None None] Agent healthcheck: found 0 active agents {{(pid=104293) agent_health_check /opt/stack/neutron/neutron/db/agents_db.py:317}}
Mar 30 18:27:59.777920 np0000161492 neutron-periodic-workers[104293]: DEBUG oslo.service.backend._threading.loopingcall [None req-063fd9a0-cfe4-4f23-9043-611d5a10271c None None] Fixed interval looping call 'neutron.plugins.ml2.plugin.AgentDbMixin.agent_health_check' sleeping for 36.99 seconds {{(pid=104293) _run_loop /opt/stack/data/venv/lib/python3.12/site-packages/oslo_service/backend/_threading/loopingcall.py:125}}
Mar 30 18:28:09.775153 np0000161492 neutron-periodic-workers[104293]: DEBUG dbcounter [-] [104293] Writing DB stats neutron:SELECT=1 {{(pid=104293) stat_writer /opt/stack/data/venv/lib/python3.12/site-packages/dbcounter.py:115}}
Mar 30 18:28:13.810050 np0000161492 neutron-periodic-workers[104284]: DEBUG oslo.service.backend._threading.loopingcall [None req-0097e882-2ccf-4e21-91f3-629f2fbe9049 None None] Fixed interval looping call 'neutron.plugins.ml2.plugin.DhcpAgentSchedulerDbMixin.remove_networks_from_down_agents' sleeping for 36.99 seconds {{(pid=104284) _run_loop /opt/stack/data/venv/lib/python3.12/site-packages/oslo_service/backend/_threading/loopingcall.py:125}}
Mar 30 18:28:23.808934 np0000161492 neutron-periodic-workers[104284]: DEBUG dbcounter [-] [104284] Writing DB stats neutron:SELECT=3 {{(pid=104284) stat_writer /opt/stack/data/venv/lib/python3.12/site-packages/dbcounter.py:115}}
Mar 30 18:28:34.849572 np0000161492 neutron-periodic-workers[104300]: DEBUG oslo.service.backend._threading.loopingcall [None req-ed98a31a-80b8-4bb1-a955-d318c2ee3e44 None None] Fixed interval looping call 'neutron.db.quota.driver_nolock.DbQuotaNoLockDriver._remove_expired_reservations' sleeping for 120.00 seconds {{(pid=104300) _run_loop /opt/stack/data/venv/lib/python3.12/site-packages/oslo_service/backend/_threading/loopingcall.py:125}}
Mar 30 18:28:36.773584 np0000161492 neutron-periodic-workers[104293]: DEBUG neutron.db.agents_db [None req-063fd9a0-cfe4-4f23-9043-611d5a10271c None None] Agent healthcheck: found 0 active agents {{(pid=104293) agent_health_check /opt/stack/neutron/neutron/db/agents_db.py:317}}
