2026-06-20 02:38:58.498 8 INFO placement.requestlog [None req-f8e001ab-fe55-460f-bc9a-9c8708cc67db 91d8b03abe87436ca25b037326235988 4d8e1aac013c41c9a84222c1aa9e5c88 - - 5d16f4c6e680403ba2987295c781e38f 5d16f4c6e680403ba2987295c781e38f] 10.0.0.67 "GET /resource_providers/a05a5b41-e93c-4b2d-b530-0516525c8a3e/aggregates" status: 404 len: 235 microversion: 1.1 [pid: 8|app: 0|req: 345/687] 10.0.0.67 () {32 vars in 815 bytes} [Sat Jun 20 02:38:58 2026] GET /resource_providers/a05a5b41-e93c-4b2d-b530-0516525c8a3e/aggregates => generated 235 bytes in 12 msecs (HTTP/1.1 404) 5 headers in 202 bytes (1 switches on core 0)
2026-06-20 02:38:58.514 7 INFO placement.requestlog [None req-5a65be27-b727-459a-a0f5-a9f1663e0f9d 91d8b03abe87436ca25b037326235988 4d8e1aac013c41c9a84222c1aa9e5c88 - - 5d16f4c6e680403ba2987295c781e38f 5d16f4c6e680403ba2987295c781e38f] 10.0.0.67 "DELETE /resource_providers/a05a5b41-e93c-4b2d-b530-0516525c8a3e" status: 404 len: 246 microversion: 1.1 [pid: 7|app: 0|req: 343/688] 10.0.0.67 () {34 vars in 815 bytes} [Sat Jun 20 02:38:58 2026] DELETE /resource_providers/a05a5b41-e93c-4b2d-b530-0516525c8a3e => generated 246 bytes in 7 msecs (HTTP/1.1 404) 6 headers in 231 bytes (1 switches on core 0)
2026-06-20 02:38:58.524 8 INFO placement.requestlog [None req-afd1e0f7-237f-469b-b21e-9a8e50689461 91d8b03abe87436ca25b037326235988 4d8e1aac013c41c9a84222c1aa9e5c88 - - 5d16f4c6e680403ba2987295c781e38f 5d16f4c6e680403ba2987295c781e38f] 10.0.0.67 "DELETE /resource_providers/a05a5b41-e93c-4b2d-b530-0516525c8a3e" status: 404 len: 246 microversion: 1.1 [pid: 8|app: 0|req: 346/689] 10.0.0.67 () {34 vars in 815 bytes} [Sat Jun 20 02:38:58 2026] DELETE /resource_providers/a05a5b41-e93c-4b2d-b530-0516525c8a3e => generated 246 bytes in 8 msecs (HTTP/1.1 404) 6 headers in 231 bytes (1 switches on core 0)
2026-06-20 02:38:59.284 7 INFO placement.requestlog [req-25082dfc-f013-4170-ae6e-1271a24ede51 req-4822f94d-bb70-49c7-a80d-9a05136d5a93 e600d369abb94a9ea7c0e56fc0676860 4d8e1aac013c41c9a84222c1aa9e5c88 - - 5d16f4c6e680403ba2987295c781e38f 5d16f4c6e680403ba2987295c781e38f] 10.0.0.251 "GET /allocation_candidates?limit=1000&resources=DISK_GB%3A1%2CMEMORY_MB%3A512%2CVCPU%3A1&root_required=%21COMPUTE_STATUS_DISABLED" status: 200 len: 2784 microversion: 1.36 [pid: 7|app: 0|req: 344/690] 10.0.0.251 () {34 vars in 1012 bytes} [Sat Jun 20 02:38:59 2026] GET /allocation_candidates?limit=1000&resources=DISK_GB%3A1%2CMEMORY_MB%3A512%2CVCPU%3A1&root_required=%21COMPUTE_STATUS_DISABLED => generated 2784 bytes in 66 msecs (HTTP/1.1 200) 8 headers in 297 bytes (1 switches on core 0)
2026-06-20 02:38:59.321 8 INFO placement.requestlog [req-25082dfc-f013-4170-ae6e-1271a24ede51 req-df21b504-3d24-4092-b7d1-ab3ada1b0601 e600d369abb94a9ea7c0e56fc0676860 4d8e1aac013c41c9a84222c1aa9e5c88 - - 5d16f4c6e680403ba2987295c781e38f 5d16f4c6e680403ba2987295c781e38f] 10.0.0.251 "GET /allocations/dadacd23-7525-4dd2-8ba1-9e93281b4817" status: 200 len: 19 microversion: 1.28 [pid: 8|app: 0|req: 347/691] 10.0.0.251 () {34 vars in 861 bytes} [Sat Jun 20 02:38:59 2026] GET /allocations/dadacd23-7525-4dd2-8ba1-9e93281b4817 => generated 19 bytes in 12 msecs (HTTP/1.1 200) 8 headers in 295 bytes (1 switches on core 0)
2026-06-20 02:38:59.428 7 INFO placement.requestlog [req-25082dfc-f013-4170-ae6e-1271a24ede51 req-03fae193-b601-49a9-bc89-44ce60b90877 e600d369abb94a9ea7c0e56fc0676860 4d8e1aac013c41c9a84222c1aa9e5c88 - - 5d16f4c6e680403ba2987295c781e38f 5d16f4c6e680403ba2987295c781e38f] 10.0.0.251 "PUT /allocations/dadacd23-7525-4dd2-8ba1-9e93281b4817" status: 204 len: 0 microversion: 1.36 [pid: 7|app: 0|req: 345/692] 10.0.0.251 () {38 vars in 914 bytes} [Sat Jun 20 02:38:59 2026] PUT /allocations/dadacd23-7525-4dd2-8ba1-9e93281b4817 => generated 0 bytes in 101 msecs (HTTP/1.1 204) 5 headers in 199 bytes (1 switches on core 0)
2026-06-20 02:39:00.337 7 INFO placement.requestlog [None req-366006d0-6927-41e5-9b27-bd9118001525 - - - - - -] 10.0.0.47 "GET /" status: 200 len: 136 microversion: 1.0
2026-06-20 02:39:00.338 8 INFO placement.requestlog [None req-3dcd6c09-512f-4cf4-a444-1ec1c8af7675 - - - - - -] 10.0.0.47 "GET /" status: 200 len: 136 microversion: 1.0
2026-06-20 02:39:00.873 7 INFO placement.requestlog [req-25082dfc-f013-4170-ae6e-1271a24ede51 req-f1d2740d-4fc5-49cc-ba29-a30e31f37ea0 e600d369abb94a9ea7c0e56fc0676860 4d8e1aac013c41c9a84222c1aa9e5c88 - - 5d16f4c6e680403ba2987295c781e38f 5d16f4c6e680403ba2987295c781e38f] 199.204.45.132 "GET /allocations/dadacd23-7525-4dd2-8ba1-9e93281b4817" status: 200 len: 257 microversion: 1.28 [pid: 7|app: 0|req: 347/695] 199.204.45.132 () {34 vars in 863 bytes} [Sat Jun 20 02:39:00 2026] GET /allocations/dadacd23-7525-4dd2-8ba1-9e93281b4817 => generated 257 bytes in 14 msecs (HTTP/1.1 200) 8 headers in 296 bytes (1 switches on core 0)
2026-06-20 02:39:01.915 8 INFO placement.requestlog [req-25082dfc-f013-4170-ae6e-1271a24ede51 req-b24da9fc-5123-46fb-8317-58bef7ce3997 e600d369abb94a9ea7c0e56fc0676860 4d8e1aac013c41c9a84222c1aa9e5c88 - - 5d16f4c6e680403ba2987295c781e38f 5d16f4c6e680403ba2987295c781e38f] 199.204.45.132 "GET /resource_providers/5b586a8d-82f8-4f44-87d8-9c2f76286901/allocations" status: 200 len: 352 microversion: 1.0 [pid: 8|app: 0|req: 349/696] 199.204.45.132 () {32 vars in 857 bytes} [Sat Jun 20 02:39:01 2026] GET /resource_providers/5b586a8d-82f8-4f44-87d8-9c2f76286901/allocations => generated 352 bytes in 14 msecs (HTTP/1.1 200) 6 headers in 224 bytes (1 switches on core 0)
2026-06-20 02:39:01.932 7 INFO placement.requestlog [req-25082dfc-f013-4170-ae6e-1271a24ede51 req-af8388a1-4d9e-4f77-9648-784ecbcba1c8 e600d369abb94a9ea7c0e56fc0676860 4d8e1aac013c41c9a84222c1aa9e5c88 - - 5d16f4c6e680403ba2987295c781e38f 5d16f4c6e680403ba2987295c781e38f] 199.204.45.132 "GET /allocations/dadacd23-7525-4dd2-8ba1-9e93281b4817" status: 200 len: 257 microversion: 1.28 [pid: 7|app: 0|req: 348/697] 199.204.45.132 () {34 vars in 863 bytes} [Sat Jun 20 02:39:01 2026] GET /allocations/dadacd23-7525-4dd2-8ba1-9e93281b4817 => generated 257 bytes in 13 msecs (HTTP/1.1 200) 8 headers in 296 bytes (1 switches on core 0)
2026-06-20 02:39:01.947 8 INFO placement.requestlog [req-25082dfc-f013-4170-ae6e-1271a24ede51 req-fc6b2f6c-670f-43ce-b035-cb4c9f27b221 e600d369abb94a9ea7c0e56fc0676860 4d8e1aac013c41c9a84222c1aa9e5c88 - - 5d16f4c6e680403ba2987295c781e38f 5d16f4c6e680403ba2987295c781e38f] 199.204.45.132 "GET /allocations/1e5efbc7-f889-45ba-856d-1b9892dd624b" status: 200 len: 257 microversion: 1.28 [pid: 8|app: 0|req: 350/698] 199.204.45.132 () {34 vars in 863 bytes} [Sat Jun 20 02:39:01 2026] GET /allocations/1e5efbc7-f889-45ba-856d-1b9892dd624b => generated 257 bytes in 9 msecs (HTTP/1.1 200) 8 headers in 296 bytes (1 switches on core 0)
2026-06-20 02:39:01.971 7 INFO placement.requestlog [req-25082dfc-f013-4170-ae6e-1271a24ede51 req-2c8f43f0-467e-463d-975a-f1878faa159c e600d369abb94a9ea7c0e56fc0676860 4d8e1aac013c41c9a84222c1aa9e5c88 - - 5d16f4c6e680403ba2987295c781e38f 5d16f4c6e680403ba2987295c781e38f] 199.204.45.132 "GET /allocations/1d85d58d-dc1a-41fe-b53d-d2d25adec94e" status: 200 len: 257 microversion: 1.28 [pid: 7|app: 0|req: 349/699] 199.204.45.132 () {34 vars in 863 bytes} [Sat Jun 20 02:39:01 2026] GET /allocations/1d85d58d-dc1a-41fe-b53d-d2d25adec94e => generated 257 bytes in 18 msecs (HTTP/1.1 200) 8 headers in 296 bytes (1 switches on core 0)
2026-06-20 02:39:03.206 8 INFO placement.requestlog [req-de56927d-ce8e-40c7-bf59-636c71a98c6e req-1516a889-a8fc-4c2c-b0a3-43b5db0b1165 e600d369abb94a9ea7c0e56fc0676860 4d8e1aac013c41c9a84222c1aa9e5c88 - - 5d16f4c6e680403ba2987295c781e38f 5d16f4c6e680403ba2987295c781e38f] 199.204.45.132 "GET /resource_providers/5b586a8d-82f8-4f44-87d8-9c2f76286901/allocations" status: 200 len: 352 microversion: 1.0 [pid: 8|app: 0|req: 351/700] 199.204.45.132 () {32 vars in 857 bytes} [Sat Jun 20 02:39:03 2026] GET /resource_providers/5b586a8d-82f8-4f44-87d8-9c2f76286901/allocations => generated 352 bytes in 19 msecs (HTTP/1.1 200) 6 headers in 224 bytes (1 switches on core 0)
2026-06-20 02:39:03.230 7 INFO placement.requestlog [req-de56927d-ce8e-40c7-bf59-636c71a98c6e req-de08fe49-d204-4535-b5cb-b7711207907a e600d369abb94a9ea7c0e56fc0676860 4d8e1aac013c41c9a84222c1aa9e5c88 - - 5d16f4c6e680403ba2987295c781e38f 5d16f4c6e680403ba2987295c781e38f] 199.204.45.132 "GET /allocations/dadacd23-7525-4dd2-8ba1-9e93281b4817" status: 200 len: 257 microversion: 1.28 [pid: 7|app: 0|req: 350/701] 199.204.45.132 () {34 vars in 863 bytes} [Sat Jun 20 02:39:03 2026] GET /allocations/dadacd23-7525-4dd2-8ba1-9e93281b4817 => generated 257 bytes in 15 msecs (HTTP/1.1 200) 8 headers in 296 bytes (1 switches on core 0)
2026-06-20 02:39:03.251 8 INFO placement.requestlog [req-de56927d-ce8e-40c7-bf59-636c71a98c6e req-1b592376-dba9-48ec-b0c3-8c1937bc48b9 e600d369abb94a9ea7c0e56fc0676860 4d8e1aac013c41c9a84222c1aa9e5c88 - - 5d16f4c6e680403ba2987295c781e38f 5d16f4c6e680403ba2987295c781e38f] 199.204.45.132 "GET /allocations/1e5efbc7-f889-45ba-856d-1b9892dd624b" status: 200 len: 257 microversion: 1.28 [pid: 8|app: 0|req: 352/702] 199.204.45.132 () {34 vars in 863 bytes} [Sat Jun 20 02:39:03 2026] GET /allocations/1e5efbc7-f889-45ba-856d-1b9892dd624b => generated 257 bytes in 16 msecs (HTTP/1.1 200) 8 headers in 296 bytes (1 switches on core 0)
2026-06-20 02:39:03.275 7 INFO placement.requestlog [req-de56927d-ce8e-40c7-bf59-636c71a98c6e req-b6e09ca9-89ec-4223-9545-61502863fc2c e600d369abb94a9ea7c0e56fc0676860 4d8e1aac013c41c9a84222c1aa9e5c88 - - 5d16f4c6e680403ba2987295c781e38f 5d16f4c6e680403ba2987295c781e38f] 199.204.45.132 "GET /allocations/1d85d58d-dc1a-41fe-b53d-d2d25adec94e" status: 200 len: 257 microversion: 1.28 [pid: 7|app: 0|req: 351/703] 199.204.45.132 () {34 vars in 863 bytes} [Sat Jun 20 02:39:03 2026] GET /allocations/1d85d58d-dc1a-41fe-b53d-d2d25adec94e => generated 257 bytes in 18 msecs (HTTP/1.1 200) 8 headers in 296 bytes (1 switches on core 0)
2026-06-20 02:39:04.329 8 INFO placement.requestlog [req-de56927d-ce8e-40c7-bf59-636c71a98c6e req-2de92a33-6f6f-4359-adc3-fb7a1ce8cce1 e600d369abb94a9ea7c0e56fc0676860 4d8e1aac013c41c9a84222c1aa9e5c88 - - 5d16f4c6e680403ba2987295c781e38f 5d16f4c6e680403ba2987295c781e38f] 199.204.45.132 "DELETE /allocations/1e5efbc7-f889-45ba-856d-1b9892dd624b" status: 204 len: 0 microversion: 1.0 [pid: 8|app: 0|req: 353/704] 199.204.45.132 () {34 vars in 841 bytes} [Sat Jun 20 02:39:04 2026] DELETE /allocations/1e5efbc7-f889-45ba-856d-1b9892dd624b => generated 0 bytes in 21 msecs (HTTP/1.1 204) 5 headers in 198 bytes (1 switches on core 0)
2026-06-20 02:39:08.077 7 INFO placement.requestlog [None req-be61e148-dbd8-4f83-8a50-222388ebdd39 91d8b03abe87436ca25b037326235988 4d8e1aac013c41c9a84222c1aa9e5c88 - - 5d16f4c6e680403ba2987295c781e38f 5d16f4c6e680403ba2987295c781e38f] 10.0.0.67 "GET /resource_providers/6c348932-a0e7-4288-8a97-60f290a558d7/aggregates" status: 404 len: 235 microversion: 1.1 [pid: 7|app: 0|req: 352/705] 10.0.0.67 () {32 vars in 815 bytes} [Sat Jun 20 02:39:08 2026] GET /resource_providers/6c348932-a0e7-4288-8a97-60f290a558d7/aggregates => generated 235 bytes in 10 msecs (HTTP/1.1 404) 5 headers in 202 bytes (1 switches on core 0)
2026-06-20 02:39:08.079 8 INFO placement.requestlog [None req-fd30464d-b8ba-4cf0-9a82-9523f5833bb7 91d8b03abe87436ca25b037326235988 4d8e1aac013c41c9a84222c1aa9e5c88 - - 5d16f4c6e680403ba2987295c781e38f 5d16f4c6e680403ba2987295c781e38f] 10.0.0.67 "GET /resource_providers/6c348932-a0e7-4288-8a97-60f290a558d7/aggregates" status: 404 len: 235 microversion: 1.1 [pid: 8|app: 0|req: 354/706] 10.0.0.67 () {32 vars in 815 bytes} [Sat Jun 20 02:39:08 2026] GET /resource_providers/6c348932-a0e7-4288-8a97-60f290a558d7/aggregates => generated 235 bytes in 10 msecs (HTTP/1.1 404) 5 headers in 202 bytes (1 switches on core 0)
2026-06-20 02:39:08.098 8 INFO placement.requestlog [None req-3f855617-a0a9-4693-990f-765dcb7c13be 91d8b03abe87436ca25b037326235988 4d8e1aac013c41c9a84222c1aa9e5c88 - - 5d16f4c6e680403ba2987295c781e38f 5d16f4c6e680403ba2987295c781e38f] 10.0.0.67 "DELETE /resource_providers/6c348932-a0e7-4288-8a97-60f290a558d7" status: 404 len: 246 microversion: 1.1 [pid: 8|app: 0|req: 355/707] 10.0.0.67 () {34 vars in 815 bytes} [Sat Jun 20 02:39:08 2026] DELETE /resource_providers/6c348932-a0e7-4288-8a97-60f290a558d7 => generated 246 bytes in 8 msecs (HTTP/1.1 404) 6 headers in 231 bytes (1 switches on core 0)
2026-06-20 02:39:08.099 7 INFO placement.requestlog [None req-20ba5227-ebbc-48f3-ba7f-fb359eba204f 91d8b03abe87436ca25b037326235988 4d8e1aac013c41c9a84222c1aa9e5c88 - - 5d16f4c6e680403ba2987295c781e38f 5d16f4c6e680403ba2987295c781e38f] 10.0.0.67 "DELETE /resource_providers/6c348932-a0e7-4288-8a97-60f290a558d7" status: 404 len: 246 microversion: 1.1 [pid: 7|app: 0|req: 353/708] 10.0.0.67 () {34 vars in 815 bytes} [Sat Jun 20 02:39:08 2026] DELETE /resource_providers/6c348932-a0e7-4288-8a97-60f290a558d7 => generated 246 bytes in 9 msecs (HTTP/1.1 404) 6 headers in 231 bytes (1 switches on core 0)
2026-06-20 02:39:10.337 8 INFO placement.requestlog [None req-d46a90ae-7e6d-43e2-92c5-2f1458924919 - - - - - -] 10.0.0.47 "GET /" status: 200 len: 136 microversion: 1.0
2026-06-20 02:39:10.338 7 INFO placement.requestlog [None req-7af1afc4-b9a0-41a6-87cf-97151e74ce08 - - - - - -] 10.0.0.47 "GET /" status: 200 len: 136 microversion: 1.0
2026-06-20 02:39:17.447 7 INFO placement.requestlog [req-0532f0b8-3dbf-4e10-bd66-4ccca3fa1767 req-d9276229-7c27-4dd7-b4f0-ff7273cd381e e600d369abb94a9ea7c0e56fc0676860 4d8e1aac013c41c9a84222c1aa9e5c88 - - 5d16f4c6e680403ba2987295c781e38f 5d16f4c6e680403ba2987295c781e38f] 199.204.45.132 "GET /resource_providers/5b586a8d-82f8-4f44-87d8-9c2f76286901/allocations" status: 200 len: 252 microversion: 1.0 [pid: 7|app: 0|req: 355/711] 199.204.45.132 () {32 vars in 857 bytes} [Sat Jun 20 02:39:17 2026] GET /resource_providers/5b586a8d-82f8-4f44-87d8-9c2f76286901/allocations => generated 252 bytes in 18 msecs (HTTP/1.1 200) 6 headers in 224 bytes (1 switches on core 0)
2026-06-20 02:39:17.468 8 INFO placement.requestlog [req-0532f0b8-3dbf-4e10-bd66-4ccca3fa1767 req-ba50e0f5-58c3-453f-8360-ff0959331bd4 e600d369abb94a9ea7c0e56fc0676860 4d8e1aac013c41c9a84222c1aa9e5c88 - - 5d16f4c6e680403ba2987295c781e38f 5d16f4c6e680403ba2987295c781e38f] 199.204.45.132 "GET /allocations/dadacd23-7525-4dd2-8ba1-9e93281b4817" status: 200 len: 257 microversion: 1.28 [pid: 8|app: 0|req: 357/712] 199.204.45.132 () {34 vars in 863 bytes} [Sat Jun 20 02:39:17 2026] GET /allocations/dadacd23-7525-4dd2-8ba1-9e93281b4817 => generated 257 bytes in 14 msecs (HTTP/1.1 200) 8 headers in 296 bytes (1 switches on core 0)
2026-06-20 02:39:17.485 7 INFO placement.requestlog [req-0532f0b8-3dbf-4e10-bd66-4ccca3fa1767 req-0c1341ff-5132-4443-baf9-9bc4c84ff2fd e600d369abb94a9ea7c0e56fc0676860 4d8e1aac013c41c9a84222c1aa9e5c88 - - 5d16f4c6e680403ba2987295c781e38f 5d16f4c6e680403ba2987295c781e38f] 199.204.45.132 "GET /allocations/1d85d58d-dc1a-41fe-b53d-d2d25adec94e" status: 200 len: 257 microversion: 1.28 [pid: 7|app: 0|req: 356/713] 199.204.45.132 () {34 vars in 863 bytes} [Sat Jun 20 02:39:17 2026] GET /allocations/1d85d58d-dc1a-41fe-b53d-d2d25adec94e => generated 257 bytes in 13 msecs (HTTP/1.1 200) 8 headers in 296 bytes (1 switches on core 0)
2026-06-20 02:39:18.532 8 INFO placement.requestlog [req-0532f0b8-3dbf-4e10-bd66-4ccca3fa1767 req-3c8ac17b-4a1c-45b1-8044-c69aee507e06 e600d369abb94a9ea7c0e56fc0676860 4d8e1aac013c41c9a84222c1aa9e5c88 - - 5d16f4c6e680403ba2987295c781e38f 5d16f4c6e680403ba2987295c781e38f] 199.204.45.132 "DELETE /allocations/dadacd23-7525-4dd2-8ba1-9e93281b4817" status: 204 len: 0 microversion: 1.0 [pid: 8|app: 0|req: 358/714] 199.204.45.132 () {34 vars in 841 bytes} [Sat Jun 20 02:39:18 2026] DELETE /allocations/dadacd23-7525-4dd2-8ba1-9e93281b4817 => generated 0 bytes in 22 msecs (HTTP/1.1 204) 5 headers in 198 bytes (1 switches on core 0)
2026-06-20 02:39:19.973 7 INFO placement.requestlog [None req-02b138f1-33b0-42ce-85c1-e718532569b9 91d8b03abe87436ca25b037326235988 4d8e1aac013c41c9a84222c1aa9e5c88 - - 5d16f4c6e680403ba2987295c781e38f 5d16f4c6e680403ba2987295c781e38f] 10.0.0.67 "GET /resource_providers/f9caaacb-2eab-4396-8956-cda2299f876f/aggregates" status: 404 len: 235 microversion: 1.1 [pid: 7|app: 0|req: 357/715] 10.0.0.67 () {32 vars in 815 bytes} [Sat Jun 20 02:39:19 2026] GET /resource_providers/f9caaacb-2eab-4396-8956-cda2299f876f/aggregates => generated 235 bytes in 9 msecs (HTTP/1.1 404) 5 headers in 202 bytes (1 switches on core 0)
2026-06-20 02:39:19.975 8 INFO placement.requestlog [None req-c8b193d8-f61c-4bee-b1e4-6dba5a28f1b7 91d8b03abe87436ca25b037326235988 4d8e1aac013c41c9a84222c1aa9e5c88 - - 5d16f4c6e680403ba2987295c781e38f 5d16f4c6e680403ba2987295c781e38f] 10.0.0.67 "GET /resource_providers/f9caaacb-2eab-4396-8956-cda2299f876f/aggregates" status: 404 len: 235 microversion: 1.1 [pid: 8|app: 0|req: 359/716] 10.0.0.67 () {32 vars in 815 bytes} [Sat Jun 20 02:39:19 2026] GET /resource_providers/f9caaacb-2eab-4396-8956-cda2299f876f/aggregates => generated 235 bytes in 8 msecs (HTTP/1.1 404) 5 headers in 202 bytes (1 switches on core 0)
2026-06-20 02:39:19.992 8 INFO placement.requestlog [None req-acf019a1-9a0b-453f-bca5-a67e013a456f 91d8b03abe87436ca25b037326235988 4d8e1aac013c41c9a84222c1aa9e5c88 - - 5d16f4c6e680403ba2987295c781e38f 5d16f4c6e680403ba2987295c781e38f] 10.0.0.67 "DELETE /resource_providers/f9caaacb-2eab-4396-8956-cda2299f876f" status: 404 len: 246 microversion: 1.1 [pid: 8|app: 0|req: 360/717] 10.0.0.67 () {34 vars in 815 bytes} [Sat Jun 20 02:39:19 2026] DELETE /resource_providers/f9caaacb-2eab-4396-8956-cda2299f876f => generated 246 bytes in 6 msecs (HTTP/1.1 404) 6 headers in 231 bytes (1 switches on core 0)
2026-06-20 02:39:19.998 7 INFO placement.requestlog [None req-abbad072-07c9-49f0-a23e-8f2a34479bee 91d8b03abe87436ca25b037326235988 4d8e1aac013c41c9a84222c1aa9e5c88 - - 5d16f4c6e680403ba2987295c781e38f 5d16f4c6e680403ba2987295c781e38f] 10.0.0.67 "DELETE /resource_providers/f9caaacb-2eab-4396-8956-cda2299f876f" status: 404 len: 246 microversion: 1.1 [pid: 7|app: 0|req: 358/718] 10.0.0.67 () {34 vars in 815 bytes} [Sat Jun 20 02:39:19 2026] DELETE /resource_providers/f9caaacb-2eab-4396-8956-cda2299f876f => generated 246 bytes in 12 msecs (HTTP/1.1 404) 6 headers in 231 bytes (1 switches on core 0)
2026-06-20 02:39:20.337 7 INFO placement.requestlog [None req-8e39c23c-6ffd-49d8-afb9-3184017157d1 - - - - - -] 10.0.0.47 "GET /" status: 200 len: 136 microversion: 1.0
2026-06-20 02:39:20.339 8 INFO placement.requestlog [None req-5ea9fcbc-584f-4a78-a08e-4b2f3eafd57f - - - - - -] 10.0.0.47 "GET /" status: 200 len: 136 microversion: 1.0
2026-06-20 02:39:22.856 7 INFO placement.requestlog [None req-9c4a1f88-880d-4cc4-b24f-864219e8417d 91d8b03abe87436ca25b037326235988 4d8e1aac013c41c9a84222c1aa9e5c88 - - 5d16f4c6e680403ba2987295c781e38f 5d16f4c6e680403ba2987295c781e38f] 10.0.0.67 "GET /resource_providers/9fff46f9-6b20-4f14-bd58-89c73d646e13/aggregates" status: 404 len: 235 microversion: 1.1 [pid: 7|app: 0|req: 360/721] 10.0.0.67 () {32 vars in 815 bytes} [Sat Jun 20 02:39:22 2026] GET /resource_providers/9fff46f9-6b20-4f14-bd58-89c73d646e13/aggregates => generated 235 bytes in 10 msecs (HTTP/1.1 404) 5 headers in 202 bytes (1 switches on core 0)
2026-06-20 02:39:22.860 8 INFO placement.requestlog [None req-3677a68b-9368-4010-a863-0a2b48c9fcc5 91d8b03abe87436ca25b037326235988 4d8e1aac013c41c9a84222c1aa9e5c88 - - 5d16f4c6e680403ba2987295c781e38f 5d16f4c6e680403ba2987295c781e38f] 10.0.0.67 "GET /resource_providers/9fff46f9-6b20-4f14-bd58-89c73d646e13/aggregates" status: 404 len: 235 microversion: 1.1 [pid: 8|app: 0|req: 362/722] 10.0.0.67 () {32 vars in 815 bytes} [Sat Jun 20 02:39:22 2026] GET /resource_providers/9fff46f9-6b20-4f14-bd58-89c73d646e13/aggregates => generated 235 bytes in 11 msecs (HTTP/1.1 404) 5 headers in 202 bytes (1 switches on core 0)
2026-06-20 02:39:22.880 7 INFO placement.requestlog [None req-261a9e8b-7c6f-4b2a-8e47-727b4fce741a 91d8b03abe87436ca25b037326235988 4d8e1aac013c41c9a84222c1aa9e5c88 - - 5d16f4c6e680403ba2987295c781e38f 5d16f4c6e680403ba2987295c781e38f] 10.0.0.67 "DELETE /resource_providers/9fff46f9-6b20-4f14-bd58-89c73d646e13" status: 404 len: 246 microversion: 1.1 [pid: 7|app: 0|req: 361/723] 10.0.0.67 () {34 vars in 815 bytes} [Sat Jun 20 02:39:22 2026] DELETE /resource_providers/9fff46f9-6b20-4f14-bd58-89c73d646e13 => generated 246 bytes in 9 msecs (HTTP/1.1 404) 6 headers in 231 bytes (1 switches on core 0)
2026-06-20 02:39:22.884 8 INFO placement.requestlog [None req-ab769783-4126-4e76-901f-8c823c1a845d 91d8b03abe87436ca25b037326235988 4d8e1aac013c41c9a84222c1aa9e5c88 - - 5d16f4c6e680403ba2987295c781e38f 5d16f4c6e680403ba2987295c781e38f] 10.0.0.67 "DELETE /resource_providers/9fff46f9-6b20-4f14-bd58-89c73d646e13" status: 404 len: 246 microversion: 1.1 [pid: 8|app: 0|req: 363/724] 10.0.0.67 () {34 vars in 815 bytes} [Sat Jun 20 02:39:22 2026] DELETE /resource_providers/9fff46f9-6b20-4f14-bd58-89c73d646e13 => generated 246 bytes in 9 msecs (HTTP/1.1 404) 6 headers in 231 bytes (1 switches on core 0)
2026-06-20 02:39:23.079 7 INFO placement.requestlog [None req-d0a06d56-73a8-4109-a30a-bfcf00af863f 91d8b03abe87436ca25b037326235988 4d8e1aac013c41c9a84222c1aa9e5c88 - - 5d16f4c6e680403ba2987295c781e38f 5d16f4c6e680403ba2987295c781e38f] 10.0.0.67 "GET /resource_providers/cb18563f-5d1a-44f3-972f-d5da5ce0b347/aggregates" status: 404 len: 235 microversion: 1.1 [pid: 7|app: 0|req: 362/725] 10.0.0.67 () {32 vars in 815 bytes} [Sat Jun 20 02:39:23 2026] GET /resource_providers/cb18563f-5d1a-44f3-972f-d5da5ce0b347/aggregates => generated 235 bytes in 6 msecs (HTTP/1.1 404) 5 headers in 202 bytes (1 switches on core 0)
2026-06-20 02:39:23.089 8 INFO placement.requestlog [None req-8fb17752-4b57-4901-b409-7cec3979f868 91d8b03abe87436ca25b037326235988 4d8e1aac013c41c9a84222c1aa9e5c88 - - 5d16f4c6e680403ba2987295c781e38f 5d16f4c6e680403ba2987295c781e38f] 10.0.0.67 "GET /resource_providers/cb18563f-5d1a-44f3-972f-d5da5ce0b347/aggregates" status: 404 len: 235 microversion: 1.1 [pid: 8|app: 0|req: 364/726] 10.0.0.67 () {32 vars in 815 bytes} [Sat Jun 20 02:39:23 2026] GET /resource_providers/cb18563f-5d1a-44f3-972f-d5da5ce0b347/aggregates => generated 235 bytes in 12 msecs (HTTP/1.1 404) 5 headers in 202 bytes (1 switches on core 0)
2026-06-20 02:39:23.094 7 INFO placement.requestlog [None req-3591c968-fc54-497d-888a-326f3770903a 91d8b03abe87436ca25b037326235988 4d8e1aac013c41c9a84222c1aa9e5c88 - - 5d16f4c6e680403ba2987295c781e38f 5d16f4c6e680403ba2987295c781e38f] 10.0.0.67 "DELETE /resource_providers/cb18563f-5d1a-44f3-972f-d5da5ce0b347" status: 404 len: 246 microversion: 1.1 [pid: 7|app: 0|req: 363/727] 10.0.0.67 () {34 vars in 815 bytes} [Sat Jun 20 02:39:23 2026] DELETE /resource_providers/cb18563f-5d1a-44f3-972f-d5da5ce0b347 => generated 246 bytes in 7 msecs (HTTP/1.1 404) 6 headers in 231 bytes (1 switches on core 0)
2026-06-20 02:39:23.106 8 INFO placement.requestlog [None req-593c1b44-f2f5-45c0-82c2-7fc3c218a21b 91d8b03abe87436ca25b037326235988 4d8e1aac013c41c9a84222c1aa9e5c88 - - 5d16f4c6e680403ba2987295c781e38f 5d16f4c6e680403ba2987295c781e38f] 10.0.0.67 "DELETE /resource_providers/cb18563f-5d1a-44f3-972f-d5da5ce0b347" status: 404 len: 246 microversion: 1.1 [pid: 8|app: 0|req: 365/728] 10.0.0.67 () {34 vars in 815 bytes} [Sat Jun 20 02:39:23 2026] DELETE /resource_providers/cb18563f-5d1a-44f3-972f-d5da5ce0b347 => generated 246 bytes in 10 msecs (HTTP/1.1 404) 6 headers in 231 bytes (1 switches on core 0)
2026-06-20 02:39:25.299 7 INFO placement.requestlog [None req-6eb5d92a-6967-4ec7-a8ec-39db7743fc1b 91d8b03abe87436ca25b037326235988 4d8e1aac013c41c9a84222c1aa9e5c88 - - 5d16f4c6e680403ba2987295c781e38f 5d16f4c6e680403ba2987295c781e38f] 10.0.0.67 "GET /resource_providers/53cdd66d-f283-48a6-ace5-1e52f444b412/aggregates" status: 404 len: 235 microversion: 1.1 [pid: 7|app: 0|req: 364/729] 10.0.0.67 () {32 vars in 815 bytes} [Sat Jun 20 02:39:25 2026] GET /resource_providers/53cdd66d-f283-48a6-ace5-1e52f444b412/aggregates => generated 235 bytes in 9 msecs (HTTP/1.1 404) 5 headers in 202 bytes (1 switches on core 0)
2026-06-20 02:39:25.306 8 INFO placement.requestlog [None req-fb079770-76fe-45d5-8462-71b058c3d7e1 91d8b03abe87436ca25b037326235988 4d8e1aac013c41c9a84222c1aa9e5c88 - - 5d16f4c6e680403ba2987295c781e38f 5d16f4c6e680403ba2987295c781e38f] 10.0.0.67 "GET /resource_providers/53cdd66d-f283-48a6-ace5-1e52f444b412/aggregates" status: 404 len: 235 microversion: 1.1 [pid: 8|app: 0|req: 366/730] 10.0.0.67 () {32 vars in 815 bytes} [Sat Jun 20 02:39:25 2026] GET /resource_providers/53cdd66d-f283-48a6-ace5-1e52f444b412/aggregates => generated 235 bytes in 10 msecs (HTTP/1.1 404) 5 headers in 202 bytes (1 switches on core 0)
2026-06-20 02:39:25.331 7 INFO placement.requestlog [None req-905ff5fd-6325-46ec-94be-9785b3fa71c3 91d8b03abe87436ca25b037326235988 4d8e1aac013c41c9a84222c1aa9e5c88 - - 5d16f4c6e680403ba2987295c781e38f 5d16f4c6e680403ba2987295c781e38f] 10.0.0.67 "DELETE /resource_providers/53cdd66d-f283-48a6-ace5-1e52f444b412" status: 404 len: 246 microversion: 1.1 [pid: 7|app: 0|req: 365/731] 10.0.0.67 () {34 vars in 815 bytes} [Sat Jun 20 02:39:25 2026] DELETE /resource_providers/53cdd66d-f283-48a6-ace5-1e52f444b412 => generated 246 bytes in 13 msecs (HTTP/1.1 404) 6 headers in 231 bytes (1 switches on core 0)
2026-06-20 02:39:25.331 8 INFO placement.requestlog [None req-c6fe24eb-9b94-4aee-95c1-59c731ddabff 91d8b03abe87436ca25b037326235988 4d8e1aac013c41c9a84222c1aa9e5c88 - - 5d16f4c6e680403ba2987295c781e38f 5d16f4c6e680403ba2987295c781e38f] 10.0.0.67 "DELETE /resource_providers/53cdd66d-f283-48a6-ace5-1e52f444b412" status: 404 len: 246 microversion: 1.1 [pid: 8|app: 0|req: 367/732] 10.0.0.67 () {34 vars in 815 bytes} [Sat Jun 20 02:39:25 2026] DELETE /resource_providers/53cdd66d-f283-48a6-ace5-1e52f444b412 => generated 246 bytes in 12 msecs (HTTP/1.1 404) 6 headers in 231 bytes (1 switches on core 0)
2026-06-20 02:39:26.774 7 INFO placement.requestlog [req-850059fe-284e-48ae-b78a-345714845e0f req-a53aacaa-e1e3-4345-a077-b73903bdad7f e600d369abb94a9ea7c0e56fc0676860 4d8e1aac013c41c9a84222c1aa9e5c88 - - 5d16f4c6e680403ba2987295c781e38f 5d16f4c6e680403ba2987295c781e38f] 199.204.45.132 "GET /resource_providers/5b586a8d-82f8-4f44-87d8-9c2f76286901/allocations" status: 200 len: 152 microversion: 1.0 [pid: 7|app: 0|req: 366/733] 199.204.45.132 () {32 vars in 857 bytes} [Sat Jun 20 02:39:26 2026] GET /resource_providers/5b586a8d-82f8-4f44-87d8-9c2f76286901/allocations => generated 152 bytes in 16 msecs (HTTP/1.1 200) 6 headers in 224 bytes (1 switches on core 0)
2026-06-20 02:39:26.806 8 INFO placement.requestlog [req-850059fe-284e-48ae-b78a-345714845e0f req-46d2b403-0e97-423b-bc6d-d6ec8feb62a4 e600d369abb94a9ea7c0e56fc0676860 4d8e1aac013c41c9a84222c1aa9e5c88 - - 5d16f4c6e680403ba2987295c781e38f 5d16f4c6e680403ba2987295c781e38f] 199.204.45.132 "GET /allocations/1d85d58d-dc1a-41fe-b53d-d2d25adec94e" status: 200 len: 257 microversion: 1.28 [pid: 8|app: 0|req: 368/734] 199.204.45.132 () {34 vars in 863 bytes} [Sat Jun 20 02:39:26 2026] GET /allocations/1d85d58d-dc1a-41fe-b53d-d2d25adec94e => generated 257 bytes in 27 msecs (HTTP/1.1 200) 8 headers in 296 bytes (1 switches on core 0)
2026-06-20 02:39:27.856 7 INFO placement.requestlog [req-850059fe-284e-48ae-b78a-345714845e0f req-4586e444-3865-4f35-833d-a80d95e1a4bb e600d369abb94a9ea7c0e56fc0676860 4d8e1aac013c41c9a84222c1aa9e5c88 - - 5d16f4c6e680403ba2987295c781e38f 5d16f4c6e680403ba2987295c781e38f] 199.204.45.132 "DELETE /allocations/1d85d58d-dc1a-41fe-b53d-d2d25adec94e" status: 204 len: 0 microversion: 1.0 [pid: 7|app: 0|req: 367/735] 199.204.45.132 () {34 vars in 841 bytes} [Sat Jun 20 02:39:27 2026] DELETE /allocations/1d85d58d-dc1a-41fe-b53d-d2d25adec94e => generated 0 bytes in 24 msecs (HTTP/1.1 204) 5 headers in 198 bytes (1 switches on core 0)
2026-06-20 02:39:30.336 7 INFO placement.requestlog [None req-e06d5c4f-be58-4563-8376-cd2b527851e8 - - - - - -] 10.0.0.47 "GET /" status: 200 len: 136 microversion: 1.0
2026-06-20 02:39:30.336 8 INFO placement.requestlog [None req-170d0cd3-42ce-40cd-b925-61ae44a15fe2 - - - - - -] 10.0.0.47 "GET /" status: 200 len: 136 microversion: 1.0
2026-06-20 02:39:32.744 7 INFO placement.requestlog [None req-c3a889ed-51ee-4548-8f4a-38513dd2a238 91d8b03abe87436ca25b037326235988 4d8e1aac013c41c9a84222c1aa9e5c88 - - 5d16f4c6e680403ba2987295c781e38f 5d16f4c6e680403ba2987295c781e38f] 10.0.0.67 "GET /resource_providers/8f7004ff-bbdf-4128-a94e-7d2ac161eb8d/aggregates" status: 404 len: 235 microversion: 1.1
2026-06-20 02:39:32.744 8 INFO placement.requestlog [None req-244def1d-f6ec-4f20-bdbd-abbe80e034ad 91d8b03abe87436ca25b037326235988 4d8e1aac013c41c9a84222c1aa9e5c88 - - 5d16f4c6e680403ba2987295c781e38f 5d16f4c6e680403ba2987295c781e38f] 10.0.0.67 "GET /resource_providers/8f7004ff-bbdf-4128-a94e-7d2ac161eb8d/aggregates" status: 404 len: 235 microversion: 1.1 [pid: 8|app: 0|req: 370/738] 10.0.0.67 () {32 vars in 815 bytes} [Sat Jun 20 02:39:32 2026] GET /resource_providers/8f7004ff-bbdf-4128-a94e-7d2ac161eb8d/aggregates => generated 235 bytes in 11 msecs (HTTP/1.1 404) 5 headers in 202 bytes (1 switches on core 0) [pid: 7|app: 0|req: 369/739] 10.0.0.67 () {32 vars in 815 bytes} [Sat Jun 20 02:39:32 2026] GET /resource_providers/8f7004ff-bbdf-4128-a94e-7d2ac161eb8d/aggregates => generated 235 bytes in 16 msecs (HTTP/1.1 404) 5 headers in 202 bytes (1 switches on core 0)
2026-06-20 02:39:32.765 8 INFO placement.requestlog [None req-75c87c87-bc01-4ca6-8d5b-ce0fa0626b44 91d8b03abe87436ca25b037326235988 4d8e1aac013c41c9a84222c1aa9e5c88 - - 5d16f4c6e680403ba2987295c781e38f 5d16f4c6e680403ba2987295c781e38f] 10.0.0.67 "DELETE /resource_providers/8f7004ff-bbdf-4128-a94e-7d2ac161eb8d" status: 404 len: 246 microversion: 1.1 [pid: 8|app: 0|req: 371/740] 10.0.0.67 () {34 vars in 815 bytes} [Sat Jun 20 02:39:32 2026] DELETE /resource_providers/8f7004ff-bbdf-4128-a94e-7d2ac161eb8d => generated 246 bytes in 8 msecs (HTTP/1.1 404) 6 headers in 231 bytes (1 switches on core 0)
2026-06-20 02:39:32.811 7 INFO placement.requestlog [None req-014c46ab-6ca5-452f-86ec-38d3944d7a06 91d8b03abe87436ca25b037326235988 4d8e1aac013c41c9a84222c1aa9e5c88 - - 5d16f4c6e680403ba2987295c781e38f 5d16f4c6e680403ba2987295c781e38f] 10.0.0.67 "DELETE /resource_providers/8f7004ff-bbdf-4128-a94e-7d2ac161eb8d" status: 404 len: 246 microversion: 1.1 [pid: 7|app: 0|req: 370/741] 10.0.0.67 () {34 vars in 815 bytes} [Sat Jun 20 02:39:32 2026] DELETE /resource_providers/8f7004ff-bbdf-4128-a94e-7d2ac161eb8d => generated 246 bytes in 15 msecs (HTTP/1.1 404) 6 headers in 231 bytes (1 switches on core 0)
2026-06-20 02:39:33.238 8 INFO placement.requestlog [req-363286c6-9458-4f03-b011-75c116f6db07 req-f07f636c-28a4-405b-8523-0c040339bec3 e600d369abb94a9ea7c0e56fc0676860 4d8e1aac013c41c9a84222c1aa9e5c88 - - 5d16f4c6e680403ba2987295c781e38f 5d16f4c6e680403ba2987295c781e38f] 10.0.0.251 "GET /allocation_candidates?limit=1000&resources=DISK_GB%3A1%2CMEMORY_MB%3A512%2CVCPU%3A1&root_required=%21COMPUTE_STATUS_DISABLED" status: 200 len: 2781 microversion: 1.36 [pid: 8|app: 0|req: 372/742] 10.0.0.251 () {34 vars in 1012 bytes} [Sat Jun 20 02:39:33 2026] GET /allocation_candidates?limit=1000&resources=DISK_GB%3A1%2CMEMORY_MB%3A512%2CVCPU%3A1&root_required=%21COMPUTE_STATUS_DISABLED => generated 2781 bytes in 42 msecs (HTTP/1.1 200) 8 headers in 297 bytes (1 switches on core 0)
2026-06-20 02:39:33.277 7 INFO placement.requestlog [req-363286c6-9458-4f03-b011-75c116f6db07 req-5df26107-0693-47ff-b329-5da0b324dbb2 e600d369abb94a9ea7c0e56fc0676860 4d8e1aac013c41c9a84222c1aa9e5c88 - - 5d16f4c6e680403ba2987295c781e38f 5d16f4c6e680403ba2987295c781e38f] 10.0.0.251 "GET /allocations/82ceb35e-7a27-4c19-a992-9bfe5123aa23" status: 200 len: 19 microversion: 1.28 [pid: 7|app: 0|req: 371/743] 10.0.0.251 () {34 vars in 861 bytes} [Sat Jun 20 02:39:33 2026] GET /allocations/82ceb35e-7a27-4c19-a992-9bfe5123aa23 => generated 19 bytes in 14 msecs (HTTP/1.1 200) 8 headers in 295 bytes (1 switches on core 0)
2026-06-20 02:39:33.368 8 INFO placement.requestlog [req-363286c6-9458-4f03-b011-75c116f6db07 req-31318947-0912-43be-b45a-5c3c55abfbe0 e600d369abb94a9ea7c0e56fc0676860 4d8e1aac013c41c9a84222c1aa9e5c88 - - 5d16f4c6e680403ba2987295c781e38f 5d16f4c6e680403ba2987295c781e38f] 10.0.0.251 "PUT /allocations/82ceb35e-7a27-4c19-a992-9bfe5123aa23" status: 204 len: 0 microversion: 1.36 [pid: 8|app: 0|req: 373/744] 10.0.0.251 () {38 vars in 914 bytes} [Sat Jun 20 02:39:33 2026] PUT /allocations/82ceb35e-7a27-4c19-a992-9bfe5123aa23 => generated 0 bytes in 81 msecs (HTTP/1.1 204) 5 headers in 199 bytes (1 switches on core 0)
2026-06-20 02:39:34.875 7 INFO placement.requestlog [req-363286c6-9458-4f03-b011-75c116f6db07 req-fa61147e-64d0-4606-92d1-7b3037955c9f e600d369abb94a9ea7c0e56fc0676860 4d8e1aac013c41c9a84222c1aa9e5c88 - - 5d16f4c6e680403ba2987295c781e38f 5d16f4c6e680403ba2987295c781e38f] 199.204.45.132 "GET /allocations/82ceb35e-7a27-4c19-a992-9bfe5123aa23" status: 200 len: 257 microversion: 1.28 [pid: 7|app: 0|req: 372/745] 199.204.45.132 () {34 vars in 863 bytes} [Sat Jun 20 02:39:34 2026] GET /allocations/82ceb35e-7a27-4c19-a992-9bfe5123aa23 => generated 257 bytes in 16 msecs (HTTP/1.1 200) 8 headers in 296 bytes (1 switches on core 0)
2026-06-20 02:39:35.914 8 INFO placement.requestlog [req-363286c6-9458-4f03-b011-75c116f6db07 req-03d8ec3c-fe95-4bb3-8bc7-9ad2a60c73ca e600d369abb94a9ea7c0e56fc0676860 4d8e1aac013c41c9a84222c1aa9e5c88 - - 5d16f4c6e680403ba2987295c781e38f 5d16f4c6e680403ba2987295c781e38f] 199.204.45.132 "GET /resource_providers/5b586a8d-82f8-4f44-87d8-9c2f76286901/allocations" status: 200 len: 152 microversion: 1.0 [pid: 8|app: 0|req: 374/746] 199.204.45.132 () {32 vars in 857 bytes} [Sat Jun 20 02:39:35 2026] GET /resource_providers/5b586a8d-82f8-4f44-87d8-9c2f76286901/allocations => generated 152 bytes in 16 msecs (HTTP/1.1 200) 6 headers in 224 bytes (1 switches on core 0)
2026-06-20 02:39:35.935 7 INFO placement.requestlog [req-363286c6-9458-4f03-b011-75c116f6db07 req-ab8e4faf-9a5c-4f42-a6a0-b7a13fa5a4d3 e600d369abb94a9ea7c0e56fc0676860 4d8e1aac013c41c9a84222c1aa9e5c88 - - 5d16f4c6e680403ba2987295c781e38f 5d16f4c6e680403ba2987295c781e38f] 199.204.45.132 "GET /allocations/82ceb35e-7a27-4c19-a992-9bfe5123aa23" status: 200 len: 257 microversion: 1.28 [pid: 7|app: 0|req: 373/747] 199.204.45.132 () {34 vars in 863 bytes} [Sat Jun 20 02:39:35 2026] GET /allocations/82ceb35e-7a27-4c19-a992-9bfe5123aa23 => generated 257 bytes in 13 msecs (HTTP/1.1 200) 8 headers in 296 bytes (1 switches on core 0)
2026-06-20 02:39:40.337 7 INFO placement.requestlog [None req-47b31c44-5c1a-496a-9de0-1cbf85d59498 - - - - - -] 10.0.0.47 "GET /" status: 200 len: 136 microversion: 1.0
2026-06-20 02:39:40.337 8 INFO placement.requestlog [None req-743d9897-aa7a-4135-bc94-f442e02f9f59 - - - - - -] 10.0.0.47 "GET /" status: 200 len: 136 microversion: 1.0
2026-06-20 02:39:41.734 8 INFO placement.requestlog [None req-c0d743d2-beac-4574-a9fd-5f4f06094b7b 91d8b03abe87436ca25b037326235988 4d8e1aac013c41c9a84222c1aa9e5c88 - - 5d16f4c6e680403ba2987295c781e38f 5d16f4c6e680403ba2987295c781e38f] 10.0.0.67 "GET /resource_providers/f1206004-5fbe-4cd9-9bd9-6af30a312d10/aggregates" status: 404 len: 235 microversion: 1.1 [pid: 8|app: 0|req: 376/750] 10.0.0.67 () {32 vars in 815 bytes} [Sat Jun 20 02:39:41 2026] GET /resource_providers/f1206004-5fbe-4cd9-9bd9-6af30a312d10/aggregates => generated 235 bytes in 12 msecs (HTTP/1.1 404) 5 headers in 202 bytes (1 switches on core 0)
2026-06-20 02:39:41.736 7 INFO placement.requestlog [None req-77fa3be7-023a-4c78-836a-21a61a947fce 91d8b03abe87436ca25b037326235988 4d8e1aac013c41c9a84222c1aa9e5c88 - - 5d16f4c6e680403ba2987295c781e38f 5d16f4c6e680403ba2987295c781e38f] 10.0.0.67 "GET /resource_providers/f1206004-5fbe-4cd9-9bd9-6af30a312d10/aggregates" status: 404 len: 235 microversion: 1.1 [pid: 7|app: 0|req: 375/751] 10.0.0.67 () {32 vars in 815 bytes} [Sat Jun 20 02:39:41 2026] GET /resource_providers/f1206004-5fbe-4cd9-9bd9-6af30a312d10/aggregates => generated 235 bytes in 14 msecs (HTTP/1.1 404) 5 headers in 202 bytes (1 switches on core 0)
2026-06-20 02:39:41.763 8 INFO placement.requestlog [None req-2c4fa01d-f42d-41ec-a72a-2dff03ad5e82 91d8b03abe87436ca25b037326235988 4d8e1aac013c41c9a84222c1aa9e5c88 - - 5d16f4c6e680403ba2987295c781e38f 5d16f4c6e680403ba2987295c781e38f] 10.0.0.67 "DELETE /resource_providers/f1206004-5fbe-4cd9-9bd9-6af30a312d10" status: 404 len: 246 microversion: 1.1 [pid: 8|app: 0|req: 377/752] 10.0.0.67 () {34 vars in 815 bytes} [Sat Jun 20 02:39:41 2026] DELETE /resource_providers/f1206004-5fbe-4cd9-9bd9-6af30a312d10 => generated 246 bytes in 16 msecs (HTTP/1.1 404) 6 headers in 231 bytes (1 switches on core 0)
2026-06-20 02:39:41.769 7 INFO placement.requestlog [None req-974007b1-a7ce-4b54-bfe7-ea7da5336b9d 91d8b03abe87436ca25b037326235988 4d8e1aac013c41c9a84222c1aa9e5c88 - - 5d16f4c6e680403ba2987295c781e38f 5d16f4c6e680403ba2987295c781e38f] 10.0.0.67 "DELETE /resource_providers/f1206004-5fbe-4cd9-9bd9-6af30a312d10" status: 404 len: 246 microversion: 1.1 [pid: 7|app: 0|req: 376/753] 10.0.0.67 () {34 vars in 815 bytes} [Sat Jun 20 02:39:41 2026] DELETE /resource_providers/f1206004-5fbe-4cd9-9bd9-6af30a312d10 => generated 246 bytes in 14 msecs (HTTP/1.1 404) 6 headers in 231 bytes (1 switches on core 0)
2026-06-20 02:39:42.047 8 INFO placement.requestlog [None req-5b887aa9-e950-40b1-b2a0-bcb258cc8146 91d8b03abe87436ca25b037326235988 4d8e1aac013c41c9a84222c1aa9e5c88 - - 5d16f4c6e680403ba2987295c781e38f 5d16f4c6e680403ba2987295c781e38f] 10.0.0.67 "GET /resource_providers/99bf6e56-f13b-4c5a-be83-ecdf5979c564/aggregates" status: 404 len: 235 microversion: 1.1 [pid: 8|app: 0|req: 378/754] 10.0.0.67 () {32 vars in 815 bytes} [Sat Jun 20 02:39:42 2026] GET /resource_providers/99bf6e56-f13b-4c5a-be83-ecdf5979c564/aggregates => generated 235 bytes in 10 msecs (HTTP/1.1 404) 5 headers in 202 bytes (1 switches on core 0)
2026-06-20 02:39:42.050 7 INFO placement.requestlog [None req-cc2777f3-3e3a-4029-96b0-1b32d1876433 91d8b03abe87436ca25b037326235988 4d8e1aac013c41c9a84222c1aa9e5c88 - - 5d16f4c6e680403ba2987295c781e38f 5d16f4c6e680403ba2987295c781e38f] 10.0.0.67 "GET /resource_providers/99bf6e56-f13b-4c5a-be83-ecdf5979c564/aggregates" status: 404 len: 235 microversion: 1.1 [pid: 7|app: 0|req: 377/755] 10.0.0.67 () {32 vars in 815 bytes} [Sat Jun 20 02:39:42 2026] GET /resource_providers/99bf6e56-f13b-4c5a-be83-ecdf5979c564/aggregates => generated 235 bytes in 8 msecs (HTTP/1.1 404) 5 headers in 202 bytes (1 switches on core 0)
2026-06-20 02:39:42.070 7 INFO placement.requestlog [None req-d1ea5974-1867-46f4-a557-f70b9b1de989 91d8b03abe87436ca25b037326235988 4d8e1aac013c41c9a84222c1aa9e5c88 - - 5d16f4c6e680403ba2987295c781e38f 5d16f4c6e680403ba2987295c781e38f] 10.0.0.67 "DELETE /resource_providers/99bf6e56-f13b-4c5a-be83-ecdf5979c564" status: 404 len: 246 microversion: 1.1
2026-06-20 02:39:42.070 8 INFO placement.requestlog [None req-476082d0-5fa1-41be-bebd-31f5704487a2 91d8b03abe87436ca25b037326235988 4d8e1aac013c41c9a84222c1aa9e5c88 - - 5d16f4c6e680403ba2987295c781e38f 5d16f4c6e680403ba2987295c781e38f] 10.0.0.67 "DELETE /resource_providers/99bf6e56-f13b-4c5a-be83-ecdf5979c564" status: 404 len: 246 microversion: 1.1 [pid: 7|app: 0|req: 378/756] 10.0.0.67 () {34 vars in 815 bytes} [Sat Jun 20 02:39:42 2026] DELETE /resource_providers/99bf6e56-f13b-4c5a-be83-ecdf5979c564 => generated 246 bytes in 8 msecs (HTTP/1.1 404) 6 headers in 231 bytes (1 switches on core 0) [pid: 8|app: 0|req: 379/757] 10.0.0.67 () {34 vars in 815 bytes} [Sat Jun 20 02:39:42 2026] DELETE /resource_providers/99bf6e56-f13b-4c5a-be83-ecdf5979c564 => generated 246 bytes in 10 msecs (HTTP/1.1 404) 6 headers in 231 bytes (1 switches on core 0)
2026-06-20 02:39:46.166 7 INFO placement.requestlog [None req-a87ff1a0-117d-4122-8422-e3e84c0c8e5c 91d8b03abe87436ca25b037326235988 4d8e1aac013c41c9a84222c1aa9e5c88 - - 5d16f4c6e680403ba2987295c781e38f 5d16f4c6e680403ba2987295c781e38f] 10.0.0.67 "GET /resource_providers/3199373a-9675-447d-9add-3b3daa96c7a0/aggregates" status: 404 len: 235 microversion: 1.1 [pid: 7|app: 0|req: 379/758] 10.0.0.67 () {32 vars in 815 bytes} [Sat Jun 20 02:39:46 2026] GET /resource_providers/3199373a-9675-447d-9add-3b3daa96c7a0/aggregates => generated 235 bytes in 11 msecs (HTTP/1.1 404) 5 headers in 202 bytes (1 switches on core 0)
2026-06-20 02:39:46.172 8 INFO placement.requestlog [None req-06c9a21a-d78a-4231-84eb-81ded95c75cd 91d8b03abe87436ca25b037326235988 4d8e1aac013c41c9a84222c1aa9e5c88 - - 5d16f4c6e680403ba2987295c781e38f 5d16f4c6e680403ba2987295c781e38f] 10.0.0.67 "GET /resource_providers/3199373a-9675-447d-9add-3b3daa96c7a0/aggregates" status: 404 len: 235 microversion: 1.1 [pid: 8|app: 0|req: 380/759] 10.0.0.67 () {32 vars in 815 bytes} [Sat Jun 20 02:39:46 2026] GET /resource_providers/3199373a-9675-447d-9add-3b3daa96c7a0/aggregates => generated 235 bytes in 12 msecs (HTTP/1.1 404) 5 headers in 202 bytes (1 switches on core 0)
2026-06-20 02:39:46.193 7 INFO placement.requestlog [None req-e0477666-7888-40d9-a8ad-b726770970c0 91d8b03abe87436ca25b037326235988 4d8e1aac013c41c9a84222c1aa9e5c88 - - 5d16f4c6e680403ba2987295c781e38f 5d16f4c6e680403ba2987295c781e38f] 10.0.0.67 "DELETE /resource_providers/3199373a-9675-447d-9add-3b3daa96c7a0" status: 404 len: 246 microversion: 1.1 [pid: 7|app: 0|req: 380/760] 10.0.0.67 () {34 vars in 815 bytes} [Sat Jun 20 02:39:46 2026] DELETE /resource_providers/3199373a-9675-447d-9add-3b3daa96c7a0 => generated 246 bytes in 12 msecs (HTTP/1.1 404) 6 headers in 231 bytes (1 switches on core 0)
2026-06-20 02:39:46.196 8 INFO placement.requestlog [None req-493ee45d-9baa-431a-804d-28c78eecb405 91d8b03abe87436ca25b037326235988 4d8e1aac013c41c9a84222c1aa9e5c88 - - 5d16f4c6e680403ba2987295c781e38f 5d16f4c6e680403ba2987295c781e38f] 10.0.0.67 "DELETE /resource_providers/3199373a-9675-447d-9add-3b3daa96c7a0" status: 404 len: 246 microversion: 1.1 [pid: 8|app: 0|req: 381/761] 10.0.0.67 () {34 vars in 815 bytes} [Sat Jun 20 02:39:46 2026] DELETE /resource_providers/3199373a-9675-447d-9add-3b3daa96c7a0 => generated 246 bytes in 11 msecs (HTTP/1.1 404) 6 headers in 231 bytes (1 switches on core 0)
2026-06-20 02:39:50.336 8 INFO placement.requestlog [None req-b00c828e-573d-42d9-acec-8f019dac02bf - - - - - -] 10.0.0.47 "GET /" status: 200 len: 136 microversion: 1.0
2026-06-20 02:39:50.337 7 INFO placement.requestlog [None req-b8950da9-2d88-4c12-8045-97c6750912d5 - - - - - -] 10.0.0.47 "GET /" status: 200 len: 136 microversion: 1.0
2026-06-20 02:39:50.379 8 INFO placement.requestlog [None req-713d0d96-abdc-4185-afb9-7d871423e314 91d8b03abe87436ca25b037326235988 4d8e1aac013c41c9a84222c1aa9e5c88 - - 5d16f4c6e680403ba2987295c781e38f 5d16f4c6e680403ba2987295c781e38f] 10.0.0.67 "GET /resource_providers/a1e88f30-3b2b-4ab4-b0a2-2daf70bb4e27/aggregates" status: 404 len: 235 microversion: 1.1 [pid: 8|app: 0|req: 383/764] 10.0.0.67 () {32 vars in 815 bytes} [Sat Jun 20 02:39:50 2026] GET /resource_providers/a1e88f30-3b2b-4ab4-b0a2-2daf70bb4e27/aggregates => generated 235 bytes in 9 msecs (HTTP/1.1 404) 5 headers in 202 bytes (1 switches on core 0)
2026-06-20 02:39:50.380 7 INFO placement.requestlog [None req-d5182f5e-d05d-4750-9fed-bfd81a84d483 91d8b03abe87436ca25b037326235988 4d8e1aac013c41c9a84222c1aa9e5c88 - - 5d16f4c6e680403ba2987295c781e38f 5d16f4c6e680403ba2987295c781e38f] 10.0.0.67 "GET /resource_providers/a1e88f30-3b2b-4ab4-b0a2-2daf70bb4e27/aggregates" status: 404 len: 235 microversion: 1.1 [pid: 7|app: 0|req: 382/765] 10.0.0.67 () {32 vars in 815 bytes} [Sat Jun 20 02:39:50 2026] GET /resource_providers/a1e88f30-3b2b-4ab4-b0a2-2daf70bb4e27/aggregates => generated 235 bytes in 10 msecs (HTTP/1.1 404) 5 headers in 202 bytes (1 switches on core 0)
2026-06-20 02:39:50.398 8 INFO placement.requestlog [None req-30ade858-ce88-4ec8-8bf5-3bd22b309303 91d8b03abe87436ca25b037326235988 4d8e1aac013c41c9a84222c1aa9e5c88 - - 5d16f4c6e680403ba2987295c781e38f 5d16f4c6e680403ba2987295c781e38f] 10.0.0.67 "DELETE /resource_providers/a1e88f30-3b2b-4ab4-b0a2-2daf70bb4e27" status: 404 len: 246 microversion: 1.1 [pid: 8|app: 0|req: 384/766] 10.0.0.67 () {34 vars in 815 bytes} [Sat Jun 20 02:39:50 2026] DELETE /resource_providers/a1e88f30-3b2b-4ab4-b0a2-2daf70bb4e27 => generated 246 bytes in 10 msecs (HTTP/1.1 404) 6 headers in 231 bytes (1 switches on core 0)
2026-06-20 02:39:50.401 7 INFO placement.requestlog [None req-cecf77b0-dc25-4790-bc67-6a8d4d983d5e 91d8b03abe87436ca25b037326235988 4d8e1aac013c41c9a84222c1aa9e5c88 - - 5d16f4c6e680403ba2987295c781e38f 5d16f4c6e680403ba2987295c781e38f] 10.0.0.67 "DELETE /resource_providers/a1e88f30-3b2b-4ab4-b0a2-2daf70bb4e27" status: 404 len: 246 microversion: 1.1 [pid: 7|app: 0|req: 383/767] 10.0.0.67 () {34 vars in 815 bytes} [Sat Jun 20 02:39:50 2026] DELETE /resource_providers/a1e88f30-3b2b-4ab4-b0a2-2daf70bb4e27 => generated 246 bytes in 9 msecs (HTTP/1.1 404) 6 headers in 231 bytes (1 switches on core 0)
2026-06-20 02:39:56.605 8 INFO placement.requestlog [req-deaaf7d9-fd8f-42fd-b610-8348f3b4d4ef req-2d48c8eb-bfaa-475f-a0aa-4da6e57982ad e600d369abb94a9ea7c0e56fc0676860 4d8e1aac013c41c9a84222c1aa9e5c88 - - 5d16f4c6e680403ba2987295c781e38f 5d16f4c6e680403ba2987295c781e38f] 199.204.45.132 "GET /resource_providers/5b586a8d-82f8-4f44-87d8-9c2f76286901/allocations" status: 200 len: 152 microversion: 1.0 [pid: 8|app: 0|req: 385/768] 199.204.45.132 () {32 vars in 857 bytes} [Sat Jun 20 02:39:56 2026] GET /resource_providers/5b586a8d-82f8-4f44-87d8-9c2f76286901/allocations => generated 152 bytes in 30 msecs (HTTP/1.1 200) 6 headers in 224 bytes (1 switches on core 0)
2026-06-20 02:39:56.646 7 INFO placement.requestlog [req-deaaf7d9-fd8f-42fd-b610-8348f3b4d4ef req-5966d8dc-f193-48e8-b598-ffda8130c0d7 e600d369abb94a9ea7c0e56fc0676860 4d8e1aac013c41c9a84222c1aa9e5c88 - - 5d16f4c6e680403ba2987295c781e38f 5d16f4c6e680403ba2987295c781e38f] 199.204.45.132 "GET /resource_providers/5b586a8d-82f8-4f44-87d8-9c2f76286901/allocations" status: 200 len: 152 microversion: 1.0 [pid: 7|app: 0|req: 384/769] 199.204.45.132 () {32 vars in 857 bytes} [Sat Jun 20 02:39:56 2026] GET /resource_providers/5b586a8d-82f8-4f44-87d8-9c2f76286901/allocations => generated 152 bytes in 22 msecs (HTTP/1.1 200) 6 headers in 224 bytes (1 switches on core 0)
2026-06-20 02:39:56.672 8 INFO placement.requestlog [req-deaaf7d9-fd8f-42fd-b610-8348f3b4d4ef req-5f924798-e526-4cbb-bc39-0a543a5a22b0 e600d369abb94a9ea7c0e56fc0676860 4d8e1aac013c41c9a84222c1aa9e5c88 - - 5d16f4c6e680403ba2987295c781e38f 5d16f4c6e680403ba2987295c781e38f] 199.204.45.132 "GET /allocations/82ceb35e-7a27-4c19-a992-9bfe5123aa23" status: 200 len: 257 microversion: 1.28 [pid: 8|app: 0|req: 386/770] 199.204.45.132 () {34 vars in 863 bytes} [Sat Jun 20 02:39:56 2026] GET /allocations/82ceb35e-7a27-4c19-a992-9bfe5123aa23 => generated 257 bytes in 19 msecs (HTTP/1.1 200) 8 headers in 296 bytes (1 switches on core 0)
2026-06-20 02:39:57.724 7 INFO placement.requestlog [req-113c37f4-9670-46f1-9fdf-b78a13467788 req-461be973-6b4e-492f-99be-d1ec76dba9fb e600d369abb94a9ea7c0e56fc0676860 4d8e1aac013c41c9a84222c1aa9e5c88 - - 5d16f4c6e680403ba2987295c781e38f 5d16f4c6e680403ba2987295c781e38f] 199.204.45.132 "GET /resource_providers/5b586a8d-82f8-4f44-87d8-9c2f76286901/allocations" status: 200 len: 152 microversion: 1.0 [pid: 7|app: 0|req: 385/771] 199.204.45.132 () {32 vars in 857 bytes} [Sat Jun 20 02:39:57 2026] GET /resource_providers/5b586a8d-82f8-4f44-87d8-9c2f76286901/allocations => generated 152 bytes in 19 msecs (HTTP/1.1 200) 6 headers in 224 bytes (1 switches on core 0)
2026-06-20 02:39:57.745 8 INFO placement.requestlog [req-113c37f4-9670-46f1-9fdf-b78a13467788 req-eb5620e1-404a-44dc-8f00-50da539ebb6a e600d369abb94a9ea7c0e56fc0676860 4d8e1aac013c41c9a84222c1aa9e5c88 - - 5d16f4c6e680403ba2987295c781e38f 5d16f4c6e680403ba2987295c781e38f] 199.204.45.132 "GET /allocations/82ceb35e-7a27-4c19-a992-9bfe5123aa23" status: 200 len: 257 microversion: 1.28 [pid: 8|app: 0|req: 387/772] 199.204.45.132 () {34 vars in 863 bytes} [Sat Jun 20 02:39:57 2026] GET /allocations/82ceb35e-7a27-4c19-a992-9bfe5123aa23 => generated 257 bytes in 14 msecs (HTTP/1.1 200) 8 headers in 296 bytes (1 switches on core 0)
2026-06-20 02:39:58.789 7 INFO placement.requestlog [req-113c37f4-9670-46f1-9fdf-b78a13467788 req-53d9e1b5-63ad-4fb4-aa8e-8433f4ebaa21 e600d369abb94a9ea7c0e56fc0676860 4d8e1aac013c41c9a84222c1aa9e5c88 - - 5d16f4c6e680403ba2987295c781e38f 5d16f4c6e680403ba2987295c781e38f] 199.204.45.132 "DELETE /allocations/82ceb35e-7a27-4c19-a992-9bfe5123aa23" status: 204 len: 0 microversion: 1.0 [pid: 7|app: 0|req: 386/773] 199.204.45.132 () {34 vars in 841 bytes} [Sat Jun 20 02:39:58 2026] DELETE /allocations/82ceb35e-7a27-4c19-a992-9bfe5123aa23 => generated 0 bytes in 20 msecs (HTTP/1.1 204) 5 headers in 198 bytes (1 switches on core 0)
2026-06-20 02:40:00.336 7 INFO placement.requestlog [None req-3b126323-f51f-43af-9bdd-c7b3ca6e382b - - - - - -] 10.0.0.47 "GET /" status: 200 len: 136 microversion: 1.0
2026-06-20 02:40:00.336 8 INFO placement.requestlog [None req-2d0b9007-f2f8-4610-8fda-d20d0ba0f939 - - - - - -] 10.0.0.47 "GET /" status: 200 len: 136 microversion: 1.0
2026-06-20 02:40:06.279 7 INFO placement.requestlog [None req-d071bdd4-7a02-40f1-98b5-2a5f2ebc4d3f 91d8b03abe87436ca25b037326235988 4d8e1aac013c41c9a84222c1aa9e5c88 - - 5d16f4c6e680403ba2987295c781e38f 5d16f4c6e680403ba2987295c781e38f] 10.0.0.67 "GET /resource_providers/92a82042-6e18-445b-8779-b9074e404d02/aggregates" status: 404 len: 235 microversion: 1.1 [pid: 7|app: 0|req: 388/776] 10.0.0.67 () {32 vars in 815 bytes} [Sat Jun 20 02:40:06 2026] GET /resource_providers/92a82042-6e18-445b-8779-b9074e404d02/aggregates => generated 235 bytes in 9 msecs (HTTP/1.1 404) 5 headers in 202 bytes (1 switches on core 0)
