2026-06-20 02:40:29.799 8 INFO neutron_taas.services.taas.tap_mirror_plugin [None req-712951f6-8368-49d5-ace0-66eaef982868 e39fd40a8cfd4a7fb83710c3a87ea5eb 29f23d4336d9454aad5d453042338b78 - - default default] Tap Mirror: Handle Delete Port: 82aaaefd-8e40-4b57-b8aa-16b468447d58 [pid: 7|app: 0|req: 817/1735] 10.0.0.138 () {32 vars in 722 bytes} [Sat Jun 20 02:40:29 2026] DELETE /v2.0/routers/c86129fa-7e3b-402b-9d69-26f2c5909bd8 => generated 0 bytes in 780 msecs (HTTP/1.1 204) 2 headers in 112 bytes (1 switches on core 0) [pid: 7|app: 0|req: 818/1736] 10.0.0.138 () {32 vars in 734 bytes} [Sat Jun 20 02:40:29 2026] GET /v2.0/ports?device_id=c86129fa-7e3b-402b-9d69-26f2c5909bd8 => generated 12 bytes in 20 msecs (HTTP/1.1 200) 4 headers in 156 bytes (1 switches on core 0)
2026-06-20 02:40:29.987 8 INFO neutron.services.segments.plugin [-] Segment cf218296-5f89-4f6a-aa01-3b02de6d49d9 resource provider aggregate not found
2026-06-20 02:40:29.991 7 INFO neutron.api.v2.resource [None req-d6a5e621-5f74-4cca-930e-7f0254bcb4e3 9786ce6ca52f483194c15b265b7976f9 cf03352482514b98a7cb72381ea9e103 - - default default] delete failed (client error): The resource could not be found.
2026-06-20 02:40:29.991 8 INFO neutron.services.segments.plugin [-] Segment cf218296-5f89-4f6a-aa01-3b02de6d49d9 resource provider aggregate not found [pid: 7|app: 0|req: 819/1737] 10.0.0.138 () {32 vars in 722 bytes} [Sat Jun 20 02:40:29 2026] DELETE /v2.0/routers/c86129fa-7e3b-402b-9d69-26f2c5909bd8 => generated 135 bytes in 24 msecs (HTTP/1.1 404) 4 headers in 164 bytes (1 switches on core 0)
2026-06-20 02:40:30.018 8 INFO neutron.services.segments.plugin [-] Segment cf218296-5f89-4f6a-aa01-3b02de6d49d9 resource provider not found; error: Placement Client Error (4xx): {"errors": [{"status": 404, "title": "Not Found", "detail": "The resource could not be found.\n\n No resource provider with uuid cf218296-5f89-4f6a-aa01-3b02de6d49d9 found for delete ", "request_id": "req-5b469579-10b6-4082-8b0a-ffd273eba7e2"}]}
2026-06-20 02:40:30.020 8 INFO neutron.services.segments.plugin [-] Segment cf218296-5f89-4f6a-aa01-3b02de6d49d9 resource provider not found; error: Placement Client Error (4xx): {"errors": [{"status": 404, "title": "Not Found", "detail": "The resource could not be found.\n\n No resource provider with uuid cf218296-5f89-4f6a-aa01-3b02de6d49d9 found for delete ", "request_id": "req-ca1be160-a5dd-4de7-91a7-b8b422a504b0"}]} [pid: 7|app: 0|req: 820/1738] 10.0.0.138 () {32 vars in 734 bytes} [Sat Jun 20 02:40:29 2026] GET /v2.0/ports?device_id=c4abcb23-2dee-4e16-a0d1-98b111a60703 => generated 12 bytes in 28 msecs (HTTP/1.1 200) 4 headers in 156 bytes (1 switches on core 0) [pid: 8|app: 0|req: 919/1739] 10.0.0.138 () {32 vars in 724 bytes} [Sat Jun 20 02:40:29 2026] DELETE /v2.0/networks/63226f4b-eb4f-4ca3-8004-254140c875a3 => generated 0 bytes in 368 msecs (HTTP/1.1 204) 3 headers in 131 bytes (1 switches on core 0)
2026-06-20 02:40:30.051 7 INFO neutron.api.v2.resource [None req-87eb30e6-84cf-46ca-b387-6095e25d0d80 9786ce6ca52f483194c15b265b7976f9 cf03352482514b98a7cb72381ea9e103 - - default default] delete failed (client error): The resource could not be found. [pid: 7|app: 0|req: 821/1740] 10.0.0.138 () {32 vars in 722 bytes} [Sat Jun 20 02:40:30 2026] DELETE /v2.0/routers/c4abcb23-2dee-4e16-a0d1-98b111a60703 => generated 135 bytes in 25 msecs (HTTP/1.1 404) 4 headers in 164 bytes (1 switches on core 0)
2026-06-20 02:40:30.072 7 INFO neutron.pecan_wsgi.hooks.translation [None req-e8b2fef2-8132-4a57-8a4f-7a6c53adda39 9786ce6ca52f483194c15b265b7976f9 cf03352482514b98a7cb72381ea9e103 - - default default] DELETE failed (client error): The resource could not be found. [pid: 7|app: 0|req: 822/1741] 10.0.0.138 () {32 vars in 722 bytes} [Sat Jun 20 02:40:30 2026] DELETE /v2.0/subnets/0e579074-877b-4a61-85e0-6cce07a52a64 => generated 136 bytes in 20 msecs (HTTP/1.1 404) 4 headers in 164 bytes (1 switches on core 0) [pid: 7|app: 0|req: 823/1742] 10.0.0.138 () {32 vars in 734 bytes} [Sat Jun 20 02:40:30 2026] GET /v2.0/ports?device_id=99e11950-16cc-4f43-a0c2-0db58b791856 => generated 12 bytes in 20 msecs (HTTP/1.1 200) 4 headers in 156 bytes (1 switches on core 0)
2026-06-20 02:40:30.123 7 INFO neutron.api.v2.resource [None req-968d9369-ab5d-48ee-a567-90cd7cf2369c 9786ce6ca52f483194c15b265b7976f9 cf03352482514b98a7cb72381ea9e103 - - default default] delete failed (client error): The resource could not be found. [pid: 7|app: 0|req: 824/1743] 10.0.0.138 () {32 vars in 722 bytes} [Sat Jun 20 02:40:30 2026] DELETE /v2.0/routers/99e11950-16cc-4f43-a0c2-0db58b791856 => generated 135 bytes in 22 msecs (HTTP/1.1 404) 4 headers in 164 bytes (1 switches on core 0)
2026-06-20 02:40:30.136 8 INFO neutron_taas.services.taas.taas_plugin [None req-d8c83137-3783-4980-8a16-2aa25eb2094c e39fd40a8cfd4a7fb83710c3a87ea5eb 29f23d4336d9454aad5d453042338b78 - - default default] TaaS: Handle Delete Port: 4b1b29bc-b28c-448e-94fa-b5bd269112ec
2026-06-20 02:40:30.138 8 INFO neutron_taas.services.taas.tap_mirror_plugin [None req-d8c83137-3783-4980-8a16-2aa25eb2094c e39fd40a8cfd4a7fb83710c3a87ea5eb 29f23d4336d9454aad5d453042338b78 - - default default] Tap Mirror: Handle Delete Port: 4b1b29bc-b28c-448e-94fa-b5bd269112ec [pid: 7|app: 0|req: 825/1744] 10.0.0.36 () {34 vars in 987 bytes} [Sat Jun 20 02:40:30 2026] GET /v2.0/ports?device_id=d8526266-d312-4c32-bf39-9ead95f9e857 => generated 12 bytes in 20 msecs (HTTP/1.1 200) 4 headers in 156 bytes (1 switches on core 0)
2026-06-20 02:40:30.157 7 INFO neutron.pecan_wsgi.hooks.translation [None req-7e97fcab-6f2d-470f-b7f6-7aacce74c077 9786ce6ca52f483194c15b265b7976f9 cf03352482514b98a7cb72381ea9e103 - - default default] DELETE failed (client error): The resource could not be found. [pid: 7|app: 0|req: 826/1745] 10.0.0.138 () {32 vars in 722 bytes} [Sat Jun 20 02:40:30 2026] DELETE /v2.0/subnets/ebecc6f5-089b-42d1-a8b4-12b34d0fb1d8 => generated 136 bytes in 13 msecs (HTTP/1.1 404) 4 headers in 164 bytes (1 switches on core 0) [pid: 7|app: 0|req: 827/1746] 10.0.0.138 () {32 vars in 734 bytes} [Sat Jun 20 02:40:30 2026] GET /v2.0/ports?device_id=427fb157-f70d-4a34-91d3-e774f5e12c2b => generated 12 bytes in 21 msecs (HTTP/1.1 200) 4 headers in 156 bytes (1 switches on core 0)
2026-06-20 02:40:30.209 7 INFO neutron.api.v2.resource [None req-4fe28ee4-e845-4478-9fd3-229b0a4034b8 9786ce6ca52f483194c15b265b7976f9 cf03352482514b98a7cb72381ea9e103 - - default default] delete failed (client error): The resource could not be found. [pid: 7|app: 0|req: 828/1747] 10.0.0.138 () {32 vars in 722 bytes} [Sat Jun 20 02:40:30 2026] DELETE /v2.0/routers/427fb157-f70d-4a34-91d3-e774f5e12c2b => generated 135 bytes in 19 msecs (HTTP/1.1 404) 4 headers in 164 bytes (1 switches on core 0)
2026-06-20 02:40:30.231 7 INFO neutron.pecan_wsgi.hooks.translation [None req-79c46f01-7308-49aa-84ad-c747efbbbfe2 9786ce6ca52f483194c15b265b7976f9 cf03352482514b98a7cb72381ea9e103 - - default default] DELETE failed (client error): The resource could not be found. [pid: 7|app: 0|req: 829/1748] 10.0.0.138 () {32 vars in 722 bytes} [Sat Jun 20 02:40:30 2026] DELETE /v2.0/subnets/7d9e0e02-58b3-4818-bd81-3e508c632b58 => generated 136 bytes in 26 msecs (HTTP/1.1 404) 4 headers in 164 bytes (1 switches on core 0)
2026-06-20 02:40:30.257 7 INFO neutron.pecan_wsgi.hooks.translation [None req-03471a58-2456-41ff-af5d-89ddf400b3ad 9786ce6ca52f483194c15b265b7976f9 cf03352482514b98a7cb72381ea9e103 - - default default] DELETE failed (client error): The resource could not be found. [pid: 7|app: 0|req: 830/1749] 10.0.0.138 () {32 vars in 722 bytes} [Sat Jun 20 02:40:30 2026] DELETE /v2.0/subnets/1457af12-c0ae-499f-8f61-aec289417e5b => generated 136 bytes in 17 msecs (HTTP/1.1 404) 4 headers in 164 bytes (1 switches on core 0) [pid: 8|app: 0|req: 920/1750] 10.0.0.138 () {32 vars in 724 bytes} [Sat Jun 20 02:40:30 2026] DELETE /v2.0/networks/94c5fcfb-4b67-46c9-9edf-4db21aeba2d2 => generated 0 bytes in 337 msecs (HTTP/1.1 204) 3 headers in 131 bytes (1 switches on core 0) [pid: 7|app: 0|req: 831/1751] 10.0.0.138 () {32 vars in 647 bytes} [Sat Jun 20 02:40:30 2026] GET /v2.0/networks => generated 689 bytes in 61 msecs (HTTP/1.1 200) 4 headers in 157 bytes (1 switches on core 0)
2026-06-20 02:40:30.538 8 WARNING neutron.plugins.ml2.drivers.ovn.mech_driver.ovsdb.ovn_client [None req-4bf42e87-d45c-4da2-b1f2-274cb12e88fc - - - - - -] No port found with ID 8298ef0f-b627-4b28-a589-4decd52f86bc: RuntimeError: No port found with ID 8298ef0f-b627-4b28-a589-4decd52f86bc
2026-06-20 02:40:30.565 8 INFO neutron.plugins.ml2.drivers.ovn.mech_driver.mech_driver [None req-4bf42e87-d45c-4da2-b1f2-274cb12e88fc - - - - - -] OVN reports status down for port: 3e0665ab-600e-41dd-8531-8d4253e07a72
2026-06-20 02:40:30.567 8 INFO neutron.db.segments_db [None req-95dc41b3-21d4-405f-a831-55b7943cdb77 e39fd40a8cfd4a7fb83710c3a87ea5eb 29f23d4336d9454aad5d453042338b78 - - default default] Added segment 8b79d41a-9d9d-4230-ba51-94f61bbc4386 of type geneve for network 28c8a3dd-ea47-40a6-977d-e857c8e8d05b
2026-06-20 02:40:30.581 8 INFO neutron.plugins.ml2.drivers.ovn.mech_driver.mech_driver [None req-4bf42e87-d45c-4da2-b1f2-274cb12e88fc - - - - - -] OVN reports status down for port: 3fb38bdd-7c4a-45aa-97c3-7fb341492ab2
2026-06-20 02:40:30.598 8 INFO neutron.plugins.ml2.drivers.ovn.mech_driver.mech_driver [None req-4bf42e87-d45c-4da2-b1f2-274cb12e88fc - - - - - -] OVN reports status up for port: 3fb38bdd-7c4a-45aa-97c3-7fb341492ab2
2026-06-20 02:40:30.640 8 INFO neutron.plugins.ml2.drivers.ovn.mech_driver.mech_driver [None req-4bf42e87-d45c-4da2-b1f2-274cb12e88fc - - - - - -] OVN reports status down for port: 4b1b29bc-b28c-448e-94fa-b5bd269112ec [pid: 7|app: 0|req: 832/1752] 10.0.0.226 () {28 vars in 581 bytes} [Sat Jun 20 02:40:30 2026] GET /v2.0/subnets => generated 1985 bytes in 168 msecs (HTTP/1.1 200) 4 headers in 158 bytes (1 switches on core 0) [pid: 7|app: 0|req: 833/1753] 10.0.0.226 () {28 vars in 589 bytes} [Sat Jun 20 02:40:30 2026] GET /v2.0/subnetpools => generated 19 bytes in 16 msecs (HTTP/1.1 200) 4 headers in 156 bytes (1 switches on core 0)
2026-06-20 02:40:30.742 8 INFO neutron.db.ovn_revision_numbers_db [None req-95dc41b3-21d4-405f-a831-55b7943cdb77 e39fd40a8cfd4a7fb83710c3a87ea5eb 29f23d4336d9454aad5d453042338b78 - - default default] Successfully bumped revision number for resource 28c8a3dd-ea47-40a6-977d-e857c8e8d05b (type: networks) to 1 [pid: 7|app: 0|req: 834/1754] 10.0.0.138 () {32 vars in 772 bytes} [Sat Jun 20 02:40:30 2026] GET /v2.0/security-groups?tenant_id=cf03352482514b98a7cb72381ea9e103&name=default => generated 2925 bytes in 56 msecs (HTTP/1.1 200) 4 headers in 158 bytes (1 switches on core 0) [pid: 7|app: 0|req: 835/1755] 10.0.0.226 () {28 vars in 581 bytes} [Sat Jun 20 02:40:30 2026] GET /v2.0/subnets => generated 1985 bytes in 29 msecs (HTTP/1.1 200) 4 headers in 158 bytes (1 switches on core 0)
2026-06-20 02:40:30.926 8 WARNING neutron.scheduler.dhcp_agent_scheduler [None req-95dc41b3-21d4-405f-a831-55b7943cdb77 e39fd40a8cfd4a7fb83710c3a87ea5eb 29f23d4336d9454aad5d453042338b78 - - default default] No more DHCP agents
2026-06-20 02:40:30.927 8 WARNING neutron.api.rpc.agentnotifiers.dhcp_rpc_agent_api [None req-95dc41b3-21d4-405f-a831-55b7943cdb77 e39fd40a8cfd4a7fb83710c3a87ea5eb 29f23d4336d9454aad5d453042338b78 - - default default] Unable to schedule network 28c8a3dd-ea47-40a6-977d-e857c8e8d05b: no agents available; will retry on subsequent port and subnet creation events.
2026-06-20 02:40:30.986 7 INFO neutron.plugins.ml2.drivers.ovn.mech_driver.mech_driver [None req-f1c2e587-72bb-4d0e-8ab5-96d2394b6da7 - - - - - -] OVN reports status down for port: a38dddfd-1f85-49d0-8945-12162cbaa727
2026-06-20 02:40:31.013 8 INFO neutron.db.ovn_revision_numbers_db [None req-95dc41b3-21d4-405f-a831-55b7943cdb77 e39fd40a8cfd4a7fb83710c3a87ea5eb 29f23d4336d9454aad5d453042338b78 - - default default] Successfully bumped revision number for resource a38dddfd-1f85-49d0-8945-12162cbaa727 (type: ports) to 1 [pid: 8|app: 0|req: 921/1756] 10.0.0.138 () {34 vars in 668 bytes} [Sat Jun 20 02:40:30 2026] POST /v2.0/networks => generated 672 bytes in 591 msecs (HTTP/1.1 201) 4 headers in 162 bytes (1 switches on core 0) [pid: 8|app: 0|req: 922/1757] 10.0.0.226 () {28 vars in 577 bytes} [Sat Jun 20 02:40:31 2026] GET /v2.0/ports => generated 9272 bytes in 73 msecs (HTTP/1.1 200) 4 headers in 158 bytes (1 switches on core 0) [pid: 7|app: 0|req: 836/1758] 10.0.0.138 () {32 vars in 738 bytes} [Sat Jun 20 02:40:30 2026] DELETE /v2.0/security-groups/d3855e03-c2a1-4ecf-99b3-2a4b9511235c => generated 0 bytes in 301 msecs (HTTP/1.1 204) 2 headers in 112 bytes (1 switches on core 0) [pid: 7|app: 0|req: 837/1759] 10.0.0.226 () {28 vars in 589 bytes} [Sat Jun 20 02:40:31 2026] GET /v2.0/floatingips => generated 19 bytes in 17 msecs (HTTP/1.1 200) 4 headers in 156 bytes (1 switches on core 0)
2026-06-20 02:40:31.205 8 INFO neutron.db.segments_db [None req-e64afff5-c620-437d-83f1-61fb8dfef4b5 e39fd40a8cfd4a7fb83710c3a87ea5eb 29f23d4336d9454aad5d453042338b78 - - default default] Added segment 01790386-e21c-4359-8c44-3f6fbdaf55b3 of type geneve for network 4f2f6123-9c12-4ae2-a316-d9f7ed2370ff [pid: 7|app: 0|req: 838/1760] 10.0.0.226 () {28 vars in 583 bytes} [Sat Jun 20 02:40:31 2026] GET /v2.0/networks => generated 3847 bytes in 73 msecs (HTTP/1.1 200) 4 headers in 158 bytes (1 switches on core 0) [pid: 7|app: 0|req: 839/1761] 10.0.0.226 () {28 vars in 581 bytes} [Sat Jun 20 02:40:31 2026] GET /v2.0/routers => generated 974 bytes in 103 msecs (HTTP/1.1 200) 4 headers in 157 bytes (1 switches on core 0)
2026-06-20 02:40:31.338 8 INFO neutron.db.ovn_revision_numbers_db [None req-e64afff5-c620-437d-83f1-61fb8dfef4b5 e39fd40a8cfd4a7fb83710c3a87ea5eb 29f23d4336d9454aad5d453042338b78 - - default default] Successfully bumped revision number for resource 4f2f6123-9c12-4ae2-a316-d9f7ed2370ff (type: networks) to 1 [pid: 7|app: 0|req: 840/1762] 10.0.0.226 () {28 vars in 622 bytes} [Sat Jun 20 02:40:31 2026] GET /v2.0/agents?binary=ovn-controller => generated 416 bytes in 35 msecs (HTTP/1.1 200) 4 headers in 157 bytes (1 switches on core 0) [pid: 7|app: 0|req: 841/1763] 10.0.0.226 () {28 vars in 597 bytes} [Sat Jun 20 02:40:31 2026] GET /v2.0/security-groups => generated 23205 bytes in 34 msecs (HTTP/1.1 200) 4 headers in 159 bytes (1 switches on core 0) [pid: 7|app: 0|req: 842/1764] 10.0.0.226 () {28 vars in 579 bytes} [Sat Jun 20 02:40:31 2026] GET /v2.0/agents => generated 1214 bytes in 12 msecs (HTTP/1.1 200) 4 headers in 158 bytes (1 switches on core 0) [pid: 7|app: 0|req: 843/1765] 10.0.0.226 () {28 vars in 617 bytes} [Sat Jun 20 02:40:31 2026] GET /v2.0/network-ip-availabilities => generated 2153 bytes in 15 msecs (HTTP/1.1 200) 4 headers in 158 bytes (1 switches on core 0)
2026-06-20 02:40:31.529 8 WARNING neutron.scheduler.dhcp_agent_scheduler [None req-e64afff5-c620-437d-83f1-61fb8dfef4b5 e39fd40a8cfd4a7fb83710c3a87ea5eb 29f23d4336d9454aad5d453042338b78 - - default default] No more DHCP agents
2026-06-20 02:40:31.531 8 WARNING neutron.api.rpc.agentnotifiers.dhcp_rpc_agent_api [None req-e64afff5-c620-437d-83f1-61fb8dfef4b5 e39fd40a8cfd4a7fb83710c3a87ea5eb 29f23d4336d9454aad5d453042338b78 - - default default] Unable to schedule network 4f2f6123-9c12-4ae2-a316-d9f7ed2370ff: no agents available; will retry on subsequent port and subnet creation events.
2026-06-20 02:40:31.582 8 INFO neutron.plugins.ml2.drivers.ovn.mech_driver.mech_driver [None req-4bf42e87-d45c-4da2-b1f2-274cb12e88fc - - - - - -] OVN reports status down for port: b645a136-3497-47ae-bbb4-6ea54d2b6ae3
2026-06-20 02:40:31.632 8 INFO neutron.db.ovn_revision_numbers_db [None req-e64afff5-c620-437d-83f1-61fb8dfef4b5 e39fd40a8cfd4a7fb83710c3a87ea5eb 29f23d4336d9454aad5d453042338b78 - - default default] Successfully bumped revision number for resource b645a136-3497-47ae-bbb4-6ea54d2b6ae3 (type: ports) to 1 [pid: 8|app: 0|req: 923/1766] 10.0.0.138 () {34 vars in 668 bytes} [Sat Jun 20 02:40:31 2026] POST /v2.0/networks => generated 673 bytes in 569 msecs (HTTP/1.1 201) 4 headers in 162 bytes (1 switches on core 0)
2026-06-20 02:40:32.039 8 INFO neutron.services.segments.plugin [-] Segment 614a2107-4ccd-4a39-b5bb-02cef6061f73 resource provider aggregate not found
2026-06-20 02:40:32.043 8 INFO neutron.services.segments.plugin [-] Segment 614a2107-4ccd-4a39-b5bb-02cef6061f73 resource provider aggregate not found
2026-06-20 02:40:32.057 8 INFO neutron.services.segments.plugin [-] Segment 614a2107-4ccd-4a39-b5bb-02cef6061f73 resource provider not found; error: Placement Client Error (4xx): {"errors": [{"status": 404, "title": "Not Found", "detail": "The resource could not be found.\n\n No resource provider with uuid 614a2107-4ccd-4a39-b5bb-02cef6061f73 found for delete ", "request_id": "req-8145f14f-d086-4ab1-8cb4-fef63f8b828e"}]}
2026-06-20 02:40:32.060 8 INFO neutron.services.segments.plugin [-] Segment 614a2107-4ccd-4a39-b5bb-02cef6061f73 resource provider not found; error: Placement Client Error (4xx): {"errors": [{"status": 404, "title": "Not Found", "detail": "The resource could not be found.\n\n No resource provider with uuid 614a2107-4ccd-4a39-b5bb-02cef6061f73 found for delete ", "request_id": "req-266cdc5e-83a2-42e0-861f-10e5b80cc8bc"}]}
2026-06-20 02:40:32.097 7 WARNING neutron.scheduler.dhcp_agent_scheduler [None req-86d5faea-0bb8-462e-b06e-08dcd556281e e39fd40a8cfd4a7fb83710c3a87ea5eb 29f23d4336d9454aad5d453042338b78 - - default default] No more DHCP agents
2026-06-20 02:40:32.098 7 WARNING neutron.api.rpc.agentnotifiers.dhcp_rpc_agent_api [None req-86d5faea-0bb8-462e-b06e-08dcd556281e e39fd40a8cfd4a7fb83710c3a87ea5eb 29f23d4336d9454aad5d453042338b78 - - default default] Unable to schedule network 28c8a3dd-ea47-40a6-977d-e857c8e8d05b: no agents available; will retry on subsequent port and subnet creation events.
2026-06-20 02:40:32.150 7 INFO neutron.plugins.ml2.drivers.ovn.mech_driver.mech_driver [None req-f1c2e587-72bb-4d0e-8ab5-96d2394b6da7 - - - - - -] OVN reports status down for port: f66b7e05-a508-4ba9-802d-caed485ca580
2026-06-20 02:40:32.212 7 INFO neutron.db.ovn_revision_numbers_db [None req-86d5faea-0bb8-462e-b06e-08dcd556281e e39fd40a8cfd4a7fb83710c3a87ea5eb 29f23d4336d9454aad5d453042338b78 - - default default] Successfully bumped revision number for resource f66b7e05-a508-4ba9-802d-caed485ca580 (type: ports) to 1
2026-06-20 02:40:32.292 7 WARNING neutron.scheduler.dhcp_agent_scheduler [None req-86d5faea-0bb8-462e-b06e-08dcd556281e e39fd40a8cfd4a7fb83710c3a87ea5eb 29f23d4336d9454aad5d453042338b78 - - default default] No more DHCP agents
2026-06-20 02:40:32.293 7 WARNING neutron.api.rpc.agentnotifiers.dhcp_rpc_agent_api [None req-86d5faea-0bb8-462e-b06e-08dcd556281e e39fd40a8cfd4a7fb83710c3a87ea5eb 29f23d4336d9454aad5d453042338b78 - - default default] Unable to schedule network 4f2f6123-9c12-4ae2-a316-d9f7ed2370ff: no agents available; will retry on subsequent port and subnet creation events.
2026-06-20 02:40:32.367 8 INFO neutron.plugins.ml2.drivers.ovn.mech_driver.mech_driver [None req-4bf42e87-d45c-4da2-b1f2-274cb12e88fc - - - - - -] OVN reports status down for port: cc957c1c-61a8-4969-9ed6-c95537af791c
2026-06-20 02:40:32.408 7 INFO neutron.db.ovn_revision_numbers_db [None req-86d5faea-0bb8-462e-b06e-08dcd556281e e39fd40a8cfd4a7fb83710c3a87ea5eb 29f23d4336d9454aad5d453042338b78 - - default default] Successfully bumped revision number for resource cc957c1c-61a8-4969-9ed6-c95537af791c (type: ports) to 1 [pid: 7|app: 0|req: 844/1767] 10.0.0.138 () {34 vars in 663 bytes} [Sat Jun 20 02:40:31 2026] POST /v2.0/ports => generated 1505 bytes in 799 msecs (HTTP/1.1 201) 4 headers in 163 bytes (1 switches on core 0) /var/lib/openstack/lib/python3.12/site-packages/pycadf/identifier.py:70: UserWarning: Invalid uuid: neutron. To ensure interoperability, identifiers should be a valid uuid. warnings.warn(('Invalid uuid: %s. To ensure interoperability, ' [pid: 7|app: 0|req: 845/1768] 10.0.0.138 () {32 vars in 641 bytes} [Sat Jun 20 02:40:32 2026] GET /v2.0/ports => generated 3017 bytes in 50 msecs (HTTP/1.1 200) 4 headers in 158 bytes (1 switches on core 0)
2026-06-20 02:40:32.690 7 INFO neutron_taas.services.taas.taas_plugin [None req-8bf60f79-e73a-4e67-a8dc-307e4b7cd474 e39fd40a8cfd4a7fb83710c3a87ea5eb 29f23d4336d9454aad5d453042338b78 - - default default] TaaS: Handle Delete Port: f66b7e05-a508-4ba9-802d-caed485ca580
2026-06-20 02:40:32.695 7 INFO neutron_taas.services.taas.tap_mirror_plugin [None req-8bf60f79-e73a-4e67-a8dc-307e4b7cd474 e39fd40a8cfd4a7fb83710c3a87ea5eb 29f23d4336d9454aad5d453042338b78 - - default default] Tap Mirror: Handle Delete Port: f66b7e05-a508-4ba9-802d-caed485ca580
2026-06-20 02:40:32.718 8 INFO neutron_taas.services.taas.taas_plugin [None req-6c9e9500-31f4-4ace-9ac3-df7da09fab5e 84bea81fe5cf43c5b45507c0d5af5f56 e09fda7aaece4e5495930be11383383e - - default default] TaaS: Handle Delete Port: 09d89dd0-ee53-4001-8d8e-9278230f9f9b
2026-06-20 02:40:32.722 8 INFO neutron_taas.services.taas.tap_mirror_plugin [None req-6c9e9500-31f4-4ace-9ac3-df7da09fab5e 84bea81fe5cf43c5b45507c0d5af5f56 e09fda7aaece4e5495930be11383383e - - default default] Tap Mirror: Handle Delete Port: 09d89dd0-ee53-4001-8d8e-9278230f9f9b [pid: 7|app: 0|req: 846/1769] 10.0.0.138 () {32 vars in 718 bytes} [Sat Jun 20 02:40:32 2026] DELETE /v2.0/ports/f66b7e05-a508-4ba9-802d-caed485ca580 => generated 0 bytes in 267 msecs (HTTP/1.1 204) 3 headers in 131 bytes (1 switches on core 0) [pid: 7|app: 0|req: 847/1770] 10.0.0.138 () {32 vars in 621 bytes} [Sat Jun 20 02:40:32 2026] GET / => generated 151 bytes in 1 msecs (HTTP/1.1 200) 3 headers in 91 bytes (1 switches on core 0)
2026-06-20 02:40:32.975 7 INFO neutron_taas.services.taas.taas_plugin [None req-9ed99a9e-ee4b-48bc-a951-f0bcaf37fdb3 e39fd40a8cfd4a7fb83710c3a87ea5eb 29f23d4336d9454aad5d453042338b78 - - default default] TaaS: Handle Delete Port: cc957c1c-61a8-4969-9ed6-c95537af791c
2026-06-20 02:40:32.979 7 INFO neutron_taas.services.taas.tap_mirror_plugin [None req-9ed99a9e-ee4b-48bc-a951-f0bcaf37fdb3 e39fd40a8cfd4a7fb83710c3a87ea5eb 29f23d4336d9454aad5d453042338b78 - - default default] Tap Mirror: Handle Delete Port: cc957c1c-61a8-4969-9ed6-c95537af791c [pid: 7|app: 0|req: 848/1771] 10.0.0.138 () {32 vars in 718 bytes} [Sat Jun 20 02:40:32 2026] DELETE /v2.0/ports/cc957c1c-61a8-4969-9ed6-c95537af791c => generated 0 bytes in 285 msecs (HTTP/1.1 204) 3 headers in 131 bytes (1 switches on core 0) [pid: 7|app: 0|req: 849/1772] 10.0.0.138 () {32 vars in 631 bytes} [Sat Jun 20 02:40:33 2026] GET /v2.0/ => generated 632 bytes in 159 msecs (HTTP/1.1 200) 4 headers in 157 bytes (1 switches on core 0) [pid: 7|app: 0|req: 850/1773] 10.0.0.138 () {32 vars in 641 bytes} [Sat Jun 20 02:40:33 2026] GET /v2.0/ports => generated 1523 bytes in 55 msecs (HTTP/1.1 200) 4 headers in 158 bytes (1 switches on core 0) [pid: 8|app: 0|req: 924/1774] 10.0.0.138 () {34 vars in 787 bytes} [Sat Jun 20 02:40:32 2026] PUT /v2.0/routers/a1d112cc-4e4d-450f-8bed-1ff6ca77ed54/remove_router_interface => generated 309 bytes in 1024 msecs (HTTP/1.1 200) 4 headers in 157 bytes (1 switches on core 0) /var/lib/openstack/lib/python3.12/site-packages/pycadf/identifier.py:70: UserWarning: Invalid uuid: neutron. To ensure interoperability, identifiers should be a valid uuid. warnings.warn(('Invalid uuid: %s. To ensure interoperability, '
2026-06-20 02:40:33.428 7 INFO neutron.db.segments_db [None req-131255a4-28de-49ca-b1ab-745a12be52d0 e39fd40a8cfd4a7fb83710c3a87ea5eb 29f23d4336d9454aad5d453042338b78 - - default default] Added segment 18ea7477-59cd-4a4f-b97d-609f19be126d of type geneve for network 6efddf4d-dee0-43ca-b36d-11aba812dc88
2026-06-20 02:40:33.607 7 INFO neutron.db.ovn_revision_numbers_db [None req-131255a4-28de-49ca-b1ab-745a12be52d0 e39fd40a8cfd4a7fb83710c3a87ea5eb 29f23d4336d9454aad5d453042338b78 - - default default] Successfully bumped revision number for resource 6efddf4d-dee0-43ca-b36d-11aba812dc88 (type: networks) to 1
2026-06-20 02:40:33.736 8 INFO neutron_taas.services.taas.taas_plugin [None req-fd2f6ef2-0295-45f3-a1c5-9e788b7f9adc 84bea81fe5cf43c5b45507c0d5af5f56 e09fda7aaece4e5495930be11383383e - - default default] TaaS: Handle Delete Port: a1e8c065-4afa-4996-b64d-34122ec1c18c
2026-06-20 02:40:33.738 8 INFO neutron_taas.services.taas.tap_mirror_plugin [None req-fd2f6ef2-0295-45f3-a1c5-9e788b7f9adc 84bea81fe5cf43c5b45507c0d5af5f56 e09fda7aaece4e5495930be11383383e - - default default] Tap Mirror: Handle Delete Port: a1e8c065-4afa-4996-b64d-34122ec1c18c
2026-06-20 02:40:33.784 7 WARNING neutron.scheduler.dhcp_agent_scheduler [None req-131255a4-28de-49ca-b1ab-745a12be52d0 e39fd40a8cfd4a7fb83710c3a87ea5eb 29f23d4336d9454aad5d453042338b78 - - default default] No more DHCP agents
2026-06-20 02:40:33.786 7 WARNING neutron.api.rpc.agentnotifiers.dhcp_rpc_agent_api [None req-131255a4-28de-49ca-b1ab-745a12be52d0 e39fd40a8cfd4a7fb83710c3a87ea5eb 29f23d4336d9454aad5d453042338b78 - - default default] Unable to schedule network 6efddf4d-dee0-43ca-b36d-11aba812dc88: no agents available; will retry on subsequent port and subnet creation events.
2026-06-20 02:40:33.826 7 INFO neutron.plugins.ml2.drivers.ovn.mech_driver.mech_driver [None req-f1c2e587-72bb-4d0e-8ab5-96d2394b6da7 - - - - - -] OVN reports status down for port: a1c13a32-c997-42ba-b630-d2fd92ef6964
2026-06-20 02:40:33.910 7 INFO neutron.db.ovn_revision_numbers_db [None req-131255a4-28de-49ca-b1ab-745a12be52d0 e39fd40a8cfd4a7fb83710c3a87ea5eb 29f23d4336d9454aad5d453042338b78 - - default default] Successfully bumped revision number for resource a1c13a32-c997-42ba-b630-d2fd92ef6964 (type: ports) to 1 [pid: 7|app: 0|req: 851/1775] 10.0.0.138 () {34 vars in 668 bytes} [Sat Jun 20 02:40:33 2026] POST /v2.0/networks => generated 672 bytes in 621 msecs (HTTP/1.1 201) 4 headers in 162 bytes (1 switches on core 0) [pid: 8|app: 0|req: 925/1776] 10.0.0.138 () {32 vars in 722 bytes} [Sat Jun 20 02:40:33 2026] DELETE /v2.0/routers/a1d112cc-4e4d-450f-8bed-1ff6ca77ed54 => generated 0 bytes in 724 msecs (HTTP/1.1 204) 2 headers in 112 bytes (1 switches on core 0)
2026-06-20 02:40:34.157 7 INFO neutron.db.ovn_revision_numbers_db [None req-48b8caaa-f6e4-472b-8bf4-36a8de17e284 84bea81fe5cf43c5b45507c0d5af5f56 e09fda7aaece4e5495930be11383383e - - default default] Successfully bumped revision number for resource ccc1ae4f-ce37-4856-9fa3-749f04b0f2c8 (type: security_groups) to 1
2026-06-20 02:40:34.170 7 INFO neutron.db.ovn_revision_numbers_db [None req-48b8caaa-f6e4-472b-8bf4-36a8de17e284 84bea81fe5cf43c5b45507c0d5af5f56 e09fda7aaece4e5495930be11383383e - - default default] Successfully bumped revision number for resource 8fa40fd2-a8dc-44d7-95bc-5e87c268f10e (type: security_group_rules) to 0
2026-06-20 02:40:34.181 7 INFO neutron.db.ovn_revision_numbers_db [None req-48b8caaa-f6e4-472b-8bf4-36a8de17e284 84bea81fe5cf43c5b45507c0d5af5f56 e09fda7aaece4e5495930be11383383e - - default default] Successfully bumped revision number for resource abff2584-59b0-418d-933b-a2f072007c10 (type: security_group_rules) to 0
2026-06-20 02:40:34.192 7 INFO neutron.db.ovn_revision_numbers_db [None req-48b8caaa-f6e4-472b-8bf4-36a8de17e284 84bea81fe5cf43c5b45507c0d5af5f56 e09fda7aaece4e5495930be11383383e - - default default] Successfully bumped revision number for resource c6e46283-46b3-4b4f-923d-2719eac2acff (type: security_group_rules) to 0
2026-06-20 02:40:34.204 7 INFO neutron.db.ovn_revision_numbers_db [None req-48b8caaa-f6e4-472b-8bf4-36a8de17e284 84bea81fe5cf43c5b45507c0d5af5f56 e09fda7aaece4e5495930be11383383e - - default default] Successfully bumped revision number for resource df551e40-fe37-4b4c-94a2-43cccdcdf3cc (type: security_group_rules) to 0
2026-06-20 02:40:34.224 8 INFO neutron.db.segments_db [None req-c2f8155f-03ed-4a31-8f9f-96257c9958f2 e39fd40a8cfd4a7fb83710c3a87ea5eb 29f23d4336d9454aad5d453042338b78 - - default default] Added segment 61240d05-ad72-45b3-95cc-3c89d0fccedc of type geneve for network c52bfe45-1786-4ccd-9715-4735c69f8cb5 [pid: 7|app: 0|req: 852/1777] 10.0.0.138 () {32 vars in 772 bytes} [Sat Jun 20 02:40:33 2026] GET /v2.0/security-groups?tenant_id=a15f6fb6469e4f248e7363707167ef76&name=default => generated 2925 bytes in 285 msecs (HTTP/1.1 200) 4 headers in 158 bytes (1 switches on core 0)
2026-06-20 02:40:34.349 8 INFO neutron.db.ovn_revision_numbers_db [None req-c2f8155f-03ed-4a31-8f9f-96257c9958f2 e39fd40a8cfd4a7fb83710c3a87ea5eb 29f23d4336d9454aad5d453042338b78 - - default default] Successfully bumped revision number for resource c52bfe45-1786-4ccd-9715-4735c69f8cb5 (type: networks) to 1 [pid: 7|app: 0|req: 853/1778] 10.0.0.138 () {32 vars in 722 bytes} [Sat Jun 20 02:40:34 2026] DELETE /v2.0/subnets/3bb0d145-07f3-4d88-b101-7463b2dfe6a3 => generated 0 bytes in 146 msecs (HTTP/1.1 204) 3 headers in 131 bytes (1 switches on core 0)
2026-06-20 02:40:34.534 8 WARNING neutron.scheduler.dhcp_agent_scheduler [None req-c2f8155f-03ed-4a31-8f9f-96257c9958f2 e39fd40a8cfd4a7fb83710c3a87ea5eb 29f23d4336d9454aad5d453042338b78 - - default default] No more DHCP agents
2026-06-20 02:40:34.536 8 WARNING neutron.api.rpc.agentnotifiers.dhcp_rpc_agent_api [None req-c2f8155f-03ed-4a31-8f9f-96257c9958f2 e39fd40a8cfd4a7fb83710c3a87ea5eb 29f23d4336d9454aad5d453042338b78 - - default default] Unable to schedule network c52bfe45-1786-4ccd-9715-4735c69f8cb5: no agents available; will retry on subsequent port and subnet creation events.
2026-06-20 02:40:34.576 7 INFO neutron.plugins.ml2.drivers.ovn.mech_driver.mech_driver [None req-f1c2e587-72bb-4d0e-8ab5-96d2394b6da7 - - - - - -] OVN reports status down for port: 52575d6b-7de2-4512-b8f5-e9ff42dc7582 [pid: 7|app: 0|req: 854/1779] 10.0.0.138 () {32 vars in 738 bytes} [Sat Jun 20 02:40:34 2026] DELETE /v2.0/security-groups/ccc1ae4f-ce37-4856-9fa3-749f04b0f2c8 => generated 0 bytes in 225 msecs (HTTP/1.1 204) 2 headers in 112 bytes (1 switches on core 0)
2026-06-20 02:40:34.618 8 INFO neutron.db.ovn_revision_numbers_db [None req-c2f8155f-03ed-4a31-8f9f-96257c9958f2 e39fd40a8cfd4a7fb83710c3a87ea5eb 29f23d4336d9454aad5d453042338b78 - - default default] Successfully bumped revision number for resource 52575d6b-7de2-4512-b8f5-e9ff42dc7582 (type: ports) to 1 [pid: 8|app: 0|req: 926/1780] 10.0.0.138 () {34 vars in 668 bytes} [Sat Jun 20 02:40:34 2026] POST /v2.0/networks => generated 673 bytes in 511 msecs (HTTP/1.1 201) 4 headers in 162 bytes (1 switches on core 0)
2026-06-20 02:40:34.763 7 INFO neutron_taas.services.taas.taas_plugin [None req-d46928b1-c0c3-4327-8b1e-22c23e4b5e03 84bea81fe5cf43c5b45507c0d5af5f56 e09fda7aaece4e5495930be11383383e - - default default] TaaS: Handle Delete Port: 9814f984-8c1a-4c53-b4db-820024b5e4c5
2026-06-20 02:40:34.766 7 INFO neutron_taas.services.taas.tap_mirror_plugin [None req-d46928b1-c0c3-4327-8b1e-22c23e4b5e03 84bea81fe5cf43c5b45507c0d5af5f56 e09fda7aaece4e5495930be11383383e - - default default] Tap Mirror: Handle Delete Port: 9814f984-8c1a-4c53-b4db-820024b5e4c5
2026-06-20 02:40:34.965 7 INFO neutron.services.segments.plugin [-] Segment 120e999c-69aa-4331-9a3e-d80e3b4f25cf resource provider aggregate not found
2026-06-20 02:40:34.978 7 INFO neutron.services.segments.plugin [-] Segment 120e999c-69aa-4331-9a3e-d80e3b4f25cf resource provider aggregate not found
2026-06-20 02:40:34.984 7 INFO neutron.services.segments.plugin [-] Segment 120e999c-69aa-4331-9a3e-d80e3b4f25cf resource provider not found; error: Placement Client Error (4xx): {"errors": [{"status": 404, "title": "Not Found", "detail": "The resource could not be found.\n\n No resource provider with uuid 120e999c-69aa-4331-9a3e-d80e3b4f25cf found for delete ", "request_id": "req-f529b09b-931d-415d-9233-c2358eec9246"}]}
2026-06-20 02:40:34.996 7 INFO neutron.services.segments.plugin [-] Segment 120e999c-69aa-4331-9a3e-d80e3b4f25cf resource provider not found; error: Placement Client Error (4xx): {"errors": [{"status": 404, "title": "Not Found", "detail": "The resource could not be found.\n\n No resource provider with uuid 120e999c-69aa-4331-9a3e-d80e3b4f25cf found for delete ", "request_id": "req-7aa2a484-6bf1-450e-a4bc-87be39cb33c7"}]} [pid: 7|app: 0|req: 855/1781] 10.0.0.138 () {32 vars in 724 bytes} [Sat Jun 20 02:40:34 2026] DELETE /v2.0/networks/a1eef985-7ea9-49bf-9dbc-d4281a42d2bb => generated 0 bytes in 401 msecs (HTTP/1.1 204) 3 headers in 131 bytes (1 switches on core 0) [pid: 7|app: 0|req: 856/1782] 10.0.0.138 () {32 vars in 772 bytes} [Sat Jun 20 02:40:35 2026] GET /v2.0/security-groups?tenant_id=c8f0af4c04314248830021f786ac7ae1&name=default => generated 2925 bytes in 36 msecs (HTTP/1.1 200) 4 headers in 158 bytes (1 switches on core 0)
2026-06-20 02:40:35.440 8 WARNING neutron.scheduler.dhcp_agent_scheduler [None req-4bd73d1c-b15d-4db1-a652-3c1379b21414 e39fd40a8cfd4a7fb83710c3a87ea5eb 29f23d4336d9454aad5d453042338b78 - - default default] No more DHCP agents
2026-06-20 02:40:35.441 8 WARNING neutron.api.rpc.agentnotifiers.dhcp_rpc_agent_api [None req-4bd73d1c-b15d-4db1-a652-3c1379b21414 e39fd40a8cfd4a7fb83710c3a87ea5eb 29f23d4336d9454aad5d453042338b78 - - default default] Unable to schedule network 6efddf4d-dee0-43ca-b36d-11aba812dc88: no agents available; will retry on subsequent port and subnet creation events. [pid: 7|app: 0|req: 857/1783] 10.0.0.138 () {32 vars in 738 bytes} [Sat Jun 20 02:40:35 2026] DELETE /v2.0/security-groups/25744f77-b018-4e24-be59-22629c6c0633 => generated 0 bytes in 237 msecs (HTTP/1.1 204) 2 headers in 112 bytes (1 switches on core 0)
2026-06-20 02:40:35.469 8 INFO neutron.db.ovn_revision_numbers_db [None req-4bd73d1c-b15d-4db1-a652-3c1379b21414 e39fd40a8cfd4a7fb83710c3a87ea5eb 29f23d4336d9454aad5d453042338b78 - - default default] Successfully bumped revision number for resource 65e4eb37-1b34-44b9-a406-3698f597f339 (type: subnets) to 0
2026-06-20 02:40:35.498 8 WARNING neutron.scheduler.dhcp_agent_scheduler [None req-4bd73d1c-b15d-4db1-a652-3c1379b21414 e39fd40a8cfd4a7fb83710c3a87ea5eb 29f23d4336d9454aad5d453042338b78 - - default default] No more DHCP agents
2026-06-20 02:40:35.499 8 WARNING neutron.api.rpc.agentnotifiers.dhcp_rpc_agent_api [None req-4bd73d1c-b15d-4db1-a652-3c1379b21414 e39fd40a8cfd4a7fb83710c3a87ea5eb 29f23d4336d9454aad5d453042338b78 - - default default] Unable to schedule network c52bfe45-1786-4ccd-9715-4735c69f8cb5: no agents available; will retry on subsequent port and subnet creation events.
2026-06-20 02:40:35.527 8 INFO neutron.db.ovn_revision_numbers_db [None req-4bd73d1c-b15d-4db1-a652-3c1379b21414 e39fd40a8cfd4a7fb83710c3a87ea5eb 29f23d4336d9454aad5d453042338b78 - - default default] Successfully bumped revision number for resource 3f4487be-6a29-4027-8a03-8aad3d8b8172 (type: subnets) to 0 [pid: 8|app: 0|req: 927/1784] 10.0.0.138 () {34 vars in 667 bytes} [Sat Jun 20 02:40:35 2026] POST /v2.0/subnets => generated 1323 bytes in 439 msecs (HTTP/1.1 201) 4 headers in 163 bytes (1 switches on core 0) [pid: 7|app: 0|req: 858/1785] 10.0.0.138 () {32 vars in 645 bytes} [Sat Jun 20 02:40:35 2026] GET /v2.0/subnets => generated 1959 bytes in 56 msecs (HTTP/1.1 200) 4 headers in 158 bytes (1 switches on core 0) [pid: 8|app: 0|req: 928/1786] 10.0.0.138 () {32 vars in 722 bytes} [Sat Jun 20 02:40:35 2026] DELETE /v2.0/subnets/65e4eb37-1b34-44b9-a406-3698f597f339 => generated 0 bytes in 130 msecs (HTTP/1.1 204) 3 headers in 131 bytes (1 switches on core 0) [pid: 7|app: 0|req: 859/1787] 10.0.0.138 () {32 vars in 722 bytes} [Sat Jun 20 02:40:35 2026] DELETE /v2.0/subnets/3f4487be-6a29-4027-8a03-8aad3d8b8172 => generated 0 bytes in 132 msecs (HTTP/1.1 204) 3 headers in 131 bytes (1 switches on core 0) [pid: 8|app: 0|req: 929/1788] 10.0.0.138 () {32 vars in 645 bytes} [Sat Jun 20 02:40:35 2026] GET /v2.0/subnets => generated 649 bytes in 35 msecs (HTTP/1.1 200) 4 headers in 157 bytes (1 switches on core 0)
2026-06-20 02:40:36.064 7 INFO neutron_taas.services.taas.taas_plugin [None req-1312fe11-5d1d-4dc9-93a6-e6e730e6a92e e39fd40a8cfd4a7fb83710c3a87ea5eb 29f23d4336d9454aad5d453042338b78 - - default default] TaaS: Handle Delete Port: 52575d6b-7de2-4512-b8f5-e9ff42dc7582
2026-06-20 02:40:36.067 7 INFO neutron_taas.services.taas.tap_mirror_plugin [None req-1312fe11-5d1d-4dc9-93a6-e6e730e6a92e e39fd40a8cfd4a7fb83710c3a87ea5eb 29f23d4336d9454aad5d453042338b78 - - default default] Tap Mirror: Handle Delete Port: 52575d6b-7de2-4512-b8f5-e9ff42dc7582 [pid: 7|app: 0|req: 860/1789] 10.0.0.138 () {32 vars in 724 bytes} [Sat Jun 20 02:40:35 2026] DELETE /v2.0/networks/c52bfe45-1786-4ccd-9715-4735c69f8cb5 => generated 0 bytes in 405 msecs (HTTP/1.1 204) 3 headers in 131 bytes (1 switches on core 0)
2026-06-20 02:40:36.436 8 INFO neutron_taas.services.taas.taas_plugin [None req-518ace58-00da-4317-99a3-ca8a97ae4643 e39fd40a8cfd4a7fb83710c3a87ea5eb 29f23d4336d9454aad5d453042338b78 - - default default] TaaS: Handle Delete Port: a1c13a32-c997-42ba-b630-d2fd92ef6964
2026-06-20 02:40:36.439 8 INFO neutron_taas.services.taas.tap_mirror_plugin [None req-518ace58-00da-4317-99a3-ca8a97ae4643 e39fd40a8cfd4a7fb83710c3a87ea5eb 29f23d4336d9454aad5d453042338b78 - - default default] Tap Mirror: Handle Delete Port: a1c13a32-c997-42ba-b630-d2fd92ef6964
2026-06-20 02:40:36.664 8 INFO neutron.services.segments.plugin [-] Segment 18ea7477-59cd-4a4f-b97d-609f19be126d resource provider aggregate not found
2026-06-20 02:40:36.670 8 INFO neutron.services.segments.plugin [-] Segment 18ea7477-59cd-4a4f-b97d-609f19be126d resource provider aggregate not found
2026-06-20 02:40:36.679 8 INFO neutron.services.segments.plugin [-] Segment 18ea7477-59cd-4a4f-b97d-609f19be126d resource provider not found; error: Placement Client Error (4xx): {"errors": [{"status": 404, "title": "Not Found", "detail": "The resource could not be found.\n\n No resource provider with uuid 18ea7477-59cd-4a4f-b97d-609f19be126d found for delete ", "request_id": "req-75e484ca-1e25-4627-9fa2-e3c215c83da5"}]}
2026-06-20 02:40:36.688 8 INFO neutron.services.segments.plugin [-] Segment 18ea7477-59cd-4a4f-b97d-609f19be126d resource provider not found; error: Placement Client Error (4xx): {"errors": [{"status": 404, "title": "Not Found", "detail": "The resource could not be found.\n\n No resource provider with uuid 18ea7477-59cd-4a4f-b97d-609f19be126d found for delete ", "request_id": "req-a413eabc-9b88-4aec-bafc-3c4e75faf3f4"}]} [pid: 8|app: 0|req: 930/1790] 10.0.0.138 () {32 vars in 724 bytes} [Sat Jun 20 02:40:36 2026] DELETE /v2.0/networks/6efddf4d-dee0-43ca-b36d-11aba812dc88 => generated 0 bytes in 385 msecs (HTTP/1.1 204) 3 headers in 131 bytes (1 switches on core 0)
2026-06-20 02:40:36.845 7 INFO neutron_taas.services.taas.taas_plugin [None req-5008a8f1-3aa3-4c5b-a8bd-88cc52d481eb e39fd40a8cfd4a7fb83710c3a87ea5eb 29f23d4336d9454aad5d453042338b78 - - default default] TaaS: Handle Delete Port: b645a136-3497-47ae-bbb4-6ea54d2b6ae3
2026-06-20 02:40:36.848 7 INFO neutron_taas.services.taas.tap_mirror_plugin [None req-5008a8f1-3aa3-4c5b-a8bd-88cc52d481eb e39fd40a8cfd4a7fb83710c3a87ea5eb 29f23d4336d9454aad5d453042338b78 - - default default] Tap Mirror: Handle Delete Port: b645a136-3497-47ae-bbb4-6ea54d2b6ae3
2026-06-20 02:40:37.004 7 INFO neutron.services.segments.plugin [-] Segment 61240d05-ad72-45b3-95cc-3c89d0fccedc resource provider aggregate not found
2026-06-20 02:40:37.015 7 INFO neutron.services.segments.plugin [-] Segment 61240d05-ad72-45b3-95cc-3c89d0fccedc resource provider aggregate not found
2026-06-20 02:40:37.027 7 INFO neutron.services.segments.plugin [-] Segment 61240d05-ad72-45b3-95cc-3c89d0fccedc resource provider not found; error: Placement Client Error (4xx): {"errors": [{"status": 404, "title": "Not Found", "detail": "The resource could not be found.\n\n No resource provider with uuid 61240d05-ad72-45b3-95cc-3c89d0fccedc found for delete ", "request_id": "req-c48007c5-bb18-4a53-bffe-73f2665b0893"}]}
2026-06-20 02:40:37.029 7 INFO neutron.services.segments.plugin [-] Segment 61240d05-ad72-45b3-95cc-3c89d0fccedc resource provider not found; error: Placement Client Error (4xx): {"errors": [{"status": 404, "title": "Not Found", "detail": "The resource could not be found.\n\n No resource provider with uuid 61240d05-ad72-45b3-95cc-3c89d0fccedc found for delete ", "request_id": "req-b9d3ceb9-9c4b-4bbe-b780-25678187ca0c"}]} [pid: 7|app: 0|req: 861/1791] 10.0.0.138 () {32 vars in 724 bytes} [Sat Jun 20 02:40:36 2026] DELETE /v2.0/networks/4f2f6123-9c12-4ae2-a316-d9f7ed2370ff => generated 0 bytes in 350 msecs (HTTP/1.1 204) 3 headers in 131 bytes (1 switches on core 0)
2026-06-20 02:40:37.189 8 INFO neutron_taas.services.taas.taas_plugin [None req-d971a336-f74b-429d-bbce-28125b27b172 e39fd40a8cfd4a7fb83710c3a87ea5eb 29f23d4336d9454aad5d453042338b78 - - default default] TaaS: Handle Delete Port: a38dddfd-1f85-49d0-8945-12162cbaa727
2026-06-20 02:40:37.193 8 INFO neutron_taas.services.taas.tap_mirror_plugin [None req-d971a336-f74b-429d-bbce-28125b27b172 e39fd40a8cfd4a7fb83710c3a87ea5eb 29f23d4336d9454aad5d453042338b78 - - default default] Tap Mirror: Handle Delete Port: a38dddfd-1f85-49d0-8945-12162cbaa727 [pid: 8|app: 0|req: 931/1792] 10.0.0.138 () {32 vars in 724 bytes} [Sat Jun 20 02:40:37 2026] DELETE /v2.0/networks/28c8a3dd-ea47-40a6-977d-e857c8e8d05b => generated 0 bytes in 327 msecs (HTTP/1.1 204) 3 headers in 131 bytes (1 switches on core 0) [pid: 7|app: 0|req: 862/1793] 10.0.0.138 () {32 vars in 772 bytes} [Sat Jun 20 02:40:37 2026] GET /v2.0/security-groups?tenant_id=29f23d4336d9454aad5d453042338b78&name=default => generated 2925 bytes in 243 msecs (HTTP/1.1 200) 4 headers in 158 bytes (1 switches on core 0) [pid: 8|app: 0|req: 932/1794] 10.0.0.138 () {32 vars in 738 bytes} [Sat Jun 20 02:40:38 2026] DELETE /v2.0/security-groups/22fd02f7-4261-4c4c-9f4c-8449a7e64fc8 => generated 0 bytes in 226 msecs (HTTP/1.1 204) 2 headers in 112 bytes (1 switches on core 0)
2026-06-20 02:40:38.702 8 INFO neutron.services.segments.plugin [-] Segment 8b79d41a-9d9d-4230-ba51-94f61bbc4386 resource provider aggregate not found
2026-06-20 02:40:38.707 8 INFO neutron.services.segments.plugin [-] Segment 8b79d41a-9d9d-4230-ba51-94f61bbc4386 resource provider aggregate not found
2026-06-20 02:40:38.717 8 INFO neutron.services.segments.plugin [-] Segment 8b79d41a-9d9d-4230-ba51-94f61bbc4386 resource provider not found; error: Placement Client Error (4xx): {"errors": [{"status": 404, "title": "Not Found", "detail": "The resource could not be found.\n\n No resource provider with uuid 8b79d41a-9d9d-4230-ba51-94f61bbc4386 found for delete ", "request_id": "req-c4952db2-63ef-4f7b-b1bd-eb55e8cc6b67"}]}
2026-06-20 02:40:38.725 8 INFO neutron.services.segments.plugin [-] Segment 8b79d41a-9d9d-4230-ba51-94f61bbc4386 resource provider not found; error: Placement Client Error (4xx): {"errors": [{"status": 404, "title": "Not Found", "detail": "The resource could not be found.\n\n No resource provider with uuid 8b79d41a-9d9d-4230-ba51-94f61bbc4386 found for delete ", "request_id": "req-d96838f2-ee69-4aa6-aac6-fea586183913"}]}
2026-06-20 02:40:39.046 7 INFO neutron.services.segments.plugin [-] Segment 01790386-e21c-4359-8c44-3f6fbdaf55b3 resource provider aggregate not found
2026-06-20 02:40:39.052 7 INFO neutron.services.segments.plugin [-] Segment 01790386-e21c-4359-8c44-3f6fbdaf55b3 resource provider aggregate not found
2026-06-20 02:40:39.060 7 INFO neutron.services.segments.plugin [-] Segment 01790386-e21c-4359-8c44-3f6fbdaf55b3 resource provider not found; error: Placement Client Error (4xx): {"errors": [{"status": 404, "title": "Not Found", "detail": "The resource could not be found.\n\n No resource provider with uuid 01790386-e21c-4359-8c44-3f6fbdaf55b3 found for delete ", "request_id": "req-89fe5f79-2d9f-4204-a236-443fa6f63d5d"}]}
2026-06-20 02:40:39.067 7 INFO neutron.services.segments.plugin [-] Segment 01790386-e21c-4359-8c44-3f6fbdaf55b3 resource provider not found; error: Placement Client Error (4xx): {"errors": [{"status": 404, "title": "Not Found", "detail": "The resource could not be found.\n\n No resource provider with uuid 01790386-e21c-4359-8c44-3f6fbdaf55b3 found for delete ", "request_id": "req-2db67b5d-8d22-4fdf-99c6-f3cf1203e274"}]}
2026-06-20 02:40:39.341 7 INFO neutron.db.ovn_revision_numbers_db [None req-f968ecc9-e010-4147-83e0-53f4439a441f 84bea81fe5cf43c5b45507c0d5af5f56 e09fda7aaece4e5495930be11383383e - - default default] Successfully bumped revision number for resource a6821690-0d3b-4ee8-aacf-231ea25b9c3f (type: security_groups) to 1
2026-06-20 02:40:39.350 7 INFO neutron.db.ovn_revision_numbers_db [None req-f968ecc9-e010-4147-83e0-53f4439a441f 84bea81fe5cf43c5b45507c0d5af5f56 e09fda7aaece4e5495930be11383383e - - default default] Successfully bumped revision number for resource 194ab698-d6c2-48c9-b865-a6f553817c64 (type: security_group_rules) to 0
2026-06-20 02:40:39.363 7 INFO neutron.db.ovn_revision_numbers_db [None req-f968ecc9-e010-4147-83e0-53f4439a441f 84bea81fe5cf43c5b45507c0d5af5f56 e09fda7aaece4e5495930be11383383e - - default default] Successfully bumped revision number for resource 424f2bd3-2c21-4dd1-a7e4-f2683d961b53 (type: security_group_rules) to 0
2026-06-20 02:40:39.374 7 INFO neutron.db.ovn_revision_numbers_db [None req-f968ecc9-e010-4147-83e0-53f4439a441f 84bea81fe5cf43c5b45507c0d5af5f56 e09fda7aaece4e5495930be11383383e - - default default] Successfully bumped revision number for resource 96010730-108e-4911-bbf7-75ba034e416d (type: security_group_rules) to 0
2026-06-20 02:40:39.388 7 INFO neutron.db.ovn_revision_numbers_db [None req-f968ecc9-e010-4147-83e0-53f4439a441f 84bea81fe5cf43c5b45507c0d5af5f56 e09fda7aaece4e5495930be11383383e - - default default] Successfully bumped revision number for resource fe9efce1-3ed4-4165-a0d6-553a63062193 (type: security_group_rules) to 0 [pid: 7|app: 0|req: 863/1795] 10.0.0.138 () {32 vars in 772 bytes} [Sat Jun 20 02:40:39 2026] GET /v2.0/security-groups?tenant_id=19f64760da654c27b94965396b9f0044&name=default => generated 2925 bytes in 371 msecs (HTTP/1.1 200) 4 headers in 158 bytes (1 switches on core 0) [pid: 8|app: 0|req: 933/1796] 10.0.0.138 () {32 vars in 738 bytes} [Sat Jun 20 02:40:39 2026] DELETE /v2.0/security-groups/a6821690-0d3b-4ee8-aacf-231ea25b9c3f => generated 0 bytes in 209 msecs (HTTP/1.1 204) 2 headers in 112 bytes (1 switches on core 0)
2026-06-20 02:40:39.843 7 INFO neutron.db.ovn_revision_numbers_db [None req-9bcee380-aed2-4412-a67c-bc1f62b17053 84bea81fe5cf43c5b45507c0d5af5f56 e09fda7aaece4e5495930be11383383e - - default default] Successfully bumped revision number for resource efc76a27-ba18-48fa-82a1-f4cdaac91667 (type: security_groups) to 1
2026-06-20 02:40:39.852 7 INFO neutron.db.ovn_revision_numbers_db [None req-9bcee380-aed2-4412-a67c-bc1f62b17053 84bea81fe5cf43c5b45507c0d5af5f56 e09fda7aaece4e5495930be11383383e - - default default] Successfully bumped revision number for resource 6a98e478-d502-4205-8af4-aa1bd43a8560 (type: security_group_rules) to 0
2026-06-20 02:40:39.865 7 INFO neutron.db.ovn_revision_numbers_db [None req-9bcee380-aed2-4412-a67c-bc1f62b17053 84bea81fe5cf43c5b45507c0d5af5f56 e09fda7aaece4e5495930be11383383e - - default default] Successfully bumped revision number for resource 8b815cdb-a065-4e87-b7fb-7b7acc496562 (type: security_group_rules) to 0
2026-06-20 02:40:39.875 7 INFO neutron.db.ovn_revision_numbers_db [None req-9bcee380-aed2-4412-a67c-bc1f62b17053 84bea81fe5cf43c5b45507c0d5af5f56 e09fda7aaece4e5495930be11383383e - - default default] Successfully bumped revision number for resource aeab16b8-58bb-4e07-84b9-de32869ee7c4 (type: security_group_rules) to 0
2026-06-20 02:40:39.885 7 INFO neutron.db.ovn_revision_numbers_db [None req-9bcee380-aed2-4412-a67c-bc1f62b17053 84bea81fe5cf43c5b45507c0d5af5f56 e09fda7aaece4e5495930be11383383e - - default default] Successfully bumped revision number for resource e845a1d0-208f-4c27-9225-82afd3872482 (type: security_group_rules) to 0 [pid: 7|app: 0|req: 864/1797] 10.0.0.138 () {32 vars in 772 bytes} [Sat Jun 20 02:40:39 2026] GET /v2.0/security-groups?tenant_id=c122e1275f794e8a85bd0cfb3dd19d4e&name=default => generated 2925 bytes in 202 msecs (HTTP/1.1 200) 4 headers in 158 bytes (1 switches on core 0)
2026-06-20 02:40:40.094 8 INFO neutron.db.ovn_revision_numbers_db [None req-d7f834dd-0ef1-4cfe-832b-0954fbbdb4e1 9562d6e245cd4eb09b22a0fc6b893363 d4c60160ce25427eaac7f94657679095 - - default default] Successfully bumped revision number for resource 667a39ad-0e98-47cc-a2d6-917037d7b4b1 (type: security_groups) to 1 [pid: 7|app: 0|req: 865/1798] 10.0.0.138 () {32 vars in 738 bytes} [Sat Jun 20 02:40:39 2026] DELETE /v2.0/security-groups/efc76a27-ba18-48fa-82a1-f4cdaac91667 => generated 0 bytes in 164 msecs (HTTP/1.1 204) 2 headers in 112 bytes (1 switches on core 0)
2026-06-20 02:40:40.105 8 INFO neutron.db.ovn_revision_numbers_db [None req-d7f834dd-0ef1-4cfe-832b-0954fbbdb4e1 9562d6e245cd4eb09b22a0fc6b893363 d4c60160ce25427eaac7f94657679095 - - default default] Successfully bumped revision number for resource 212d8724-109b-4a51-b780-68bb6d0d2cc8 (type: security_group_rules) to 0
2026-06-20 02:40:40.116 8 INFO neutron.db.ovn_revision_numbers_db [None req-d7f834dd-0ef1-4cfe-832b-0954fbbdb4e1 9562d6e245cd4eb09b22a0fc6b893363 d4c60160ce25427eaac7f94657679095 - - default default] Successfully bumped revision number for resource 4480c0a0-1e00-4c50-9319-03a1788dfc65 (type: security_group_rules) to 0
2026-06-20 02:40:40.128 8 INFO neutron.db.ovn_revision_numbers_db [None req-d7f834dd-0ef1-4cfe-832b-0954fbbdb4e1 9562d6e245cd4eb09b22a0fc6b893363 d4c60160ce25427eaac7f94657679095 - - default default] Successfully bumped revision number for resource 608d10f0-0b5e-4bb6-a2d8-8ff94f47f178 (type: security_group_rules) to 0
2026-06-20 02:40:40.142 8 INFO neutron.db.ovn_revision_numbers_db [None req-d7f834dd-0ef1-4cfe-832b-0954fbbdb4e1 9562d6e245cd4eb09b22a0fc6b893363 d4c60160ce25427eaac7f94657679095 - - default default] Successfully bumped revision number for resource 79e73751-989b-43fe-92d6-611ed860c9a7 (type: security_group_rules) to 0
