2026-06-20 02:40:40.213 8 INFO neutron.db.segments_db [None req-d7f834dd-0ef1-4cfe-832b-0954fbbdb4e1 9562d6e245cd4eb09b22a0fc6b893363 d4c60160ce25427eaac7f94657679095 - - default default] Added segment 5129e5ed-780f-4239-98c7-ff525de693e4 of type geneve for network a8ae35d5-589e-46fa-9708-0e884c394d32
2026-06-20 02:40:40.327 8 INFO neutron.db.ovn_revision_numbers_db [None req-d7f834dd-0ef1-4cfe-832b-0954fbbdb4e1 9562d6e245cd4eb09b22a0fc6b893363 d4c60160ce25427eaac7f94657679095 - - default default] Successfully bumped revision number for resource a8ae35d5-589e-46fa-9708-0e884c394d32 (type: networks) to 1
2026-06-20 02:40:40.375 7 INFO neutron.db.ovn_revision_numbers_db [None req-55bbde10-b91a-4f5f-916b-57aa08d8e42b d305ed09a03f47d29671d1d643f3697f 700b10303ad547e582711e592a66dfa7 - - default default] Successfully bumped revision number for resource 451bca2f-bd78-44f6-b90e-95c86aa3a129 (type: security_groups) to 1
2026-06-20 02:40:40.385 7 INFO neutron.db.ovn_revision_numbers_db [None req-55bbde10-b91a-4f5f-916b-57aa08d8e42b d305ed09a03f47d29671d1d643f3697f 700b10303ad547e582711e592a66dfa7 - - default default] Successfully bumped revision number for resource 18f720fc-2a3a-4c50-8d34-6f35927e5fcb (type: security_group_rules) to 0
2026-06-20 02:40:40.398 7 INFO neutron.db.ovn_revision_numbers_db [None req-55bbde10-b91a-4f5f-916b-57aa08d8e42b d305ed09a03f47d29671d1d643f3697f 700b10303ad547e582711e592a66dfa7 - - default default] Successfully bumped revision number for resource 362bb86a-1f78-4a32-b03d-fa5e488b0c86 (type: security_group_rules) to 0
2026-06-20 02:40:40.410 7 INFO neutron.db.ovn_revision_numbers_db [None req-55bbde10-b91a-4f5f-916b-57aa08d8e42b d305ed09a03f47d29671d1d643f3697f 700b10303ad547e582711e592a66dfa7 - - default default] Successfully bumped revision number for resource 7c466c4c-acdc-4688-b4a2-cbcae5f54420 (type: security_group_rules) to 0
2026-06-20 02:40:40.420 7 INFO neutron.db.ovn_revision_numbers_db [None req-55bbde10-b91a-4f5f-916b-57aa08d8e42b d305ed09a03f47d29671d1d643f3697f 700b10303ad547e582711e592a66dfa7 - - default default] Successfully bumped revision number for resource 9e83e9c6-c5d5-4a53-bd3a-a5448a80096c (type: security_group_rules) to 0
2026-06-20 02:40:40.495 8 WARNING neutron.scheduler.dhcp_agent_scheduler [None req-d7f834dd-0ef1-4cfe-832b-0954fbbdb4e1 9562d6e245cd4eb09b22a0fc6b893363 d4c60160ce25427eaac7f94657679095 - - default default] No more DHCP agents
2026-06-20 02:40:40.497 8 WARNING neutron.api.rpc.agentnotifiers.dhcp_rpc_agent_api [None req-d7f834dd-0ef1-4cfe-832b-0954fbbdb4e1 9562d6e245cd4eb09b22a0fc6b893363 d4c60160ce25427eaac7f94657679095 - - default default] Unable to schedule network a8ae35d5-589e-46fa-9708-0e884c394d32: no agents available; will retry on subsequent port and subnet creation events.
2026-06-20 02:40:40.505 7 INFO neutron.db.segments_db [None req-55bbde10-b91a-4f5f-916b-57aa08d8e42b d305ed09a03f47d29671d1d643f3697f 700b10303ad547e582711e592a66dfa7 - - default default] Added segment 3c998e31-8634-4148-a169-2e8f2585310e of type geneve for network 9a6833d3-bf9a-4ce1-912b-3578f29510f8
2026-06-20 02:40:40.541 8 INFO neutron.plugins.ml2.drivers.ovn.mech_driver.mech_driver [None req-4bf42e87-d45c-4da2-b1f2-274cb12e88fc - - - - - -] OVN reports status down for port: 0ab567e3-bf37-4c87-af8a-5303608bf82e
2026-06-20 02:40:40.599 8 INFO neutron.db.ovn_revision_numbers_db [None req-d7f834dd-0ef1-4cfe-832b-0954fbbdb4e1 9562d6e245cd4eb09b22a0fc6b893363 d4c60160ce25427eaac7f94657679095 - - default default] Successfully bumped revision number for resource 0ab567e3-bf37-4c87-af8a-5303608bf82e (type: ports) to 1
2026-06-20 02:40:40.606 7 INFO neutron.db.segments_db [None req-55bbde10-b91a-4f5f-916b-57aa08d8e42b d305ed09a03f47d29671d1d643f3697f 700b10303ad547e582711e592a66dfa7 - - default default] Added segment 837398ef-3c91-4ed9-ac93-36c026420e49 of type geneve for network 16d20c5c-66c1-4bd2-8c79-1606b44d7470 [pid: 8|app: 0|req: 934/1799] 10.0.0.138 () {34 vars in 668 bytes} [Sat Jun 20 02:40:39 2026] POST /v2.0/networks => generated 651 bytes in 843 msecs (HTTP/1.1 201) 4 headers in 162 bytes (1 switches on core 0)
2026-06-20 02:40:40.711 7 INFO neutron.db.ovn_revision_numbers_db [None req-55bbde10-b91a-4f5f-916b-57aa08d8e42b d305ed09a03f47d29671d1d643f3697f 700b10303ad547e582711e592a66dfa7 - - default default] Successfully bumped revision number for resource 9a6833d3-bf9a-4ce1-912b-3578f29510f8 (type: networks) to 1
2026-06-20 02:40:40.862 7 WARNING neutron.scheduler.dhcp_agent_scheduler [None req-55bbde10-b91a-4f5f-916b-57aa08d8e42b d305ed09a03f47d29671d1d643f3697f 700b10303ad547e582711e592a66dfa7 - - default default] No more DHCP agents
2026-06-20 02:40:40.863 7 WARNING neutron.api.rpc.agentnotifiers.dhcp_rpc_agent_api [None req-55bbde10-b91a-4f5f-916b-57aa08d8e42b d305ed09a03f47d29671d1d643f3697f 700b10303ad547e582711e592a66dfa7 - - default default] Unable to schedule network 9a6833d3-bf9a-4ce1-912b-3578f29510f8: no agents available; will retry on subsequent port and subnet creation events.
2026-06-20 02:40:40.896 8 INFO neutron.db.ovn_revision_numbers_db [None req-6e2034ee-d144-444b-a37a-cb296c38efa9 84bea81fe5cf43c5b45507c0d5af5f56 e09fda7aaece4e5495930be11383383e - - default default] Successfully bumped revision number for resource 3c3b6e5e-50ea-4d19-b99c-eb197906ea37 (type: security_groups) to 1
2026-06-20 02:40:40.907 8 INFO neutron.plugins.ml2.drivers.ovn.mech_driver.mech_driver [None req-4bf42e87-d45c-4da2-b1f2-274cb12e88fc - - - - - -] OVN reports status down for port: 6e5294a8-5e98-4d37-96cf-7010a830c740
2026-06-20 02:40:40.935 7 INFO neutron.db.ovn_revision_numbers_db [None req-55bbde10-b91a-4f5f-916b-57aa08d8e42b d305ed09a03f47d29671d1d643f3697f 700b10303ad547e582711e592a66dfa7 - - default default] Successfully bumped revision number for resource 6e5294a8-5e98-4d37-96cf-7010a830c740 (type: ports) to 1
2026-06-20 02:40:40.939 8 INFO neutron.db.ovn_revision_numbers_db [None req-6e2034ee-d144-444b-a37a-cb296c38efa9 84bea81fe5cf43c5b45507c0d5af5f56 e09fda7aaece4e5495930be11383383e - - default default] Successfully bumped revision number for resource 8abf7f09-021e-455e-b81e-7f9e96e89291 (type: security_group_rules) to 0
2026-06-20 02:40:40.966 8 INFO neutron.db.ovn_revision_numbers_db [None req-6e2034ee-d144-444b-a37a-cb296c38efa9 84bea81fe5cf43c5b45507c0d5af5f56 e09fda7aaece4e5495930be11383383e - - default default] Successfully bumped revision number for resource abab3bf8-b63c-41ae-ae80-12dabe1f003b (type: security_group_rules) to 0
2026-06-20 02:40:40.986 8 INFO neutron.db.ovn_revision_numbers_db [None req-6e2034ee-d144-444b-a37a-cb296c38efa9 84bea81fe5cf43c5b45507c0d5af5f56 e09fda7aaece4e5495930be11383383e - - default default] Successfully bumped revision number for resource bedcd7e5-944c-4446-bef0-a1c427c6acf1 (type: security_group_rules) to 0
2026-06-20 02:40:40.999 7 INFO neutron.db.ovn_revision_numbers_db [None req-55bbde10-b91a-4f5f-916b-57aa08d8e42b d305ed09a03f47d29671d1d643f3697f 700b10303ad547e582711e592a66dfa7 - - default default] Successfully bumped revision number for resource 16d20c5c-66c1-4bd2-8c79-1606b44d7470 (type: networks) to 1
2026-06-20 02:40:41.010 8 INFO neutron.db.ovn_revision_numbers_db [None req-6e2034ee-d144-444b-a37a-cb296c38efa9 84bea81fe5cf43c5b45507c0d5af5f56 e09fda7aaece4e5495930be11383383e - - default default] Successfully bumped revision number for resource ec3498aa-e953-41e4-9d6d-703cbead0cf2 (type: security_group_rules) to 0 [pid: 8|app: 0|req: 935/1800] 10.0.0.138 () {32 vars in 772 bytes} [Sat Jun 20 02:40:40 2026] GET /v2.0/security-groups?tenant_id=2fb9706138044e79ba5a4d71f373a1c7&name=default => generated 2925 bytes in 401 msecs (HTTP/1.1 200) 4 headers in 158 bytes (1 switches on core 0)
2026-06-20 02:40:41.116 7 WARNING neutron.scheduler.dhcp_agent_scheduler [None req-55bbde10-b91a-4f5f-916b-57aa08d8e42b d305ed09a03f47d29671d1d643f3697f 700b10303ad547e582711e592a66dfa7 - - default default] No more DHCP agents
2026-06-20 02:40:41.117 7 WARNING neutron.api.rpc.agentnotifiers.dhcp_rpc_agent_api [None req-55bbde10-b91a-4f5f-916b-57aa08d8e42b d305ed09a03f47d29671d1d643f3697f 700b10303ad547e582711e592a66dfa7 - - default default] Unable to schedule network 16d20c5c-66c1-4bd2-8c79-1606b44d7470: no agents available; will retry on subsequent port and subnet creation events.
2026-06-20 02:40:41.162 8 INFO neutron.plugins.ml2.drivers.ovn.mech_driver.mech_driver [None req-4bf42e87-d45c-4da2-b1f2-274cb12e88fc - - - - - -] OVN reports status down for port: 06d210f1-19b1-4e5a-9987-8f151d7adcbf
2026-06-20 02:40:41.190 7 INFO neutron.db.ovn_revision_numbers_db [None req-55bbde10-b91a-4f5f-916b-57aa08d8e42b d305ed09a03f47d29671d1d643f3697f 700b10303ad547e582711e592a66dfa7 - - default default] Successfully bumped revision number for resource 06d210f1-19b1-4e5a-9987-8f151d7adcbf (type: ports) to 1 [pid: 7|app: 0|req: 866/1801] 10.0.0.138 () {34 vars in 668 bytes} [Sat Jun 20 02:40:40 2026] POST /v2.0/networks => generated 1283 bytes in 1114 msecs (HTTP/1.1 201) 4 headers in 163 bytes (1 switches on core 0)
2026-06-20 02:40:41.312 8 WARNING neutron.scheduler.dhcp_agent_scheduler [None req-16438876-b443-4302-aded-eae515b10182 9562d6e245cd4eb09b22a0fc6b893363 d4c60160ce25427eaac7f94657679095 - - default default] No more DHCP agents
2026-06-20 02:40:41.314 8 WARNING neutron.api.rpc.agentnotifiers.dhcp_rpc_agent_api [None req-16438876-b443-4302-aded-eae515b10182 9562d6e245cd4eb09b22a0fc6b893363 d4c60160ce25427eaac7f94657679095 - - default default] Unable to schedule network a8ae35d5-589e-46fa-9708-0e884c394d32: no agents available; will retry on subsequent port and subnet creation events. [pid: 7|app: 0|req: 867/1802] 10.0.0.138 () {32 vars in 738 bytes} [Sat Jun 20 02:40:41 2026] DELETE /v2.0/security-groups/3c3b6e5e-50ea-4d19-b99c-eb197906ea37 => generated 0 bytes in 243 msecs (HTTP/1.1 204) 2 headers in 112 bytes (1 switches on core 0) [pid: 7|app: 0|req: 868/1803] 10.0.0.138 () {32 vars in 647 bytes} [Sat Jun 20 02:40:41 2026] GET /v2.0/networks => generated 1970 bytes in 66 msecs (HTTP/1.1 200) 4 headers in 158 bytes (1 switches on core 0)
2026-06-20 02:40:41.647 7 INFO neutron_taas.services.taas.taas_plugin [None req-0a45dd1b-367c-4878-90f7-ff3d0825292b d305ed09a03f47d29671d1d643f3697f 700b10303ad547e582711e592a66dfa7 - - default default] TaaS: Handle Delete Port: 6e5294a8-5e98-4d37-96cf-7010a830c740
2026-06-20 02:40:41.649 7 INFO neutron_taas.services.taas.tap_mirror_plugin [None req-0a45dd1b-367c-4878-90f7-ff3d0825292b d305ed09a03f47d29671d1d643f3697f 700b10303ad547e582711e592a66dfa7 - - default default] Tap Mirror: Handle Delete Port: 6e5294a8-5e98-4d37-96cf-7010a830c740
2026-06-20 02:40:41.722 8 INFO neutron.db.ovn_revision_numbers_db [None req-000c829e-ff34-4341-9b14-526480a490e7 - - - - - -] Successfully bumped revision number for resource 0ab567e3-bf37-4c87-af8a-5303608bf82e (type: ports) to 2
2026-06-20 02:40:41.754 8 INFO neutron.db.ovn_revision_numbers_db [None req-000c829e-ff34-4341-9b14-526480a490e7 - - - - - -] Successfully bumped revision number for resource 2e5fd671-6fa8-44d7-9d5b-23f809322260 (type: subnets) to 0 [pid: 8|app: 0|req: 936/1804] 10.0.0.138 () {34 vars in 667 bytes} [Sat Jun 20 02:40:41 2026] POST /v2.0/subnets => generated 626 bytes in 713 msecs (HTTP/1.1 201) 4 headers in 162 bytes (1 switches on core 0)
2026-06-20 02:40:41.818 7 INFO neutron.services.segments.plugin [-] Segment 3c998e31-8634-4148-a169-2e8f2585310e resource provider aggregate not found
2026-06-20 02:40:41.826 7 INFO neutron.services.segments.plugin [-] Segment 3c998e31-8634-4148-a169-2e8f2585310e resource provider aggregate not found
2026-06-20 02:40:41.834 7 INFO neutron.services.segments.plugin [-] Segment 3c998e31-8634-4148-a169-2e8f2585310e resource provider not found; error: Placement Client Error (4xx): {"errors": [{"status": 404, "title": "Not Found", "detail": "The resource could not be found.\n\n No resource provider with uuid 3c998e31-8634-4148-a169-2e8f2585310e found for delete ", "request_id": "req-b9b60ebc-ade7-4dda-9ade-eebc38f20ae2"}]}
2026-06-20 02:40:41.849 7 INFO neutron.services.segments.plugin [-] Segment 3c998e31-8634-4148-a169-2e8f2585310e resource provider not found; error: Placement Client Error (4xx): {"errors": [{"status": 404, "title": "Not Found", "detail": "The resource could not be found.\n\n No resource provider with uuid 3c998e31-8634-4148-a169-2e8f2585310e found for delete ", "request_id": "req-78413f27-61f0-4f0e-9a3b-144bb40b87d2"}]} [pid: 7|app: 0|req: 869/1805] 10.0.0.138 () {32 vars in 724 bytes} [Sat Jun 20 02:40:41 2026] DELETE /v2.0/networks/9a6833d3-bf9a-4ce1-912b-3578f29510f8 => generated 0 bytes in 345 msecs (HTTP/1.1 204) 3 headers in 131 bytes (1 switches on core 0)
2026-06-20 02:40:41.884 8 INFO neutron.db.segments_db [None req-499ab81a-c48a-4d83-bb25-64b330cd7c6a 9562d6e245cd4eb09b22a0fc6b893363 d4c60160ce25427eaac7f94657679095 - - default default] Added segment 79b27170-e7c6-4717-9a5c-d32ee2fbf6be of type geneve for network d1ac03c8-f19d-4f97-b479-f026587f871f
2026-06-20 02:40:41.987 8 INFO neutron.db.ovn_revision_numbers_db [None req-499ab81a-c48a-4d83-bb25-64b330cd7c6a 9562d6e245cd4eb09b22a0fc6b893363 d4c60160ce25427eaac7f94657679095 - - default default] Successfully bumped revision number for resource d1ac03c8-f19d-4f97-b479-f026587f871f (type: networks) to 1
2026-06-20 02:40:42.007 7 INFO neutron_taas.services.taas.taas_plugin [None req-1e622962-b0b4-47b1-97b1-b1d7359f8129 d305ed09a03f47d29671d1d643f3697f 700b10303ad547e582711e592a66dfa7 - - default default] TaaS: Handle Delete Port: 06d210f1-19b1-4e5a-9987-8f151d7adcbf
2026-06-20 02:40:42.010 7 INFO neutron_taas.services.taas.tap_mirror_plugin [None req-1e622962-b0b4-47b1-97b1-b1d7359f8129 d305ed09a03f47d29671d1d643f3697f 700b10303ad547e582711e592a66dfa7 - - default default] Tap Mirror: Handle Delete Port: 06d210f1-19b1-4e5a-9987-8f151d7adcbf
2026-06-20 02:40:42.147 8 WARNING neutron.scheduler.dhcp_agent_scheduler [None req-499ab81a-c48a-4d83-bb25-64b330cd7c6a 9562d6e245cd4eb09b22a0fc6b893363 d4c60160ce25427eaac7f94657679095 - - default default] No more DHCP agents
2026-06-20 02:40:42.149 8 WARNING neutron.api.rpc.agentnotifiers.dhcp_rpc_agent_api [None req-499ab81a-c48a-4d83-bb25-64b330cd7c6a 9562d6e245cd4eb09b22a0fc6b893363 d4c60160ce25427eaac7f94657679095 - - default default] Unable to schedule network d1ac03c8-f19d-4f97-b479-f026587f871f: no agents available; will retry on subsequent port and subnet creation events.
2026-06-20 02:40:42.188 8 INFO neutron.plugins.ml2.drivers.ovn.mech_driver.mech_driver [None req-4bf42e87-d45c-4da2-b1f2-274cb12e88fc - - - - - -] OVN reports status down for port: 39fc11e7-b209-424d-a8d9-95e062503680
2026-06-20 02:40:42.246 8 INFO neutron.db.ovn_revision_numbers_db [None req-499ab81a-c48a-4d83-bb25-64b330cd7c6a 9562d6e245cd4eb09b22a0fc6b893363 d4c60160ce25427eaac7f94657679095 - - default default] Successfully bumped revision number for resource 39fc11e7-b209-424d-a8d9-95e062503680 (type: ports) to 1 [pid: 7|app: 0|req: 870/1806] 10.0.0.138 () {32 vars in 724 bytes} [Sat Jun 20 02:40:41 2026] DELETE /v2.0/networks/16d20c5c-66c1-4bd2-8c79-1606b44d7470 => generated 0 bytes in 375 msecs (HTTP/1.1 204) 3 headers in 131 bytes (1 switches on core 0) [pid: 8|app: 0|req: 937/1807] 10.0.0.138 () {34 vars in 668 bytes} [Sat Jun 20 02:40:41 2026] POST /v2.0/networks => generated 651 bytes in 520 msecs (HTTP/1.1 201) 4 headers in 162 bytes (1 switches on core 0) [pid: 7|app: 0|req: 871/1808] 10.0.0.138 () {32 vars in 647 bytes} [Sat Jun 20 02:40:42 2026] GET /v2.0/networks => generated 689 bytes in 57 msecs (HTTP/1.1 200) 4 headers in 157 bytes (1 switches on core 0)
2026-06-20 02:40:42.419 7 INFO neutron.db.segments_db [None req-8e48b928-faa1-46e9-8fb7-8d4eea3da326 d305ed09a03f47d29671d1d643f3697f 700b10303ad547e582711e592a66dfa7 - - default default] Added segment b715ff70-5ad4-45c9-83c3-3631bcbe5463 of type geneve for network baa7821c-7201-46f9-bc20-333ae14d2310
2026-06-20 02:40:42.500 8 WARNING neutron.scheduler.dhcp_agent_scheduler [None req-ba0dd953-fc4b-485e-8cdc-290ff296f9ba 9562d6e245cd4eb09b22a0fc6b893363 d4c60160ce25427eaac7f94657679095 - - default default] No more DHCP agents
2026-06-20 02:40:42.501 8 WARNING neutron.api.rpc.agentnotifiers.dhcp_rpc_agent_api [None req-ba0dd953-fc4b-485e-8cdc-290ff296f9ba 9562d6e245cd4eb09b22a0fc6b893363 d4c60160ce25427eaac7f94657679095 - - default default] Unable to schedule network d1ac03c8-f19d-4f97-b479-f026587f871f: no agents available; will retry on subsequent port and subnet creation events.
2026-06-20 02:40:42.520 7 INFO neutron.db.ovn_revision_numbers_db [None req-8e48b928-faa1-46e9-8fb7-8d4eea3da326 d305ed09a03f47d29671d1d643f3697f 700b10303ad547e582711e592a66dfa7 - - default default] Successfully bumped revision number for resource baa7821c-7201-46f9-bc20-333ae14d2310 (type: networks) to 1
2026-06-20 02:40:42.698 7 WARNING neutron.scheduler.dhcp_agent_scheduler [None req-8e48b928-faa1-46e9-8fb7-8d4eea3da326 d305ed09a03f47d29671d1d643f3697f 700b10303ad547e582711e592a66dfa7 - - default default] No more DHCP agents
2026-06-20 02:40:42.699 7 WARNING neutron.api.rpc.agentnotifiers.dhcp_rpc_agent_api [None req-8e48b928-faa1-46e9-8fb7-8d4eea3da326 d305ed09a03f47d29671d1d643f3697f 700b10303ad547e582711e592a66dfa7 - - default default] Unable to schedule network baa7821c-7201-46f9-bc20-333ae14d2310: no agents available; will retry on subsequent port and subnet creation events.
2026-06-20 02:40:42.746 8 INFO neutron.plugins.ml2.drivers.ovn.mech_driver.mech_driver [None req-4bf42e87-d45c-4da2-b1f2-274cb12e88fc - - - - - -] OVN reports status down for port: a427f8da-7deb-43f7-a976-3d31784ab2fa
2026-06-20 02:40:42.768 7 INFO neutron.db.ovn_revision_numbers_db [None req-8e48b928-faa1-46e9-8fb7-8d4eea3da326 d305ed09a03f47d29671d1d643f3697f 700b10303ad547e582711e592a66dfa7 - - default default] Successfully bumped revision number for resource a427f8da-7deb-43f7-a976-3d31784ab2fa (type: ports) to 1 [pid: 7|app: 0|req: 872/1809] 10.0.0.138 () {34 vars in 668 bytes} [Sat Jun 20 02:40:42 2026] POST /v2.0/networks => generated 669 bytes in 460 msecs (HTTP/1.1 201) 4 headers in 162 bytes (1 switches on core 0)
2026-06-20 02:40:42.865 7 INFO neutron.db.segments_db [None req-02b502a0-942d-4956-89a3-24a9ff297919 d305ed09a03f47d29671d1d643f3697f 700b10303ad547e582711e592a66dfa7 - - default default] Added segment 982f8cb6-6133-4b65-a378-ff14e386eb1d of type geneve for network 9d0197d3-e820-4f51-bb33-a6361b16d6df
2026-06-20 02:40:42.947 8 INFO neutron.db.ovn_revision_numbers_db [None req-437948cf-ed2c-446c-b547-9f15c4e79ad8 - - - - - -] Successfully bumped revision number for resource 39fc11e7-b209-424d-a8d9-95e062503680 (type: ports) to 2
2026-06-20 02:40:42.960 7 INFO neutron.db.ovn_revision_numbers_db [None req-02b502a0-942d-4956-89a3-24a9ff297919 d305ed09a03f47d29671d1d643f3697f 700b10303ad547e582711e592a66dfa7 - - default default] Successfully bumped revision number for resource 9d0197d3-e820-4f51-bb33-a6361b16d6df (type: networks) to 1
2026-06-20 02:40:42.976 8 INFO neutron.db.ovn_revision_numbers_db [None req-437948cf-ed2c-446c-b547-9f15c4e79ad8 - - - - - -] Successfully bumped revision number for resource 950bedaa-c443-4345-ba92-b11d8004ba25 (type: subnets) to 0 [pid: 8|app: 0|req: 938/1810] 10.0.0.138 () {34 vars in 667 bytes} [Sat Jun 20 02:40:42 2026] POST /v2.0/subnets => generated 629 bytes in 694 msecs (HTTP/1.1 201) 4 headers in 162 bytes (1 switches on core 0)
2026-06-20 02:40:43.079 8 INFO neutron.db.segments_db [None req-3859a826-7c32-44e9-a6f6-326768112916 9562d6e245cd4eb09b22a0fc6b893363 d4c60160ce25427eaac7f94657679095 - - default default] Added segment 42283e44-b696-4b16-8534-b4665a5887bb of type geneve for network fd7a8f47-8de7-4ad7-8d40-76463040900b
2026-06-20 02:40:43.103 7 WARNING neutron.scheduler.dhcp_agent_scheduler [None req-02b502a0-942d-4956-89a3-24a9ff297919 d305ed09a03f47d29671d1d643f3697f 700b10303ad547e582711e592a66dfa7 - - default default] No more DHCP agents
2026-06-20 02:40:43.105 7 WARNING neutron.api.rpc.agentnotifiers.dhcp_rpc_agent_api [None req-02b502a0-942d-4956-89a3-24a9ff297919 d305ed09a03f47d29671d1d643f3697f 700b10303ad547e582711e592a66dfa7 - - default default] Unable to schedule network 9d0197d3-e820-4f51-bb33-a6361b16d6df: no agents available; will retry on subsequent port and subnet creation events.
2026-06-20 02:40:43.153 8 INFO neutron.plugins.ml2.drivers.ovn.mech_driver.mech_driver [None req-4bf42e87-d45c-4da2-b1f2-274cb12e88fc - - - - - -] OVN reports status down for port: 930ca9e2-3cdc-43f8-85ec-2e23073d454d
2026-06-20 02:40:43.172 7 INFO neutron.db.ovn_revision_numbers_db [None req-02b502a0-942d-4956-89a3-24a9ff297919 d305ed09a03f47d29671d1d643f3697f 700b10303ad547e582711e592a66dfa7 - - default default] Successfully bumped revision number for resource 930ca9e2-3cdc-43f8-85ec-2e23073d454d (type: ports) to 1 [pid: 7|app: 0|req: 873/1811] 10.0.0.138 () {34 vars in 668 bytes} [Sat Jun 20 02:40:42 2026] POST /v2.0/networks => generated 669 bytes in 408 msecs (HTTP/1.1 201) 4 headers in 162 bytes (1 switches on core 0)
2026-06-20 02:40:43.221 8 INFO neutron.db.ovn_revision_numbers_db [None req-3859a826-7c32-44e9-a6f6-326768112916 9562d6e245cd4eb09b22a0fc6b893363 d4c60160ce25427eaac7f94657679095 - - default default] Successfully bumped revision number for resource fd7a8f47-8de7-4ad7-8d40-76463040900b (type: networks) to 1
2026-06-20 02:40:43.430 8 WARNING neutron.scheduler.dhcp_agent_scheduler [None req-3859a826-7c32-44e9-a6f6-326768112916 9562d6e245cd4eb09b22a0fc6b893363 d4c60160ce25427eaac7f94657679095 - - default default] No more DHCP agents
2026-06-20 02:40:43.432 8 WARNING neutron.api.rpc.agentnotifiers.dhcp_rpc_agent_api [None req-3859a826-7c32-44e9-a6f6-326768112916 9562d6e245cd4eb09b22a0fc6b893363 d4c60160ce25427eaac7f94657679095 - - default default] Unable to schedule network fd7a8f47-8de7-4ad7-8d40-76463040900b: no agents available; will retry on subsequent port and subnet creation events.
2026-06-20 02:40:43.473 8 INFO neutron.plugins.ml2.drivers.ovn.mech_driver.mech_driver [None req-4bf42e87-d45c-4da2-b1f2-274cb12e88fc - - - - - -] OVN reports status down for port: 8fb2f21e-f927-4931-b6c6-b81a92bab794
2026-06-20 02:40:43.508 7 INFO neutron.db.ovn_revision_numbers_db [None req-11711e51-d5c7-47bb-b3cc-f89556c0690a 84bea81fe5cf43c5b45507c0d5af5f56 e09fda7aaece4e5495930be11383383e - - default default] Successfully bumped revision number for resource a36659e4-7ed7-4e0e-8c20-fecd33cbe5ae (type: security_groups) to 1
2026-06-20 02:40:43.523 7 INFO neutron.db.ovn_revision_numbers_db [None req-11711e51-d5c7-47bb-b3cc-f89556c0690a 84bea81fe5cf43c5b45507c0d5af5f56 e09fda7aaece4e5495930be11383383e - - default default] Successfully bumped revision number for resource 8f32d8f5-d456-489f-a323-53b8705035e6 (type: security_group_rules) to 0
2026-06-20 02:40:43.531 8 INFO neutron.db.ovn_revision_numbers_db [None req-3859a826-7c32-44e9-a6f6-326768112916 9562d6e245cd4eb09b22a0fc6b893363 d4c60160ce25427eaac7f94657679095 - - default default] Successfully bumped revision number for resource 8fb2f21e-f927-4931-b6c6-b81a92bab794 (type: ports) to 1
2026-06-20 02:40:43.537 7 INFO neutron.db.ovn_revision_numbers_db [None req-11711e51-d5c7-47bb-b3cc-f89556c0690a 84bea81fe5cf43c5b45507c0d5af5f56 e09fda7aaece4e5495930be11383383e - - default default] Successfully bumped revision number for resource ae3b06d7-adff-4fed-a5ed-90d53fa7d2f8 (type: security_group_rules) to 0
2026-06-20 02:40:43.551 7 INFO neutron.db.ovn_revision_numbers_db [None req-11711e51-d5c7-47bb-b3cc-f89556c0690a 84bea81fe5cf43c5b45507c0d5af5f56 e09fda7aaece4e5495930be11383383e - - default default] Successfully bumped revision number for resource b2cd264f-bca8-431d-bbf0-92b4aa4c81fb (type: security_group_rules) to 0
2026-06-20 02:40:43.563 7 INFO neutron.db.ovn_revision_numbers_db [None req-11711e51-d5c7-47bb-b3cc-f89556c0690a 84bea81fe5cf43c5b45507c0d5af5f56 e09fda7aaece4e5495930be11383383e - - default default] Successfully bumped revision number for resource bb2e730f-7181-437b-a3c0-27a5d9f2e699 (type: security_group_rules) to 0 [pid: 8|app: 0|req: 939/1812] 10.0.0.138 () {34 vars in 668 bytes} [Sat Jun 20 02:40:42 2026] POST /v2.0/networks => generated 651 bytes in 594 msecs (HTTP/1.1 201) 4 headers in 162 bytes (1 switches on core 0)
2026-06-20 02:40:43.637 7 INFO neutron.db.segments_db [None req-11711e51-d5c7-47bb-b3cc-f89556c0690a 84bea81fe5cf43c5b45507c0d5af5f56 e09fda7aaece4e5495930be11383383e - - default default] Added segment 309b3ece-2b6c-43d0-8a2b-c429cb446ca1 of type geneve for network 95f98eca-1ccc-4ccf-be62-2b54d3e993f7
2026-06-20 02:40:43.739 7 INFO neutron.db.ovn_revision_numbers_db [None req-11711e51-d5c7-47bb-b3cc-f89556c0690a 84bea81fe5cf43c5b45507c0d5af5f56 e09fda7aaece4e5495930be11383383e - - default default] Successfully bumped revision number for resource 95f98eca-1ccc-4ccf-be62-2b54d3e993f7 (type: networks) to 1
2026-06-20 02:40:43.857 7 INFO neutron.services.segments.plugin [-] Segment 837398ef-3c91-4ed9-ac93-36c026420e49 resource provider aggregate not found
2026-06-20 02:40:43.871 7 INFO neutron.services.segments.plugin [-] Segment 837398ef-3c91-4ed9-ac93-36c026420e49 resource provider aggregate not found
2026-06-20 02:40:43.889 7 INFO neutron.services.segments.plugin [-] Segment 837398ef-3c91-4ed9-ac93-36c026420e49 resource provider not found; error: Placement Client Error (4xx): {"errors": [{"status": 404, "title": "Not Found", "detail": "The resource could not be found.\n\n No resource provider with uuid 837398ef-3c91-4ed9-ac93-36c026420e49 found for delete ", "request_id": "req-7884a716-ac07-4034-ae16-ef4f87036de2"}]}
2026-06-20 02:40:43.891 7 INFO neutron.services.segments.plugin [-] Segment 837398ef-3c91-4ed9-ac93-36c026420e49 resource provider not found; error: Placement Client Error (4xx): {"errors": [{"status": 404, "title": "Not Found", "detail": "The resource could not be found.\n\n No resource provider with uuid 837398ef-3c91-4ed9-ac93-36c026420e49 found for delete ", "request_id": "req-c06b1ddb-caa4-41d5-8360-b5534c92fef1"}]}
2026-06-20 02:40:43.913 7 WARNING neutron.scheduler.dhcp_agent_scheduler [None req-11711e51-d5c7-47bb-b3cc-f89556c0690a 84bea81fe5cf43c5b45507c0d5af5f56 e09fda7aaece4e5495930be11383383e - - default default] No more DHCP agents
2026-06-20 02:40:43.914 7 WARNING neutron.api.rpc.agentnotifiers.dhcp_rpc_agent_api [None req-11711e51-d5c7-47bb-b3cc-f89556c0690a 84bea81fe5cf43c5b45507c0d5af5f56 e09fda7aaece4e5495930be11383383e - - default default] Unable to schedule network 95f98eca-1ccc-4ccf-be62-2b54d3e993f7: no agents available; will retry on subsequent port and subnet creation events.
2026-06-20 02:40:43.964 8 INFO neutron.plugins.ml2.drivers.ovn.mech_driver.mech_driver [None req-4bf42e87-d45c-4da2-b1f2-274cb12e88fc - - - - - -] OVN reports status down for port: 3ef3fbff-4d4b-4009-a666-2a3339c6b63d
2026-06-20 02:40:43.985 7 INFO neutron.db.ovn_revision_numbers_db [None req-11711e51-d5c7-47bb-b3cc-f89556c0690a 84bea81fe5cf43c5b45507c0d5af5f56 e09fda7aaece4e5495930be11383383e - - default default] Successfully bumped revision number for resource 3ef3fbff-4d4b-4009-a666-2a3339c6b63d (type: ports) to 1
2026-06-20 02:40:44.007 8 WARNING neutron.scheduler.dhcp_agent_scheduler [None req-2a8d868b-3e16-45cf-8ed7-e2d30a8b70ee d305ed09a03f47d29671d1d643f3697f 700b10303ad547e582711e592a66dfa7 - - default default] No more DHCP agents
2026-06-20 02:40:44.010 8 WARNING neutron.api.rpc.agentnotifiers.dhcp_rpc_agent_api [None req-2a8d868b-3e16-45cf-8ed7-e2d30a8b70ee d305ed09a03f47d29671d1d643f3697f 700b10303ad547e582711e592a66dfa7 - - default default] Unable to schedule network baa7821c-7201-46f9-bc20-333ae14d2310: no agents available; will retry on subsequent port and subnet creation events. [pid: 7|app: 0|req: 874/1813] 10.0.0.138 () {34 vars in 669 bytes} [Sat Jun 20 02:40:43 2026] POST /v2.0/networks => generated 763 bytes in 809 msecs (HTTP/1.1 201) 4 headers in 162 bytes (1 switches on core 0)
2026-06-20 02:40:44.076 8 INFO neutron.plugins.ml2.drivers.ovn.mech_driver.mech_driver [None req-4bf42e87-d45c-4da2-b1f2-274cb12e88fc - - - - - -] OVN reports status down for port: 5402fc15-2e7e-4ea9-9136-bbcfcb3a7d56
2026-06-20 02:40:44.120 8 INFO neutron.db.ovn_revision_numbers_db [None req-2a8d868b-3e16-45cf-8ed7-e2d30a8b70ee d305ed09a03f47d29671d1d643f3697f 700b10303ad547e582711e592a66dfa7 - - default default] Successfully bumped revision number for resource 5402fc15-2e7e-4ea9-9136-bbcfcb3a7d56 (type: ports) to 1
2026-06-20 02:40:44.185 8 WARNING neutron.scheduler.dhcp_agent_scheduler [None req-2a8d868b-3e16-45cf-8ed7-e2d30a8b70ee d305ed09a03f47d29671d1d643f3697f 700b10303ad547e582711e592a66dfa7 - - default default] No more DHCP agents
2026-06-20 02:40:44.186 8 WARNING neutron.api.rpc.agentnotifiers.dhcp_rpc_agent_api [None req-2a8d868b-3e16-45cf-8ed7-e2d30a8b70ee d305ed09a03f47d29671d1d643f3697f 700b10303ad547e582711e592a66dfa7 - - default default] Unable to schedule network 9d0197d3-e820-4f51-bb33-a6361b16d6df: no agents available; will retry on subsequent port and subnet creation events.
2026-06-20 02:40:44.194 7 WARNING neutron.scheduler.dhcp_agent_scheduler [None req-7f651dbb-8d99-4e81-a5b8-0e5cbabd6a3a 9562d6e245cd4eb09b22a0fc6b893363 d4c60160ce25427eaac7f94657679095 - - default default] No more DHCP agents
2026-06-20 02:40:44.195 7 WARNING neutron.api.rpc.agentnotifiers.dhcp_rpc_agent_api [None req-7f651dbb-8d99-4e81-a5b8-0e5cbabd6a3a 9562d6e245cd4eb09b22a0fc6b893363 d4c60160ce25427eaac7f94657679095 - - default default] Unable to schedule network fd7a8f47-8de7-4ad7-8d40-76463040900b: no agents available; will retry on subsequent port and subnet creation events.
2026-06-20 02:40:44.238 7 INFO neutron.plugins.ml2.drivers.ovn.mech_driver.mech_driver [None req-f1c2e587-72bb-4d0e-8ab5-96d2394b6da7 - - - - - -] OVN reports status down for port: 67bab036-80cd-4071-8ed0-9667cd2c9848
2026-06-20 02:40:44.279 8 INFO neutron.db.ovn_revision_numbers_db [None req-2a8d868b-3e16-45cf-8ed7-e2d30a8b70ee d305ed09a03f47d29671d1d643f3697f 700b10303ad547e582711e592a66dfa7 - - default default] Successfully bumped revision number for resource 67bab036-80cd-4071-8ed0-9667cd2c9848 (type: ports) to 1 [pid: 8|app: 0|req: 940/1814] 10.0.0.138 () {34 vars in 663 bytes} [Sat Jun 20 02:40:43 2026] POST /v2.0/ports => generated 1505 bytes in 770 msecs (HTTP/1.1 201) 4 headers in 163 bytes (1 switches on core 0) /var/lib/openstack/lib/python3.12/site-packages/pycadf/identifier.py:70: UserWarning: Invalid uuid: neutron. To ensure interoperability, identifiers should be a valid uuid. warnings.warn(('Invalid uuid: %s. To ensure interoperability, '
2026-06-20 02:40:44.481 8 WARNING neutron.scheduler.dhcp_agent_scheduler [None req-b586d62e-f3b5-43f6-b38b-b2f81fa32319 84bea81fe5cf43c5b45507c0d5af5f56 e09fda7aaece4e5495930be11383383e - - default default] No more DHCP agents
2026-06-20 02:40:44.482 8 WARNING neutron.api.rpc.agentnotifiers.dhcp_rpc_agent_api [None req-b586d62e-f3b5-43f6-b38b-b2f81fa32319 84bea81fe5cf43c5b45507c0d5af5f56 e09fda7aaece4e5495930be11383383e - - default default] Unable to schedule network 95f98eca-1ccc-4ccf-be62-2b54d3e993f7: no agents available; will retry on subsequent port and subnet creation events.
2026-06-20 02:40:44.934 8 INFO neutron.db.ovn_revision_numbers_db [None req-6ac4dd38-623e-4b5f-9989-4813078a12a4 - - - - - -] Successfully bumped revision number for resource 3ef3fbff-4d4b-4009-a666-2a3339c6b63d (type: ports) to 2
2026-06-20 02:40:44.967 8 INFO neutron.db.ovn_revision_numbers_db [None req-6ac4dd38-623e-4b5f-9989-4813078a12a4 - - - - - -] Successfully bumped revision number for resource 30c01ab6-542e-4ff6-a009-43d409eddc32 (type: subnets) to 0 [pid: 8|app: 0|req: 943/1817] 10.0.0.138 () {34 vars in 667 bytes} [Sat Jun 20 02:40:44 2026] POST /v2.0/subnets => generated 688 bytes in 620 msecs (HTTP/1.1 201) 4 headers in 162 bytes (1 switches on core 0) [pid: 8|app: 0|req: 944/1818] 10.0.0.138 () {32 vars in 641 bytes} [Sat Jun 20 02:40:44 2026] GET /v2.0/ports => generated 3017 bytes in 62 msecs (HTTP/1.1 200) 4 headers in 158 bytes (1 switches on core 0)
2026-06-20 02:40:45.186 7 INFO neutron.db.ovn_revision_numbers_db [None req-ad7310dd-596a-43bc-8403-717c65be3f3c - - - - - -] Successfully bumped revision number for resource 8fb2f21e-f927-4931-b6c6-b81a92bab794 (type: ports) to 2
2026-06-20 02:40:45.219 7 INFO neutron.db.ovn_revision_numbers_db [None req-ad7310dd-596a-43bc-8403-717c65be3f3c - - - - - -] Successfully bumped revision number for resource 24506e78-6614-4a6d-ab84-e1a022e99a23 (type: subnets) to 0 [pid: 7|app: 0|req: 875/1819] 10.0.0.138 () {34 vars in 667 bytes} [Sat Jun 20 02:40:44 2026] POST /v2.0/subnets => generated 629 bytes in 1222 msecs (HTTP/1.1 201) 4 headers in 162 bytes (1 switches on core 0)
2026-06-20 02:40:45.400 7 INFO neutron_taas.services.taas.taas_plugin [None req-d5a16fd5-875d-43bb-a3ff-d1a09c20680f d305ed09a03f47d29671d1d643f3697f 700b10303ad547e582711e592a66dfa7 - - default default] TaaS: Handle Delete Port: 5402fc15-2e7e-4ea9-9136-bbcfcb3a7d56
2026-06-20 02:40:45.403 7 INFO neutron_taas.services.taas.tap_mirror_plugin [None req-d5a16fd5-875d-43bb-a3ff-d1a09c20680f d305ed09a03f47d29671d1d643f3697f 700b10303ad547e582711e592a66dfa7 - - default default] Tap Mirror: Handle Delete Port: 5402fc15-2e7e-4ea9-9136-bbcfcb3a7d56
2026-06-20 02:40:45.447 8 WARNING neutron.scheduler.dhcp_agent_scheduler [None req-2134daea-ab30-445a-bf41-44f826ba0514 84bea81fe5cf43c5b45507c0d5af5f56 e09fda7aaece4e5495930be11383383e - - default default] No more DHCP agents
2026-06-20 02:40:45.449 8 WARNING neutron.api.rpc.agentnotifiers.dhcp_rpc_agent_api [None req-2134daea-ab30-445a-bf41-44f826ba0514 84bea81fe5cf43c5b45507c0d5af5f56 e09fda7aaece4e5495930be11383383e - - default default] Unable to schedule network e340d01c-47fe-4e9e-b14c-a8216738fcba: no agents available; will retry on subsequent port and subnet creation events. [pid: 7|app: 0|req: 876/1820] 10.0.0.138 () {32 vars in 718 bytes} [Sat Jun 20 02:40:45 2026] DELETE /v2.0/ports/5402fc15-2e7e-4ea9-9136-bbcfcb3a7d56 => generated 0 bytes in 266 msecs (HTTP/1.1 204) 3 headers in 131 bytes (1 switches on core 0)
2026-06-20 02:40:45.553 7 INFO neutron.plugins.ml2.drivers.ovn.mech_driver.mech_driver [None req-f1c2e587-72bb-4d0e-8ab5-96d2394b6da7 - - - - - -] OVN reports status down for port: 9dbb9324-5ff8-46c2-86e9-d64b6306a5ec
2026-06-20 02:40:45.585 8 INFO neutron.db.ovn_revision_numbers_db [None req-2134daea-ab30-445a-bf41-44f826ba0514 84bea81fe5cf43c5b45507c0d5af5f56 e09fda7aaece4e5495930be11383383e - - default default] Successfully bumped revision number for resource 9dbb9324-5ff8-46c2-86e9-d64b6306a5ec (type: ports) to 1
2026-06-20 02:40:45.586 7 INFO neutron.db.segments_db [None req-920762ee-1dcd-4ecf-8108-30a7bee45789 9562d6e245cd4eb09b22a0fc6b893363 d4c60160ce25427eaac7f94657679095 - - default default] Added segment f50218ec-d684-47cd-b9d1-81630080a4b6 of type geneve for network f8365c54-2667-4ea6-b2c9-e0f47513a376
2026-06-20 02:40:45.732 7 INFO neutron.db.ovn_revision_numbers_db [None req-920762ee-1dcd-4ecf-8108-30a7bee45789 9562d6e245cd4eb09b22a0fc6b893363 d4c60160ce25427eaac7f94657679095 - - default default] Successfully bumped revision number for resource f8365c54-2667-4ea6-b2c9-e0f47513a376 (type: networks) to 1
2026-06-20 02:40:45.897 7 WARNING neutron.scheduler.dhcp_agent_scheduler [None req-920762ee-1dcd-4ecf-8108-30a7bee45789 9562d6e245cd4eb09b22a0fc6b893363 d4c60160ce25427eaac7f94657679095 - - default default] No more DHCP agents
2026-06-20 02:40:45.899 7 WARNING neutron.api.rpc.agentnotifiers.dhcp_rpc_agent_api [None req-920762ee-1dcd-4ecf-8108-30a7bee45789 9562d6e245cd4eb09b22a0fc6b893363 d4c60160ce25427eaac7f94657679095 - - default default] Unable to schedule network f8365c54-2667-4ea6-b2c9-e0f47513a376: no agents available; will retry on subsequent port and subnet creation events.
2026-06-20 02:40:45.942 7 INFO neutron.plugins.ml2.drivers.ovn.mech_driver.mech_driver [None req-f1c2e587-72bb-4d0e-8ab5-96d2394b6da7 - - - - - -] OVN reports status down for port: 1f8450d2-adc9-41d0-a800-c692344731ff
2026-06-20 02:40:46.015 7 INFO neutron.db.ovn_revision_numbers_db [None req-920762ee-1dcd-4ecf-8108-30a7bee45789 9562d6e245cd4eb09b22a0fc6b893363 d4c60160ce25427eaac7f94657679095 - - default default] Successfully bumped revision number for resource 1f8450d2-adc9-41d0-a800-c692344731ff (type: ports) to 1 [pid: 7|app: 0|req: 877/1821] 10.0.0.138 () {34 vars in 668 bytes} [Sat Jun 20 02:40:45 2026] POST /v2.0/networks => generated 651 bytes in 550 msecs (HTTP/1.1 201) 4 headers in 162 bytes (1 switches on core 0)
2026-06-20 02:40:46.203 7 INFO neutron_taas.services.taas.taas_plugin [None req-dd7e49f5-073f-42f1-8293-f839a03e8e7c d305ed09a03f47d29671d1d643f3697f 700b10303ad547e582711e592a66dfa7 - - default default] TaaS: Handle Delete Port: 67bab036-80cd-4071-8ed0-9667cd2c9848
2026-06-20 02:40:46.206 7 INFO neutron_taas.services.taas.tap_mirror_plugin [None req-dd7e49f5-073f-42f1-8293-f839a03e8e7c d305ed09a03f47d29671d1d643f3697f 700b10303ad547e582711e592a66dfa7 - - default default] Tap Mirror: Handle Delete Port: 67bab036-80cd-4071-8ed0-9667cd2c9848 [pid: 7|app: 0|req: 878/1822] 10.0.0.138 () {32 vars in 718 bytes} [Sat Jun 20 02:40:46 2026] DELETE /v2.0/ports/67bab036-80cd-4071-8ed0-9667cd2c9848 => generated 0 bytes in 295 msecs (HTTP/1.1 204) 3 headers in 131 bytes (1 switches on core 0)
2026-06-20 02:40:46.534 7 WARNING neutron.scheduler.dhcp_agent_scheduler [None req-9c8e3a23-6b7e-4e31-9192-662c8652eeac 9562d6e245cd4eb09b22a0fc6b893363 d4c60160ce25427eaac7f94657679095 - - default default] No more DHCP agents
2026-06-20 02:40:46.535 7 WARNING neutron.api.rpc.agentnotifiers.dhcp_rpc_agent_api [None req-9c8e3a23-6b7e-4e31-9192-662c8652eeac 9562d6e245cd4eb09b22a0fc6b893363 d4c60160ce25427eaac7f94657679095 - - default default] Unable to schedule network f8365c54-2667-4ea6-b2c9-e0f47513a376: no agents available; will retry on subsequent port and subnet creation events.
2026-06-20 02:40:46.661 8 INFO neutron.plugins.ml2.drivers.ovn.mech_driver.ovsdb.commands [None req-131844fd-6511-441c-84ad-f3033d1581fe - - - - - -] Schedule LRP lrp-9dbb9324-5ff8-46c2-86e9-d64b6306a5ec on gateway 83cd63c4-0e6f-41f4-ac55-159fcefa981c with priority 1
2026-06-20 02:40:46.680 7 INFO neutron.plugins.ml2.drivers.ovn.mech_driver.mech_driver [None req-f1c2e587-72bb-4d0e-8ab5-96d2394b6da7 - - - - - -] OVN reports status up for port: 9dbb9324-5ff8-46c2-86e9-d64b6306a5ec
2026-06-20 02:40:46.718 7 INFO neutron.plugins.ml2.drivers.ovn.mech_driver.ovsdb.ovsdb_monitor [None req-092cb61e-e90b-4125-b2a3-84d151afb6c6 - - - - - -] Router 22277e89-bc85-4f1d-83f5-a86f38f8df88 is bound to host instance
2026-06-20 02:40:46.721 8 INFO neutron.db.ovn_revision_numbers_db [None req-2134daea-ab30-445a-bf41-44f826ba0514 84bea81fe5cf43c5b45507c0d5af5f56 e09fda7aaece4e5495930be11383383e - - default default] Successfully bumped revision number for resource 9dbb9324-5ff8-46c2-86e9-d64b6306a5ec (type: router_ports) to 1
2026-06-20 02:40:46.756 7 INFO neutron.plugins.ml2.plugin [None req-f1c2e587-72bb-4d0e-8ab5-96d2394b6da7 - - - - - -] Attempt 1 to provision port 9dbb9324-5ff8-46c2-86e9-d64b6306a5ec
2026-06-20 02:40:46.808 8 INFO neutron.db.ovn_revision_numbers_db [None req-2134daea-ab30-445a-bf41-44f826ba0514 84bea81fe5cf43c5b45507c0d5af5f56 e09fda7aaece4e5495930be11383383e - - default default] Successfully bumped revision number for resource 22277e89-bc85-4f1d-83f5-a86f38f8df88 (type: routers) to 2 [pid: 8|app: 0|req: 945/1823] 10.0.0.138 () {34 vars in 667 bytes} [Sat Jun 20 02:40:45 2026] POST /v2.0/routers => generated 966 bytes in 1777 msecs (HTTP/1.1 201) 4 headers in 162 bytes (1 switches on core 0) [pid: 8|app: 0|req: 946/1824] 10.0.0.138 () {32 vars in 641 bytes} [Sat Jun 20 02:40:46 2026] GET /v2.0/ports => generated 1523 bytes in 37 msecs (HTTP/1.1 200) 4 headers in 158 bytes (1 switches on core 0)
2026-06-20 02:40:47.315 8 WARNING neutron.scheduler.dhcp_agent_scheduler [None req-8a817635-40a5-463c-8a00-041475bb5ff8 84bea81fe5cf43c5b45507c0d5af5f56 e09fda7aaece4e5495930be11383383e - - default default] No more DHCP agents
2026-06-20 02:40:47.316 8 WARNING neutron.api.rpc.agentnotifiers.dhcp_rpc_agent_api [None req-8a817635-40a5-463c-8a00-041475bb5ff8 84bea81fe5cf43c5b45507c0d5af5f56 e09fda7aaece4e5495930be11383383e - - default default] Unable to schedule network 95f98eca-1ccc-4ccf-be62-2b54d3e993f7: no agents available; will retry on subsequent port and subnet creation events.
2026-06-20 02:40:47.465 7 INFO neutron.db.ovn_revision_numbers_db [None req-27ffc6bd-2406-4dde-95d0-f900ae84598b - - - - - -] Successfully bumped revision number for resource 1f8450d2-adc9-41d0-a800-c692344731ff (type: ports) to 2
2026-06-20 02:40:47.481 8 INFO neutron.db.ovn_revision_numbers_db [None req-8a817635-40a5-463c-8a00-041475bb5ff8 84bea81fe5cf43c5b45507c0d5af5f56 e09fda7aaece4e5495930be11383383e - - default default] Successfully bumped revision number for resource 1adddf6b-7d3a-4699-b152-a40b56a90268 (type: ports) to 1
2026-06-20 02:40:47.525 7 INFO neutron.db.ovn_revision_numbers_db [None req-27ffc6bd-2406-4dde-95d0-f900ae84598b - - - - - -] Successfully bumped revision number for resource 198db1e3-3a90-4cf9-87b7-eb8ecfc30aab (type: subnets) to 0 [pid: 7|app: 0|req: 879/1825] 10.0.0.138 () {34 vars in 667 bytes} [Sat Jun 20 02:40:46 2026] POST /v2.0/subnets => generated 629 bytes in 1211 msecs (HTTP/1.1 201) 4 headers in 162 bytes (1 switches on core 0)
2026-06-20 02:40:47.704 7 INFO neutron.db.segments_db [None req-b518f05a-dcca-4392-959b-e371bf5edda0 d305ed09a03f47d29671d1d643f3697f 700b10303ad547e582711e592a66dfa7 - - default default] Added segment 4ae6ebdb-1a5c-40da-8ad1-2f4825fd0b45 of type geneve for network abd774ca-c5ac-452a-a65c-84a2abac33d0
2026-06-20 02:40:47.887 7 INFO neutron.db.ovn_revision_numbers_db [None req-b518f05a-dcca-4392-959b-e371bf5edda0 d305ed09a03f47d29671d1d643f3697f 700b10303ad547e582711e592a66dfa7 - - default default] Successfully bumped revision number for resource abd774ca-c5ac-452a-a65c-84a2abac33d0 (type: networks) to 1
2026-06-20 02:40:48.077 8 WARNING neutron.scheduler.dhcp_agent_scheduler [None req-8a817635-40a5-463c-8a00-041475bb5ff8 84bea81fe5cf43c5b45507c0d5af5f56 e09fda7aaece4e5495930be11383383e - - default default] No more DHCP agents
2026-06-20 02:40:48.078 8 WARNING neutron.api.rpc.agentnotifiers.dhcp_rpc_agent_api [None req-8a817635-40a5-463c-8a00-041475bb5ff8 84bea81fe5cf43c5b45507c0d5af5f56 e09fda7aaece4e5495930be11383383e - - default default] Unable to schedule network 95f98eca-1ccc-4ccf-be62-2b54d3e993f7: no agents available; will retry on subsequent port and subnet creation events.
2026-06-20 02:40:48.207 7 WARNING neutron.scheduler.dhcp_agent_scheduler [None req-b518f05a-dcca-4392-959b-e371bf5edda0 d305ed09a03f47d29671d1d643f3697f 700b10303ad547e582711e592a66dfa7 - - default default] No more DHCP agents
2026-06-20 02:40:48.219 7 WARNING neutron.api.rpc.agentnotifiers.dhcp_rpc_agent_api [None req-b518f05a-dcca-4392-959b-e371bf5edda0 d305ed09a03f47d29671d1d643f3697f 700b10303ad547e582711e592a66dfa7 - - default default] Unable to schedule network abd774ca-c5ac-452a-a65c-84a2abac33d0: no agents available; will retry on subsequent port and subnet creation events.
2026-06-20 02:40:48.332 8 INFO neutron.plugins.ml2.drivers.ovn.mech_driver.mech_driver [None req-4bf42e87-d45c-4da2-b1f2-274cb12e88fc - - - - - -] OVN reports status down for port: ce230870-677a-4e4b-8ecd-b774d7af63bd
2026-06-20 02:40:48.394 7 INFO neutron.db.ovn_revision_numbers_db [None req-b518f05a-dcca-4392-959b-e371bf5edda0 d305ed09a03f47d29671d1d643f3697f 700b10303ad547e582711e592a66dfa7 - - default default] Successfully bumped revision number for resource ce230870-677a-4e4b-8ecd-b774d7af63bd (type: ports) to 1
2026-06-20 02:40:48.417 7 INFO neutron.db.ovn_revision_numbers_db [None req-f08ef14b-a9ce-4ec3-8288-b3ed853ef51c - - - - - -] Successfully bumped revision number for resource 9dbb9324-5ff8-46c2-86e9-d64b6306a5ec (type: ports) to 4 [pid: 7|app: 0|req: 880/1826] 10.0.0.138 () {34 vars in 668 bytes} [Sat Jun 20 02:40:47 2026] POST /v2.0/networks => generated 668 bytes in 865 msecs (HTTP/1.1 201) 4 headers in 162 bytes (1 switches on core 0)
2026-06-20 02:40:48.575 7 INFO neutron.db.segments_db [None req-10c8582e-ebbd-45a6-861c-36ba51f35717 9562d6e245cd4eb09b22a0fc6b893363 d4c60160ce25427eaac7f94657679095 - - default default] Added segment 652f54c5-5ea0-4f4f-802c-3c882a06b36e of type geneve for network f27831f5-4672-4a05-8008-6f9baa46c331
2026-06-20 02:40:48.667 8 INFO neutron.db.ovn_revision_numbers_db [None req-8a817635-40a5-463c-8a00-041475bb5ff8 84bea81fe5cf43c5b45507c0d5af5f56 e09fda7aaece4e5495930be11383383e - - default default] Successfully bumped revision number for resource 1adddf6b-7d3a-4699-b152-a40b56a90268 (type: router_ports) to 1 [pid: 8|app: 0|req: 947/1827] 10.0.0.138 () {34 vars in 781 bytes} [Sat Jun 20 02:40:46 2026] PUT /v2.0/routers/22277e89-bc85-4f1d-83f5-a86f38f8df88/add_router_interface => generated 309 bytes in 1813 msecs (HTTP/1.1 200) 4 headers in 157 bytes (1 switches on core 0)
2026-06-20 02:40:48.781 8 INFO neutron.db.segments_db [None req-a14d34d8-88b1-4c75-80de-84287de77e1e d305ed09a03f47d29671d1d643f3697f 700b10303ad547e582711e592a66dfa7 - - default default] Added segment e0748058-3d4f-4241-8db1-54f43d33838f of type geneve for network 7cc45b06-865b-4372-a100-09ff2d2a6461
2026-06-20 02:40:48.887 8 INFO neutron.db.ovn_revision_numbers_db [None req-a14d34d8-88b1-4c75-80de-84287de77e1e d305ed09a03f47d29671d1d643f3697f 700b10303ad547e582711e592a66dfa7 - - default default] Successfully bumped revision number for resource 7cc45b06-865b-4372-a100-09ff2d2a6461 (type: networks) to 1
2026-06-20 02:40:48.978 7 INFO neutron.db.ovn_revision_numbers_db [None req-10c8582e-ebbd-45a6-861c-36ba51f35717 9562d6e245cd4eb09b22a0fc6b893363 d4c60160ce25427eaac7f94657679095 - - default default] Successfully bumped revision number for resource f27831f5-4672-4a05-8008-6f9baa46c331 (type: networks) to 1
2026-06-20 02:40:49.051 8 WARNING neutron.scheduler.dhcp_agent_scheduler [None req-a14d34d8-88b1-4c75-80de-84287de77e1e d305ed09a03f47d29671d1d643f3697f 700b10303ad547e582711e592a66dfa7 - - default default] No more DHCP agents
2026-06-20 02:40:49.052 8 WARNING neutron.api.rpc.agentnotifiers.dhcp_rpc_agent_api [None req-a14d34d8-88b1-4c75-80de-84287de77e1e d305ed09a03f47d29671d1d643f3697f 700b10303ad547e582711e592a66dfa7 - - default default] Unable to schedule network 7cc45b06-865b-4372-a100-09ff2d2a6461: no agents available; will retry on subsequent port and subnet creation events.
2026-06-20 02:40:49.111 8 INFO neutron.plugins.ml2.drivers.ovn.mech_driver.mech_driver [None req-4bf42e87-d45c-4da2-b1f2-274cb12e88fc - - - - - -] OVN reports status down for port: b0213972-0203-4ad3-b5fa-fe119e423be4
2026-06-20 02:40:49.190 8 INFO neutron.db.ovn_revision_numbers_db [None req-a14d34d8-88b1-4c75-80de-84287de77e1e d305ed09a03f47d29671d1d643f3697f 700b10303ad547e582711e592a66dfa7 - - default default] Successfully bumped revision number for resource b0213972-0203-4ad3-b5fa-fe119e423be4 (type: ports) to 1
2026-06-20 02:40:49.210 7 INFO neutron.db.ovn_revision_numbers_db [None req-f08ef14b-a9ce-4ec3-8288-b3ed853ef51c - - - - - -] Successfully bumped revision number for resource 9dbb9324-5ff8-46c2-86e9-d64b6306a5ec (type: ports) to 5 [pid: 8|app: 0|req: 948/1828] 10.0.0.138 () {34 vars in 668 bytes} [Sat Jun 20 02:40:48 2026] POST /v2.0/networks => generated 669 bytes in 564 msecs (HTTP/1.1 201) 4 headers in 162 bytes (1 switches on core 0)
2026-06-20 02:40:49.327 7 WARNING neutron.scheduler.dhcp_agent_scheduler [None req-10c8582e-ebbd-45a6-861c-36ba51f35717 9562d6e245cd4eb09b22a0fc6b893363 d4c60160ce25427eaac7f94657679095 - - default default] No more DHCP agents
2026-06-20 02:40:49.330 7 WARNING neutron.api.rpc.agentnotifiers.dhcp_rpc_agent_api [None req-10c8582e-ebbd-45a6-861c-36ba51f35717 9562d6e245cd4eb09b22a0fc6b893363 d4c60160ce25427eaac7f94657679095 - - default default] Unable to schedule network f27831f5-4672-4a05-8008-6f9baa46c331: no agents available; will retry on subsequent port and subnet creation events.
2026-06-20 02:40:49.451 8 INFO neutron.plugins.ml2.drivers.ovn.mech_driver.mech_driver [None req-4bf42e87-d45c-4da2-b1f2-274cb12e88fc - - - - - -] OVN reports status down for port: 089c80b1-8dfc-4811-87a3-cc43f5e77ef1
2026-06-20 02:40:49.454 7 INFO neutron.db.ovn_revision_numbers_db [None req-10c8582e-ebbd-45a6-861c-36ba51f35717 9562d6e245cd4eb09b22a0fc6b893363 d4c60160ce25427eaac7f94657679095 - - default default] Successfully bumped revision number for resource 089c80b1-8dfc-4811-87a3-cc43f5e77ef1 (type: ports) to 1 [pid: 7|app: 0|req: 881/1829] 10.0.0.138 () {34 vars in 668 bytes} [Sat Jun 20 02:40:48 2026] POST /v2.0/networks => generated 651 bytes in 1069 msecs (HTTP/1.1 201) 4 headers in 162 bytes (1 switches on core 0)
2026-06-20 02:40:49.512 7 INFO neutron.plugins.ml2.drivers.ovn.mech_driver.mech_driver [None req-f1c2e587-72bb-4d0e-8ab5-96d2394b6da7 - - - - - -] OVN reports status down for port: 1adddf6b-7d3a-4699-b152-a40b56a90268
2026-06-20 02:40:49.638 7 WARNING neutron.plugins.ml2.drivers.ovn.mech_driver.ovsdb.ovn_client [None req-f1c2e587-72bb-4d0e-8ab5-96d2394b6da7 - - - - - -] Logical_Switch_Port %s host information not removed, the port state is up
2026-06-20 02:40:49.638 7 INFO neutron.plugins.ml2.drivers.ovn.mech_driver.mech_driver [None req-f1c2e587-72bb-4d0e-8ab5-96d2394b6da7 - - - - - -] OVN reports status up for port: 1adddf6b-7d3a-4699-b152-a40b56a90268
2026-06-20 02:40:49.667 7 INFO neutron.plugins.ml2.plugin [None req-f1c2e587-72bb-4d0e-8ab5-96d2394b6da7 - - - - - -] Attempt 1 to provision port 1adddf6b-7d3a-4699-b152-a40b56a90268
