2026-06-20 02:39:30.685 7 INFO cinder.api.openstack.wsgi [None req-7a943f54-eafc-463b-9bc8-08bc1dfc7e4f 84bea81fe5cf43c5b45507c0d5af5f56 e09fda7aaece4e5495930be11383383e - - default default] GET http://cinder-api.openstack.svc.cluster.local:8776/v3/e09fda7aaece4e5495930be11383383e/volumes/detail?all_tenants=true
2026-06-20 02:39:30.695 7 INFO cinder.volume.api [None req-7a943f54-eafc-463b-9bc8-08bc1dfc7e4f 84bea81fe5cf43c5b45507c0d5af5f56 e09fda7aaece4e5495930be11383383e - - default default] Get all volumes completed successfully.
2026-06-20 02:39:30.696 7 INFO cinder.api.openstack.wsgi [None req-7a943f54-eafc-463b-9bc8-08bc1dfc7e4f 84bea81fe5cf43c5b45507c0d5af5f56 e09fda7aaece4e5495930be11383383e - - default default] http://cinder-api.openstack.svc.cluster.local:8776/v3/e09fda7aaece4e5495930be11383383e/volumes/detail?all_tenants=true returned with HTTP 200 [pid: 7|app: 0|req: 369/739] 10.0.0.226 () {28 vars in 684 bytes} [Sat Jun 20 02:39:30 2026] GET /v3/e09fda7aaece4e5495930be11383383e/volumes/detail?all_tenants=true => generated 15 bytes in 17 msecs (HTTP/1.1 200) 7 headers in 284 bytes (1 switches on core 0)
2026-06-20 02:39:30.706 8 INFO cinder.api.openstack.wsgi [None req-eaf81d04-a548-4abb-8153-680656107504 84bea81fe5cf43c5b45507c0d5af5f56 e09fda7aaece4e5495930be11383383e - - default default] GET http://cinder-api.openstack.svc.cluster.local:8776/v3/e09fda7aaece4e5495930be11383383e/scheduler-stats/get_pools?detail=true
2026-06-20 02:39:31.210 8 INFO cinder.api.openstack.wsgi [None req-eaf81d04-a548-4abb-8153-680656107504 84bea81fe5cf43c5b45507c0d5af5f56 e09fda7aaece4e5495930be11383383e - - default default] http://cinder-api.openstack.svc.cluster.local:8776/v3/e09fda7aaece4e5495930be11383383e/scheduler-stats/get_pools?detail=true returned with HTTP 200 [pid: 8|app: 0|req: 371/740] 10.0.0.226 () {28 vars in 696 bytes} [Sat Jun 20 02:39:30 2026] GET /v3/e09fda7aaece4e5495930be11383383e/scheduler-stats/get_pools?detail=true => generated 670 bytes in 516 msecs (HTTP/1.1 200) 7 headers in 285 bytes (1 switches on core 0)
2026-06-20 02:39:31.300 7 INFO cinder.api.openstack.wsgi [None req-91b98afd-d981-48de-a170-92116cd84d44 84bea81fe5cf43c5b45507c0d5af5f56 e09fda7aaece4e5495930be11383383e - - default default] GET http://cinder-api.openstack.svc.cluster.local:8776/v3/e09fda7aaece4e5495930be11383383e/os-quota-sets/055bb30d951d481c80d30e311f727080?usage=true
2026-06-20 02:39:31.335 7 INFO cinder.api.openstack.wsgi [None req-91b98afd-d981-48de-a170-92116cd84d44 84bea81fe5cf43c5b45507c0d5af5f56 e09fda7aaece4e5495930be11383383e - - default default] http://cinder-api.openstack.svc.cluster.local:8776/v3/e09fda7aaece4e5495930be11383383e/os-quota-sets/055bb30d951d481c80d30e311f727080?usage=true returned with HTTP 200 [pid: 7|app: 0|req: 370/741] 10.0.0.226 () {28 vars in 736 bytes} [Sat Jun 20 02:39:31 2026] GET /v3/e09fda7aaece4e5495930be11383383e/os-quota-sets/055bb30d951d481c80d30e311f727080?usage=true => generated 847 bytes in 44 msecs (HTTP/1.1 200) 7 headers in 285 bytes (1 switches on core 0)
2026-06-20 02:39:31.349 8 INFO cinder.api.openstack.wsgi [None req-99853b03-5b7a-4c36-8d27-ae9e5988bdb9 84bea81fe5cf43c5b45507c0d5af5f56 e09fda7aaece4e5495930be11383383e - - default default] GET http://cinder-api.openstack.svc.cluster.local:8776/v3/e09fda7aaece4e5495930be11383383e/os-quota-sets/2fbc65fae8c54430ad9cc27c967b95e9?usage=true
2026-06-20 02:39:31.375 8 INFO cinder.api.openstack.wsgi [None req-99853b03-5b7a-4c36-8d27-ae9e5988bdb9 84bea81fe5cf43c5b45507c0d5af5f56 e09fda7aaece4e5495930be11383383e - - default default] http://cinder-api.openstack.svc.cluster.local:8776/v3/e09fda7aaece4e5495930be11383383e/os-quota-sets/2fbc65fae8c54430ad9cc27c967b95e9?usage=true returned with HTTP 200 [pid: 8|app: 0|req: 372/742] 10.0.0.226 () {28 vars in 736 bytes} [Sat Jun 20 02:39:31 2026] GET /v3/e09fda7aaece4e5495930be11383383e/os-quota-sets/2fbc65fae8c54430ad9cc27c967b95e9?usage=true => generated 847 bytes in 35 msecs (HTTP/1.1 200) 7 headers in 285 bytes (1 switches on core 0)
2026-06-20 02:39:31.390 7 INFO cinder.api.openstack.wsgi [None req-7e5427e8-a7e6-4a9e-8adb-8615ed1cde47 84bea81fe5cf43c5b45507c0d5af5f56 e09fda7aaece4e5495930be11383383e - - default default] GET http://cinder-api.openstack.svc.cluster.local:8776/v3/e09fda7aaece4e5495930be11383383e/os-quota-sets/4d8e1aac013c41c9a84222c1aa9e5c88?usage=true
2026-06-20 02:39:31.413 7 INFO cinder.api.openstack.wsgi [None req-7e5427e8-a7e6-4a9e-8adb-8615ed1cde47 84bea81fe5cf43c5b45507c0d5af5f56 e09fda7aaece4e5495930be11383383e - - default default] http://cinder-api.openstack.svc.cluster.local:8776/v3/e09fda7aaece4e5495930be11383383e/os-quota-sets/4d8e1aac013c41c9a84222c1aa9e5c88?usage=true returned with HTTP 200 [pid: 7|app: 0|req: 371/743] 10.0.0.226 () {28 vars in 736 bytes} [Sat Jun 20 02:39:31 2026] GET /v3/e09fda7aaece4e5495930be11383383e/os-quota-sets/4d8e1aac013c41c9a84222c1aa9e5c88?usage=true => generated 845 bytes in 33 msecs (HTTP/1.1 200) 7 headers in 285 bytes (1 switches on core 0)
2026-06-20 02:39:31.427 8 INFO cinder.api.openstack.wsgi [None req-94cbf448-0973-4b13-8dc7-fd9fc099c05e 84bea81fe5cf43c5b45507c0d5af5f56 e09fda7aaece4e5495930be11383383e - - default default] GET http://cinder-api.openstack.svc.cluster.local:8776/v3/e09fda7aaece4e5495930be11383383e/os-quota-sets/556205fcfd7347deadc239f0ed40c03c?usage=true
2026-06-20 02:39:31.443 8 INFO cinder.api.openstack.wsgi [None req-94cbf448-0973-4b13-8dc7-fd9fc099c05e 84bea81fe5cf43c5b45507c0d5af5f56 e09fda7aaece4e5495930be11383383e - - default default] http://cinder-api.openstack.svc.cluster.local:8776/v3/e09fda7aaece4e5495930be11383383e/os-quota-sets/556205fcfd7347deadc239f0ed40c03c?usage=true returned with HTTP 200 [pid: 8|app: 0|req: 373/744] 10.0.0.226 () {28 vars in 736 bytes} [Sat Jun 20 02:39:31 2026] GET /v3/e09fda7aaece4e5495930be11383383e/os-quota-sets/556205fcfd7347deadc239f0ed40c03c?usage=true => generated 847 bytes in 25 msecs (HTTP/1.1 200) 7 headers in 285 bytes (1 switches on core 0)
2026-06-20 02:39:31.452 7 INFO cinder.api.openstack.wsgi [None req-60671d18-2f5b-41fe-b427-c6d864381b5f 84bea81fe5cf43c5b45507c0d5af5f56 e09fda7aaece4e5495930be11383383e - - default default] GET http://cinder-api.openstack.svc.cluster.local:8776/v3/e09fda7aaece4e5495930be11383383e/os-quota-sets/6243ac10133f435091100d46782ad3bf?usage=true
2026-06-20 02:39:31.479 7 INFO cinder.api.openstack.wsgi [None req-60671d18-2f5b-41fe-b427-c6d864381b5f 84bea81fe5cf43c5b45507c0d5af5f56 e09fda7aaece4e5495930be11383383e - - default default] http://cinder-api.openstack.svc.cluster.local:8776/v3/e09fda7aaece4e5495930be11383383e/os-quota-sets/6243ac10133f435091100d46782ad3bf?usage=true returned with HTTP 200 [pid: 7|app: 0|req: 372/745] 10.0.0.226 () {28 vars in 736 bytes} [Sat Jun 20 02:39:31 2026] GET /v3/e09fda7aaece4e5495930be11383383e/os-quota-sets/6243ac10133f435091100d46782ad3bf?usage=true => generated 847 bytes in 32 msecs (HTTP/1.1 200) 7 headers in 285 bytes (1 switches on core 0)
2026-06-20 02:39:31.490 8 INFO cinder.api.openstack.wsgi [None req-1997488b-385c-4577-a0b1-76ca81855b0c 84bea81fe5cf43c5b45507c0d5af5f56 e09fda7aaece4e5495930be11383383e - - default default] GET http://cinder-api.openstack.svc.cluster.local:8776/v3/e09fda7aaece4e5495930be11383383e/os-quota-sets/b67a3447b8ec472e9446013fe000c045?usage=true
2026-06-20 02:39:31.504 8 INFO cinder.api.openstack.wsgi [None req-1997488b-385c-4577-a0b1-76ca81855b0c 84bea81fe5cf43c5b45507c0d5af5f56 e09fda7aaece4e5495930be11383383e - - default default] http://cinder-api.openstack.svc.cluster.local:8776/v3/e09fda7aaece4e5495930be11383383e/os-quota-sets/b67a3447b8ec472e9446013fe000c045?usage=true returned with HTTP 200 [pid: 8|app: 0|req: 374/746] 10.0.0.226 () {28 vars in 736 bytes} [Sat Jun 20 02:39:31 2026] GET /v3/e09fda7aaece4e5495930be11383383e/os-quota-sets/b67a3447b8ec472e9446013fe000c045?usage=true => generated 847 bytes in 21 msecs (HTTP/1.1 200) 7 headers in 285 bytes (1 switches on core 0)
2026-06-20 02:39:31.514 7 INFO cinder.api.openstack.wsgi [None req-67c8913f-139e-401e-8305-ba8effbf8dcc 84bea81fe5cf43c5b45507c0d5af5f56 e09fda7aaece4e5495930be11383383e - - default default] GET http://cinder-api.openstack.svc.cluster.local:8776/v3/e09fda7aaece4e5495930be11383383e/os-quota-sets/e09fda7aaece4e5495930be11383383e?usage=true
2026-06-20 02:39:31.539 7 INFO cinder.api.openstack.wsgi [None req-67c8913f-139e-401e-8305-ba8effbf8dcc 84bea81fe5cf43c5b45507c0d5af5f56 e09fda7aaece4e5495930be11383383e - - default default] http://cinder-api.openstack.svc.cluster.local:8776/v3/e09fda7aaece4e5495930be11383383e/os-quota-sets/e09fda7aaece4e5495930be11383383e?usage=true returned with HTTP 200 [pid: 7|app: 0|req: 373/747] 10.0.0.226 () {28 vars in 736 bytes} [Sat Jun 20 02:39:31 2026] GET /v3/e09fda7aaece4e5495930be11383383e/os-quota-sets/e09fda7aaece4e5495930be11383383e?usage=true => generated 845 bytes in 32 msecs (HTTP/1.1 200) 7 headers in 285 bytes (1 switches on core 0)
2026-06-20 02:39:32.496 8 INFO cinder.api.openstack.wsgi [None req-1997488b-385c-4577-a0b1-76ca81855b0c 84bea81fe5cf43c5b45507c0d5af5f56 e09fda7aaece4e5495930be11383383e - - default default] GET http://10.0.0.108:8776/
2026-06-20 02:39:32.496 7 INFO cinder.api.openstack.wsgi [None req-67c8913f-139e-401e-8305-ba8effbf8dcc 84bea81fe5cf43c5b45507c0d5af5f56 e09fda7aaece4e5495930be11383383e - - default default] GET http://10.0.0.108:8776/
2026-06-20 02:39:32.497 8 INFO cinder.api.openstack.wsgi [None req-1997488b-385c-4577-a0b1-76ca81855b0c 84bea81fe5cf43c5b45507c0d5af5f56 e09fda7aaece4e5495930be11383383e - - default default] http://10.0.0.108:8776/ returned with HTTP 300
2026-06-20 02:39:32.497 7 INFO cinder.api.openstack.wsgi [None req-67c8913f-139e-401e-8305-ba8effbf8dcc 84bea81fe5cf43c5b45507c0d5af5f56 e09fda7aaece4e5495930be11383383e - - default default] http://10.0.0.108:8776/ returned with HTTP 300
2026-06-20 02:39:42.495 8 INFO cinder.api.openstack.wsgi [None req-1997488b-385c-4577-a0b1-76ca81855b0c 84bea81fe5cf43c5b45507c0d5af5f56 e09fda7aaece4e5495930be11383383e - - default default] GET http://10.0.0.108:8776/
2026-06-20 02:39:42.496 8 INFO cinder.api.openstack.wsgi [None req-1997488b-385c-4577-a0b1-76ca81855b0c 84bea81fe5cf43c5b45507c0d5af5f56 e09fda7aaece4e5495930be11383383e - - default default] http://10.0.0.108:8776/ returned with HTTP 300
2026-06-20 02:39:42.495 7 INFO cinder.api.openstack.wsgi [None req-67c8913f-139e-401e-8305-ba8effbf8dcc 84bea81fe5cf43c5b45507c0d5af5f56 e09fda7aaece4e5495930be11383383e - - default default] GET http://10.0.0.108:8776/
2026-06-20 02:39:42.497 7 INFO cinder.api.openstack.wsgi [None req-67c8913f-139e-401e-8305-ba8effbf8dcc 84bea81fe5cf43c5b45507c0d5af5f56 e09fda7aaece4e5495930be11383383e - - default default] http://10.0.0.108:8776/ returned with HTTP 300
2026-06-20 02:39:52.495 8 INFO cinder.api.openstack.wsgi [None req-1997488b-385c-4577-a0b1-76ca81855b0c 84bea81fe5cf43c5b45507c0d5af5f56 e09fda7aaece4e5495930be11383383e - - default default] GET http://10.0.0.108:8776/
2026-06-20 02:39:52.496 7 INFO cinder.api.openstack.wsgi [None req-67c8913f-139e-401e-8305-ba8effbf8dcc 84bea81fe5cf43c5b45507c0d5af5f56 e09fda7aaece4e5495930be11383383e - - default default] GET http://10.0.0.108:8776/
2026-06-20 02:39:52.497 8 INFO cinder.api.openstack.wsgi [None req-1997488b-385c-4577-a0b1-76ca81855b0c 84bea81fe5cf43c5b45507c0d5af5f56 e09fda7aaece4e5495930be11383383e - - default default] http://10.0.0.108:8776/ returned with HTTP 300
2026-06-20 02:39:52.497 7 INFO cinder.api.openstack.wsgi [None req-67c8913f-139e-401e-8305-ba8effbf8dcc 84bea81fe5cf43c5b45507c0d5af5f56 e09fda7aaece4e5495930be11383383e - - default default] http://10.0.0.108:8776/ returned with HTTP 300
2026-06-20 02:39:55.874 8 INFO cinder.api.openstack.wsgi [None req-1997488b-385c-4577-a0b1-76ca81855b0c 84bea81fe5cf43c5b45507c0d5af5f56 e09fda7aaece4e5495930be11383383e - - default default] GET http://cinder-api.openstack.svc.cluster.local:8776/
2026-06-20 02:39:55.875 8 INFO cinder.api.openstack.wsgi [None req-1997488b-385c-4577-a0b1-76ca81855b0c 84bea81fe5cf43c5b45507c0d5af5f56 e09fda7aaece4e5495930be11383383e - - default default] http://cinder-api.openstack.svc.cluster.local:8776/ returned with HTTP 300 [pid: 8|app: 0|req: 378/754] 10.0.0.138 () {30 vars in 411 bytes} [Sat Jun 20 02:39:55 2026] GET / => generated 411 bytes in 2 msecs (HTTP/1.1 300) 5 headers in 169 bytes (1 switches on core 0)
2026-06-20 02:40:02.495 7 INFO cinder.api.openstack.wsgi [None req-67c8913f-139e-401e-8305-ba8effbf8dcc 84bea81fe5cf43c5b45507c0d5af5f56 e09fda7aaece4e5495930be11383383e - - default default] GET http://10.0.0.108:8776/
2026-06-20 02:40:02.495 8 INFO cinder.api.openstack.wsgi [None req-1997488b-385c-4577-a0b1-76ca81855b0c 84bea81fe5cf43c5b45507c0d5af5f56 e09fda7aaece4e5495930be11383383e - - default default] GET http://10.0.0.108:8776/
2026-06-20 02:40:02.496 7 INFO cinder.api.openstack.wsgi [None req-67c8913f-139e-401e-8305-ba8effbf8dcc 84bea81fe5cf43c5b45507c0d5af5f56 e09fda7aaece4e5495930be11383383e - - default default] http://10.0.0.108:8776/ returned with HTTP 300
2026-06-20 02:40:02.496 8 INFO cinder.api.openstack.wsgi [None req-1997488b-385c-4577-a0b1-76ca81855b0c 84bea81fe5cf43c5b45507c0d5af5f56 e09fda7aaece4e5495930be11383383e - - default default] http://10.0.0.108:8776/ returned with HTTP 300
2026-06-20 02:40:04.609 7 INFO cinder.api.openstack.wsgi [None req-e34aaade-808e-44ba-9e06-187293e896c9 95590bd86dfd49138b4f66fa027a9488 c8f0af4c04314248830021f786ac7ae1 - - default default] POST http://cinder-api.openstack.svc.cluster.local:8776/v3/c8f0af4c04314248830021f786ac7ae1/volumes
2026-06-20 02:40:04.613 7 INFO cinder.api.v3.volumes [None req-e34aaade-808e-44ba-9e06-187293e896c9 95590bd86dfd49138b4f66fa027a9488 c8f0af4c04314248830021f786ac7ae1 - - default default] Create volume of 1 GB
2026-06-20 02:40:04.627 7 INFO cinder.volume.api [None req-e34aaade-808e-44ba-9e06-187293e896c9 95590bd86dfd49138b4f66fa027a9488 c8f0af4c04314248830021f786ac7ae1 - - default default] Availability Zones retrieved successfully.
2026-06-20 02:40:04.846 7 INFO cinder.volume.api [None req-e34aaade-808e-44ba-9e06-187293e896c9 95590bd86dfd49138b4f66fa027a9488 c8f0af4c04314248830021f786ac7ae1 - - default default] Create volume request issued successfully.
2026-06-20 02:40:04.847 7 INFO cinder.api.openstack.wsgi [None req-e34aaade-808e-44ba-9e06-187293e896c9 95590bd86dfd49138b4f66fa027a9488 c8f0af4c04314248830021f786ac7ae1 - - default default] http://cinder-api.openstack.svc.cluster.local:8776/v3/c8f0af4c04314248830021f786ac7ae1/volumes returned with HTTP 202 [pid: 7|app: 0|req: 378/757] 10.0.0.138 () {34 vars in 722 bytes} [Sat Jun 20 02:40:04 2026] POST /v3/c8f0af4c04314248830021f786ac7ae1/volumes => generated 861 bytes in 328 msecs (HTTP/1.1 202) 7 headers in 291 bytes (1 switches on core 0)
2026-06-20 02:40:04.875 8 INFO cinder.api.openstack.wsgi [None req-6a203e0a-1e81-4857-9539-bec1b271a6a4 95590bd86dfd49138b4f66fa027a9488 c8f0af4c04314248830021f786ac7ae1 - - default default] GET http://cinder-api.openstack.svc.cluster.local:8776/v3/c8f0af4c04314248830021f786ac7ae1/volumes/2c434dee-897c-44da-ab0e-9a3e7359120a /var/lib/openstack/lib/python3.12/site-packages/oslo_context/context.py:101: DeprecationWarning: Policy enforcement is depending on the value of is_admin. This key is deprecated. Please update your policy file to use the standard policy values. warnings.warn(
2026-06-20 02:40:04.891 8 INFO cinder.volume.api [None req-6a203e0a-1e81-4857-9539-bec1b271a6a4 95590bd86dfd49138b4f66fa027a9488 c8f0af4c04314248830021f786ac7ae1 - - default default] Volume info retrieved successfully.
2026-06-20 02:40:04.899 8 INFO cinder.api.openstack.wsgi [None req-6a203e0a-1e81-4857-9539-bec1b271a6a4 95590bd86dfd49138b4f66fa027a9488 c8f0af4c04314248830021f786ac7ae1 - - default default] http://cinder-api.openstack.svc.cluster.local:8776/v3/c8f0af4c04314248830021f786ac7ae1/volumes/2c434dee-897c-44da-ab0e-9a3e7359120a returned with HTTP 200 [pid: 8|app: 0|req: 380/758] 10.0.0.138 () {32 vars in 775 bytes} [Sat Jun 20 02:40:04 2026] GET /v3/c8f0af4c04314248830021f786ac7ae1/volumes/2c434dee-897c-44da-ab0e-9a3e7359120a => generated 929 bytes in 32 msecs (HTTP/1.1 200) 7 headers in 285 bytes (1 switches on core 0) /var/lib/openstack/lib/python3.12/site-packages/pycadf/identifier.py:70: UserWarning: Invalid uuid: cinderv3. To ensure interoperability, identifiers should be a valid uuid. warnings.warn(('Invalid uuid: %s. To ensure interoperability, '
2026-06-20 02:40:05.924 7 INFO cinder.api.openstack.wsgi [None req-bfc6530d-597f-413b-ae66-5361a82ca94c 95590bd86dfd49138b4f66fa027a9488 c8f0af4c04314248830021f786ac7ae1 - - default default] GET http://cinder-api.openstack.svc.cluster.local:8776/v3/c8f0af4c04314248830021f786ac7ae1/volumes/2c434dee-897c-44da-ab0e-9a3e7359120a /var/lib/openstack/lib/python3.12/site-packages/oslo_context/context.py:101: DeprecationWarning: Policy enforcement is depending on the value of is_admin. This key is deprecated. Please update your policy file to use the standard policy values. warnings.warn(
2026-06-20 02:40:05.939 7 INFO cinder.volume.api [None req-bfc6530d-597f-413b-ae66-5361a82ca94c 95590bd86dfd49138b4f66fa027a9488 c8f0af4c04314248830021f786ac7ae1 - - default default] Volume info retrieved successfully.
2026-06-20 02:40:05.943 7 INFO cinder.api.openstack.wsgi [None req-bfc6530d-597f-413b-ae66-5361a82ca94c 95590bd86dfd49138b4f66fa027a9488 c8f0af4c04314248830021f786ac7ae1 - - default default] http://cinder-api.openstack.svc.cluster.local:8776/v3/c8f0af4c04314248830021f786ac7ae1/volumes/2c434dee-897c-44da-ab0e-9a3e7359120a returned with HTTP 200 [pid: 7|app: 0|req: 379/759] 10.0.0.138 () {32 vars in 775 bytes} [Sat Jun 20 02:40:05 2026] GET /v3/c8f0af4c04314248830021f786ac7ae1/volumes/2c434dee-897c-44da-ab0e-9a3e7359120a => generated 954 bytes in 27 msecs (HTTP/1.1 200) 7 headers in 285 bytes (1 switches on core 0)
2026-06-20 02:40:12.495 8 INFO cinder.api.openstack.wsgi [None req-6a203e0a-1e81-4857-9539-bec1b271a6a4 95590bd86dfd49138b4f66fa027a9488 c8f0af4c04314248830021f786ac7ae1 - - default default] GET http://10.0.0.108:8776/
2026-06-20 02:40:12.495 7 INFO cinder.api.openstack.wsgi [None req-bfc6530d-597f-413b-ae66-5361a82ca94c 95590bd86dfd49138b4f66fa027a9488 c8f0af4c04314248830021f786ac7ae1 - - default default] GET http://10.0.0.108:8776/
2026-06-20 02:40:12.496 8 INFO cinder.api.openstack.wsgi [None req-6a203e0a-1e81-4857-9539-bec1b271a6a4 95590bd86dfd49138b4f66fa027a9488 c8f0af4c04314248830021f786ac7ae1 - - default default] http://10.0.0.108:8776/ returned with HTTP 300
2026-06-20 02:40:12.496 7 INFO cinder.api.openstack.wsgi [None req-bfc6530d-597f-413b-ae66-5361a82ca94c 95590bd86dfd49138b4f66fa027a9488 c8f0af4c04314248830021f786ac7ae1 - - default default] http://10.0.0.108:8776/ returned with HTTP 300
2026-06-20 02:40:22.495 8 INFO cinder.api.openstack.wsgi [None req-6a203e0a-1e81-4857-9539-bec1b271a6a4 95590bd86dfd49138b4f66fa027a9488 c8f0af4c04314248830021f786ac7ae1 - - default default] GET http://10.0.0.108:8776/
2026-06-20 02:40:22.495 7 INFO cinder.api.openstack.wsgi [None req-bfc6530d-597f-413b-ae66-5361a82ca94c 95590bd86dfd49138b4f66fa027a9488 c8f0af4c04314248830021f786ac7ae1 - - default default] GET http://10.0.0.108:8776/
2026-06-20 02:40:22.495 8 INFO cinder.api.openstack.wsgi [None req-6a203e0a-1e81-4857-9539-bec1b271a6a4 95590bd86dfd49138b4f66fa027a9488 c8f0af4c04314248830021f786ac7ae1 - - default default] http://10.0.0.108:8776/ returned with HTTP 300
2026-06-20 02:40:22.495 7 INFO cinder.api.openstack.wsgi [None req-bfc6530d-597f-413b-ae66-5361a82ca94c 95590bd86dfd49138b4f66fa027a9488 c8f0af4c04314248830021f786ac7ae1 - - default default] http://10.0.0.108:8776/ returned with HTTP 300 /var/lib/openstack/lib/python3.12/site-packages/pycadf/identifier.py:70: UserWarning: Invalid uuid: cinderv3. To ensure interoperability, identifiers should be a valid uuid. warnings.warn(('Invalid uuid: %s. To ensure interoperability, '
2026-06-20 02:40:23.182 8 INFO cinder.api.openstack.wsgi [None req-e12d391a-65c7-4e38-a22f-ed1c63cbd51f 95590bd86dfd49138b4f66fa027a9488 c8f0af4c04314248830021f786ac7ae1 - - default default] POST http://cinder-api.openstack.svc.cluster.local:8776/v3/c8f0af4c04314248830021f786ac7ae1/volumes/2c434dee-897c-44da-ab0e-9a3e7359120a/action /var/lib/openstack/lib/python3.12/site-packages/oslo_context/context.py:101: DeprecationWarning: Policy enforcement is depending on the value of is_admin. This key is deprecated. Please update your policy file to use the standard policy values. warnings.warn(
2026-06-20 02:40:23.197 8 INFO cinder.volume.api [None req-e12d391a-65c7-4e38-a22f-ed1c63cbd51f 95590bd86dfd49138b4f66fa027a9488 c8f0af4c04314248830021f786ac7ae1 - - default default] Volume info retrieved successfully.
2026-06-20 02:40:23.210 8 INFO cinder.volume.api [None req-e12d391a-65c7-4e38-a22f-ed1c63cbd51f 95590bd86dfd49138b4f66fa027a9488 c8f0af4c04314248830021f786ac7ae1 - - default default] Update volume admin metadata completed successfully.
2026-06-20 02:40:23.715 8 INFO cinder.volume.api [None req-e12d391a-65c7-4e38-a22f-ed1c63cbd51f 95590bd86dfd49138b4f66fa027a9488 c8f0af4c04314248830021f786ac7ae1 - - default default] Attach volume completed successfully.
2026-06-20 02:40:23.716 8 INFO cinder.api.openstack.wsgi [None req-e12d391a-65c7-4e38-a22f-ed1c63cbd51f 95590bd86dfd49138b4f66fa027a9488 c8f0af4c04314248830021f786ac7ae1 - - default default] http://cinder-api.openstack.svc.cluster.local:8776/v3/c8f0af4c04314248830021f786ac7ae1/volumes/2c434dee-897c-44da-ab0e-9a3e7359120a/action returned with HTTP 202 [pid: 8|app: 0|req: 383/764] 10.0.0.138 () {34 vars in 810 bytes} [Sat Jun 20 02:40:23 2026] POST /v3/c8f0af4c04314248830021f786ac7ae1/volumes/2c434dee-897c-44da-ab0e-9a3e7359120a/action => generated 0 bytes in 542 msecs (HTTP/1.1 202) 7 headers in 289 bytes (1 switches on core 0) /var/lib/openstack/lib/python3.12/site-packages/pycadf/identifier.py:70: UserWarning: Invalid uuid: cinderv3. To ensure interoperability, identifiers should be a valid uuid. warnings.warn(('Invalid uuid: %s. To ensure interoperability, '
2026-06-20 02:40:23.725 7 INFO cinder.api.openstack.wsgi [None req-5f173cb7-6b05-4dd6-a6be-f2188ae2ebe5 95590bd86dfd49138b4f66fa027a9488 c8f0af4c04314248830021f786ac7ae1 - - default default] GET http://cinder-api.openstack.svc.cluster.local:8776/v3/c8f0af4c04314248830021f786ac7ae1/volumes/2c434dee-897c-44da-ab0e-9a3e7359120a /var/lib/openstack/lib/python3.12/site-packages/oslo_context/context.py:101: DeprecationWarning: Policy enforcement is depending on the value of is_admin. This key is deprecated. Please update your policy file to use the standard policy values. warnings.warn(
2026-06-20 02:40:23.760 7 INFO cinder.volume.api [None req-5f173cb7-6b05-4dd6-a6be-f2188ae2ebe5 95590bd86dfd49138b4f66fa027a9488 c8f0af4c04314248830021f786ac7ae1 - - default default] Volume info retrieved successfully.
2026-06-20 02:40:23.765 7 INFO cinder.api.openstack.wsgi [None req-5f173cb7-6b05-4dd6-a6be-f2188ae2ebe5 95590bd86dfd49138b4f66fa027a9488 c8f0af4c04314248830021f786ac7ae1 - - default default] http://cinder-api.openstack.svc.cluster.local:8776/v3/c8f0af4c04314248830021f786ac7ae1/volumes/2c434dee-897c-44da-ab0e-9a3e7359120a returned with HTTP 200 [pid: 7|app: 0|req: 382/765] 10.0.0.138 () {32 vars in 775 bytes} [Sat Jun 20 02:40:23 2026] GET /v3/c8f0af4c04314248830021f786ac7ae1/volumes/2c434dee-897c-44da-ab0e-9a3e7359120a => generated 1288 bytes in 45 msecs (HTTP/1.1 200) 7 headers in 286 bytes (1 switches on core 0) /var/lib/openstack/lib/python3.12/site-packages/pycadf/identifier.py:70: UserWarning: Invalid uuid: cinderv3. To ensure interoperability, identifiers should be a valid uuid. warnings.warn(('Invalid uuid: %s. To ensure interoperability, '
2026-06-20 02:40:23.786 8 INFO cinder.api.openstack.wsgi [None req-aca29eaa-53ac-4d92-b006-10623f3aa54a 95590bd86dfd49138b4f66fa027a9488 c8f0af4c04314248830021f786ac7ae1 - - default default] POST http://cinder-api.openstack.svc.cluster.local:8776/v3/c8f0af4c04314248830021f786ac7ae1/volumes/2c434dee-897c-44da-ab0e-9a3e7359120a/action /var/lib/openstack/lib/python3.12/site-packages/oslo_context/context.py:101: DeprecationWarning: Policy enforcement is depending on the value of is_admin. This key is deprecated. Please update your policy file to use the standard policy values. warnings.warn(
2026-06-20 02:40:23.804 8 INFO cinder.volume.api [None req-aca29eaa-53ac-4d92-b006-10623f3aa54a 95590bd86dfd49138b4f66fa027a9488 c8f0af4c04314248830021f786ac7ae1 - - default default] Volume info retrieved successfully.
2026-06-20 02:40:24.311 8 INFO cinder.volume.api [None req-aca29eaa-53ac-4d92-b006-10623f3aa54a 95590bd86dfd49138b4f66fa027a9488 c8f0af4c04314248830021f786ac7ae1 - - default default] Detach volume completed successfully.
2026-06-20 02:40:24.311 8 INFO cinder.api.openstack.wsgi [None req-aca29eaa-53ac-4d92-b006-10623f3aa54a 95590bd86dfd49138b4f66fa027a9488 c8f0af4c04314248830021f786ac7ae1 - - default default] http://cinder-api.openstack.svc.cluster.local:8776/v3/c8f0af4c04314248830021f786ac7ae1/volumes/2c434dee-897c-44da-ab0e-9a3e7359120a/action returned with HTTP 202 [pid: 8|app: 0|req: 384/766] 10.0.0.138 () {34 vars in 810 bytes} [Sat Jun 20 02:40:23 2026] POST /v3/c8f0af4c04314248830021f786ac7ae1/volumes/2c434dee-897c-44da-ab0e-9a3e7359120a/action => generated 0 bytes in 532 msecs (HTTP/1.1 202) 7 headers in 289 bytes (1 switches on core 0) /var/lib/openstack/lib/python3.12/site-packages/pycadf/identifier.py:70: UserWarning: Invalid uuid: cinderv3. To ensure interoperability, identifiers should be a valid uuid. warnings.warn(('Invalid uuid: %s. To ensure interoperability, '
2026-06-20 02:40:24.328 7 INFO cinder.api.openstack.wsgi [None req-cb57c460-ebdf-40fa-8331-63487faa3bff 95590bd86dfd49138b4f66fa027a9488 c8f0af4c04314248830021f786ac7ae1 - - default default] GET http://cinder-api.openstack.svc.cluster.local:8776/v3/c8f0af4c04314248830021f786ac7ae1/volumes/2c434dee-897c-44da-ab0e-9a3e7359120a /var/lib/openstack/lib/python3.12/site-packages/oslo_context/context.py:101: DeprecationWarning: Policy enforcement is depending on the value of is_admin. This key is deprecated. Please update your policy file to use the standard policy values. warnings.warn(
2026-06-20 02:40:24.340 7 INFO cinder.volume.api [None req-cb57c460-ebdf-40fa-8331-63487faa3bff 95590bd86dfd49138b4f66fa027a9488 c8f0af4c04314248830021f786ac7ae1 - - default default] Volume info retrieved successfully.
2026-06-20 02:40:24.345 7 INFO cinder.api.openstack.wsgi [None req-cb57c460-ebdf-40fa-8331-63487faa3bff 95590bd86dfd49138b4f66fa027a9488 c8f0af4c04314248830021f786ac7ae1 - - default default] http://cinder-api.openstack.svc.cluster.local:8776/v3/c8f0af4c04314248830021f786ac7ae1/volumes/2c434dee-897c-44da-ab0e-9a3e7359120a returned with HTTP 200 [pid: 7|app: 0|req: 383/767] 10.0.0.138 () {32 vars in 775 bytes} [Sat Jun 20 02:40:24 2026] GET /v3/c8f0af4c04314248830021f786ac7ae1/volumes/2c434dee-897c-44da-ab0e-9a3e7359120a => generated 973 bytes in 26 msecs (HTTP/1.1 200) 7 headers in 285 bytes (1 switches on core 0) /var/lib/openstack/lib/python3.12/site-packages/pycadf/identifier.py:70: UserWarning: Invalid uuid: cinderv3. To ensure interoperability, identifiers should be a valid uuid. warnings.warn(('Invalid uuid: %s. To ensure interoperability, '
2026-06-20 02:40:29.438 8 INFO cinder.api.openstack.wsgi [None req-ab5e87cd-befa-46f6-aaa3-fafc7ec2b2a7 03d9f1a79e094c068a98b2c1e941ca68 2fb9706138044e79ba5a4d71f373a1c7 - - default default] POST http://cinder-api.openstack.svc.cluster.local:8776/v3/2fb9706138044e79ba5a4d71f373a1c7/volumes
2026-06-20 02:40:29.441 8 INFO cinder.api.v3.volumes [None req-ab5e87cd-befa-46f6-aaa3-fafc7ec2b2a7 03d9f1a79e094c068a98b2c1e941ca68 2fb9706138044e79ba5a4d71f373a1c7 - - default default] Create volume of 1 GB
2026-06-20 02:40:29.445 8 INFO cinder.volume.api [None req-ab5e87cd-befa-46f6-aaa3-fafc7ec2b2a7 03d9f1a79e094c068a98b2c1e941ca68 2fb9706138044e79ba5a4d71f373a1c7 - - default default] Availability Zones retrieved successfully.
2026-06-20 02:40:29.570 8 INFO cinder.volume.api [None req-ab5e87cd-befa-46f6-aaa3-fafc7ec2b2a7 03d9f1a79e094c068a98b2c1e941ca68 2fb9706138044e79ba5a4d71f373a1c7 - - default default] Create volume request issued successfully.
2026-06-20 02:40:29.571 8 INFO cinder.api.openstack.wsgi [None req-ab5e87cd-befa-46f6-aaa3-fafc7ec2b2a7 03d9f1a79e094c068a98b2c1e941ca68 2fb9706138044e79ba5a4d71f373a1c7 - - default default] http://cinder-api.openstack.svc.cluster.local:8776/v3/2fb9706138044e79ba5a4d71f373a1c7/volumes returned with HTTP 202 [pid: 8|app: 0|req: 385/768] 10.0.0.138 () {34 vars in 723 bytes} [Sat Jun 20 02:40:29 2026] POST /v3/2fb9706138044e79ba5a4d71f373a1c7/volumes => generated 871 bytes in 307 msecs (HTTP/1.1 202) 7 headers in 291 bytes (1 switches on core 0) /var/lib/openstack/lib/python3.12/site-packages/pycadf/identifier.py:70: UserWarning: Invalid uuid: cinderv3. To ensure interoperability, identifiers should be a valid uuid. warnings.warn(('Invalid uuid: %s. To ensure interoperability, '
2026-06-20 02:40:29.592 7 INFO cinder.api.openstack.wsgi [None req-4b2dc27d-56c9-4bff-8e1b-66f8f5881ac5 03d9f1a79e094c068a98b2c1e941ca68 2fb9706138044e79ba5a4d71f373a1c7 - - default default] GET http://cinder-api.openstack.svc.cluster.local:8776/v3/2fb9706138044e79ba5a4d71f373a1c7/volumes/78137c62-6d73-4246-a7f8-4b58f4f99156 /var/lib/openstack/lib/python3.12/site-packages/oslo_context/context.py:101: DeprecationWarning: Policy enforcement is depending on the value of is_admin. This key is deprecated. Please update your policy file to use the standard policy values. warnings.warn(
2026-06-20 02:40:29.605 7 INFO cinder.volume.api [None req-4b2dc27d-56c9-4bff-8e1b-66f8f5881ac5 03d9f1a79e094c068a98b2c1e941ca68 2fb9706138044e79ba5a4d71f373a1c7 - - default default] Volume info retrieved successfully.
2026-06-20 02:40:29.613 7 INFO cinder.api.openstack.wsgi [None req-4b2dc27d-56c9-4bff-8e1b-66f8f5881ac5 03d9f1a79e094c068a98b2c1e941ca68 2fb9706138044e79ba5a4d71f373a1c7 - - default default] http://cinder-api.openstack.svc.cluster.local:8776/v3/2fb9706138044e79ba5a4d71f373a1c7/volumes/78137c62-6d73-4246-a7f8-4b58f4f99156 returned with HTTP 200 [pid: 7|app: 0|req: 384/769] 10.0.0.138 () {32 vars in 775 bytes} [Sat Jun 20 02:40:29 2026] GET /v3/2fb9706138044e79ba5a4d71f373a1c7/volumes/78137c62-6d73-4246-a7f8-4b58f4f99156 => generated 939 bytes in 29 msecs (HTTP/1.1 200) 7 headers in 285 bytes (1 switches on core 0) /var/lib/openstack/lib/python3.12/site-packages/pycadf/identifier.py:70: UserWarning: Invalid uuid: cinderv3. To ensure interoperability, identifiers should be a valid uuid. warnings.warn(('Invalid uuid: %s. To ensure interoperability, '
2026-06-20 02:40:30.635 7 INFO cinder.api.openstack.wsgi [None req-265b89e5-f084-4645-8a2e-2b24772eadda 03d9f1a79e094c068a98b2c1e941ca68 2fb9706138044e79ba5a4d71f373a1c7 - - default default] GET http://cinder-api.openstack.svc.cluster.local:8776/v3/2fb9706138044e79ba5a4d71f373a1c7/volumes/78137c62-6d73-4246-a7f8-4b58f4f99156 /var/lib/openstack/lib/python3.12/site-packages/oslo_context/context.py:101: DeprecationWarning: Policy enforcement is depending on the value of is_admin. This key is deprecated. Please update your policy file to use the standard policy values. warnings.warn(
2026-06-20 02:40:30.650 7 INFO cinder.volume.api [None req-265b89e5-f084-4645-8a2e-2b24772eadda 03d9f1a79e094c068a98b2c1e941ca68 2fb9706138044e79ba5a4d71f373a1c7 - - default default] Volume info retrieved successfully. /var/lib/openstack/lib/python3.12/site-packages/pycadf/identifier.py:70: UserWarning: Invalid uuid: cinderv3. To ensure interoperability, identifiers should be a valid uuid. warnings.warn(('Invalid uuid: %s. To ensure interoperability, '
2026-06-20 02:40:30.659 8 INFO cinder.api.openstack.wsgi [None req-4face56c-0565-4583-85f1-75f214c1e586 84bea81fe5cf43c5b45507c0d5af5f56 e09fda7aaece4e5495930be11383383e - - default default] GET http://cinder-api.openstack.svc.cluster.local:8776/v3/e09fda7aaece4e5495930be11383383e/snapshots?all_tenants=true /var/lib/openstack/lib/python3.12/site-packages/oslo_context/context.py:101: DeprecationWarning: Policy enforcement is depending on the value of is_admin. This key is deprecated. Please update your policy file to use the standard policy values. warnings.warn(
2026-06-20 02:40:30.662 7 INFO cinder.api.openstack.wsgi [None req-265b89e5-f084-4645-8a2e-2b24772eadda 03d9f1a79e094c068a98b2c1e941ca68 2fb9706138044e79ba5a4d71f373a1c7 - - default default] http://cinder-api.openstack.svc.cluster.local:8776/v3/2fb9706138044e79ba5a4d71f373a1c7/volumes/78137c62-6d73-4246-a7f8-4b58f4f99156 returned with HTTP 200 [pid: 7|app: 0|req: 385/770] 10.0.0.138 () {32 vars in 775 bytes} [Sat Jun 20 02:40:30 2026] GET /v3/2fb9706138044e79ba5a4d71f373a1c7/volumes/78137c62-6d73-4246-a7f8-4b58f4f99156 => generated 964 bytes in 33 msecs (HTTP/1.1 200) 7 headers in 285 bytes (1 switches on core 0)
2026-06-20 02:40:30.665 8 INFO cinder.volume.api [None req-4face56c-0565-4583-85f1-75f214c1e586 84bea81fe5cf43c5b45507c0d5af5f56 e09fda7aaece4e5495930be11383383e - - default default] Get all snapshots completed successfully.
2026-06-20 02:40:30.665 8 INFO cinder.api.openstack.wsgi [None req-4face56c-0565-4583-85f1-75f214c1e586 84bea81fe5cf43c5b45507c0d5af5f56 e09fda7aaece4e5495930be11383383e - - default default] http://cinder-api.openstack.svc.cluster.local:8776/v3/e09fda7aaece4e5495930be11383383e/snapshots?all_tenants=true returned with HTTP 200 [pid: 8|app: 0|req: 386/771] 10.0.0.226 () {28 vars in 674 bytes} [Sat Jun 20 02:40:30 2026] GET /v3/e09fda7aaece4e5495930be11383383e/snapshots?all_tenants=true => generated 17 bytes in 130 msecs (HTTP/1.1 200) 7 headers in 284 bytes (1 switches on core 0) /var/lib/openstack/lib/python3.12/site-packages/pycadf/identifier.py:70: UserWarning: Invalid uuid: cinderv3. To ensure interoperability, identifiers should be a valid uuid. warnings.warn(('Invalid uuid: %s. To ensure interoperability, '
2026-06-20 02:40:30.685 7 INFO cinder.api.openstack.wsgi [None req-b62bfe5f-e192-40d7-bca8-5f6a9ccb208f 03d9f1a79e094c068a98b2c1e941ca68 2fb9706138044e79ba5a4d71f373a1c7 - - default default] GET http://cinder-api.openstack.svc.cluster.local:8776/v3/2fb9706138044e79ba5a4d71f373a1c7/volumes/78137c62-6d73-4246-a7f8-4b58f4f99156 /var/lib/openstack/lib/python3.12/site-packages/oslo_context/context.py:101: DeprecationWarning: Policy enforcement is depending on the value of is_admin. This key is deprecated. Please update your policy file to use the standard policy values. warnings.warn(
2026-06-20 02:40:30.700 7 INFO cinder.volume.api [None req-b62bfe5f-e192-40d7-bca8-5f6a9ccb208f 03d9f1a79e094c068a98b2c1e941ca68 2fb9706138044e79ba5a4d71f373a1c7 - - default default] Volume info retrieved successfully.
2026-06-20 02:40:30.704 8 INFO cinder.api.openstack.wsgi [None req-8dbdf0ac-9244-46e8-925e-148357c00259 84bea81fe5cf43c5b45507c0d5af5f56 e09fda7aaece4e5495930be11383383e - - default default] GET http://cinder-api.openstack.svc.cluster.local:8776/v3/e09fda7aaece4e5495930be11383383e/os-quota-sets/055bb30d951d481c80d30e311f727080?usage=true
2026-06-20 02:40:30.708 7 INFO cinder.api.openstack.wsgi [None req-b62bfe5f-e192-40d7-bca8-5f6a9ccb208f 03d9f1a79e094c068a98b2c1e941ca68 2fb9706138044e79ba5a4d71f373a1c7 - - default default] http://cinder-api.openstack.svc.cluster.local:8776/v3/2fb9706138044e79ba5a4d71f373a1c7/volumes/78137c62-6d73-4246-a7f8-4b58f4f99156 returned with HTTP 200 [pid: 7|app: 0|req: 386/772] 10.0.0.138 () {32 vars in 775 bytes} [Sat Jun 20 02:40:30 2026] GET /v3/2fb9706138044e79ba5a4d71f373a1c7/volumes/78137c62-6d73-4246-a7f8-4b58f4f99156 => generated 964 bytes in 30 msecs (HTTP/1.1 200) 7 headers in 285 bytes (1 switches on core 0)
2026-06-20 02:40:30.723 8 INFO cinder.api.openstack.wsgi [None req-8dbdf0ac-9244-46e8-925e-148357c00259 84bea81fe5cf43c5b45507c0d5af5f56 e09fda7aaece4e5495930be11383383e - - default default] http://cinder-api.openstack.svc.cluster.local:8776/v3/e09fda7aaece4e5495930be11383383e/os-quota-sets/055bb30d951d481c80d30e311f727080?usage=true returned with HTTP 200 [pid: 8|app: 0|req: 387/773] 10.0.0.226 () {28 vars in 736 bytes} [Sat Jun 20 02:40:30 2026] GET /v3/e09fda7aaece4e5495930be11383383e/os-quota-sets/055bb30d951d481c80d30e311f727080?usage=true => generated 847 bytes in 28 msecs (HTTP/1.1 200) 7 headers in 285 bytes (1 switches on core 0) /var/lib/openstack/lib/python3.12/site-packages/pycadf/identifier.py:70: UserWarning: Invalid uuid: cinderv3. To ensure interoperability, identifiers should be a valid uuid. warnings.warn(('Invalid uuid: %s. To ensure interoperability, '
2026-06-20 02:40:30.726 7 INFO cinder.api.openstack.wsgi [None req-9165e69a-0eed-4818-af6e-fe51991d4bc2 03d9f1a79e094c068a98b2c1e941ca68 2fb9706138044e79ba5a4d71f373a1c7 - - default default] PUT http://cinder-api.openstack.svc.cluster.local:8776/v3/2fb9706138044e79ba5a4d71f373a1c7/volumes/78137c62-6d73-4246-a7f8-4b58f4f99156
2026-06-20 02:40:30.731 8 INFO cinder.api.openstack.wsgi [None req-f3ad8cab-d2db-4f32-9a46-597ccc78194b 84bea81fe5cf43c5b45507c0d5af5f56 e09fda7aaece4e5495930be11383383e - - default default] GET http://cinder-api.openstack.svc.cluster.local:8776/v3/e09fda7aaece4e5495930be11383383e/os-quota-sets/29f23d4336d9454aad5d453042338b78?usage=true /var/lib/openstack/lib/python3.12/site-packages/oslo_context/context.py:101: DeprecationWarning: Policy enforcement is depending on the value of is_admin. This key is deprecated. Please update your policy file to use the standard policy values. warnings.warn(
2026-06-20 02:40:30.748 8 INFO cinder.api.openstack.wsgi [None req-f3ad8cab-d2db-4f32-9a46-597ccc78194b 84bea81fe5cf43c5b45507c0d5af5f56 e09fda7aaece4e5495930be11383383e - - default default] http://cinder-api.openstack.svc.cluster.local:8776/v3/e09fda7aaece4e5495930be11383383e/os-quota-sets/29f23d4336d9454aad5d453042338b78?usage=true returned with HTTP 200 [pid: 8|app: 0|req: 388/774] 10.0.0.226 () {28 vars in 736 bytes} [Sat Jun 20 02:40:30 2026] GET /v3/e09fda7aaece4e5495930be11383383e/os-quota-sets/29f23d4336d9454aad5d453042338b78?usage=true => generated 847 bytes in 20 msecs (HTTP/1.1 200) 7 headers in 285 bytes (1 switches on core 0)
2026-06-20 02:40:30.750 7 INFO cinder.volume.api [None req-9165e69a-0eed-4818-af6e-fe51991d4bc2 03d9f1a79e094c068a98b2c1e941ca68 2fb9706138044e79ba5a4d71f373a1c7 - - default default] Volume info retrieved successfully.
2026-06-20 02:40:30.757 8 INFO cinder.api.openstack.wsgi [None req-ee87ea96-c4c9-4949-832d-554f2c571096 84bea81fe5cf43c5b45507c0d5af5f56 e09fda7aaece4e5495930be11383383e - - default default] GET http://cinder-api.openstack.svc.cluster.local:8776/v3/e09fda7aaece4e5495930be11383383e/os-quota-sets/2fb9706138044e79ba5a4d71f373a1c7?usage=true
2026-06-20 02:40:30.759 7 INFO cinder.volume.api [None req-9165e69a-0eed-4818-af6e-fe51991d4bc2 03d9f1a79e094c068a98b2c1e941ca68 2fb9706138044e79ba5a4d71f373a1c7 - - default default] Volume updated successfully.
2026-06-20 02:40:30.759 7 INFO cinder.api.openstack.wsgi [None req-9165e69a-0eed-4818-af6e-fe51991d4bc2 03d9f1a79e094c068a98b2c1e941ca68 2fb9706138044e79ba5a4d71f373a1c7 - - default default] http://cinder-api.openstack.svc.cluster.local:8776/v3/2fb9706138044e79ba5a4d71f373a1c7/volumes/78137c62-6d73-4246-a7f8-4b58f4f99156 returned with HTTP 200 [pid: 7|app: 0|req: 387/775] 10.0.0.138 () {34 vars in 795 bytes} [Sat Jun 20 02:40:30 2026] PUT /v3/2fb9706138044e79ba5a4d71f373a1c7/volumes/78137c62-6d73-4246-a7f8-4b58f4f99156 => generated 896 bytes in 38 msecs (HTTP/1.1 200) 7 headers in 285 bytes (1 switches on core 0)
2026-06-20 02:40:30.774 8 INFO cinder.api.openstack.wsgi [None req-ee87ea96-c4c9-4949-832d-554f2c571096 84bea81fe5cf43c5b45507c0d5af5f56 e09fda7aaece4e5495930be11383383e - - default default] http://cinder-api.openstack.svc.cluster.local:8776/v3/e09fda7aaece4e5495930be11383383e/os-quota-sets/2fb9706138044e79ba5a4d71f373a1c7?usage=true returned with HTTP 200 [pid: 8|app: 0|req: 389/776] 10.0.0.226 () {28 vars in 736 bytes} [Sat Jun 20 02:40:30 2026] GET /v3/e09fda7aaece4e5495930be11383383e/os-quota-sets/2fb9706138044e79ba5a4d71f373a1c7?usage=true => generated 847 bytes in 22 msecs (HTTP/1.1 200) 7 headers in 285 bytes (1 switches on core 0) /var/lib/openstack/lib/python3.12/site-packages/pycadf/identifier.py:70: UserWarning: Invalid uuid: cinderv3. To ensure interoperability, identifiers should be a valid uuid. warnings.warn(('Invalid uuid: %s. To ensure interoperability, '
2026-06-20 02:40:30.778 7 INFO cinder.api.openstack.wsgi [None req-0c677b66-fe8c-454b-8a01-ca926eb3b055 03d9f1a79e094c068a98b2c1e941ca68 2fb9706138044e79ba5a4d71f373a1c7 - - default default] PUT http://cinder-api.openstack.svc.cluster.local:8776/v3/2fb9706138044e79ba5a4d71f373a1c7/volumes/78137c62-6d73-4246-a7f8-4b58f4f99156
2026-06-20 02:40:30.781 8 INFO cinder.api.openstack.wsgi [None req-aca9a9ea-c795-417a-986b-8eb56120e65a 84bea81fe5cf43c5b45507c0d5af5f56 e09fda7aaece4e5495930be11383383e - - default default] GET http://cinder-api.openstack.svc.cluster.local:8776/v3/e09fda7aaece4e5495930be11383383e/os-quota-sets/4d8e1aac013c41c9a84222c1aa9e5c88?usage=true
2026-06-20 02:40:30.797 8 INFO cinder.api.openstack.wsgi [None req-aca9a9ea-c795-417a-986b-8eb56120e65a 84bea81fe5cf43c5b45507c0d5af5f56 e09fda7aaece4e5495930be11383383e - - default default] http://cinder-api.openstack.svc.cluster.local:8776/v3/e09fda7aaece4e5495930be11383383e/os-quota-sets/4d8e1aac013c41c9a84222c1aa9e5c88?usage=true returned with HTTP 200 [pid: 8|app: 0|req: 390/777] 10.0.0.226 () {28 vars in 736 bytes} [Sat Jun 20 02:40:30 2026] GET /v3/e09fda7aaece4e5495930be11383383e/os-quota-sets/4d8e1aac013c41c9a84222c1aa9e5c88?usage=true => generated 845 bytes in 20 msecs (HTTP/1.1 200) 7 headers in 285 bytes (1 switches on core 0)
2026-06-20 02:40:30.805 8 INFO cinder.api.openstack.wsgi [None req-e8a115d9-ff32-4f24-85b1-b03051b08f2b 84bea81fe5cf43c5b45507c0d5af5f56 e09fda7aaece4e5495930be11383383e - - default default] GET http://cinder-api.openstack.svc.cluster.local:8776/v3/e09fda7aaece4e5495930be11383383e/os-quota-sets/c8f0af4c04314248830021f786ac7ae1?usage=true
2026-06-20 02:40:30.821 8 INFO cinder.api.openstack.wsgi [None req-e8a115d9-ff32-4f24-85b1-b03051b08f2b 84bea81fe5cf43c5b45507c0d5af5f56 e09fda7aaece4e5495930be11383383e - - default default] http://cinder-api.openstack.svc.cluster.local:8776/v3/e09fda7aaece4e5495930be11383383e/os-quota-sets/c8f0af4c04314248830021f786ac7ae1?usage=true returned with HTTP 200 [pid: 8|app: 0|req: 391/778] 10.0.0.226 () {28 vars in 736 bytes} [Sat Jun 20 02:40:30 2026] GET /v3/e09fda7aaece4e5495930be11383383e/os-quota-sets/c8f0af4c04314248830021f786ac7ae1?usage=true => generated 847 bytes in 20 msecs (HTTP/1.1 200) 7 headers in 285 bytes (1 switches on core 0)
2026-06-20 02:40:30.828 8 INFO cinder.api.openstack.wsgi [None req-40707a70-855e-4f4b-8a28-e5ed3f358d00 84bea81fe5cf43c5b45507c0d5af5f56 e09fda7aaece4e5495930be11383383e - - default default] GET http://cinder-api.openstack.svc.cluster.local:8776/v3/e09fda7aaece4e5495930be11383383e/os-quota-sets/cf03352482514b98a7cb72381ea9e103?usage=true
2026-06-20 02:40:30.851 8 INFO cinder.api.openstack.wsgi [None req-40707a70-855e-4f4b-8a28-e5ed3f358d00 84bea81fe5cf43c5b45507c0d5af5f56 e09fda7aaece4e5495930be11383383e - - default default] http://cinder-api.openstack.svc.cluster.local:8776/v3/e09fda7aaece4e5495930be11383383e/os-quota-sets/cf03352482514b98a7cb72381ea9e103?usage=true returned with HTTP 200 [pid: 8|app: 0|req: 392/779] 10.0.0.226 () {28 vars in 736 bytes} [Sat Jun 20 02:40:30 2026] GET /v3/e09fda7aaece4e5495930be11383383e/os-quota-sets/cf03352482514b98a7cb72381ea9e103?usage=true => generated 847 bytes in 27 msecs (HTTP/1.1 200) 7 headers in 285 bytes (1 switches on core 0)
2026-06-20 02:40:30.861 8 INFO cinder.api.openstack.wsgi [None req-afd47f10-00d3-4ff2-8900-382b23d28a17 84bea81fe5cf43c5b45507c0d5af5f56 e09fda7aaece4e5495930be11383383e - - default default] GET http://cinder-api.openstack.svc.cluster.local:8776/v3/e09fda7aaece4e5495930be11383383e/os-quota-sets/e09fda7aaece4e5495930be11383383e?usage=true
2026-06-20 02:40:30.881 8 INFO cinder.api.openstack.wsgi [None req-afd47f10-00d3-4ff2-8900-382b23d28a17 84bea81fe5cf43c5b45507c0d5af5f56 e09fda7aaece4e5495930be11383383e - - default default] http://cinder-api.openstack.svc.cluster.local:8776/v3/e09fda7aaece4e5495930be11383383e/os-quota-sets/e09fda7aaece4e5495930be11383383e?usage=true returned with HTTP 200 [pid: 8|app: 0|req: 393/780] 10.0.0.226 () {28 vars in 736 bytes} [Sat Jun 20 02:40:30 2026] GET /v3/e09fda7aaece4e5495930be11383383e/os-quota-sets/e09fda7aaece4e5495930be11383383e?usage=true => generated 845 bytes in 26 msecs (HTTP/1.1 200) 7 headers in 285 bytes (1 switches on core 0)
2026-06-20 02:40:30.892 8 INFO cinder.api.openstack.wsgi [None req-4f5b2244-aa11-4ae0-bc2b-c0019bb99ddc 84bea81fe5cf43c5b45507c0d5af5f56 e09fda7aaece4e5495930be11383383e - - default default] GET http://cinder-api.openstack.svc.cluster.local:8776/v3/e09fda7aaece4e5495930be11383383e/volumes/detail?all_tenants=true
2026-06-20 02:40:30.903 8 INFO cinder.volume.api [None req-4f5b2244-aa11-4ae0-bc2b-c0019bb99ddc 84bea81fe5cf43c5b45507c0d5af5f56 e09fda7aaece4e5495930be11383383e - - default default] Get all volumes completed successfully. /var/lib/openstack/lib/python3.12/site-packages/oslo_context/context.py:101: DeprecationWarning: Policy enforcement is depending on the value of is_admin. This key is deprecated. Please update your policy file to use the standard policy values. warnings.warn(
2026-06-20 02:40:30.912 8 INFO cinder.api.openstack.wsgi [None req-4f5b2244-aa11-4ae0-bc2b-c0019bb99ddc 84bea81fe5cf43c5b45507c0d5af5f56 e09fda7aaece4e5495930be11383383e - - default default] http://cinder-api.openstack.svc.cluster.local:8776/v3/e09fda7aaece4e5495930be11383383e/volumes/detail?all_tenants=true returned with HTTP 200 [pid: 8|app: 0|req: 394/781] 10.0.0.226 () {28 vars in 684 bytes} [Sat Jun 20 02:40:30 2026] GET /v3/e09fda7aaece4e5495930be11383383e/volumes/detail?all_tenants=true => generated 2260 bytes in 26 msecs (HTTP/1.1 200) 7 headers in 286 bytes (1 switches on core 0) /var/lib/openstack/lib/python3.12/site-packages/pycadf/identifier.py:70: UserWarning: Invalid uuid: cinderv3. To ensure interoperability, identifiers should be a valid uuid. warnings.warn(('Invalid uuid: %s. To ensure interoperability, '
2026-06-20 02:40:30.925 8 INFO cinder.api.openstack.wsgi [None req-b63fb6ed-95b5-465a-910b-bfe40984fe80 84bea81fe5cf43c5b45507c0d5af5f56 e09fda7aaece4e5495930be11383383e - - default default] GET http://cinder-api.openstack.svc.cluster.local:8776/v3/e09fda7aaece4e5495930be11383383e/scheduler-stats/get_pools?detail=true /var/lib/openstack/lib/python3.12/site-packages/oslo_context/context.py:101: DeprecationWarning: Policy enforcement is depending on the value of is_admin. This key is deprecated. Please update your policy file to use the standard policy values. warnings.warn(
2026-06-20 02:40:30.934 7 INFO cinder.volume.api [None req-0c677b66-fe8c-454b-8a01-ca926eb3b055 03d9f1a79e094c068a98b2c1e941ca68 2fb9706138044e79ba5a4d71f373a1c7 - - default default] Volume info retrieved successfully.
2026-06-20 02:40:30.942 7 INFO cinder.volume.api [None req-0c677b66-fe8c-454b-8a01-ca926eb3b055 03d9f1a79e094c068a98b2c1e941ca68 2fb9706138044e79ba5a4d71f373a1c7 - - default default] Volume updated successfully.
2026-06-20 02:40:30.943 7 INFO cinder.api.openstack.wsgi [None req-0c677b66-fe8c-454b-8a01-ca926eb3b055 03d9f1a79e094c068a98b2c1e941ca68 2fb9706138044e79ba5a4d71f373a1c7 - - default default] http://cinder-api.openstack.svc.cluster.local:8776/v3/2fb9706138044e79ba5a4d71f373a1c7/volumes/78137c62-6d73-4246-a7f8-4b58f4f99156 returned with HTTP 200 [pid: 7|app: 0|req: 388/782] 10.0.0.138 () {34 vars in 796 bytes} [Sat Jun 20 02:40:30 2026] PUT /v3/2fb9706138044e79ba5a4d71f373a1c7/volumes/78137c62-6d73-4246-a7f8-4b58f4f99156 => generated 934 bytes in 171 msecs (HTTP/1.1 200) 7 headers in 285 bytes (1 switches on core 0) /var/lib/openstack/lib/python3.12/site-packages/pycadf/identifier.py:70: UserWarning: Invalid uuid: cinderv3. To ensure interoperability, identifiers should be a valid uuid. warnings.warn(('Invalid uuid: %s. To ensure interoperability, '
2026-06-20 02:40:30.960 7 INFO cinder.api.openstack.wsgi [None req-94cd88e1-3d22-4bf7-a58c-8defee4a2828 03d9f1a79e094c068a98b2c1e941ca68 2fb9706138044e79ba5a4d71f373a1c7 - - default default] GET http://cinder-api.openstack.svc.cluster.local:8776/v3/2fb9706138044e79ba5a4d71f373a1c7/volumes/78137c62-6d73-4246-a7f8-4b58f4f99156 /var/lib/openstack/lib/python3.12/site-packages/oslo_context/context.py:101: DeprecationWarning: Policy enforcement is depending on the value of is_admin. This key is deprecated. Please update your policy file to use the standard policy values. warnings.warn(
2026-06-20 02:40:30.980 7 INFO cinder.volume.api [None req-94cd88e1-3d22-4bf7-a58c-8defee4a2828 03d9f1a79e094c068a98b2c1e941ca68 2fb9706138044e79ba5a4d71f373a1c7 - - default default] Volume info retrieved successfully.
