Jun 29 15:26:53.091138 np0000183491 devstack@neutron-api.service[103452]: DEBUG neutron.common.ovn.hash_ring_manager [None req-e285f70d-522a-454b-a783-6854221c065f None None] Hash Ring loaded. 4 active nodes. 0 offline nodes {{(pid=103452) _load_hash_ring /opt/stack/neutron/neutron/common/ovn/hash_ring_manager.py:110}}
Jun 29 15:26:53.091312 np0000183491 devstack@neutron-api.service[103452]: DEBUG neutron.plugins.ml2.drivers.ovn.mech_driver.ovsdb.ovsdb_monitor [None req-e285f70d-522a-454b-a783-6854221c065f None None] ChassisAgentWriteEvent : Matched Chassis_Private, create, None None {{(pid=103452) matches /opt/stack/neutron/neutron/plugins/ml2/drivers/ovn/mech_driver/ovsdb/ovsdb_monitor.py:64}}
Jun 29 15:26:53.091487 np0000183491 devstack@neutron-api.service[103452]: DEBUG neutron.plugins.ml2.drivers.ovn.mech_driver.ovsdb.ovsdb_monitor [None req-e285f70d-522a-454b-a783-6854221c065f None None] ChassisOVNAgentWriteEvent : Matched Chassis_Private, create, None None {{(pid=103452) matches /opt/stack/neutron/neutron/plugins/ml2/drivers/ovn/mech_driver/ovsdb/ovsdb_monitor.py:64}}
Jun 29 15:26:53.093569 np0000183491 devstack@neutron-api.service[103452]: INFO neutron.plugins.ml2.drivers.ovn.mech_driver.mech_driver [None req-e285f70d-522a-454b-a783-6854221c065f None None] WorkerService process has finished the post initialization
Jun 29 15:26:53.093900 np0000183491 devstack@neutron-api.service[103452]: DEBUG oslo_concurrency.processutils [None req-e285f70d-522a-454b-a783-6854221c065f None None] Running cmd (subprocess): ovsdb-client transact ssl:199.19.213.54:6641 --timeout 180 -p /opt/stack/data/CA/int-ca/private/devstack-cert.key -c /opt/stack/data/CA/int-ca/devstack-cert.crt -C /opt/stack/data/CA/int-ca/ca-chain.pem ["OVN_Northbound", {"op": "wait", "timeout": 0, "table": "Port_Group", "where": [["name", "==", "pvlan_pg_drop"]], "until": "==", "rows": []}, {"op": "insert", "table": "ACL", "row": {"action": "drop", "direction": "to-lport", "match": "outport == @pvlan_pg_drop && ip", "priority": 1010}, "uuid-name": "pvlandroptoport"}, {"op": "insert", "table": "ACL", "row": {"action": "drop", "direction": "from-lport", "match": "inport == @pvlan_pg_drop && ip", "priority": 1010}, "uuid-name": "pvlandropfromport"}, {"op": "insert", "table": "Port_Group", "row": {"name": "pvlan_pg_drop", "acls": ["set", [["named-uuid", "pvlandroptoport"], ["named-uuid", "pvlandropfromport"]]]}}] {{(pid=103452) execute /opt/stack/data/venv/lib/python3.12/site-packages/oslo_concurrency/processutils.py:440}}
Jun 29 15:26:53.135852 np0000183491 devstack@neutron-api.service[103452]: DEBUG oslo_concurrency.processutils [None req-e285f70d-522a-454b-a783-6854221c065f None None] CMD "ovsdb-client transact ssl:199.19.213.54:6641 --timeout 180 -p /opt/stack/data/CA/int-ca/private/devstack-cert.key -c /opt/stack/data/CA/int-ca/devstack-cert.crt -C /opt/stack/data/CA/int-ca/ca-chain.pem ["OVN_Northbound", {"op": "wait", "timeout": 0, "table": "Port_Group", "where": [["name", "==", "pvlan_pg_drop"]], "until": "==", "rows": []}, {"op": "insert", "table": "ACL", "row": {"action": "drop", "direction": "to-lport", "match": "outport == @pvlan_pg_drop && ip", "priority": 1010}, "uuid-name": "pvlandroptoport"}, {"op": "insert", "table": "ACL", "row": {"action": "drop", "direction": "from-lport", "match": "inport == @pvlan_pg_drop && ip", "priority": 1010}, "uuid-name": "pvlandropfromport"}, {"op": "insert", "table": "Port_Group", "row": {"name": "pvlan_pg_drop", "acls": ["set", [["named-uuid", "pvlandroptoport"], ["named-uuid", "pvlandropfromport"]]]}}]" returned: 0 in 0.041s {{(pid=103452) execute /opt/stack/data/venv/lib/python3.12/site-packages/oslo_concurrency/processutils.py:468}}
Jun 29 15:26:53.137933 np0000183491 devstack@neutron-api.service[103450]: [pid: 103450|app: 0|req: 1/1] 199.19.213.54 () {62 vars in 981 bytes} [Mon Jun 29 15:26:53 2026] GET /networking => generated 129 bytes in 3 msecs (HTTP/1.1 200) 3 headers in 91 bytes (1 switches on core 0)
Jun 29 15:26:53.139720 np0000183491 devstack@neutron-api.service[103452]: WSGI app 0 (mountpoint='') ready in 8 seconds on interpreter 0x7f3fb4ea3668 pid: 103452 (default app)
Jun 29 15:26:54.322691 np0000183491 devstack@neutron-api.service[103453]: DEBUG neutron.common.ovn.hash_ring_manager [-] Allow caching, nodes 4>=4 {{(pid=103453) _wait_startup_before_caching /opt/stack/neutron/neutron/common/ovn/hash_ring_manager.py:71}}
Jun 29 15:26:54.322691 np0000183491 devstack@neutron-api.service[103453]: DEBUG neutron.plugins.ml2.drivers.ovn.mech_driver.ovsdb.ovsdb_monitor [-] Hash Ring: Node 3c4d8cddba58598d8374d86b0c7cb336 (host: np0000183491) handling event "update" for row da0cecd9-93cb-4961-90d3-d83d98e7c36a (table: Connection) {{(pid=103453) notify /opt/stack/neutron/neutron/plugins/ml2/drivers/ovn/mech_driver/ovsdb/ovsdb_monitor.py:1015}}
Jun 29 15:26:54.331520 np0000183491 devstack@neutron-api.service[103450]: DEBUG neutron.common.ovn.hash_ring_manager [-] Allow caching, nodes 4>=4 {{(pid=103450) _wait_startup_before_caching /opt/stack/neutron/neutron/common/ovn/hash_ring_manager.py:71}}
Jun 29 15:26:54.331520 np0000183491 devstack@neutron-api.service[103450]: DEBUG neutron.plugins.ml2.drivers.ovn.mech_driver.ovsdb.ovsdb_monitor [-] Hash Ring: Node b2875eb633795e58bf2b4000d5fd03d2 (host: np0000183491) handling event "update" for row da0cecd9-93cb-4961-90d3-d83d98e7c36a (table: Connection) {{(pid=103450) notify /opt/stack/neutron/neutron/plugins/ml2/drivers/ovn/mech_driver/ovsdb/ovsdb_monitor.py:1015}}
Jun 29 15:26:59.318980 np0000183491 devstack@neutron-api.service[103450]: DEBUG neutron.plugins.ml2.drivers.ovn.mech_driver.ovsdb.ovsdb_monitor [-] Hash Ring: Node b2875eb633795e58bf2b4000d5fd03d2 (host: np0000183491) handling event "update" for row da0cecd9-93cb-4961-90d3-d83d98e7c36a (table: Connection) {{(pid=103450) notify /opt/stack/neutron/neutron/plugins/ml2/drivers/ovn/mech_driver/ovsdb/ovsdb_monitor.py:1015}}
Jun 29 15:26:59.319378 np0000183491 devstack@neutron-api.service[103453]: DEBUG neutron.plugins.ml2.drivers.ovn.mech_driver.ovsdb.ovsdb_monitor [-] Hash Ring: Node 3c4d8cddba58598d8374d86b0c7cb336 (host: np0000183491) handling event "update" for row da0cecd9-93cb-4961-90d3-d83d98e7c36a (table: Connection) {{(pid=103453) notify /opt/stack/neutron/neutron/plugins/ml2/drivers/ovn/mech_driver/ovsdb/ovsdb_monitor.py:1015}}
Jun 29 15:27:00.041570 np0000183491 devstack@neutron-api.service[103453]: DEBUG neutron.api.wsgi [None req-4761ebd8-db25-40f9-ad79-b55d047ac283 admin admin] Missing Content-Type {{(pid=103453) get_content_type /opt/stack/neutron/neutron/api/wsgi.py:80}}
Jun 29 15:27:00.041983 np0000183491 devstack@neutron-api.service[103453]: DEBUG neutron.api.wsgi [None req-4761ebd8-db25-40f9-ad79-b55d047ac283 admin admin] https://199.19.213.54/networking/v2.0/extensions returned with HTTP 200 {{(pid=103453) __call__ /opt/stack/neutron/neutron/api/wsgi.py:540}}
Jun 29 15:27:00.042333 np0000183491 devstack@neutron-api.service[103453]: [pid: 103453|app: 0|req: 1/2] 199.19.213.54 () {64 vars in 1316 bytes} [Mon Jun 29 15:26:59 2026] GET /networking/v2.0/extensions => generated 16171 bytes in 285 msecs (HTTP/1.1 200) 4 headers in 159 bytes (1 switches on core 0)
Jun 29 15:27:00.483599 np0000183491 devstack@neutron-api.service[103451]: DEBUG neutron.api.v2.base [None req-66eb5d06-4f41-4822-8f45-02a07f18c58a admin admin] Request body: {'subnetpool': {'is_default': True, 'name': 'shared-default-subnetpool-v4', 'shared': True, 'prefixes': ['10.1.0.0/20'], 'default_prefixlen': 26}} {{(pid=103451) prepare_request_body /opt/stack/neutron/neutron/api/v2/base.py:727}}
Jun 29 15:27:00.689298 np0000183491 devstack@neutron-api.service[103451]: DEBUG neutron.policy [None req-66eb5d06-4f41-4822-8f45-02a07f18c58a admin admin] Loaded default policies from ['neutron'] under neutron.policies entry points {{(pid=103451) register_rules /opt/stack/neutron/neutron/policy.py:65}}
Jun 29 15:27:00.837192 np0000183491 devstack@neutron-api.service[103451]: DEBUG neutron_lib.callbacks.manager [None req-66eb5d06-4f41-4822-8f45-02a07f18c58a admin admin] Publish callbacks ['neutron.objects.securitygroup.RbacNeutronDbObjectMixin.validate_rbac_policy_change-2009510000275', 'neutron.objects.address_group.RbacNeutronDbObjectMixin.validate_rbac_policy_change-2009509977559', 'neutron.objects.network.RbacNeutronDbObjectMixin.validate_rbac_policy_change-2009511938378', 'neutron.objects.qos.policy.RbacNeutronDbObjectMixin.validate_rbac_policy_change-2009511914520', 'neutron.objects.subnetpool.RbacNeutronDbObjectMixin.validate_rbac_policy_change-2009511925894', 'neutron.objects.address_scope.RbacNeutronDbObjectMixin.validate_rbac_policy_change-2009511914921', 'neutron.plugins.ml2.plugin.External_net_db_mixin._process_ext_policy_create-392639', 'neutron.plugins.ml2.plugin.NeutronDbPluginV2.validate_network_rbac_policy_change-384403'] for rbac-policy (None), before_create {{(pid=103451) _notify_loop /opt/stack/data/venv/lib/python3.12/site-packages/neutron_lib/callbacks/manager.py:184}}
Jun 29 15:27:00.878663 np0000183491 devstack@neutron-api.service[103451]: DEBUG neutron_lib.callbacks.manager [None req-66eb5d06-4f41-4822-8f45-02a07f18c58a admin admin] Publish callbacks [] for subnetpool (None), before_response {{(pid=103451) _notify_loop /opt/stack/data/venv/lib/python3.12/site-packages/neutron_lib/callbacks/manager.py:184}}
Jun 29 15:27:00.879164 np0000183491 devstack@neutron-api.service[103451]: [pid: 103451|app: 0|req: 1/3] 199.19.213.54 () {68 vars in 1360 bytes} [Mon Jun 29 15:27:00 2026] POST /networking/v2.0/subnetpools => generated 533 bytes in 510 msecs (HTTP/1.1 201) 4 headers in 162 bytes (1 switches on core 0)
Jun 29 15:27:01.380241 np0000183491 devstack@neutron-api.service[103450]: DEBUG neutron.api.v2.base [None req-33d7c130-eaf6-4312-96c9-884ba99c247b admin admin] Request body: {'subnetpool': {'is_default': True, 'name': 'shared-default-subnetpool-v6', 'shared': True, 'prefixes': ['fdf4:1cb0:a414::/56'], 'default_prefixlen': 64}} {{(pid=103450) prepare_request_body /opt/stack/neutron/neutron/api/v2/base.py:727}}
Jun 29 15:27:01.560318 np0000183491 devstack@neutron-api.service[103450]: DEBUG neutron.policy [None req-33d7c130-eaf6-4312-96c9-884ba99c247b admin admin] Loaded default policies from ['neutron'] under neutron.policies entry points {{(pid=103450) register_rules /opt/stack/neutron/neutron/policy.py:65}}
Jun 29 15:27:01.709757 np0000183491 devstack@neutron-api.service[103450]: DEBUG neutron_lib.callbacks.manager [None req-33d7c130-eaf6-4312-96c9-884ba99c247b admin admin] Publish callbacks ['neutron.objects.securitygroup.RbacNeutronDbObjectMixin.validate_rbac_policy_change-2009512012892', 'neutron.objects.address_group.RbacNeutronDbObjectMixin.validate_rbac_policy_change-2009511986314', 'neutron.objects.network.RbacNeutronDbObjectMixin.validate_rbac_policy_change-2009511918182', 'neutron.objects.qos.policy.RbacNeutronDbObjectMixin.validate_rbac_policy_change-2009511906669', 'neutron.objects.subnetpool.RbacNeutronDbObjectMixin.validate_rbac_policy_change-2009511894337', 'neutron.objects.address_scope.RbacNeutronDbObjectMixin.validate_rbac_policy_change-2009511907090', 'neutron.plugins.ml2.plugin.External_net_db_mixin._process_ext_policy_create-1071406', 'neutron.plugins.ml2.plugin.NeutronDbPluginV2.validate_network_rbac_policy_change-1096966'] for rbac-policy (None), before_create {{(pid=103450) _notify_loop /opt/stack/data/venv/lib/python3.12/site-packages/neutron_lib/callbacks/manager.py:184}}
Jun 29 15:27:01.754754 np0000183491 devstack@neutron-api.service[103450]: DEBUG neutron_lib.callbacks.manager [None req-33d7c130-eaf6-4312-96c9-884ba99c247b admin admin] Publish callbacks [] for subnetpool (None), before_response {{(pid=103450) _notify_loop /opt/stack/data/venv/lib/python3.12/site-packages/neutron_lib/callbacks/manager.py:184}}
Jun 29 15:27:01.755467 np0000183491 devstack@neutron-api.service[103450]: [pid: 103450|app: 0|req: 2/4] 199.19.213.54 () {68 vars in 1360 bytes} [Mon Jun 29 15:27:01 2026] POST /networking/v2.0/subnetpools => generated 543 bytes in 646 msecs (HTTP/1.1 201) 4 headers in 162 bytes (1 switches on core 0)
Jun 29 15:27:02.211867 np0000183491 devstack@neutron-api.service[103452]: DEBUG neutron.api.v2.base [None req-f93f4cf5-316a-434a-93f7-33990a0980e0 admin admin] Request body: {'network': {'admin_state_up': True, 'name': 'private'}} {{(pid=103452) prepare_request_body /opt/stack/neutron/neutron/api/v2/base.py:727}}
Jun 29 15:27:02.250209 np0000183491 devstack@neutron-api.service[103452]: DEBUG neutron.pecan_wsgi.hooks.quota_enforcement [None req-f93f4cf5-316a-434a-93f7-33990a0980e0 admin admin] Made reservation on behalf of 673ee4c676134191902d45ea41a0c466 for: {'network': 1} {{(pid=103452) before /opt/stack/neutron/neutron/pecan_wsgi/hooks/quota_enforcement.py:66}}
Jun 29 15:27:02.425124 np0000183491 devstack@neutron-api.service[103452]: DEBUG neutron.policy [None req-f93f4cf5-316a-434a-93f7-33990a0980e0 admin admin] Loaded default policies from ['neutron'] under neutron.policies entry points {{(pid=103452) register_rules /opt/stack/neutron/neutron/policy.py:65}}
Jun 29 15:27:02.528708 np0000183491 devstack@neutron-api.service[103452]: DEBUG neutron_lib.callbacks.manager [None req-f93f4cf5-316a-434a-93f7-33990a0980e0 admin admin] Publish callbacks ['neutron.plugins.ml2.plugin.SecurityGroupDbMixin._ensure_default_security_group_handler-4022137'] for network (None), before_create {{(pid=103452) _notify_loop /opt/stack/data/venv/lib/python3.12/site-packages/neutron_lib/callbacks/manager.py:184}}
Jun 29 15:27:02.550505 np0000183491 devstack@neutron-api.service[103452]: DEBUG neutron_lib.callbacks.manager [None req-f93f4cf5-316a-434a-93f7-33990a0980e0 admin admin] Publish callbacks [] for security_group (None), before_create {{(pid=103452) _notify_loop /opt/stack/data/venv/lib/python3.12/site-packages/neutron_lib/callbacks/manager.py:184}}
Jun 29 15:27:02.653626 np0000183491 devstack@neutron-api.service[103452]: DEBUG neutron_lib.callbacks.manager [None req-f93f4cf5-316a-434a-93f7-33990a0980e0 admin admin] Publish callbacks ['neutron.plugins.ml2.drivers.ovn.mech_driver.mech_driver.OVNMechanismDriver._create_security_group_precommit-311693'] for security_group (880e1a35-95ce-4b38-8ee1-31b47bf1fe54), precommit_create {{(pid=103452) _notify_loop /opt/stack/data/venv/lib/python3.12/site-packages/neutron_lib/callbacks/manager.py:184}}
Jun 29 15:27:02.653907 np0000183491 devstack@neutron-api.service[103452]: DEBUG neutron.db.ovn_revision_numbers_db [None req-f93f4cf5-316a-434a-93f7-33990a0980e0 admin admin] create_initial_revision uuid=880e1a35-95ce-4b38-8ee1-31b47bf1fe54, type=security_groups, rev=-1 {{(pid=103452) create_initial_revision /opt/stack/neutron/neutron/db/ovn_revision_numbers_db.py:98}}
Jun 29 15:27:02.656097 np0000183491 devstack@neutron-api.service[103452]: DEBUG neutron.db.ovn_revision_numbers_db [None req-f93f4cf5-316a-434a-93f7-33990a0980e0 admin admin] create_initial_revision uuid=1c55f721-c3a5-477e-8a93-2dec28e07622, type=security_group_rules, rev=-1 {{(pid=103452) create_initial_revision /opt/stack/neutron/neutron/db/ovn_revision_numbers_db.py:98}}
Jun 29 15:27:02.657156 np0000183491 devstack@neutron-api.service[103452]: DEBUG neutron.db.ovn_revision_numbers_db [None req-f93f4cf5-316a-434a-93f7-33990a0980e0 admin admin] create_initial_revision uuid=2027f9a1-bbfa-4e48-907a-7b813fdfe822, type=security_group_rules, rev=-1 {{(pid=103452) create_initial_revision /opt/stack/neutron/neutron/db/ovn_revision_numbers_db.py:98}}
Jun 29 15:27:02.658508 np0000183491 devstack@neutron-api.service[103452]: DEBUG neutron.db.ovn_revision_numbers_db [None req-f93f4cf5-316a-434a-93f7-33990a0980e0 admin admin] create_initial_revision uuid=ca6a0c57-f61d-41e8-86dd-360b2902b5ed, type=security_group_rules, rev=-1 {{(pid=103452) create_initial_revision /opt/stack/neutron/neutron/db/ovn_revision_numbers_db.py:98}}
Jun 29 15:27:02.659518 np0000183491 devstack@neutron-api.service[103452]: DEBUG neutron.db.ovn_revision_numbers_db [None req-f93f4cf5-316a-434a-93f7-33990a0980e0 admin admin] create_initial_revision uuid=f91ab33c-7f8d-4e4a-9ef3-74df72356c34, type=security_group_rules, rev=-1 {{(pid=103452) create_initial_revision /opt/stack/neutron/neutron/db/ovn_revision_numbers_db.py:98}}
Jun 29 15:27:02.666394 np0000183491 devstack@neutron-api.service[103452]: DEBUG neutron_lib.callbacks.manager [None req-f93f4cf5-316a-434a-93f7-33990a0980e0 admin admin] Publish callbacks ['neutron.plugins.ml2.drivers.ovn.mech_driver.mech_driver.OVNMechanismDriver._create_security_group-311735', 'neutron.plugins.ml2.ovo_rpc._ObjectChangeHandler.handle_event-2614035'] for security_group (880e1a35-95ce-4b38-8ee1-31b47bf1fe54), after_create {{(pid=103452) _notify_loop /opt/stack/data/venv/lib/python3.12/site-packages/neutron_lib/callbacks/manager.py:184}}
Jun 29 15:27:02.666684 np0000183491 devstack@neutron-api.service[103452]: INFO neutron.plugins.ml2.drivers.ovn.mech_driver.ovsdb.extensions.qos [None req-f93f4cf5-316a-434a-93f7-33990a0980e0 admin admin] Starting OVNClientQosExtension
Jun 29 15:27:02.666866 np0000183491 devstack@neutron-api.service[103452]: INFO neutron.plugins.ml2.drivers.ovn.mech_driver.ovsdb.extensions.placement [None req-f93f4cf5-316a-434a-93f7-33990a0980e0 admin admin] Starting OVNClientPlacementExtension
Jun 29 15:27:02.668966 np0000183491 devstack@neutron-api.service[103452]: DEBUG ovsdbapp.backend.ovs_idl.transaction [-] Running txn n=1 command(idx=0): PgAddCommand(_result=None, name=pg_880e1a35_95ce_4b38_8ee1_31b47bf1fe54, may_exist=False, columns={'acls': [], 'external_ids': {'neutron:security_group_id': '880e1a35-95ce-4b38-8ee1-31b47bf1fe54'}}) {{(pid=103452) do_commit /opt/stack/data/venv/lib/python3.12/site-packages/ovsdbapp/backend/ovs_idl/transaction.py:89}}
Jun 29 15:27:02.671379 np0000183491 devstack@neutron-api.service[103452]: DEBUG ovsdbapp.backend.ovs_idl.transaction [-] Running txn n=1 command(idx=1): PgAclAddCommand(_result=None, entity=pg_880e1a35_95ce_4b38_8ee1_31b47bf1fe54, direction=to-lport, priority=1002, match=outport == @pg_880e1a35_95ce_4b38_8ee1_31b47bf1fe54 && ip6 && ip6.src == $pg_880e1a35_95ce_4b38_8ee1_31b47bf1fe54_ip6, action=allow-related, log=False, may_exist=True, severity=[], name=[], meter=[], external_ids={'neutron:security_group_rule_id': '1c55f721-c3a5-477e-8a93-2dec28e07622'}) {{(pid=103452) do_commit /opt/stack/data/venv/lib/python3.12/site-packages/ovsdbapp/backend/ovs_idl/transaction.py:89}}
Jun 29 15:27:02.671913 np0000183491 devstack@neutron-api.service[103452]: DEBUG ovsdbapp.backend.ovs_idl.transaction [-] Running txn n=1 command(idx=2): PgAclAddCommand(_result=None, entity=pg_880e1a35_95ce_4b38_8ee1_31b47bf1fe54, direction=to-lport, priority=1002, match=outport == @pg_880e1a35_95ce_4b38_8ee1_31b47bf1fe54 && ip4 && ip4.src == $pg_880e1a35_95ce_4b38_8ee1_31b47bf1fe54_ip4, action=allow-related, log=False, may_exist=True, severity=[], name=[], meter=[], external_ids={'neutron:security_group_rule_id': '2027f9a1-bbfa-4e48-907a-7b813fdfe822'}) {{(pid=103452) do_commit /opt/stack/data/venv/lib/python3.12/site-packages/ovsdbapp/backend/ovs_idl/transaction.py:89}}
Jun 29 15:27:02.672240 np0000183491 devstack@neutron-api.service[103452]: DEBUG ovsdbapp.backend.ovs_idl.transaction [-] Running txn n=1 command(idx=3): PgAclAddCommand(_result=None, entity=pg_880e1a35_95ce_4b38_8ee1_31b47bf1fe54, direction=from-lport, priority=1002, match=inport == @pg_880e1a35_95ce_4b38_8ee1_31b47bf1fe54 && ip4, action=allow-related, log=False, may_exist=True, severity=[], name=[], meter=[], external_ids={'neutron:security_group_rule_id': 'ca6a0c57-f61d-41e8-86dd-360b2902b5ed'}) {{(pid=103452) do_commit /opt/stack/data/venv/lib/python3.12/site-packages/ovsdbapp/backend/ovs_idl/transaction.py:89}}
Jun 29 15:27:02.672551 np0000183491 devstack@neutron-api.service[103452]: DEBUG ovsdbapp.backend.ovs_idl.transaction [-] Running txn n=1 command(idx=4): PgAclAddCommand(_result=None, entity=pg_880e1a35_95ce_4b38_8ee1_31b47bf1fe54, direction=from-lport, priority=1002, match=inport == @pg_880e1a35_95ce_4b38_8ee1_31b47bf1fe54 && ip6, action=allow-related, log=False, may_exist=True, severity=[], name=[], meter=[], external_ids={'neutron:security_group_rule_id': 'f91ab33c-7f8d-4e4a-9ef3-74df72356c34'}) {{(pid=103452) do_commit /opt/stack/data/venv/lib/python3.12/site-packages/ovsdbapp/backend/ovs_idl/transaction.py:89}}
Jun 29 15:27:02.704201 np0000183491 devstack@neutron-api.service[103453]: DEBUG neutron.plugins.ml2.drivers.ovn.mech_driver.ovsdb.ovsdb_monitor [-] Hash Ring: Node 3c4d8cddba58598d8374d86b0c7cb336 (host: np0000183491) handling event "create" for row 86815c06-80f0-4ccd-8829-36c4d8591c9d (table: ACL) {{(pid=103453) notify /opt/stack/neutron/neutron/plugins/ml2/drivers/ovn/mech_driver/ovsdb/ovsdb_monitor.py:1015}}
Jun 29 15:27:02.704201 np0000183491 devstack@neutron-api.service[103453]: DEBUG neutron.plugins.ml2.drivers.ovn.mech_driver.ovsdb.ovsdb_monitor [-] Hash Ring: Node 3c4d8cddba58598d8374d86b0c7cb336 (host: np0000183491) handling event "create" for row f064fe9c-c0d1-49bd-91f9-1818b0af24d8 (table: ACL) {{(pid=103453) notify /opt/stack/neutron/neutron/plugins/ml2/drivers/ovn/mech_driver/ovsdb/ovsdb_monitor.py:1015}}
Jun 29 15:27:02.704635 np0000183491 devstack@neutron-api.service[103453]: DEBUG neutron.plugins.ml2.drivers.ovn.mech_driver.ovsdb.ovsdb_monitor [-] Hash Ring: Node 3c4d8cddba58598d8374d86b0c7cb336 (host: np0000183491) handling event "create" for row 030bfd18-45cf-48f5-9938-4e8e1fa6f830 (table: Port_Group) {{(pid=103453) notify /opt/stack/neutron/neutron/plugins/ml2/drivers/ovn/mech_driver/ovsdb/ovsdb_monitor.py:1015}}
Jun 29 15:27:02.707443 np0000183491 devstack@neutron-api.service[103451]: DEBUG neutron.plugins.ml2.drivers.ovn.mech_driver.ovsdb.ovsdb_monitor [-] Hash Ring: Node e3beae01ac5050e5816e8a5c0eee775f (host: np0000183491) handling event "create" for row 54376fd8-9f87-48bf-a490-050e6bdc2075 (table: ACL) {{(pid=103451) notify /opt/stack/neutron/neutron/plugins/ml2/drivers/ovn/mech_driver/ovsdb/ovsdb_monitor.py:1015}}
Jun 29 15:27:02.707443 np0000183491 devstack@neutron-api.service[103451]: DEBUG neutron.plugins.ml2.drivers.ovn.mech_driver.ovsdb.ovsdb_monitor [-] Hash Ring: Node e3beae01ac5050e5816e8a5c0eee775f (host: np0000183491) handling event "create" for row f064fe9c-c0d1-49bd-91f9-1818b0af24d8 (table: ACL) {{(pid=103451) notify /opt/stack/neutron/neutron/plugins/ml2/drivers/ovn/mech_driver/ovsdb/ovsdb_monitor.py:1015}}
Jun 29 15:27:02.708213 np0000183491 devstack@neutron-api.service[103450]: DEBUG neutron.plugins.ml2.drivers.ovn.mech_driver.ovsdb.ovsdb_monitor [-] Hash Ring: Node b2875eb633795e58bf2b4000d5fd03d2 (host: np0000183491) handling event "create" for row 54376fd8-9f87-48bf-a490-050e6bdc2075 (table: ACL) {{(pid=103450) notify /opt/stack/neutron/neutron/plugins/ml2/drivers/ovn/mech_driver/ovsdb/ovsdb_monitor.py:1015}}
Jun 29 15:27:02.708552 np0000183491 devstack@neutron-api.service[103451]: DEBUG neutron.plugins.ml2.drivers.ovn.mech_driver.ovsdb.ovsdb_monitor [-] Hash Ring: Node e3beae01ac5050e5816e8a5c0eee775f (host: np0000183491) handling event "create" for row 030bfd18-45cf-48f5-9938-4e8e1fa6f830 (table: Port_Group) {{(pid=103451) notify /opt/stack/neutron/neutron/plugins/ml2/drivers/ovn/mech_driver/ovsdb/ovsdb_monitor.py:1015}}
Jun 29 15:27:02.709029 np0000183491 devstack@neutron-api.service[103450]: DEBUG neutron.plugins.ml2.drivers.ovn.mech_driver.ovsdb.ovsdb_monitor [-] Hash Ring: Node b2875eb633795e58bf2b4000d5fd03d2 (host: np0000183491) handling event "create" for row 86815c06-80f0-4ccd-8829-36c4d8591c9d (table: ACL) {{(pid=103450) notify /opt/stack/neutron/neutron/plugins/ml2/drivers/ovn/mech_driver/ovsdb/ovsdb_monitor.py:1015}}
Jun 29 15:27:02.709029 np0000183491 devstack@neutron-api.service[103450]: DEBUG neutron.plugins.ml2.drivers.ovn.mech_driver.ovsdb.ovsdb_monitor [-] Hash Ring: Node b2875eb633795e58bf2b4000d5fd03d2 (host: np0000183491) handling event "create" for row cd9e6d2f-a76e-43cd-8e52-d64b8cb816a7 (table: ACL) {{(pid=103450) notify /opt/stack/neutron/neutron/plugins/ml2/drivers/ovn/mech_driver/ovsdb/ovsdb_monitor.py:1015}}
Jun 29 15:27:02.709029 np0000183491 devstack@neutron-api.service[103450]: DEBUG neutron.plugins.ml2.drivers.ovn.mech_driver.ovsdb.ovsdb_monitor [-] Hash Ring: Node b2875eb633795e58bf2b4000d5fd03d2 (host: np0000183491) handling event "create" for row f064fe9c-c0d1-49bd-91f9-1818b0af24d8 (table: ACL) {{(pid=103450) notify /opt/stack/neutron/neutron/plugins/ml2/drivers/ovn/mech_driver/ovsdb/ovsdb_monitor.py:1015}}
Jun 29 15:27:02.709029 np0000183491 devstack@neutron-api.service[103450]: DEBUG neutron.plugins.ml2.drivers.ovn.mech_driver.ovsdb.ovsdb_monitor [-] Hash Ring: Node b2875eb633795e58bf2b4000d5fd03d2 (host: np0000183491) handling event "create" for row 030bfd18-45cf-48f5-9938-4e8e1fa6f830 (table: Port_Group) {{(pid=103450) notify /opt/stack/neutron/neutron/plugins/ml2/drivers/ovn/mech_driver/ovsdb/ovsdb_monitor.py:1015}}
Jun 29 15:27:02.739703 np0000183491 devstack@neutron-api.service[103452]: INFO neutron.db.ovn_revision_numbers_db [None req-f93f4cf5-316a-434a-93f7-33990a0980e0 admin admin] Successfully bumped revision number for resource 880e1a35-95ce-4b38-8ee1-31b47bf1fe54 (type: security_groups) to 1
Jun 29 15:27:02.756007 np0000183491 devstack@neutron-api.service[103452]: INFO neutron.db.ovn_revision_numbers_db [None req-f93f4cf5-316a-434a-93f7-33990a0980e0 admin admin] Successfully bumped revision number for resource 1c55f721-c3a5-477e-8a93-2dec28e07622 (type: security_group_rules) to 0
Jun 29 15:27:02.768649 np0000183491 devstack@neutron-api.service[103452]: INFO neutron.db.ovn_revision_numbers_db [None req-f93f4cf5-316a-434a-93f7-33990a0980e0 admin admin] Successfully bumped revision number for resource 2027f9a1-bbfa-4e48-907a-7b813fdfe822 (type: security_group_rules) to 0
Jun 29 15:27:02.783480 np0000183491 devstack@neutron-api.service[103452]: INFO neutron.db.ovn_revision_numbers_db [None req-f93f4cf5-316a-434a-93f7-33990a0980e0 admin admin] Successfully bumped revision number for resource ca6a0c57-f61d-41e8-86dd-360b2902b5ed (type: security_group_rules) to 0
Jun 29 15:27:02.800338 np0000183491 devstack@neutron-api.service[103452]: INFO neutron.db.ovn_revision_numbers_db [None req-f93f4cf5-316a-434a-93f7-33990a0980e0 admin admin] Successfully bumped revision number for resource f91ab33c-7f8d-4e4a-9ef3-74df72356c34 (type: security_group_rules) to 0
Jun 29 15:27:02.831096 np0000183491 devstack@neutron-api.service[103452]: DEBUG neutron.api.rpc.handlers.resources_rpc [None req-f93f4cf5-316a-434a-93f7-33990a0980e0 admin admin] Pushing event updated for resources: {'SecurityGroup': ['ID=880e1a35-95ce-4b38-8ee1-31b47bf1fe54,revision_number=1']} {{(pid=103452) push /opt/stack/neutron/neutron/api/rpc/handlers/resources_rpc.py:237}}
Jun 29 15:27:02.839801 np0000183491 devstack@neutron-api.service[103452]: DEBUG ovsdbapp.backend.ovs_idl.transaction [-] Running txn n=1 command(idx=0): CheckLivenessCommand(_result=None) {{(pid=103452) do_commit /opt/stack/data/venv/lib/python3.12/site-packages/ovsdbapp/backend/ovs_idl/transaction.py:89}}
Jun 29 15:27:02.844658 np0000183491 devstack@neutron-api.service[103452]: DEBUG neutron.api.rpc.callbacks.version_manager [None req-f93f4cf5-316a-434a-93f7-33990a0980e0 admin admin] Tracked resource versions report:
Jun 29 15:27:02.844658 np0000183491 devstack@neutron-api.service[103452]: pushed versions:
Jun 29 15:27:02.844658 np0000183491 devstack@neutron-api.service[103452]: { 'AddressGroup': {'1.2'},
Jun 29 15:27:02.844658 np0000183491 devstack@neutron-api.service[103452]: 'Agent': {'1.1'},
Jun 29 15:27:02.844658 np0000183491 devstack@neutron-api.service[103452]: 'ConntrackHelper': {'1.0'},
Jun 29 15:27:02.844658 np0000183491 devstack@neutron-api.service[103452]: 'LocalIPAssociation': {'1.0'},
Jun 29 15:27:02.844658 np0000183491 devstack@neutron-api.service[103452]: 'Log': {'1.0'},
Jun 29 15:27:02.844658 np0000183491 devstack@neutron-api.service[103452]: 'NDPProxy': {'1.0'},
Jun 29 15:27:02.844658 np0000183491 devstack@neutron-api.service[103452]: 'Network': {'1.3'},
Jun 29 15:27:02.844658 np0000183491 devstack@neutron-api.service[103452]: 'Port': {'1.11'},
Jun 29 15:27:02.844658 np0000183491 devstack@neutron-api.service[103452]: 'PortForwarding': {'1.3'},
Jun 29 15:27:02.844658 np0000183491 devstack@neutron-api.service[103452]: 'QosPolicy': {'1.10'},
Jun 29 15:27:02.844658 np0000183491 devstack@neutron-api.service[103452]: 'SecurityGroup': {'1.6'},
Jun 29 15:27:02.844658 np0000183491 devstack@neutron-api.service[103452]: 'SecurityGroupRule': {'1.3'},
Jun 29 15:27:02.844658 np0000183491 devstack@neutron-api.service[103452]: 'SubPort': {'1.0'},
Jun 29 15:27:02.844658 np0000183491 devstack@neutron-api.service[103452]: 'Subnet': {'1.2'},
Jun 29 15:27:02.844658 np0000183491 devstack@neutron-api.service[103452]: 'Trunk': {'1.1'}}
Jun 29 15:27:02.844658 np0000183491 devstack@neutron-api.service[103452]: consumer versions:
Jun 29 15:27:02.844658 np0000183491 devstack@neutron-api.service[103452]: {}
Jun 29 15:27:02.844658 np0000183491 devstack@neutron-api.service[103452]: {{(pid=103452) report /opt/stack/neutron/neutron/api/rpc/callbacks/version_manager.py:183}}
Jun 29 15:27:02.846247 np0000183491 devstack@neutron-api.service[103450]: DEBUG neutron.plugins.ml2.drivers.ovn.mech_driver.ovsdb.ovsdb_monitor [-] Hash Ring: Node b2875eb633795e58bf2b4000d5fd03d2 (host: np0000183491) handling event "update" for row 93f96dd5-b380-461d-8642-3188a30305f9 (table: NB_Global) {{(pid=103450) notify /opt/stack/neutron/neutron/plugins/ml2/drivers/ovn/mech_driver/ovsdb/ovsdb_monitor.py:1015}}
Jun 29 15:27:02.850870 np0000183491 devstack@neutron-api.service[103450]: DEBUG neutron.plugins.ml2.drivers.ovn.mech_driver.ovsdb.ovsdb_monitor [-] ChassisAgentWriteEvent : Matched Chassis_Private, update, None None {{(pid=103450) matches /opt/stack/neutron/neutron/plugins/ml2/drivers/ovn/mech_driver/ovsdb/ovsdb_monitor.py:64}}
Jun 29 15:27:02.851591 np0000183491 devstack@neutron-api.service[103451]: DEBUG neutron.plugins.ml2.drivers.ovn.mech_driver.ovsdb.ovsdb_monitor [-] ChassisAgentWriteEvent : Matched Chassis_Private, update, None None {{(pid=103451) matches /opt/stack/neutron/neutron/plugins/ml2/drivers/ovn/mech_driver/ovsdb/ovsdb_monitor.py:64}}
Jun 29 15:27:02.851861 np0000183491 devstack@neutron-api.service[103453]: DEBUG neutron.plugins.ml2.drivers.ovn.mech_driver.ovsdb.ovsdb_monitor [-] ChassisAgentWriteEvent : Matched Chassis_Private, update, None None {{(pid=103453) matches /opt/stack/neutron/neutron/plugins/ml2/drivers/ovn/mech_driver/ovsdb/ovsdb_monitor.py:64}}
Jun 29 15:27:02.855974 np0000183491 devstack@neutron-api.service[103450]: DEBUG neutron.plugins.ml2.drivers.ovn.mech_driver.ovsdb.ovsdb_monitor [-] Hash Ring: Node b2875eb633795e58bf2b4000d5fd03d2 (host: np0000183491) handling event "update" for row 93f96dd5-b380-461d-8642-3188a30305f9 (table: NB_Global) {{(pid=103450) notify /opt/stack/neutron/neutron/plugins/ml2/drivers/ovn/mech_driver/ovsdb/ovsdb_monitor.py:1015}}
Jun 29 15:27:02.856830 np0000183491 devstack@neutron-api.service[103451]: DEBUG neutron.plugins.ml2.drivers.ovn.mech_driver.ovsdb.ovsdb_monitor [-] ChassisOVNAgentWriteEvent : Matched Chassis_Private, update, None None {{(pid=103451) matches /opt/stack/neutron/neutron/plugins/ml2/drivers/ovn/mech_driver/ovsdb/ovsdb_monitor.py:64}}
Jun 29 15:27:02.857893 np0000183491 devstack@neutron-api.service[103450]: DEBUG neutron.common.ovn.hash_ring_manager [-] Allow caching, nodes 4>=4 {{(pid=103450) _wait_startup_before_caching /opt/stack/neutron/neutron/common/ovn/hash_ring_manager.py:71}}
Jun 29 15:27:02.857984 np0000183491 devstack@neutron-api.service[103452]: DEBUG neutron.plugins.ml2.drivers.ovn.mech_driver.ovsdb.ovsdb_monitor [-] ChassisAgentWriteEvent : Matched Chassis_Private, update, None None {{(pid=103452) matches /opt/stack/neutron/neutron/plugins/ml2/drivers/ovn/mech_driver/ovsdb/ovsdb_monitor.py:64}}
Jun 29 15:27:02.858311 np0000183491 devstack@neutron-api.service[103450]: DEBUG neutron.plugins.ml2.drivers.ovn.mech_driver.ovsdb.ovsdb_monitor [-] Hash Ring: Node b2875eb633795e58bf2b4000d5fd03d2 (host: np0000183491) handling event "update" for row c59480de-a0b3-4d7d-84f1-45df0b05e789 (table: Chassis_Private) {{(pid=103450) notify /opt/stack/neutron/neutron/plugins/ml2/drivers/ovn/mech_driver/ovsdb/ovsdb_monitor.py:1015}}
Jun 29 15:27:02.859217 np0000183491 devstack@neutron-api.service[103450]: DEBUG neutron.plugins.ml2.drivers.ovn.mech_driver.ovsdb.ovsdb_monitor [-] ChassisOVNAgentWriteEvent : Matched Chassis_Private, update, None None {{(pid=103450) matches /opt/stack/neutron/neutron/plugins/ml2/drivers/ovn/mech_driver/ovsdb/ovsdb_monitor.py:64}}
Jun 29 15:27:02.859967 np0000183491 devstack@neutron-api.service[103453]: DEBUG neutron.common.ovn.hash_ring_manager [-] Allow caching, nodes 4>=4 {{(pid=103453) _wait_startup_before_caching /opt/stack/neutron/neutron/common/ovn/hash_ring_manager.py:71}}
Jun 29 15:27:02.860332 np0000183491 devstack@neutron-api.service[103453]: DEBUG neutron.plugins.ml2.drivers.ovn.mech_driver.ovsdb.ovsdb_monitor [-] Hash Ring: Node 3c4d8cddba58598d8374d86b0c7cb336 (host: np0000183491) handling event "update" for row c59480de-a0b3-4d7d-84f1-45df0b05e789 (table: Chassis_Private) {{(pid=103453) notify /opt/stack/neutron/neutron/plugins/ml2/drivers/ovn/mech_driver/ovsdb/ovsdb_monitor.py:1015}}
Jun 29 15:27:02.860481 np0000183491 devstack@neutron-api.service[103450]: DEBUG neutron.plugins.ml2.drivers.ovn.mech_driver.ovsdb.ovsdb_monitor [-] Hash Ring: Node b2875eb633795e58bf2b4000d5fd03d2 (host: np0000183491) handling event "update" for row c59480de-a0b3-4d7d-84f1-45df0b05e789 (table: Chassis_Private) {{(pid=103450) notify /opt/stack/neutron/neutron/plugins/ml2/drivers/ovn/mech_driver/ovsdb/ovsdb_monitor.py:1015}}
Jun 29 15:27:02.861305 np0000183491 devstack@neutron-api.service[103453]: DEBUG neutron.plugins.ml2.drivers.ovn.mech_driver.ovsdb.ovsdb_monitor [-] ChassisOVNAgentWriteEvent : Matched Chassis_Private, update, None None {{(pid=103453) matches /opt/stack/neutron/neutron/plugins/ml2/drivers/ovn/mech_driver/ovsdb/ovsdb_monitor.py:64}}
Jun 29 15:27:02.861715 np0000183491 devstack@neutron-api.service[103450]: DEBUG neutron.plugins.ml2.drivers.ovn.mech_driver.ovsdb.ovsdb_monitor [-] Hash Ring: Node b2875eb633795e58bf2b4000d5fd03d2 (host: np0000183491) handling event "update" for row 93f96dd5-b380-461d-8642-3188a30305f9 (table: NB_Global) {{(pid=103450) notify /opt/stack/neutron/neutron/plugins/ml2/drivers/ovn/mech_driver/ovsdb/ovsdb_monitor.py:1015}}
Jun 29 15:27:02.862059 np0000183491 devstack@neutron-api.service[103453]: DEBUG neutron.plugins.ml2.drivers.ovn.mech_driver.ovsdb.ovsdb_monitor [-] Hash Ring: Node 3c4d8cddba58598d8374d86b0c7cb336 (host: np0000183491) handling event "update" for row c59480de-a0b3-4d7d-84f1-45df0b05e789 (table: Chassis_Private) {{(pid=103453) notify /opt/stack/neutron/neutron/plugins/ml2/drivers/ovn/mech_driver/ovsdb/ovsdb_monitor.py:1015}}
Jun 29 15:27:02.862141 np0000183491 devstack@neutron-api.service[103450]: DEBUG neutron.plugins.ml2.drivers.ovn.mech_driver.ovsdb.ovsdb_monitor [-] Hash Ring: Node b2875eb633795e58bf2b4000d5fd03d2 (host: np0000183491) handling event "update" for row 93f96dd5-b380-461d-8642-3188a30305f9 (table: NB_Global) {{(pid=103450) notify /opt/stack/neutron/neutron/plugins/ml2/drivers/ovn/mech_driver/ovsdb/ovsdb_monitor.py:1015}}
Jun 29 15:27:02.862498 np0000183491 devstack@neutron-api.service[103452]: DEBUG neutron.plugins.ml2.drivers.ovn.mech_driver.ovsdb.ovsdb_monitor [-] ChassisOVNAgentWriteEvent : Matched Chassis_Private, update, None None {{(pid=103452) matches /opt/stack/neutron/neutron/plugins/ml2/drivers/ovn/mech_driver/ovsdb/ovsdb_monitor.py:64}}
Jun 29 15:27:02.920218 np0000183491 devstack@neutron-api.service[103452]: DEBUG neutron.plugins.ml2.drivers.helpers [None req-f93f4cf5-316a-434a-93f7-33990a0980e0 admin admin] geneve segment allocate from pool success with {'geneve_vni': 63429} {{(pid=103452) allocate_partially_specified_segment /opt/stack/neutron/neutron/plugins/ml2/drivers/helpers.py:142}}
Jun 29 15:27:02.935175 np0000183491 devstack@neutron-api.service[103452]: DEBUG neutron_lib.callbacks.manager [None req-f93f4cf5-316a-434a-93f7-33990a0980e0 admin admin] Publish callbacks ['neutron.services.segments.db._add_segment_host_mapping_for_segment-8744467482998', 'neutron.plugins.ml2.plugin.Ml2Plugin._handle_segment_change-87203'] for segment (308d60f4-2d9d-432f-85b5-30fee6304142), precommit_create {{(pid=103452) _notify_loop /opt/stack/data/venv/lib/python3.12/site-packages/neutron_lib/callbacks/manager.py:184}}
Jun 29 15:27:02.935458 np0000183491 devstack@neutron-api.service[103452]: INFO neutron.db.segments_db [None req-f93f4cf5-316a-434a-93f7-33990a0980e0 admin admin] Added segment 308d60f4-2d9d-432f-85b5-30fee6304142 of type geneve for network 2a66af06-be0f-4b20-94b4-de43b0d0044b
Jun 29 15:27:02.985232 np0000183491 devstack@neutron-api.service[103452]: DEBUG neutron_lib.callbacks.manager [None req-f93f4cf5-316a-434a-93f7-33990a0980e0 admin admin] Publish callbacks ['neutron.services.auto_allocate.db._ensure_external_network_default_value_callback-8744466251516'] for network (2a66af06-be0f-4b20-94b4-de43b0d0044b), precommit_create {{(pid=103452) _notify_loop /opt/stack/data/venv/lib/python3.12/site-packages/neutron_lib/callbacks/manager.py:184}}
Jun 29 15:27:03.001238 np0000183491 devstack@neutron-api.service[103452]: DEBUG neutron.plugins.ml2.drivers.ovn.mech_driver.mech_driver [None req-f93f4cf5-316a-434a-93f7-33990a0980e0 admin admin] Validating network segment with type geneve, segmentation ID 63429, physical network None {{(pid=103452) _validate_network_segments /opt/stack/neutron/neutron/plugins/ml2/drivers/ovn/mech_driver/mech_driver.py:646}}
Jun 29 15:27:03.001448 np0000183491 devstack@neutron-api.service[103452]: DEBUG neutron.db.ovn_revision_numbers_db [None req-f93f4cf5-316a-434a-93f7-33990a0980e0 admin admin] create_initial_revision uuid=2a66af06-be0f-4b20-94b4-de43b0d0044b, type=networks, rev=-1 {{(pid=103452) create_initial_revision /opt/stack/neutron/neutron/db/ovn_revision_numbers_db.py:98}}
Jun 29 15:27:03.022132 np0000183491 devstack@neutron-api.service[103452]: DEBUG neutron_lib.callbacks.manager [None req-f93f4cf5-316a-434a-93f7-33990a0980e0 admin admin] Publish callbacks ['neutron.plugins.ml2.ovo_rpc._ObjectChangeHandler.handle_event-2614032'] for network (2a66af06-be0f-4b20-94b4-de43b0d0044b), after_create {{(pid=103452) _notify_loop /opt/stack/data/venv/lib/python3.12/site-packages/neutron_lib/callbacks/manager.py:184}}
Jun 29 15:27:03.066177 np0000183491 devstack@neutron-api.service[103452]: DEBUG neutron.api.rpc.handlers.resources_rpc [None req-f93f4cf5-316a-434a-93f7-33990a0980e0 admin admin] Pushing event updated for resources: {'Network': ['ID=2a66af06-be0f-4b20-94b4-de43b0d0044b,revision_number=1']} {{(pid=103452) push /opt/stack/neutron/neutron/api/rpc/handlers/resources_rpc.py:237}}
Jun 29 15:27:03.075644 np0000183491 devstack@neutron-api.service[103452]: DEBUG ovsdbapp.backend.ovs_idl.transaction [-] Running txn n=1 command(idx=0): AddNetworkCommand(_result=None, network_uuid=2a66af06-be0f-4b20-94b4-de43b0d0044b, may_exist=True, columns={'external_ids': {'neutron:network_name': 'private', 'neutron:mtu': '1372', 'neutron:revision_number': '1', 'neutron:availability_zone_hints': '', 'neutron:provnet-network-type': 'geneve'}, 'other_config': {'mcast_snoop': 'false', 'mcast_flood_unregistered': 'false', 'vlan-passthru': 'false'}}) {{(pid=103452) do_commit /opt/stack/data/venv/lib/python3.12/site-packages/ovsdbapp/backend/ovs_idl/transaction.py:89}}
Jun 29 15:27:03.076418 np0000183491 devstack@neutron-api.service[103452]: DEBUG neutron.common.ovn.utils [-] OVS persist_uuid supported=True {{(pid=103452) ovs_persist_uuid_supported /opt/stack/neutron/neutron/common/ovn/utils.py:1544}}
Jun 29 15:27:03.081007 np0000183491 devstack@neutron-api.service[103450]: DEBUG neutron.plugins.ml2.drivers.ovn.mech_driver.ovsdb.ovsdb_monitor [-] Hash Ring: Node b2875eb633795e58bf2b4000d5fd03d2 (host: np0000183491) handling event "create" for row 2a66af06-be0f-4b20-94b4-de43b0d0044b (table: Logical_Switch) {{(pid=103450) notify /opt/stack/neutron/neutron/plugins/ml2/drivers/ovn/mech_driver/ovsdb/ovsdb_monitor.py:1015}}
Jun 29 15:27:03.083809 np0000183491 devstack@neutron-api.service[103451]: DEBUG neutron.plugins.ml2.drivers.ovn.mech_driver.ovsdb.ovsdb_monitor [-] Hash Ring: Node e3beae01ac5050e5816e8a5c0eee775f (host: np0000183491) handling event "create" for row 2a66af06-be0f-4b20-94b4-de43b0d0044b (table: Logical_Switch) {{(pid=103451) notify /opt/stack/neutron/neutron/plugins/ml2/drivers/ovn/mech_driver/ovsdb/ovsdb_monitor.py:1015}}
Jun 29 15:27:03.088251 np0000183491 devstack@neutron-api.service[103450]: DEBUG neutron.plugins.ml2.drivers.ovn.mech_driver.ovsdb.ovsdb_monitor [-] Hash Ring: Node b2875eb633795e58bf2b4000d5fd03d2 (host: np0000183491) handling event "create" for row 9348ef81-36b6-4d00-96db-25e9c281751a (table: Datapath_Binding) {{(pid=103450) notify /opt/stack/neutron/neutron/plugins/ml2/drivers/ovn/mech_driver/ovsdb/ovsdb_monitor.py:1015}}
Jun 29 15:27:03.112403 np0000183491 devstack@neutron-api.service[103452]: INFO neutron.db.ovn_revision_numbers_db [None req-f93f4cf5-316a-434a-93f7-33990a0980e0 admin admin] Successfully bumped revision number for resource 2a66af06-be0f-4b20-94b4-de43b0d0044b (type: networks) to 1
Jun 29 15:27:03.172529 np0000183491 devstack@neutron-api.service[103452]: DEBUG neutron_lib.callbacks.manager [None req-f93f4cf5-316a-434a-93f7-33990a0980e0 admin admin] Publish callbacks ['neutron.plugins.ml2.plugin.SecurityGroupDbMixin._ensure_default_security_group_handler-4022137'] for port (None), before_create {{(pid=103452) _notify_loop /opt/stack/data/venv/lib/python3.12/site-packages/neutron_lib/callbacks/manager.py:184}}
Jun 29 15:27:03.675986 np0000183491 devstack@neutron-api.service[103452]: DEBUG neutron_lib.callbacks.manager [None req-f93f4cf5-316a-434a-93f7-33990a0980e0 admin admin] Publish callbacks ['neutron.plugins.ml2.drivers.ovn.mech_driver.mech_driver.OVNMechanismDriver._validate_allowed_address_pairs-311557'] for allowed_address_pair (27fbdfe1-008f-47c5-8066-12ab3bfc31b3), before_create {{(pid=103452) _notify_loop /opt/stack/data/venv/lib/python3.12/site-packages/neutron_lib/callbacks/manager.py:184}}
Jun 29 15:27:03.676962 np0000183491 devstack@neutron-api.service[103452]: DEBUG neutron_lib.callbacks.manager [None req-f93f4cf5-316a-434a-93f7-33990a0980e0 admin admin] Publish callbacks [] for port (27fbdfe1-008f-47c5-8066-12ab3bfc31b3), precommit_create {{(pid=103452) _notify_loop /opt/stack/data/venv/lib/python3.12/site-packages/neutron_lib/callbacks/manager.py:184}}
Jun 29 15:27:03.676962 np0000183491 devstack@neutron-api.service[103452]: DEBUG neutron.plugins.ml2.drivers.ovn.mech_driver.mech_driver [None req-f93f4cf5-316a-434a-93f7-33990a0980e0 admin admin] No provisioning block for port 27fbdfe1-008f-47c5-8066-12ab3bfc31b3 since it does not have a host {{(pid=103452) _is_port_provisioning_required /opt/stack/neutron/neutron/plugins/ml2/drivers/ovn/mech_driver/mech_driver.py:899}}
Jun 29 15:27:03.676962 np0000183491 devstack@neutron-api.service[103452]: DEBUG neutron.db.ovn_revision_numbers_db [None req-f93f4cf5-316a-434a-93f7-33990a0980e0 admin admin] create_initial_revision uuid=27fbdfe1-008f-47c5-8066-12ab3bfc31b3, type=ports, rev=-1 {{(pid=103452) create_initial_revision /opt/stack/neutron/neutron/db/ovn_revision_numbers_db.py:98}}
Jun 29 15:27:03.756869 np0000183491 devstack@neutron-api.service[103452]: DEBUG neutron_lib.callbacks.manager [None req-f93f4cf5-316a-434a-93f7-33990a0980e0 admin admin] Publish callbacks ['neutron.plugins.ml2.ovo_rpc._ObjectChangeHandler.handle_event-2614055'] for port (27fbdfe1-008f-47c5-8066-12ab3bfc31b3), after_create {{(pid=103452) _notify_loop /opt/stack/data/venv/lib/python3.12/site-packages/neutron_lib/callbacks/manager.py:184}}
Jun 29 15:27:03.820867 np0000183491 devstack@neutron-api.service[103452]: DEBUG neutron.api.rpc.handlers.resources_rpc [None req-f93f4cf5-316a-434a-93f7-33990a0980e0 admin admin] Pushing event updated for resources: {'Port': ['ID=27fbdfe1-008f-47c5-8066-12ab3bfc31b3,revision_number=1']} {{(pid=103452) push /opt/stack/neutron/neutron/api/rpc/handlers/resources_rpc.py:237}}
Jun 29 15:27:03.901642 np0000183491 devstack@neutron-api.service[103452]: DEBUG neutron.plugins.ml2.drivers.ovn.mech_driver.ovsdb.commands [None req-f93f4cf5-316a-434a-93f7-33990a0980e0 admin admin] Converting tag [] to a tag_request {{(pid=103452) _tag_column_to_tag_request /opt/stack/neutron/neutron/plugins/ml2/drivers/ovn/mech_driver/ovsdb/commands.py:205}}
Jun 29 15:27:03.903140 np0000183491 devstack@neutron-api.service[103452]: DEBUG ovsdbapp.backend.ovs_idl.transaction [-] Running txn n=1 command(idx=0): AddLSwitchPortCommand(_result=None, lport=27fbdfe1-008f-47c5-8066-12ab3bfc31b3, lswitch=neutron-2a66af06-be0f-4b20-94b4-de43b0d0044b, may_exist=True, network_uuid=2a66af06-be0f-4b20-94b4-de43b0d0044b, columns={'addresses': ['fa:16:3e:c0:19:24'], 'external_ids': {'neutron:port_name': '', 'neutron:device_id': 'ovnmeta-2a66af06-be0f-4b20-94b4-de43b0d0044b', 'neutron:project_id': '673ee4c676134191902d45ea41a0c466', 'neutron:cidrs': '', 'neutron:device_owner': 'network:distributed', 'neutron:subnet_pool_addr_scope4': '', 'neutron:subnet_pool_addr_scope6': '', 'neutron:network_name': 'neutron-2a66af06-be0f-4b20-94b4-de43b0d0044b', 'neutron:security_group_ids': '', 'neutron:revision_number': '1', 'neutron:vnic_type': 'normal', 'neutron:port_capabilities': '', 'neutron:mtu': '1372'}, 'parent_name': [], 'enabled': True, 'options': {}, 'type': 'localport', 'port_security': [], 'dhcpv4_options': [], 'dhcpv6_options': [], 'tag_request': []}) {{(pid=103452) do_commit /opt/stack/data/venv/lib/python3.12/site-packages/ovsdbapp/backend/ovs_idl/transaction.py:89}}
Jun 29 15:27:03.904701 np0000183491 devstack@neutron-api.service[103452]: DEBUG ovsdbapp.backend.ovs_idl.transaction [-] Running txn n=1 command(idx=1): QoSDelCommand(_result=None, switch=neutron-2a66af06-be0f-4b20-94b4-de43b0d0044b, conditions=[('direction', '=', 'to-lport'), ('priority', '=', 2002), ('match', '=', 'outport == "27fbdfe1-008f-47c5-8066-12ab3bfc31b3"')], if_exists=True) {{(pid=103452) do_commit /opt/stack/data/venv/lib/python3.12/site-packages/ovsdbapp/backend/ovs_idl/transaction.py:89}}
Jun 29 15:27:03.905104 np0000183491 devstack@neutron-api.service[103452]: DEBUG ovsdbapp.backend.ovs_idl.transaction [-] Running txn n=1 command(idx=2): QoSDelCommand(_result=None, switch=neutron-2a66af06-be0f-4b20-94b4-de43b0d0044b, conditions=[('direction', '=', 'from-lport'), ('priority', '=', 2002), ('match', '=', 'inport == "27fbdfe1-008f-47c5-8066-12ab3bfc31b3"')], if_exists=True) {{(pid=103452) do_commit /opt/stack/data/venv/lib/python3.12/site-packages/ovsdbapp/backend/ovs_idl/transaction.py:89}}
Jun 29 15:27:03.912217 np0000183491 devstack@neutron-api.service[103450]: DEBUG neutron.plugins.ml2.drivers.ovn.mech_driver.ovsdb.ovsdb_monitor [-] Hash Ring: Node b2875eb633795e58bf2b4000d5fd03d2 (host: np0000183491) handling event "update" for row 2a66af06-be0f-4b20-94b4-de43b0d0044b (table: Logical_Switch) {{(pid=103450) notify /opt/stack/neutron/neutron/plugins/ml2/drivers/ovn/mech_driver/ovsdb/ovsdb_monitor.py:1015}}
Jun 29 15:27:03.912217 np0000183491 devstack@neutron-api.service[103450]: DEBUG neutron.plugins.ml2.drivers.ovn.mech_driver.ovsdb.ovsdb_monitor [-] Hash Ring: Node b2875eb633795e58bf2b4000d5fd03d2 (host: np0000183491) handling event "create" for row 0581b224-00cf-48d4-bfa6-6520bc2f5c34 (table: Logical_Switch_Port) {{(pid=103450) notify /opt/stack/neutron/neutron/plugins/ml2/drivers/ovn/mech_driver/ovsdb/ovsdb_monitor.py:1015}}
Jun 29 15:27:03.913897 np0000183491 devstack@neutron-api.service[103452]: DEBUG neutron.plugins.ml2.drivers.ovn.mech_driver.ovsdb.ovsdb_monitor [-] Hash Ring: Node 8017e8445f775337add8bb677070df9d (host: np0000183491) handling event "create" for row 0581b224-00cf-48d4-bfa6-6520bc2f5c34 (table: Logical_Switch_Port) {{(pid=103452) notify /opt/stack/neutron/neutron/plugins/ml2/drivers/ovn/mech_driver/ovsdb/ovsdb_monitor.py:1015}}
Jun 29 15:27:03.914569 np0000183491 devstack@neutron-api.service[103450]: DEBUG ovsdbapp.backend.ovs_idl.event [-] Matched CREATE: LogicalSwitchPortCreateEvent(events=('create',), table='Logical_Switch_Port', conditions=[], old_conditions=None), priority=20 to row=Logical_Switch_Port(uuid=0581b224-00cf-48d4-bfa6-6520bc2f5c34, addresses=['fa:16:3e:c0:19:24'], dhcpv4_options=[], dhcpv6_options=[], dynamic_addresses=[], enabled=True, external_ids={'neutron:cidrs': '', 'neutron:device_id': 'ovnmeta-2a66af06-be0f-4b20-94b4-de43b0d0044b', 'neutron:device_owner': 'network:distributed', 'neutron:mtu': '1372', 'neutron:network_name': 'neutron-2a66af06-be0f-4b20-94b4-de43b0d0044b', 'neutron:port_capabilities': '', 'neutron:port_name': '', 'neutron:project_id': '673ee4c676134191902d45ea41a0c466', 'neutron:revision_number': '1', 'neutron:security_group_ids': '', 'neutron:subnet_pool_addr_scope4': '', 'neutron:subnet_pool_addr_scope6': '', 'neutron:vnic_type': 'normal'}, ha_chassis_group=[], mirror_rules=[], name='27fbdfe1-008f-47c5-8066-12ab3bfc31b3', options={}, parent_name=[], port_security=[], tag=[], tag_request=[], type='localport', up=[]) old= {{(pid=103450) matches /opt/stack/data/venv/lib/python3.12/site-packages/ovsdbapp/backend/ovs_idl/event.py:55}}
