Jun 29 15:27:36.887296 np0000183491 nova-conductor[110896]: DEBUG cotyledon.oslo_config_glue [-] vnc.vencrypt_client_key = None {{(pid=110896) log_opt_values /opt/stack/data/venv/lib/python3.12/site-packages/oslo_config/cfg.py:3253}}
Jun 29 15:27:36.887296 np0000183491 nova-conductor[110896]: DEBUG cotyledon.oslo_config_glue [-] workarounds.disable_compute_service_check_for_ffu = False {{(pid=110896) log_opt_values /opt/stack/data/venv/lib/python3.12/site-packages/oslo_config/cfg.py:3253}}
Jun 29 15:27:36.887296 np0000183491 nova-conductor[110896]: DEBUG cotyledon.oslo_config_glue [-] workarounds.disable_deep_image_inspection = False {{(pid=110896) log_opt_values /opt/stack/data/venv/lib/python3.12/site-packages/oslo_config/cfg.py:3253}}
Jun 29 15:27:36.887296 np0000183491 nova-conductor[110896]: DEBUG cotyledon.oslo_config_glue [-] workarounds.disable_fallback_pcpu_query = False {{(pid=110896) log_opt_values /opt/stack/data/venv/lib/python3.12/site-packages/oslo_config/cfg.py:3253}}
Jun 29 15:27:36.887296 np0000183491 nova-conductor[110896]: DEBUG cotyledon.oslo_config_glue [-] workarounds.disable_group_policy_check_upcall = False {{(pid=110896) log_opt_values /opt/stack/data/venv/lib/python3.12/site-packages/oslo_config/cfg.py:3253}}
Jun 29 15:27:36.887296 np0000183491 nova-conductor[110896]: DEBUG cotyledon.oslo_config_glue [-] workarounds.disable_libvirt_livesnapshot = False {{(pid=110896) log_opt_values /opt/stack/data/venv/lib/python3.12/site-packages/oslo_config/cfg.py:3253}}
Jun 29 15:27:36.887296 np0000183491 nova-conductor[110896]: DEBUG cotyledon.oslo_config_glue [-] workarounds.disable_rootwrap = False {{(pid=110896) log_opt_values /opt/stack/data/venv/lib/python3.12/site-packages/oslo_config/cfg.py:3253}}
Jun 29 15:27:36.887296 np0000183491 nova-conductor[110896]: DEBUG cotyledon.oslo_config_glue [-] workarounds.enable_numa_live_migration = False {{(pid=110896) log_opt_values /opt/stack/data/venv/lib/python3.12/site-packages/oslo_config/cfg.py:3253}}
Jun 29 15:27:36.887538 np0000183491 nova-conductor[110896]: DEBUG cotyledon.oslo_config_glue [-] workarounds.enable_qemu_monitor_announce_self = False {{(pid=110896) log_opt_values /opt/stack/data/venv/lib/python3.12/site-packages/oslo_config/cfg.py:3253}}
Jun 29 15:27:36.887538 np0000183491 nova-conductor[110896]: DEBUG cotyledon.oslo_config_glue [-] workarounds.ensure_libvirt_rbd_instance_dir_cleanup = False {{(pid=110896) log_opt_values /opt/stack/data/venv/lib/python3.12/site-packages/oslo_config/cfg.py:3253}}
Jun 29 15:27:36.887538 np0000183491 nova-conductor[110896]: DEBUG cotyledon.oslo_config_glue [-] workarounds.handle_virt_lifecycle_events = True {{(pid=110896) log_opt_values /opt/stack/data/venv/lib/python3.12/site-packages/oslo_config/cfg.py:3253}}
Jun 29 15:27:36.887538 np0000183491 nova-conductor[110896]: DEBUG cotyledon.oslo_config_glue [-] workarounds.libvirt_disable_apic = False {{(pid=110896) log_opt_values /opt/stack/data/venv/lib/python3.12/site-packages/oslo_config/cfg.py:3253}}
Jun 29 15:27:36.887538 np0000183491 nova-conductor[110896]: DEBUG cotyledon.oslo_config_glue [-] workarounds.never_download_image_if_on_rbd = False {{(pid=110896) log_opt_values /opt/stack/data/venv/lib/python3.12/site-packages/oslo_config/cfg.py:3253}}
Jun 29 15:27:36.887538 np0000183491 nova-conductor[110896]: DEBUG cotyledon.oslo_config_glue [-] workarounds.qemu_monitor_announce_self_count = 3 {{(pid=110896) log_opt_values /opt/stack/data/venv/lib/python3.12/site-packages/oslo_config/cfg.py:3253}}
Jun 29 15:27:36.887538 np0000183491 nova-conductor[110896]: DEBUG cotyledon.oslo_config_glue [-] workarounds.qemu_monitor_announce_self_interval = 1 {{(pid=110896) log_opt_values /opt/stack/data/venv/lib/python3.12/site-packages/oslo_config/cfg.py:3253}}
Jun 29 15:27:36.887538 np0000183491 nova-conductor[110896]: DEBUG cotyledon.oslo_config_glue [-] workarounds.reserve_disk_resource_for_image_cache = False {{(pid=110896) log_opt_values /opt/stack/data/venv/lib/python3.12/site-packages/oslo_config/cfg.py:3253}}
Jun 29 15:27:36.887538 np0000183491 nova-conductor[110896]: DEBUG cotyledon.oslo_config_glue [-] workarounds.skip_cpu_compare_at_startup = False {{(pid=110896) log_opt_values /opt/stack/data/venv/lib/python3.12/site-packages/oslo_config/cfg.py:3253}}
Jun 29 15:27:36.887766 np0000183491 nova-conductor[110896]: DEBUG cotyledon.oslo_config_glue [-] workarounds.skip_cpu_compare_on_dest = False {{(pid=110896) log_opt_values /opt/stack/data/venv/lib/python3.12/site-packages/oslo_config/cfg.py:3253}}
Jun 29 15:27:36.887766 np0000183491 nova-conductor[110896]: DEBUG cotyledon.oslo_config_glue [-] workarounds.skip_hypervisor_version_check_on_lm = False {{(pid=110896) log_opt_values /opt/stack/data/venv/lib/python3.12/site-packages/oslo_config/cfg.py:3253}}
Jun 29 15:27:36.887766 np0000183491 nova-conductor[110896]: DEBUG cotyledon.oslo_config_glue [-] workarounds.skip_reserve_in_use_ironic_nodes = False {{(pid=110896) log_opt_values /opt/stack/data/venv/lib/python3.12/site-packages/oslo_config/cfg.py:3253}}
Jun 29 15:27:36.887766 np0000183491 nova-conductor[110896]: DEBUG cotyledon.oslo_config_glue [-] workarounds.unified_limits_count_pcpu_as_vcpu = False {{(pid=110896) log_opt_values /opt/stack/data/venv/lib/python3.12/site-packages/oslo_config/cfg.py:3253}}
Jun 29 15:27:36.887766 np0000183491 nova-conductor[110896]: DEBUG cotyledon.oslo_config_glue [-] workarounds.wait_for_vif_plugged_event_during_hard_reboot = [] {{(pid=110896) log_opt_values /opt/stack/data/venv/lib/python3.12/site-packages/oslo_config/cfg.py:3253}}
Jun 29 15:27:36.887766 np0000183491 nova-conductor[110896]: DEBUG cotyledon.oslo_config_glue [-] wsgi.api_paste_config = /etc/nova/api-paste.ini {{(pid=110896) log_opt_values /opt/stack/data/venv/lib/python3.12/site-packages/oslo_config/cfg.py:3253}}
Jun 29 15:27:36.887766 np0000183491 nova-conductor[110896]: DEBUG cotyledon.oslo_config_glue [-] wsgi.secure_proxy_ssl_header = None {{(pid=110896) log_opt_values /opt/stack/data/venv/lib/python3.12/site-packages/oslo_config/cfg.py:3253}}
Jun 29 15:27:36.887766 np0000183491 nova-conductor[110896]: DEBUG cotyledon.oslo_config_glue [-] zvm.ca_file = None {{(pid=110896) log_opt_values /opt/stack/data/venv/lib/python3.12/site-packages/oslo_config/cfg.py:3253}}
Jun 29 15:27:36.887766 np0000183491 nova-conductor[110896]: DEBUG cotyledon.oslo_config_glue [-] zvm.cloud_connector_url = None {{(pid=110896) log_opt_values /opt/stack/data/venv/lib/python3.12/site-packages/oslo_config/cfg.py:3253}}
Jun 29 15:27:36.887990 np0000183491 nova-conductor[110896]: DEBUG cotyledon.oslo_config_glue [-] zvm.image_tmp_path = /opt/stack/data/nova/images {{(pid=110896) log_opt_values /opt/stack/data/venv/lib/python3.12/site-packages/oslo_config/cfg.py:3253}}
Jun 29 15:27:36.887990 np0000183491 nova-conductor[110896]: DEBUG cotyledon.oslo_config_glue [-] zvm.reachable_timeout = 300 {{(pid=110896) log_opt_values /opt/stack/data/venv/lib/python3.12/site-packages/oslo_config/cfg.py:3253}}
Jun 29 15:27:36.887990 np0000183491 nova-conductor[110896]: DEBUG cotyledon.oslo_config_glue [-] oslo_versionedobjects.fatal_exception_format_errors = False {{(pid=110896) log_opt_values /opt/stack/data/venv/lib/python3.12/site-packages/oslo_config/cfg.py:3253}}
Jun 29 15:27:36.887990 np0000183491 nova-conductor[110896]: DEBUG cotyledon.oslo_config_glue [-] oslo_middleware.http_basic_auth_user_file = /etc/htpasswd {{(pid=110896) log_opt_values /opt/stack/data/venv/lib/python3.12/site-packages/oslo_config/cfg.py:3253}}
Jun 29 15:27:36.887990 np0000183491 nova-conductor[110896]: DEBUG cotyledon.oslo_config_glue [-] profiler.connection_string = messaging:// {{(pid=110896) log_opt_values /opt/stack/data/venv/lib/python3.12/site-packages/oslo_config/cfg.py:3253}}
Jun 29 15:27:36.887990 np0000183491 nova-conductor[110896]: DEBUG cotyledon.oslo_config_glue [-] profiler.enabled = False {{(pid=110896) log_opt_values /opt/stack/data/venv/lib/python3.12/site-packages/oslo_config/cfg.py:3253}}
Jun 29 15:27:36.887990 np0000183491 nova-conductor[110896]: DEBUG cotyledon.oslo_config_glue [-] profiler.es_doc_type = notification {{(pid=110896) log_opt_values /opt/stack/data/venv/lib/python3.12/site-packages/oslo_config/cfg.py:3253}}
Jun 29 15:27:36.887990 np0000183491 nova-conductor[110896]: DEBUG cotyledon.oslo_config_glue [-] profiler.es_scroll_size = 10000 {{(pid=110896) log_opt_values /opt/stack/data/venv/lib/python3.12/site-packages/oslo_config/cfg.py:3253}}
Jun 29 15:27:36.887990 np0000183491 nova-conductor[110896]: DEBUG cotyledon.oslo_config_glue [-] profiler.es_scroll_time = 2m {{(pid=110896) log_opt_values /opt/stack/data/venv/lib/python3.12/site-packages/oslo_config/cfg.py:3253}}
Jun 29 15:27:36.888219 np0000183491 nova-conductor[110896]: DEBUG cotyledon.oslo_config_glue [-] profiler.filter_error_trace = False {{(pid=110896) log_opt_values /opt/stack/data/venv/lib/python3.12/site-packages/oslo_config/cfg.py:3253}}
Jun 29 15:27:36.888219 np0000183491 nova-conductor[110896]: DEBUG cotyledon.oslo_config_glue [-] profiler.hmac_keys = **** {{(pid=110896) log_opt_values /opt/stack/data/venv/lib/python3.12/site-packages/oslo_config/cfg.py:3253}}
Jun 29 15:27:36.888219 np0000183491 nova-conductor[110896]: DEBUG cotyledon.oslo_config_glue [-] profiler.sentinel_service_name = mymaster {{(pid=110896) log_opt_values /opt/stack/data/venv/lib/python3.12/site-packages/oslo_config/cfg.py:3253}}
Jun 29 15:27:36.888219 np0000183491 nova-conductor[110896]: DEBUG cotyledon.oslo_config_glue [-] profiler.socket_timeout = 0.1 {{(pid=110896) log_opt_values /opt/stack/data/venv/lib/python3.12/site-packages/oslo_config/cfg.py:3253}}
Jun 29 15:27:36.888219 np0000183491 nova-conductor[110896]: DEBUG cotyledon.oslo_config_glue [-] profiler.trace_requests = False {{(pid=110896) log_opt_values /opt/stack/data/venv/lib/python3.12/site-packages/oslo_config/cfg.py:3253}}
Jun 29 15:27:36.888219 np0000183491 nova-conductor[110896]: DEBUG cotyledon.oslo_config_glue [-] profiler.trace_sqlalchemy = False {{(pid=110896) log_opt_values /opt/stack/data/venv/lib/python3.12/site-packages/oslo_config/cfg.py:3253}}
Jun 29 15:27:36.888219 np0000183491 nova-conductor[110896]: DEBUG cotyledon.oslo_config_glue [-] profiler_jaeger.process_tags = {} {{(pid=110896) log_opt_values /opt/stack/data/venv/lib/python3.12/site-packages/oslo_config/cfg.py:3253}}
Jun 29 15:27:36.888219 np0000183491 nova-conductor[110896]: DEBUG cotyledon.oslo_config_glue [-] profiler_jaeger.service_name_prefix = None {{(pid=110896) log_opt_values /opt/stack/data/venv/lib/python3.12/site-packages/oslo_config/cfg.py:3253}}
Jun 29 15:27:36.888219 np0000183491 nova-conductor[110896]: DEBUG cotyledon.oslo_config_glue [-] profiler_otlp.service_name_prefix = None {{(pid=110896) log_opt_values /opt/stack/data/venv/lib/python3.12/site-packages/oslo_config/cfg.py:3253}}
Jun 29 15:27:36.888750 np0000183491 nova-conductor[110896]: DEBUG cotyledon.oslo_config_glue [-] oslo_messaging_rabbit.amqp_auto_delete = False {{(pid=110896) log_opt_values /opt/stack/data/venv/lib/python3.12/site-packages/oslo_config/cfg.py:3253}}
Jun 29 15:27:36.888750 np0000183491 nova-conductor[110896]: DEBUG cotyledon.oslo_config_glue [-] oslo_messaging_rabbit.amqp_durable_queues = False {{(pid=110896) log_opt_values /opt/stack/data/venv/lib/python3.12/site-packages/oslo_config/cfg.py:3253}}
Jun 29 15:27:36.888750 np0000183491 nova-conductor[110896]: DEBUG cotyledon.oslo_config_glue [-] oslo_messaging_rabbit.conn_pool_min_size = 2 {{(pid=110896) log_opt_values /opt/stack/data/venv/lib/python3.12/site-packages/oslo_config/cfg.py:3253}}
Jun 29 15:27:36.888750 np0000183491 nova-conductor[110896]: DEBUG cotyledon.oslo_config_glue [-] oslo_messaging_rabbit.conn_pool_ttl = 1200 {{(pid=110896) log_opt_values /opt/stack/data/venv/lib/python3.12/site-packages/oslo_config/cfg.py:3253}}
Jun 29 15:27:36.888750 np0000183491 nova-conductor[110896]: DEBUG cotyledon.oslo_config_glue [-] oslo_messaging_rabbit.direct_mandatory_flag = True {{(pid=110896) log_opt_values /opt/stack/data/venv/lib/python3.12/site-packages/oslo_config/cfg.py:3253}}
Jun 29 15:27:36.888750 np0000183491 nova-conductor[110896]: DEBUG cotyledon.oslo_config_glue [-] oslo_messaging_rabbit.enable_cancel_on_failover = False {{(pid=110896) log_opt_values /opt/stack/data/venv/lib/python3.12/site-packages/oslo_config/cfg.py:3253}}
Jun 29 15:27:36.888750 np0000183491 nova-conductor[110896]: DEBUG cotyledon.oslo_config_glue [-] oslo_messaging_rabbit.heartbeat_rate = 3 {{(pid=110896) log_opt_values /opt/stack/data/venv/lib/python3.12/site-packages/oslo_config/cfg.py:3253}}
Jun 29 15:27:36.888750 np0000183491 nova-conductor[110896]: DEBUG cotyledon.oslo_config_glue [-] oslo_messaging_rabbit.heartbeat_timeout_threshold = 60 {{(pid=110896) log_opt_values /opt/stack/data/venv/lib/python3.12/site-packages/oslo_config/cfg.py:3253}}
Jun 29 15:27:36.888750 np0000183491 nova-conductor[110896]: DEBUG cotyledon.oslo_config_glue [-] oslo_messaging_rabbit.hostname = np0000183491 {{(pid=110896) log_opt_values /opt/stack/data/venv/lib/python3.12/site-packages/oslo_config/cfg.py:3253}}
Jun 29 15:27:36.888975 np0000183491 nova-conductor[110896]: DEBUG cotyledon.oslo_config_glue [-] oslo_messaging_rabbit.kombu_compression = None {{(pid=110896) log_opt_values /opt/stack/data/venv/lib/python3.12/site-packages/oslo_config/cfg.py:3253}}
Jun 29 15:27:36.888975 np0000183491 nova-conductor[110896]: DEBUG cotyledon.oslo_config_glue [-] oslo_messaging_rabbit.kombu_failover_strategy = round-robin {{(pid=110896) log_opt_values /opt/stack/data/venv/lib/python3.12/site-packages/oslo_config/cfg.py:3253}}
Jun 29 15:27:36.888975 np0000183491 nova-conductor[110896]: DEBUG cotyledon.oslo_config_glue [-] oslo_messaging_rabbit.kombu_missing_consumer_retry_timeout = 60 {{(pid=110896) log_opt_values /opt/stack/data/venv/lib/python3.12/site-packages/oslo_config/cfg.py:3253}}
Jun 29 15:27:36.888975 np0000183491 nova-conductor[110896]: DEBUG cotyledon.oslo_config_glue [-] oslo_messaging_rabbit.kombu_reconnect_delay = 1.0 {{(pid=110896) log_opt_values /opt/stack/data/venv/lib/python3.12/site-packages/oslo_config/cfg.py:3253}}
Jun 29 15:27:36.888975 np0000183491 nova-conductor[110896]: DEBUG cotyledon.oslo_config_glue [-] oslo_messaging_rabbit.kombu_reconnect_splay = 0.0 {{(pid=110896) log_opt_values /opt/stack/data/venv/lib/python3.12/site-packages/oslo_config/cfg.py:3253}}
Jun 29 15:27:36.888975 np0000183491 nova-conductor[110896]: DEBUG cotyledon.oslo_config_glue [-] oslo_messaging_rabbit.processname = nova-conductor {{(pid=110896) log_opt_values /opt/stack/data/venv/lib/python3.12/site-packages/oslo_config/cfg.py:3253}}
Jun 29 15:27:36.888975 np0000183491 nova-conductor[110896]: DEBUG cotyledon.oslo_config_glue [-] oslo_messaging_rabbit.rabbit_ha_queues = False {{(pid=110896) log_opt_values /opt/stack/data/venv/lib/python3.12/site-packages/oslo_config/cfg.py:3253}}
Jun 29 15:27:36.888975 np0000183491 nova-conductor[110896]: DEBUG cotyledon.oslo_config_glue [-] oslo_messaging_rabbit.rabbit_interval_max = 30 {{(pid=110896) log_opt_values /opt/stack/data/venv/lib/python3.12/site-packages/oslo_config/cfg.py:3253}}
Jun 29 15:27:36.889186 np0000183491 nova-conductor[110896]: DEBUG cotyledon.oslo_config_glue [-] oslo_messaging_rabbit.rabbit_login_method = AMQPLAIN {{(pid=110896) log_opt_values /opt/stack/data/venv/lib/python3.12/site-packages/oslo_config/cfg.py:3253}}
Jun 29 15:27:36.889186 np0000183491 nova-conductor[110896]: DEBUG cotyledon.oslo_config_glue [-] oslo_messaging_rabbit.rabbit_qos_prefetch_count = 0 {{(pid=110896) log_opt_values /opt/stack/data/venv/lib/python3.12/site-packages/oslo_config/cfg.py:3253}}
Jun 29 15:27:36.889186 np0000183491 nova-conductor[110896]: DEBUG cotyledon.oslo_config_glue [-] oslo_messaging_rabbit.rabbit_quorum_delivery_limit = 0 {{(pid=110896) log_opt_values /opt/stack/data/venv/lib/python3.12/site-packages/oslo_config/cfg.py:3253}}
Jun 29 15:27:36.889186 np0000183491 nova-conductor[110896]: DEBUG cotyledon.oslo_config_glue [-] oslo_messaging_rabbit.rabbit_quorum_max_memory_bytes = 0 {{(pid=110896) log_opt_values /opt/stack/data/venv/lib/python3.12/site-packages/oslo_config/cfg.py:3253}}
Jun 29 15:27:36.889186 np0000183491 nova-conductor[110896]: DEBUG cotyledon.oslo_config_glue [-] oslo_messaging_rabbit.rabbit_quorum_max_memory_length = 0 {{(pid=110896) log_opt_values /opt/stack/data/venv/lib/python3.12/site-packages/oslo_config/cfg.py:3253}}
Jun 29 15:27:36.889186 np0000183491 nova-conductor[110896]: DEBUG cotyledon.oslo_config_glue [-] oslo_messaging_rabbit.rabbit_quorum_queue = False {{(pid=110896) log_opt_values /opt/stack/data/venv/lib/python3.12/site-packages/oslo_config/cfg.py:3253}}
Jun 29 15:27:36.889186 np0000183491 nova-conductor[110896]: DEBUG cotyledon.oslo_config_glue [-] oslo_messaging_rabbit.rabbit_retry_backoff = 2 {{(pid=110896) log_opt_values /opt/stack/data/venv/lib/python3.12/site-packages/oslo_config/cfg.py:3253}}
Jun 29 15:27:36.889186 np0000183491 nova-conductor[110896]: DEBUG cotyledon.oslo_config_glue [-] oslo_messaging_rabbit.rabbit_retry_interval = 1 {{(pid=110896) log_opt_values /opt/stack/data/venv/lib/python3.12/site-packages/oslo_config/cfg.py:3253}}
Jun 29 15:27:36.889410 np0000183491 nova-conductor[110896]: DEBUG cotyledon.oslo_config_glue [-] oslo_messaging_rabbit.rabbit_stream_fanout = False {{(pid=110896) log_opt_values /opt/stack/data/venv/lib/python3.12/site-packages/oslo_config/cfg.py:3253}}
Jun 29 15:27:36.889410 np0000183491 nova-conductor[110896]: DEBUG cotyledon.oslo_config_glue [-] oslo_messaging_rabbit.rabbit_transient_queues_ttl = 1800 {{(pid=110896) log_opt_values /opt/stack/data/venv/lib/python3.12/site-packages/oslo_config/cfg.py:3253}}
Jun 29 15:27:36.889410 np0000183491 nova-conductor[110896]: DEBUG cotyledon.oslo_config_glue [-] oslo_messaging_rabbit.rabbit_transient_quorum_queue = False {{(pid=110896) log_opt_values /opt/stack/data/venv/lib/python3.12/site-packages/oslo_config/cfg.py:3253}}
Jun 29 15:27:36.889410 np0000183491 nova-conductor[110896]: DEBUG cotyledon.oslo_config_glue [-] oslo_messaging_rabbit.rpc_conn_pool_size = 30 {{(pid=110896) log_opt_values /opt/stack/data/venv/lib/python3.12/site-packages/oslo_config/cfg.py:3253}}
Jun 29 15:27:36.889410 np0000183491 nova-conductor[110896]: DEBUG cotyledon.oslo_config_glue [-] oslo_messaging_rabbit.ssl = False {{(pid=110896) log_opt_values /opt/stack/data/venv/lib/python3.12/site-packages/oslo_config/cfg.py:3253}}
Jun 29 15:27:36.889410 np0000183491 nova-conductor[110896]: DEBUG cotyledon.oslo_config_glue [-] oslo_messaging_rabbit.ssl_ca_file = {{(pid=110896) log_opt_values /opt/stack/data/venv/lib/python3.12/site-packages/oslo_config/cfg.py:3253}}
Jun 29 15:27:36.889410 np0000183491 nova-conductor[110896]: DEBUG cotyledon.oslo_config_glue [-] oslo_messaging_rabbit.ssl_cert_file = {{(pid=110896) log_opt_values /opt/stack/data/venv/lib/python3.12/site-packages/oslo_config/cfg.py:3253}}
Jun 29 15:27:36.889410 np0000183491 nova-conductor[110896]: DEBUG cotyledon.oslo_config_glue [-] oslo_messaging_rabbit.ssl_enforce_fips_mode = False {{(pid=110896) log_opt_values /opt/stack/data/venv/lib/python3.12/site-packages/oslo_config/cfg.py:3253}}
Jun 29 15:27:36.889410 np0000183491 nova-conductor[110896]: DEBUG cotyledon.oslo_config_glue [-] oslo_messaging_rabbit.ssl_enforce_hostname_verification = True {{(pid=110896) log_opt_values /opt/stack/data/venv/lib/python3.12/site-packages/oslo_config/cfg.py:3253}}
Jun 29 15:27:36.889626 np0000183491 nova-conductor[110896]: DEBUG cotyledon.oslo_config_glue [-] oslo_messaging_rabbit.ssl_key_file = {{(pid=110896) log_opt_values /opt/stack/data/venv/lib/python3.12/site-packages/oslo_config/cfg.py:3253}}
Jun 29 15:27:36.889626 np0000183491 nova-conductor[110896]: DEBUG cotyledon.oslo_config_glue [-] oslo_messaging_rabbit.ssl_version = {{(pid=110896) log_opt_values /opt/stack/data/venv/lib/python3.12/site-packages/oslo_config/cfg.py:3253}}
Jun 29 15:27:36.889626 np0000183491 nova-conductor[110896]: DEBUG cotyledon.oslo_config_glue [-] oslo_messaging_rabbit.use_queue_manager = False {{(pid=110896) log_opt_values /opt/stack/data/venv/lib/python3.12/site-packages/oslo_config/cfg.py:3253}}
Jun 29 15:27:36.889626 np0000183491 nova-conductor[110896]: DEBUG cotyledon.oslo_config_glue [-] oslo_messaging_notifications.driver = ['messagingv2'] {{(pid=110896) log_opt_values /opt/stack/data/venv/lib/python3.12/site-packages/oslo_config/cfg.py:3253}}
Jun 29 15:27:36.889626 np0000183491 nova-conductor[110896]: DEBUG cotyledon.oslo_config_glue [-] oslo_messaging_notifications.retry = -1 {{(pid=110896) log_opt_values /opt/stack/data/venv/lib/python3.12/site-packages/oslo_config/cfg.py:3253}}
Jun 29 15:27:36.889626 np0000183491 nova-conductor[110896]: DEBUG cotyledon.oslo_config_glue [-] oslo_messaging_notifications.topics = ['notifications'] {{(pid=110896) log_opt_values /opt/stack/data/venv/lib/python3.12/site-packages/oslo_config/cfg.py:3253}}
Jun 29 15:27:36.889626 np0000183491 nova-conductor[110896]: DEBUG cotyledon.oslo_config_glue [-] oslo_messaging_notifications.transport_url = **** {{(pid=110896) log_opt_values /opt/stack/data/venv/lib/python3.12/site-packages/oslo_config/cfg.py:3253}}
Jun 29 15:27:36.889626 np0000183491 nova-conductor[110896]: DEBUG cotyledon.oslo_config_glue [-] oslo_limit.auth_section = None {{(pid=110896) log_opt_values /opt/stack/data/venv/lib/python3.12/site-packages/oslo_config/cfg.py:3253}}
Jun 29 15:27:36.889626 np0000183491 nova-conductor[110896]: DEBUG cotyledon.oslo_config_glue [-] oslo_limit.auth_type = None {{(pid=110896) log_opt_values /opt/stack/data/venv/lib/python3.12/site-packages/oslo_config/cfg.py:3253}}
Jun 29 15:27:36.889846 np0000183491 nova-conductor[110896]: DEBUG cotyledon.oslo_config_glue [-] oslo_limit.cafile = None {{(pid=110896) log_opt_values /opt/stack/data/venv/lib/python3.12/site-packages/oslo_config/cfg.py:3253}}
Jun 29 15:27:36.889846 np0000183491 nova-conductor[110896]: DEBUG cotyledon.oslo_config_glue [-] oslo_limit.certfile = None {{(pid=110896) log_opt_values /opt/stack/data/venv/lib/python3.12/site-packages/oslo_config/cfg.py:3253}}
Jun 29 15:27:36.889846 np0000183491 nova-conductor[110896]: DEBUG cotyledon.oslo_config_glue [-] oslo_limit.collect_timing = False {{(pid=110896) log_opt_values /opt/stack/data/venv/lib/python3.12/site-packages/oslo_config/cfg.py:3253}}
Jun 29 15:27:36.889846 np0000183491 nova-conductor[110896]: DEBUG cotyledon.oslo_config_glue [-] oslo_limit.connect_retries = None {{(pid=110896) log_opt_values /opt/stack/data/venv/lib/python3.12/site-packages/oslo_config/cfg.py:3253}}
Jun 29 15:27:36.889846 np0000183491 nova-conductor[110896]: DEBUG cotyledon.oslo_config_glue [-] oslo_limit.connect_retry_delay = None {{(pid=110896) log_opt_values /opt/stack/data/venv/lib/python3.12/site-packages/oslo_config/cfg.py:3253}}
Jun 29 15:27:36.889846 np0000183491 nova-conductor[110896]: DEBUG cotyledon.oslo_config_glue [-] oslo_limit.endpoint_id = None {{(pid=110896) log_opt_values /opt/stack/data/venv/lib/python3.12/site-packages/oslo_config/cfg.py:3253}}
Jun 29 15:27:36.889846 np0000183491 nova-conductor[110896]: DEBUG cotyledon.oslo_config_glue [-] oslo_limit.endpoint_interface = public {{(pid=110896) log_opt_values /opt/stack/data/venv/lib/python3.12/site-packages/oslo_config/cfg.py:3253}}
Jun 29 15:27:36.889846 np0000183491 nova-conductor[110896]: DEBUG cotyledon.oslo_config_glue [-] oslo_limit.endpoint_override = None {{(pid=110896) log_opt_values /opt/stack/data/venv/lib/python3.12/site-packages/oslo_config/cfg.py:3253}}
Jun 29 15:27:36.889846 np0000183491 nova-conductor[110896]: DEBUG cotyledon.oslo_config_glue [-] oslo_limit.endpoint_region_name = None {{(pid=110896) log_opt_values /opt/stack/data/venv/lib/python3.12/site-packages/oslo_config/cfg.py:3253}}
Jun 29 15:27:36.890070 np0000183491 nova-conductor[110896]: DEBUG cotyledon.oslo_config_glue [-] oslo_limit.endpoint_service_name = None {{(pid=110896) log_opt_values /opt/stack/data/venv/lib/python3.12/site-packages/oslo_config/cfg.py:3253}}
Jun 29 15:27:36.890070 np0000183491 nova-conductor[110896]: DEBUG cotyledon.oslo_config_glue [-] oslo_limit.endpoint_service_type = None {{(pid=110896) log_opt_values /opt/stack/data/venv/lib/python3.12/site-packages/oslo_config/cfg.py:3253}}
Jun 29 15:27:36.890070 np0000183491 nova-conductor[110896]: DEBUG cotyledon.oslo_config_glue [-] oslo_limit.insecure = False {{(pid=110896) log_opt_values /opt/stack/data/venv/lib/python3.12/site-packages/oslo_config/cfg.py:3253}}
Jun 29 15:27:36.890070 np0000183491 nova-conductor[110896]: DEBUG cotyledon.oslo_config_glue [-] oslo_limit.keyfile = None {{(pid=110896) log_opt_values /opt/stack/data/venv/lib/python3.12/site-packages/oslo_config/cfg.py:3253}}
Jun 29 15:27:36.890070 np0000183491 nova-conductor[110896]: DEBUG cotyledon.oslo_config_glue [-] oslo_limit.max_version = None {{(pid=110896) log_opt_values /opt/stack/data/venv/lib/python3.12/site-packages/oslo_config/cfg.py:3253}}
Jun 29 15:27:36.890070 np0000183491 nova-conductor[110896]: DEBUG cotyledon.oslo_config_glue [-] oslo_limit.min_version = None {{(pid=110896) log_opt_values /opt/stack/data/venv/lib/python3.12/site-packages/oslo_config/cfg.py:3253}}
Jun 29 15:27:36.890070 np0000183491 nova-conductor[110896]: DEBUG cotyledon.oslo_config_glue [-] oslo_limit.region_name = None {{(pid=110896) log_opt_values /opt/stack/data/venv/lib/python3.12/site-packages/oslo_config/cfg.py:3253}}
Jun 29 15:27:36.890070 np0000183491 nova-conductor[110896]: DEBUG cotyledon.oslo_config_glue [-] oslo_limit.retriable_status_codes = None {{(pid=110896) log_opt_values /opt/stack/data/venv/lib/python3.12/site-packages/oslo_config/cfg.py:3253}}
Jun 29 15:27:36.890070 np0000183491 nova-conductor[110896]: DEBUG cotyledon.oslo_config_glue [-] oslo_limit.service_name = None {{(pid=110896) log_opt_values /opt/stack/data/venv/lib/python3.12/site-packages/oslo_config/cfg.py:3253}}
Jun 29 15:27:36.890280 np0000183491 nova-conductor[110896]: DEBUG cotyledon.oslo_config_glue [-] oslo_limit.service_type = None {{(pid=110896) log_opt_values /opt/stack/data/venv/lib/python3.12/site-packages/oslo_config/cfg.py:3253}}
Jun 29 15:27:36.890280 np0000183491 nova-conductor[110896]: DEBUG cotyledon.oslo_config_glue [-] oslo_limit.split_loggers = False {{(pid=110896) log_opt_values /opt/stack/data/venv/lib/python3.12/site-packages/oslo_config/cfg.py:3253}}
Jun 29 15:27:36.890280 np0000183491 nova-conductor[110896]: DEBUG cotyledon.oslo_config_glue [-] oslo_limit.status_code_retries = None {{(pid=110896) log_opt_values /opt/stack/data/venv/lib/python3.12/site-packages/oslo_config/cfg.py:3253}}
Jun 29 15:27:36.890280 np0000183491 nova-conductor[110896]: DEBUG cotyledon.oslo_config_glue [-] oslo_limit.status_code_retry_delay = None {{(pid=110896) log_opt_values /opt/stack/data/venv/lib/python3.12/site-packages/oslo_config/cfg.py:3253}}
Jun 29 15:27:36.890280 np0000183491 nova-conductor[110896]: DEBUG cotyledon.oslo_config_glue [-] oslo_limit.timeout = None {{(pid=110896) log_opt_values /opt/stack/data/venv/lib/python3.12/site-packages/oslo_config/cfg.py:3253}}
Jun 29 15:27:36.890280 np0000183491 nova-conductor[110896]: DEBUG cotyledon.oslo_config_glue [-] oslo_limit.valid_interfaces = None {{(pid=110896) log_opt_values /opt/stack/data/venv/lib/python3.12/site-packages/oslo_config/cfg.py:3253}}
Jun 29 15:27:36.890280 np0000183491 nova-conductor[110896]: DEBUG cotyledon.oslo_config_glue [-] oslo_limit.version = None {{(pid=110896) log_opt_values /opt/stack/data/venv/lib/python3.12/site-packages/oslo_config/cfg.py:3253}}
Jun 29 15:27:36.890280 np0000183491 nova-conductor[110896]: DEBUG cotyledon.oslo_config_glue [-] oslo_reports.file_event_handler = None {{(pid=110896) log_opt_values /opt/stack/data/venv/lib/python3.12/site-packages/oslo_config/cfg.py:3253}}
Jun 29 15:27:36.890280 np0000183491 nova-conductor[110896]: DEBUG cotyledon.oslo_config_glue [-] oslo_reports.file_event_handler_interval = 1 {{(pid=110896) log_opt_values /opt/stack/data/venv/lib/python3.12/site-packages/oslo_config/cfg.py:3253}}
Jun 29 15:27:36.890576 np0000183491 nova-conductor[110896]: DEBUG cotyledon.oslo_config_glue [-] oslo_reports.log_dir = None {{(pid=110896) log_opt_values /opt/stack/data/venv/lib/python3.12/site-packages/oslo_config/cfg.py:3253}}
Jun 29 15:27:36.890576 np0000183491 nova-conductor[110896]: DEBUG cotyledon.oslo_config_glue [-] ******************************************************************************** {{(pid=110896) log_opt_values /opt/stack/data/venv/lib/python3.12/site-packages/oslo_config/cfg.py:3260}}
Jun 29 15:27:36.890576 np0000183491 nova-conductor[110896]: DEBUG cotyledon._service_worker [-] Run service ServiceWrapper(3) [110896] {{(pid=110896) wait_forever /opt/stack/data/venv/lib/python3.12/site-packages/cotyledon/_service_worker.py:218}}
Jun 29 15:27:36.890663 np0000183491 nova-conductor[110885]: INFO dbcounter [None req-5acb89c7-2b39-4eed-bfcb-5c722000da17 None None] Registered counter for database nova_cell0
Jun 29 15:27:36.890695 np0000183491 nova-conductor[110896]: INFO nova.service [-] Starting conductor node (version 33.1.0)
Jun 29 15:27:36.893047 np0000183491 nova-conductor[110871]: DEBUG oslo_db.sqlalchemy.engines [None req-82340522-2eb2-4898-bc53-9beb361e0455 None None] MySQL server mode set to STRICT_TRANS_TABLES,STRICT_ALL_TABLES,NO_ZERO_IN_DATE,NO_ZERO_DATE,ERROR_FOR_DIVISION_BY_ZERO,TRADITIONAL,NO_ENGINE_SUBSTITUTION {{(pid=110871) _check_effective_sql_mode /opt/stack/data/venv/lib/python3.12/site-packages/oslo_db/sqlalchemy/engines.py:325}}
Jun 29 15:27:36.894821 np0000183491 nova-conductor[110896]: INFO dbcounter [None req-76860a4a-31fa-440e-b3e3-9dbb56ed2b54 None None] Registered counter for database nova_cell0
Jun 29 15:27:36.899967 np0000183491 nova-conductor[110877]: DEBUG oslo_db.sqlalchemy.engines [None req-31dbc73b-8c87-463f-97d2-b165c6580cdb None None] MySQL server mode set to STRICT_TRANS_TABLES,STRICT_ALL_TABLES,NO_ZERO_IN_DATE,NO_ZERO_DATE,ERROR_FOR_DIVISION_BY_ZERO,TRADITIONAL,NO_ENGINE_SUBSTITUTION {{(pid=110877) _check_effective_sql_mode /opt/stack/data/venv/lib/python3.12/site-packages/oslo_db/sqlalchemy/engines.py:325}}
Jun 29 15:27:36.907150 np0000183491 nova-conductor[110871]: DEBUG dbcounter [-] [110871] Writer thread running {{(pid=110871) stat_writer /opt/stack/data/venv/lib/python3.12/site-packages/dbcounter.py:102}}
Jun 29 15:27:36.923025 np0000183491 nova-conductor[110877]: DEBUG dbcounter [-] [110877] Writer thread running {{(pid=110877) stat_writer /opt/stack/data/venv/lib/python3.12/site-packages/dbcounter.py:102}}
Jun 29 15:27:36.927917 np0000183491 nova-conductor[110871]: DEBUG nova.service [None req-82340522-2eb2-4898-bc53-9beb361e0455 None None] Creating RPC server for service: nova-conductor on topic: conductor {{(pid=110871) start /opt/stack/nova/nova/service.py:196}}
Jun 29 15:27:36.940577 np0000183491 nova-conductor[110896]: DEBUG oslo_db.sqlalchemy.engines [None req-76860a4a-31fa-440e-b3e3-9dbb56ed2b54 None None] MySQL server mode set to STRICT_TRANS_TABLES,STRICT_ALL_TABLES,NO_ZERO_IN_DATE,NO_ZERO_DATE,ERROR_FOR_DIVISION_BY_ZERO,TRADITIONAL,NO_ENGINE_SUBSTITUTION {{(pid=110896) _check_effective_sql_mode /opt/stack/data/venv/lib/python3.12/site-packages/oslo_db/sqlalchemy/engines.py:325}}
Jun 29 15:27:36.945797 np0000183491 nova-conductor[110877]: DEBUG nova.service [None req-31dbc73b-8c87-463f-97d2-b165c6580cdb None None] Creating RPC server for service: nova-conductor on topic: conductor {{(pid=110877) start /opt/stack/nova/nova/service.py:196}}
Jun 29 15:27:36.947601 np0000183491 nova-conductor[110885]: DEBUG oslo_db.sqlalchemy.engines [None req-5acb89c7-2b39-4eed-bfcb-5c722000da17 None None] MySQL server mode set to STRICT_TRANS_TABLES,STRICT_ALL_TABLES,NO_ZERO_IN_DATE,NO_ZERO_DATE,ERROR_FOR_DIVISION_BY_ZERO,TRADITIONAL,NO_ENGINE_SUBSTITUTION {{(pid=110885) _check_effective_sql_mode /opt/stack/data/venv/lib/python3.12/site-packages/oslo_db/sqlalchemy/engines.py:325}}
Jun 29 15:27:36.954178 np0000183491 nova-conductor[110896]: DEBUG dbcounter [-] [110896] Writer thread running {{(pid=110896) stat_writer /opt/stack/data/venv/lib/python3.12/site-packages/dbcounter.py:102}}
Jun 29 15:27:36.957427 np0000183491 nova-conductor[110896]: DEBUG nova.service [None req-76860a4a-31fa-440e-b3e3-9dbb56ed2b54 None None] Creating RPC server for service: nova-conductor on topic: conductor {{(pid=110896) start /opt/stack/nova/nova/service.py:196}}
Jun 29 15:27:36.958890 np0000183491 nova-conductor[110871]: DEBUG nova.service [None req-82340522-2eb2-4898-bc53-9beb361e0455 None None] Join ServiceGroup membership for this service conductor {{(pid=110871) start /opt/stack/nova/nova/service.py:222}}
Jun 29 15:27:36.959215 np0000183491 nova-conductor[110871]: DEBUG nova.servicegroup.drivers.db [None req-82340522-2eb2-4898-bc53-9beb361e0455 None None] DB_Driver: join new ServiceGroup member np0000183491 to the conductor group, service = {{(pid=110871) join /opt/stack/nova/nova/servicegroup/drivers/db.py:44}}
Jun 29 15:27:36.971830 np0000183491 nova-conductor[110877]: DEBUG nova.service [None req-31dbc73b-8c87-463f-97d2-b165c6580cdb None None] Join ServiceGroup membership for this service conductor {{(pid=110877) start /opt/stack/nova/nova/service.py:222}}
Jun 29 15:27:36.972078 np0000183491 nova-conductor[110877]: DEBUG nova.servicegroup.drivers.db [None req-31dbc73b-8c87-463f-97d2-b165c6580cdb None None] DB_Driver: join new ServiceGroup member np0000183491 to the conductor group, service = {{(pid=110877) join /opt/stack/nova/nova/servicegroup/drivers/db.py:44}}
Jun 29 15:27:36.975477 np0000183491 nova-conductor[110885]: DEBUG dbcounter [-] [110885] Writer thread running {{(pid=110885) stat_writer /opt/stack/data/venv/lib/python3.12/site-packages/dbcounter.py:102}}
Jun 29 15:27:36.976773 np0000183491 nova-conductor[110896]: DEBUG nova.service [None req-76860a4a-31fa-440e-b3e3-9dbb56ed2b54 None None] Join ServiceGroup membership for this service conductor {{(pid=110896) start /opt/stack/nova/nova/service.py:222}}
Jun 29 15:27:36.977022 np0000183491 nova-conductor[110896]: DEBUG nova.servicegroup.drivers.db [None req-76860a4a-31fa-440e-b3e3-9dbb56ed2b54 None None] DB_Driver: join new ServiceGroup member np0000183491 to the conductor group, service = {{(pid=110896) join /opt/stack/nova/nova/servicegroup/drivers/db.py:44}}
Jun 29 15:27:36.985432 np0000183491 nova-conductor[110885]: DEBUG nova.service [None req-5acb89c7-2b39-4eed-bfcb-5c722000da17 None None] Creating RPC server for service: nova-conductor on topic: conductor {{(pid=110885) start /opt/stack/nova/nova/service.py:196}}
Jun 29 15:27:37.011716 np0000183491 nova-conductor[110885]: DEBUG nova.service [None req-5acb89c7-2b39-4eed-bfcb-5c722000da17 None None] Join ServiceGroup membership for this service conductor {{(pid=110885) start /opt/stack/nova/nova/service.py:222}}
Jun 29 15:27:37.011959 np0000183491 nova-conductor[110885]: DEBUG nova.servicegroup.drivers.db [None req-5acb89c7-2b39-4eed-bfcb-5c722000da17 None None] DB_Driver: join new ServiceGroup member np0000183491 to the conductor group, service = {{(pid=110885) join /opt/stack/nova/nova/servicegroup/drivers/db.py:44}}
Jun 29 15:27:41.980064 np0000183491 nova-conductor[110871]: DEBUG oslo.service.backend._threading.loopingcall [-] Fixed interval looping call 'nova.servicegroup.drivers.db.DbDriver._report_state' sleeping for 119.98 seconds {{(pid=110871) _run_loop /opt/stack/data/venv/lib/python3.12/site-packages/oslo_service/backend/_threading/loopingcall.py:125}}
Jun 29 15:27:41.989466 np0000183491 nova-conductor[110877]: DEBUG oslo.service.backend._threading.loopingcall [-] Fixed interval looping call 'nova.servicegroup.drivers.db.DbDriver._report_state' sleeping for 119.99 seconds {{(pid=110877) _run_loop /opt/stack/data/venv/lib/python3.12/site-packages/oslo_service/backend/_threading/loopingcall.py:125}}
Jun 29 15:27:41.991991 np0000183491 nova-conductor[110896]: DEBUG oslo.service.backend._threading.loopingcall [None req-a62c27f8-557c-4753-afe6-c839a31cd1d4 None None] Dynamic interval looping call 'nova.service.Service.periodic_tasks' sleeping for 60.00 seconds {{(pid=110896) _run_loop /opt/stack/data/venv/lib/python3.12/site-packages/oslo_service/backend/_threading/loopingcall.py:125}}
Jun 29 15:27:42.014081 np0000183491 nova-conductor[110896]: DEBUG oslo.service.backend._threading.loopingcall [-] Fixed interval looping call 'nova.servicegroup.drivers.db.DbDriver._report_state' sleeping for 119.97 seconds {{(pid=110896) _run_loop /opt/stack/data/venv/lib/python3.12/site-packages/oslo_service/backend/_threading/loopingcall.py:125}}
Jun 29 15:27:42.038259 np0000183491 nova-conductor[110885]: DEBUG oslo.service.backend._threading.loopingcall [-] Fixed interval looping call 'nova.servicegroup.drivers.db.DbDriver._report_state' sleeping for 119.98 seconds {{(pid=110885) _run_loop /opt/stack/data/venv/lib/python3.12/site-packages/oslo_service/backend/_threading/loopingcall.py:125}}
Jun 29 15:27:45.451791 np0000183491 nova-conductor[110077]: DEBUG dbcounter [-] [110077] Writing DB stats nova_api:SELECT=1 {{(pid=110077) stat_writer /opt/stack/data/venv/lib/python3.12/site-packages/dbcounter.py:115}}
Jun 29 15:27:45.604966 np0000183491 nova-conductor[110077]: DEBUG dbcounter [-] [110077] Writing DB stats nova_cell1:SELECT=1 {{(pid=110077) stat_writer /opt/stack/data/venv/lib/python3.12/site-packages/dbcounter.py:115}}
Jun 29 15:27:45.607845 np0000183491 nova-conductor[110077]: DEBUG dbcounter [-] [110077] Writing DB stats nova_cell0:SELECT=1 {{(pid=110077) stat_writer /opt/stack/data/venv/lib/python3.12/site-packages/dbcounter.py:115}}
Jun 29 15:27:51.973544 np0000183491 nova-conductor[110871]: DEBUG dbcounter [-] [110871] Writing DB stats nova_cell0:SELECT=4,nova_cell0:INSERT=1,nova_cell0:UPDATE=1 {{(pid=110871) stat_writer /opt/stack/data/venv/lib/python3.12/site-packages/dbcounter.py:115}}
Jun 29 15:27:51.985615 np0000183491 nova-conductor[110877]: DEBUG dbcounter [-] [110877] Writing DB stats nova_cell0:SELECT=4,nova_cell0:INSERT=1 {{(pid=110877) stat_writer /opt/stack/data/venv/lib/python3.12/site-packages/dbcounter.py:115}}
Jun 29 15:27:52.002129 np0000183491 nova-conductor[110896]: DEBUG dbcounter [-] [110896] Writing DB stats nova_cell0:SELECT=3 {{(pid=110896) stat_writer /opt/stack/data/venv/lib/python3.12/site-packages/dbcounter.py:115}}
Jun 29 15:27:52.034539 np0000183491 nova-conductor[110885]: DEBUG dbcounter [-] [110885] Writing DB stats nova_cell0:SELECT=3 {{(pid=110885) stat_writer /opt/stack/data/venv/lib/python3.12/site-packages/dbcounter.py:115}}
Jun 29 15:27:57.015774 np0000183491 nova-conductor[110885]: DEBUG oslo.service.backend._threading.loopingcall [None req-bdee132e-db91-4cf2-9df3-399b3fb4f59f None None] Dynamic interval looping call 'nova.service.Service.periodic_tasks' sleeping for 60.00 seconds {{(pid=110885) _run_loop /opt/stack/data/venv/lib/python3.12/site-packages/oslo_service/backend/_threading/loopingcall.py:125}}
Jun 29 15:28:22.963391 np0000183491 nova-conductor[110871]: DEBUG oslo.service.backend._threading.loopingcall [None req-a8561b62-178f-40be-ab1b-9790e6c390f1 None None] Dynamic interval looping call 'nova.service.Service.periodic_tasks' sleeping for 60.00 seconds {{(pid=110871) _run_loop /opt/stack/data/venv/lib/python3.12/site-packages/oslo_service/backend/_threading/loopingcall.py:125}}
Jun 29 15:28:32.981935 np0000183491 nova-conductor[110877]: DEBUG oslo.service.backend._threading.loopingcall [None req-daf84990-2186-480e-bc00-eac20be95060 None None] Dynamic interval looping call 'nova.service.Service.periodic_tasks' sleeping for 60.00 seconds {{(pid=110877) _run_loop /opt/stack/data/venv/lib/python3.12/site-packages/oslo_service/backend/_threading/loopingcall.py:125}}
Jun 29 15:28:41.994594 np0000183491 nova-conductor[110896]: DEBUG oslo.service.backend._threading.loopingcall [None req-a62c27f8-557c-4753-afe6-c839a31cd1d4 None None] Dynamic interval looping call 'nova.service.Service.periodic_tasks' sleeping for 60.00 seconds {{(pid=110896) _run_loop /opt/stack/data/venv/lib/python3.12/site-packages/oslo_service/backend/_threading/loopingcall.py:125}}
Jun 29 15:28:57.016666 np0000183491 nova-conductor[110885]: DEBUG oslo.service.backend._threading.loopingcall [None req-bdee132e-db91-4cf2-9df3-399b3fb4f59f None None] Dynamic interval looping call 'nova.service.Service.periodic_tasks' sleeping for 60.00 seconds {{(pid=110885) _run_loop /opt/stack/data/venv/lib/python3.12/site-packages/oslo_service/backend/_threading/loopingcall.py:125}}
Jun 29 15:29:22.964217 np0000183491 nova-conductor[110871]: DEBUG oslo.service.backend._threading.loopingcall [None req-a8561b62-178f-40be-ab1b-9790e6c390f1 None None] Dynamic interval looping call 'nova.service.Service.periodic_tasks' sleeping for 60.00 seconds {{(pid=110871) _run_loop /opt/stack/data/venv/lib/python3.12/site-packages/oslo_service/backend/_threading/loopingcall.py:125}}
Jun 29 15:29:32.983086 np0000183491 nova-conductor[110877]: DEBUG oslo.service.backend._threading.loopingcall [None req-daf84990-2186-480e-bc00-eac20be95060 None None] Dynamic interval looping call 'nova.service.Service.periodic_tasks' sleeping for 60.00 seconds {{(pid=110877) _run_loop /opt/stack/data/venv/lib/python3.12/site-packages/oslo_service/backend/_threading/loopingcall.py:125}}
Jun 29 15:29:41.973948 np0000183491 nova-conductor[110871]: DEBUG oslo.service.backend._threading.loopingcall [-] Fixed interval looping call 'nova.servicegroup.drivers.db.DbDriver._report_state' sleeping for 119.99 seconds {{(pid=110871) _run_loop /opt/stack/data/venv/lib/python3.12/site-packages/oslo_service/backend/_threading/loopingcall.py:125}}
Jun 29 15:29:41.987961 np0000183491 nova-conductor[110877]: DEBUG oslo.service.backend._threading.loopingcall [-] Fixed interval looping call 'nova.servicegroup.drivers.db.DbDriver._report_state' sleeping for 119.99 seconds {{(pid=110877) _run_loop /opt/stack/data/venv/lib/python3.12/site-packages/oslo_service/backend/_threading/loopingcall.py:125}}
Jun 29 15:29:41.989137 np0000183491 nova-conductor[110896]: DEBUG oslo.service.backend._threading.loopingcall [-] Fixed interval looping call 'nova.servicegroup.drivers.db.DbDriver._report_state' sleeping for 120.00 seconds {{(pid=110896) _run_loop /opt/stack/data/venv/lib/python3.12/site-packages/oslo_service/backend/_threading/loopingcall.py:125}}
Jun 29 15:29:41.995532 np0000183491 nova-conductor[110896]: DEBUG oslo.service.backend._threading.loopingcall [None req-a62c27f8-557c-4753-afe6-c839a31cd1d4 None None] Dynamic interval looping call 'nova.service.Service.periodic_tasks' sleeping for 60.00 seconds {{(pid=110896) _run_loop /opt/stack/data/venv/lib/python3.12/site-packages/oslo_service/backend/_threading/loopingcall.py:125}}
Jun 29 15:29:42.024623 np0000183491 nova-conductor[110885]: DEBUG oslo.service.backend._threading.loopingcall [-] Fixed interval looping call 'nova.servicegroup.drivers.db.DbDriver._report_state' sleeping for 119.99 seconds {{(pid=110885) _run_loop /opt/stack/data/venv/lib/python3.12/site-packages/oslo_service/backend/_threading/loopingcall.py:125}}
Jun 29 15:29:51.966914 np0000183491 nova-conductor[110871]: DEBUG dbcounter [-] [110871] Writing DB stats nova_cell0:SELECT=1,nova_cell0:UPDATE=1 {{(pid=110871) stat_writer /opt/stack/data/venv/lib/python3.12/site-packages/dbcounter.py:115}}
Jun 29 15:29:51.982819 np0000183491 nova-conductor[110877]: DEBUG dbcounter [-] [110877] Writing DB stats nova_cell0:SELECT=1 {{(pid=110877) stat_writer /opt/stack/data/venv/lib/python3.12/site-packages/dbcounter.py:115}}
Jun 29 15:29:51.986899 np0000183491 nova-conductor[110896]: DEBUG dbcounter [-] [110896] Writing DB stats nova_cell0:SELECT=1 {{(pid=110896) stat_writer /opt/stack/data/venv/lib/python3.12/site-packages/dbcounter.py:115}}
Jun 29 15:29:52.021508 np0000183491 nova-conductor[110885]: DEBUG dbcounter [-] [110885] Writing DB stats nova_cell0:SELECT=1 {{(pid=110885) stat_writer /opt/stack/data/venv/lib/python3.12/site-packages/dbcounter.py:115}}
Jun 29 15:29:57.017518 np0000183491 nova-conductor[110885]: DEBUG oslo.service.backend._threading.loopingcall [None req-bdee132e-db91-4cf2-9df3-399b3fb4f59f None None] Dynamic interval looping call 'nova.service.Service.periodic_tasks' sleeping for 60.00 seconds {{(pid=110885) _run_loop /opt/stack/data/venv/lib/python3.12/site-packages/oslo_service/backend/_threading/loopingcall.py:125}}
Jun 29 15:30:22.965287 np0000183491 nova-conductor[110871]: DEBUG oslo.service.backend._threading.loopingcall [None req-a8561b62-178f-40be-ab1b-9790e6c390f1 None None] Dynamic interval looping call 'nova.service.Service.periodic_tasks' sleeping for 60.00 seconds {{(pid=110871) _run_loop /opt/stack/data/venv/lib/python3.12/site-packages/oslo_service/backend/_threading/loopingcall.py:125}}
Jun 29 15:30:32.983951 np0000183491 nova-conductor[110877]: DEBUG oslo.service.backend._threading.loopingcall [None req-daf84990-2186-480e-bc00-eac20be95060 None None] Dynamic interval looping call 'nova.service.Service.periodic_tasks' sleeping for 60.00 seconds {{(pid=110877) _run_loop /opt/stack/data/venv/lib/python3.12/site-packages/oslo_service/backend/_threading/loopingcall.py:125}}
Jun 29 15:30:41.996826 np0000183491 nova-conductor[110896]: DEBUG oslo.service.backend._threading.loopingcall [None req-a62c27f8-557c-4753-afe6-c839a31cd1d4 None None] Dynamic interval looping call 'nova.service.Service.periodic_tasks' sleeping for 60.00 seconds {{(pid=110896) _run_loop /opt/stack/data/venv/lib/python3.12/site-packages/oslo_service/backend/_threading/loopingcall.py:125}}
Jun 29 15:30:57.018156 np0000183491 nova-conductor[110885]: DEBUG oslo.service.backend._threading.loopingcall [None req-bdee132e-db91-4cf2-9df3-399b3fb4f59f None None] Dynamic interval looping call 'nova.service.Service.periodic_tasks' sleeping for 60.00 seconds {{(pid=110885) _run_loop /opt/stack/data/venv/lib/python3.12/site-packages/oslo_service/backend/_threading/loopingcall.py:125}}
Jun 29 15:31:22.965996 np0000183491 nova-conductor[110871]: DEBUG oslo.service.backend._threading.loopingcall [None req-a8561b62-178f-40be-ab1b-9790e6c390f1 None None] Dynamic interval looping call 'nova.service.Service.periodic_tasks' sleeping for 60.00 seconds {{(pid=110871) _run_loop /opt/stack/data/venv/lib/python3.12/site-packages/oslo_service/backend/_threading/loopingcall.py:125}}
Jun 29 15:31:32.984863 np0000183491 nova-conductor[110877]: DEBUG oslo.service.backend._threading.loopingcall [None req-daf84990-2186-480e-bc00-eac20be95060 None None] Dynamic interval looping call 'nova.service.Service.periodic_tasks' sleeping for 60.00 seconds {{(pid=110877) _run_loop /opt/stack/data/venv/lib/python3.12/site-packages/oslo_service/backend/_threading/loopingcall.py:125}}
Jun 29 15:31:41.977080 np0000183491 nova-conductor[110871]: DEBUG oslo.service.backend._threading.loopingcall [-] Fixed interval looping call 'nova.servicegroup.drivers.db.DbDriver._report_state' sleeping for 119.99 seconds {{(pid=110871) _run_loop /opt/stack/data/venv/lib/python3.12/site-packages/oslo_service/backend/_threading/loopingcall.py:125}}
Jun 29 15:31:41.984070 np0000183491 nova-conductor[110877]: DEBUG oslo.service.backend._threading.loopingcall [-] Fixed interval looping call 'nova.servicegroup.drivers.db.DbDriver._report_state' sleeping for 119.99 seconds {{(pid=110877) _run_loop /opt/stack/data/venv/lib/python3.12/site-packages/oslo_service/backend/_threading/loopingcall.py:125}}
Jun 29 15:31:41.994717 np0000183491 nova-conductor[110896]: DEBUG oslo.service.backend._threading.loopingcall [-] Fixed interval looping call 'nova.servicegroup.drivers.db.DbDriver._report_state' sleeping for 120.00 seconds {{(pid=110896) _run_loop /opt/stack/data/venv/lib/python3.12/site-packages/oslo_service/backend/_threading/loopingcall.py:125}}
Jun 29 15:31:41.997867 np0000183491 nova-conductor[110896]: DEBUG oslo.service.backend._threading.loopingcall [None req-a62c27f8-557c-4753-afe6-c839a31cd1d4 None None] Dynamic interval looping call 'nova.service.Service.periodic_tasks' sleeping for 60.00 seconds {{(pid=110896) _run_loop /opt/stack/data/venv/lib/python3.12/site-packages/oslo_service/backend/_threading/loopingcall.py:125}}
Jun 29 15:31:42.022500 np0000183491 nova-conductor[110885]: DEBUG oslo.service.backend._threading.loopingcall [-] Fixed interval looping call 'nova.servicegroup.drivers.db.DbDriver._report_state' sleeping for 119.99 seconds {{(pid=110885) _run_loop /opt/stack/data/venv/lib/python3.12/site-packages/oslo_service/backend/_threading/loopingcall.py:125}}
Jun 29 15:31:51.970253 np0000183491 nova-conductor[110871]: DEBUG dbcounter [-] [110871] Writing DB stats nova_cell0:SELECT=1,nova_cell0:UPDATE=1 {{(pid=110871) stat_writer /opt/stack/data/venv/lib/python3.12/site-packages/dbcounter.py:115}}
Jun 29 15:31:51.982078 np0000183491 nova-conductor[110877]: DEBUG dbcounter [-] [110877] Writing DB stats nova_cell0:SELECT=1 {{(pid=110877) stat_writer /opt/stack/data/venv/lib/python3.12/site-packages/dbcounter.py:115}}
Jun 29 15:31:51.992048 np0000183491 nova-conductor[110896]: DEBUG dbcounter [-] [110896] Writing DB stats nova_cell0:SELECT=1 {{(pid=110896) stat_writer /opt/stack/data/venv/lib/python3.12/site-packages/dbcounter.py:115}}
Jun 29 15:31:52.025392 np0000183491 nova-conductor[110885]: DEBUG dbcounter [-] [110885] Writing DB stats nova_cell0:SELECT=1 {{(pid=110885) stat_writer /opt/stack/data/venv/lib/python3.12/site-packages/dbcounter.py:115}}
Jun 29 15:31:57.018811 np0000183491 nova-conductor[110885]: DEBUG oslo.service.backend._threading.loopingcall [None req-bdee132e-db91-4cf2-9df3-399b3fb4f59f None None] Dynamic interval looping call 'nova.service.Service.periodic_tasks' sleeping for 60.00 seconds {{(pid=110885) _run_loop /opt/stack/data/venv/lib/python3.12/site-packages/oslo_service/backend/_threading/loopingcall.py:125}}
