2026-04-06 19:57:11.794 8 INFO neutron.db.ovn_revision_numbers_db [None req-e2ebc81d-56bc-4a7d-ba1e-560e1c743a00 bffc1057ace1415bac32138482cce621 9d5ff50eb7f94ebe8672ec983d7ed21f - - default default] Successfully bumped revision number for resource 129ffefe-8651-43c2-afe2-0b99aeee04c1 (type: networks) to 1 [pid: 7|app: 0|req: 1028/2114] 10.0.0.236 () {32 vars in 736 bytes} [Mon Apr 6 19:57:11 2026] DELETE /v2.0/policies/dd3cdb16-eb22-4ee0-932a-fda94920b9c0/tags => generated 0 bytes in 64 msecs (HTTP/1.1 204) 2 headers in 112 bytes (1 switches on core 0) [pid: 7|app: 0|req: 1029/2115] 10.0.0.236 () {32 vars in 733 bytes} [Mon Apr 6 19:57:11 2026] GET /v2.0/policies/dd3cdb16-eb22-4ee0-932a-fda94920b9c0/tags => generated 12 bytes in 34 msecs (HTTP/1.1 200) 4 headers in 156 bytes (1 switches on core 0) [pid: 7|app: 0|req: 1030/2116] 10.0.0.236 () {32 vars in 734 bytes} [Mon Apr 6 19:57:11 2026] DELETE /v2.0/qos/policies/dd3cdb16-eb22-4ee0-932a-fda94920b9c0 => generated 0 bytes in 58 msecs (HTTP/1.1 204) 2 headers in 112 bytes (1 switches on core 0)
2026-04-06 19:57:11.977 8 WARNING neutron.scheduler.dhcp_agent_scheduler [None req-e2ebc81d-56bc-4a7d-ba1e-560e1c743a00 bffc1057ace1415bac32138482cce621 9d5ff50eb7f94ebe8672ec983d7ed21f - - default default] No more DHCP agents
2026-04-06 19:57:11.979 8 WARNING neutron.api.rpc.agentnotifiers.dhcp_rpc_agent_api [None req-e2ebc81d-56bc-4a7d-ba1e-560e1c743a00 bffc1057ace1415bac32138482cce621 9d5ff50eb7f94ebe8672ec983d7ed21f - - default default] Unable to schedule network 129ffefe-8651-43c2-afe2-0b99aeee04c1: no agents available; will retry on subsequent port and subnet creation events.
2026-04-06 19:57:12.040 7 INFO neutron.plugins.ml2.drivers.ovn.mech_driver.mech_driver [None req-74efbc56-9b45-423f-94ab-c5c3d8d2e45e - - - - - -] OVN reports status down for port: 64627b49-d0c2-486f-b46e-1b46c4724627
2026-04-06 19:57:12.050 8 INFO neutron.db.ovn_revision_numbers_db [None req-e2ebc81d-56bc-4a7d-ba1e-560e1c743a00 bffc1057ace1415bac32138482cce621 9d5ff50eb7f94ebe8672ec983d7ed21f - - default default] Successfully bumped revision number for resource 64627b49-d0c2-486f-b46e-1b46c4724627 (type: ports) to 1 [pid: 8|app: 0|req: 1087/2117] 10.0.0.236 () {34 vars in 670 bytes} [Mon Apr 6 19:57:11 2026] POST /v2.0/networks => generated 653 bytes in 485 msecs (HTTP/1.1 201) 4 headers in 162 bytes (1 switches on core 0)
2026-04-06 19:57:12.297 7 WARNING neutron.scheduler.dhcp_agent_scheduler [None req-f459ded0-b4e7-408c-bfb2-f1af8da3e340 bffc1057ace1415bac32138482cce621 9d5ff50eb7f94ebe8672ec983d7ed21f - - default default] No more DHCP agents
2026-04-06 19:57:12.298 7 WARNING neutron.api.rpc.agentnotifiers.dhcp_rpc_agent_api [None req-f459ded0-b4e7-408c-bfb2-f1af8da3e340 bffc1057ace1415bac32138482cce621 9d5ff50eb7f94ebe8672ec983d7ed21f - - default default] Unable to schedule network 129ffefe-8651-43c2-afe2-0b99aeee04c1: no agents available; will retry on subsequent port and subnet creation events.
2026-04-06 19:57:12.331 7 INFO neutron.db.ovn_revision_numbers_db [None req-f459ded0-b4e7-408c-bfb2-f1af8da3e340 bffc1057ace1415bac32138482cce621 9d5ff50eb7f94ebe8672ec983d7ed21f - - default default] Successfully bumped revision number for resource 1f0fb384-50eb-48c6-b683-89c3b2d24773 (type: subnets) to 0 [pid: 7|app: 0|req: 1031/2118] 10.0.0.236 () {34 vars in 669 bytes} [Mon Apr 6 19:57:12 2026] POST /v2.0/subnets => generated 646 bytes in 257 msecs (HTTP/1.1 201) 4 headers in 162 bytes (1 switches on core 0)
2026-04-06 19:57:12.487 8 INFO neutron.db.ovn_revision_numbers_db [None req-379977a7-777f-4f9b-8acf-8d677c4deac5 bffc1057ace1415bac32138482cce621 9d5ff50eb7f94ebe8672ec983d7ed21f - - default default] Successfully bumped revision number for resource 75ed244f-91e7-48fc-8213-484bbca98bc1 (type: routers) to 1 [pid: 8|app: 0|req: 1088/2119] 10.0.0.236 () {34 vars in 669 bytes} [Mon Apr 6 19:57:12 2026] POST /v2.0/routers => generated 607 bytes in 153 msecs (HTTP/1.1 201) 4 headers in 162 bytes (1 switches on core 0)
2026-04-06 19:57:12.879 7 WARNING neutron.scheduler.dhcp_agent_scheduler [None req-2e557f22-ea9e-4146-86d5-2b4870036b78 bffc1057ace1415bac32138482cce621 9d5ff50eb7f94ebe8672ec983d7ed21f - - default default] No more DHCP agents
2026-04-06 19:57:12.882 7 WARNING neutron.api.rpc.agentnotifiers.dhcp_rpc_agent_api [None req-2e557f22-ea9e-4146-86d5-2b4870036b78 bffc1057ace1415bac32138482cce621 9d5ff50eb7f94ebe8672ec983d7ed21f - - default default] Unable to schedule network 129ffefe-8651-43c2-afe2-0b99aeee04c1: no agents available; will retry on subsequent port and subnet creation events.
2026-04-06 19:57:12.927 8 INFO neutron.db.ovn_revision_numbers_db [None req-86e714b7-9f57-4207-bc8a-94f3f85204d8 9598049f81bc4e8a9c92a98d490c69e1 7d59b4ef8dc14dc29205b8731d768f62 - - default default] Successfully bumped revision number for resource e720ae2b-74b4-4694-9a53-e26278321e5c (type: security_groups) to 1
2026-04-06 19:57:12.943 8 INFO neutron.db.ovn_revision_numbers_db [None req-86e714b7-9f57-4207-bc8a-94f3f85204d8 9598049f81bc4e8a9c92a98d490c69e1 7d59b4ef8dc14dc29205b8731d768f62 - - default default] Successfully bumped revision number for resource 7927987e-c2eb-4a03-ada0-75b20402f5ae (type: security_group_rules) to 0
2026-04-06 19:57:12.966 8 INFO neutron.db.ovn_revision_numbers_db [None req-86e714b7-9f57-4207-bc8a-94f3f85204d8 9598049f81bc4e8a9c92a98d490c69e1 7d59b4ef8dc14dc29205b8731d768f62 - - default default] Successfully bumped revision number for resource 87a3e6de-c965-468d-9a3a-f14037aca97c (type: security_group_rules) to 0
2026-04-06 19:57:12.977 7 INFO neutron.plugins.ml2.drivers.ovn.mech_driver.mech_driver [None req-74efbc56-9b45-423f-94ab-c5c3d8d2e45e - - - - - -] OVN reports status down for port: da746dbf-b912-45ea-aa7a-2550b6648f47
2026-04-06 19:57:12.979 8 INFO neutron.db.ovn_revision_numbers_db [None req-86e714b7-9f57-4207-bc8a-94f3f85204d8 9598049f81bc4e8a9c92a98d490c69e1 7d59b4ef8dc14dc29205b8731d768f62 - - default default] Successfully bumped revision number for resource 98cba590-b73f-403b-9e55-f1acb2f86fcc (type: security_group_rules) to 0
2026-04-06 19:57:12.993 8 INFO neutron.db.ovn_revision_numbers_db [None req-86e714b7-9f57-4207-bc8a-94f3f85204d8 9598049f81bc4e8a9c92a98d490c69e1 7d59b4ef8dc14dc29205b8731d768f62 - - default default] Successfully bumped revision number for resource ebfccd16-51dc-442b-b1b3-39cac6cb8b1a (type: security_group_rules) to 0 [pid: 8|app: 0|req: 1089/2120] 10.0.0.236 () {32 vars in 774 bytes} [Mon Apr 6 19:57:12 2026] GET /v2.0/security-groups?tenant_id=59f37bfc73e44b29bde2963b0ce64f50&name=default => generated 2925 bytes in 456 msecs (HTTP/1.1 200) 4 headers in 158 bytes (1 switches on core 0)
2026-04-06 19:57:13.035 7 INFO neutron.db.ovn_revision_numbers_db [None req-2e557f22-ea9e-4146-86d5-2b4870036b78 bffc1057ace1415bac32138482cce621 9d5ff50eb7f94ebe8672ec983d7ed21f - - default default] Successfully bumped revision number for resource da746dbf-b912-45ea-aa7a-2550b6648f47 (type: ports) to 1 [pid: 8|app: 0|req: 1090/2121] 10.0.0.236 () {32 vars in 740 bytes} [Mon Apr 6 19:57:13 2026] DELETE /v2.0/security-groups/e720ae2b-74b4-4694-9a53-e26278321e5c => generated 0 bytes in 259 msecs (HTTP/1.1 204) 2 headers in 112 bytes (1 switches on core 0)
2026-04-06 19:57:13.591 8 INFO neutron.db.ovn_revision_numbers_db [None req-6a869516-1a1b-45bb-be4b-db0582c08523 9598049f81bc4e8a9c92a98d490c69e1 7d59b4ef8dc14dc29205b8731d768f62 - - default default] Successfully bumped revision number for resource 4b26ba1d-357b-4651-b889-c9f45d377608 (type: security_groups) to 1
2026-04-06 19:57:13.606 8 INFO neutron.db.ovn_revision_numbers_db [None req-6a869516-1a1b-45bb-be4b-db0582c08523 9598049f81bc4e8a9c92a98d490c69e1 7d59b4ef8dc14dc29205b8731d768f62 - - default default] Successfully bumped revision number for resource 26a440eb-2ed6-4571-ab11-994407599e18 (type: security_group_rules) to 0
2026-04-06 19:57:13.607 7 INFO neutron.plugins.ml2.drivers.ovn.mech_driver.mech_driver [None req-74efbc56-9b45-423f-94ab-c5c3d8d2e45e - - - - - -] OVN reports status up for port: da746dbf-b912-45ea-aa7a-2550b6648f47
2026-04-06 19:57:13.630 8 INFO neutron.db.ovn_revision_numbers_db [None req-6a869516-1a1b-45bb-be4b-db0582c08523 9598049f81bc4e8a9c92a98d490c69e1 7d59b4ef8dc14dc29205b8731d768f62 - - default default] Successfully bumped revision number for resource 362276a0-6b5e-421a-a159-17ccb14ea2e4 (type: security_group_rules) to 0
2026-04-06 19:57:13.642 7 INFO neutron.plugins.ml2.plugin [None req-74efbc56-9b45-423f-94ab-c5c3d8d2e45e - - - - - -] Attempt 1 to provision port da746dbf-b912-45ea-aa7a-2550b6648f47
2026-04-06 19:57:13.648 8 INFO neutron.db.ovn_revision_numbers_db [None req-6a869516-1a1b-45bb-be4b-db0582c08523 9598049f81bc4e8a9c92a98d490c69e1 7d59b4ef8dc14dc29205b8731d768f62 - - default default] Successfully bumped revision number for resource 610cfed6-65ae-4b86-8228-e0939be73279 (type: security_group_rules) to 0
2026-04-06 19:57:13.659 8 INFO neutron.db.ovn_revision_numbers_db [None req-6a869516-1a1b-45bb-be4b-db0582c08523 9598049f81bc4e8a9c92a98d490c69e1 7d59b4ef8dc14dc29205b8731d768f62 - - default default] Successfully bumped revision number for resource 8647eb21-584c-4df9-b2cc-a30d70677de2 (type: security_group_rules) to 0 [pid: 8|app: 0|req: 1091/2122] 10.0.0.236 () {32 vars in 774 bytes} [Mon Apr 6 19:57:13 2026] GET /v2.0/security-groups?tenant_id=a132d63c197d49c3aa70400a191df813&name=default => generated 2925 bytes in 273 msecs (HTTP/1.1 200) 4 headers in 158 bytes (1 switches on core 0)
2026-04-06 19:57:13.768 7 WARNING neutron.scheduler.dhcp_agent_scheduler [None req-2e557f22-ea9e-4146-86d5-2b4870036b78 bffc1057ace1415bac32138482cce621 9d5ff50eb7f94ebe8672ec983d7ed21f - - default default] No more DHCP agents
2026-04-06 19:57:13.770 7 WARNING neutron.api.rpc.agentnotifiers.dhcp_rpc_agent_api [None req-2e557f22-ea9e-4146-86d5-2b4870036b78 bffc1057ace1415bac32138482cce621 9d5ff50eb7f94ebe8672ec983d7ed21f - - default default] Unable to schedule network 129ffefe-8651-43c2-afe2-0b99aeee04c1: no agents available; will retry on subsequent port and subnet creation events. [pid: 8|app: 0|req: 1092/2123] 10.0.0.236 () {32 vars in 740 bytes} [Mon Apr 6 19:57:13 2026] DELETE /v2.0/security-groups/4b26ba1d-357b-4651-b889-c9f45d377608 => generated 0 bytes in 266 msecs (HTTP/1.1 204) 2 headers in 112 bytes (1 switches on core 0)
2026-04-06 19:57:14.014 8 WARNING neutron.plugins.ml2.drivers.ovn.mech_driver.ovsdb.ovn_client [None req-4896cafd-140c-40b8-bae0-d0e8957e86c1 - - - - - -] No port found with ID f1ca54b0-1446-4706-8ca3-2d5bdb33d906: RuntimeError: No port found with ID f1ca54b0-1446-4706-8ca3-2d5bdb33d906
2026-04-06 19:57:14.435 8 INFO neutron.db.ovn_revision_numbers_db [None req-d519ecc7-45ed-414f-8732-6d875ffc9256 9598049f81bc4e8a9c92a98d490c69e1 7d59b4ef8dc14dc29205b8731d768f62 - - default default] Successfully bumped revision number for resource 9dc27f3d-a3b4-40c6-9965-2725bff39d77 (type: security_groups) to 1
2026-04-06 19:57:14.450 8 INFO neutron.db.ovn_revision_numbers_db [None req-d519ecc7-45ed-414f-8732-6d875ffc9256 9598049f81bc4e8a9c92a98d490c69e1 7d59b4ef8dc14dc29205b8731d768f62 - - default default] Successfully bumped revision number for resource 1567989f-13bc-4886-8412-235e03f303c1 (type: security_group_rules) to 0
2026-04-06 19:57:14.465 8 INFO neutron.db.ovn_revision_numbers_db [None req-d519ecc7-45ed-414f-8732-6d875ffc9256 9598049f81bc4e8a9c92a98d490c69e1 7d59b4ef8dc14dc29205b8731d768f62 - - default default] Successfully bumped revision number for resource b538a549-e1c3-4ad4-a691-5ff8f8f2ee13 (type: security_group_rules) to 0
2026-04-06 19:57:14.475 8 INFO neutron.db.ovn_revision_numbers_db [None req-d519ecc7-45ed-414f-8732-6d875ffc9256 9598049f81bc4e8a9c92a98d490c69e1 7d59b4ef8dc14dc29205b8731d768f62 - - default default] Successfully bumped revision number for resource c2c6a554-2447-4f71-bc73-3c696c7b1350 (type: security_group_rules) to 0
2026-04-06 19:57:14.487 8 INFO neutron.db.ovn_revision_numbers_db [None req-d519ecc7-45ed-414f-8732-6d875ffc9256 9598049f81bc4e8a9c92a98d490c69e1 7d59b4ef8dc14dc29205b8731d768f62 - - default default] Successfully bumped revision number for resource cb18544b-5066-4209-8fae-5feb18c101ef (type: security_group_rules) to 0 [pid: 8|app: 0|req: 1093/2124] 10.0.0.236 () {32 vars in 774 bytes} [Mon Apr 6 19:57:14 2026] GET /v2.0/security-groups?tenant_id=a6886a6ee0a247e1b38ab9d3afadeb91&name=default => generated 2925 bytes in 393 msecs (HTTP/1.1 200) 4 headers in 158 bytes (1 switches on core 0) [pid: 8|app: 0|req: 1094/2125] 10.0.0.236 () {32 vars in 740 bytes} [Mon Apr 6 19:57:14 2026] DELETE /v2.0/security-groups/9dc27f3d-a3b4-40c6-9965-2725bff39d77 => generated 0 bytes in 253 msecs (HTTP/1.1 204) 2 headers in 112 bytes (1 switches on core 0)
2026-04-06 19:57:14.948 7 INFO neutron.db.ovn_revision_numbers_db [None req-2e557f22-ea9e-4146-86d5-2b4870036b78 bffc1057ace1415bac32138482cce621 9d5ff50eb7f94ebe8672ec983d7ed21f - - default default] Successfully bumped revision number for resource da746dbf-b912-45ea-aa7a-2550b6648f47 (type: router_ports) to 1 [pid: 7|app: 0|req: 1032/2126] 10.0.0.236 () {34 vars in 783 bytes} [Mon Apr 6 19:57:12 2026] PUT /v2.0/routers/75ed244f-91e7-48fc-8213-484bbca98bc1/add_router_interface => generated 309 bytes in 2450 msecs (HTTP/1.1 200) 4 headers in 157 bytes (1 switches on core 0) [pid: 8|app: 0|req: 1095/2127] 10.0.0.236 () {32 vars in 717 bytes} [Mon Apr 6 19:57:14 2026] GET /v2.0/ports/da746dbf-b912-45ea-aa7a-2550b6648f47 => generated 947 bytes in 86 msecs (HTTP/1.1 200) 4 headers in 157 bytes (1 switches on core 0)
2026-04-06 19:57:15.082 7 INFO neutron.db.ovn_revision_numbers_db [None req-74efbc56-9b45-423f-94ab-c5c3d8d2e45e - - - - - -] Successfully bumped revision number for resource da746dbf-b912-45ea-aa7a-2550b6648f47 (type: ports) to 2 [pid: 7|app: 0|req: 1033/2128] 10.0.0.236 () {32 vars in 717 bytes} [Mon Apr 6 19:57:15 2026] GET /v2.0/ports/da746dbf-b912-45ea-aa7a-2550b6648f47 => generated 947 bytes in 70 msecs (HTTP/1.1 200) 4 headers in 157 bytes (1 switches on core 0)
2026-04-06 19:57:15.405 8 INFO neutron_taas.services.taas.taas_plugin [None req-1ee6fd12-a367-49fb-86c0-d299df06c919 bffc1057ace1415bac32138482cce621 9d5ff50eb7f94ebe8672ec983d7ed21f - - default default] TaaS: Handle Delete Port: da746dbf-b912-45ea-aa7a-2550b6648f47
2026-04-06 19:57:15.408 8 INFO neutron_taas.services.taas.tap_mirror_plugin [None req-1ee6fd12-a367-49fb-86c0-d299df06c919 bffc1057ace1415bac32138482cce621 9d5ff50eb7f94ebe8672ec983d7ed21f - - default default] Tap Mirror: Handle Delete Port: da746dbf-b912-45ea-aa7a-2550b6648f47 [pid: 8|app: 0|req: 1096/2129] 10.0.0.236 () {34 vars in 789 bytes} [Mon Apr 6 19:57:15 2026] PUT /v2.0/routers/75ed244f-91e7-48fc-8213-484bbca98bc1/remove_router_interface => generated 309 bytes in 550 msecs (HTTP/1.1 200) 4 headers in 157 bytes (1 switches on core 0) [pid: 7|app: 0|req: 1034/2130] 10.0.0.236 () {32 vars in 736 bytes} [Mon Apr 6 19:57:15 2026] GET /v2.0/ports?device_id=75ed244f-91e7-48fc-8213-484bbca98bc1 => generated 12 bytes in 31 msecs (HTTP/1.1 200) 4 headers in 156 bytes (1 switches on core 0) /var/lib/openstack/lib/python3.12/site-packages/pycadf/identifier.py:70: UserWarning: Invalid uuid: neutron. To ensure interoperability, identifiers should be a valid uuid. warnings.warn(('Invalid uuid: %s. To ensure interoperability, ' [pid: 8|app: 0|req: 1097/2131] 10.0.0.236 () {32 vars in 724 bytes} [Mon Apr 6 19:57:15 2026] DELETE /v2.0/routers/75ed244f-91e7-48fc-8213-484bbca98bc1 => generated 0 bytes in 210 msecs (HTTP/1.1 204) 2 headers in 112 bytes (1 switches on core 0) [pid: 7|app: 0|req: 1035/2132] 10.0.0.236 () {32 vars in 724 bytes} [Mon Apr 6 19:57:15 2026] DELETE /v2.0/subnets/1f0fb384-50eb-48c6-b683-89c3b2d24773 => generated 0 bytes in 148 msecs (HTTP/1.1 204) 3 headers in 131 bytes (1 switches on core 0)
2026-04-06 19:57:16.217 8 INFO neutron_taas.services.taas.taas_plugin [None req-777d57cf-692a-4c3b-bc52-58ec9f6e52af bffc1057ace1415bac32138482cce621 9d5ff50eb7f94ebe8672ec983d7ed21f - - default default] TaaS: Handle Delete Port: 64627b49-d0c2-486f-b46e-1b46c4724627
2026-04-06 19:57:16.222 8 INFO neutron_taas.services.taas.tap_mirror_plugin [None req-777d57cf-692a-4c3b-bc52-58ec9f6e52af bffc1057ace1415bac32138482cce621 9d5ff50eb7f94ebe8672ec983d7ed21f - - default default] Tap Mirror: Handle Delete Port: 64627b49-d0c2-486f-b46e-1b46c4724627
2026-04-06 19:57:16.423 8 INFO neutron.services.segments.plugin [-] Segment 22122b73-a17a-4eff-a308-d12e6804afc4 resource provider aggregate not found
2026-04-06 19:57:16.424 8 INFO neutron.services.segments.plugin [-] Segment 22122b73-a17a-4eff-a308-d12e6804afc4 resource provider aggregate not found
2026-04-06 19:57:16.461 8 INFO neutron.services.segments.plugin [-] Segment 22122b73-a17a-4eff-a308-d12e6804afc4 resource provider not found; error: Placement Client Error (4xx): {"errors": [{"status": 404, "title": "Not Found", "detail": "The resource could not be found.\n\n No resource provider with uuid 22122b73-a17a-4eff-a308-d12e6804afc4 found for delete ", "request_id": "req-65f29050-917e-43f4-a401-dec985dbcbbe"}]}
2026-04-06 19:57:16.501 8 INFO neutron.services.segments.plugin [-] Segment 22122b73-a17a-4eff-a308-d12e6804afc4 resource provider not found; error: Placement Client Error (4xx): {"errors": [{"status": 404, "title": "Not Found", "detail": "The resource could not be found.\n\n No resource provider with uuid 22122b73-a17a-4eff-a308-d12e6804afc4 found for delete ", "request_id": "req-271c35c9-f7c1-45f3-bbdd-5b365476eee6"}]} [pid: 8|app: 0|req: 1098/2133] 10.0.0.236 () {32 vars in 726 bytes} [Mon Apr 6 19:57:16 2026] DELETE /v2.0/networks/129ffefe-8651-43c2-afe2-0b99aeee04c1 => generated 0 bytes in 430 msecs (HTTP/1.1 204) 3 headers in 131 bytes (1 switches on core 0)
2026-04-06 19:57:16.945 7 WARNING neutron.scheduler.dhcp_agent_scheduler [None req-94d1d7e9-f9fe-4de5-bec8-c48a6e167b4a bffc1057ace1415bac32138482cce621 9d5ff50eb7f94ebe8672ec983d7ed21f - - default default] No more DHCP agents
2026-04-06 19:57:16.946 7 WARNING neutron.api.rpc.agentnotifiers.dhcp_rpc_agent_api [None req-94d1d7e9-f9fe-4de5-bec8-c48a6e167b4a bffc1057ace1415bac32138482cce621 9d5ff50eb7f94ebe8672ec983d7ed21f - - default default] Unable to schedule network 3f6bb486-d1fb-4a72-b691-c0e7fb22ced9: no agents available; will retry on subsequent port and subnet creation events.
2026-04-06 19:57:17.101 7 INFO neutron.db.ovn_revision_numbers_db [None req-94d1d7e9-f9fe-4de5-bec8-c48a6e167b4a bffc1057ace1415bac32138482cce621 9d5ff50eb7f94ebe8672ec983d7ed21f - - default default] Successfully bumped revision number for resource c4af3ea1-b7a7-4f92-9888-aa2a80c24e06 (type: ports) to 1
2026-04-06 19:57:17.387 8 INFO neutron.db.ovn_revision_numbers_db [None req-42948b48-bc98-4a5e-ab34-071df5b5a16d 7688265760ea4842b392736be5d964e6 77a8ac1d7c654de488d22ab63eb6618a - - default default] Successfully bumped revision number for resource 222cddbd-b760-44d6-8b13-581a0c30a121 (type: routers) to 1 [pid: 8|app: 0|req: 1099/2134] 10.0.0.236 () {34 vars in 668 bytes} [Mon Apr 6 19:57:17 2026] POST /v2.0/routers => generated 570 bytes in 309 msecs (HTTP/1.1 201) 4 headers in 162 bytes (1 switches on core 0) [pid: 8|app: 0|req: 1100/2135] 10.0.0.236 () {34 vars in 751 bytes} [Mon Apr 6 19:57:17 2026] PUT /v2.0/routers/222cddbd-b760-44d6-8b13-581a0c30a121/tags => generated 25 bytes in 82 msecs (HTTP/1.1 200) 4 headers in 156 bytes (1 switches on core 0) [pid: 8|app: 0|req: 1101/2136] 10.0.0.236 () {32 vars in 731 bytes} [Mon Apr 6 19:57:17 2026] GET /v2.0/routers/222cddbd-b760-44d6-8b13-581a0c30a121/tags => generated 25 bytes in 66 msecs (HTTP/1.1 200) 4 headers in 156 bytes (1 switches on core 0) [pid: 8|app: 0|req: 1102/2137] 10.0.0.236 () {34 vars in 762 bytes} [Mon Apr 6 19:57:17 2026] PUT /v2.0/routers/222cddbd-b760-44d6-8b13-581a0c30a121/tags/green => generated 4 bytes in 98 msecs (HTTP/1.1 201) 4 headers in 160 bytes (1 switches on core 0)
2026-04-06 19:57:17.744 7 INFO neutron.plugins.ml2.drivers.ovn.mech_driver.ovsdb.commands [None req-db84ee60-24ae-4235-9909-355c0a9e3fa1 - - - - - -] Schedule LRP lrp-c4af3ea1-b7a7-4f92-9888-aa2a80c24e06 on gateway b274ee1a-deb5-41bf-ae2e-0493721a0829 with priority 1 [pid: 8|app: 0|req: 1103/2138] 10.0.0.236 () {32 vars in 731 bytes} [Mon Apr 6 19:57:17 2026] GET /v2.0/routers/222cddbd-b760-44d6-8b13-581a0c30a121/tags => generated 34 bytes in 99 msecs (HTTP/1.1 200) 4 headers in 156 bytes (1 switches on core 0)
2026-04-06 19:57:17.844 7 INFO neutron.db.ovn_revision_numbers_db [None req-94d1d7e9-f9fe-4de5-bec8-c48a6e167b4a bffc1057ace1415bac32138482cce621 9d5ff50eb7f94ebe8672ec983d7ed21f - - default default] Successfully bumped revision number for resource c4af3ea1-b7a7-4f92-9888-aa2a80c24e06 (type: router_ports) to 1
2026-04-06 19:57:17.927 7 INFO neutron.db.ovn_revision_numbers_db [None req-94d1d7e9-f9fe-4de5-bec8-c48a6e167b4a bffc1057ace1415bac32138482cce621 9d5ff50eb7f94ebe8672ec983d7ed21f - - default default] Successfully bumped revision number for resource 61981c81-0420-4797-9b2f-396d38f47a40 (type: routers) to 2 [pid: 8|app: 0|req: 1104/2139] 10.0.0.236 () {34 vars in 758 bytes} [Mon Apr 6 19:57:17 2026] PUT /v2.0/routers/222cddbd-b760-44d6-8b13-581a0c30a121/tags/red => generated 4 bytes in 157 msecs (HTTP/1.1 201) 4 headers in 160 bytes (1 switches on core 0) [pid: 7|app: 0|req: 1036/2140] 10.0.0.236 () {34 vars in 669 bytes} [Mon Apr 6 19:57:16 2026] POST /v2.0/routers => generated 952 bytes in 1413 msecs (HTTP/1.1 201) 4 headers in 162 bytes (1 switches on core 0) [pid: 8|app: 0|req: 1105/2141] 10.0.0.236 () {32 vars in 731 bytes} [Mon Apr 6 19:57:17 2026] GET /v2.0/routers/222cddbd-b760-44d6-8b13-581a0c30a121/tags => generated 34 bytes in 73 msecs (HTTP/1.1 200) 4 headers in 156 bytes (1 switches on core 0) [pid: 7|app: 0|req: 1037/2142] 10.0.0.236 () {32 vars in 721 bytes} [Mon Apr 6 19:57:17 2026] GET /v2.0/routers/61981c81-0420-4797-9b2f-396d38f47a40 => generated 958 bytes in 70 msecs (HTTP/1.1 200) 4 headers in 157 bytes (1 switches on core 0) [pid: 7|app: 0|req: 1038/2143] 10.0.0.236 () {32 vars in 647 bytes} [Mon Apr 6 19:57:18 2026] GET /v2.0/routers => generated 961 bytes in 88 msecs (HTTP/1.1 200) 4 headers in 157 bytes (1 switches on core 0) [pid: 8|app: 0|req: 1106/2144] 10.0.0.236 () {34 vars in 780 bytes} [Mon Apr 6 19:57:18 2026] PUT /v2.0/routers/222cddbd-b760-44d6-8b13-581a0c30a121/tags/black.or.white => generated 4 bytes in 112 msecs (HTTP/1.1 201) 4 headers in 160 bytes (1 switches on core 0) [pid: 8|app: 0|req: 1107/2145] 10.0.0.236 () {32 vars in 731 bytes} [Mon Apr 6 19:57:18 2026] GET /v2.0/routers/222cddbd-b760-44d6-8b13-581a0c30a121/tags => generated 52 bytes in 71 msecs (HTTP/1.1 200) 4 headers in 156 bytes (1 switches on core 0) [pid: 8|app: 0|req: 1108/2146] 10.0.0.236 () {34 vars in 751 bytes} [Mon Apr 6 19:57:18 2026] PUT /v2.0/routers/222cddbd-b760-44d6-8b13-581a0c30a121/tags => generated 37 bytes in 98 msecs (HTTP/1.1 200) 4 headers in 156 bytes (1 switches on core 0) [pid: 8|app: 0|req: 1109/2147] 10.0.0.236 () {32 vars in 731 bytes} [Mon Apr 6 19:57:18 2026] GET /v2.0/routers/222cddbd-b760-44d6-8b13-581a0c30a121/tags => generated 37 bytes in 71 msecs (HTTP/1.1 200) 4 headers in 156 bytes (1 switches on core 0) [pid: 8|app: 0|req: 1110/2148] 10.0.0.236 () {32 vars in 739 bytes} [Mon Apr 6 19:57:18 2026] GET /v2.0/routers/222cddbd-b760-44d6-8b13-581a0c30a121/tags/red => generated 0 bytes in 89 msecs (HTTP/1.1 204) 2 headers in 112 bytes (1 switches on core 0)
2026-04-06 19:57:18.526 7 INFO neutron.db.ovn_revision_numbers_db [None req-6d151f5d-a652-41b5-8cac-4227bae7b1a2 bffc1057ace1415bac32138482cce621 9d5ff50eb7f94ebe8672ec983d7ed21f - - default default] Successfully bumped revision number for resource 61981c81-0420-4797-9b2f-396d38f47a40 (type: routers) to 3 [pid: 7|app: 0|req: 1039/2149] 10.0.0.236 () {34 vars in 741 bytes} [Mon Apr 6 19:57:18 2026] PUT /v2.0/routers/61981c81-0420-4797-9b2f-396d38f47a40 => generated 965 bytes in 415 msecs (HTTP/1.1 200) 4 headers in 157 bytes (1 switches on core 0)
2026-04-06 19:57:18.562 8 INFO neutron.api.v2.resource [None req-fdf12c4b-0adb-4170-8087-e1d3bbc48267 7688265760ea4842b392736be5d964e6 77a8ac1d7c654de488d22ab63eb6618a - - default default] show failed (client error): The resource could not be found. [pid: 8|app: 0|req: 1111/2150] 10.0.0.236 () {32 vars in 743 bytes} [Mon Apr 6 19:57:18 2026] GET /v2.0/routers/222cddbd-b760-44d6-8b13-581a0c30a121/tags/green => generated 99 bytes in 61 msecs (HTTP/1.1 404) 4 headers in 163 bytes (1 switches on core 0) [pid: 7|app: 0|req: 1040/2151] 10.0.0.236 () {32 vars in 721 bytes} [Mon Apr 6 19:57:18 2026] GET /v2.0/routers/61981c81-0420-4797-9b2f-396d38f47a40 => generated 965 bytes in 57 msecs (HTTP/1.1 200) 4 headers in 157 bytes (1 switches on core 0) [pid: 7|app: 0|req: 1041/2152] 10.0.0.236 () {32 vars in 736 bytes} [Mon Apr 6 19:57:18 2026] GET /v2.0/ports?device_id=61981c81-0420-4797-9b2f-396d38f47a40 => generated 12 bytes in 14 msecs (HTTP/1.1 200) 4 headers in 156 bytes (1 switches on core 0) [pid: 8|app: 0|req: 1112/2153] 10.0.0.236 () {32 vars in 742 bytes} [Mon Apr 6 19:57:18 2026] DELETE /v2.0/routers/222cddbd-b760-44d6-8b13-581a0c30a121/tags/red => generated 0 bytes in 66 msecs (HTTP/1.1 204) 2 headers in 112 bytes (1 switches on core 0) [pid: 8|app: 0|req: 1113/2154] 10.0.0.236 () {32 vars in 731 bytes} [Mon Apr 6 19:57:18 2026] GET /v2.0/routers/222cddbd-b760-44d6-8b13-581a0c30a121/tags => generated 30 bytes in 63 msecs (HTTP/1.1 200) 4 headers in 156 bytes (1 switches on core 0)
2026-04-06 19:57:18.778 8 INFO neutron.api.v2.resource [None req-07c04e68-8c02-4d33-af2a-f65a7e63bc1d 7688265760ea4842b392736be5d964e6 77a8ac1d7c654de488d22ab63eb6618a - - default default] delete failed (client error): The resource could not be found. [pid: 8|app: 0|req: 1114/2155] 10.0.0.236 () {32 vars in 746 bytes} [Mon Apr 6 19:57:18 2026] DELETE /v2.0/routers/222cddbd-b760-44d6-8b13-581a0c30a121/tags/green => generated 99 bytes in 75 msecs (HTTP/1.1 404) 4 headers in 163 bytes (1 switches on core 0)
2026-04-06 19:57:18.852 7 INFO neutron_taas.services.taas.taas_plugin [None req-9c8de064-67a1-4aa9-9802-1f3def104993 bffc1057ace1415bac32138482cce621 9d5ff50eb7f94ebe8672ec983d7ed21f - - default default] TaaS: Handle Delete Port: c4af3ea1-b7a7-4f92-9888-aa2a80c24e06
2026-04-06 19:57:18.855 7 INFO neutron_taas.services.taas.tap_mirror_plugin [None req-9c8de064-67a1-4aa9-9802-1f3def104993 bffc1057ace1415bac32138482cce621 9d5ff50eb7f94ebe8672ec983d7ed21f - - default default] Tap Mirror: Handle Delete Port: c4af3ea1-b7a7-4f92-9888-aa2a80c24e06 [pid: 8|app: 0|req: 1115/2156] 10.0.0.236 () {32 vars in 734 bytes} [Mon Apr 6 19:57:18 2026] DELETE /v2.0/routers/222cddbd-b760-44d6-8b13-581a0c30a121/tags => generated 0 bytes in 96 msecs (HTTP/1.1 204) 2 headers in 112 bytes (1 switches on core 0) [pid: 8|app: 0|req: 1116/2157] 10.0.0.236 () {32 vars in 731 bytes} [Mon Apr 6 19:57:18 2026] GET /v2.0/routers/222cddbd-b760-44d6-8b13-581a0c30a121/tags => generated 12 bytes in 66 msecs (HTTP/1.1 200) 4 headers in 156 bytes (1 switches on core 0)
2026-04-06 19:57:19.228 8 INFO neutron.db.ovn_revision_numbers_db [None req-ba661c4f-ffe0-4c0a-ab3b-15bcc94d93a9 ef670455e37f43ad807d49359ef57924 052280f9db6a47ff939d2b599c5e98c5 - - default default] Successfully bumped revision number for resource 10bcd662-da23-4f1c-97e5-78bc0f88d017 (type: security_groups) to 1
2026-04-06 19:57:19.243 8 INFO neutron.db.ovn_revision_numbers_db [None req-ba661c4f-ffe0-4c0a-ab3b-15bcc94d93a9 ef670455e37f43ad807d49359ef57924 052280f9db6a47ff939d2b599c5e98c5 - - default default] Successfully bumped revision number for resource 17769a50-ae92-4563-87f8-a8c60c1a8ca4 (type: security_group_rules) to 0 [pid: 7|app: 0|req: 1042/2158] 10.0.0.236 () {32 vars in 724 bytes} [Mon Apr 6 19:57:18 2026] DELETE /v2.0/routers/61981c81-0420-4797-9b2f-396d38f47a40 => generated 0 bytes in 634 msecs (HTTP/1.1 204) 2 headers in 112 bytes (1 switches on core 0)
2026-04-06 19:57:19.257 8 INFO neutron.db.ovn_revision_numbers_db [None req-ba661c4f-ffe0-4c0a-ab3b-15bcc94d93a9 ef670455e37f43ad807d49359ef57924 052280f9db6a47ff939d2b599c5e98c5 - - default default] Successfully bumped revision number for resource a956c488-4ae6-44f6-a907-7a51c3c253be (type: security_group_rules) to 0
2026-04-06 19:57:19.270 8 INFO neutron.db.ovn_revision_numbers_db [None req-ba661c4f-ffe0-4c0a-ab3b-15bcc94d93a9 ef670455e37f43ad807d49359ef57924 052280f9db6a47ff939d2b599c5e98c5 - - default default] Successfully bumped revision number for resource e54f0cfc-76f2-4d5f-85db-5b12aad03da0 (type: security_group_rules) to 0 [pid: 7|app: 0|req: 1043/2159] 10.0.0.236 () {32 vars in 721 bytes} [Mon Apr 6 19:57:19 2026] GET /v2.0/routers/222cddbd-b760-44d6-8b13-581a0c30a121 => generated 576 bytes in 28 msecs (HTTP/1.1 200) 4 headers in 157 bytes (1 switches on core 0)
2026-04-06 19:57:19.281 8 INFO neutron.db.ovn_revision_numbers_db [None req-ba661c4f-ffe0-4c0a-ab3b-15bcc94d93a9 ef670455e37f43ad807d49359ef57924 052280f9db6a47ff939d2b599c5e98c5 - - default default] Successfully bumped revision number for resource fea0db79-3a0d-4300-92af-2da9eeb54829 (type: security_group_rules) to 0 [pid: 7|app: 0|req: 1044/2160] 10.0.0.236 () {32 vars in 736 bytes} [Mon Apr 6 19:57:19 2026] GET /v2.0/ports?device_id=61981c81-0420-4797-9b2f-396d38f47a40 => generated 12 bytes in 12 msecs (HTTP/1.1 200) 4 headers in 156 bytes (1 switches on core 0)
2026-04-06 19:57:19.349 8 INFO neutron.db.segments_db [None req-ba661c4f-ffe0-4c0a-ab3b-15bcc94d93a9 ef670455e37f43ad807d49359ef57924 052280f9db6a47ff939d2b599c5e98c5 - - default default] Added segment 9d949483-6fa5-4472-9f08-3333f8348ec8 of type geneve for network 088f4dfa-29df-4815-a482-e549e2e95160
2026-04-06 19:57:19.465 8 INFO neutron.db.ovn_revision_numbers_db [None req-ba661c4f-ffe0-4c0a-ab3b-15bcc94d93a9 ef670455e37f43ad807d49359ef57924 052280f9db6a47ff939d2b599c5e98c5 - - default default] Successfully bumped revision number for resource 088f4dfa-29df-4815-a482-e549e2e95160 (type: networks) to 1
2026-04-06 19:57:19.571 7 INFO neutron.db.ovn_revision_numbers_db [None req-9539398a-8502-469a-99c6-f16e6c4a9f55 7688265760ea4842b392736be5d964e6 77a8ac1d7c654de488d22ab63eb6618a - - default default] Successfully bumped revision number for resource 222cddbd-b760-44d6-8b13-581a0c30a121 (type: routers) to 7 [pid: 7|app: 0|req: 1045/2161] 10.0.0.236 () {34 vars in 742 bytes} [Mon Apr 6 19:57:19 2026] PUT /v2.0/routers/222cddbd-b760-44d6-8b13-581a0c30a121 => generated 576 bytes in 285 msecs (HTTP/1.1 200) 4 headers in 157 bytes (1 switches on core 0)
2026-04-06 19:57:19.600 7 INFO neutron.api.v2.resource [None req-f1405636-85e9-46af-b1db-2eb7bf56d0e2 bffc1057ace1415bac32138482cce621 9d5ff50eb7f94ebe8672ec983d7ed21f - - default default] delete failed (client error): The resource could not be found. [pid: 7|app: 0|req: 1046/2162] 10.0.0.236 () {32 vars in 724 bytes} [Mon Apr 6 19:57:19 2026] DELETE /v2.0/routers/61981c81-0420-4797-9b2f-396d38f47a40 => generated 135 bytes in 22 msecs (HTTP/1.1 404) 4 headers in 164 bytes (1 switches on core 0) [pid: 7|app: 0|req: 1047/2163] 10.0.0.236 () {32 vars in 736 bytes} [Mon Apr 6 19:57:19 2026] GET /v2.0/ports?device_id=222cddbd-b760-44d6-8b13-581a0c30a121 => generated 12 bytes in 18 msecs (HTTP/1.1 200) 4 headers in 156 bytes (1 switches on core 0)
2026-04-06 19:57:19.625 8 WARNING neutron.scheduler.dhcp_agent_scheduler [None req-ba661c4f-ffe0-4c0a-ab3b-15bcc94d93a9 ef670455e37f43ad807d49359ef57924 052280f9db6a47ff939d2b599c5e98c5 - - default default] No more DHCP agents
2026-04-06 19:57:19.627 8 WARNING neutron.api.rpc.agentnotifiers.dhcp_rpc_agent_api [None req-ba661c4f-ffe0-4c0a-ab3b-15bcc94d93a9 ef670455e37f43ad807d49359ef57924 052280f9db6a47ff939d2b599c5e98c5 - - default default] Unable to schedule network 088f4dfa-29df-4815-a482-e549e2e95160: no agents available; will retry on subsequent port and subnet creation events. [pid: 7|app: 0|req: 1048/2164] 10.0.0.236 () {32 vars in 736 bytes} [Mon Apr 6 19:57:19 2026] GET /v2.0/ports?device_id=75ed244f-91e7-48fc-8213-484bbca98bc1 => generated 12 bytes in 19 msecs (HTTP/1.1 200) 4 headers in 156 bytes (1 switches on core 0)
2026-04-06 19:57:19.721 8 INFO neutron.db.ovn_revision_numbers_db [None req-ba661c4f-ffe0-4c0a-ab3b-15bcc94d93a9 ef670455e37f43ad807d49359ef57924 052280f9db6a47ff939d2b599c5e98c5 - - default default] Successfully bumped revision number for resource 24d68e09-f7bb-476b-a7c2-61f860ecbd44 (type: ports) to 1 [pid: 8|app: 0|req: 1117/2165] 10.0.0.236 () {34 vars in 670 bytes} [Mon Apr 6 19:57:18 2026] POST /v2.0/networks => generated 749 bytes in 796 msecs (HTTP/1.1 201) 4 headers in 162 bytes (1 switches on core 0)
2026-04-06 19:57:19.766 8 INFO neutron.api.v2.resource [None req-d5c6b399-fb35-4a30-a53f-53655f66cb40 bffc1057ace1415bac32138482cce621 9d5ff50eb7f94ebe8672ec983d7ed21f - - default default] delete failed (client error): The resource could not be found. [pid: 8|app: 0|req: 1118/2166] 10.0.0.236 () {32 vars in 724 bytes} [Mon Apr 6 19:57:19 2026] DELETE /v2.0/routers/75ed244f-91e7-48fc-8213-484bbca98bc1 => generated 135 bytes in 21 msecs (HTTP/1.1 404) 4 headers in 164 bytes (1 switches on core 0) [pid: 7|app: 0|req: 1049/2167] 10.0.0.236 () {32 vars in 724 bytes} [Mon Apr 6 19:57:19 2026] DELETE /v2.0/routers/222cddbd-b760-44d6-8b13-581a0c30a121 => generated 0 bytes in 241 msecs (HTTP/1.1 204) 2 headers in 112 bytes (1 switches on core 0)
2026-04-06 19:57:19.892 7 INFO neutron.pecan_wsgi.hooks.translation [None req-3e90b30e-98a7-4935-9d42-26f5917a03a3 bffc1057ace1415bac32138482cce621 9d5ff50eb7f94ebe8672ec983d7ed21f - - default default] DELETE failed (client error): The resource could not be found. [pid: 7|app: 0|req: 1050/2168] 10.0.0.236 () {32 vars in 724 bytes} [Mon Apr 6 19:57:19 2026] DELETE /v2.0/subnets/1f0fb384-50eb-48c6-b683-89c3b2d24773 => generated 136 bytes in 13 msecs (HTTP/1.1 404) 4 headers in 164 bytes (1 switches on core 0) [pid: 7|app: 0|req: 1051/2169] 10.0.0.236 () {32 vars in 736 bytes} [Mon Apr 6 19:57:19 2026] GET /v2.0/ports?device_id=f39a997d-69eb-464d-b90b-4425af5c553a => generated 12 bytes in 17 msecs (HTTP/1.1 200) 4 headers in 156 bytes (1 switches on core 0)
2026-04-06 19:57:19.918 8 WARNING neutron.scheduler.dhcp_agent_scheduler [None req-4146ae61-dd03-4179-9035-465e41436220 ef670455e37f43ad807d49359ef57924 052280f9db6a47ff939d2b599c5e98c5 - - default default] No more DHCP agents
2026-04-06 19:57:19.919 8 WARNING neutron.api.rpc.agentnotifiers.dhcp_rpc_agent_api [None req-4146ae61-dd03-4179-9035-465e41436220 ef670455e37f43ad807d49359ef57924 052280f9db6a47ff939d2b599c5e98c5 - - default default] Unable to schedule network 088f4dfa-29df-4815-a482-e549e2e95160: no agents available; will retry on subsequent port and subnet creation events.
2026-04-06 19:57:19.937 7 INFO neutron.api.v2.resource [None req-a5aba702-b07a-4fb0-823b-e4f5e6e518fb bffc1057ace1415bac32138482cce621 9d5ff50eb7f94ebe8672ec983d7ed21f - - default default] delete failed (client error): The resource could not be found. [pid: 7|app: 0|req: 1052/2170] 10.0.0.236 () {32 vars in 724 bytes} [Mon Apr 6 19:57:19 2026] DELETE /v2.0/routers/f39a997d-69eb-464d-b90b-4425af5c553a => generated 135 bytes in 15 msecs (HTTP/1.1 404) 4 headers in 164 bytes (1 switches on core 0)
2026-04-06 19:57:19.953 7 INFO neutron.pecan_wsgi.hooks.translation [None req-badb3d1d-3576-472a-962d-82ef9539ba5f bffc1057ace1415bac32138482cce621 9d5ff50eb7f94ebe8672ec983d7ed21f - - default default] DELETE failed (client error): The resource could not be found. [pid: 7|app: 0|req: 1053/2171] 10.0.0.236 () {32 vars in 724 bytes} [Mon Apr 6 19:57:19 2026] DELETE /v2.0/subnets/ba187498-b95c-46c1-8e0a-03353c0d1632 => generated 136 bytes in 13 msecs (HTTP/1.1 404) 4 headers in 164 bytes (1 switches on core 0)
2026-04-06 19:57:19.983 7 WARNING neutron.plugins.ml2.drivers.ovn.mech_driver.ovsdb.ovn_client [None req-c57cf506-c417-44b3-ba83-ba0bc86069a8 - - - - - -] No port found with ID da746dbf-b912-45ea-aa7a-2550b6648f47: RuntimeError: No port found with ID da746dbf-b912-45ea-aa7a-2550b6648f47 [pid: 7|app: 0|req: 1054/2172] 10.0.0.236 () {32 vars in 736 bytes} [Mon Apr 6 19:57:19 2026] GET /v2.0/ports?device_id=ce94c58a-1563-4113-bda7-8cdf646a4171 => generated 12 bytes in 47 msecs (HTTP/1.1 200) 4 headers in 156 bytes (1 switches on core 0)
2026-04-06 19:57:20.018 7 INFO neutron.plugins.ml2.drivers.ovn.mech_driver.mech_driver [None req-c57cf506-c417-44b3-ba83-ba0bc86069a8 - - - - - -] OVN reports status down for port: c4af3ea1-b7a7-4f92-9888-aa2a80c24e06
2026-04-06 19:57:20.043 7 INFO neutron.api.v2.resource [None req-4eb34b48-1fe8-40c4-bf60-fdcb36d0b94b bffc1057ace1415bac32138482cce621 9d5ff50eb7f94ebe8672ec983d7ed21f - - default default] delete failed (client error): The resource could not be found. [pid: 7|app: 0|req: 1055/2173] 10.0.0.236 () {32 vars in 724 bytes} [Mon Apr 6 19:57:20 2026] DELETE /v2.0/routers/ce94c58a-1563-4113-bda7-8cdf646a4171 => generated 135 bytes in 31 msecs (HTTP/1.1 404) 4 headers in 164 bytes (1 switches on core 0)
2026-04-06 19:57:20.045 7 INFO neutron.plugins.ml2.drivers.ovn.mech_driver.mech_driver [None req-c57cf506-c417-44b3-ba83-ba0bc86069a8 - - - - - -] OVN reports status up for port: c4af3ea1-b7a7-4f92-9888-aa2a80c24e06
2026-04-06 19:57:20.066 7 INFO neutron.plugins.ml2.drivers.ovn.mech_driver.mech_driver [None req-c57cf506-c417-44b3-ba83-ba0bc86069a8 - - - - - -] OVN reports status down for port: 24d68e09-f7bb-476b-a7c2-61f860ecbd44
2026-04-06 19:57:20.079 7 INFO neutron.pecan_wsgi.hooks.translation [None req-4a4b4c92-3c0b-4ce8-9f1c-8612acc064fa bffc1057ace1415bac32138482cce621 9d5ff50eb7f94ebe8672ec983d7ed21f - - default default] DELETE failed (client error): The resource could not be found. [pid: 7|app: 0|req: 1056/2174] 10.0.0.236 () {32 vars in 724 bytes} [Mon Apr 6 19:57:20 2026] DELETE /v2.0/subnets/1784ed31-7867-40b6-ae11-f95a0e804bfb => generated 136 bytes in 34 msecs (HTTP/1.1 404) 4 headers in 164 bytes (1 switches on core 0)
2026-04-06 19:57:20.111 7 INFO neutron.pecan_wsgi.hooks.translation [None req-c2e009d2-63a6-47a3-8cf7-813929dd4c17 bffc1057ace1415bac32138482cce621 9d5ff50eb7f94ebe8672ec983d7ed21f - - default default] DELETE failed (client error): The resource could not be found. [pid: 7|app: 0|req: 1057/2175] 10.0.0.236 () {32 vars in 724 bytes} [Mon Apr 6 19:57:20 2026] DELETE /v2.0/subnets/ce6988bf-bc96-4537-9e85-25bbe02dfa97 => generated 136 bytes in 28 msecs (HTTP/1.1 404) 4 headers in 164 bytes (1 switches on core 0)
2026-04-06 19:57:20.385 8 INFO neutron.db.ovn_revision_numbers_db [None req-52c9cd95-b45c-4a2e-accf-cc53fc718cf4 - - - - - -] Successfully bumped revision number for resource 24d68e09-f7bb-476b-a7c2-61f860ecbd44 (type: ports) to 2
2026-04-06 19:57:20.422 8 INFO neutron.db.ovn_revision_numbers_db [None req-52c9cd95-b45c-4a2e-accf-cc53fc718cf4 - - - - - -] Successfully bumped revision number for resource 8cc44874-e91b-4cc2-942b-515a07473485 (type: subnets) to 0 [pid: 8|app: 0|req: 1119/2176] 10.0.0.236 () {34 vars in 669 bytes} [Mon Apr 6 19:57:19 2026] POST /v2.0/subnets => generated 644 bytes in 671 msecs (HTTP/1.1 201) 4 headers in 162 bytes (1 switches on core 0)
2026-04-06 19:57:20.453 7 WARNING neutron.api.v2.base [None req-5d5f8d18-83ac-4043-9daf-9d2d45385b72 ef670455e37f43ad807d49359ef57924 052280f9db6a47ff939d2b599c5e98c5 - - default default] An exception happened while processing the request body. The exception message is [Invalid input for target_tenant. Reason: 'None' is not a valid string.].: webob.exc.HTTPBadRequest: Invalid input for target_tenant. Reason: 'None' is not a valid string.
2026-04-06 19:57:20.454 7 INFO neutron.api.v2.resource [None req-5d5f8d18-83ac-4043-9daf-9d2d45385b72 ef670455e37f43ad807d49359ef57924 052280f9db6a47ff939d2b599c5e98c5 - - default default] create failed (client error): Invalid input for target_tenant. Reason: 'None' is not a valid string. [pid: 7|app: 0|req: 1058/2177] 10.0.0.236 () {34 vars in 681 bytes} [Mon Apr 6 19:57:20 2026] POST /v2.0/rbac-policies => generated 143 bytes in 10 msecs (HTTP/1.1 400) 4 headers in 166 bytes (1 switches on core 0)
2026-04-06 19:57:20.600 8 INFO neutron_taas.services.taas.taas_plugin [None req-1af380b2-f68a-4c36-a75e-4e442cfcbcb7 ef670455e37f43ad807d49359ef57924 052280f9db6a47ff939d2b599c5e98c5 - - default default] TaaS: Handle Delete Port: 24d68e09-f7bb-476b-a7c2-61f860ecbd44
2026-04-06 19:57:20.602 8 INFO neutron_taas.services.taas.tap_mirror_plugin [None req-1af380b2-f68a-4c36-a75e-4e442cfcbcb7 ef670455e37f43ad807d49359ef57924 052280f9db6a47ff939d2b599c5e98c5 - - default default] Tap Mirror: Handle Delete Port: 24d68e09-f7bb-476b-a7c2-61f860ecbd44 [pid: 7|app: 0|req: 1059/2178] 10.0.0.236 () {32 vars in 774 bytes} [Mon Apr 6 19:57:20 2026] GET /v2.0/security-groups?tenant_id=9d5ff50eb7f94ebe8672ec983d7ed21f&name=default => generated 2925 bytes in 172 msecs (HTTP/1.1 200) 4 headers in 158 bytes (1 switches on core 0)
2026-04-06 19:57:20.899 7 INFO neutron.db.ovn_revision_numbers_db [None req-ca75e5aa-b95a-4ce1-b7ab-eb352bd9656c 9598049f81bc4e8a9c92a98d490c69e1 7d59b4ef8dc14dc29205b8731d768f62 - - default default] Successfully bumped revision number for resource c7e591bf-5cac-42e5-92eb-3b576e695121 (type: security_groups) to 1
2026-04-06 19:57:20.913 7 INFO neutron.db.ovn_revision_numbers_db [None req-ca75e5aa-b95a-4ce1-b7ab-eb352bd9656c 9598049f81bc4e8a9c92a98d490c69e1 7d59b4ef8dc14dc29205b8731d768f62 - - default default] Successfully bumped revision number for resource 27fdc1fb-a0c8-441d-b726-a0c0907d615f (type: security_group_rules) to 0
2026-04-06 19:57:20.917 8 INFO neutron.services.segments.plugin [-] Segment 9d949483-6fa5-4472-9f08-3333f8348ec8 resource provider aggregate not found
2026-04-06 19:57:20.923 8 INFO neutron.services.segments.plugin [-] Segment 9d949483-6fa5-4472-9f08-3333f8348ec8 resource provider aggregate not found
2026-04-06 19:57:20.926 7 INFO neutron.db.ovn_revision_numbers_db [None req-ca75e5aa-b95a-4ce1-b7ab-eb352bd9656c 9598049f81bc4e8a9c92a98d490c69e1 7d59b4ef8dc14dc29205b8731d768f62 - - default default] Successfully bumped revision number for resource 372de8a1-bc62-42f8-816d-292854c56104 (type: security_group_rules) to 0
2026-04-06 19:57:20.936 8 INFO neutron.services.segments.plugin [-] Segment 9d949483-6fa5-4472-9f08-3333f8348ec8 resource provider not found; error: Placement Client Error (4xx): {"errors": [{"status": 404, "title": "Not Found", "detail": "The resource could not be found.\n\n No resource provider with uuid 9d949483-6fa5-4472-9f08-3333f8348ec8 found for delete ", "request_id": "req-fdad4be8-14b3-4de2-b6c1-903c49ff5b43"}]}
2026-04-06 19:57:20.937 7 INFO neutron.db.ovn_revision_numbers_db [None req-ca75e5aa-b95a-4ce1-b7ab-eb352bd9656c 9598049f81bc4e8a9c92a98d490c69e1 7d59b4ef8dc14dc29205b8731d768f62 - - default default] Successfully bumped revision number for resource 4c8e4f3e-3e25-4aaa-bc53-f6ed8b05e66e (type: security_group_rules) to 0
2026-04-06 19:57:20.945 8 INFO neutron.services.segments.plugin [-] Segment 9d949483-6fa5-4472-9f08-3333f8348ec8 resource provider not found; error: Placement Client Error (4xx): {"errors": [{"status": 404, "title": "Not Found", "detail": "The resource could not be found.\n\n No resource provider with uuid 9d949483-6fa5-4472-9f08-3333f8348ec8 found for delete ", "request_id": "req-e97fdd53-4607-4bb2-81a1-2aa78f40e4a9"}]}
2026-04-06 19:57:20.952 7 INFO neutron.db.ovn_revision_numbers_db [None req-ca75e5aa-b95a-4ce1-b7ab-eb352bd9656c 9598049f81bc4e8a9c92a98d490c69e1 7d59b4ef8dc14dc29205b8731d768f62 - - default default] Successfully bumped revision number for resource a1b719bc-6c87-4d4e-87b7-715bddc2fdb4 (type: security_group_rules) to 0 [pid: 8|app: 0|req: 1120/2179] 10.0.0.236 () {32 vars in 726 bytes} [Mon Apr 6 19:57:20 2026] DELETE /v2.0/networks/088f4dfa-29df-4815-a482-e549e2e95160 => generated 0 bytes in 511 msecs (HTTP/1.1 204) 3 headers in 131 bytes (1 switches on core 0) [pid: 7|app: 0|req: 1060/2180] 10.0.0.236 () {32 vars in 774 bytes} [Mon Apr 6 19:57:20 2026] GET /v2.0/security-groups?tenant_id=a77fbf8085644423a963b486feb7fdea&name=default => generated 2925 bytes in 272 msecs (HTTP/1.1 200) 4 headers in 158 bytes (1 switches on core 0)
2026-04-06 19:57:21.079 7 INFO neutron.db.segments_db [None req-4cb11f07-2cf7-4057-b154-b9c9d7b39da7 ef670455e37f43ad807d49359ef57924 052280f9db6a47ff939d2b599c5e98c5 - - default default] Added segment c28b8454-2c59-4abf-a2d5-c3f7f7271c2c of type geneve for network 34ebccc5-404a-4e6b-a5a3-c9a77f76c7fa [pid: 8|app: 0|req: 1121/2181] 10.0.0.236 () {32 vars in 740 bytes} [Mon Apr 6 19:57:20 2026] DELETE /v2.0/security-groups/f3eda13d-493d-4a5e-8f7b-040547d16abb => generated 0 bytes in 237 msecs (HTTP/1.1 204) 2 headers in 112 bytes (1 switches on core 0)
2026-04-06 19:57:21.211 7 INFO neutron.db.ovn_revision_numbers_db [None req-4cb11f07-2cf7-4057-b154-b9c9d7b39da7 ef670455e37f43ad807d49359ef57924 052280f9db6a47ff939d2b599c5e98c5 - - default default] Successfully bumped revision number for resource 34ebccc5-404a-4e6b-a5a3-c9a77f76c7fa (type: networks) to 1
2026-04-06 19:57:21.369 7 WARNING neutron.scheduler.dhcp_agent_scheduler [None req-4cb11f07-2cf7-4057-b154-b9c9d7b39da7 ef670455e37f43ad807d49359ef57924 052280f9db6a47ff939d2b599c5e98c5 - - default default] No more DHCP agents
2026-04-06 19:57:21.370 7 WARNING neutron.api.rpc.agentnotifiers.dhcp_rpc_agent_api [None req-4cb11f07-2cf7-4057-b154-b9c9d7b39da7 ef670455e37f43ad807d49359ef57924 052280f9db6a47ff939d2b599c5e98c5 - - default default] Unable to schedule network 34ebccc5-404a-4e6b-a5a3-c9a77f76c7fa: no agents available; will retry on subsequent port and subnet creation events.
2026-04-06 19:57:21.433 7 INFO neutron.plugins.ml2.drivers.ovn.mech_driver.mech_driver [None req-c57cf506-c417-44b3-ba83-ba0bc86069a8 - - - - - -] OVN reports status down for port: f4db14d5-2bb1-47e4-ac3a-38d05db3ec7f [pid: 8|app: 0|req: 1122/2182] 10.0.0.236 () {32 vars in 740 bytes} [Mon Apr 6 19:57:21 2026] DELETE /v2.0/security-groups/c7e591bf-5cac-42e5-92eb-3b576e695121 => generated 0 bytes in 277 msecs (HTTP/1.1 204) 2 headers in 112 bytes (1 switches on core 0)
2026-04-06 19:57:21.513 7 INFO neutron.db.ovn_revision_numbers_db [None req-4cb11f07-2cf7-4057-b154-b9c9d7b39da7 ef670455e37f43ad807d49359ef57924 052280f9db6a47ff939d2b599c5e98c5 - - default default] Successfully bumped revision number for resource f4db14d5-2bb1-47e4-ac3a-38d05db3ec7f (type: ports) to 1 [pid: 7|app: 0|req: 1061/2183] 10.0.0.236 () {34 vars in 670 bytes} [Mon Apr 6 19:57:20 2026] POST /v2.0/networks => generated 749 bytes in 580 msecs (HTTP/1.1 201) 4 headers in 162 bytes (1 switches on core 0)
2026-04-06 19:57:21.723 8 WARNING neutron.scheduler.dhcp_agent_scheduler [None req-7472c62f-9c23-4d1a-b327-52e5f4f4a500 ef670455e37f43ad807d49359ef57924 052280f9db6a47ff939d2b599c5e98c5 - - default default] No more DHCP agents
2026-04-06 19:57:21.725 8 WARNING neutron.api.rpc.agentnotifiers.dhcp_rpc_agent_api [None req-7472c62f-9c23-4d1a-b327-52e5f4f4a500 ef670455e37f43ad807d49359ef57924 052280f9db6a47ff939d2b599c5e98c5 - - default default] Unable to schedule network 34ebccc5-404a-4e6b-a5a3-c9a77f76c7fa: no agents available; will retry on subsequent port and subnet creation events.
2026-04-06 19:57:21.785 7 INFO neutron.db.ovn_revision_numbers_db [None req-f125a4c1-6af3-45c5-883a-7fff95bf388d 9598049f81bc4e8a9c92a98d490c69e1 7d59b4ef8dc14dc29205b8731d768f62 - - default default] Successfully bumped revision number for resource 64086298-08f5-4c68-93fa-a257ba84f2dd (type: security_groups) to 1
2026-04-06 19:57:21.796 7 INFO neutron.db.ovn_revision_numbers_db [None req-f125a4c1-6af3-45c5-883a-7fff95bf388d 9598049f81bc4e8a9c92a98d490c69e1 7d59b4ef8dc14dc29205b8731d768f62 - - default default] Successfully bumped revision number for resource 5fe24a83-3164-4405-86c3-a45fa4df7bb8 (type: security_group_rules) to 0
2026-04-06 19:57:21.806 7 INFO neutron.db.ovn_revision_numbers_db [None req-f125a4c1-6af3-45c5-883a-7fff95bf388d 9598049f81bc4e8a9c92a98d490c69e1 7d59b4ef8dc14dc29205b8731d768f62 - - default default] Successfully bumped revision number for resource 96231394-939d-49d7-bdcd-a7a763c0c152 (type: security_group_rules) to 0
2026-04-06 19:57:21.822 7 INFO neutron.db.ovn_revision_numbers_db [None req-f125a4c1-6af3-45c5-883a-7fff95bf388d 9598049f81bc4e8a9c92a98d490c69e1 7d59b4ef8dc14dc29205b8731d768f62 - - default default] Successfully bumped revision number for resource ca74162e-9592-4dec-a08c-f0f65dd44170 (type: security_group_rules) to 0
2026-04-06 19:57:21.838 7 INFO neutron.db.ovn_revision_numbers_db [None req-f125a4c1-6af3-45c5-883a-7fff95bf388d 9598049f81bc4e8a9c92a98d490c69e1 7d59b4ef8dc14dc29205b8731d768f62 - - default default] Successfully bumped revision number for resource d9316dc7-9cf2-4581-a1a2-ec05505fe67a (type: security_group_rules) to 0 [pid: 7|app: 0|req: 1062/2184] 10.0.0.236 () {32 vars in 774 bytes} [Mon Apr 6 19:57:21 2026] GET /v2.0/security-groups?tenant_id=77a8ac1d7c654de488d22ab63eb6618a&name=default => generated 2925 bytes in 224 msecs (HTTP/1.1 200) 4 headers in 158 bytes (1 switches on core 0) [pid: 7|app: 0|req: 1063/2185] 10.0.0.236 () {32 vars in 740 bytes} [Mon Apr 6 19:57:21 2026] DELETE /v2.0/security-groups/64086298-08f5-4c68-93fa-a257ba84f2dd => generated 0 bytes in 233 msecs (HTTP/1.1 204) 2 headers in 112 bytes (1 switches on core 0)
2026-04-06 19:57:22.283 8 INFO neutron.db.ovn_revision_numbers_db [None req-a8c55064-f50d-41b4-bf25-284cbc4cf53c - - - - - -] Successfully bumped revision number for resource f4db14d5-2bb1-47e4-ac3a-38d05db3ec7f (type: ports) to 2
