2026-04-06 19:20:21.414 8 INFO neutron.api.extensions [None req-5a48ccbf-c740-4a51-8c65-ec1b0beb923a - - - - - -] Loaded extension: pagination
2026-04-06 19:20:21.414 7 INFO neutron.api.extensions [None req-ffac3b46-5b53-41ad-b762-4b810643943b - - - - - -] Loaded extension: standard-attr-tag
2026-04-06 19:20:21.414 8 INFO neutron.api.extensions [None req-5a48ccbf-c740-4a51-8c65-ec1b0beb923a - - - - - -] Loaded extension: port-device-profile
2026-04-06 19:20:21.415 7 INFO neutron.api.extensions [None req-ffac3b46-5b53-41ad-b762-4b810643943b - - - - - -] Loaded extension: standard-attr-timestamp
2026-04-06 19:20:21.415 8 INFO neutron.api.extensions [None req-5a48ccbf-c740-4a51-8c65-ec1b0beb923a - - - - - -] Extension port-hardware-offload-type not supported by any of loaded plugins
2026-04-06 19:20:21.415 8 INFO neutron.api.extensions [None req-5a48ccbf-c740-4a51-8c65-ec1b0beb923a - - - - - -] Extension port-hint-ovs-tx-steering not supported by any of loaded plugins
2026-04-06 19:20:21.415 7 INFO neutron.api.extensions [None req-ffac3b46-5b53-41ad-b762-4b810643943b - - - - - -] Loaded extension: trunk
2026-04-06 19:20:21.416 7 INFO neutron.api.extensions [None req-ffac3b46-5b53-41ad-b762-4b810643943b - - - - - -] Loaded extension: trunk-details
2026-04-06 19:20:21.416 8 INFO neutron.api.extensions [None req-5a48ccbf-c740-4a51-8c65-ec1b0beb923a - - - - - -] Extension port-hints not supported by any of loaded plugins
2026-04-06 19:20:21.416 7 INFO neutron.api.extensions [None req-ffac3b46-5b53-41ad-b762-4b810643943b - - - - - -] Extension uplink-status-propagation not supported by any of loaded plugins
2026-04-06 19:20:21.417 8 INFO neutron.api.extensions [None req-5a48ccbf-c740-4a51-8c65-ec1b0beb923a - - - - - -] Extension port-mac-override not supported by any of loaded plugins
2026-04-06 19:20:21.417 7 INFO neutron.api.extensions [None req-ffac3b46-5b53-41ad-b762-4b810643943b - - - - - -] Extension uplink-status-propagation-updatable not supported by any of loaded plugins
2026-04-06 19:20:21.417 8 INFO neutron.api.extensions [None req-5a48ccbf-c740-4a51-8c65-ec1b0beb923a - - - - - -] Loaded extension: port-mac-address-regenerate
2026-04-06 19:20:21.418 7 INFO neutron.api.extensions [None req-ffac3b46-5b53-41ad-b762-4b810643943b - - - - - -] Loaded extension: vlan-transparent
2026-04-06 19:20:21.418 8 INFO neutron.api.extensions [None req-5a48ccbf-c740-4a51-8c65-ec1b0beb923a - - - - - -] Loaded extension: port-numa-affinity-policy
2026-04-06 19:20:21.418 7 INFO neutron.api.extensions [None req-ffac3b46-5b53-41ad-b762-4b810643943b - - - - - -] Loaded extension: vpn-aes-ctr
2026-04-06 19:20:21.418 8 INFO neutron.api.extensions [None req-5a48ccbf-c740-4a51-8c65-ec1b0beb923a - - - - - -] Loaded extension: port-numa-affinity-policy-socket
2026-04-06 19:20:21.419 8 INFO neutron.api.extensions [None req-5a48ccbf-c740-4a51-8c65-ec1b0beb923a - - - - - -] Loaded extension: port-resource-request
2026-04-06 19:20:21.419 8 INFO neutron.api.extensions [None req-5a48ccbf-c740-4a51-8c65-ec1b0beb923a - - - - - -] Loaded extension: port-resource-request-groups
2026-04-06 19:20:21.420 8 INFO neutron.api.extensions [None req-5a48ccbf-c740-4a51-8c65-ec1b0beb923a - - - - - -] Extension port-trusted-vif not supported by any of loaded plugins
2026-04-06 19:20:21.420 7 INFO neutron.api.extensions [None req-ffac3b46-5b53-41ad-b762-4b810643943b - - - - - -] Loaded extension: vpn-agent-scheduler
2026-04-06 19:20:21.421 8 INFO neutron.api.extensions [None req-5a48ccbf-c740-4a51-8c65-ec1b0beb923a - - - - - -] Loaded extension: binding
2026-04-06 19:20:21.421 7 INFO neutron.api.extensions [None req-ffac3b46-5b53-41ad-b762-4b810643943b - - - - - -] Loaded extension: vpn-endpoint-groups
2026-04-06 19:20:21.421 8 INFO neutron.api.extensions [None req-5a48ccbf-c740-4a51-8c65-ec1b0beb923a - - - - - -] Loaded extension: binding-extended
2026-04-06 19:20:21.421 7 INFO neutron.api.extensions [None req-ffac3b46-5b53-41ad-b762-4b810643943b - - - - - -] Loaded extension: vpn-flavors
2026-04-06 19:20:21.422 8 INFO neutron.api.extensions [None req-5a48ccbf-c740-4a51-8c65-ec1b0beb923a - - - - - -] Loaded extension: port-security
2026-04-06 19:20:21.422 8 INFO neutron.api.extensions [None req-5a48ccbf-c740-4a51-8c65-ec1b0beb923a - - - - - -] Loaded extension: project-id
2026-04-06 19:20:21.423 8 INFO neutron.api.extensions [None req-5a48ccbf-c740-4a51-8c65-ec1b0beb923a - - - - - -] Loaded extension: provider
2026-04-06 19:20:21.423 7 INFO neutron.api.extensions [None req-ffac3b46-5b53-41ad-b762-4b810643943b - - - - - -] Loaded extension: vpnaas
2026-04-06 19:20:21.424 8 INFO neutron.api.extensions [None req-5a48ccbf-c740-4a51-8c65-ec1b0beb923a - - - - - -] Loaded extension: qinq
2026-04-06 19:20:21.424 7 INFO neutron.api.extensions [None req-ffac3b46-5b53-41ad-b762-4b810643943b - - - - - -] Loaded extension: taas
2026-04-06 19:20:21.425 7 INFO neutron.api.extensions [None req-ffac3b46-5b53-41ad-b762-4b810643943b - - - - - -] Loaded extension: tap-mirror
2026-04-06 19:20:21.426 7 INFO neutron.api.extensions [None req-ffac3b46-5b53-41ad-b762-4b810643943b - - - - - -] Loaded extension: taas-vlan-filter
2026-04-06 19:20:21.426 8 INFO neutron.api.extensions [None req-5a48ccbf-c740-4a51-8c65-ec1b0beb923a - - - - - -] Loaded extension: qos
2026-04-06 19:20:21.427 8 INFO neutron.api.extensions [None req-5a48ccbf-c740-4a51-8c65-ec1b0beb923a - - - - - -] Loaded extension: qos-bw-limit-direction
2026-04-06 19:20:21.427 8 INFO neutron.api.extensions [None req-5a48ccbf-c740-4a51-8c65-ec1b0beb923a - - - - - -] Loaded extension: qos-bw-minimum-ingress
2026-04-06 19:20:21.428 8 INFO neutron.api.extensions [None req-5a48ccbf-c740-4a51-8c65-ec1b0beb923a - - - - - -] Loaded extension: qos-default
2026-04-06 19:20:21.428 7 INFO neutron.quota.resource_registry [None req-ffac3b46-5b53-41ad-b762-4b810643943b - - - - - -] Creating instance of TrackedResource for resource:network
2026-04-06 19:20:21.428 7 INFO neutron.quota.resource_registry [None req-ffac3b46-5b53-41ad-b762-4b810643943b - - - - - -] Creating instance of TrackedResource for resource:subnet
2026-04-06 19:20:21.428 7 INFO neutron.quota.resource_registry [None req-ffac3b46-5b53-41ad-b762-4b810643943b - - - - - -] Creating instance of TrackedResource for resource:subnetpool
2026-04-06 19:20:21.429 8 INFO neutron.api.extensions [None req-5a48ccbf-c740-4a51-8c65-ec1b0beb923a - - - - - -] Loaded extension: qos-fip
2026-04-06 19:20:21.429 7 INFO neutron.quota.resource_registry [None req-ffac3b46-5b53-41ad-b762-4b810643943b - - - - - -] Creating instance of TrackedResource for resource:port
2026-04-06 19:20:21.429 8 INFO neutron.api.extensions [None req-5a48ccbf-c740-4a51-8c65-ec1b0beb923a - - - - - -] Extension qos-fip-network-policy not supported by any of loaded plugins
2026-04-06 19:20:21.430 8 INFO neutron.api.extensions [None req-5a48ccbf-c740-4a51-8c65-ec1b0beb923a - - - - - -] Loaded extension: qos-gateway-ip
2026-04-06 19:20:21.430 8 INFO neutron.api.extensions [None req-5a48ccbf-c740-4a51-8c65-ec1b0beb923a - - - - - -] Loaded extension: qos-port-network-policy
2026-04-06 19:20:21.431 8 INFO neutron.api.extensions [None req-5a48ccbf-c740-4a51-8c65-ec1b0beb923a - - - - - -] Loaded extension: qos-pps-minimum
2026-04-06 19:20:21.431 8 INFO neutron.api.extensions [None req-5a48ccbf-c740-4a51-8c65-ec1b0beb923a - - - - - -] Loaded extension: qos-pps-minimum-rule-alias
2026-04-06 19:20:21.431 7 INFO neutron.quota.resource_registry [None req-ffac3b46-5b53-41ad-b762-4b810643943b - - - - - -] Creating instance of TrackedResource for resource:router
2026-04-06 19:20:21.432 7 INFO neutron.quota.resource_registry [None req-ffac3b46-5b53-41ad-b762-4b810643943b - - - - - -] Creating instance of TrackedResource for resource:floatingip
2026-04-06 19:20:21.432 8 INFO neutron.api.extensions [None req-5a48ccbf-c740-4a51-8c65-ec1b0beb923a - - - - - -] Loaded extension: qos-pps
2026-04-06 19:20:21.433 8 INFO neutron.api.extensions [None req-5a48ccbf-c740-4a51-8c65-ec1b0beb923a - - - - - -] Loaded extension: qos-rule-type-details
2026-04-06 19:20:21.434 8 INFO neutron.api.extensions [None req-5a48ccbf-c740-4a51-8c65-ec1b0beb923a - - - - - -] Loaded extension: qos-rule-type-filter
2026-04-06 19:20:21.434 8 INFO neutron.api.extensions [None req-5a48ccbf-c740-4a51-8c65-ec1b0beb923a - - - - - -] Loaded extension: qos-rules-alias
2026-04-06 19:20:21.435 8 INFO neutron.api.extensions [None req-5a48ccbf-c740-4a51-8c65-ec1b0beb923a - - - - - -] Loaded extension: quota-check-limit
2026-04-06 19:20:21.436 8 INFO neutron.api.extensions [None req-5a48ccbf-c740-4a51-8c65-ec1b0beb923a - - - - - -] Loaded extension: quota-check-limit-default
2026-04-06 19:20:21.437 7 INFO neutron.quota.resource_registry [None req-ffac3b46-5b53-41ad-b762-4b810643943b - - - - - -] Creating instance of CountableResource for resource:rbac_policy
2026-04-06 19:20:21.438 7 INFO neutron.quota.resource_registry [None req-ffac3b46-5b53-41ad-b762-4b810643943b - - - - - -] Creating instance of TrackedResource for resource:security_group
2026-04-06 19:20:21.438 8 INFO neutron.api.extensions [None req-5a48ccbf-c740-4a51-8c65-ec1b0beb923a - - - - - -] Loaded extension: quotas
2026-04-06 19:20:21.438 7 INFO neutron.quota.resource_registry [None req-ffac3b46-5b53-41ad-b762-4b810643943b - - - - - -] Creating instance of TrackedResource for resource:security_group_rule
2026-04-06 19:20:21.439 8 INFO neutron.api.extensions [None req-5a48ccbf-c740-4a51-8c65-ec1b0beb923a - - - - - -] Loaded extension: quota_details
2026-04-06 19:20:21.439 7 INFO neutron.quota.resource_registry [None req-ffac3b46-5b53-41ad-b762-4b810643943b - - - - - -] Creating instance of TrackedResource for resource:subnetpool
2026-04-06 19:20:21.439 7 WARNING neutron.quota.resource_registry [None req-ffac3b46-5b53-41ad-b762-4b810643943b - - - - - -] subnetpool is already registered
2026-04-06 19:20:21.439 7 INFO neutron.quota.resource_registry [None req-ffac3b46-5b53-41ad-b762-4b810643943b - - - - - -] Creating instance of CountableResource for resource:trunk
2026-04-06 19:20:21.440 7 INFO neutron.quota.resource_registry [None req-ffac3b46-5b53-41ad-b762-4b810643943b - - - - - -] Creating instance of CountableResource for resource:ikepolicy
2026-04-06 19:20:21.440 8 INFO neutron.api.extensions [None req-5a48ccbf-c740-4a51-8c65-ec1b0beb923a - - - - - -] Loaded extension: rbac-policies
2026-04-06 19:20:21.440 7 INFO neutron.quota.resource_registry [None req-ffac3b46-5b53-41ad-b762-4b810643943b - - - - - -] Creating instance of CountableResource for resource:ipsecpolicy
2026-04-06 19:20:21.441 8 INFO neutron.api.extensions [None req-5a48ccbf-c740-4a51-8c65-ec1b0beb923a - - - - - -] Extension rbac-address-group not supported by any of loaded plugins
2026-04-06 19:20:21.441 7 INFO neutron.quota.resource_registry [None req-ffac3b46-5b53-41ad-b762-4b810643943b - - - - - -] Creating instance of CountableResource for resource:endpoint_group
2026-04-06 19:20:21.441 8 INFO neutron.api.extensions [None req-5a48ccbf-c740-4a51-8c65-ec1b0beb923a - - - - - -] Loaded extension: rbac-address-scope
2026-04-06 19:20:21.441 7 INFO neutron.quota.resource_registry [None req-ffac3b46-5b53-41ad-b762-4b810643943b - - - - - -] Creating instance of CountableResource for resource:vpnservice
2026-04-06 19:20:21.441 7 INFO neutron.quota.resource_registry [None req-ffac3b46-5b53-41ad-b762-4b810643943b - - - - - -] Creating instance of CountableResource for resource:ipsec_site_connection
2026-04-06 19:20:21.442 8 INFO neutron.api.extensions [None req-5a48ccbf-c740-4a51-8c65-ec1b0beb923a - - - - - -] Loaded extension: rbac-security-groups
2026-04-06 19:20:21.442 7 INFO neutron.quota.resource_registry [None req-ffac3b46-5b53-41ad-b762-4b810643943b - - - - - -] Creating instance of CountableResource for resource:ipsecpolicy
2026-04-06 19:20:21.442 7 WARNING neutron.quota.resource_registry [None req-ffac3b46-5b53-41ad-b762-4b810643943b - - - - - -] ipsecpolicy is already registered
2026-04-06 19:20:21.442 8 INFO neutron.api.extensions [None req-5a48ccbf-c740-4a51-8c65-ec1b0beb923a - - - - - -] Extension rbac-subnetpool not supported by any of loaded plugins
2026-04-06 19:20:21.442 7 INFO neutron.quota.resource_registry [None req-ffac3b46-5b53-41ad-b762-4b810643943b - - - - - -] Creating instance of CountableResource for resource:ikepolicy
2026-04-06 19:20:21.442 7 WARNING neutron.quota.resource_registry [None req-ffac3b46-5b53-41ad-b762-4b810643943b - - - - - -] ikepolicy is already registered
2026-04-06 19:20:21.443 8 INFO neutron.api.extensions [None req-5a48ccbf-c740-4a51-8c65-ec1b0beb923a - - - - - -] Loaded extension: revision-if-match
2026-04-06 19:20:21.443 8 INFO neutron.api.extensions [None req-5a48ccbf-c740-4a51-8c65-ec1b0beb923a - - - - - -] Loaded extension: standard-attr-revisions
2026-04-06 19:20:21.444 8 INFO neutron.api.extensions [None req-5a48ccbf-c740-4a51-8c65-ec1b0beb923a - - - - - -] Loaded extension: router_availability_zone
2026-04-06 19:20:21.444 8 INFO neutron.api.extensions [None req-5a48ccbf-c740-4a51-8c65-ec1b0beb923a - - - - - -] Extension router-service-type not supported by any of loaded plugins
2026-04-06 19:20:21.446 8 INFO neutron.api.extensions [None req-5a48ccbf-c740-4a51-8c65-ec1b0beb923a - - - - - -] Loaded extension: security-groups-default-rules
2026-04-06 19:20:21.447 8 INFO neutron.api.extensions [None req-5a48ccbf-c740-4a51-8c65-ec1b0beb923a - - - - - -] Loaded extension: security-groups-normalized-cidr
2026-04-06 19:20:21.447 7 INFO neutron.quota.resource_registry [None req-ffac3b46-5b53-41ad-b762-4b810643943b - - - - - -] Creating instance of TrackedResource for resource:router
2026-04-06 19:20:21.447 7 WARNING neutron.quota.resource_registry [None req-ffac3b46-5b53-41ad-b762-4b810643943b - - - - - -] router is already registered
2026-04-06 19:20:21.447 8 INFO neutron.api.extensions [None req-5a48ccbf-c740-4a51-8c65-ec1b0beb923a - - - - - -] Extension port-security-groups-filtering not supported by any of loaded plugins
2026-04-06 19:20:21.448 7 INFO neutron.quota.resource_registry [None req-ffac3b46-5b53-41ad-b762-4b810643943b - - - - - -] Creating instance of TrackedResource for resource:floatingip
2026-04-06 19:20:21.448 8 INFO neutron.api.extensions [None req-5a48ccbf-c740-4a51-8c65-ec1b0beb923a - - - - - -] Loaded extension: security-groups-remote-address-group
2026-04-06 19:20:21.448 7 WARNING neutron.quota.resource_registry [None req-ffac3b46-5b53-41ad-b762-4b810643943b - - - - - -] floatingip is already registered
2026-04-06 19:20:21.448 8 INFO neutron.api.extensions [None req-5a48ccbf-c740-4a51-8c65-ec1b0beb923a - - - - - -] Loaded extension: security-groups-rules-belongs-to-default-sg
2026-04-06 19:20:21.449 8 INFO neutron.api.extensions [None req-5a48ccbf-c740-4a51-8c65-ec1b0beb923a - - - - - -] Loaded extension: security-groups-shared-filtering
2026-04-06 19:20:21.452 7 INFO neutron.quota.resource_registry [None req-ffac3b46-5b53-41ad-b762-4b810643943b - - - - - -] Creating instance of CountableResource for resource:rbac_policy
2026-04-06 19:20:21.452 7 WARNING neutron.quota.resource_registry [None req-ffac3b46-5b53-41ad-b762-4b810643943b - - - - - -] rbac_policy is already registered
2026-04-06 19:20:21.453 7 INFO neutron.quota.resource_registry [None req-ffac3b46-5b53-41ad-b762-4b810643943b - - - - - -] Creating instance of TrackedResource for resource:security_group
2026-04-06 19:20:21.453 7 WARNING neutron.quota.resource_registry [None req-ffac3b46-5b53-41ad-b762-4b810643943b - - - - - -] security_group is already registered
2026-04-06 19:20:21.453 8 INFO neutron.api.extensions [None req-5a48ccbf-c740-4a51-8c65-ec1b0beb923a - - - - - -] Loaded extension: security-group
2026-04-06 19:20:21.454 7 INFO neutron.quota.resource_registry [None req-ffac3b46-5b53-41ad-b762-4b810643943b - - - - - -] Creating instance of TrackedResource for resource:security_group_rule
2026-04-06 19:20:21.454 7 WARNING neutron.quota.resource_registry [None req-ffac3b46-5b53-41ad-b762-4b810643943b - - - - - -] security_group_rule is already registered
2026-04-06 19:20:21.454 8 INFO neutron.api.extensions [None req-5a48ccbf-c740-4a51-8c65-ec1b0beb923a - - - - - -] Loaded extension: segment
2026-04-06 19:20:21.454 7 INFO neutron.quota.resource_registry [None req-ffac3b46-5b53-41ad-b762-4b810643943b - - - - - -] Creating instance of TrackedResource for resource:subnetpool
2026-04-06 19:20:21.455 7 WARNING neutron.quota.resource_registry [None req-ffac3b46-5b53-41ad-b762-4b810643943b - - - - - -] subnetpool is already registered
2026-04-06 19:20:21.455 8 INFO neutron.api.extensions [None req-5a48ccbf-c740-4a51-8c65-ec1b0beb923a - - - - - -] Loaded extension: segments-peer-subnet-host-routes
2026-04-06 19:20:21.455 7 INFO neutron.quota.resource_registry [None req-ffac3b46-5b53-41ad-b762-4b810643943b - - - - - -] Creating instance of CountableResource for resource:trunk
2026-04-06 19:20:21.455 7 WARNING neutron.quota.resource_registry [None req-ffac3b46-5b53-41ad-b762-4b810643943b - - - - - -] trunk is already registered
2026-04-06 19:20:21.455 7 INFO neutron.quota.resource_registry [None req-ffac3b46-5b53-41ad-b762-4b810643943b - - - - - -] Creating instance of CountableResource for resource:ikepolicy
2026-04-06 19:20:21.456 8 INFO neutron.api.extensions [None req-5a48ccbf-c740-4a51-8c65-ec1b0beb923a - - - - - -] Loaded extension: service-type
2026-04-06 19:20:21.456 7 WARNING neutron.quota.resource_registry [None req-ffac3b46-5b53-41ad-b762-4b810643943b - - - - - -] ikepolicy is already registered
2026-04-06 19:20:21.456 8 INFO neutron.api.extensions [None req-5a48ccbf-c740-4a51-8c65-ec1b0beb923a - - - - - -] Loaded extension: sorting
2026-04-06 19:20:21.456 7 INFO neutron.quota.resource_registry [None req-ffac3b46-5b53-41ad-b762-4b810643943b - - - - - -] Creating instance of CountableResource for resource:ipsecpolicy
2026-04-06 19:20:21.456 7 WARNING neutron.quota.resource_registry [None req-ffac3b46-5b53-41ad-b762-4b810643943b - - - - - -] ipsecpolicy is already registered
2026-04-06 19:20:21.456 8 INFO neutron.api.extensions [None req-5a48ccbf-c740-4a51-8c65-ec1b0beb923a - - - - - -] Loaded extension: standard-attr-segment
2026-04-06 19:20:21.457 7 INFO neutron.quota.resource_registry [None req-ffac3b46-5b53-41ad-b762-4b810643943b - - - - - -] Creating instance of CountableResource for resource:endpoint_group
2026-04-06 19:20:21.457 7 WARNING neutron.quota.resource_registry [None req-ffac3b46-5b53-41ad-b762-4b810643943b - - - - - -] endpoint_group is already registered
2026-04-06 19:20:21.457 7 INFO neutron.quota.resource_registry [None req-ffac3b46-5b53-41ad-b762-4b810643943b - - - - - -] Creating instance of CountableResource for resource:vpnservice
2026-04-06 19:20:21.457 8 INFO neutron.api.extensions [None req-5a48ccbf-c740-4a51-8c65-ec1b0beb923a - - - - - -] Loaded extension: standard-attr-description
2026-04-06 19:20:21.457 7 WARNING neutron.quota.resource_registry [None req-ffac3b46-5b53-41ad-b762-4b810643943b - - - - - -] vpnservice is already registered
2026-04-06 19:20:21.458 7 INFO neutron.quota.resource_registry [None req-ffac3b46-5b53-41ad-b762-4b810643943b - - - - - -] Creating instance of CountableResource for resource:ipsec_site_connection
2026-04-06 19:20:21.458 8 INFO neutron.api.extensions [None req-5a48ccbf-c740-4a51-8c65-ec1b0beb923a - - - - - -] Loaded extension: stateful-security-group
2026-04-06 19:20:21.458 7 WARNING neutron.quota.resource_registry [None req-ffac3b46-5b53-41ad-b762-4b810643943b - - - - - -] ipsec_site_connection is already registered
2026-04-06 19:20:21.458 8 WARNING neutron.api.extensions [None req-5a48ccbf-c740-4a51-8c65-ec1b0beb923a - - - - - -] Did not find expected name "Stdattrs_common" in /var/lib/openstack/lib/python3.12/site-packages/neutron/extensions/stdattrs_common.py
2026-04-06 19:20:21.458 7 INFO neutron.quota.resource_registry [None req-ffac3b46-5b53-41ad-b762-4b810643943b - - - - - -] Creating instance of CountableResource for resource:ipsecpolicy
2026-04-06 19:20:21.458 7 WARNING neutron.quota.resource_registry [None req-ffac3b46-5b53-41ad-b762-4b810643943b - - - - - -] ipsecpolicy is already registered
2026-04-06 19:20:21.459 8 INFO neutron.api.extensions [None req-5a48ccbf-c740-4a51-8c65-ec1b0beb923a - - - - - -] Loaded extension: subnet-dns-publish-fixed-ip
2026-04-06 19:20:21.459 7 INFO neutron.quota.resource_registry [None req-ffac3b46-5b53-41ad-b762-4b810643943b - - - - - -] Creating instance of CountableResource for resource:ikepolicy
2026-04-06 19:20:21.459 7 WARNING neutron.quota.resource_registry [None req-ffac3b46-5b53-41ad-b762-4b810643943b - - - - - -] ikepolicy is already registered
2026-04-06 19:20:21.459 8 INFO neutron.api.extensions [None req-5a48ccbf-c740-4a51-8c65-ec1b0beb923a - - - - - -] Loaded extension: subnet-external-network
2026-04-06 19:20:21.460 8 INFO neutron.api.extensions [None req-5a48ccbf-c740-4a51-8c65-ec1b0beb923a - - - - - -] Extension subnet_onboard not supported by any of loaded plugins
2026-04-06 19:20:21.460 8 INFO neutron.api.extensions [None req-5a48ccbf-c740-4a51-8c65-ec1b0beb923a - - - - - -] Loaded extension: subnet-segmentid-writable
2026-04-06 19:20:21.461 8 INFO neutron.api.extensions [None req-5a48ccbf-c740-4a51-8c65-ec1b0beb923a - - - - - -] Loaded extension: subnet-service-types
2026-04-06 19:20:21.461 8 INFO neutron.api.extensions [None req-5a48ccbf-c740-4a51-8c65-ec1b0beb923a - - - - - -] Loaded extension: subnet_allocation
2026-04-06 19:20:21.462 8 INFO neutron.api.extensions [None req-5a48ccbf-c740-4a51-8c65-ec1b0beb923a - - - - - -] Loaded extension: subnetpool-prefix-ops
2026-04-06 19:20:21.462 8 INFO neutron.api.extensions [None req-5a48ccbf-c740-4a51-8c65-ec1b0beb923a - - - - - -] Loaded extension: tag-creation
2026-04-06 19:20:21.463 8 INFO neutron.api.extensions [None req-5a48ccbf-c740-4a51-8c65-ec1b0beb923a - - - - - -] Extension tag-ports-during-bulk-creation not supported by any of loaded plugins
2026-04-06 19:20:21.467 8 INFO neutron.api.extensions [None req-5a48ccbf-c740-4a51-8c65-ec1b0beb923a - - - - - -] Loaded extension: standard-attr-tag
2026-04-06 19:20:21.468 8 INFO neutron.api.extensions [None req-5a48ccbf-c740-4a51-8c65-ec1b0beb923a - - - - - -] Loaded extension: standard-attr-timestamp
2026-04-06 19:20:21.468 8 INFO neutron.api.extensions [None req-5a48ccbf-c740-4a51-8c65-ec1b0beb923a - - - - - -] Loaded extension: trunk
2026-04-06 19:20:21.469 8 INFO neutron.api.extensions [None req-5a48ccbf-c740-4a51-8c65-ec1b0beb923a - - - - - -] Loaded extension: trunk-details
2026-04-06 19:20:21.469 8 INFO neutron.api.extensions [None req-5a48ccbf-c740-4a51-8c65-ec1b0beb923a - - - - - -] Extension uplink-status-propagation not supported by any of loaded plugins
2026-04-06 19:20:21.470 8 INFO neutron.api.extensions [None req-5a48ccbf-c740-4a51-8c65-ec1b0beb923a - - - - - -] Extension uplink-status-propagation-updatable not supported by any of loaded plugins
2026-04-06 19:20:21.470 8 INFO neutron.api.extensions [None req-5a48ccbf-c740-4a51-8c65-ec1b0beb923a - - - - - -] Loaded extension: vlan-transparent
2026-04-06 19:20:21.471 8 INFO neutron.api.extensions [None req-5a48ccbf-c740-4a51-8c65-ec1b0beb923a - - - - - -] Loaded extension: vpn-aes-ctr
2026-04-06 19:20:21.473 8 INFO neutron.api.extensions [None req-5a48ccbf-c740-4a51-8c65-ec1b0beb923a - - - - - -] Loaded extension: vpn-agent-scheduler
2026-04-06 19:20:21.474 8 INFO neutron.api.extensions [None req-5a48ccbf-c740-4a51-8c65-ec1b0beb923a - - - - - -] Loaded extension: vpn-endpoint-groups
2026-04-06 19:20:21.474 8 INFO neutron.api.extensions [None req-5a48ccbf-c740-4a51-8c65-ec1b0beb923a - - - - - -] Loaded extension: vpn-flavors
2026-04-06 19:20:21.476 8 INFO neutron.api.extensions [None req-5a48ccbf-c740-4a51-8c65-ec1b0beb923a - - - - - -] Loaded extension: vpnaas
2026-04-06 19:20:21.477 8 INFO neutron.api.extensions [None req-5a48ccbf-c740-4a51-8c65-ec1b0beb923a - - - - - -] Loaded extension: taas
2026-04-06 19:20:21.478 8 INFO neutron.api.extensions [None req-5a48ccbf-c740-4a51-8c65-ec1b0beb923a - - - - - -] Loaded extension: tap-mirror
2026-04-06 19:20:21.479 8 INFO neutron.api.extensions [None req-5a48ccbf-c740-4a51-8c65-ec1b0beb923a - - - - - -] Loaded extension: taas-vlan-filter
2026-04-06 19:20:21.481 8 INFO neutron.quota.resource_registry [None req-5a48ccbf-c740-4a51-8c65-ec1b0beb923a - - - - - -] Creating instance of TrackedResource for resource:network
2026-04-06 19:20:21.481 8 INFO neutron.quota.resource_registry [None req-5a48ccbf-c740-4a51-8c65-ec1b0beb923a - - - - - -] Creating instance of TrackedResource for resource:subnet
2026-04-06 19:20:21.482 8 INFO neutron.quota.resource_registry [None req-5a48ccbf-c740-4a51-8c65-ec1b0beb923a - - - - - -] Creating instance of TrackedResource for resource:subnetpool
2026-04-06 19:20:21.482 8 INFO neutron.quota.resource_registry [None req-5a48ccbf-c740-4a51-8c65-ec1b0beb923a - - - - - -] Creating instance of TrackedResource for resource:port
2026-04-06 19:20:21.485 8 INFO neutron.quota.resource_registry [None req-5a48ccbf-c740-4a51-8c65-ec1b0beb923a - - - - - -] Creating instance of TrackedResource for resource:router
2026-04-06 19:20:21.485 8 INFO neutron.quota.resource_registry [None req-5a48ccbf-c740-4a51-8c65-ec1b0beb923a - - - - - -] Creating instance of TrackedResource for resource:floatingip
2026-04-06 19:20:21.490 8 INFO neutron.quota.resource_registry [None req-5a48ccbf-c740-4a51-8c65-ec1b0beb923a - - - - - -] Creating instance of CountableResource for resource:rbac_policy
2026-04-06 19:20:21.491 8 INFO neutron.quota.resource_registry [None req-5a48ccbf-c740-4a51-8c65-ec1b0beb923a - - - - - -] Creating instance of TrackedResource for resource:security_group
2026-04-06 19:20:21.491 8 INFO neutron.quota.resource_registry [None req-5a48ccbf-c740-4a51-8c65-ec1b0beb923a - - - - - -] Creating instance of TrackedResource for resource:security_group_rule
2026-04-06 19:20:21.492 8 INFO neutron.quota.resource_registry [None req-5a48ccbf-c740-4a51-8c65-ec1b0beb923a - - - - - -] Creating instance of TrackedResource for resource:subnetpool
2026-04-06 19:20:21.492 8 WARNING neutron.quota.resource_registry [None req-5a48ccbf-c740-4a51-8c65-ec1b0beb923a - - - - - -] subnetpool is already registered
2026-04-06 19:20:21.493 8 INFO neutron.quota.resource_registry [None req-5a48ccbf-c740-4a51-8c65-ec1b0beb923a - - - - - -] Creating instance of CountableResource for resource:trunk
2026-04-06 19:20:21.493 8 INFO neutron.quota.resource_registry [None req-5a48ccbf-c740-4a51-8c65-ec1b0beb923a - - - - - -] Creating instance of CountableResource for resource:ikepolicy
2026-04-06 19:20:21.493 8 INFO neutron.quota.resource_registry [None req-5a48ccbf-c740-4a51-8c65-ec1b0beb923a - - - - - -] Creating instance of CountableResource for resource:ipsecpolicy
2026-04-06 19:20:21.494 8 INFO neutron.quota.resource_registry [None req-5a48ccbf-c740-4a51-8c65-ec1b0beb923a - - - - - -] Creating instance of CountableResource for resource:endpoint_group
2026-04-06 19:20:21.494 8 INFO neutron.quota.resource_registry [None req-5a48ccbf-c740-4a51-8c65-ec1b0beb923a - - - - - -] Creating instance of CountableResource for resource:vpnservice
2026-04-06 19:20:21.495 8 INFO neutron.quota.resource_registry [None req-5a48ccbf-c740-4a51-8c65-ec1b0beb923a - - - - - -] Creating instance of CountableResource for resource:ipsec_site_connection
2026-04-06 19:20:21.495 8 INFO neutron.quota.resource_registry [None req-5a48ccbf-c740-4a51-8c65-ec1b0beb923a - - - - - -] Creating instance of CountableResource for resource:ipsecpolicy
2026-04-06 19:20:21.495 8 WARNING neutron.quota.resource_registry [None req-5a48ccbf-c740-4a51-8c65-ec1b0beb923a - - - - - -] ipsecpolicy is already registered
2026-04-06 19:20:21.496 8 INFO neutron.quota.resource_registry [None req-5a48ccbf-c740-4a51-8c65-ec1b0beb923a - - - - - -] Creating instance of CountableResource for resource:ikepolicy
2026-04-06 19:20:21.496 8 WARNING neutron.quota.resource_registry [None req-5a48ccbf-c740-4a51-8c65-ec1b0beb923a - - - - - -] ikepolicy is already registered
2026-04-06 19:20:21.497 7 WARNING keystonemiddleware._common.config [None req-ffac3b46-5b53-41ad-b762-4b810643943b - - - - - -] The option "audit_map_file" is not known to keystonemiddleware
2026-04-06 19:20:21.500 8 INFO neutron.quota.resource_registry [None req-5a48ccbf-c740-4a51-8c65-ec1b0beb923a - - - - - -] Creating instance of TrackedResource for resource:router
2026-04-06 19:20:21.501 8 WARNING neutron.quota.resource_registry [None req-5a48ccbf-c740-4a51-8c65-ec1b0beb923a - - - - - -] router is already registered
2026-04-06 19:20:21.501 8 INFO neutron.quota.resource_registry [None req-5a48ccbf-c740-4a51-8c65-ec1b0beb923a - - - - - -] Creating instance of TrackedResource for resource:floatingip
2026-04-06 19:20:21.501 8 WARNING neutron.quota.resource_registry [None req-5a48ccbf-c740-4a51-8c65-ec1b0beb923a - - - - - -] floatingip is already registered
2026-04-06 19:20:21.504 7 WARNING oslo_config.cfg [None req-ffac3b46-5b53-41ad-b762-4b810643943b - - - - - -] Deprecated: Option "auth_uri" from group "keystone_authtoken" is deprecated. Use option "www_authenticate_uri" from group "keystone_authtoken".
2026-04-06 19:20:21.506 8 INFO neutron.quota.resource_registry [None req-5a48ccbf-c740-4a51-8c65-ec1b0beb923a - - - - - -] Creating instance of CountableResource for resource:rbac_policy
2026-04-06 19:20:21.506 8 WARNING neutron.quota.resource_registry [None req-5a48ccbf-c740-4a51-8c65-ec1b0beb923a - - - - - -] rbac_policy is already registered
2026-04-06 19:20:21.507 8 INFO neutron.quota.resource_registry [None req-5a48ccbf-c740-4a51-8c65-ec1b0beb923a - - - - - -] Creating instance of TrackedResource for resource:security_group
2026-04-06 19:20:21.507 8 WARNING neutron.quota.resource_registry [None req-5a48ccbf-c740-4a51-8c65-ec1b0beb923a - - - - - -] security_group is already registered
2026-04-06 19:20:21.507 8 INFO neutron.quota.resource_registry [None req-5a48ccbf-c740-4a51-8c65-ec1b0beb923a - - - - - -] Creating instance of TrackedResource for resource:security_group_rule
2026-04-06 19:20:21.507 8 WARNING neutron.quota.resource_registry [None req-5a48ccbf-c740-4a51-8c65-ec1b0beb923a - - - - - -] security_group_rule is already registered
2026-04-06 19:20:21.508 8 INFO neutron.quota.resource_registry [None req-5a48ccbf-c740-4a51-8c65-ec1b0beb923a - - - - - -] Creating instance of TrackedResource for resource:subnetpool
2026-04-06 19:20:21.508 8 WARNING neutron.quota.resource_registry [None req-5a48ccbf-c740-4a51-8c65-ec1b0beb923a - - - - - -] subnetpool is already registered
2026-04-06 19:20:21.509 8 INFO neutron.quota.resource_registry [None req-5a48ccbf-c740-4a51-8c65-ec1b0beb923a - - - - - -] Creating instance of CountableResource for resource:trunk
2026-04-06 19:20:21.509 8 WARNING neutron.quota.resource_registry [None req-5a48ccbf-c740-4a51-8c65-ec1b0beb923a - - - - - -] trunk is already registered
2026-04-06 19:20:21.509 8 INFO neutron.quota.resource_registry [None req-5a48ccbf-c740-4a51-8c65-ec1b0beb923a - - - - - -] Creating instance of CountableResource for resource:ikepolicy
2026-04-06 19:20:21.509 8 WARNING neutron.quota.resource_registry [None req-5a48ccbf-c740-4a51-8c65-ec1b0beb923a - - - - - -] ikepolicy is already registered
2026-04-06 19:20:21.510 8 INFO neutron.quota.resource_registry [None req-5a48ccbf-c740-4a51-8c65-ec1b0beb923a - - - - - -] Creating instance of CountableResource for resource:ipsecpolicy
2026-04-06 19:20:21.510 8 WARNING neutron.quota.resource_registry [None req-5a48ccbf-c740-4a51-8c65-ec1b0beb923a - - - - - -] ipsecpolicy is already registered
2026-04-06 19:20:21.510 8 INFO neutron.quota.resource_registry [None req-5a48ccbf-c740-4a51-8c65-ec1b0beb923a - - - - - -] Creating instance of CountableResource for resource:endpoint_group
2026-04-06 19:20:21.510 8 WARNING neutron.quota.resource_registry [None req-5a48ccbf-c740-4a51-8c65-ec1b0beb923a - - - - - -] endpoint_group is already registered
2026-04-06 19:20:21.511 8 INFO neutron.quota.resource_registry [None req-5a48ccbf-c740-4a51-8c65-ec1b0beb923a - - - - - -] Creating instance of CountableResource for resource:vpnservice
2026-04-06 19:20:21.511 8 WARNING neutron.quota.resource_registry [None req-5a48ccbf-c740-4a51-8c65-ec1b0beb923a - - - - - -] vpnservice is already registered
2026-04-06 19:20:21.511 8 INFO neutron.quota.resource_registry [None req-5a48ccbf-c740-4a51-8c65-ec1b0beb923a - - - - - -] Creating instance of CountableResource for resource:ipsec_site_connection
2026-04-06 19:20:21.511 8 WARNING neutron.quota.resource_registry [None req-5a48ccbf-c740-4a51-8c65-ec1b0beb923a - - - - - -] ipsec_site_connection is already registered
2026-04-06 19:20:21.512 8 INFO neutron.quota.resource_registry [None req-5a48ccbf-c740-4a51-8c65-ec1b0beb923a - - - - - -] Creating instance of CountableResource for resource:ipsecpolicy
2026-04-06 19:20:21.512 8 WARNING neutron.quota.resource_registry [None req-5a48ccbf-c740-4a51-8c65-ec1b0beb923a - - - - - -] ipsecpolicy is already registered
2026-04-06 19:20:21.512 8 INFO neutron.quota.resource_registry [None req-5a48ccbf-c740-4a51-8c65-ec1b0beb923a - - - - - -] Creating instance of CountableResource for resource:ikepolicy
2026-04-06 19:20:21.512 8 WARNING neutron.quota.resource_registry [None req-5a48ccbf-c740-4a51-8c65-ec1b0beb923a - - - - - -] ikepolicy is already registered
2026-04-06 19:20:21.528 7 WARNING neutron.plugins.ml2.drivers.ovn.mech_driver.mech_driver [None req-ffac3b46-5b53-41ad-b762-4b810643943b - - - - - -] uWSGI must provide a start time using the configuration parameter "start-time %t" in the configuration file
2026-04-06 19:20:21.545 7 INFO neutron.db.ovn_hash_ring_db [None req-ffac3b46-5b53-41ad-b762-4b810643943b - - - - - -] Nodes from host "neutron-server-65659f7796-psdns" and group "mechanism_driver" removed from the Hash Ring created at
2026-04-06 19:20:21+00:00
2026-04-06 19:20:21.547 7 INFO neutron.db.ovn_hash_ring_db [None req-ffac3b46-5b53-41ad-b762-4b810643943b - - - - - -] Node 312bdcebabb75fe1953314e1fd0af385 from host "neutron-server-65659f7796-psdns" and group "mechanism_driver" added to the Hash Ring
2026-04-06 19:20:21.548 8 WARNING keystonemiddleware._common.config [None req-5a48ccbf-c740-4a51-8c65-ec1b0beb923a - - - - - -] The option "audit_map_file" is not known to keystonemiddleware
2026-04-06 19:20:21.555 8 WARNING oslo_config.cfg [None req-5a48ccbf-c740-4a51-8c65-ec1b0beb923a - - - - - -] Deprecated: Option "auth_uri" from group "keystone_authtoken" is deprecated. Use option "www_authenticate_uri" from group "keystone_authtoken".
2026-04-06 19:20:21.559 7 INFO neutron.plugins.ml2.drivers.ovn.mech_driver.mech_driver [None req-ffac3b46-5b53-41ad-b762-4b810643943b - - - - - -] Hash Ring probing thread for node 312bdcebabb75fe1953314e1fd0af385 has started
2026-04-06 19:20:21.559 7 INFO neutron.plugins.ml2.drivers.ovn.mech_driver.ovsdb.impl_idl_ovn [None req-ffac3b46-5b53-41ad-b762-4b810643943b - - - - - -] Getting OvsdbNbOvnIdl for WorkerService with retry
2026-04-06 19:20:21.577 8 WARNING neutron.plugins.ml2.drivers.ovn.mech_driver.mech_driver [None req-5a48ccbf-c740-4a51-8c65-ec1b0beb923a - - - - - -] uWSGI must provide a start time using the configuration parameter "start-time %t" in the configuration file
2026-04-06 19:20:21.592 7 INFO ovsdbapp.backend.ovs_idl.vlog [None req-ffac3b46-5b53-41ad-b762-4b810643943b - - - - - -] tcp:10.99.105.3:6641: connecting...
2026-04-06 19:20:21.593 7 INFO ovsdbapp.backend.ovs_idl.vlog [None req-ffac3b46-5b53-41ad-b762-4b810643943b - - - - - -] tcp:10.99.105.3:6641: connected
2026-04-06 19:20:21.596 8 INFO neutron.db.ovn_hash_ring_db [None req-5a48ccbf-c740-4a51-8c65-ec1b0beb923a - - - - - -] Nodes from host "neutron-server-65659f7796-psdns" and group "mechanism_driver" removed from the Hash Ring created at
2026-04-06 19:20:21+00:00
2026-04-06 19:20:21.599 8 INFO neutron.db.ovn_hash_ring_db [None req-5a48ccbf-c740-4a51-8c65-ec1b0beb923a - - - - - -] Node 3cbc462edcc856d7b78f917108ab3695 from host "neutron-server-65659f7796-psdns" and group "mechanism_driver" added to the Hash Ring
2026-04-06 19:20:21.606 8 INFO neutron.plugins.ml2.drivers.ovn.mech_driver.mech_driver [None req-5a48ccbf-c740-4a51-8c65-ec1b0beb923a - - - - - -] Hash Ring probing thread for node 3cbc462edcc856d7b78f917108ab3695 has started
2026-04-06 19:20:21.607 8 INFO neutron.plugins.ml2.drivers.ovn.mech_driver.ovsdb.impl_idl_ovn [None req-5a48ccbf-c740-4a51-8c65-ec1b0beb923a - - - - - -] Getting OvsdbNbOvnIdl for WorkerService with retry
2026-04-06 19:20:21.633 7 INFO neutron.plugins.ml2.drivers.ovn.mech_driver.ovsdb.impl_idl_ovn [None req-ffac3b46-5b53-41ad-b762-4b810643943b - - - - - -] Getting OvsdbSbOvnIdl for WorkerService with retry
2026-04-06 19:20:21.641 8 INFO ovsdbapp.backend.ovs_idl.vlog [None req-5a48ccbf-c740-4a51-8c65-ec1b0beb923a - - - - - -] tcp:10.99.105.3:6641: connecting...
2026-04-06 19:20:21.641 8 INFO ovsdbapp.backend.ovs_idl.vlog [None req-5a48ccbf-c740-4a51-8c65-ec1b0beb923a - - - - - -] tcp:10.99.105.3:6641: connected
2026-04-06 19:20:21.667 7 INFO ovsdbapp.backend.ovs_idl.vlog [None req-ffac3b46-5b53-41ad-b762-4b810643943b - - - - - -] tcp:10.98.218.49:6642: connecting...
2026-04-06 19:20:21.667 7 INFO ovsdbapp.backend.ovs_idl.vlog [None req-ffac3b46-5b53-41ad-b762-4b810643943b - - - - - -] tcp:10.98.218.49:6642: connected
2026-04-06 19:20:21.693 8 INFO neutron.plugins.ml2.drivers.ovn.mech_driver.ovsdb.impl_idl_ovn [None req-5a48ccbf-c740-4a51-8c65-ec1b0beb923a - - - - - -] Getting OvsdbSbOvnIdl for WorkerService with retry
2026-04-06 19:20:21.709 7 INFO neutron.plugins.ml2.drivers.ovn.mech_driver.mech_driver [None req-ffac3b46-5b53-41ad-b762-4b810643943b - - - - - -] WorkerService process has finished the post initialization
2026-04-06 19:20:21.717 8 INFO ovsdbapp.backend.ovs_idl.vlog [None req-5a48ccbf-c740-4a51-8c65-ec1b0beb923a - - - - - -] tcp:10.98.218.49:6642: connecting...
2026-04-06 19:20:21.717 8 INFO ovsdbapp.backend.ovs_idl.vlog [None req-5a48ccbf-c740-4a51-8c65-ec1b0beb923a - - - - - -] tcp:10.98.218.49:6642: connected
2026-04-06 19:20:21.739 7 INFO ovsdbapp.backend.ovs_idl.vlog [None req-ffac3b46-5b53-41ad-b762-4b810643943b - - - - - -] tcp:10.99.105.3:6641: connecting...
2026-04-06 19:20:21.739 7 INFO ovsdbapp.backend.ovs_idl.vlog [None req-ffac3b46-5b53-41ad-b762-4b810643943b - - - - - -] tcp:10.99.105.3:6641: connected
2026-04-06 19:20:21.752 8 INFO neutron.plugins.ml2.drivers.ovn.mech_driver.mech_driver [None req-5a48ccbf-c740-4a51-8c65-ec1b0beb923a - - - - - -] WorkerService process has finished the post initialization
2026-04-06 19:20:21.753 8 INFO neutron.plugins.ml2.drivers.ovn.mech_driver.ovsdb.extensions.qos [-] Starting OVNClientQosExtension
2026-04-06 19:20:21.767 8 INFO neutron.plugins.ml2.drivers.ovn.mech_driver.ovsdb.extensions.placement [-] Starting OVNClientPlacementExtension
2026-04-06 19:20:21.777 7 INFO ovsdbapp.backend.ovs_idl.vlog [None req-ffac3b46-5b53-41ad-b762-4b810643943b - - - - - -] tcp:10.99.105.3:6641: connecting...
2026-04-06 19:20:21.777 8 INFO ovsdbapp.backend.ovs_idl.vlog [None req-5a48ccbf-c740-4a51-8c65-ec1b0beb923a - - - - - -] tcp:10.99.105.3:6641: connecting...
2026-04-06 19:20:21.777 7 INFO ovsdbapp.backend.ovs_idl.vlog [None req-ffac3b46-5b53-41ad-b762-4b810643943b - - - - - -] tcp:10.99.105.3:6641: connected
2026-04-06 19:20:21.777 8 INFO ovsdbapp.backend.ovs_idl.vlog [None req-5a48ccbf-c740-4a51-8c65-ec1b0beb923a - - - - - -] tcp:10.99.105.3:6641: connected WSGI app 0 (mountpoint='') ready in 10 seconds on interpreter 0x7f62a7dfb668 pid: 7 (default app)
2026-04-06 19:20:21.826 8 INFO ovsdbapp.backend.ovs_idl.vlog [None req-5a48ccbf-c740-4a51-8c65-ec1b0beb923a - - - - - -] tcp:10.99.105.3:6641: connecting...
2026-04-06 19:20:21.826 8 INFO ovsdbapp.backend.ovs_idl.vlog [None req-5a48ccbf-c740-4a51-8c65-ec1b0beb923a - - - - - -] tcp:10.99.105.3:6641: connected WSGI app 0 (mountpoint='') ready in 10 seconds on interpreter 0x7f62a7dfb668 pid: 8 (default app) /var/lib/openstack/lib/python3.12/site-packages/pycadf/identifier.py:70: UserWarning: Invalid uuid: unknown. To ensure interoperability, identifiers should be a valid uuid. warnings.warn(('Invalid uuid: %s. To ensure interoperability, '
2026-04-06 19:20:24.191 7 INFO neutron.pecan_wsgi.hooks.translation [None req-3adf935e-acf8-4c31-88f5-ef405e1f856c 9598049f81bc4e8a9c92a98d490c69e1 7d59b4ef8dc14dc29205b8731d768f62 - - default default] GET failed (client error): The resource could not be found. [pid: 7|app: 0|req: 3/3] 199.204.45.6 () {44 vars in 920 bytes} [Mon Apr 6 19:20:23 2026] GET /v2.0/networks/public => generated 108 bytes in 787 msecs (HTTP/1.1 404) 4 headers in 164 bytes (1 switches on core 0) /var/lib/openstack/lib/python3.12/site-packages/pycadf/identifier.py:70: UserWarning: Invalid uuid: unknown. To ensure interoperability, identifiers should be a valid uuid. warnings.warn(('Invalid uuid: %s. To ensure interoperability, ' [pid: 8|app: 0|req: 1/4] 199.204.45.6 () {44 vars in 942 bytes} [Mon Apr 6 19:20:24 2026] GET /v2.0/networks?name=public => generated 15 bytes in 480 msecs (HTTP/1.1 200) 4 headers in 156 bytes (1 switches on core 0)
2026-04-06 19:20:24.972 7 INFO neutron.plugins.ml2.drivers.ovn.mech_driver.ovsdb.extensions.qos [None req-2c11ec87-aad3-4334-83d7-c3593161475a 9598049f81bc4e8a9c92a98d490c69e1 7d59b4ef8dc14dc29205b8731d768f62 - - default default] Starting OVNClientQosExtension
2026-04-06 19:20:24.973 7 INFO neutron.plugins.ml2.drivers.ovn.mech_driver.ovsdb.extensions.placement [None req-2c11ec87-aad3-4334-83d7-c3593161475a 9598049f81bc4e8a9c92a98d490c69e1 7d59b4ef8dc14dc29205b8731d768f62 - - default default] Starting OVNClientPlacementExtension
2026-04-06 19:20:25.002 7 INFO neutron.db.ovn_revision_numbers_db [None req-2c11ec87-aad3-4334-83d7-c3593161475a 9598049f81bc4e8a9c92a98d490c69e1 7d59b4ef8dc14dc29205b8731d768f62 - - default default] Successfully bumped revision number for resource 2176842a-3635-4a29-8440-53ae17b9c797 (type: security_groups) to 1
2026-04-06 19:20:25.013 7 INFO neutron.db.ovn_revision_numbers_db [None req-2c11ec87-aad3-4334-83d7-c3593161475a 9598049f81bc4e8a9c92a98d490c69e1 7d59b4ef8dc14dc29205b8731d768f62 - - default default] Successfully bumped revision number for resource 3a17b186-3799-4969-9927-e805e321c065 (type: security_group_rules) to 0
2026-04-06 19:20:25.021 7 INFO neutron.db.ovn_revision_numbers_db [None req-2c11ec87-aad3-4334-83d7-c3593161475a 9598049f81bc4e8a9c92a98d490c69e1 7d59b4ef8dc14dc29205b8731d768f62 - - default default] Successfully bumped revision number for resource 3c9aed79-b17a-4229-bed6-e6ff5006b430 (type: security_group_rules) to 0
2026-04-06 19:20:25.029 7 INFO neutron.db.ovn_revision_numbers_db [None req-2c11ec87-aad3-4334-83d7-c3593161475a 9598049f81bc4e8a9c92a98d490c69e1 7d59b4ef8dc14dc29205b8731d768f62 - - default default] Successfully bumped revision number for resource c8f7c84a-768f-4282-9aaa-12d962489772 (type: security_group_rules) to 0
2026-04-06 19:20:25.040 7 INFO neutron.db.ovn_revision_numbers_db [None req-2c11ec87-aad3-4334-83d7-c3593161475a 9598049f81bc4e8a9c92a98d490c69e1 7d59b4ef8dc14dc29205b8731d768f62 - - default default] Successfully bumped revision number for resource dc04c47c-58a6-4b88-9ba3-82f336c9a7af (type: security_group_rules) to 0
2026-04-06 19:20:25.100 7 WARNING neutron.services.revisions.revision_plugin [None req-2c11ec87-aad3-4334-83d7-c3593161475a 9598049f81bc4e8a9c92a98d490c69e1 7d59b4ef8dc14dc29205b8731d768f62 - - default default] Could not find related network for resource to bump revision.
2026-04-06 19:20:25.122 7 INFO neutron.db.segments_db [None req-2c11ec87-aad3-4334-83d7-c3593161475a 9598049f81bc4e8a9c92a98d490c69e1 7d59b4ef8dc14dc29205b8731d768f62 - - default default] Added segment 8db4bf9d-a3e6-44c9-89fc-95bcf8a0e5b2 of type flat for network 3f6bb486-d1fb-4a72-b691-c0e7fb22ced9
2026-04-06 19:20:25.237 7 INFO neutron.plugins.ml2.drivers.ovn.mech_driver.mech_driver [-] OVN reports status down for port: provnet-8db4bf9d-a3e6-44c9-89fc-95bcf8a0e5b2
2026-04-06 19:20:25.292 7 INFO neutron.db.ovn_revision_numbers_db [None req-2c11ec87-aad3-4334-83d7-c3593161475a 9598049f81bc4e8a9c92a98d490c69e1 7d59b4ef8dc14dc29205b8731d768f62 - - default default] Successfully bumped revision number for resource 3f6bb486-d1fb-4a72-b691-c0e7fb22ced9 (type: networks) to 1
2026-04-06 19:20:25.789 7 WARNING neutron.scheduler.dhcp_agent_scheduler [None req-2c11ec87-aad3-4334-83d7-c3593161475a 9598049f81bc4e8a9c92a98d490c69e1 7d59b4ef8dc14dc29205b8731d768f62 - - default default] No more DHCP agents
2026-04-06 19:20:25.790 7 WARNING neutron.api.rpc.agentnotifiers.dhcp_rpc_agent_api [None req-2c11ec87-aad3-4334-83d7-c3593161475a 9598049f81bc4e8a9c92a98d490c69e1 7d59b4ef8dc14dc29205b8731d768f62 - - default default] Unable to schedule network 3f6bb486-d1fb-4a72-b691-c0e7fb22ced9: no agents available; will retry on subsequent port and subnet creation events.
2026-04-06 19:20:25.856 8 INFO neutron.plugins.ml2.drivers.ovn.mech_driver.mech_driver [-] OVN reports status down for port: 0756f5de-7ba5-4337-a7ad-651f0ef09a66
2026-04-06 19:20:25.905 7 INFO neutron.db.ovn_revision_numbers_db [None req-2c11ec87-aad3-4334-83d7-c3593161475a 9598049f81bc4e8a9c92a98d490c69e1 7d59b4ef8dc14dc29205b8731d768f62 - - default default] Successfully bumped revision number for resource 0756f5de-7ba5-4337-a7ad-651f0ef09a66 (type: ports) to 1 [pid: 7|app: 0|req: 4/6] 199.204.45.6 () {48 vars in 960 bytes} [Mon Apr 6 19:20:24 2026] POST /v2.0/networks => generated 744 bytes in 1247 msecs (HTTP/1.1 201) 4 headers in 162 bytes (1 switches on core 0)
2026-04-06 19:20:27.922 8 INFO neutron.pecan_wsgi.hooks.translation [None req-81c902df-f59f-4ed8-a026-a50d90b6eb01 9598049f81bc4e8a9c92a98d490c69e1 7d59b4ef8dc14dc29205b8731d768f62 - - default default] GET failed (client error): The resource could not be found. [pid: 8|app: 0|req: 3/7] 199.204.45.6 () {44 vars in 920 bytes} [Mon Apr 6 19:20:27 2026] GET /v2.0/networks/public => generated 108 bytes in 390 msecs (HTTP/1.1 404) 4 headers in 164 bytes (1 switches on core 0) [pid: 7|app: 0|req: 5/8] 199.204.45.6 () {44 vars in 942 bytes} [Mon Apr 6 19:20:27 2026] GET /v2.0/networks?name=public => generated 753 bytes in 31 msecs (HTTP/1.1 200) 4 headers in 157 bytes (1 switches on core 0)
2026-04-06 19:20:27.991 8 INFO neutron.pecan_wsgi.hooks.translation [None req-aa8c569b-15d3-40bc-bc11-ecbefd3a990c 9598049f81bc4e8a9c92a98d490c69e1 7d59b4ef8dc14dc29205b8731d768f62 - - default default] GET failed (client error): The resource could not be found. [pid: 8|app: 0|req: 4/9] 199.204.45.6 () {44 vars in 1027 bytes} [Mon Apr 6 19:20:27 2026] GET /v2.0/subnets/public-subnet?network_id=3f6bb486-d1fb-4a72-b691-c0e7fb22ced9 => generated 113 bytes in 26 msecs (HTTP/1.1 404) 4 headers in 164 bytes (1 switches on core 0) [pid: 7|app: 0|req: 6/10] 199.204.45.6 () {44 vars in 1050 bytes} [Mon Apr 6 19:20:27 2026] GET /v2.0/subnets?name=public-subnet&network_id=3f6bb486-d1fb-4a72-b691-c0e7fb22ced9 => generated 14 bytes in 21 msecs (HTTP/1.1 200) 4 headers in 156 bytes (1 switches on core 0)
2026-04-06 19:20:28.456 8 WARNING neutron.scheduler.dhcp_agent_scheduler [None req-7f86de8f-7e40-4c9a-8738-538672139a9c 9598049f81bc4e8a9c92a98d490c69e1 7d59b4ef8dc14dc29205b8731d768f62 - - default default] No more DHCP agents
2026-04-06 19:20:28.457 8 WARNING neutron.api.rpc.agentnotifiers.dhcp_rpc_agent_api [None req-7f86de8f-7e40-4c9a-8738-538672139a9c 9598049f81bc4e8a9c92a98d490c69e1 7d59b4ef8dc14dc29205b8731d768f62 - - default default] Unable to schedule network 3f6bb486-d1fb-4a72-b691-c0e7fb22ced9: no agents available; will retry on subsequent port and subnet creation events.
2026-04-06 19:20:29.254 8 INFO neutron.db.ovn_revision_numbers_db [None req-1cf3311c-eb5a-4c9c-bb5a-6545f5835077 - - - - - -] Successfully bumped revision number for resource 0756f5de-7ba5-4337-a7ad-651f0ef09a66 (type: ports) to 2
2026-04-06 19:20:29.296 8 INFO neutron.db.ovn_revision_numbers_db [None req-1cf3311c-eb5a-4c9c-bb5a-6545f5835077 - - - - - -] Successfully bumped revision number for resource 6116a136-f505-41af-a535-d3a2ec563b34 (type: subnets) to 0 [pid: 8|app: 0|req: 5/11] 199.204.45.6 () {48 vars in 958 bytes} [Mon Apr 6 19:20:28 2026] POST /v2.0/subnets => generated 664 bytes in 1296 msecs (HTTP/1.1 201) 4 headers in 162 bytes (1 switches on core 0)
2026-04-06 19:25:15.720 8 INFO neutron.pecan_wsgi.hooks.translation [None req-ff7ffac8-ad8a-4879-87e8-9c96c1be2847 9598049f81bc4e8a9c92a98d490c69e1 7d59b4ef8dc14dc29205b8731d768f62 - - default default] GET failed (client error): The resource could not be found. [pid: 8|app: 0|req: 23/47] 199.204.45.6 () {44 vars in 930 bytes} [Mon Apr 6 19:25:15 2026] GET /v2.0/networks/lb-mgmt-net => generated 113 bytes in 106 msecs (HTTP/1.1 404) 4 headers in 164 bytes (1 switches on core 0) [pid: 7|app: 0|req: 25/48] 199.204.45.6 () {44 vars in 952 bytes} [Mon Apr 6 19:25:15 2026] GET /v2.0/networks?name=lb-mgmt-net => generated 15 bytes in 15 msecs (HTTP/1.1 200) 4 headers in 156 bytes (1 switches on core 0)
2026-04-06 19:25:15.844 8 INFO neutron.db.segments_db [None req-b1f2d845-91ab-4dce-9c2b-89f6a54aefd7 9598049f81bc4e8a9c92a98d490c69e1 7d59b4ef8dc14dc29205b8731d768f62 - - default default] Added segment 11750464-6343-47b7-a6a6-313128b1dc84 of type geneve for network 74154f98-792c-4bac-b41b-2162dd7f2b89
2026-04-06 19:25:15.992 8 INFO neutron.db.ovn_revision_numbers_db [None req-b1f2d845-91ab-4dce-9c2b-89f6a54aefd7 9598049f81bc4e8a9c92a98d490c69e1 7d59b4ef8dc14dc29205b8731d768f62 - - default default] Successfully bumped revision number for resource 74154f98-792c-4bac-b41b-2162dd7f2b89 (type: networks) to 1
2026-04-06 19:25:16.150 8 WARNING neutron.scheduler.dhcp_agent_scheduler [None req-b1f2d845-91ab-4dce-9c2b-89f6a54aefd7 9598049f81bc4e8a9c92a98d490c69e1 7d59b4ef8dc14dc29205b8731d768f62 - - default default] No more DHCP agents
