2026-04-06 20:01:03.437 7 INFO cinder.api.openstack.wsgi [req-19a2930c-2afd-4b99-882d-b242453741e1 req-3696c21b-11cb-468c-ab32-060df370a1ed 9598049f81bc4e8a9c92a98d490c69e1 7d59b4ef8dc14dc29205b8731d768f62 - - default default] http://cinder-api.openstack.svc.cluster.local:8776/v3/7d59b4ef8dc14dc29205b8731d768f62/volumes/9cd425ec-6445-41f6-ac06-95bb952f1ecf returned with HTTP 200 [pid: 7|app: 0|req: 481/962] 199.204.45.6 () {36 vars in 1071 bytes} [Mon Apr 6 20:01:03 2026] GET /v3/7d59b4ef8dc14dc29205b8731d768f62/volumes/9cd425ec-6445-41f6-ac06-95bb952f1ecf => generated 1712 bytes in 33 msecs (HTTP/1.1 200) 7 headers in 287 bytes (1 switches on core 0) /var/lib/openstack/lib/python3.12/site-packages/pycadf/identifier.py:70: UserWarning: Invalid uuid: cinderv3. To ensure interoperability, identifiers should be a valid uuid. warnings.warn(('Invalid uuid: %s. To ensure interoperability, '
2026-04-06 20:01:03.528 8 INFO cinder.api.openstack.wsgi [req-19a2930c-2afd-4b99-882d-b242453741e1 req-15417ce6-789a-40cd-9380-fc9ed8e6b82a 9598049f81bc4e8a9c92a98d490c69e1 7d59b4ef8dc14dc29205b8731d768f62 - - default default] PUT http://cinder-api.openstack.svc.cluster.local:8776/v3/7d59b4ef8dc14dc29205b8731d768f62/attachments/7629aea1-9f5a-4840-a970-0becef576913 /var/lib/openstack/lib/python3.12/site-packages/oslo_context/context.py:101: DeprecationWarning: Policy enforcement is depending on the value of is_admin. This key is deprecated. Please update your policy file to use the standard policy values. warnings.warn(
2026-04-06 20:01:04.567 8 INFO cinder.api.openstack.wsgi [req-19a2930c-2afd-4b99-882d-b242453741e1 req-15417ce6-789a-40cd-9380-fc9ed8e6b82a 9598049f81bc4e8a9c92a98d490c69e1 7d59b4ef8dc14dc29205b8731d768f62 - - default default] http://cinder-api.openstack.svc.cluster.local:8776/v3/7d59b4ef8dc14dc29205b8731d768f62/attachments/7629aea1-9f5a-4840-a970-0becef576913 returned with HTTP 200 [pid: 8|app: 0|req: 482/963] 199.204.45.6 () {40 vars in 1133 bytes} [Mon Apr 6 20:01:03 2026] PUT /v3/7d59b4ef8dc14dc29205b8731d768f62/attachments/7629aea1-9f5a-4840-a970-0becef576913 => generated 802 bytes in 1046 msecs (HTTP/1.1 200) 7 headers in 286 bytes (1 switches on core 0) /var/lib/openstack/lib/python3.12/site-packages/pycadf/identifier.py:70: UserWarning: Invalid uuid: cinderv3. To ensure interoperability, identifiers should be a valid uuid. warnings.warn(('Invalid uuid: %s. To ensure interoperability, '
2026-04-06 20:01:04.594 7 INFO cinder.api.openstack.wsgi [req-51574ea4-cbda-423b-922c-389daeab4821 req-c076aebf-a78d-49b8-a3f3-88cfdbe76214 9598049f81bc4e8a9c92a98d490c69e1 7d59b4ef8dc14dc29205b8731d768f62 - - default default] GET http://cinder-api.openstack.svc.cluster.local:8776/v3/7d59b4ef8dc14dc29205b8731d768f62/volumes/9cd425ec-6445-41f6-ac06-95bb952f1ecf /var/lib/openstack/lib/python3.12/site-packages/oslo_context/context.py:101: DeprecationWarning: Policy enforcement is depending on the value of is_admin. This key is deprecated. Please update your policy file to use the standard policy values. warnings.warn(
2026-04-06 20:01:04.615 7 INFO cinder.volume.api [req-51574ea4-cbda-423b-922c-389daeab4821 req-c076aebf-a78d-49b8-a3f3-88cfdbe76214 9598049f81bc4e8a9c92a98d490c69e1 7d59b4ef8dc14dc29205b8731d768f62 - - default default] Volume info retrieved successfully.
2026-04-06 20:01:04.620 7 INFO cinder.api.openstack.wsgi [req-51574ea4-cbda-423b-922c-389daeab4821 req-c076aebf-a78d-49b8-a3f3-88cfdbe76214 9598049f81bc4e8a9c92a98d490c69e1 7d59b4ef8dc14dc29205b8731d768f62 - - default default] http://cinder-api.openstack.svc.cluster.local:8776/v3/7d59b4ef8dc14dc29205b8731d768f62/volumes/9cd425ec-6445-41f6-ac06-95bb952f1ecf returned with HTTP 200 [pid: 7|app: 0|req: 482/964] 199.204.45.6 () {32 vars in 823 bytes} [Mon Apr 6 20:01:04 2026] GET /v3/7d59b4ef8dc14dc29205b8731d768f62/volumes/9cd425ec-6445-41f6-ac06-95bb952f1ecf => generated 1489 bytes in 33 msecs (HTTP/1.1 200) 7 headers in 286 bytes (1 switches on core 0) /var/lib/openstack/lib/python3.12/site-packages/pycadf/identifier.py:70: UserWarning: Invalid uuid: cinderv3. To ensure interoperability, identifiers should be a valid uuid. warnings.warn(('Invalid uuid: %s. To ensure interoperability, '
2026-04-06 20:01:05.089 8 INFO cinder.api.openstack.wsgi [req-19a2930c-2afd-4b99-882d-b242453741e1 req-8a8bfd59-8e16-4b65-986a-150fa3f81f61 9598049f81bc4e8a9c92a98d490c69e1 7d59b4ef8dc14dc29205b8731d768f62 - - default default] POST http://cinder-api.openstack.svc.cluster.local:8776/v3/7d59b4ef8dc14dc29205b8731d768f62/attachments/7629aea1-9f5a-4840-a970-0becef576913/action /var/lib/openstack/lib/python3.12/site-packages/oslo_context/context.py:101: DeprecationWarning: Policy enforcement is depending on the value of is_admin. This key is deprecated. Please update your policy file to use the standard policy values. warnings.warn(
2026-04-06 20:01:05.137 8 INFO cinder.api.openstack.wsgi [req-19a2930c-2afd-4b99-882d-b242453741e1 req-8a8bfd59-8e16-4b65-986a-150fa3f81f61 9598049f81bc4e8a9c92a98d490c69e1 7d59b4ef8dc14dc29205b8731d768f62 - - default default] http://cinder-api.openstack.svc.cluster.local:8776/v3/7d59b4ef8dc14dc29205b8731d768f62/attachments/7629aea1-9f5a-4840-a970-0becef576913/action returned with HTTP 204 [pid: 8|app: 0|req: 483/965] 199.204.45.6 () {40 vars in 1146 bytes} [Mon Apr 6 20:01:05 2026] POST /v3/7d59b4ef8dc14dc29205b8731d768f62/attachments/7629aea1-9f5a-4840-a970-0becef576913/action => generated 0 bytes in 58 msecs (HTTP/1.1 204) 7 headers in 292 bytes (1 switches on core 0) /var/lib/openstack/lib/python3.12/site-packages/pycadf/identifier.py:70: UserWarning: Invalid uuid: cinderv3. To ensure interoperability, identifiers should be a valid uuid. warnings.warn(('Invalid uuid: %s. To ensure interoperability, '
2026-04-06 20:01:07.460 7 INFO cinder.api.openstack.wsgi [req-51574ea4-cbda-423b-922c-389daeab4821 req-1d8361ac-c30d-4e16-b644-ef8a98e662f4 9598049f81bc4e8a9c92a98d490c69e1 7d59b4ef8dc14dc29205b8731d768f62 - - default default] GET http://cinder-api.openstack.svc.cluster.local:8776/v3/7d59b4ef8dc14dc29205b8731d768f62/volumes/9cd425ec-6445-41f6-ac06-95bb952f1ecf /var/lib/openstack/lib/python3.12/site-packages/oslo_context/context.py:101: DeprecationWarning: Policy enforcement is depending on the value of is_admin. This key is deprecated. Please update your policy file to use the standard policy values. warnings.warn(
2026-04-06 20:01:07.478 7 INFO cinder.volume.api [req-51574ea4-cbda-423b-922c-389daeab4821 req-1d8361ac-c30d-4e16-b644-ef8a98e662f4 9598049f81bc4e8a9c92a98d490c69e1 7d59b4ef8dc14dc29205b8731d768f62 - - default default] Volume info retrieved successfully.
2026-04-06 20:01:07.487 7 INFO cinder.api.openstack.wsgi [req-51574ea4-cbda-423b-922c-389daeab4821 req-1d8361ac-c30d-4e16-b644-ef8a98e662f4 9598049f81bc4e8a9c92a98d490c69e1 7d59b4ef8dc14dc29205b8731d768f62 - - default default] http://cinder-api.openstack.svc.cluster.local:8776/v3/7d59b4ef8dc14dc29205b8731d768f62/volumes/9cd425ec-6445-41f6-ac06-95bb952f1ecf returned with HTTP 200 [pid: 7|app: 0|req: 483/966] 199.204.45.6 () {32 vars in 823 bytes} [Mon Apr 6 20:01:07 2026] GET /v3/7d59b4ef8dc14dc29205b8731d768f62/volumes/9cd425ec-6445-41f6-ac06-95bb952f1ecf => generated 1787 bytes in 35 msecs (HTTP/1.1 200) 7 headers in 286 bytes (1 switches on core 0)
2026-04-06 20:01:07.806 8 INFO cinder.api.openstack.wsgi [req-19a2930c-2afd-4b99-882d-b242453741e1 req-8a8bfd59-8e16-4b65-986a-150fa3f81f61 9598049f81bc4e8a9c92a98d490c69e1 7d59b4ef8dc14dc29205b8731d768f62 - - default default] GET http://10.0.0.72:8776/
2026-04-06 20:01:07.806 8 INFO cinder.api.openstack.wsgi [req-19a2930c-2afd-4b99-882d-b242453741e1 req-8a8bfd59-8e16-4b65-986a-150fa3f81f61 9598049f81bc4e8a9c92a98d490c69e1 7d59b4ef8dc14dc29205b8731d768f62 - - default default] http://10.0.0.72:8776/ returned with HTTP 300
2026-04-06 20:01:07.806 7 INFO cinder.api.openstack.wsgi [req-51574ea4-cbda-423b-922c-389daeab4821 req-1d8361ac-c30d-4e16-b644-ef8a98e662f4 9598049f81bc4e8a9c92a98d490c69e1 7d59b4ef8dc14dc29205b8731d768f62 - - default default] GET http://10.0.0.72:8776/
2026-04-06 20:01:07.808 7 INFO cinder.api.openstack.wsgi [req-51574ea4-cbda-423b-922c-389daeab4821 req-1d8361ac-c30d-4e16-b644-ef8a98e662f4 9598049f81bc4e8a9c92a98d490c69e1 7d59b4ef8dc14dc29205b8731d768f62 - - default default] http://10.0.0.72:8776/ returned with HTTP 300 /var/lib/openstack/lib/python3.12/site-packages/pycadf/identifier.py:70: UserWarning: Invalid uuid: cinderv3. To ensure interoperability, identifiers should be a valid uuid. warnings.warn(('Invalid uuid: %s. To ensure interoperability, '
2026-04-06 20:01:10.670 8 INFO cinder.api.openstack.wsgi [req-51574ea4-cbda-423b-922c-389daeab4821 req-13b27859-4b21-4ec0-965e-6559d520aa11 9598049f81bc4e8a9c92a98d490c69e1 7d59b4ef8dc14dc29205b8731d768f62 - - default default] GET http://cinder-api.openstack.svc.cluster.local:8776/v3/7d59b4ef8dc14dc29205b8731d768f62/volumes/9cd425ec-6445-41f6-ac06-95bb952f1ecf /var/lib/openstack/lib/python3.12/site-packages/oslo_context/context.py:101: DeprecationWarning: Policy enforcement is depending on the value of is_admin. This key is deprecated. Please update your policy file to use the standard policy values. warnings.warn(
2026-04-06 20:01:10.689 8 INFO cinder.volume.api [req-51574ea4-cbda-423b-922c-389daeab4821 req-13b27859-4b21-4ec0-965e-6559d520aa11 9598049f81bc4e8a9c92a98d490c69e1 7d59b4ef8dc14dc29205b8731d768f62 - - default default] Volume info retrieved successfully.
2026-04-06 20:01:10.695 8 INFO cinder.api.openstack.wsgi [req-51574ea4-cbda-423b-922c-389daeab4821 req-13b27859-4b21-4ec0-965e-6559d520aa11 9598049f81bc4e8a9c92a98d490c69e1 7d59b4ef8dc14dc29205b8731d768f62 - - default default] http://cinder-api.openstack.svc.cluster.local:8776/v3/7d59b4ef8dc14dc29205b8731d768f62/volumes/9cd425ec-6445-41f6-ac06-95bb952f1ecf returned with HTTP 200 [pid: 8|app: 0|req: 485/969] 199.204.45.6 () {32 vars in 823 bytes} [Mon Apr 6 20:01:10 2026] GET /v3/7d59b4ef8dc14dc29205b8731d768f62/volumes/9cd425ec-6445-41f6-ac06-95bb952f1ecf => generated 1787 bytes in 33 msecs (HTTP/1.1 200) 7 headers in 286 bytes (1 switches on core 0) /var/lib/openstack/lib/python3.12/site-packages/pycadf/identifier.py:70: UserWarning: Invalid uuid: cinderv3. To ensure interoperability, identifiers should be a valid uuid. warnings.warn(('Invalid uuid: %s. To ensure interoperability, '
2026-04-06 20:01:13.557 7 INFO cinder.api.openstack.wsgi [req-51574ea4-cbda-423b-922c-389daeab4821 req-5ef562c7-6dd3-40e6-85b2-773dbc05bfd7 9598049f81bc4e8a9c92a98d490c69e1 7d59b4ef8dc14dc29205b8731d768f62 - - default default] GET http://cinder-api.openstack.svc.cluster.local:8776/v3/7d59b4ef8dc14dc29205b8731d768f62/volumes/9cd425ec-6445-41f6-ac06-95bb952f1ecf /var/lib/openstack/lib/python3.12/site-packages/oslo_context/context.py:101: DeprecationWarning: Policy enforcement is depending on the value of is_admin. This key is deprecated. Please update your policy file to use the standard policy values. warnings.warn(
2026-04-06 20:01:13.584 7 INFO cinder.volume.api [req-51574ea4-cbda-423b-922c-389daeab4821 req-5ef562c7-6dd3-40e6-85b2-773dbc05bfd7 9598049f81bc4e8a9c92a98d490c69e1 7d59b4ef8dc14dc29205b8731d768f62 - - default default] Volume info retrieved successfully.
2026-04-06 20:01:13.589 7 INFO cinder.api.openstack.wsgi [req-51574ea4-cbda-423b-922c-389daeab4821 req-5ef562c7-6dd3-40e6-85b2-773dbc05bfd7 9598049f81bc4e8a9c92a98d490c69e1 7d59b4ef8dc14dc29205b8731d768f62 - - default default] http://cinder-api.openstack.svc.cluster.local:8776/v3/7d59b4ef8dc14dc29205b8731d768f62/volumes/9cd425ec-6445-41f6-ac06-95bb952f1ecf returned with HTTP 200 [pid: 7|app: 0|req: 485/970] 199.204.45.6 () {32 vars in 823 bytes} [Mon Apr 6 20:01:13 2026] GET /v3/7d59b4ef8dc14dc29205b8731d768f62/volumes/9cd425ec-6445-41f6-ac06-95bb952f1ecf => generated 1787 bytes in 41 msecs (HTTP/1.1 200) 7 headers in 286 bytes (1 switches on core 0)
2026-04-06 20:01:17.805 8 INFO cinder.api.openstack.wsgi [req-51574ea4-cbda-423b-922c-389daeab4821 req-13b27859-4b21-4ec0-965e-6559d520aa11 9598049f81bc4e8a9c92a98d490c69e1 7d59b4ef8dc14dc29205b8731d768f62 - - default default] GET http://10.0.0.72:8776/
2026-04-06 20:01:17.805 7 INFO cinder.api.openstack.wsgi [req-51574ea4-cbda-423b-922c-389daeab4821 req-5ef562c7-6dd3-40e6-85b2-773dbc05bfd7 9598049f81bc4e8a9c92a98d490c69e1 7d59b4ef8dc14dc29205b8731d768f62 - - default default] GET http://10.0.0.72:8776/
2026-04-06 20:01:17.806 8 INFO cinder.api.openstack.wsgi [req-51574ea4-cbda-423b-922c-389daeab4821 req-13b27859-4b21-4ec0-965e-6559d520aa11 9598049f81bc4e8a9c92a98d490c69e1 7d59b4ef8dc14dc29205b8731d768f62 - - default default] http://10.0.0.72:8776/ returned with HTTP 300
2026-04-06 20:01:17.807 7 INFO cinder.api.openstack.wsgi [req-51574ea4-cbda-423b-922c-389daeab4821 req-5ef562c7-6dd3-40e6-85b2-773dbc05bfd7 9598049f81bc4e8a9c92a98d490c69e1 7d59b4ef8dc14dc29205b8731d768f62 - - default default] http://10.0.0.72:8776/ returned with HTTP 300
2026-04-06 20:01:27.805 8 INFO cinder.api.openstack.wsgi [req-51574ea4-cbda-423b-922c-389daeab4821 req-13b27859-4b21-4ec0-965e-6559d520aa11 9598049f81bc4e8a9c92a98d490c69e1 7d59b4ef8dc14dc29205b8731d768f62 - - default default] GET http://10.0.0.72:8776/
2026-04-06 20:01:27.805 7 INFO cinder.api.openstack.wsgi [req-51574ea4-cbda-423b-922c-389daeab4821 req-5ef562c7-6dd3-40e6-85b2-773dbc05bfd7 9598049f81bc4e8a9c92a98d490c69e1 7d59b4ef8dc14dc29205b8731d768f62 - - default default] GET http://10.0.0.72:8776/
2026-04-06 20:01:27.806 7 INFO cinder.api.openstack.wsgi [req-51574ea4-cbda-423b-922c-389daeab4821 req-5ef562c7-6dd3-40e6-85b2-773dbc05bfd7 9598049f81bc4e8a9c92a98d490c69e1 7d59b4ef8dc14dc29205b8731d768f62 - - default default] http://10.0.0.72:8776/ returned with HTTP 300
2026-04-06 20:01:27.808 8 INFO cinder.api.openstack.wsgi [req-51574ea4-cbda-423b-922c-389daeab4821 req-13b27859-4b21-4ec0-965e-6559d520aa11 9598049f81bc4e8a9c92a98d490c69e1 7d59b4ef8dc14dc29205b8731d768f62 - - default default] http://10.0.0.72:8776/ returned with HTTP 300
2026-04-06 20:01:37.805 7 INFO cinder.api.openstack.wsgi [req-51574ea4-cbda-423b-922c-389daeab4821 req-5ef562c7-6dd3-40e6-85b2-773dbc05bfd7 9598049f81bc4e8a9c92a98d490c69e1 7d59b4ef8dc14dc29205b8731d768f62 - - default default] GET http://10.0.0.72:8776/
2026-04-06 20:01:37.805 8 INFO cinder.api.openstack.wsgi [req-51574ea4-cbda-423b-922c-389daeab4821 req-13b27859-4b21-4ec0-965e-6559d520aa11 9598049f81bc4e8a9c92a98d490c69e1 7d59b4ef8dc14dc29205b8731d768f62 - - default default] GET http://10.0.0.72:8776/
2026-04-06 20:01:37.806 7 INFO cinder.api.openstack.wsgi [req-51574ea4-cbda-423b-922c-389daeab4821 req-5ef562c7-6dd3-40e6-85b2-773dbc05bfd7 9598049f81bc4e8a9c92a98d490c69e1 7d59b4ef8dc14dc29205b8731d768f62 - - default default] http://10.0.0.72:8776/ returned with HTTP 300
2026-04-06 20:01:37.807 8 INFO cinder.api.openstack.wsgi [req-51574ea4-cbda-423b-922c-389daeab4821 req-13b27859-4b21-4ec0-965e-6559d520aa11 9598049f81bc4e8a9c92a98d490c69e1 7d59b4ef8dc14dc29205b8731d768f62 - - default default] http://10.0.0.72:8776/ returned with HTTP 300 /var/lib/openstack/lib/python3.12/site-packages/pycadf/identifier.py:70: UserWarning: Invalid uuid: cinderv3. To ensure interoperability, identifiers should be a valid uuid. warnings.warn(('Invalid uuid: %s. To ensure interoperability, '
2026-04-06 20:01:42.232 7 INFO cinder.api.openstack.wsgi [None req-666bd7c3-0eae-4471-9757-fb7d08a281cc 9598049f81bc4e8a9c92a98d490c69e1 7d59b4ef8dc14dc29205b8731d768f62 - - default default] GET http://cinder-api.openstack.svc.cluster.local:8776/v3/7d59b4ef8dc14dc29205b8731d768f62/snapshots?all_tenants=true
2026-04-06 20:01:42.246 7 INFO cinder.volume.api [None req-666bd7c3-0eae-4471-9757-fb7d08a281cc 9598049f81bc4e8a9c92a98d490c69e1 7d59b4ef8dc14dc29205b8731d768f62 - - default default] Get all snapshots completed successfully.
2026-04-06 20:01:42.247 7 INFO cinder.api.openstack.wsgi [None req-666bd7c3-0eae-4471-9757-fb7d08a281cc 9598049f81bc4e8a9c92a98d490c69e1 7d59b4ef8dc14dc29205b8731d768f62 - - default default] http://cinder-api.openstack.svc.cluster.local:8776/v3/7d59b4ef8dc14dc29205b8731d768f62/snapshots?all_tenants=true returned with HTTP 200 [pid: 7|app: 0|req: 489/977] 10.0.0.109 () {28 vars in 674 bytes} [Mon Apr 6 20:01:42 2026] GET /v3/7d59b4ef8dc14dc29205b8731d768f62/snapshots?all_tenants=true => generated 17 bytes in 86 msecs (HTTP/1.1 200) 7 headers in 284 bytes (1 switches on core 0) /var/lib/openstack/lib/python3.12/site-packages/pycadf/identifier.py:70: UserWarning: Invalid uuid: cinderv3. To ensure interoperability, identifiers should be a valid uuid. warnings.warn(('Invalid uuid: %s. To ensure interoperability, '
2026-04-06 20:01:42.257 8 INFO cinder.api.openstack.wsgi [None req-f36e6cff-3466-470d-afba-948178afe961 9598049f81bc4e8a9c92a98d490c69e1 7d59b4ef8dc14dc29205b8731d768f62 - - default default] GET http://cinder-api.openstack.svc.cluster.local:8776/v3/7d59b4ef8dc14dc29205b8731d768f62/volumes/detail?all_tenants=true
2026-04-06 20:01:42.283 8 INFO cinder.volume.api [None req-f36e6cff-3466-470d-afba-948178afe961 9598049f81bc4e8a9c92a98d490c69e1 7d59b4ef8dc14dc29205b8731d768f62 - - default default] Get all volumes completed successfully. /var/lib/openstack/lib/python3.12/site-packages/oslo_context/context.py:101: DeprecationWarning: Policy enforcement is depending on the value of is_admin. This key is deprecated. Please update your policy file to use the standard policy values. warnings.warn(
2026-04-06 20:01:42.290 8 INFO cinder.api.openstack.wsgi [None req-f36e6cff-3466-470d-afba-948178afe961 9598049f81bc4e8a9c92a98d490c69e1 7d59b4ef8dc14dc29205b8731d768f62 - - default default] http://cinder-api.openstack.svc.cluster.local:8776/v3/7d59b4ef8dc14dc29205b8731d768f62/volumes/detail?all_tenants=true returned with HTTP 200 [pid: 8|app: 0|req: 489/978] 10.0.0.109 () {28 vars in 684 bytes} [Mon Apr 6 20:01:42 2026] GET /v3/7d59b4ef8dc14dc29205b8731d768f62/volumes/detail?all_tenants=true => generated 1790 bytes in 38 msecs (HTTP/1.1 200) 7 headers in 286 bytes (1 switches on core 0)
2026-04-06 20:01:42.302 7 INFO cinder.api.openstack.wsgi [None req-e350856e-b108-43fe-a666-02705c3ec4f3 9598049f81bc4e8a9c92a98d490c69e1 7d59b4ef8dc14dc29205b8731d768f62 - - default default] GET http://cinder-api.openstack.svc.cluster.local:8776/v3/7d59b4ef8dc14dc29205b8731d768f62/os-services
2026-04-06 20:01:42.309 7 INFO cinder.api.openstack.wsgi [None req-e350856e-b108-43fe-a666-02705c3ec4f3 9598049f81bc4e8a9c92a98d490c69e1 7d59b4ef8dc14dc29205b8731d768f62 - - default default] http://cinder-api.openstack.svc.cluster.local:8776/v3/7d59b4ef8dc14dc29205b8731d768f62/os-services returned with HTTP 200 [pid: 7|app: 0|req: 490/979] 10.0.0.109 () {28 vars in 645 bytes} [Mon Apr 6 20:01:42 2026] GET /v3/7d59b4ef8dc14dc29205b8731d768f62/os-services => generated 646 bytes in 14 msecs (HTTP/1.1 200) 7 headers in 285 bytes (1 switches on core 0) /var/lib/openstack/lib/python3.12/site-packages/pycadf/identifier.py:70: UserWarning: Invalid uuid: cinderv3. To ensure interoperability, identifiers should be a valid uuid. warnings.warn(('Invalid uuid: %s. To ensure interoperability, '
2026-04-06 20:01:42.320 8 INFO cinder.api.openstack.wsgi [None req-05cde758-ae30-4347-b222-3fbbaaa90cb6 9598049f81bc4e8a9c92a98d490c69e1 7d59b4ef8dc14dc29205b8731d768f62 - - default default] GET http://cinder-api.openstack.svc.cluster.local:8776/v3/7d59b4ef8dc14dc29205b8731d768f62/scheduler-stats/get_pools?detail=true
2026-04-06 20:01:42.824 8 INFO cinder.api.openstack.wsgi [None req-05cde758-ae30-4347-b222-3fbbaaa90cb6 9598049f81bc4e8a9c92a98d490c69e1 7d59b4ef8dc14dc29205b8731d768f62 - - default default] http://cinder-api.openstack.svc.cluster.local:8776/v3/7d59b4ef8dc14dc29205b8731d768f62/scheduler-stats/get_pools?detail=true returned with HTTP 200 [pid: 8|app: 0|req: 490/980] 10.0.0.109 () {28 vars in 696 bytes} [Mon Apr 6 20:01:42 2026] GET /v3/7d59b4ef8dc14dc29205b8731d768f62/scheduler-stats/get_pools?detail=true => generated 671 bytes in 512 msecs (HTTP/1.1 200) 7 headers in 285 bytes (1 switches on core 0)
2026-04-06 20:01:42.885 7 INFO cinder.api.openstack.wsgi [None req-008dcf32-0f06-448b-aeca-6d5e13a9c2a5 9598049f81bc4e8a9c92a98d490c69e1 7d59b4ef8dc14dc29205b8731d768f62 - - default default] GET http://cinder-api.openstack.svc.cluster.local:8776/v3/7d59b4ef8dc14dc29205b8731d768f62/os-quota-sets/1207fe1e8ccc4169ac6ff619293eb638?usage=true
2026-04-06 20:01:42.900 7 INFO cinder.api.openstack.wsgi [None req-008dcf32-0f06-448b-aeca-6d5e13a9c2a5 9598049f81bc4e8a9c92a98d490c69e1 7d59b4ef8dc14dc29205b8731d768f62 - - default default] http://cinder-api.openstack.svc.cluster.local:8776/v3/7d59b4ef8dc14dc29205b8731d768f62/os-quota-sets/1207fe1e8ccc4169ac6ff619293eb638?usage=true returned with HTTP 200 [pid: 7|app: 0|req: 491/981] 10.0.0.109 () {28 vars in 736 bytes} [Mon Apr 6 20:01:42 2026] GET /v3/7d59b4ef8dc14dc29205b8731d768f62/os-quota-sets/1207fe1e8ccc4169ac6ff619293eb638?usage=true => generated 847 bytes in 22 msecs (HTTP/1.1 200) 7 headers in 285 bytes (1 switches on core 0)
2026-04-06 20:01:42.914 8 INFO cinder.api.openstack.wsgi [None req-23eeca00-e065-4106-a308-66d41f26fa3a 9598049f81bc4e8a9c92a98d490c69e1 7d59b4ef8dc14dc29205b8731d768f62 - - default default] GET http://cinder-api.openstack.svc.cluster.local:8776/v3/7d59b4ef8dc14dc29205b8731d768f62/os-quota-sets/13ad2fb659df43c68b1eb199c98beaca?usage=true
2026-04-06 20:01:42.937 8 INFO cinder.api.openstack.wsgi [None req-23eeca00-e065-4106-a308-66d41f26fa3a 9598049f81bc4e8a9c92a98d490c69e1 7d59b4ef8dc14dc29205b8731d768f62 - - default default] http://cinder-api.openstack.svc.cluster.local:8776/v3/7d59b4ef8dc14dc29205b8731d768f62/os-quota-sets/13ad2fb659df43c68b1eb199c98beaca?usage=true returned with HTTP 200 [pid: 8|app: 0|req: 491/982] 10.0.0.109 () {28 vars in 736 bytes} [Mon Apr 6 20:01:42 2026] GET /v3/7d59b4ef8dc14dc29205b8731d768f62/os-quota-sets/13ad2fb659df43c68b1eb199c98beaca?usage=true => generated 847 bytes in 32 msecs (HTTP/1.1 200) 7 headers in 285 bytes (1 switches on core 0)
2026-04-06 20:01:42.950 7 INFO cinder.api.openstack.wsgi [None req-786780eb-7121-49a6-8f8c-ef2ae1af739c 9598049f81bc4e8a9c92a98d490c69e1 7d59b4ef8dc14dc29205b8731d768f62 - - default default] GET http://cinder-api.openstack.svc.cluster.local:8776/v3/7d59b4ef8dc14dc29205b8731d768f62/os-quota-sets/1cb97b063032440085e09f763b1d89c6?usage=true
2026-04-06 20:01:42.965 7 INFO cinder.api.openstack.wsgi [None req-786780eb-7121-49a6-8f8c-ef2ae1af739c 9598049f81bc4e8a9c92a98d490c69e1 7d59b4ef8dc14dc29205b8731d768f62 - - default default] http://cinder-api.openstack.svc.cluster.local:8776/v3/7d59b4ef8dc14dc29205b8731d768f62/os-quota-sets/1cb97b063032440085e09f763b1d89c6?usage=true returned with HTTP 200 [pid: 7|app: 0|req: 492/983] 10.0.0.109 () {28 vars in 736 bytes} [Mon Apr 6 20:01:42 2026] GET /v3/7d59b4ef8dc14dc29205b8731d768f62/os-quota-sets/1cb97b063032440085e09f763b1d89c6?usage=true => generated 847 bytes in 24 msecs (HTTP/1.1 200) 7 headers in 285 bytes (1 switches on core 0)
2026-04-06 20:01:42.975 8 INFO cinder.api.openstack.wsgi [None req-dbfb6853-ae55-4591-a256-d5c1b876316f 9598049f81bc4e8a9c92a98d490c69e1 7d59b4ef8dc14dc29205b8731d768f62 - - default default] GET http://cinder-api.openstack.svc.cluster.local:8776/v3/7d59b4ef8dc14dc29205b8731d768f62/os-quota-sets/4c8c30eff5a2444caa0c4cb2a547b595?usage=true
2026-04-06 20:01:42.995 8 INFO cinder.api.openstack.wsgi [None req-dbfb6853-ae55-4591-a256-d5c1b876316f 9598049f81bc4e8a9c92a98d490c69e1 7d59b4ef8dc14dc29205b8731d768f62 - - default default] http://cinder-api.openstack.svc.cluster.local:8776/v3/7d59b4ef8dc14dc29205b8731d768f62/os-quota-sets/4c8c30eff5a2444caa0c4cb2a547b595?usage=true returned with HTTP 200 [pid: 8|app: 0|req: 492/984] 10.0.0.109 () {28 vars in 736 bytes} [Mon Apr 6 20:01:42 2026] GET /v3/7d59b4ef8dc14dc29205b8731d768f62/os-quota-sets/4c8c30eff5a2444caa0c4cb2a547b595?usage=true => generated 847 bytes in 26 msecs (HTTP/1.1 200) 7 headers in 285 bytes (1 switches on core 0)
2026-04-06 20:01:43.006 7 INFO cinder.api.openstack.wsgi [None req-499289f7-28d1-4bad-ae18-be82dcbfe83a 9598049f81bc4e8a9c92a98d490c69e1 7d59b4ef8dc14dc29205b8731d768f62 - - default default] GET http://cinder-api.openstack.svc.cluster.local:8776/v3/7d59b4ef8dc14dc29205b8731d768f62/os-quota-sets/7d59b4ef8dc14dc29205b8731d768f62?usage=true
2026-04-06 20:01:43.023 7 INFO cinder.api.openstack.wsgi [None req-499289f7-28d1-4bad-ae18-be82dcbfe83a 9598049f81bc4e8a9c92a98d490c69e1 7d59b4ef8dc14dc29205b8731d768f62 - - default default] http://cinder-api.openstack.svc.cluster.local:8776/v3/7d59b4ef8dc14dc29205b8731d768f62/os-quota-sets/7d59b4ef8dc14dc29205b8731d768f62?usage=true returned with HTTP 200 [pid: 7|app: 0|req: 493/985] 10.0.0.109 () {28 vars in 736 bytes} [Mon Apr 6 20:01:43 2026] GET /v3/7d59b4ef8dc14dc29205b8731d768f62/os-quota-sets/7d59b4ef8dc14dc29205b8731d768f62?usage=true => generated 847 bytes in 25 msecs (HTTP/1.1 200) 7 headers in 285 bytes (1 switches on core 0)
2026-04-06 20:01:43.034 8 INFO cinder.api.openstack.wsgi [None req-352a37ff-dcfd-42d0-8a73-495dbaf34a69 9598049f81bc4e8a9c92a98d490c69e1 7d59b4ef8dc14dc29205b8731d768f62 - - default default] GET http://cinder-api.openstack.svc.cluster.local:8776/v3/7d59b4ef8dc14dc29205b8731d768f62/os-quota-sets/9da57290678740739e06b490ea164e11?usage=true
2026-04-06 20:01:43.057 8 INFO cinder.api.openstack.wsgi [None req-352a37ff-dcfd-42d0-8a73-495dbaf34a69 9598049f81bc4e8a9c92a98d490c69e1 7d59b4ef8dc14dc29205b8731d768f62 - - default default] http://cinder-api.openstack.svc.cluster.local:8776/v3/7d59b4ef8dc14dc29205b8731d768f62/os-quota-sets/9da57290678740739e06b490ea164e11?usage=true returned with HTTP 200 [pid: 8|app: 0|req: 493/986] 10.0.0.109 () {28 vars in 736 bytes} [Mon Apr 6 20:01:43 2026] GET /v3/7d59b4ef8dc14dc29205b8731d768f62/os-quota-sets/9da57290678740739e06b490ea164e11?usage=true => generated 847 bytes in 28 msecs (HTTP/1.1 200) 7 headers in 285 bytes (1 switches on core 0)
2026-04-06 20:01:43.068 7 INFO cinder.api.openstack.wsgi [None req-afe6b770-aff0-48a6-8385-c9242ba746e8 9598049f81bc4e8a9c92a98d490c69e1 7d59b4ef8dc14dc29205b8731d768f62 - - default default] GET http://cinder-api.openstack.svc.cluster.local:8776/v3/7d59b4ef8dc14dc29205b8731d768f62/os-quota-sets/a611d03da30c4039b2b56b113be2b17f?usage=true
2026-04-06 20:01:43.084 7 INFO cinder.api.openstack.wsgi [None req-afe6b770-aff0-48a6-8385-c9242ba746e8 9598049f81bc4e8a9c92a98d490c69e1 7d59b4ef8dc14dc29205b8731d768f62 - - default default] http://cinder-api.openstack.svc.cluster.local:8776/v3/7d59b4ef8dc14dc29205b8731d768f62/os-quota-sets/a611d03da30c4039b2b56b113be2b17f?usage=true returned with HTTP 200 [pid: 7|app: 0|req: 494/987] 10.0.0.109 () {28 vars in 736 bytes} [Mon Apr 6 20:01:43 2026] GET /v3/7d59b4ef8dc14dc29205b8731d768f62/os-quota-sets/a611d03da30c4039b2b56b113be2b17f?usage=true => generated 845 bytes in 23 msecs (HTTP/1.1 200) 7 headers in 285 bytes (1 switches on core 0)
2026-04-06 20:01:43.094 8 INFO cinder.api.openstack.wsgi [None req-c2ca7890-04bb-40d4-acf7-9479d9960425 9598049f81bc4e8a9c92a98d490c69e1 7d59b4ef8dc14dc29205b8731d768f62 - - default default] GET http://cinder-api.openstack.svc.cluster.local:8776/v3/7d59b4ef8dc14dc29205b8731d768f62/os-quota-sets/a74a9c63081447c88f7cb8851931fc9e?usage=true
2026-04-06 20:01:43.115 8 INFO cinder.api.openstack.wsgi [None req-c2ca7890-04bb-40d4-acf7-9479d9960425 9598049f81bc4e8a9c92a98d490c69e1 7d59b4ef8dc14dc29205b8731d768f62 - - default default] http://cinder-api.openstack.svc.cluster.local:8776/v3/7d59b4ef8dc14dc29205b8731d768f62/os-quota-sets/a74a9c63081447c88f7cb8851931fc9e?usage=true returned with HTTP 200 [pid: 8|app: 0|req: 494/988] 10.0.0.109 () {28 vars in 736 bytes} [Mon Apr 6 20:01:43 2026] GET /v3/7d59b4ef8dc14dc29205b8731d768f62/os-quota-sets/a74a9c63081447c88f7cb8851931fc9e?usage=true => generated 847 bytes in 27 msecs (HTTP/1.1 200) 7 headers in 285 bytes (1 switches on core 0)
2026-04-06 20:01:43.126 7 INFO cinder.api.openstack.wsgi [None req-3f233566-f07f-4a55-ad71-7525b883beb1 9598049f81bc4e8a9c92a98d490c69e1 7d59b4ef8dc14dc29205b8731d768f62 - - default default] GET http://cinder-api.openstack.svc.cluster.local:8776/v3/7d59b4ef8dc14dc29205b8731d768f62/os-quota-sets/b3793ae3f61d4941b40caa2ec29f0e6b?usage=true
2026-04-06 20:01:43.144 7 INFO cinder.api.openstack.wsgi [None req-3f233566-f07f-4a55-ad71-7525b883beb1 9598049f81bc4e8a9c92a98d490c69e1 7d59b4ef8dc14dc29205b8731d768f62 - - default default] http://cinder-api.openstack.svc.cluster.local:8776/v3/7d59b4ef8dc14dc29205b8731d768f62/os-quota-sets/b3793ae3f61d4941b40caa2ec29f0e6b?usage=true returned with HTTP 200 [pid: 7|app: 0|req: 495/989] 10.0.0.109 () {28 vars in 736 bytes} [Mon Apr 6 20:01:43 2026] GET /v3/7d59b4ef8dc14dc29205b8731d768f62/os-quota-sets/b3793ae3f61d4941b40caa2ec29f0e6b?usage=true => generated 847 bytes in 25 msecs (HTTP/1.1 200) 7 headers in 285 bytes (1 switches on core 0)
2026-04-06 20:01:43.155 8 INFO cinder.api.openstack.wsgi [None req-c8b4066b-adb1-462a-8ee4-eb334390ee9c 9598049f81bc4e8a9c92a98d490c69e1 7d59b4ef8dc14dc29205b8731d768f62 - - default default] GET http://cinder-api.openstack.svc.cluster.local:8776/v3/7d59b4ef8dc14dc29205b8731d768f62/os-quota-sets/b9a5671d76a94e6497f6561145103422?usage=true
2026-04-06 20:01:43.182 8 INFO cinder.api.openstack.wsgi [None req-c8b4066b-adb1-462a-8ee4-eb334390ee9c 9598049f81bc4e8a9c92a98d490c69e1 7d59b4ef8dc14dc29205b8731d768f62 - - default default] http://cinder-api.openstack.svc.cluster.local:8776/v3/7d59b4ef8dc14dc29205b8731d768f62/os-quota-sets/b9a5671d76a94e6497f6561145103422?usage=true returned with HTTP 200 [pid: 8|app: 0|req: 495/990] 10.0.0.109 () {28 vars in 736 bytes} [Mon Apr 6 20:01:43 2026] GET /v3/7d59b4ef8dc14dc29205b8731d768f62/os-quota-sets/b9a5671d76a94e6497f6561145103422?usage=true => generated 847 bytes in 34 msecs (HTTP/1.1 200) 7 headers in 285 bytes (1 switches on core 0)
2026-04-06 20:01:43.193 7 INFO cinder.api.openstack.wsgi [None req-5c76baf1-3386-42b6-9ccb-591f77467d99 9598049f81bc4e8a9c92a98d490c69e1 7d59b4ef8dc14dc29205b8731d768f62 - - default default] GET http://cinder-api.openstack.svc.cluster.local:8776/v3/7d59b4ef8dc14dc29205b8731d768f62/os-quota-sets/f2986ddae786428fb0566cdb28edba0c?usage=true
2026-04-06 20:01:43.210 7 INFO cinder.api.openstack.wsgi [None req-5c76baf1-3386-42b6-9ccb-591f77467d99 9598049f81bc4e8a9c92a98d490c69e1 7d59b4ef8dc14dc29205b8731d768f62 - - default default] http://cinder-api.openstack.svc.cluster.local:8776/v3/7d59b4ef8dc14dc29205b8731d768f62/os-quota-sets/f2986ddae786428fb0566cdb28edba0c?usage=true returned with HTTP 200 [pid: 7|app: 0|req: 496/991] 10.0.0.109 () {28 vars in 736 bytes} [Mon Apr 6 20:01:43 2026] GET /v3/7d59b4ef8dc14dc29205b8731d768f62/os-quota-sets/f2986ddae786428fb0566cdb28edba0c?usage=true => generated 847 bytes in 25 msecs (HTTP/1.1 200) 7 headers in 285 bytes (1 switches on core 0)
2026-04-06 20:01:43.221 8 INFO cinder.api.openstack.wsgi [None req-0c3de0af-bddd-4375-9dc9-e8685eadadd4 9598049f81bc4e8a9c92a98d490c69e1 7d59b4ef8dc14dc29205b8731d768f62 - - default default] GET http://cinder-api.openstack.svc.cluster.local:8776/v3/7d59b4ef8dc14dc29205b8731d768f62/volumes/detail?all_tenants=true
2026-04-06 20:01:43.236 8 INFO cinder.volume.api [None req-0c3de0af-bddd-4375-9dc9-e8685eadadd4 9598049f81bc4e8a9c92a98d490c69e1 7d59b4ef8dc14dc29205b8731d768f62 - - default default] Get all volumes completed successfully. /var/lib/openstack/lib/python3.12/site-packages/oslo_context/context.py:101: DeprecationWarning: Policy enforcement is depending on the value of is_admin. This key is deprecated. Please update your policy file to use the standard policy values. warnings.warn(
2026-04-06 20:01:43.242 8 INFO cinder.api.openstack.wsgi [None req-0c3de0af-bddd-4375-9dc9-e8685eadadd4 9598049f81bc4e8a9c92a98d490c69e1 7d59b4ef8dc14dc29205b8731d768f62 - - default default] http://cinder-api.openstack.svc.cluster.local:8776/v3/7d59b4ef8dc14dc29205b8731d768f62/volumes/detail?all_tenants=true returned with HTTP 200 [pid: 8|app: 0|req: 496/992] 10.0.0.109 () {28 vars in 684 bytes} [Mon Apr 6 20:01:43 2026] GET /v3/7d59b4ef8dc14dc29205b8731d768f62/volumes/detail?all_tenants=true => generated 1790 bytes in 27 msecs (HTTP/1.1 200) 7 headers in 286 bytes (1 switches on core 0)
2026-04-06 20:01:47.806 8 INFO cinder.api.openstack.wsgi [None req-0c3de0af-bddd-4375-9dc9-e8685eadadd4 9598049f81bc4e8a9c92a98d490c69e1 7d59b4ef8dc14dc29205b8731d768f62 - - default default] GET http://10.0.0.72:8776/
2026-04-06 20:01:47.806 7 INFO cinder.api.openstack.wsgi [None req-5c76baf1-3386-42b6-9ccb-591f77467d99 9598049f81bc4e8a9c92a98d490c69e1 7d59b4ef8dc14dc29205b8731d768f62 - - default default] GET http://10.0.0.72:8776/
2026-04-06 20:01:47.807 8 INFO cinder.api.openstack.wsgi [None req-0c3de0af-bddd-4375-9dc9-e8685eadadd4 9598049f81bc4e8a9c92a98d490c69e1 7d59b4ef8dc14dc29205b8731d768f62 - - default default] http://10.0.0.72:8776/ returned with HTTP 300
2026-04-06 20:01:47.807 7 INFO cinder.api.openstack.wsgi [None req-5c76baf1-3386-42b6-9ccb-591f77467d99 9598049f81bc4e8a9c92a98d490c69e1 7d59b4ef8dc14dc29205b8731d768f62 - - default default] http://10.0.0.72:8776/ returned with HTTP 300
2026-04-06 20:01:57.805 7 INFO cinder.api.openstack.wsgi [None req-5c76baf1-3386-42b6-9ccb-591f77467d99 9598049f81bc4e8a9c92a98d490c69e1 7d59b4ef8dc14dc29205b8731d768f62 - - default default] GET http://10.0.0.72:8776/
2026-04-06 20:01:57.805 8 INFO cinder.api.openstack.wsgi [None req-0c3de0af-bddd-4375-9dc9-e8685eadadd4 9598049f81bc4e8a9c92a98d490c69e1 7d59b4ef8dc14dc29205b8731d768f62 - - default default] GET http://10.0.0.72:8776/
2026-04-06 20:01:57.806 7 INFO cinder.api.openstack.wsgi [None req-5c76baf1-3386-42b6-9ccb-591f77467d99 9598049f81bc4e8a9c92a98d490c69e1 7d59b4ef8dc14dc29205b8731d768f62 - - default default] http://10.0.0.72:8776/ returned with HTTP 300
2026-04-06 20:01:57.806 8 INFO cinder.api.openstack.wsgi [None req-0c3de0af-bddd-4375-9dc9-e8685eadadd4 9598049f81bc4e8a9c92a98d490c69e1 7d59b4ef8dc14dc29205b8731d768f62 - - default default] http://10.0.0.72:8776/ returned with HTTP 300
2026-04-06 20:02:07.805 7 INFO cinder.api.openstack.wsgi [None req-5c76baf1-3386-42b6-9ccb-591f77467d99 9598049f81bc4e8a9c92a98d490c69e1 7d59b4ef8dc14dc29205b8731d768f62 - - default default] GET http://10.0.0.72:8776/
2026-04-06 20:02:07.805 8 INFO cinder.api.openstack.wsgi [None req-0c3de0af-bddd-4375-9dc9-e8685eadadd4 9598049f81bc4e8a9c92a98d490c69e1 7d59b4ef8dc14dc29205b8731d768f62 - - default default] GET http://10.0.0.72:8776/
2026-04-06 20:02:07.806 7 INFO cinder.api.openstack.wsgi [None req-5c76baf1-3386-42b6-9ccb-591f77467d99 9598049f81bc4e8a9c92a98d490c69e1 7d59b4ef8dc14dc29205b8731d768f62 - - default default] http://10.0.0.72:8776/ returned with HTTP 300
2026-04-06 20:02:07.806 8 INFO cinder.api.openstack.wsgi [None req-0c3de0af-bddd-4375-9dc9-e8685eadadd4 9598049f81bc4e8a9c92a98d490c69e1 7d59b4ef8dc14dc29205b8731d768f62 - - default default] http://10.0.0.72:8776/ returned with HTTP 300
2026-04-06 20:02:17.805 7 INFO cinder.api.openstack.wsgi [None req-5c76baf1-3386-42b6-9ccb-591f77467d99 9598049f81bc4e8a9c92a98d490c69e1 7d59b4ef8dc14dc29205b8731d768f62 - - default default] GET http://10.0.0.72:8776/
2026-04-06 20:02:17.806 7 INFO cinder.api.openstack.wsgi [None req-5c76baf1-3386-42b6-9ccb-591f77467d99 9598049f81bc4e8a9c92a98d490c69e1 7d59b4ef8dc14dc29205b8731d768f62 - - default default] http://10.0.0.72:8776/ returned with HTTP 300
2026-04-06 20:02:17.806 8 INFO cinder.api.openstack.wsgi [None req-0c3de0af-bddd-4375-9dc9-e8685eadadd4 9598049f81bc4e8a9c92a98d490c69e1 7d59b4ef8dc14dc29205b8731d768f62 - - default default] GET http://10.0.0.72:8776/
2026-04-06 20:02:17.807 8 INFO cinder.api.openstack.wsgi [None req-0c3de0af-bddd-4375-9dc9-e8685eadadd4 9598049f81bc4e8a9c92a98d490c69e1 7d59b4ef8dc14dc29205b8731d768f62 - - default default] http://10.0.0.72:8776/ returned with HTTP 300
2026-04-06 20:02:27.805 7 INFO cinder.api.openstack.wsgi [None req-5c76baf1-3386-42b6-9ccb-591f77467d99 9598049f81bc4e8a9c92a98d490c69e1 7d59b4ef8dc14dc29205b8731d768f62 - - default default] GET http://10.0.0.72:8776/
2026-04-06 20:02:27.806 7 INFO cinder.api.openstack.wsgi [None req-5c76baf1-3386-42b6-9ccb-591f77467d99 9598049f81bc4e8a9c92a98d490c69e1 7d59b4ef8dc14dc29205b8731d768f62 - - default default] http://10.0.0.72:8776/ returned with HTTP 300
2026-04-06 20:02:27.806 8 INFO cinder.api.openstack.wsgi [None req-0c3de0af-bddd-4375-9dc9-e8685eadadd4 9598049f81bc4e8a9c92a98d490c69e1 7d59b4ef8dc14dc29205b8731d768f62 - - default default] GET http://10.0.0.72:8776/
2026-04-06 20:02:27.808 8 INFO cinder.api.openstack.wsgi [None req-0c3de0af-bddd-4375-9dc9-e8685eadadd4 9598049f81bc4e8a9c92a98d490c69e1 7d59b4ef8dc14dc29205b8731d768f62 - - default default] http://10.0.0.72:8776/ returned with HTTP 300
2026-04-06 20:02:37.805 7 INFO cinder.api.openstack.wsgi [None req-5c76baf1-3386-42b6-9ccb-591f77467d99 9598049f81bc4e8a9c92a98d490c69e1 7d59b4ef8dc14dc29205b8731d768f62 - - default default] GET http://10.0.0.72:8776/
2026-04-06 20:02:37.805 8 INFO cinder.api.openstack.wsgi [None req-0c3de0af-bddd-4375-9dc9-e8685eadadd4 9598049f81bc4e8a9c92a98d490c69e1 7d59b4ef8dc14dc29205b8731d768f62 - - default default] GET http://10.0.0.72:8776/
2026-04-06 20:02:37.806 7 INFO cinder.api.openstack.wsgi [None req-5c76baf1-3386-42b6-9ccb-591f77467d99 9598049f81bc4e8a9c92a98d490c69e1 7d59b4ef8dc14dc29205b8731d768f62 - - default default] http://10.0.0.72:8776/ returned with HTTP 300
2026-04-06 20:02:37.806 8 INFO cinder.api.openstack.wsgi [None req-0c3de0af-bddd-4375-9dc9-e8685eadadd4 9598049f81bc4e8a9c92a98d490c69e1 7d59b4ef8dc14dc29205b8731d768f62 - - default default] http://10.0.0.72:8776/ returned with HTTP 300
2026-04-06 20:02:42.203 7 INFO cinder.api.openstack.wsgi [None req-0d8a8a66-828a-4037-ae8b-109ba9007658 9598049f81bc4e8a9c92a98d490c69e1 7d59b4ef8dc14dc29205b8731d768f62 - - default default] GET http://cinder-api.openstack.svc.cluster.local:8776/v3/7d59b4ef8dc14dc29205b8731d768f62/volumes/detail?all_tenants=true
2026-04-06 20:02:42.222 7 INFO cinder.volume.api [None req-0d8a8a66-828a-4037-ae8b-109ba9007658 9598049f81bc4e8a9c92a98d490c69e1 7d59b4ef8dc14dc29205b8731d768f62 - - default default] Get all volumes completed successfully. /var/lib/openstack/lib/python3.12/site-packages/oslo_context/context.py:101: DeprecationWarning: Policy enforcement is depending on the value of is_admin. This key is deprecated. Please update your policy file to use the standard policy values. warnings.warn(
2026-04-06 20:02:42.232 7 INFO cinder.api.openstack.wsgi [None req-0d8a8a66-828a-4037-ae8b-109ba9007658 9598049f81bc4e8a9c92a98d490c69e1 7d59b4ef8dc14dc29205b8731d768f62 - - default default] http://cinder-api.openstack.svc.cluster.local:8776/v3/7d59b4ef8dc14dc29205b8731d768f62/volumes/detail?all_tenants=true returned with HTTP 200 [pid: 7|app: 0|req: 503/1005] 10.0.0.109 () {28 vars in 684 bytes} [Mon Apr 6 20:02:42 2026] GET /v3/7d59b4ef8dc14dc29205b8731d768f62/volumes/detail?all_tenants=true => generated 1790 bytes in 77 msecs (HTTP/1.1 200) 7 headers in 286 bytes (1 switches on core 0) /var/lib/openstack/lib/python3.12/site-packages/pycadf/identifier.py:70: UserWarning: Invalid uuid: cinderv3. To ensure interoperability, identifiers should be a valid uuid. warnings.warn(('Invalid uuid: %s. To ensure interoperability, '
2026-04-06 20:02:42.243 8 INFO cinder.api.openstack.wsgi [None req-d0e7204f-497a-4455-9744-170fbfa9f79c 9598049f81bc4e8a9c92a98d490c69e1 7d59b4ef8dc14dc29205b8731d768f62 - - default default] GET http://cinder-api.openstack.svc.cluster.local:8776/v3/7d59b4ef8dc14dc29205b8731d768f62/snapshots?all_tenants=true
2026-04-06 20:02:42.250 8 INFO cinder.volume.api [None req-d0e7204f-497a-4455-9744-170fbfa9f79c 9598049f81bc4e8a9c92a98d490c69e1 7d59b4ef8dc14dc29205b8731d768f62 - - default default] Get all snapshots completed successfully.
2026-04-06 20:02:42.250 8 INFO cinder.api.openstack.wsgi [None req-d0e7204f-497a-4455-9744-170fbfa9f79c 9598049f81bc4e8a9c92a98d490c69e1 7d59b4ef8dc14dc29205b8731d768f62 - - default default] http://cinder-api.openstack.svc.cluster.local:8776/v3/7d59b4ef8dc14dc29205b8731d768f62/snapshots?all_tenants=true returned with HTTP 200 [pid: 8|app: 0|req: 503/1006] 10.0.0.109 () {28 vars in 674 bytes} [Mon Apr 6 20:02:42 2026] GET /v3/7d59b4ef8dc14dc29205b8731d768f62/snapshots?all_tenants=true => generated 17 bytes in 11 msecs (HTTP/1.1 200) 7 headers in 284 bytes (1 switches on core 0) /var/lib/openstack/lib/python3.12/site-packages/pycadf/identifier.py:70: UserWarning: Invalid uuid: cinderv3. To ensure interoperability, identifiers should be a valid uuid. warnings.warn(('Invalid uuid: %s. To ensure interoperability, '
2026-04-06 20:02:42.296 7 INFO cinder.api.openstack.wsgi [None req-b6251fef-5261-4cb6-a432-fd94c6ec68b5 9598049f81bc4e8a9c92a98d490c69e1 7d59b4ef8dc14dc29205b8731d768f62 - - default default] GET http://cinder-api.openstack.svc.cluster.local:8776/v3/7d59b4ef8dc14dc29205b8731d768f62/os-quota-sets/1207fe1e8ccc4169ac6ff619293eb638?usage=true
2026-04-06 20:02:42.330 7 INFO cinder.api.openstack.wsgi [None req-b6251fef-5261-4cb6-a432-fd94c6ec68b5 9598049f81bc4e8a9c92a98d490c69e1 7d59b4ef8dc14dc29205b8731d768f62 - - default default] http://cinder-api.openstack.svc.cluster.local:8776/v3/7d59b4ef8dc14dc29205b8731d768f62/os-quota-sets/1207fe1e8ccc4169ac6ff619293eb638?usage=true returned with HTTP 200 [pid: 7|app: 0|req: 504/1007] 10.0.0.109 () {28 vars in 736 bytes} [Mon Apr 6 20:02:42 2026] GET /v3/7d59b4ef8dc14dc29205b8731d768f62/os-quota-sets/1207fe1e8ccc4169ac6ff619293eb638?usage=true => generated 847 bytes in 43 msecs (HTTP/1.1 200) 7 headers in 285 bytes (1 switches on core 0)
2026-04-06 20:02:42.339 8 INFO cinder.api.openstack.wsgi [None req-3a7ac67e-468f-4601-a122-f5395e6ceb76 9598049f81bc4e8a9c92a98d490c69e1 7d59b4ef8dc14dc29205b8731d768f62 - - default default] GET http://cinder-api.openstack.svc.cluster.local:8776/v3/7d59b4ef8dc14dc29205b8731d768f62/os-quota-sets/13ad2fb659df43c68b1eb199c98beaca?usage=true
2026-04-06 20:02:42.365 8 INFO cinder.api.openstack.wsgi [None req-3a7ac67e-468f-4601-a122-f5395e6ceb76 9598049f81bc4e8a9c92a98d490c69e1 7d59b4ef8dc14dc29205b8731d768f62 - - default default] http://cinder-api.openstack.svc.cluster.local:8776/v3/7d59b4ef8dc14dc29205b8731d768f62/os-quota-sets/13ad2fb659df43c68b1eb199c98beaca?usage=true returned with HTTP 200 [pid: 8|app: 0|req: 504/1008] 10.0.0.109 () {28 vars in 736 bytes} [Mon Apr 6 20:02:42 2026] GET /v3/7d59b4ef8dc14dc29205b8731d768f62/os-quota-sets/13ad2fb659df43c68b1eb199c98beaca?usage=true => generated 847 bytes in 31 msecs (HTTP/1.1 200) 7 headers in 285 bytes (1 switches on core 0)
2026-04-06 20:02:42.378 7 INFO cinder.api.openstack.wsgi [None req-91047ae9-d26e-4ce0-a61b-4e976ddb78d8 9598049f81bc4e8a9c92a98d490c69e1 7d59b4ef8dc14dc29205b8731d768f62 - - default default] GET http://cinder-api.openstack.svc.cluster.local:8776/v3/7d59b4ef8dc14dc29205b8731d768f62/os-quota-sets/1cb97b063032440085e09f763b1d89c6?usage=true
2026-04-06 20:02:42.398 7 INFO cinder.api.openstack.wsgi [None req-91047ae9-d26e-4ce0-a61b-4e976ddb78d8 9598049f81bc4e8a9c92a98d490c69e1 7d59b4ef8dc14dc29205b8731d768f62 - - default default] http://cinder-api.openstack.svc.cluster.local:8776/v3/7d59b4ef8dc14dc29205b8731d768f62/os-quota-sets/1cb97b063032440085e09f763b1d89c6?usage=true returned with HTTP 200 [pid: 7|app: 0|req: 505/1009] 10.0.0.109 () {28 vars in 736 bytes} [Mon Apr 6 20:02:42 2026] GET /v3/7d59b4ef8dc14dc29205b8731d768f62/os-quota-sets/1cb97b063032440085e09f763b1d89c6?usage=true => generated 847 bytes in 29 msecs (HTTP/1.1 200) 7 headers in 285 bytes (1 switches on core 0)
2026-04-06 20:02:42.409 8 INFO cinder.api.openstack.wsgi [None req-b4938b73-1da8-47ca-b60f-38bcf5c231ef 9598049f81bc4e8a9c92a98d490c69e1 7d59b4ef8dc14dc29205b8731d768f62 - - default default] GET http://cinder-api.openstack.svc.cluster.local:8776/v3/7d59b4ef8dc14dc29205b8731d768f62/os-quota-sets/4c8c30eff5a2444caa0c4cb2a547b595?usage=true
2026-04-06 20:02:42.428 8 INFO cinder.api.openstack.wsgi [None req-b4938b73-1da8-47ca-b60f-38bcf5c231ef 9598049f81bc4e8a9c92a98d490c69e1 7d59b4ef8dc14dc29205b8731d768f62 - - default default] http://cinder-api.openstack.svc.cluster.local:8776/v3/7d59b4ef8dc14dc29205b8731d768f62/os-quota-sets/4c8c30eff5a2444caa0c4cb2a547b595?usage=true returned with HTTP 200 [pid: 8|app: 0|req: 505/1010] 10.0.0.109 () {28 vars in 736 bytes} [Mon Apr 6 20:02:42 2026] GET /v3/7d59b4ef8dc14dc29205b8731d768f62/os-quota-sets/4c8c30eff5a2444caa0c4cb2a547b595?usage=true => generated 847 bytes in 26 msecs (HTTP/1.1 200) 7 headers in 285 bytes (1 switches on core 0)
2026-04-06 20:02:42.439 7 INFO cinder.api.openstack.wsgi [None req-4bb72348-1b34-4dc7-9f6a-a3ac08bfc4ab 9598049f81bc4e8a9c92a98d490c69e1 7d59b4ef8dc14dc29205b8731d768f62 - - default default] GET http://cinder-api.openstack.svc.cluster.local:8776/v3/7d59b4ef8dc14dc29205b8731d768f62/os-quota-sets/7d59b4ef8dc14dc29205b8731d768f62?usage=true
2026-04-06 20:02:42.457 7 INFO cinder.api.openstack.wsgi [None req-4bb72348-1b34-4dc7-9f6a-a3ac08bfc4ab 9598049f81bc4e8a9c92a98d490c69e1 7d59b4ef8dc14dc29205b8731d768f62 - - default default] http://cinder-api.openstack.svc.cluster.local:8776/v3/7d59b4ef8dc14dc29205b8731d768f62/os-quota-sets/7d59b4ef8dc14dc29205b8731d768f62?usage=true returned with HTTP 200 [pid: 7|app: 0|req: 506/1011] 10.0.0.109 () {28 vars in 736 bytes} [Mon Apr 6 20:02:42 2026] GET /v3/7d59b4ef8dc14dc29205b8731d768f62/os-quota-sets/7d59b4ef8dc14dc29205b8731d768f62?usage=true => generated 847 bytes in 25 msecs (HTTP/1.1 200) 7 headers in 285 bytes (1 switches on core 0)
2026-04-06 20:02:42.470 8 INFO cinder.api.openstack.wsgi [None req-ab25f477-be92-4dc1-9c42-bf2d89f831b6 9598049f81bc4e8a9c92a98d490c69e1 7d59b4ef8dc14dc29205b8731d768f62 - - default default] GET http://cinder-api.openstack.svc.cluster.local:8776/v3/7d59b4ef8dc14dc29205b8731d768f62/os-quota-sets/9da57290678740739e06b490ea164e11?usage=true
2026-04-06 20:02:42.491 8 INFO cinder.api.openstack.wsgi [None req-ab25f477-be92-4dc1-9c42-bf2d89f831b6 9598049f81bc4e8a9c92a98d490c69e1 7d59b4ef8dc14dc29205b8731d768f62 - - default default] http://cinder-api.openstack.svc.cluster.local:8776/v3/7d59b4ef8dc14dc29205b8731d768f62/os-quota-sets/9da57290678740739e06b490ea164e11?usage=true returned with HTTP 200 [pid: 8|app: 0|req: 506/1012] 10.0.0.109 () {28 vars in 736 bytes} [Mon Apr 6 20:02:42 2026] GET /v3/7d59b4ef8dc14dc29205b8731d768f62/os-quota-sets/9da57290678740739e06b490ea164e11?usage=true => generated 847 bytes in 29 msecs (HTTP/1.1 200) 7 headers in 285 bytes (1 switches on core 0)
2026-04-06 20:02:42.505 7 INFO cinder.api.openstack.wsgi [None req-4ce6620c-b8c0-47e8-88cd-cd807378bcb9 9598049f81bc4e8a9c92a98d490c69e1 7d59b4ef8dc14dc29205b8731d768f62 - - default default] GET http://cinder-api.openstack.svc.cluster.local:8776/v3/7d59b4ef8dc14dc29205b8731d768f62/os-quota-sets/a611d03da30c4039b2b56b113be2b17f?usage=true
2026-04-06 20:02:42.536 7 INFO cinder.api.openstack.wsgi [None req-4ce6620c-b8c0-47e8-88cd-cd807378bcb9 9598049f81bc4e8a9c92a98d490c69e1 7d59b4ef8dc14dc29205b8731d768f62 - - default default] http://cinder-api.openstack.svc.cluster.local:8776/v3/7d59b4ef8dc14dc29205b8731d768f62/os-quota-sets/a611d03da30c4039b2b56b113be2b17f?usage=true returned with HTTP 200 [pid: 7|app: 0|req: 507/1013] 10.0.0.109 () {28 vars in 736 bytes} [Mon Apr 6 20:02:42 2026] GET /v3/7d59b4ef8dc14dc29205b8731d768f62/os-quota-sets/a611d03da30c4039b2b56b113be2b17f?usage=true => generated 845 bytes in 42 msecs (HTTP/1.1 200) 7 headers in 285 bytes (1 switches on core 0)
2026-04-06 20:02:42.550 8 INFO cinder.api.openstack.wsgi [None req-478163bf-b4a0-4cf9-ad85-a98b81040c10 9598049f81bc4e8a9c92a98d490c69e1 7d59b4ef8dc14dc29205b8731d768f62 - - default default] GET http://cinder-api.openstack.svc.cluster.local:8776/v3/7d59b4ef8dc14dc29205b8731d768f62/os-quota-sets/a74a9c63081447c88f7cb8851931fc9e?usage=true
2026-04-06 20:02:42.572 8 INFO cinder.api.openstack.wsgi [None req-478163bf-b4a0-4cf9-ad85-a98b81040c10 9598049f81bc4e8a9c92a98d490c69e1 7d59b4ef8dc14dc29205b8731d768f62 - - default default] http://cinder-api.openstack.svc.cluster.local:8776/v3/7d59b4ef8dc14dc29205b8731d768f62/os-quota-sets/a74a9c63081447c88f7cb8851931fc9e?usage=true returned with HTTP 200 [pid: 8|app: 0|req: 507/1014] 10.0.0.109 () {28 vars in 736 bytes} [Mon Apr 6 20:02:42 2026] GET /v3/7d59b4ef8dc14dc29205b8731d768f62/os-quota-sets/a74a9c63081447c88f7cb8851931fc9e?usage=true => generated 847 bytes in 32 msecs (HTTP/1.1 200) 7 headers in 285 bytes (1 switches on core 0)
2026-04-06 20:02:42.585 7 INFO cinder.api.openstack.wsgi [None req-ac488693-c53f-4d3e-a6c4-8a2e25099550 9598049f81bc4e8a9c92a98d490c69e1 7d59b4ef8dc14dc29205b8731d768f62 - - default default] GET http://cinder-api.openstack.svc.cluster.local:8776/v3/7d59b4ef8dc14dc29205b8731d768f62/os-quota-sets/b3793ae3f61d4941b40caa2ec29f0e6b?usage=true
2026-04-06 20:02:42.612 7 INFO cinder.api.openstack.wsgi [None req-ac488693-c53f-4d3e-a6c4-8a2e25099550 9598049f81bc4e8a9c92a98d490c69e1 7d59b4ef8dc14dc29205b8731d768f62 - - default default] http://cinder-api.openstack.svc.cluster.local:8776/v3/7d59b4ef8dc14dc29205b8731d768f62/os-quota-sets/b3793ae3f61d4941b40caa2ec29f0e6b?usage=true returned with HTTP 200 [pid: 7|app: 0|req: 508/1015] 10.0.0.109 () {28 vars in 736 bytes} [Mon Apr 6 20:02:42 2026] GET /v3/7d59b4ef8dc14dc29205b8731d768f62/os-quota-sets/b3793ae3f61d4941b40caa2ec29f0e6b?usage=true => generated 847 bytes in 35 msecs (HTTP/1.1 200) 7 headers in 285 bytes (1 switches on core 0)
2026-04-06 20:02:42.622 8 INFO cinder.api.openstack.wsgi [None req-8d393f08-afe3-422b-b1e7-8945735dec42 9598049f81bc4e8a9c92a98d490c69e1 7d59b4ef8dc14dc29205b8731d768f62 - - default default] GET http://cinder-api.openstack.svc.cluster.local:8776/v3/7d59b4ef8dc14dc29205b8731d768f62/os-quota-sets/b9a5671d76a94e6497f6561145103422?usage=true
