Jul 10 01:54:07.491088 np0000184940 devstack@neutron-api.service[101534]: DEBUG neutron.plugins.ml2.drivers.ovn.mech_driver.ovsdb.ovsdb_monitor [-] Hash Ring: Node dc738c396070585e8f88434e529e3a06 (host: np0000184940) handling event "update" for row e4e17edd-92e0-49e0-86f9-6cc33d213891 (table: Connection) {{(pid=101534) notify /opt/stack/neutron/neutron/plugins/ml2/drivers/ovn/mech_driver/ovsdb/ovsdb_monitor.py:1031}}
Jul 10 01:54:09.986001 np0000184940 devstack@neutron-api.service[101535]: DEBUG neutron.plugins.ml2.drivers.ovn.mech_driver.ovsdb.ovsdb_monitor [-] Hash Ring: Node a3fc9a028f695cfab5f73e29cf51e763 (host: np0000184940) handling event "update" for row e4e17edd-92e0-49e0-86f9-6cc33d213891 (table: Connection) {{(pid=101535) notify /opt/stack/neutron/neutron/plugins/ml2/drivers/ovn/mech_driver/ovsdb/ovsdb_monitor.py:1031}}
Jul 10 01:54:09.988000 np0000184940 devstack@neutron-api.service[101534]: DEBUG neutron.plugins.ml2.drivers.ovn.mech_driver.ovsdb.ovsdb_monitor [-] Hash Ring: Node dc738c396070585e8f88434e529e3a06 (host: np0000184940) handling event "update" for row e4e17edd-92e0-49e0-86f9-6cc33d213891 (table: Connection) {{(pid=101534) notify /opt/stack/neutron/neutron/plugins/ml2/drivers/ovn/mech_driver/ovsdb/ovsdb_monitor.py:1031}}
Jul 10 01:54:11.228618 np0000184940 devstack@neutron-api.service[101535]: DEBUG neutron.api.wsgi [None req-0dc5f295-9c34-45ea-871b-02ce5e1d990c admin admin] Missing Content-Type {{(pid=101535) get_content_type /opt/stack/neutron/neutron/api/wsgi.py:80}}
Jul 10 01:54:11.229050 np0000184940 devstack@neutron-api.service[101535]: DEBUG neutron.api.wsgi [None req-0dc5f295-9c34-45ea-871b-02ce5e1d990c admin admin] https://199.204.45.38/networking/v2.0/extensions returned with HTTP 200 {{(pid=101535) __call__ /opt/stack/neutron/neutron/api/wsgi.py:540}}
Jul 10 01:54:11.229415 np0000184940 devstack@neutron-api.service[101535]: [pid: 101535|app: 0|req: 2/2] 199.204.45.38 () {64 vars in 1316 bytes} [Fri Jul 10 01:54:10 2026] GET /networking/v2.0/extensions => generated 16171 bytes in 459 msecs (HTTP/1.1 200) 4 headers in 159 bytes (1 switches on core 0)
Jul 10 01:54:11.633876 np0000184940 devstack@neutron-api.service[101533]: DEBUG neutron.api.v2.base [None req-21e421cf-4bc1-404d-9a71-5214dbedc653 admin admin] Request body: {'subnetpool': {'name': 'shared-default-subnetpool-v4', 'is_default': True, 'prefixes': ['10.1.0.0/20'], 'shared': True, 'default_prefixlen': 26}} {{(pid=101533) prepare_request_body /opt/stack/neutron/neutron/api/v2/base.py:727}}
Jul 10 01:54:11.843265 np0000184940 devstack@neutron-api.service[101533]: DEBUG neutron.policy [None req-21e421cf-4bc1-404d-9a71-5214dbedc653 admin admin] Loaded default policies from ['neutron'] under neutron.policies entry points {{(pid=101533) register_rules /opt/stack/neutron/neutron/policy.py:65}}
Jul 10 01:54:11.993550 np0000184940 devstack@neutron-api.service[101533]: DEBUG neutron_lib.callbacks.manager [None req-21e421cf-4bc1-404d-9a71-5214dbedc653 admin admin] Publish callbacks ['neutron.objects.securitygroup.RbacNeutronDbObjectMixin.validate_rbac_policy_change-2623778663495', 'neutron.objects.address_group.RbacNeutronDbObjectMixin.validate_rbac_policy_change-2623778689945', 'neutron.objects.network.RbacNeutronDbObjectMixin.validate_rbac_policy_change-2623779094280', 'neutron.objects.qos.policy.RbacNeutronDbObjectMixin.validate_rbac_policy_change-2623779004669', 'neutron.objects.subnetpool.RbacNeutronDbObjectMixin.validate_rbac_policy_change-2623779002118', 'neutron.objects.address_scope.RbacNeutronDbObjectMixin.validate_rbac_policy_change-2623779001750', 'neutron.plugins.ml2.plugin.External_net_db_mixin._process_ext_policy_create-215512', 'neutron.plugins.ml2.plugin.NeutronDbPluginV2.validate_network_rbac_policy_change-197088'] for rbac-policy (None), before_create {{(pid=101533) _notify_loop /opt/stack/data/venv/lib/python3.12/site-packages/neutron_lib/callbacks/manager.py:184}}
Jul 10 01:54:12.047063 np0000184940 devstack@neutron-api.service[101533]: DEBUG neutron_lib.callbacks.manager [None req-21e421cf-4bc1-404d-9a71-5214dbedc653 admin admin] Publish callbacks [] for subnetpool (None), before_response {{(pid=101533) _notify_loop /opt/stack/data/venv/lib/python3.12/site-packages/neutron_lib/callbacks/manager.py:184}}
Jul 10 01:54:12.048071 np0000184940 devstack@neutron-api.service[101533]: [pid: 101533|app: 0|req: 1/3] 199.204.45.38 () {68 vars in 1360 bytes} [Fri Jul 10 01:54:11 2026] POST /networking/v2.0/subnetpools => generated 533 bytes in 529 msecs (HTTP/1.1 201) 4 headers in 162 bytes (1 switches on core 0)
Jul 10 01:54:12.377010 np0000184940 devstack@neutron-api.service[101534]: DEBUG neutron.api.v2.base [None req-c5fc4978-31b6-4701-84b6-0789804d3d3a admin admin] Request body: {'subnetpool': {'name': 'shared-default-subnetpool-v6', 'is_default': True, 'prefixes': ['fd4a:68fd:b2c4::/56'], 'shared': True, 'default_prefixlen': 64}} {{(pid=101534) prepare_request_body /opt/stack/neutron/neutron/api/v2/base.py:727}}
Jul 10 01:54:12.556267 np0000184940 devstack@neutron-api.service[101534]: DEBUG neutron.policy [None req-c5fc4978-31b6-4701-84b6-0789804d3d3a admin admin] Loaded default policies from ['neutron'] under neutron.policies entry points {{(pid=101534) register_rules /opt/stack/neutron/neutron/policy.py:65}}
Jul 10 01:54:12.708169 np0000184940 devstack@neutron-api.service[101534]: DEBUG neutron_lib.callbacks.manager [None req-c5fc4978-31b6-4701-84b6-0789804d3d3a admin admin] Publish callbacks ['neutron.objects.securitygroup.RbacNeutronDbObjectMixin.validate_rbac_policy_change-2623778657540', 'neutron.objects.address_group.RbacNeutronDbObjectMixin.validate_rbac_policy_change-2623778700455', 'neutron.objects.network.RbacNeutronDbObjectMixin.validate_rbac_policy_change-2623779088847', 'neutron.objects.qos.policy.RbacNeutronDbObjectMixin.validate_rbac_policy_change-2623779085319', 'neutron.objects.subnetpool.RbacNeutronDbObjectMixin.validate_rbac_policy_change-2623779005212', 'neutron.objects.address_scope.RbacNeutronDbObjectMixin.validate_rbac_policy_change-2623779005001', 'neutron.plugins.ml2.plugin.External_net_db_mixin._process_ext_policy_create-95702', 'neutron.plugins.ml2.plugin.NeutronDbPluginV2.validate_network_rbac_policy_change-51518'] for rbac-policy (None), before_create {{(pid=101534) _notify_loop /opt/stack/data/venv/lib/python3.12/site-packages/neutron_lib/callbacks/manager.py:184}}
Jul 10 01:54:12.755798 np0000184940 devstack@neutron-api.service[101534]: DEBUG neutron_lib.callbacks.manager [None req-c5fc4978-31b6-4701-84b6-0789804d3d3a admin admin] Publish callbacks [] for subnetpool (None), before_response {{(pid=101534) _notify_loop /opt/stack/data/venv/lib/python3.12/site-packages/neutron_lib/callbacks/manager.py:184}}
Jul 10 01:54:12.756368 np0000184940 devstack@neutron-api.service[101534]: [pid: 101534|app: 0|req: 1/4] 199.204.45.38 () {68 vars in 1360 bytes} [Fri Jul 10 01:54:12 2026] POST /networking/v2.0/subnetpools => generated 543 bytes in 499 msecs (HTTP/1.1 201) 4 headers in 162 bytes (1 switches on core 0)
Jul 10 01:54:13.155175 np0000184940 devstack@neutron-api.service[101532]: DEBUG neutron.api.v2.base [None req-436fe6ea-c83b-473a-99ec-a1f7878af4d3 admin admin] Request body: {'network': {'name': 'private', 'admin_state_up': True}} {{(pid=101532) prepare_request_body /opt/stack/neutron/neutron/api/v2/base.py:727}}
Jul 10 01:54:13.191408 np0000184940 devstack@neutron-api.service[101532]: DEBUG neutron.pecan_wsgi.hooks.quota_enforcement [None req-436fe6ea-c83b-473a-99ec-a1f7878af4d3 admin admin] Made reservation on behalf of 78290991dfe945afb69b56d829cf3ef2 for: {'network': 1} {{(pid=101532) before /opt/stack/neutron/neutron/pecan_wsgi/hooks/quota_enforcement.py:66}}
Jul 10 01:54:13.365255 np0000184940 devstack@neutron-api.service[101532]: DEBUG neutron.policy [None req-436fe6ea-c83b-473a-99ec-a1f7878af4d3 admin admin] Loaded default policies from ['neutron'] under neutron.policies entry points {{(pid=101532) register_rules /opt/stack/neutron/neutron/policy.py:65}}
Jul 10 01:54:13.467945 np0000184940 devstack@neutron-api.service[101532]: DEBUG neutron_lib.callbacks.manager [None req-436fe6ea-c83b-473a-99ec-a1f7878af4d3 admin admin] Publish callbacks ['neutron.plugins.ml2.plugin.SecurityGroupDbMixin._ensure_default_security_group_handler-2039636'] for network (None), before_create {{(pid=101532) _notify_loop /opt/stack/data/venv/lib/python3.12/site-packages/neutron_lib/callbacks/manager.py:184}}
Jul 10 01:54:13.489397 np0000184940 devstack@neutron-api.service[101532]: DEBUG neutron_lib.callbacks.manager [None req-436fe6ea-c83b-473a-99ec-a1f7878af4d3 admin admin] Publish callbacks [] for security_group (None), before_create {{(pid=101532) _notify_loop /opt/stack/data/venv/lib/python3.12/site-packages/neutron_lib/callbacks/manager.py:184}}
Jul 10 01:54:13.586825 np0000184940 devstack@neutron-api.service[101532]: DEBUG neutron_lib.callbacks.manager [None req-436fe6ea-c83b-473a-99ec-a1f7878af4d3 admin admin] Publish callbacks ['neutron.plugins.ml2.drivers.ovn.mech_driver.mech_driver.OVNMechanismDriver._create_security_group_precommit-8335671'] for security_group (d07e210b-7e7d-4727-9b26-485c2dc9ba3e), precommit_create {{(pid=101532) _notify_loop /opt/stack/data/venv/lib/python3.12/site-packages/neutron_lib/callbacks/manager.py:184}}
Jul 10 01:54:13.587251 np0000184940 devstack@neutron-api.service[101532]: DEBUG neutron.db.ovn_revision_numbers_db [None req-436fe6ea-c83b-473a-99ec-a1f7878af4d3 admin admin] create_initial_revision uuid=d07e210b-7e7d-4727-9b26-485c2dc9ba3e, type=security_groups, rev=-1 {{(pid=101532) create_initial_revision /opt/stack/neutron/neutron/db/ovn_revision_numbers_db.py:98}}
Jul 10 01:54:13.589272 np0000184940 devstack@neutron-api.service[101532]: DEBUG neutron.db.ovn_revision_numbers_db [None req-436fe6ea-c83b-473a-99ec-a1f7878af4d3 admin admin] create_initial_revision uuid=78493e73-0d40-41a9-99af-e5c69faf5e65, type=security_group_rules, rev=-1 {{(pid=101532) create_initial_revision /opt/stack/neutron/neutron/db/ovn_revision_numbers_db.py:98}}
Jul 10 01:54:13.590395 np0000184940 devstack@neutron-api.service[101532]: DEBUG neutron.db.ovn_revision_numbers_db [None req-436fe6ea-c83b-473a-99ec-a1f7878af4d3 admin admin] create_initial_revision uuid=85307999-7f40-40dd-aaf4-c52df63ef5c1, type=security_group_rules, rev=-1 {{(pid=101532) create_initial_revision /opt/stack/neutron/neutron/db/ovn_revision_numbers_db.py:98}}
Jul 10 01:54:13.591678 np0000184940 devstack@neutron-api.service[101532]: DEBUG neutron.db.ovn_revision_numbers_db [None req-436fe6ea-c83b-473a-99ec-a1f7878af4d3 admin admin] create_initial_revision uuid=d0c1ed3e-3147-48e9-9512-c4f181003c19, type=security_group_rules, rev=-1 {{(pid=101532) create_initial_revision /opt/stack/neutron/neutron/db/ovn_revision_numbers_db.py:98}}
Jul 10 01:54:13.592704 np0000184940 devstack@neutron-api.service[101532]: DEBUG neutron.db.ovn_revision_numbers_db [None req-436fe6ea-c83b-473a-99ec-a1f7878af4d3 admin admin] create_initial_revision uuid=ef1ab7a0-d5b7-4c29-b775-3c645391e6fe, type=security_group_rules, rev=-1 {{(pid=101532) create_initial_revision /opt/stack/neutron/neutron/db/ovn_revision_numbers_db.py:98}}
Jul 10 01:54:13.598501 np0000184940 devstack@neutron-api.service[101532]: DEBUG neutron_lib.callbacks.manager [None req-436fe6ea-c83b-473a-99ec-a1f7878af4d3 admin admin] Publish callbacks ['neutron.plugins.ml2.drivers.ovn.mech_driver.mech_driver.OVNMechanismDriver._create_security_group-8335689', 'neutron.plugins.ml2.ovo_rpc._ObjectChangeHandler.handle_event-6440842'] for security_group (d07e210b-7e7d-4727-9b26-485c2dc9ba3e), after_create {{(pid=101532) _notify_loop /opt/stack/data/venv/lib/python3.12/site-packages/neutron_lib/callbacks/manager.py:184}}
Jul 10 01:54:13.598875 np0000184940 devstack@neutron-api.service[101532]: INFO neutron.plugins.ml2.drivers.ovn.mech_driver.ovsdb.extensions.qos [None req-436fe6ea-c83b-473a-99ec-a1f7878af4d3 admin admin] Starting OVNClientQosExtension
Jul 10 01:54:13.599043 np0000184940 devstack@neutron-api.service[101532]: INFO neutron.plugins.ml2.drivers.ovn.mech_driver.ovsdb.extensions.placement [None req-436fe6ea-c83b-473a-99ec-a1f7878af4d3 admin admin] Starting OVNClientPlacementExtension
Jul 10 01:54:13.600515 np0000184940 devstack@neutron-api.service[101532]: DEBUG ovsdbapp.backend.ovs_idl.transaction [-] Running txn n=1 command(idx=0): PgAddCommand(_result=None, name=pg_d07e210b_7e7d_4727_9b26_485c2dc9ba3e, may_exist=False, columns={'acls': [], 'external_ids': {'neutron:security_group_id': 'd07e210b-7e7d-4727-9b26-485c2dc9ba3e'}}) {{(pid=101532) do_commit /opt/stack/data/venv/lib/python3.12/site-packages/ovsdbapp/backend/ovs_idl/transaction.py:89}}
Jul 10 01:54:13.603140 np0000184940 devstack@neutron-api.service[101532]: DEBUG ovsdbapp.backend.ovs_idl.transaction [-] Running txn n=1 command(idx=1): PgAclAddCommand(_result=None, entity=pg_d07e210b_7e7d_4727_9b26_485c2dc9ba3e, direction=to-lport, priority=1002, match=outport == @pg_d07e210b_7e7d_4727_9b26_485c2dc9ba3e && ip6 && ip6.src == $pg_d07e210b_7e7d_4727_9b26_485c2dc9ba3e_ip6, action=allow-related, log=False, may_exist=True, severity=[], name=[], meter=[], external_ids={'neutron:security_group_rule_id': '78493e73-0d40-41a9-99af-e5c69faf5e65'}) {{(pid=101532) do_commit /opt/stack/data/venv/lib/python3.12/site-packages/ovsdbapp/backend/ovs_idl/transaction.py:89}}
Jul 10 01:54:13.603784 np0000184940 devstack@neutron-api.service[101532]: DEBUG ovsdbapp.backend.ovs_idl.transaction [-] Running txn n=1 command(idx=2): PgAclAddCommand(_result=None, entity=pg_d07e210b_7e7d_4727_9b26_485c2dc9ba3e, direction=from-lport, priority=1002, match=inport == @pg_d07e210b_7e7d_4727_9b26_485c2dc9ba3e && ip6, action=allow-related, log=False, may_exist=True, severity=[], name=[], meter=[], external_ids={'neutron:security_group_rule_id': '85307999-7f40-40dd-aaf4-c52df63ef5c1'}) {{(pid=101532) do_commit /opt/stack/data/venv/lib/python3.12/site-packages/ovsdbapp/backend/ovs_idl/transaction.py:89}}
Jul 10 01:54:13.604114 np0000184940 devstack@neutron-api.service[101532]: DEBUG ovsdbapp.backend.ovs_idl.transaction [-] Running txn n=1 command(idx=3): PgAclAddCommand(_result=None, entity=pg_d07e210b_7e7d_4727_9b26_485c2dc9ba3e, direction=to-lport, priority=1002, match=outport == @pg_d07e210b_7e7d_4727_9b26_485c2dc9ba3e && ip4 && ip4.src == $pg_d07e210b_7e7d_4727_9b26_485c2dc9ba3e_ip4, action=allow-related, log=False, may_exist=True, severity=[], name=[], meter=[], external_ids={'neutron:security_group_rule_id': 'd0c1ed3e-3147-48e9-9512-c4f181003c19'}) {{(pid=101532) do_commit /opt/stack/data/venv/lib/python3.12/site-packages/ovsdbapp/backend/ovs_idl/transaction.py:89}}
Jul 10 01:54:13.604392 np0000184940 devstack@neutron-api.service[101532]: DEBUG ovsdbapp.backend.ovs_idl.transaction [-] Running txn n=1 command(idx=4): PgAclAddCommand(_result=None, entity=pg_d07e210b_7e7d_4727_9b26_485c2dc9ba3e, direction=from-lport, priority=1002, match=inport == @pg_d07e210b_7e7d_4727_9b26_485c2dc9ba3e && ip4, action=allow-related, log=False, may_exist=True, severity=[], name=[], meter=[], external_ids={'neutron:security_group_rule_id': 'ef1ab7a0-d5b7-4c29-b775-3c645391e6fe'}) {{(pid=101532) do_commit /opt/stack/data/venv/lib/python3.12/site-packages/ovsdbapp/backend/ovs_idl/transaction.py:89}}
Jul 10 01:54:13.612292 np0000184940 devstack@neutron-api.service[101532]: DEBUG neutron.plugins.ml2.drivers.ovn.mech_driver.ovsdb.ovsdb_monitor [-] Hash Ring: Node 938c961de13c5875a4656954e6ca217c (host: np0000184940) handling event "create" for row b5cbfb6f-2e4e-4967-9375-4fe1acd3378b (table: ACL) {{(pid=101532) notify /opt/stack/neutron/neutron/plugins/ml2/drivers/ovn/mech_driver/ovsdb/ovsdb_monitor.py:1031}}
Jul 10 01:54:13.612413 np0000184940 devstack@neutron-api.service[101535]: DEBUG neutron.plugins.ml2.drivers.ovn.mech_driver.ovsdb.ovsdb_monitor [-] Hash Ring: Node a3fc9a028f695cfab5f73e29cf51e763 (host: np0000184940) handling event "create" for row 345166cc-b03c-4bd8-85c1-b90710bdc44e (table: ACL) {{(pid=101535) notify /opt/stack/neutron/neutron/plugins/ml2/drivers/ovn/mech_driver/ovsdb/ovsdb_monitor.py:1031}}
Jul 10 01:54:13.612767 np0000184940 devstack@neutron-api.service[101535]: DEBUG neutron.plugins.ml2.drivers.ovn.mech_driver.ovsdb.ovsdb_monitor [-] Hash Ring: Node a3fc9a028f695cfab5f73e29cf51e763 (host: np0000184940) handling event "create" for row 9aa1bf7d-0cd2-4fda-ad03-7a218efe72b1 (table: ACL) {{(pid=101535) notify /opt/stack/neutron/neutron/plugins/ml2/drivers/ovn/mech_driver/ovsdb/ovsdb_monitor.py:1031}}
Jul 10 01:54:13.612767 np0000184940 devstack@neutron-api.service[101535]: DEBUG neutron.plugins.ml2.drivers.ovn.mech_driver.ovsdb.ovsdb_monitor [-] Hash Ring: Node a3fc9a028f695cfab5f73e29cf51e763 (host: np0000184940) handling event "create" for row b5cbfb6f-2e4e-4967-9375-4fe1acd3378b (table: ACL) {{(pid=101535) notify /opt/stack/neutron/neutron/plugins/ml2/drivers/ovn/mech_driver/ovsdb/ovsdb_monitor.py:1031}}
Jul 10 01:54:13.612887 np0000184940 devstack@neutron-api.service[101535]: DEBUG neutron.plugins.ml2.drivers.ovn.mech_driver.ovsdb.ovsdb_monitor [-] Hash Ring: Node a3fc9a028f695cfab5f73e29cf51e763 (host: np0000184940) handling event "create" for row e6f2a379-8b51-48e8-b13c-a98a23879977 (table: ACL) {{(pid=101535) notify /opt/stack/neutron/neutron/plugins/ml2/drivers/ovn/mech_driver/ovsdb/ovsdb_monitor.py:1031}}
Jul 10 01:54:13.613009 np0000184940 devstack@neutron-api.service[101535]: DEBUG neutron.plugins.ml2.drivers.ovn.mech_driver.ovsdb.ovsdb_monitor [-] Hash Ring: Node a3fc9a028f695cfab5f73e29cf51e763 (host: np0000184940) handling event "create" for row bd488f7b-057f-451c-90cc-3cb732351573 (table: Port_Group) {{(pid=101535) notify /opt/stack/neutron/neutron/plugins/ml2/drivers/ovn/mech_driver/ovsdb/ovsdb_monitor.py:1031}}
Jul 10 01:54:13.618483 np0000184940 devstack@neutron-api.service[101534]: DEBUG neutron.plugins.ml2.drivers.ovn.mech_driver.ovsdb.ovsdb_monitor [-] Hash Ring: Node dc738c396070585e8f88434e529e3a06 (host: np0000184940) handling event "create" for row 345166cc-b03c-4bd8-85c1-b90710bdc44e (table: ACL) {{(pid=101534) notify /opt/stack/neutron/neutron/plugins/ml2/drivers/ovn/mech_driver/ovsdb/ovsdb_monitor.py:1031}}
Jul 10 01:54:13.618918 np0000184940 devstack@neutron-api.service[101534]: DEBUG neutron.plugins.ml2.drivers.ovn.mech_driver.ovsdb.ovsdb_monitor [-] Hash Ring: Node dc738c396070585e8f88434e529e3a06 (host: np0000184940) handling event "create" for row 9aa1bf7d-0cd2-4fda-ad03-7a218efe72b1 (table: ACL) {{(pid=101534) notify /opt/stack/neutron/neutron/plugins/ml2/drivers/ovn/mech_driver/ovsdb/ovsdb_monitor.py:1031}}
Jul 10 01:54:13.645219 np0000184940 devstack@neutron-api.service[101532]: INFO neutron.db.ovn_revision_numbers_db [None req-436fe6ea-c83b-473a-99ec-a1f7878af4d3 admin admin] Successfully bumped revision number for resource d07e210b-7e7d-4727-9b26-485c2dc9ba3e (type: security_groups) to 1
Jul 10 01:54:13.664560 np0000184940 devstack@neutron-api.service[101532]: INFO neutron.db.ovn_revision_numbers_db [None req-436fe6ea-c83b-473a-99ec-a1f7878af4d3 admin admin] Successfully bumped revision number for resource 78493e73-0d40-41a9-99af-e5c69faf5e65 (type: security_group_rules) to 0
Jul 10 01:54:13.678518 np0000184940 devstack@neutron-api.service[101532]: INFO neutron.db.ovn_revision_numbers_db [None req-436fe6ea-c83b-473a-99ec-a1f7878af4d3 admin admin] Successfully bumped revision number for resource 85307999-7f40-40dd-aaf4-c52df63ef5c1 (type: security_group_rules) to 0
Jul 10 01:54:13.692204 np0000184940 devstack@neutron-api.service[101532]: INFO neutron.db.ovn_revision_numbers_db [None req-436fe6ea-c83b-473a-99ec-a1f7878af4d3 admin admin] Successfully bumped revision number for resource d0c1ed3e-3147-48e9-9512-c4f181003c19 (type: security_group_rules) to 0
Jul 10 01:54:13.705510 np0000184940 devstack@neutron-api.service[101532]: INFO neutron.db.ovn_revision_numbers_db [None req-436fe6ea-c83b-473a-99ec-a1f7878af4d3 admin admin] Successfully bumped revision number for resource ef1ab7a0-d5b7-4c29-b775-3c645391e6fe (type: security_group_rules) to 0
Jul 10 01:54:13.732339 np0000184940 devstack@neutron-api.service[101532]: DEBUG neutron.api.rpc.handlers.resources_rpc [None req-436fe6ea-c83b-473a-99ec-a1f7878af4d3 admin admin] Pushing event updated for resources: {'SecurityGroup': ['ID=d07e210b-7e7d-4727-9b26-485c2dc9ba3e,revision_number=1']} {{(pid=101532) push /opt/stack/neutron/neutron/api/rpc/handlers/resources_rpc.py:237}}
Jul 10 01:54:13.738782 np0000184940 devstack@neutron-api.service[101532]: DEBUG ovsdbapp.backend.ovs_idl.transaction [-] Running txn n=1 command(idx=0): CheckLivenessCommand(_result=None) {{(pid=101532) do_commit /opt/stack/data/venv/lib/python3.12/site-packages/ovsdbapp/backend/ovs_idl/transaction.py:89}}
Jul 10 01:54:13.742339 np0000184940 devstack@neutron-api.service[101532]: DEBUG neutron.plugins.ml2.drivers.ovn.mech_driver.ovsdb.ovsdb_monitor [-] Hash Ring: Node 938c961de13c5875a4656954e6ca217c (host: np0000184940) handling event "update" for row 4dca3904-eed1-4c4c-871d-4aa29a0295ce (table: NB_Global) {{(pid=101532) notify /opt/stack/neutron/neutron/plugins/ml2/drivers/ovn/mech_driver/ovsdb/ovsdb_monitor.py:1031}}
Jul 10 01:54:13.742870 np0000184940 devstack@neutron-api.service[101535]: DEBUG neutron.plugins.ml2.drivers.ovn.mech_driver.ovsdb.ovsdb_monitor [-] Hash Ring: Node a3fc9a028f695cfab5f73e29cf51e763 (host: np0000184940) handling event "update" for row 4dca3904-eed1-4c4c-871d-4aa29a0295ce (table: NB_Global) {{(pid=101535) notify /opt/stack/neutron/neutron/plugins/ml2/drivers/ovn/mech_driver/ovsdb/ovsdb_monitor.py:1031}}
Jul 10 01:54:13.747218 np0000184940 devstack@neutron-api.service[101532]: DEBUG neutron.api.rpc.callbacks.version_manager [None req-436fe6ea-c83b-473a-99ec-a1f7878af4d3 admin admin] Tracked resource versions report:
Jul 10 01:54:13.747218 np0000184940 devstack@neutron-api.service[101532]: pushed versions:
Jul 10 01:54:13.747218 np0000184940 devstack@neutron-api.service[101532]: { 'AddressGroup': {'1.2'},
Jul 10 01:54:13.747218 np0000184940 devstack@neutron-api.service[101532]: 'Agent': {'1.1'},
Jul 10 01:54:13.747218 np0000184940 devstack@neutron-api.service[101532]: 'ConntrackHelper': {'1.0'},
Jul 10 01:54:13.747218 np0000184940 devstack@neutron-api.service[101532]: 'LocalIPAssociation': {'1.0'},
Jul 10 01:54:13.747218 np0000184940 devstack@neutron-api.service[101532]: 'Log': {'1.0'},
Jul 10 01:54:13.747218 np0000184940 devstack@neutron-api.service[101532]: 'NDPProxy': {'1.0'},
Jul 10 01:54:13.747218 np0000184940 devstack@neutron-api.service[101532]: 'Network': {'1.3'},
Jul 10 01:54:13.747218 np0000184940 devstack@neutron-api.service[101532]: 'Port': {'1.11'},
Jul 10 01:54:13.747218 np0000184940 devstack@neutron-api.service[101532]: 'PortForwarding': {'1.3'},
Jul 10 01:54:13.747218 np0000184940 devstack@neutron-api.service[101532]: 'QosPolicy': {'1.10'},
Jul 10 01:54:13.747218 np0000184940 devstack@neutron-api.service[101532]: 'SecurityGroup': {'1.6'},
Jul 10 01:54:13.747218 np0000184940 devstack@neutron-api.service[101532]: 'SecurityGroupRule': {'1.3'},
Jul 10 01:54:13.747218 np0000184940 devstack@neutron-api.service[101532]: 'SubPort': {'1.0'},
Jul 10 01:54:13.747218 np0000184940 devstack@neutron-api.service[101532]: 'Subnet': {'1.2'},
Jul 10 01:54:13.747218 np0000184940 devstack@neutron-api.service[101532]: 'Trunk': {'1.1'}}
Jul 10 01:54:13.747218 np0000184940 devstack@neutron-api.service[101532]: consumer versions:
Jul 10 01:54:13.747218 np0000184940 devstack@neutron-api.service[101532]: {}
Jul 10 01:54:13.747218 np0000184940 devstack@neutron-api.service[101532]: {{(pid=101532) report /opt/stack/neutron/neutron/api/rpc/callbacks/version_manager.py:183}}
Jul 10 01:54:13.749652 np0000184940 devstack@neutron-api.service[101534]: DEBUG neutron.plugins.ml2.drivers.ovn.mech_driver.ovsdb.ovsdb_monitor [-] ChassisAgentWriteEvent : Matched Chassis_Private, update, None None {{(pid=101534) matches /opt/stack/neutron/neutron/plugins/ml2/drivers/ovn/mech_driver/ovsdb/ovsdb_monitor.py:65}}
Jul 10 01:54:13.749830 np0000184940 devstack@neutron-api.service[101535]: DEBUG neutron.plugins.ml2.drivers.ovn.mech_driver.ovsdb.ovsdb_monitor [-] ChassisAgentWriteEvent : Matched Chassis_Private, update, None None {{(pid=101535) matches /opt/stack/neutron/neutron/plugins/ml2/drivers/ovn/mech_driver/ovsdb/ovsdb_monitor.py:65}}
Jul 10 01:54:13.750422 np0000184940 devstack@neutron-api.service[101533]: DEBUG neutron.plugins.ml2.drivers.ovn.mech_driver.ovsdb.ovsdb_monitor [-] ChassisAgentWriteEvent : Matched Chassis_Private, update, None None {{(pid=101533) matches /opt/stack/neutron/neutron/plugins/ml2/drivers/ovn/mech_driver/ovsdb/ovsdb_monitor.py:65}}
Jul 10 01:54:13.751135 np0000184940 devstack@neutron-api.service[101533]: DEBUG neutron.plugins.ml2.drivers.ovn.mech_driver.ovsdb.ovsdb_monitor [-] Hash Ring: Node eb9382197a4956a687fb839862cfd86b (host: np0000184940) handling event "update" for row 1398cf3f-af8c-4aeb-accb-c1f394860113 (table: Chassis_Private) {{(pid=101533) notify /opt/stack/neutron/neutron/plugins/ml2/drivers/ovn/mech_driver/ovsdb/ovsdb_monitor.py:1031}}
Jul 10 01:54:13.752457 np0000184940 devstack@neutron-api.service[101535]: DEBUG neutron.plugins.ml2.drivers.ovn.mech_driver.ovsdb.ovsdb_monitor [-] Hash Ring: Node a3fc9a028f695cfab5f73e29cf51e763 (host: np0000184940) handling event "update" for row 4dca3904-eed1-4c4c-871d-4aa29a0295ce (table: NB_Global) {{(pid=101535) notify /opt/stack/neutron/neutron/plugins/ml2/drivers/ovn/mech_driver/ovsdb/ovsdb_monitor.py:1031}}
Jul 10 01:54:13.753045 np0000184940 devstack@neutron-api.service[101533]: DEBUG neutron.plugins.ml2.drivers.ovn.mech_driver.ovsdb.ovsdb_monitor [-] ChassisOVNAgentWriteEvent : Matched Chassis_Private, update, None None {{(pid=101533) matches /opt/stack/neutron/neutron/plugins/ml2/drivers/ovn/mech_driver/ovsdb/ovsdb_monitor.py:65}}
Jul 10 01:54:13.753305 np0000184940 devstack@neutron-api.service[101533]: DEBUG neutron.plugins.ml2.drivers.ovn.mech_driver.ovsdb.ovsdb_monitor [-] Hash Ring: Node eb9382197a4956a687fb839862cfd86b (host: np0000184940) handling event "update" for row 1398cf3f-af8c-4aeb-accb-c1f394860113 (table: Chassis_Private) {{(pid=101533) notify /opt/stack/neutron/neutron/plugins/ml2/drivers/ovn/mech_driver/ovsdb/ovsdb_monitor.py:1031}}
Jul 10 01:54:13.753409 np0000184940 devstack@neutron-api.service[101534]: DEBUG neutron.plugins.ml2.drivers.ovn.mech_driver.ovsdb.ovsdb_monitor [-] ChassisOVNAgentWriteEvent : Matched Chassis_Private, update, None None {{(pid=101534) matches /opt/stack/neutron/neutron/plugins/ml2/drivers/ovn/mech_driver/ovsdb/ovsdb_monitor.py:65}}
Jul 10 01:54:13.753991 np0000184940 devstack@neutron-api.service[101532]: DEBUG neutron.plugins.ml2.drivers.ovn.mech_driver.ovsdb.ovsdb_monitor [-] ChassisAgentWriteEvent : Matched Chassis_Private, update, None None {{(pid=101532) matches /opt/stack/neutron/neutron/plugins/ml2/drivers/ovn/mech_driver/ovsdb/ovsdb_monitor.py:65}}
Jul 10 01:54:13.755050 np0000184940 devstack@neutron-api.service[101535]: DEBUG neutron.plugins.ml2.drivers.ovn.mech_driver.ovsdb.ovsdb_monitor [-] Hash Ring: Node a3fc9a028f695cfab5f73e29cf51e763 (host: np0000184940) handling event "update" for row 4dca3904-eed1-4c4c-871d-4aa29a0295ce (table: NB_Global) {{(pid=101535) notify /opt/stack/neutron/neutron/plugins/ml2/drivers/ovn/mech_driver/ovsdb/ovsdb_monitor.py:1031}}
Jul 10 01:54:13.755785 np0000184940 devstack@neutron-api.service[101535]: DEBUG neutron.plugins.ml2.drivers.ovn.mech_driver.ovsdb.ovsdb_monitor [-] Hash Ring: Node a3fc9a028f695cfab5f73e29cf51e763 (host: np0000184940) handling event "update" for row 4dca3904-eed1-4c4c-871d-4aa29a0295ce (table: NB_Global) {{(pid=101535) notify /opt/stack/neutron/neutron/plugins/ml2/drivers/ovn/mech_driver/ovsdb/ovsdb_monitor.py:1031}}
Jul 10 01:54:13.756190 np0000184940 devstack@neutron-api.service[101535]: DEBUG neutron.common.ovn.hash_ring_manager [-] Allow caching, nodes 4>=4 {{(pid=101535) _wait_startup_before_caching /opt/stack/neutron/neutron/common/ovn/hash_ring_manager.py:71}}
Jul 10 01:54:13.756267 np0000184940 devstack@neutron-api.service[101532]: DEBUG neutron.plugins.ml2.drivers.ovn.mech_driver.ovsdb.ovsdb_monitor [-] Hash Ring: Node 938c961de13c5875a4656954e6ca217c (host: np0000184940) handling event "update" for row 4dca3904-eed1-4c4c-871d-4aa29a0295ce (table: NB_Global) {{(pid=101532) notify /opt/stack/neutron/neutron/plugins/ml2/drivers/ovn/mech_driver/ovsdb/ovsdb_monitor.py:1031}}
Jul 10 01:54:13.756332 np0000184940 devstack@neutron-api.service[101535]: DEBUG neutron.plugins.ml2.drivers.ovn.mech_driver.ovsdb.ovsdb_monitor [-] Hash Ring: Node a3fc9a028f695cfab5f73e29cf51e763 (host: np0000184940) handling event "update" for row 1398cf3f-af8c-4aeb-accb-c1f394860113 (table: Chassis_Private) {{(pid=101535) notify /opt/stack/neutron/neutron/plugins/ml2/drivers/ovn/mech_driver/ovsdb/ovsdb_monitor.py:1031}}
Jul 10 01:54:13.757101 np0000184940 devstack@neutron-api.service[101535]: DEBUG neutron.plugins.ml2.drivers.ovn.mech_driver.ovsdb.ovsdb_monitor [-] ChassisOVNAgentWriteEvent : Matched Chassis_Private, update, None None {{(pid=101535) matches /opt/stack/neutron/neutron/plugins/ml2/drivers/ovn/mech_driver/ovsdb/ovsdb_monitor.py:65}}
Jul 10 01:54:13.757213 np0000184940 devstack@neutron-api.service[101532]: DEBUG neutron.plugins.ml2.drivers.ovn.mech_driver.ovsdb.ovsdb_monitor [-] ChassisOVNAgentWriteEvent : Matched Chassis_Private, update, None None {{(pid=101532) matches /opt/stack/neutron/neutron/plugins/ml2/drivers/ovn/mech_driver/ovsdb/ovsdb_monitor.py:65}}
Jul 10 01:54:13.757327 np0000184940 devstack@neutron-api.service[101535]: DEBUG neutron.plugins.ml2.drivers.ovn.mech_driver.ovsdb.ovsdb_monitor [-] Hash Ring: Node a3fc9a028f695cfab5f73e29cf51e763 (host: np0000184940) handling event "update" for row 1398cf3f-af8c-4aeb-accb-c1f394860113 (table: Chassis_Private) {{(pid=101535) notify /opt/stack/neutron/neutron/plugins/ml2/drivers/ovn/mech_driver/ovsdb/ovsdb_monitor.py:1031}}
Jul 10 01:54:13.758841 np0000184940 devstack@neutron-api.service[101532]: DEBUG neutron.plugins.ml2.drivers.ovn.mech_driver.ovsdb.ovsdb_monitor [-] Hash Ring: Node 938c961de13c5875a4656954e6ca217c (host: np0000184940) handling event "update" for row 4dca3904-eed1-4c4c-871d-4aa29a0295ce (table: NB_Global) {{(pid=101532) notify /opt/stack/neutron/neutron/plugins/ml2/drivers/ovn/mech_driver/ovsdb/ovsdb_monitor.py:1031}}
Jul 10 01:54:13.759803 np0000184940 devstack@neutron-api.service[101532]: DEBUG neutron.plugins.ml2.drivers.ovn.mech_driver.ovsdb.ovsdb_monitor [-] Hash Ring: Node 938c961de13c5875a4656954e6ca217c (host: np0000184940) handling event "update" for row 4dca3904-eed1-4c4c-871d-4aa29a0295ce (table: NB_Global) {{(pid=101532) notify /opt/stack/neutron/neutron/plugins/ml2/drivers/ovn/mech_driver/ovsdb/ovsdb_monitor.py:1031}}
Jul 10 01:54:13.810692 np0000184940 devstack@neutron-api.service[101532]: DEBUG neutron.plugins.ml2.drivers.helpers [None req-436fe6ea-c83b-473a-99ec-a1f7878af4d3 admin admin] geneve segment allocate from pool success with {'geneve_vni': 7337} {{(pid=101532) allocate_partially_specified_segment /opt/stack/neutron/neutron/plugins/ml2/drivers/helpers.py:142}}
Jul 10 01:54:13.822279 np0000184940 devstack@neutron-api.service[101532]: DEBUG neutron_lib.callbacks.manager [None req-436fe6ea-c83b-473a-99ec-a1f7878af4d3 admin admin] Publish callbacks ['neutron.services.segments.db._add_segment_host_mapping_for_segment-8314348155434', 'neutron.plugins.ml2.plugin.Ml2Plugin._handle_segment_change-1801204'] for segment (d43b16ce-2d77-485d-8dbc-6a9628d905b6), precommit_create {{(pid=101532) _notify_loop /opt/stack/data/venv/lib/python3.12/site-packages/neutron_lib/callbacks/manager.py:184}}
Jul 10 01:54:13.822418 np0000184940 devstack@neutron-api.service[101532]: INFO neutron.db.segments_db [None req-436fe6ea-c83b-473a-99ec-a1f7878af4d3 admin admin] Added segment d43b16ce-2d77-485d-8dbc-6a9628d905b6 of type geneve for network 65411a72-97d0-46a0-8afa-f286df7c4502
Jul 10 01:54:13.867208 np0000184940 devstack@neutron-api.service[101532]: DEBUG neutron_lib.callbacks.manager [None req-436fe6ea-c83b-473a-99ec-a1f7878af4d3 admin admin] Publish callbacks ['neutron.services.auto_allocate.db._ensure_external_network_default_value_callback-8314346204424'] for network (65411a72-97d0-46a0-8afa-f286df7c4502), precommit_create {{(pid=101532) _notify_loop /opt/stack/data/venv/lib/python3.12/site-packages/neutron_lib/callbacks/manager.py:184}}
Jul 10 01:54:13.883148 np0000184940 devstack@neutron-api.service[101532]: DEBUG neutron.plugins.ml2.drivers.ovn.mech_driver.mech_driver [None req-436fe6ea-c83b-473a-99ec-a1f7878af4d3 admin admin] Validating network segment with type geneve, segmentation ID 7337, physical network None {{(pid=101532) _validate_network_segments /opt/stack/neutron/neutron/plugins/ml2/drivers/ovn/mech_driver/mech_driver.py:646}}
Jul 10 01:54:13.883284 np0000184940 devstack@neutron-api.service[101532]: DEBUG neutron.db.ovn_revision_numbers_db [None req-436fe6ea-c83b-473a-99ec-a1f7878af4d3 admin admin] create_initial_revision uuid=65411a72-97d0-46a0-8afa-f286df7c4502, type=networks, rev=-1 {{(pid=101532) create_initial_revision /opt/stack/neutron/neutron/db/ovn_revision_numbers_db.py:98}}
Jul 10 01:54:13.904228 np0000184940 devstack@neutron-api.service[101532]: DEBUG neutron_lib.callbacks.manager [None req-436fe6ea-c83b-473a-99ec-a1f7878af4d3 admin admin] Publish callbacks ['neutron.plugins.ml2.ovo_rpc._ObjectChangeHandler.handle_event-6440847'] for network (65411a72-97d0-46a0-8afa-f286df7c4502), after_create {{(pid=101532) _notify_loop /opt/stack/data/venv/lib/python3.12/site-packages/neutron_lib/callbacks/manager.py:184}}
Jul 10 01:54:13.952030 np0000184940 devstack@neutron-api.service[101532]: DEBUG neutron.api.rpc.handlers.resources_rpc [None req-436fe6ea-c83b-473a-99ec-a1f7878af4d3 admin admin] Pushing event updated for resources: {'Network': ['ID=65411a72-97d0-46a0-8afa-f286df7c4502,revision_number=1']} {{(pid=101532) push /opt/stack/neutron/neutron/api/rpc/handlers/resources_rpc.py:237}}
Jul 10 01:54:13.961169 np0000184940 devstack@neutron-api.service[101532]: DEBUG ovsdbapp.backend.ovs_idl.transaction [-] Running txn n=1 command(idx=0): AddNetworkCommand(_result=None, network_uuid=65411a72-97d0-46a0-8afa-f286df7c4502, may_exist=True, columns={'external_ids': {'neutron:network_name': 'private', 'neutron:mtu': '1372', 'neutron:revision_number': '1', 'neutron:availability_zone_hints': '', 'neutron:provnet-network-type': 'geneve'}, 'other_config': {'mcast_snoop': 'false', 'mcast_flood_unregistered': 'false', 'vlan-passthru': 'false'}}) {{(pid=101532) do_commit /opt/stack/data/venv/lib/python3.12/site-packages/ovsdbapp/backend/ovs_idl/transaction.py:89}}
Jul 10 01:54:13.961876 np0000184940 devstack@neutron-api.service[101532]: DEBUG neutron.common.ovn.utils [-] OVS persist_uuid supported=True {{(pid=101532) ovs_persist_uuid_supported /opt/stack/neutron/neutron/common/ovn/utils.py:1564}}
Jul 10 01:54:13.966167 np0000184940 devstack@neutron-api.service[101535]: DEBUG neutron.plugins.ml2.drivers.ovn.mech_driver.ovsdb.ovsdb_monitor [-] Hash Ring: Node a3fc9a028f695cfab5f73e29cf51e763 (host: np0000184940) handling event "create" for row 65411a72-97d0-46a0-8afa-f286df7c4502 (table: Logical_Switch) {{(pid=101535) notify /opt/stack/neutron/neutron/plugins/ml2/drivers/ovn/mech_driver/ovsdb/ovsdb_monitor.py:1031}}
Jul 10 01:54:13.974493 np0000184940 devstack@neutron-api.service[101535]: DEBUG neutron.plugins.ml2.drivers.ovn.mech_driver.ovsdb.ovsdb_monitor [-] Hash Ring: Node a3fc9a028f695cfab5f73e29cf51e763 (host: np0000184940) handling event "create" for row 7d7c5cb9-f344-4739-ad7b-529ded793651 (table: Datapath_Binding) {{(pid=101535) notify /opt/stack/neutron/neutron/plugins/ml2/drivers/ovn/mech_driver/ovsdb/ovsdb_monitor.py:1031}}
Jul 10 01:54:13.975834 np0000184940 devstack@neutron-api.service[101533]: DEBUG neutron.plugins.ml2.drivers.ovn.mech_driver.ovsdb.ovsdb_monitor [-] Hash Ring: Node eb9382197a4956a687fb839862cfd86b (host: np0000184940) handling event "create" for row 7d7c5cb9-f344-4739-ad7b-529ded793651 (table: Datapath_Binding) {{(pid=101533) notify /opt/stack/neutron/neutron/plugins/ml2/drivers/ovn/mech_driver/ovsdb/ovsdb_monitor.py:1031}}
Jul 10 01:54:13.994961 np0000184940 devstack@neutron-api.service[101532]: INFO neutron.db.ovn_revision_numbers_db [None req-436fe6ea-c83b-473a-99ec-a1f7878af4d3 admin admin] Successfully bumped revision number for resource 65411a72-97d0-46a0-8afa-f286df7c4502 (type: networks) to 1
Jul 10 01:54:14.049644 np0000184940 devstack@neutron-api.service[101532]: DEBUG neutron_lib.callbacks.manager [None req-436fe6ea-c83b-473a-99ec-a1f7878af4d3 admin admin] Publish callbacks ['neutron.plugins.ml2.plugin.SecurityGroupDbMixin._ensure_default_security_group_handler-2039636'] for port (None), before_create {{(pid=101532) _notify_loop /opt/stack/data/venv/lib/python3.12/site-packages/neutron_lib/callbacks/manager.py:184}}
Jul 10 01:54:14.305290 np0000184940 devstack@neutron-api.service[101532]: DEBUG neutron_lib.callbacks.manager [None req-436fe6ea-c83b-473a-99ec-a1f7878af4d3 admin admin] Publish callbacks ['neutron.plugins.ml2.drivers.ovn.mech_driver.mech_driver.OVNMechanismDriver._validate_allowed_address_pairs-8335035'] for allowed_address_pair (9682ccd7-a314-486d-8706-0f55a870a9ca), before_create {{(pid=101532) _notify_loop /opt/stack/data/venv/lib/python3.12/site-packages/neutron_lib/callbacks/manager.py:184}}
Jul 10 01:54:14.306028 np0000184940 devstack@neutron-api.service[101532]: DEBUG neutron_lib.callbacks.manager [None req-436fe6ea-c83b-473a-99ec-a1f7878af4d3 admin admin] Publish callbacks [] for port (9682ccd7-a314-486d-8706-0f55a870a9ca), precommit_create {{(pid=101532) _notify_loop /opt/stack/data/venv/lib/python3.12/site-packages/neutron_lib/callbacks/manager.py:184}}
Jul 10 01:54:14.306028 np0000184940 devstack@neutron-api.service[101532]: DEBUG neutron.plugins.ml2.drivers.ovn.mech_driver.mech_driver [None req-436fe6ea-c83b-473a-99ec-a1f7878af4d3 admin admin] No provisioning block for port 9682ccd7-a314-486d-8706-0f55a870a9ca since it does not have a host {{(pid=101532) _is_port_provisioning_required /opt/stack/neutron/neutron/plugins/ml2/drivers/ovn/mech_driver/mech_driver.py:899}}
Jul 10 01:54:14.306028 np0000184940 devstack@neutron-api.service[101532]: DEBUG neutron.db.ovn_revision_numbers_db [None req-436fe6ea-c83b-473a-99ec-a1f7878af4d3 admin admin] create_initial_revision uuid=9682ccd7-a314-486d-8706-0f55a870a9ca, type=ports, rev=-1 {{(pid=101532) create_initial_revision /opt/stack/neutron/neutron/db/ovn_revision_numbers_db.py:98}}
Jul 10 01:54:14.362200 np0000184940 devstack@neutron-api.service[101532]: DEBUG neutron_lib.callbacks.manager [None req-436fe6ea-c83b-473a-99ec-a1f7878af4d3 admin admin] Publish callbacks ['neutron.plugins.ml2.ovo_rpc._ObjectChangeHandler.handle_event-6440574'] for port (9682ccd7-a314-486d-8706-0f55a870a9ca), after_create {{(pid=101532) _notify_loop /opt/stack/data/venv/lib/python3.12/site-packages/neutron_lib/callbacks/manager.py:184}}
Jul 10 01:54:14.414702 np0000184940 devstack@neutron-api.service[101532]: DEBUG neutron.api.rpc.handlers.resources_rpc [None req-436fe6ea-c83b-473a-99ec-a1f7878af4d3 admin admin] Pushing event updated for resources: {'Port': ['ID=9682ccd7-a314-486d-8706-0f55a870a9ca,revision_number=1']} {{(pid=101532) push /opt/stack/neutron/neutron/api/rpc/handlers/resources_rpc.py:237}}
Jul 10 01:54:14.455350 np0000184940 devstack@neutron-api.service[101532]: DEBUG neutron.plugins.ml2.drivers.ovn.mech_driver.ovsdb.commands [None req-436fe6ea-c83b-473a-99ec-a1f7878af4d3 admin admin] Converting tag [] to a tag_request {{(pid=101532) _tag_column_to_tag_request /opt/stack/neutron/neutron/plugins/ml2/drivers/ovn/mech_driver/ovsdb/commands.py:205}}
Jul 10 01:54:14.456245 np0000184940 devstack@neutron-api.service[101532]: DEBUG ovsdbapp.backend.ovs_idl.transaction [-] Running txn n=1 command(idx=0): AddLSwitchPortCommand(_result=None, lport=9682ccd7-a314-486d-8706-0f55a870a9ca, lswitch=neutron-65411a72-97d0-46a0-8afa-f286df7c4502, may_exist=True, network_uuid=65411a72-97d0-46a0-8afa-f286df7c4502, columns={'addresses': ['fa:16:3e:78:18:c8'], 'external_ids': {'neutron:port_name': '', 'neutron:device_id': 'ovnmeta-65411a72-97d0-46a0-8afa-f286df7c4502', 'neutron:project_id': '78290991dfe945afb69b56d829cf3ef2', 'neutron:cidrs': '', 'neutron:device_owner': 'network:distributed', 'neutron:subnet_pool_addr_scope4': '', 'neutron:subnet_pool_addr_scope6': '', 'neutron:network_name': 'neutron-65411a72-97d0-46a0-8afa-f286df7c4502', 'neutron:security_group_ids': '', 'neutron:revision_number': '1', 'neutron:vnic_type': 'normal', 'neutron:port_capabilities': '', 'neutron:mtu': '1372'}, 'parent_name': [], 'enabled': True, 'options': {}, 'type': 'localport', 'port_security': [], 'dhcpv4_options': [], 'dhcpv6_options': [], 'tag_request': []}) {{(pid=101532) do_commit /opt/stack/data/venv/lib/python3.12/site-packages/ovsdbapp/backend/ovs_idl/transaction.py:89}}
Jul 10 01:54:14.457153 np0000184940 devstack@neutron-api.service[101532]: DEBUG ovsdbapp.backend.ovs_idl.transaction [-] Running txn n=1 command(idx=1): QoSDelCommand(_result=None, switch=neutron-65411a72-97d0-46a0-8afa-f286df7c4502, conditions=[('direction', '=', 'to-lport'), ('priority', '=', 2002), ('match', '=', 'outport == "9682ccd7-a314-486d-8706-0f55a870a9ca"')], if_exists=True) {{(pid=101532) do_commit /opt/stack/data/venv/lib/python3.12/site-packages/ovsdbapp/backend/ovs_idl/transaction.py:89}}
Jul 10 01:54:14.457440 np0000184940 devstack@neutron-api.service[101532]: DEBUG ovsdbapp.backend.ovs_idl.transaction [-] Running txn n=1 command(idx=2): QoSDelCommand(_result=None, switch=neutron-65411a72-97d0-46a0-8afa-f286df7c4502, conditions=[('direction', '=', 'from-lport'), ('priority', '=', 2002), ('match', '=', 'inport == "9682ccd7-a314-486d-8706-0f55a870a9ca"')], if_exists=True) {{(pid=101532) do_commit /opt/stack/data/venv/lib/python3.12/site-packages/ovsdbapp/backend/ovs_idl/transaction.py:89}}
Jul 10 01:54:14.464008 np0000184940 devstack@neutron-api.service[101535]: DEBUG neutron.plugins.ml2.drivers.ovn.mech_driver.ovsdb.ovsdb_monitor [-] Hash Ring: Node a3fc9a028f695cfab5f73e29cf51e763 (host: np0000184940) handling event "update" for row 65411a72-97d0-46a0-8afa-f286df7c4502 (table: Logical_Switch) {{(pid=101535) notify /opt/stack/neutron/neutron/plugins/ml2/drivers/ovn/mech_driver/ovsdb/ovsdb_monitor.py:1031}}
Jul 10 01:54:14.464008 np0000184940 devstack@neutron-api.service[101535]: DEBUG neutron.plugins.ml2.drivers.ovn.mech_driver.ovsdb.ovsdb_monitor [-] Hash Ring: Node a3fc9a028f695cfab5f73e29cf51e763 (host: np0000184940) handling event "create" for row 4c4fdb5f-b08a-4379-a596-773f3b4102c8 (table: Logical_Switch_Port) {{(pid=101535) notify /opt/stack/neutron/neutron/plugins/ml2/drivers/ovn/mech_driver/ovsdb/ovsdb_monitor.py:1031}}
Jul 10 01:54:14.465157 np0000184940 devstack@neutron-api.service[101535]: DEBUG ovsdbapp.backend.ovs_idl.event [-] Matched CREATE: LogicalSwitchPortCreateEvent(events=('create',), table='Logical_Switch_Port', conditions=[], old_conditions=None), priority=20 to row=Logical_Switch_Port(uuid=4c4fdb5f-b08a-4379-a596-773f3b4102c8, addresses=['fa:16:3e:78:18:c8'], dhcpv4_options=[], dhcpv6_options=[], dynamic_addresses=[], enabled=True, external_ids={'neutron:cidrs': '', 'neutron:device_id': 'ovnmeta-65411a72-97d0-46a0-8afa-f286df7c4502', 'neutron:device_owner': 'network:distributed', 'neutron:mtu': '1372', 'neutron:network_name': 'neutron-65411a72-97d0-46a0-8afa-f286df7c4502', 'neutron:port_capabilities': '', 'neutron:port_name': '', 'neutron:project_id': '78290991dfe945afb69b56d829cf3ef2', 'neutron:revision_number': '1', 'neutron:security_group_ids': '', 'neutron:subnet_pool_addr_scope4': '', 'neutron:subnet_pool_addr_scope6': '', 'neutron:vnic_type': 'normal'}, ha_chassis_group=[], mirror_rules=[], name='9682ccd7-a314-486d-8706-0f55a870a9ca', options={}, parent_name=[], port_security=[], tag=[], tag_request=[], type='localport', up=[]) old= {{(pid=101535) matches /opt/stack/data/venv/lib/python3.12/site-packages/ovsdbapp/backend/ovs_idl/event.py:55}}
Jul 10 01:54:14.467718 np0000184940 devstack@neutron-api.service[101533]: DEBUG neutron.plugins.ml2.drivers.ovn.mech_driver.ovsdb.ovsdb_monitor [-] Hash Ring: Node eb9382197a4956a687fb839862cfd86b (host: np0000184940) handling event "create" for row 4c4fdb5f-b08a-4379-a596-773f3b4102c8 (table: Logical_Switch_Port) {{(pid=101533) notify /opt/stack/neutron/neutron/plugins/ml2/drivers/ovn/mech_driver/ovsdb/ovsdb_monitor.py:1031}}
Jul 10 01:54:14.471428 np0000184940 devstack@neutron-api.service[101535]: INFO neutron.plugins.ml2.drivers.ovn.mech_driver.mech_driver [-] OVN reports status down for port: 9682ccd7-a314-486d-8706-0f55a870a9ca
Jul 10 01:54:14.471559 np0000184940 devstack@neutron-api.service[101533]: DEBUG ovsdbapp.backend.ovs_idl.event [-] Matched CREATE: LogicalSwitchPortCreateEvent(events=('create',), table='Logical_Switch_Port', conditions=[], old_conditions=None), priority=20 to row=Logical_Switch_Port(uuid=4c4fdb5f-b08a-4379-a596-773f3b4102c8, addresses=['fa:16:3e:78:18:c8'], dhcpv4_options=[], dhcpv6_options=[], dynamic_addresses=[], enabled=True, external_ids={'neutron:cidrs': '', 'neutron:device_id': 'ovnmeta-65411a72-97d0-46a0-8afa-f286df7c4502', 'neutron:device_owner': 'network:distributed', 'neutron:mtu': '1372', 'neutron:network_name': 'neutron-65411a72-97d0-46a0-8afa-f286df7c4502', 'neutron:port_capabilities': '', 'neutron:port_name': '', 'neutron:project_id': '78290991dfe945afb69b56d829cf3ef2', 'neutron:revision_number': '1', 'neutron:security_group_ids': '', 'neutron:subnet_pool_addr_scope4': '', 'neutron:subnet_pool_addr_scope6': '', 'neutron:vnic_type': 'normal'}, ha_chassis_group=[], mirror_rules=[], name='9682ccd7-a314-486d-8706-0f55a870a9ca', options={}, parent_name=[], port_security=[], tag=[], tag_request=[], type='localport', up=[]) old= {{(pid=101533) matches /opt/stack/data/venv/lib/python3.12/site-packages/ovsdbapp/backend/ovs_idl/event.py:55}}
Jul 10 01:54:14.471714 np0000184940 devstack@neutron-api.service[101535]: DEBUG neutron.plugins.ml2.drivers.ovn.mech_driver.ovsdb.ovsdb_monitor [-] Hash Ring: Node a3fc9a028f695cfab5f73e29cf51e763 (host: np0000184940) handling event "update" for row 4c4fdb5f-b08a-4379-a596-773f3b4102c8 (table: Logical_Switch_Port) {{(pid=101535) notify /opt/stack/neutron/neutron/plugins/ml2/drivers/ovn/mech_driver/ovsdb/ovsdb_monitor.py:1031}}
Jul 10 01:54:14.473160 np0000184940 devstack@neutron-api.service[101533]: INFO neutron.plugins.ml2.drivers.ovn.mech_driver.mech_driver [-] OVN reports status down for port: 9682ccd7-a314-486d-8706-0f55a870a9ca
Jul 10 01:54:14.474192 np0000184940 devstack@neutron-api.service[101533]: DEBUG neutron.plugins.ml2.drivers.ovn.mech_driver.ovsdb.ovsdb_monitor [-] Hash Ring: Node eb9382197a4956a687fb839862cfd86b (host: np0000184940) handling event "update" for row 4c4fdb5f-b08a-4379-a596-773f3b4102c8 (table: Logical_Switch_Port) {{(pid=101533) notify /opt/stack/neutron/neutron/plugins/ml2/drivers/ovn/mech_driver/ovsdb/ovsdb_monitor.py:1031}}
Jul 10 01:54:14.474480 np0000184940 devstack@neutron-api.service[101535]: DEBUG neutron.plugins.ml2.drivers.ovn.mech_driver.ovsdb.ovsdb_monitor [-] Hash Ring: Node a3fc9a028f695cfab5f73e29cf51e763 (host: np0000184940) handling event "create" for row 37946be1-7488-4394-8eb9-a4ba68bb3fd9 (table: Port_Binding) {{(pid=101535) notify /opt/stack/neutron/neutron/plugins/ml2/drivers/ovn/mech_driver/ovsdb/ovsdb_monitor.py:1031}}
Jul 10 01:54:14.514848 np0000184940 devstack@neutron-api.service[101532]: INFO neutron.db.ovn_revision_numbers_db [None req-436fe6ea-c83b-473a-99ec-a1f7878af4d3 admin admin] Successfully bumped revision number for resource 9682ccd7-a314-486d-8706-0f55a870a9ca (type: ports) to 1
Jul 10 01:54:14.523612 np0000184940 devstack@neutron-api.service[101532]: DEBUG neutron.pecan_wsgi.hooks.policy_enforcement [None req-436fe6ea-c83b-473a-99ec-a1f7878af4d3 admin admin] Attributes excluded by policy engine: ['standard_attr_id'] {{(pid=101532) _exclude_attributes_by_policy /opt/stack/neutron/neutron/pecan_wsgi/hooks/policy_enforcement.py:259}}
Jul 10 01:54:14.523858 np0000184940 devstack@neutron-api.service[101532]: DEBUG neutron_lib.callbacks.manager [None req-436fe6ea-c83b-473a-99ec-a1f7878af4d3 admin admin] Publish callbacks [] for network (None), before_response {{(pid=101532) _notify_loop /opt/stack/data/venv/lib/python3.12/site-packages/neutron_lib/callbacks/manager.py:184}}
Jul 10 01:54:14.539488 np0000184940 devstack@neutron-api.service[101532]: [pid: 101532|app: 0|req: 1/5] 199.204.45.38 () {68 vars in 1350 bytes} [Fri Jul 10 01:54:13 2026] POST /networking/v2.0/networks => generated 680 bytes in 1502 msecs (HTTP/1.1 201) 4 headers in 162 bytes (1 switches on core 0)
Jul 10 01:54:14.539620 np0000184940 devstack@neutron-api.service[101535]: DEBUG neutron.db.provisioning_blocks [None req-40a10062-66fd-494e-96a8-fb7ea8ddca27 None None] Transition to ACTIVE for port object 9682ccd7-a314-486d-8706-0f55a870a9ca will not be triggered until provisioned by entity L2. {{(pid=101535) add_provisioning_component /opt/stack/neutron/neutron/db/provisioning_blocks.py:74}}
Jul 10 01:54:14.554699 np0000184940 devstack@neutron-api.service[101533]: DEBUG neutron_lib.db.api [None req-62be0776-9940-464c-93e8-cde0dfd394dc None None] Retry wrapper got retriable exception: Failed to create a duplicate ProvisioningBlock: for attribute(s) ['provisioningblocks.PRIMARY'] with value(s) 14-L2 {{(pid=101533) wrapped /opt/stack/data/venv/lib/python3.12/site-packages/neutron_lib/db/api.py:185}}
