Sep 08 00:52:10.095152 np0000192191 devstack@n-api.service[99077]: INFO nova.api.openstack.requestlog [None req-b5db9a0e-c040-421b-b152-b802a866499d demo demo] 162.253.55.19 "GET /compute/v2.1/flavors/detail?is_public=None" status: 200 len: 5240 microversion: 2.61 time: 0.037202
Sep 08 00:52:10.095651 np0000192191 devstack@n-api.service[99077]: [pid: 99077|app: 0|req: 18/71] 162.253.55.19 () {68 vars in 1417 bytes} [Tue Sep 8 00:52:10 2026] GET /compute/v2.1/flavors/detail?is_public=None => generated 5240 bytes in 38 msecs (HTTP/1.1 200) 9 headers in 360 bytes (1 switches on core 0)
Sep 08 00:52:10.150289 np0000192191 devstack@n-api.service[99078]: DEBUG nova.api.openstack.wsgi [None req-b38c515c-f2c8-4250-bb39-93d9011638b4 demo demo] Calling method '>' {{(pid=99078) _process_stack /opt/stack/nova/nova/api/openstack/wsgi.py:551}}
Sep 08 00:52:10.187331 np0000192191 devstack@n-api.service[99078]: INFO nova.api.openstack.requestlog [None req-b38c515c-f2c8-4250-bb39-93d9011638b4 demo demo] 162.253.55.19 "GET /compute/v2.1/flavors/detail?is_public=None" status: 200 len: 5240 microversion: 2.61 time: 0.041001
Sep 08 00:52:10.188262 np0000192191 devstack@n-api.service[99078]: [pid: 99078|app: 0|req: 19/72] 162.253.55.19 () {68 vars in 1417 bytes} [Tue Sep 8 00:52:10 2026] GET /compute/v2.1/flavors/detail?is_public=None => generated 5240 bytes in 43 msecs (HTTP/1.1 200) 9 headers in 360 bytes (1 switches on core 0)
Sep 08 00:52:10.336819 np0000192191 devstack@n-api.service[99076]: DEBUG nova.api.openstack.wsgi [None req-d302ce7e-cc60-4627-877b-3a04690ee89d admin admin] Calling method '>' {{(pid=99076) _process_stack /opt/stack/nova/nova/api/openstack/wsgi.py:551}}
Sep 08 00:52:10.342275 np0000192191 devstack@n-api.service[99076]: INFO nova.api.openstack.requestlog [None req-d302ce7e-cc60-4627-877b-3a04690ee89d admin admin] 162.253.55.19 "GET /compute/v2.1" status: 200 len: 392 microversion: 2.1 time: 0.005842
Sep 08 00:52:10.342614 np0000192191 devstack@n-api.service[99076]: [pid: 99076|app: 0|req: 18/73] 162.253.55.19 () {62 vars in 1056 bytes} [Tue Sep 8 00:52:10 2026] GET /compute/v2.1 => generated 392 bytes in 7 msecs (HTTP/1.1 200) 9 headers in 357 bytes (1 switches on core 0)
Sep 08 00:52:10.374587 np0000192191 devstack@n-api.service[99075]: DEBUG nova.api.openstack.wsgi [None req-2021366d-03bf-450b-8c67-6089679c7b71 admin admin] Calling method '>' {{(pid=99075) _process_stack /opt/stack/nova/nova/api/openstack/wsgi.py:551}}
Sep 08 00:52:10.377042 np0000192191 devstack@n-api.service[99075]: INFO nova.api.openstack.requestlog [None req-2021366d-03bf-450b-8c67-6089679c7b71 admin admin] 162.253.55.19 "GET /compute/v2.1/" status: 200 len: 392 microversion: 2.1 time: 0.002681
Sep 08 00:52:10.377196 np0000192191 devstack@n-api.service[99075]: [pid: 99075|app: 0|req: 19/74] 162.253.55.19 () {62 vars in 1059 bytes} [Tue Sep 8 00:52:10 2026] GET /compute/v2.1/ => generated 392 bytes in 3 msecs (HTTP/1.1 200) 9 headers in 357 bytes (2 switches on core 0)
Sep 08 00:52:10.412175 np0000192191 devstack@n-api.service[99077]: DEBUG nova.api.openstack.wsgi [None req-777b0bd3-3d50-4615-8f69-02acb819da35 demo demo] Calling method '>' {{(pid=99077) _process_stack /opt/stack/nova/nova/api/openstack/wsgi.py:551}}
Sep 08 00:52:10.445672 np0000192191 devstack@n-api.service[99077]: INFO nova.api.openstack.requestlog [None req-777b0bd3-3d50-4615-8f69-02acb819da35 demo demo] 162.253.55.19 "GET /compute/v2.1/flavors/detail?is_public=None" status: 200 len: 5240 microversion: 2.61 time: 0.036938
Sep 08 00:52:10.446161 np0000192191 devstack@n-api.service[99077]: [pid: 99077|app: 0|req: 19/75] 162.253.55.19 () {68 vars in 1417 bytes} [Tue Sep 8 00:52:10 2026] GET /compute/v2.1/flavors/detail?is_public=None => generated 5240 bytes in 38 msecs (HTTP/1.1 200) 9 headers in 360 bytes (1 switches on core 0)
Sep 08 00:52:10.499356 np0000192191 devstack@n-api.service[99078]: DEBUG nova.api.openstack.wsgi [None req-a536b762-422f-4951-a5ca-6de630332204 demo demo] Calling method '>' {{(pid=99078) _process_stack /opt/stack/nova/nova/api/openstack/wsgi.py:551}}
Sep 08 00:52:10.535034 np0000192191 devstack@n-api.service[99078]: INFO nova.api.openstack.requestlog [None req-a536b762-422f-4951-a5ca-6de630332204 demo demo] 162.253.55.19 "GET /compute/v2.1/flavors/detail?is_public=None" status: 200 len: 5240 microversion: 2.61 time: 0.038643
Sep 08 00:52:10.535432 np0000192191 devstack@n-api.service[99078]: [pid: 99078|app: 0|req: 20/76] 162.253.55.19 () {68 vars in 1417 bytes} [Tue Sep 8 00:52:10 2026] GET /compute/v2.1/flavors/detail?is_public=None => generated 5240 bytes in 40 msecs (HTTP/1.1 200) 9 headers in 360 bytes (1 switches on core 0)
Sep 08 00:52:15.286236 np0000192191 devstack@n-api.service[99076]: DEBUG nova.api.openstack.wsgi [None req-d302ce7e-cc60-4627-877b-3a04690ee89d admin admin] Calling method '>' {{(pid=99076) _process_stack /opt/stack/nova/nova/api/openstack/wsgi.py:551}}
Sep 08 00:52:15.291640 np0000192191 devstack@n-api.service[99076]: INFO nova.api.openstack.requestlog [None req-d302ce7e-cc60-4627-877b-3a04690ee89d admin admin] 162.253.55.19 "GET /compute/v2.1" status: 200 len: 392 microversion: 2.1 time: 0.005801
Sep 08 00:52:15.292021 np0000192191 devstack@n-api.service[99076]: [pid: 99076|app: 0|req: 19/77] 162.253.55.19 () {62 vars in 1067 bytes} [Tue Sep 8 00:52:15 2026] GET /compute/v2.1 => generated 392 bytes in 7 msecs (HTTP/1.1 200) 9 headers in 357 bytes (1 switches on core 0)
Sep 08 00:52:15.324854 np0000192191 devstack@n-api.service[99075]: DEBUG nova.api.openstack.wsgi [None req-2021366d-03bf-450b-8c67-6089679c7b71 admin admin] Calling method '>' {{(pid=99075) _process_stack /opt/stack/nova/nova/api/openstack/wsgi.py:551}}
Sep 08 00:52:15.330077 np0000192191 devstack@n-api.service[99075]: INFO nova.api.openstack.requestlog [None req-2021366d-03bf-450b-8c67-6089679c7b71 admin admin] 162.253.55.19 "GET /compute/v2.1/" status: 200 len: 392 microversion: 2.1 time: 0.005705
Sep 08 00:52:15.330422 np0000192191 devstack@n-api.service[99075]: [pid: 99075|app: 0|req: 20/78] 162.253.55.19 () {62 vars in 1070 bytes} [Tue Sep 8 00:52:15 2026] GET /compute/v2.1/ => generated 392 bytes in 6 msecs (HTTP/1.1 200) 9 headers in 357 bytes (1 switches on core 0)
Sep 08 00:52:15.365008 np0000192191 devstack@n-api.service[99077]: DEBUG nova.api.openstack.wsgi [None req-96f4f544-87a6-4bac-9230-f420afe70104 demo demo] Calling method '>' {{(pid=99077) _process_stack /opt/stack/nova/nova/api/openstack/wsgi.py:551}}
Sep 08 00:52:15.408789 np0000192191 devstack@n-api.service[99077]: INFO nova.api.openstack.requestlog [None req-96f4f544-87a6-4bac-9230-f420afe70104 demo demo] 162.253.55.19 "GET /compute/v2.1/os-server-groups" status: 200 len: 21 microversion: 2.64 time: 0.046965
Sep 08 00:52:15.409341 np0000192191 devstack@n-api.service[99077]: [pid: 99077|app: 0|req: 20/79] 162.253.55.19 () {68 vars in 1405 bytes} [Tue Sep 8 00:52:15 2026] GET /compute/v2.1/os-server-groups => generated 21 bytes in 48 msecs (HTTP/1.1 200) 9 headers in 358 bytes (1 switches on core 0)
Sep 08 00:52:15.454736 np0000192191 devstack@n-api.service[99078]: DEBUG nova.api.openstack.wsgi [None req-a536b762-422f-4951-a5ca-6de630332204 demo demo] Calling method '>' {{(pid=99078) _process_stack /opt/stack/nova/nova/api/openstack/wsgi.py:551}}
Sep 08 00:52:15.460161 np0000192191 devstack@n-api.service[99078]: INFO nova.api.openstack.requestlog [None req-a536b762-422f-4951-a5ca-6de630332204 demo demo] 162.253.55.19 "GET /compute/v2.1" status: 200 len: 392 microversion: 2.1 time: 0.005820
Sep 08 00:52:15.460513 np0000192191 devstack@n-api.service[99078]: [pid: 99078|app: 0|req: 21/80] 162.253.55.19 () {62 vars in 1067 bytes} [Tue Sep 8 00:52:15 2026] GET /compute/v2.1 => generated 392 bytes in 7 msecs (HTTP/1.1 200) 9 headers in 357 bytes (1 switches on core 0)
Sep 08 00:52:15.504352 np0000192191 devstack@n-api.service[99076]: DEBUG nova.api.openstack.wsgi [None req-d302ce7e-cc60-4627-877b-3a04690ee89d admin admin] Calling method '>' {{(pid=99076) _process_stack /opt/stack/nova/nova/api/openstack/wsgi.py:551}}
Sep 08 00:52:15.511907 np0000192191 devstack@n-api.service[99076]: INFO nova.api.openstack.requestlog [None req-d302ce7e-cc60-4627-877b-3a04690ee89d admin admin] 162.253.55.19 "GET /compute/v2.1/" status: 200 len: 392 microversion: 2.1 time: 0.008175
Sep 08 00:52:15.512334 np0000192191 devstack@n-api.service[99076]: [pid: 99076|app: 0|req: 20/81] 162.253.55.19 () {62 vars in 1070 bytes} [Tue Sep 8 00:52:15 2026] GET /compute/v2.1/ => generated 392 bytes in 9 msecs (HTTP/1.1 200) 9 headers in 357 bytes (1 switches on core 0)
Sep 08 00:52:15.552257 np0000192191 devstack@n-api.service[99075]: DEBUG nova.api.openstack.wsgi [None req-7d1d5b67-f05d-48c2-a143-02106099b23d demo demo] Action: 'create', calling method: >, body: {"server_group": {"name": "kube-ssp4m", "policy": "soft-anti-affinity"}} {{(pid=99075) _process_stack /opt/stack/nova/nova/api/openstack/wsgi.py:549}}
Sep 08 00:52:15.587811 np0000192191 devstack@n-api.service[99075]: DEBUG nova.quota [None req-7d1d5b67-f05d-48c2-a143-02106099b23d demo demo] Getting quotas for project d20f94aea9044cd199c3f4985574f609. Resources: {'server_groups'} {{(pid=99075) _get_quotas /opt/stack/nova/nova/quota.py:389}}
Sep 08 00:52:15.594924 np0000192191 devstack@n-api.service[99075]: DEBUG nova.quota [None req-7d1d5b67-f05d-48c2-a143-02106099b23d demo demo] Getting quotas for user 716facfcbc724904be77d8933b59f978 and project d20f94aea9044cd199c3f4985574f609. Resources: {'server_groups'} {{(pid=99075) _get_quotas /opt/stack/nova/nova/quota.py:379}}
Sep 08 00:52:15.656806 np0000192191 devstack@n-api.service[99075]: DEBUG nova.quota [None req-7d1d5b67-f05d-48c2-a143-02106099b23d demo demo] Getting quotas for project d20f94aea9044cd199c3f4985574f609. Resources: {'server_groups'} {{(pid=99075) _get_quotas /opt/stack/nova/nova/quota.py:389}}
Sep 08 00:52:15.658876 np0000192191 devstack@n-api.service[99075]: DEBUG nova.quota [None req-7d1d5b67-f05d-48c2-a143-02106099b23d demo demo] Getting quotas for user 716facfcbc724904be77d8933b59f978 and project d20f94aea9044cd199c3f4985574f609. Resources: {'server_groups'} {{(pid=99075) _get_quotas /opt/stack/nova/nova/quota.py:379}}
Sep 08 00:52:15.670548 np0000192191 devstack@n-api.service[99075]: INFO nova.api.openstack.requestlog [None req-7d1d5b67-f05d-48c2-a143-02106099b23d demo demo] 162.253.55.19 "POST /compute/v2.1/os-server-groups" status: 200 len: 243 microversion: 2.64 time: 0.122272
Sep 08 00:52:15.671104 np0000192191 devstack@n-api.service[99075]: [pid: 99075|app: 0|req: 21/82] 162.253.55.19 () {72 vars in 1445 bytes} [Tue Sep 8 00:52:15 2026] POST /compute/v2.1/os-server-groups => generated 243 bytes in 123 msecs (HTTP/1.1 200) 9 headers in 359 bytes (1 switches on core 0)
Sep 08 00:52:15.743253 np0000192191 devstack@n-api.service[99077]: DEBUG nova.api.openstack.wsgi [None req-96f4f544-87a6-4bac-9230-f420afe70104 demo demo] Calling method '>' {{(pid=99077) _process_stack /opt/stack/nova/nova/api/openstack/wsgi.py:551}}
Sep 08 00:52:15.750364 np0000192191 devstack@n-api.service[99077]: INFO nova.api.openstack.requestlog [None req-96f4f544-87a6-4bac-9230-f420afe70104 demo demo] 162.253.55.19 "GET /compute/v2.1" status: 200 len: 392 microversion: 2.1 time: 0.007689
Sep 08 00:52:15.750794 np0000192191 devstack@n-api.service[99077]: [pid: 99077|app: 0|req: 21/83] 162.253.55.19 () {62 vars in 1067 bytes} [Tue Sep 8 00:52:15 2026] GET /compute/v2.1 => generated 392 bytes in 9 msecs (HTTP/1.1 200) 9 headers in 357 bytes (1 switches on core 0)
Sep 08 00:52:15.793066 np0000192191 devstack@n-api.service[99078]: DEBUG nova.api.openstack.wsgi [None req-a536b762-422f-4951-a5ca-6de630332204 demo demo] Calling method '>' {{(pid=99078) _process_stack /opt/stack/nova/nova/api/openstack/wsgi.py:551}}
Sep 08 00:52:15.798544 np0000192191 devstack@n-api.service[99078]: INFO nova.api.openstack.requestlog [None req-a536b762-422f-4951-a5ca-6de630332204 demo demo] 162.253.55.19 "GET /compute/v2.1/" status: 200 len: 392 microversion: 2.1 time: 0.005838
Sep 08 00:52:15.798980 np0000192191 devstack@n-api.service[99078]: [pid: 99078|app: 0|req: 22/84] 162.253.55.19 () {62 vars in 1070 bytes} [Tue Sep 8 00:52:15 2026] GET /compute/v2.1/ => generated 392 bytes in 7 msecs (HTTP/1.1 200) 9 headers in 357 bytes (1 switches on core 0)
Sep 08 00:52:15.836490 np0000192191 devstack@n-api.service[99076]: DEBUG nova.api.openstack.wsgi [None req-55c9875e-c860-4c40-bd46-5c2348d3c5e3 demo demo] Calling method '>' {{(pid=99076) _process_stack /opt/stack/nova/nova/api/openstack/wsgi.py:551}}
Sep 08 00:52:15.876159 np0000192191 devstack@n-api.service[99076]: INFO nova.api.openstack.requestlog [None req-55c9875e-c860-4c40-bd46-5c2348d3c5e3 demo demo] 162.253.55.19 "GET /compute/v2.1/os-server-groups" status: 200 len: 246 microversion: 2.64 time: 0.043684
Sep 08 00:52:15.876501 np0000192191 devstack@n-api.service[99076]: [pid: 99076|app: 0|req: 21/85] 162.253.55.19 () {68 vars in 1405 bytes} [Tue Sep 8 00:52:15 2026] GET /compute/v2.1/os-server-groups => generated 246 bytes in 45 msecs (HTTP/1.1 200) 9 headers in 359 bytes (1 switches on core 0)
Sep 08 00:52:15.919054 np0000192191 devstack@n-api.service[99075]: DEBUG nova.api.openstack.wsgi [None req-7d1d5b67-f05d-48c2-a143-02106099b23d demo demo] Calling method '>' {{(pid=99075) _process_stack /opt/stack/nova/nova/api/openstack/wsgi.py:551}}
Sep 08 00:52:15.924840 np0000192191 devstack@n-api.service[99075]: INFO nova.api.openstack.requestlog [None req-7d1d5b67-f05d-48c2-a143-02106099b23d demo demo] 162.253.55.19 "GET /compute/v2.1" status: 200 len: 392 microversion: 2.1 time: 0.006258
Sep 08 00:52:15.925293 np0000192191 devstack@n-api.service[99075]: [pid: 99075|app: 0|req: 22/86] 162.253.55.19 () {62 vars in 1067 bytes} [Tue Sep 8 00:52:15 2026] GET /compute/v2.1 => generated 392 bytes in 7 msecs (HTTP/1.1 200) 9 headers in 357 bytes (1 switches on core 0)
Sep 08 00:52:15.963230 np0000192191 devstack@n-api.service[99077]: DEBUG nova.api.openstack.wsgi [None req-96f4f544-87a6-4bac-9230-f420afe70104 demo demo] Calling method '>' {{(pid=99077) _process_stack /opt/stack/nova/nova/api/openstack/wsgi.py:551}}
Sep 08 00:52:15.969413 np0000192191 devstack@n-api.service[99077]: INFO nova.api.openstack.requestlog [None req-96f4f544-87a6-4bac-9230-f420afe70104 demo demo] 162.253.55.19 "GET /compute/v2.1/" status: 200 len: 392 microversion: 2.1 time: 0.006595
Sep 08 00:52:15.969804 np0000192191 devstack@n-api.service[99077]: [pid: 99077|app: 0|req: 22/87] 162.253.55.19 () {62 vars in 1070 bytes} [Tue Sep 8 00:52:15 2026] GET /compute/v2.1/ => generated 392 bytes in 7 msecs (HTTP/1.1 200) 9 headers in 357 bytes (1 switches on core 0)
Sep 08 00:52:16.003026 np0000192191 devstack@n-api.service[99078]: DEBUG nova.api.openstack.wsgi [None req-bc1e53c2-b1a2-4ec1-bdff-255cc35f334a demo demo] Action: 'create', calling method: >, body: {"server_group": {"name": "kube-ssp4m-default-worker", "policy": "soft-anti-affinity"}} {{(pid=99078) _process_stack /opt/stack/nova/nova/api/openstack/wsgi.py:549}}
Sep 08 00:52:16.030195 np0000192191 devstack@n-api.service[99078]: DEBUG nova.quota [None req-bc1e53c2-b1a2-4ec1-bdff-255cc35f334a demo demo] Getting quotas for project d20f94aea9044cd199c3f4985574f609. Resources: {'server_groups'} {{(pid=99078) _get_quotas /opt/stack/nova/nova/quota.py:389}}
Sep 08 00:52:16.037173 np0000192191 devstack@n-api.service[99078]: DEBUG nova.quota [None req-bc1e53c2-b1a2-4ec1-bdff-255cc35f334a demo demo] Getting quotas for user 716facfcbc724904be77d8933b59f978 and project d20f94aea9044cd199c3f4985574f609. Resources: {'server_groups'} {{(pid=99078) _get_quotas /opt/stack/nova/nova/quota.py:379}}
Sep 08 00:52:16.114494 np0000192191 devstack@n-api.service[99078]: DEBUG nova.quota [None req-bc1e53c2-b1a2-4ec1-bdff-255cc35f334a demo demo] Getting quotas for project d20f94aea9044cd199c3f4985574f609. Resources: {'server_groups'} {{(pid=99078) _get_quotas /opt/stack/nova/nova/quota.py:389}}
Sep 08 00:52:16.117698 np0000192191 devstack@n-api.service[99078]: DEBUG nova.quota [None req-bc1e53c2-b1a2-4ec1-bdff-255cc35f334a demo demo] Getting quotas for user 716facfcbc724904be77d8933b59f978 and project d20f94aea9044cd199c3f4985574f609. Resources: {'server_groups'} {{(pid=99078) _get_quotas /opt/stack/nova/nova/quota.py:379}}
Sep 08 00:52:16.128323 np0000192191 devstack@n-api.service[99078]: INFO nova.api.openstack.requestlog [None req-bc1e53c2-b1a2-4ec1-bdff-255cc35f334a demo demo] 162.253.55.19 "POST /compute/v2.1/os-server-groups" status: 200 len: 258 microversion: 2.64 time: 0.127216
Sep 08 00:52:16.128621 np0000192191 devstack@n-api.service[99078]: [pid: 99078|app: 0|req: 23/88] 162.253.55.19 () {72 vars in 1445 bytes} [Tue Sep 8 00:52:16 2026] POST /compute/v2.1/os-server-groups => generated 258 bytes in 128 msecs (HTTP/1.1 200) 9 headers in 359 bytes (1 switches on core 0)
Sep 08 00:52:19.666867 np0000192191 devstack@n-api.service[99076]: DEBUG nova.api.openstack.wsgi [None req-55c9875e-c860-4c40-bd46-5c2348d3c5e3 demo demo] Calling method '>' {{(pid=99076) _process_stack /opt/stack/nova/nova/api/openstack/wsgi.py:551}}
Sep 08 00:52:19.674625 np0000192191 devstack@n-api.service[99076]: INFO nova.api.openstack.requestlog [None req-55c9875e-c860-4c40-bd46-5c2348d3c5e3 demo demo] 162.253.55.19 "GET /compute/v2.1" status: 200 len: 392 microversion: 2.1 time: 0.008467
Sep 08 00:52:19.675070 np0000192191 devstack@n-api.service[99076]: [pid: 99076|app: 0|req: 22/89] 162.253.55.19 () {62 vars in 1067 bytes} [Tue Sep 8 00:52:19 2026] GET /compute/v2.1 => generated 392 bytes in 10 msecs (HTTP/1.1 200) 9 headers in 357 bytes (1 switches on core 0)
Sep 08 00:52:19.706408 np0000192191 devstack@n-api.service[99075]: DEBUG nova.api.openstack.wsgi [None req-7d1d5b67-f05d-48c2-a143-02106099b23d demo demo] Calling method '>' {{(pid=99075) _process_stack /opt/stack/nova/nova/api/openstack/wsgi.py:551}}
Sep 08 00:52:19.712546 np0000192191 devstack@n-api.service[99075]: INFO nova.api.openstack.requestlog [None req-7d1d5b67-f05d-48c2-a143-02106099b23d demo demo] 162.253.55.19 "GET /compute/v2.1/" status: 200 len: 392 microversion: 2.1 time: 0.006331
Sep 08 00:52:19.713034 np0000192191 devstack@n-api.service[99075]: [pid: 99075|app: 0|req: 23/90] 162.253.55.19 () {62 vars in 1070 bytes} [Tue Sep 8 00:52:19 2026] GET /compute/v2.1/ => generated 392 bytes in 7 msecs (HTTP/1.1 200) 9 headers in 357 bytes (1 switches on core 0)
Sep 08 00:52:19.747422 np0000192191 devstack@n-api.service[99077]: DEBUG nova.api.openstack.wsgi [None req-dd74fc48-2bda-42ae-98d3-36aa6c753f04 demo demo] Calling method '>' {{(pid=99077) _process_stack /opt/stack/nova/nova/api/openstack/wsgi.py:551}}
Sep 08 00:52:19.781326 np0000192191 devstack@n-api.service[99077]: INFO nova.api.openstack.requestlog [None req-dd74fc48-2bda-42ae-98d3-36aa6c753f04 demo demo] 162.253.55.19 "GET /compute/v2.1/flavors/detail?is_public=None" status: 200 len: 5240 microversion: 2.61 time: 0.037841
Sep 08 00:52:19.781863 np0000192191 devstack@n-api.service[99077]: [pid: 99077|app: 0|req: 23/91] 162.253.55.19 () {68 vars in 1428 bytes} [Tue Sep 8 00:52:19 2026] GET /compute/v2.1/flavors/detail?is_public=None => generated 5240 bytes in 39 msecs (HTTP/1.1 200) 9 headers in 360 bytes (1 switches on core 0)
Sep 08 00:52:19.826610 np0000192191 devstack@n-api.service[99078]: DEBUG nova.api.openstack.wsgi [None req-7208bb46-d2a8-4567-86f3-87238f4e463c demo demo] Calling method '>' {{(pid=99078) _process_stack /opt/stack/nova/nova/api/openstack/wsgi.py:551}}
Sep 08 00:52:19.866435 np0000192191 devstack@n-api.service[99078]: INFO nova.api.openstack.requestlog [None req-7208bb46-d2a8-4567-86f3-87238f4e463c demo demo] 162.253.55.19 "GET /compute/v2.1/flavors/detail?is_public=None" status: 200 len: 5240 microversion: 2.61 time: 0.043717
Sep 08 00:52:19.867002 np0000192191 devstack@n-api.service[99078]: [pid: 99078|app: 0|req: 24/92] 162.253.55.19 () {68 vars in 1428 bytes} [Tue Sep 8 00:52:19 2026] GET /compute/v2.1/flavors/detail?is_public=None => generated 5240 bytes in 45 msecs (HTTP/1.1 200) 9 headers in 360 bytes (1 switches on core 0)
Sep 08 00:52:20.028055 np0000192191 devstack@n-api.service[99076]: DEBUG nova.api.openstack.wsgi [None req-55c9875e-c860-4c40-bd46-5c2348d3c5e3 demo demo] Calling method '>' {{(pid=99076) _process_stack /opt/stack/nova/nova/api/openstack/wsgi.py:551}}
Sep 08 00:52:20.034748 np0000192191 devstack@n-api.service[99076]: INFO nova.api.openstack.requestlog [None req-55c9875e-c860-4c40-bd46-5c2348d3c5e3 demo demo] 162.253.55.19 "GET /compute/v2.1" status: 200 len: 392 microversion: 2.1 time: 0.007023
Sep 08 00:52:20.035171 np0000192191 devstack@n-api.service[99076]: [pid: 99076|app: 0|req: 23/93] 162.253.55.19 () {62 vars in 1067 bytes} [Tue Sep 8 00:52:20 2026] GET /compute/v2.1 => generated 392 bytes in 8 msecs (HTTP/1.1 200) 9 headers in 357 bytes (1 switches on core 0)
Sep 08 00:52:20.068295 np0000192191 devstack@n-api.service[99075]: DEBUG nova.api.openstack.wsgi [None req-7d1d5b67-f05d-48c2-a143-02106099b23d demo demo] Calling method '>' {{(pid=99075) _process_stack /opt/stack/nova/nova/api/openstack/wsgi.py:551}}
Sep 08 00:52:20.073626 np0000192191 devstack@n-api.service[99075]: INFO nova.api.openstack.requestlog [None req-7d1d5b67-f05d-48c2-a143-02106099b23d demo demo] 162.253.55.19 "GET /compute/v2.1/" status: 200 len: 392 microversion: 2.1 time: 0.005631
Sep 08 00:52:20.074034 np0000192191 devstack@n-api.service[99075]: [pid: 99075|app: 0|req: 24/94] 162.253.55.19 () {62 vars in 1070 bytes} [Tue Sep 8 00:52:20 2026] GET /compute/v2.1/ => generated 392 bytes in 6 msecs (HTTP/1.1 200) 9 headers in 357 bytes (1 switches on core 0)
Sep 08 00:52:20.108527 np0000192191 devstack@n-api.service[99077]: DEBUG nova.api.openstack.wsgi [None req-eb1fc8f3-3474-4349-bc00-bee00ca51a8a demo demo] Calling method '>' {{(pid=99077) _process_stack /opt/stack/nova/nova/api/openstack/wsgi.py:551}}
Sep 08 00:52:20.141638 np0000192191 devstack@n-api.service[99077]: INFO nova.api.openstack.requestlog [None req-eb1fc8f3-3474-4349-bc00-bee00ca51a8a demo demo] 162.253.55.19 "GET /compute/v2.1/flavors/detail?is_public=None" status: 200 len: 5240 microversion: 2.61 time: 0.036333
Sep 08 00:52:20.142204 np0000192191 devstack@n-api.service[99077]: [pid: 99077|app: 0|req: 24/95] 162.253.55.19 () {68 vars in 1428 bytes} [Tue Sep 8 00:52:20 2026] GET /compute/v2.1/flavors/detail?is_public=None => generated 5240 bytes in 38 msecs (HTTP/1.1 200) 9 headers in 360 bytes (1 switches on core 0)
Sep 08 00:52:25.663701 np0000192191 devstack@n-api.service[99075]: DEBUG dbcounter [-] [99075] Writing DB stats nova_cell0:SELECT=4 {{(pid=99075) stat_writer /opt/stack/data/venv/lib/python3.12/site-packages/dbcounter.py:115}}
Sep 08 00:52:25.665979 np0000192191 devstack@n-api.service[99075]: DEBUG dbcounter [-] [99075] Writing DB stats nova_api:SELECT=14,nova_api:INSERT=2 {{(pid=99075) stat_writer /opt/stack/data/venv/lib/python3.12/site-packages/dbcounter.py:115}}
Sep 08 00:52:25.872688 np0000192191 devstack@n-api.service[99076]: DEBUG dbcounter [-] [99076] Writing DB stats nova_api:SELECT=2 {{(pid=99076) stat_writer /opt/stack/data/venv/lib/python3.12/site-packages/dbcounter.py:115}}
Sep 08 00:52:26.122628 np0000192191 devstack@n-api.service[99078]: DEBUG dbcounter [-] [99078] Writing DB stats nova_cell0:SELECT=4 {{(pid=99078) stat_writer /opt/stack/data/venv/lib/python3.12/site-packages/dbcounter.py:115}}
Sep 08 00:52:29.834879 np0000192191 devstack@n-api.service[99078]: DEBUG dbcounter [-] [99078] Writing DB stats nova_api:SELECT=19,nova_api:INSERT=2 {{(pid=99078) stat_writer /opt/stack/data/venv/lib/python3.12/site-packages/dbcounter.py:115}}
Sep 08 00:52:30.115857 np0000192191 devstack@n-api.service[99077]: DEBUG dbcounter [-] [99077] Writing DB stats nova_api:SELECT=8 {{(pid=99077) stat_writer /opt/stack/data/venv/lib/python3.12/site-packages/dbcounter.py:115}}
Sep 08 00:52:44.949747 np0000192191 devstack@n-api.service[99078]: DEBUG nova.api.openstack.wsgi [None req-7208bb46-d2a8-4567-86f3-87238f4e463c demo demo] Calling method '>' {{(pid=99078) _process_stack /opt/stack/nova/nova/api/openstack/wsgi.py:551}}
Sep 08 00:52:44.954431 np0000192191 devstack@n-api.service[99078]: INFO nova.api.openstack.requestlog [None req-7208bb46-d2a8-4567-86f3-87238f4e463c demo demo] 172.18.0.2 "GET /compute/v2.1/" status: 200 len: 392 microversion: 2.1 time: 0.006582
Sep 08 00:52:44.955018 np0000192191 devstack@n-api.service[99078]: [pid: 99078|app: 0|req: 25/96] 162.253.55.19 () {64 vars in 1266 bytes} [Tue Sep 8 00:52:44 2026] GET /compute/v2.1/ => generated 392 bytes in 8 msecs (HTTP/1.1 200) 9 headers in 357 bytes (1 switches on core 0)
Sep 08 00:52:44.965681 np0000192191 devstack@n-api.service[99076]: DEBUG nova.api.openstack.wsgi [None req-c4276cfe-7c9f-4f7c-b77b-6ac5f370cd66 demo demo] Calling method '>' {{(pid=99076) _process_stack /opt/stack/nova/nova/api/openstack/wsgi.py:551}}
Sep 08 00:52:44.969836 np0000192191 devstack@n-api.service[99076]: DEBUG oslo_concurrency.lockutils [None req-c4276cfe-7c9f-4f7c-b77b-6ac5f370cd66 demo demo] Acquiring lock "00000000-0000-0000-0000-000000000000" by "nova.context.set_target_cell..get_or_set_cached_cell_and_set_connections" {{(pid=99076) inner /opt/stack/data/venv/lib/python3.12/site-packages/oslo_concurrency/lockutils.py:512}}
Sep 08 00:52:44.970012 np0000192191 devstack@n-api.service[99076]: DEBUG oslo_concurrency.lockutils [None req-c4276cfe-7c9f-4f7c-b77b-6ac5f370cd66 demo demo] Lock "00000000-0000-0000-0000-000000000000" acquired by "nova.context.set_target_cell..get_or_set_cached_cell_and_set_connections" :: waited 0.000s {{(pid=99076) inner /opt/stack/data/venv/lib/python3.12/site-packages/oslo_concurrency/lockutils.py:525}}
Sep 08 00:52:44.970321 np0000192191 devstack@n-api.service[99076]: DEBUG oslo_concurrency.lockutils [None req-c4276cfe-7c9f-4f7c-b77b-6ac5f370cd66 demo demo] Lock "00000000-0000-0000-0000-000000000000" "released" by "nova.context.set_target_cell..get_or_set_cached_cell_and_set_connections" :: held 0.000s {{(pid=99076) inner /opt/stack/data/venv/lib/python3.12/site-packages/oslo_concurrency/lockutils.py:544}}
Sep 08 00:52:44.971995 np0000192191 devstack@n-api.service[99076]: DEBUG oslo_concurrency.lockutils [None req-c4276cfe-7c9f-4f7c-b77b-6ac5f370cd66 demo demo] Acquiring lock "ece327a9-5dcf-4566-8bcb-0f091efb1865" by "nova.context.set_target_cell..get_or_set_cached_cell_and_set_connections" {{(pid=99076) inner /opt/stack/data/venv/lib/python3.12/site-packages/oslo_concurrency/lockutils.py:512}}
Sep 08 00:52:44.972307 np0000192191 devstack@n-api.service[99076]: DEBUG oslo_concurrency.lockutils [None req-c4276cfe-7c9f-4f7c-b77b-6ac5f370cd66 demo demo] Lock "ece327a9-5dcf-4566-8bcb-0f091efb1865" acquired by "nova.context.set_target_cell..get_or_set_cached_cell_and_set_connections" :: waited 0.000s {{(pid=99076) inner /opt/stack/data/venv/lib/python3.12/site-packages/oslo_concurrency/lockutils.py:525}}
Sep 08 00:52:44.972608 np0000192191 devstack@n-api.service[99076]: DEBUG oslo_concurrency.lockutils [None req-c4276cfe-7c9f-4f7c-b77b-6ac5f370cd66 demo demo] Lock "ece327a9-5dcf-4566-8bcb-0f091efb1865" "released" by "nova.context.set_target_cell..get_or_set_cached_cell_and_set_connections" :: held 0.000s {{(pid=99076) inner /opt/stack/data/venv/lib/python3.12/site-packages/oslo_concurrency/lockutils.py:544}}
Sep 08 00:52:45.066448 np0000192191 devstack@n-api.service[99076]: INFO nova.api.openstack.requestlog [None req-c4276cfe-7c9f-4f7c-b77b-6ac5f370cd66 demo demo] 172.18.0.2 "GET /compute/v2.1/os-availability-zone" status: 200 len: 97 microversion: 2.38 time: 0.103825
Sep 08 00:52:45.067085 np0000192191 devstack@n-api.service[99076]: [pid: 99076|app: 0|req: 24/97] 162.253.55.19 () {68 vars in 1409 bytes} [Tue Sep 8 00:52:44 2026] GET /compute/v2.1/os-availability-zone => generated 97 bytes in 105 msecs (HTTP/1.1 200) 9 headers in 358 bytes (1 switches on core 0)
Sep 08 00:52:46.131752 np0000192191 devstack@n-api.service[99075]: DEBUG nova.api.openstack.wsgi [None req-7d1d5b67-f05d-48c2-a143-02106099b23d demo demo] Calling method '>' {{(pid=99075) _process_stack /opt/stack/nova/nova/api/openstack/wsgi.py:551}}
Sep 08 00:52:46.138320 np0000192191 devstack@n-api.service[99075]: INFO nova.api.openstack.requestlog [None req-7d1d5b67-f05d-48c2-a143-02106099b23d demo demo] 172.18.0.2 "GET /compute/v2.1/" status: 200 len: 392 microversion: 2.1 time: 0.006622
Sep 08 00:52:46.138997 np0000192191 devstack@n-api.service[99075]: [pid: 99075|app: 0|req: 25/98] 162.253.55.19 () {64 vars in 1266 bytes} [Tue Sep 8 00:52:46 2026] GET /compute/v2.1/ => generated 392 bytes in 8 msecs (HTTP/1.1 200) 9 headers in 357 bytes (1 switches on core 0)
Sep 08 00:52:46.151976 np0000192191 devstack@n-api.service[99077]: DEBUG nova.api.openstack.wsgi [None req-6c79d57e-a151-4fb2-9fbc-cc5455b3d6a5 demo demo] Calling method '>' {{(pid=99077) _process_stack /opt/stack/nova/nova/api/openstack/wsgi.py:551}}
Sep 08 00:52:46.157308 np0000192191 devstack@n-api.service[99077]: DEBUG oslo_concurrency.lockutils [None req-6c79d57e-a151-4fb2-9fbc-cc5455b3d6a5 demo demo] Acquiring lock "00000000-0000-0000-0000-000000000000" by "nova.context.set_target_cell..get_or_set_cached_cell_and_set_connections" {{(pid=99077) inner /opt/stack/data/venv/lib/python3.12/site-packages/oslo_concurrency/lockutils.py:512}}
Sep 08 00:52:46.157856 np0000192191 devstack@n-api.service[99077]: DEBUG oslo_concurrency.lockutils [None req-6c79d57e-a151-4fb2-9fbc-cc5455b3d6a5 demo demo] Lock "00000000-0000-0000-0000-000000000000" acquired by "nova.context.set_target_cell..get_or_set_cached_cell_and_set_connections" :: waited 0.001s {{(pid=99077) inner /opt/stack/data/venv/lib/python3.12/site-packages/oslo_concurrency/lockutils.py:525}}
Sep 08 00:52:46.158270 np0000192191 devstack@n-api.service[99077]: DEBUG oslo_concurrency.lockutils [None req-6c79d57e-a151-4fb2-9fbc-cc5455b3d6a5 demo demo] Lock "00000000-0000-0000-0000-000000000000" "released" by "nova.context.set_target_cell..get_or_set_cached_cell_and_set_connections" :: held 0.000s {{(pid=99077) inner /opt/stack/data/venv/lib/python3.12/site-packages/oslo_concurrency/lockutils.py:544}}
Sep 08 00:52:46.160059 np0000192191 devstack@n-api.service[99077]: DEBUG oslo_concurrency.lockutils [None req-6c79d57e-a151-4fb2-9fbc-cc5455b3d6a5 demo demo] Acquiring lock "ece327a9-5dcf-4566-8bcb-0f091efb1865" by "nova.context.set_target_cell..get_or_set_cached_cell_and_set_connections" {{(pid=99077) inner /opt/stack/data/venv/lib/python3.12/site-packages/oslo_concurrency/lockutils.py:512}}
Sep 08 00:52:46.161497 np0000192191 devstack@n-api.service[99077]: DEBUG oslo_concurrency.lockutils [None req-6c79d57e-a151-4fb2-9fbc-cc5455b3d6a5 demo demo] Lock "ece327a9-5dcf-4566-8bcb-0f091efb1865" acquired by "nova.context.set_target_cell..get_or_set_cached_cell_and_set_connections" :: waited 0.001s {{(pid=99077) inner /opt/stack/data/venv/lib/python3.12/site-packages/oslo_concurrency/lockutils.py:525}}
Sep 08 00:52:46.162032 np0000192191 devstack@n-api.service[99077]: DEBUG oslo_concurrency.lockutils [None req-6c79d57e-a151-4fb2-9fbc-cc5455b3d6a5 demo demo] Lock "ece327a9-5dcf-4566-8bcb-0f091efb1865" "released" by "nova.context.set_target_cell..get_or_set_cached_cell_and_set_connections" :: held 0.001s {{(pid=99077) inner /opt/stack/data/venv/lib/python3.12/site-packages/oslo_concurrency/lockutils.py:544}}
Sep 08 00:52:46.253214 np0000192191 devstack@n-api.service[99077]: INFO nova.api.openstack.requestlog [None req-6c79d57e-a151-4fb2-9fbc-cc5455b3d6a5 demo demo] 172.18.0.2 "GET /compute/v2.1/os-availability-zone" status: 200 len: 97 microversion: 2.38 time: 0.105661
Sep 08 00:52:46.254116 np0000192191 devstack@n-api.service[99077]: [pid: 99077|app: 0|req: 25/99] 162.253.55.19 () {68 vars in 1409 bytes} [Tue Sep 8 00:52:46 2026] GET /compute/v2.1/os-availability-zone => generated 97 bytes in 107 msecs (HTTP/1.1 200) 9 headers in 358 bytes (1 switches on core 0)
Sep 08 00:52:47.093256 np0000192191 devstack@n-api.service[99078]: DEBUG nova.api.openstack.wsgi [None req-7208bb46-d2a8-4567-86f3-87238f4e463c demo demo] Calling method '>' {{(pid=99078) _process_stack /opt/stack/nova/nova/api/openstack/wsgi.py:551}}
Sep 08 00:52:47.095749 np0000192191 devstack@n-api.service[99078]: INFO nova.api.openstack.requestlog [None req-7208bb46-d2a8-4567-86f3-87238f4e463c demo demo] 172.18.0.2 "GET /compute/v2.1/" status: 200 len: 392 microversion: 2.1 time: 0.002681
Sep 08 00:52:47.095990 np0000192191 devstack@n-api.service[99078]: [pid: 99078|app: 0|req: 26/100] 162.253.55.19 () {64 vars in 1266 bytes} [Tue Sep 8 00:52:47 2026] GET /compute/v2.1/ => generated 392 bytes in 3 msecs (HTTP/1.1 200) 9 headers in 357 bytes (1 switches on core 0)
Sep 08 00:52:47.110028 np0000192191 devstack@n-api.service[99076]: DEBUG nova.api.openstack.wsgi [None req-a229e939-2c43-4b3b-a48d-c28130a5e3c8 demo demo] Calling method '>' {{(pid=99076) _process_stack /opt/stack/nova/nova/api/openstack/wsgi.py:551}}
Sep 08 00:52:47.113805 np0000192191 devstack@n-api.service[99076]: DEBUG oslo_concurrency.lockutils [None req-a229e939-2c43-4b3b-a48d-c28130a5e3c8 demo demo] Acquiring lock "00000000-0000-0000-0000-000000000000" by "nova.context.set_target_cell..get_or_set_cached_cell_and_set_connections" {{(pid=99076) inner /opt/stack/data/venv/lib/python3.12/site-packages/oslo_concurrency/lockutils.py:512}}
Sep 08 00:52:47.114281 np0000192191 devstack@n-api.service[99076]: DEBUG oslo_concurrency.lockutils [None req-a229e939-2c43-4b3b-a48d-c28130a5e3c8 demo demo] Lock "00000000-0000-0000-0000-000000000000" acquired by "nova.context.set_target_cell..get_or_set_cached_cell_and_set_connections" :: waited 0.000s {{(pid=99076) inner /opt/stack/data/venv/lib/python3.12/site-packages/oslo_concurrency/lockutils.py:525}}
Sep 08 00:52:47.114685 np0000192191 devstack@n-api.service[99076]: DEBUG oslo_concurrency.lockutils [None req-a229e939-2c43-4b3b-a48d-c28130a5e3c8 demo demo] Lock "00000000-0000-0000-0000-000000000000" "released" by "nova.context.set_target_cell..get_or_set_cached_cell_and_set_connections" :: held 0.000s {{(pid=99076) inner /opt/stack/data/venv/lib/python3.12/site-packages/oslo_concurrency/lockutils.py:544}}
Sep 08 00:52:47.116042 np0000192191 devstack@n-api.service[99076]: DEBUG oslo_concurrency.lockutils [None req-a229e939-2c43-4b3b-a48d-c28130a5e3c8 demo demo] Acquiring lock "ece327a9-5dcf-4566-8bcb-0f091efb1865" by "nova.context.set_target_cell..get_or_set_cached_cell_and_set_connections" {{(pid=99076) inner /opt/stack/data/venv/lib/python3.12/site-packages/oslo_concurrency/lockutils.py:512}}
Sep 08 00:52:47.116495 np0000192191 devstack@n-api.service[99076]: DEBUG oslo_concurrency.lockutils [None req-a229e939-2c43-4b3b-a48d-c28130a5e3c8 demo demo] Lock "ece327a9-5dcf-4566-8bcb-0f091efb1865" acquired by "nova.context.set_target_cell..get_or_set_cached_cell_and_set_connections" :: waited 0.000s {{(pid=99076) inner /opt/stack/data/venv/lib/python3.12/site-packages/oslo_concurrency/lockutils.py:525}}
Sep 08 00:52:47.116924 np0000192191 devstack@n-api.service[99076]: DEBUG oslo_concurrency.lockutils [None req-a229e939-2c43-4b3b-a48d-c28130a5e3c8 demo demo] Lock "ece327a9-5dcf-4566-8bcb-0f091efb1865" "released" by "nova.context.set_target_cell..get_or_set_cached_cell_and_set_connections" :: held 0.000s {{(pid=99076) inner /opt/stack/data/venv/lib/python3.12/site-packages/oslo_concurrency/lockutils.py:544}}
Sep 08 00:52:47.139982 np0000192191 devstack@n-api.service[99076]: INFO nova.api.openstack.requestlog [None req-a229e939-2c43-4b3b-a48d-c28130a5e3c8 demo demo] 172.18.0.2 "GET /compute/v2.1/os-availability-zone" status: 200 len: 97 microversion: 2.38 time: 0.034887
Sep 08 00:52:47.141593 np0000192191 devstack@n-api.service[99076]: [pid: 99076|app: 0|req: 25/101] 162.253.55.19 () {68 vars in 1409 bytes} [Tue Sep 8 00:52:47 2026] GET /compute/v2.1/os-availability-zone => generated 97 bytes in 37 msecs (HTTP/1.1 200) 9 headers in 358 bytes (1 switches on core 0)
Sep 08 00:52:47.889072 np0000192191 devstack@n-api.service[99075]: DEBUG nova.api.openstack.wsgi [None req-7d1d5b67-f05d-48c2-a143-02106099b23d demo demo] Calling method '>' {{(pid=99075) _process_stack /opt/stack/nova/nova/api/openstack/wsgi.py:551}}
Sep 08 00:52:47.893018 np0000192191 devstack@n-api.service[99075]: INFO nova.api.openstack.requestlog [None req-7d1d5b67-f05d-48c2-a143-02106099b23d demo demo] 172.18.0.2 "GET /compute/v2.1/" status: 200 len: 392 microversion: 2.1 time: 0.004273
Sep 08 00:52:47.893271 np0000192191 devstack@n-api.service[99075]: [pid: 99075|app: 0|req: 26/102] 162.253.55.19 () {64 vars in 1266 bytes} [Tue Sep 8 00:52:47 2026] GET /compute/v2.1/ => generated 392 bytes in 5 msecs (HTTP/1.1 200) 9 headers in 357 bytes (1 switches on core 0)
Sep 08 00:52:47.901184 np0000192191 devstack@n-api.service[99077]: DEBUG nova.api.openstack.wsgi [None req-ea771f43-358b-496a-8f31-ee05e64534c9 demo demo] Calling method '>' {{(pid=99077) _process_stack /opt/stack/nova/nova/api/openstack/wsgi.py:551}}
Sep 08 00:52:47.903450 np0000192191 devstack@n-api.service[99077]: DEBUG oslo_concurrency.lockutils [None req-ea771f43-358b-496a-8f31-ee05e64534c9 demo demo] Acquiring lock "00000000-0000-0000-0000-000000000000" by "nova.context.set_target_cell..get_or_set_cached_cell_and_set_connections" {{(pid=99077) inner /opt/stack/data/venv/lib/python3.12/site-packages/oslo_concurrency/lockutils.py:512}}
Sep 08 00:52:47.903652 np0000192191 devstack@n-api.service[99077]: DEBUG oslo_concurrency.lockutils [None req-ea771f43-358b-496a-8f31-ee05e64534c9 demo demo] Lock "00000000-0000-0000-0000-000000000000" acquired by "nova.context.set_target_cell..get_or_set_cached_cell_and_set_connections" :: waited 0.000s {{(pid=99077) inner /opt/stack/data/venv/lib/python3.12/site-packages/oslo_concurrency/lockutils.py:525}}
Sep 08 00:52:47.903853 np0000192191 devstack@n-api.service[99077]: DEBUG oslo_concurrency.lockutils [None req-ea771f43-358b-496a-8f31-ee05e64534c9 demo demo] Lock "00000000-0000-0000-0000-000000000000" "released" by "nova.context.set_target_cell..get_or_set_cached_cell_and_set_connections" :: held 0.000s {{(pid=99077) inner /opt/stack/data/venv/lib/python3.12/site-packages/oslo_concurrency/lockutils.py:544}}
Sep 08 00:52:47.904703 np0000192191 devstack@n-api.service[99077]: DEBUG oslo_concurrency.lockutils [None req-ea771f43-358b-496a-8f31-ee05e64534c9 demo demo] Acquiring lock "ece327a9-5dcf-4566-8bcb-0f091efb1865" by "nova.context.set_target_cell..get_or_set_cached_cell_and_set_connections" {{(pid=99077) inner /opt/stack/data/venv/lib/python3.12/site-packages/oslo_concurrency/lockutils.py:512}}
Sep 08 00:52:47.904931 np0000192191 devstack@n-api.service[99077]: DEBUG oslo_concurrency.lockutils [None req-ea771f43-358b-496a-8f31-ee05e64534c9 demo demo] Lock "ece327a9-5dcf-4566-8bcb-0f091efb1865" acquired by "nova.context.set_target_cell..get_or_set_cached_cell_and_set_connections" :: waited 0.000s {{(pid=99077) inner /opt/stack/data/venv/lib/python3.12/site-packages/oslo_concurrency/lockutils.py:525}}
Sep 08 00:52:47.905155 np0000192191 devstack@n-api.service[99077]: DEBUG oslo_concurrency.lockutils [None req-ea771f43-358b-496a-8f31-ee05e64534c9 demo demo] Lock "ece327a9-5dcf-4566-8bcb-0f091efb1865" "released" by "nova.context.set_target_cell..get_or_set_cached_cell_and_set_connections" :: held 0.000s {{(pid=99077) inner /opt/stack/data/venv/lib/python3.12/site-packages/oslo_concurrency/lockutils.py:544}}
Sep 08 00:52:47.921694 np0000192191 devstack@n-api.service[99077]: INFO nova.api.openstack.requestlog [None req-ea771f43-358b-496a-8f31-ee05e64534c9 demo demo] 172.18.0.2 "GET /compute/v2.1/os-availability-zone" status: 200 len: 97 microversion: 2.38 time: 0.022536
Sep 08 00:52:47.922406 np0000192191 devstack@n-api.service[99077]: [pid: 99077|app: 0|req: 26/103] 162.253.55.19 () {68 vars in 1409 bytes} [Tue Sep 8 00:52:47 2026] GET /compute/v2.1/os-availability-zone => generated 97 bytes in 24 msecs (HTTP/1.1 200) 9 headers in 358 bytes (1 switches on core 0)
Sep 08 00:52:51.937683 np0000192191 devstack@n-api.service[99078]: DEBUG nova.api.openstack.wsgi [None req-7208bb46-d2a8-4567-86f3-87238f4e463c demo demo] Calling method '>' {{(pid=99078) _process_stack /opt/stack/nova/nova/api/openstack/wsgi.py:551}}
Sep 08 00:52:51.944076 np0000192191 devstack@n-api.service[99078]: INFO nova.api.openstack.requestlog [None req-7208bb46-d2a8-4567-86f3-87238f4e463c demo demo] 172.18.0.2 "GET /compute/v2.1/" status: 200 len: 392 microversion: 2.1 time: 0.006693
Sep 08 00:52:51.944476 np0000192191 devstack@n-api.service[99078]: [pid: 99078|app: 0|req: 27/104] 162.253.55.19 () {64 vars in 1266 bytes} [Tue Sep 8 00:52:51 2026] GET /compute/v2.1/ => generated 392 bytes in 8 msecs (HTTP/1.1 200) 9 headers in 357 bytes (1 switches on core 0)
Sep 08 00:52:51.954205 np0000192191 devstack@n-api.service[99076]: DEBUG nova.api.openstack.wsgi [None req-7ca33452-12e8-4b18-8221-ad3916ab3ad7 demo demo] Calling method '>' {{(pid=99076) _process_stack /opt/stack/nova/nova/api/openstack/wsgi.py:551}}
Sep 08 00:52:51.979142 np0000192191 devstack@n-api.service[99076]: INFO nova.api.openstack.requestlog [None req-7ca33452-12e8-4b18-8221-ad3916ab3ad7 demo demo] 172.18.0.2 "GET /compute/v2.1/flavors/detail" status: 200 len: 4000 microversion: 2.38 time: 0.027146
Sep 08 00:52:51.979532 np0000192191 devstack@n-api.service[99076]: [pid: 99076|app: 0|req: 26/105] 162.253.55.19 () {68 vars in 1391 bytes} [Tue Sep 8 00:52:51 2026] GET /compute/v2.1/flavors/detail => generated 4000 bytes in 28 msecs (HTTP/1.1 200) 9 headers in 360 bytes (1 switches on core 0)
Sep 08 00:52:52.033191 np0000192191 devstack@n-api.service[99075]: DEBUG nova.api.openstack.wsgi [None req-7d1d5b67-f05d-48c2-a143-02106099b23d demo demo] Calling method '>' {{(pid=99075) _process_stack /opt/stack/nova/nova/api/openstack/wsgi.py:551}}
Sep 08 00:52:52.036610 np0000192191 devstack@n-api.service[99075]: INFO nova.api.openstack.requestlog [None req-7d1d5b67-f05d-48c2-a143-02106099b23d demo demo] 172.18.0.2 "GET /compute/v2.1/" status: 200 len: 392 microversion: 2.1 time: 0.003722
Sep 08 00:52:52.036867 np0000192191 devstack@n-api.service[99075]: [pid: 99075|app: 0|req: 27/106] 162.253.55.19 () {64 vars in 1266 bytes} [Tue Sep 8 00:52:52 2026] GET /compute/v2.1/ => generated 392 bytes in 4 msecs (HTTP/1.1 200) 9 headers in 357 bytes (1 switches on core 0)
Sep 08 00:52:52.047500 np0000192191 devstack@n-api.service[99077]: DEBUG nova.api.openstack.wsgi [None req-329935ba-06c4-4fe4-b3b2-150edcb30385 demo demo] Calling method '>' {{(pid=99077) _process_stack /opt/stack/nova/nova/api/openstack/wsgi.py:551}}
Sep 08 00:52:52.077889 np0000192191 devstack@n-api.service[99077]: INFO nova.api.openstack.requestlog [None req-329935ba-06c4-4fe4-b3b2-150edcb30385 demo demo] 172.18.0.2 "GET /compute/v2.1/flavors/detail" status: 200 len: 4000 microversion: 2.38 time: 0.033961
Sep 08 00:52:52.078573 np0000192191 devstack@n-api.service[99077]: [pid: 99077|app: 0|req: 27/107] 162.253.55.19 () {68 vars in 1391 bytes} [Tue Sep 8 00:52:52 2026] GET /compute/v2.1/flavors/detail => generated 4000 bytes in 35 msecs (HTTP/1.1 200) 9 headers in 360 bytes (1 switches on core 0)
Sep 08 00:52:52.754068 np0000192191 devstack@n-api.service[99078]: DEBUG nova.api.openstack.wsgi [None req-7208bb46-d2a8-4567-86f3-87238f4e463c demo demo] Calling method '>' {{(pid=99078) _process_stack /opt/stack/nova/nova/api/openstack/wsgi.py:551}}
Sep 08 00:52:52.758136 np0000192191 devstack@n-api.service[99078]: INFO nova.api.openstack.requestlog [None req-7208bb46-d2a8-4567-86f3-87238f4e463c demo demo] 172.18.0.2 "GET /compute/v2.1/" status: 200 len: 392 microversion: 2.1 time: 0.004332
Sep 08 00:52:52.758482 np0000192191 devstack@n-api.service[99078]: [pid: 99078|app: 0|req: 28/108] 162.253.55.19 () {64 vars in 1266 bytes} [Tue Sep 8 00:52:52 2026] GET /compute/v2.1/ => generated 392 bytes in 5 msecs (HTTP/1.1 200) 9 headers in 357 bytes (1 switches on core 0)
Sep 08 00:52:52.771874 np0000192191 devstack@n-api.service[99076]: DEBUG nova.api.openstack.wsgi [None req-6e73aefb-4a75-450d-8895-6c3ebea61b53 demo demo] Calling method '>' {{(pid=99076) _process_stack /opt/stack/nova/nova/api/openstack/wsgi.py:551}}
Sep 08 00:52:52.776161 np0000192191 devstack@n-api.service[99076]: DEBUG nova.policy [None req-6e73aefb-4a75-450d-8895-6c3ebea61b53 demo demo] Policy check for os_compute_api:servers:allow_all_filters failed with credentials {'is_admin': False, 'user_id': '716facfcbc724904be77d8933b59f978', 'user_domain_id': 'default', 'system_scope': None, 'domain_id': None, 'project_id': 'd20f94aea9044cd199c3f4985574f609', 'project_domain_id': 'default', 'roles': ['reader', 'anotherrole', 'load-balancer_member', 'member'], 'is_admin_project': True, 'service_user_id': None, 'service_user_domain_id': None, 'service_project_id': None, 'service_project_domain_id': None, 'service_roles': []} {{(pid=99076) authorize /opt/stack/nova/nova/policy.py:202}}
Sep 08 00:52:52.776653 np0000192191 devstack@n-api.service[99076]: DEBUG nova.compute.api [None req-6e73aefb-4a75-450d-8895-6c3ebea61b53 demo demo] Searching by: {'name': '^kube-ssp4m-zqwsp-gr2sz$', 'deleted': False, 'project_id': 'd20f94aea9044cd199c3f4985574f609'} {{(pid=99076) get_all /opt/stack/nova/nova/compute/api.py:3114}}
Sep 08 00:52:52.790822 np0000192191 devstack@n-api.service[99076]: DEBUG oslo_concurrency.lockutils [None req-6e73aefb-4a75-450d-8895-6c3ebea61b53 demo demo] Acquiring lock "00000000-0000-0000-0000-000000000000" by "nova.context.set_target_cell..get_or_set_cached_cell_and_set_connections" {{(pid=99076) inner /opt/stack/data/venv/lib/python3.12/site-packages/oslo_concurrency/lockutils.py:512}}
Sep 08 00:52:52.791124 np0000192191 devstack@n-api.service[99076]: DEBUG oslo_concurrency.lockutils [None req-6e73aefb-4a75-450d-8895-6c3ebea61b53 demo demo] Lock "00000000-0000-0000-0000-000000000000" acquired by "nova.context.set_target_cell..get_or_set_cached_cell_and_set_connections" :: waited 0.000s {{(pid=99076) inner /opt/stack/data/venv/lib/python3.12/site-packages/oslo_concurrency/lockutils.py:525}}
Sep 08 00:52:52.791390 np0000192191 devstack@n-api.service[99076]: DEBUG oslo_concurrency.lockutils [None req-6e73aefb-4a75-450d-8895-6c3ebea61b53 demo demo] Lock "00000000-0000-0000-0000-000000000000" "released" by "nova.context.set_target_cell..get_or_set_cached_cell_and_set_connections" :: held 0.000s {{(pid=99076) inner /opt/stack/data/venv/lib/python3.12/site-packages/oslo_concurrency/lockutils.py:544}}
Sep 08 00:52:52.791967 np0000192191 devstack@n-api.service[99076]: DEBUG oslo_concurrency.lockutils [None req-6e73aefb-4a75-450d-8895-6c3ebea61b53 demo demo] Acquiring lock "ece327a9-5dcf-4566-8bcb-0f091efb1865" by "nova.context.set_target_cell..get_or_set_cached_cell_and_set_connections" {{(pid=99076) inner /opt/stack/data/venv/lib/python3.12/site-packages/oslo_concurrency/lockutils.py:512}}
Sep 08 00:52:52.792220 np0000192191 devstack@n-api.service[99076]: DEBUG oslo_concurrency.lockutils [None req-6e73aefb-4a75-450d-8895-6c3ebea61b53 demo demo] Lock "ece327a9-5dcf-4566-8bcb-0f091efb1865" acquired by "nova.context.set_target_cell..get_or_set_cached_cell_and_set_connections" :: waited 0.000s {{(pid=99076) inner /opt/stack/data/venv/lib/python3.12/site-packages/oslo_concurrency/lockutils.py:525}}
Sep 08 00:52:52.792498 np0000192191 devstack@n-api.service[99076]: DEBUG oslo_concurrency.lockutils [None req-6e73aefb-4a75-450d-8895-6c3ebea61b53 demo demo] Lock "ece327a9-5dcf-4566-8bcb-0f091efb1865" "released" by "nova.context.set_target_cell..get_or_set_cached_cell_and_set_connections" :: held 0.000s {{(pid=99076) inner /opt/stack/data/venv/lib/python3.12/site-packages/oslo_concurrency/lockutils.py:544}}
Sep 08 00:52:52.877091 np0000192191 devstack@n-api.service[99076]: DEBUG oslo_concurrency.lockutils [None req-6e73aefb-4a75-450d-8895-6c3ebea61b53 demo demo] Acquiring lock "00000000-0000-0000-0000-000000000000" by "nova.context.set_target_cell..get_or_set_cached_cell_and_set_connections" {{(pid=99076) inner /opt/stack/data/venv/lib/python3.12/site-packages/oslo_concurrency/lockutils.py:512}}
Sep 08 00:52:52.877534 np0000192191 devstack@n-api.service[99076]: DEBUG oslo_concurrency.lockutils [None req-6e73aefb-4a75-450d-8895-6c3ebea61b53 demo demo] Lock "00000000-0000-0000-0000-000000000000" acquired by "nova.context.set_target_cell..get_or_set_cached_cell_and_set_connections" :: waited 0.001s {{(pid=99076) inner /opt/stack/data/venv/lib/python3.12/site-packages/oslo_concurrency/lockutils.py:525}}
Sep 08 00:52:52.877963 np0000192191 devstack@n-api.service[99076]: DEBUG oslo_concurrency.lockutils [None req-6e73aefb-4a75-450d-8895-6c3ebea61b53 demo demo] Lock "00000000-0000-0000-0000-000000000000" "released" by "nova.context.set_target_cell..get_or_set_cached_cell_and_set_connections" :: held 0.000s {{(pid=99076) inner /opt/stack/data/venv/lib/python3.12/site-packages/oslo_concurrency/lockutils.py:544}}
Sep 08 00:52:52.878597 np0000192191 devstack@n-api.service[99076]: DEBUG oslo_concurrency.lockutils [None req-6e73aefb-4a75-450d-8895-6c3ebea61b53 demo demo] Acquiring lock "ece327a9-5dcf-4566-8bcb-0f091efb1865" by "nova.context.set_target_cell..get_or_set_cached_cell_and_set_connections" {{(pid=99076) inner /opt/stack/data/venv/lib/python3.12/site-packages/oslo_concurrency/lockutils.py:512}}
Sep 08 00:52:52.879022 np0000192191 devstack@n-api.service[99076]: DEBUG oslo_concurrency.lockutils [None req-6e73aefb-4a75-450d-8895-6c3ebea61b53 demo demo] Lock "ece327a9-5dcf-4566-8bcb-0f091efb1865" acquired by "nova.context.set_target_cell..get_or_set_cached_cell_and_set_connections" :: waited 0.000s {{(pid=99076) inner /opt/stack/data/venv/lib/python3.12/site-packages/oslo_concurrency/lockutils.py:525}}
