Aug 26 20:41:21.863210 np0000191202 systemd[1]: Starting devstack@n-api-meta.service - Devstack devstack@n-api-meta.service...
Aug 26 20:41:21.870156 np0000191202 devstack@n-api-meta.service[107673]: [uWSGI] getting INI configuration from /etc/nova/nova-metadata-uwsgi.ini
Aug 26 20:41:21.873638 np0000191202 devstack@n-api-meta.service[107673]: *** Starting uWSGI 2.0.24-debian (64bit) on [Wed Aug 26 20:41:21 2026] ***
Aug 26 20:41:21.873638 np0000191202 devstack@n-api-meta.service[107673]: compiled with version: 13.2.0 on 17 April 2024 16:23:48
Aug 26 20:41:21.873638 np0000191202 devstack@n-api-meta.service[107673]: os: Linux-6.8.0-138-generic #138-Ubuntu SMP PREEMPT_DYNAMIC Fri Jul 31 22:41:49 UTC 2026
Aug 26 20:41:21.873638 np0000191202 devstack@n-api-meta.service[107673]: nodename: np0000191202
Aug 26 20:41:21.873638 np0000191202 devstack@n-api-meta.service[107673]: machine: x86_64
Aug 26 20:41:21.873638 np0000191202 devstack@n-api-meta.service[107673]: clock source: unix
Aug 26 20:41:21.873638 np0000191202 devstack@n-api-meta.service[107673]: pcre jit disabled
Aug 26 20:41:21.873638 np0000191202 devstack@n-api-meta.service[107673]: detected number of CPU cores: 16
Aug 26 20:41:21.873638 np0000191202 devstack@n-api-meta.service[107673]: current working directory: /
Aug 26 20:41:21.873638 np0000191202 devstack@n-api-meta.service[107673]: detected binary path: /usr/bin/uwsgi-core
Aug 26 20:41:21.873638 np0000191202 devstack@n-api-meta.service[107673]: your processes number limit is 256916
Aug 26 20:41:21.873638 np0000191202 devstack@n-api-meta.service[107673]: your memory page size is 4096 bytes
Aug 26 20:41:21.873638 np0000191202 devstack@n-api-meta.service[107673]: detected max file descriptor number: 2048
Aug 26 20:41:21.873638 np0000191202 devstack@n-api-meta.service[107673]: lock engine: pthread robust mutexes
Aug 26 20:41:21.874344 np0000191202 devstack@n-api-meta.service[107673]: thunder lock: enabled
Aug 26 20:41:21.874344 np0000191202 devstack@n-api-meta.service[107673]: uWSGI http bound on 0.0.0.0:8775 fd 5
Aug 26 20:41:21.874344 np0000191202 devstack@n-api-meta.service[107673]: uwsgi socket 0 bound to TCP address 127.0.0.1:34457 (port auto-assigned) fd 4
Aug 26 20:41:21.874344 np0000191202 devstack@n-api-meta.service[107673]: Python version: 3.12.3 (main, Jul 15 2026, 23:46:41) [GCC 13.3.0]
Aug 26 20:41:21.874344 np0000191202 devstack@n-api-meta.service[107673]: PEP 405 virtualenv detected: /opt/stack/data/venv
Aug 26 20:41:21.874344 np0000191202 devstack@n-api-meta.service[107673]: Set PythonHome to /opt/stack/data/venv
Aug 26 20:41:21.925782 np0000191202 devstack@n-api-meta.service[107673]: Python main interpreter initialized at 0x715d482a4668
Aug 26 20:41:21.925782 np0000191202 devstack@n-api-meta.service[107673]: python threads support enabled
Aug 26 20:41:21.925782 np0000191202 devstack@n-api-meta.service[107673]: your server socket listen backlog is limited to 100 connections
Aug 26 20:41:21.925782 np0000191202 devstack@n-api-meta.service[107673]: your mercy for graceful operations on workers is 80 seconds
Aug 26 20:41:21.926342 np0000191202 devstack@n-api-meta.service[107673]: mapped 671795 bytes (656 KB) for 4 cores
Aug 26 20:41:21.926500 np0000191202 devstack@n-api-meta.service[107673]: *** Operational MODE: preforking ***
Aug 26 20:41:21.926702 np0000191202 devstack@n-api-meta.service[107673]: *** uWSGI is running in multiple interpreter mode ***
Aug 26 20:41:21.926702 np0000191202 devstack@n-api-meta.service[107673]: spawned uWSGI master process (pid: 107673)
Aug 26 20:41:21.926996 np0000191202 systemd[1]: Started devstack@n-api-meta.service - Devstack devstack@n-api-meta.service.
Aug 26 20:41:21.927397 np0000191202 devstack@n-api-meta.service[107673]: spawned uWSGI worker 1 (pid: 107675, cores: 1)
Aug 26 20:41:21.928116 np0000191202 devstack@n-api-meta.service[107673]: spawned uWSGI worker 2 (pid: 107676, cores: 1)
Aug 26 20:41:21.928581 np0000191202 devstack@n-api-meta.service[107673]: spawned uWSGI worker 3 (pid: 107677, cores: 1)
Aug 26 20:41:21.929280 np0000191202 devstack@n-api-meta.service[107673]: spawned uWSGI worker 4 (pid: 107678, cores: 1)
Aug 26 20:41:21.929928 np0000191202 devstack@n-api-meta.service[107673]: spawned uWSGI http 1 (pid: 107679)
Aug 26 20:41:21.929928 np0000191202 devstack@n-api-meta.service[107673]: running "unix_signal:15 gracefully_kill_them_all" (master-start)...
Aug 26 20:41:23.604133 np0000191202 devstack@n-api-meta.service[107678]: INFO dbcounter [None req-65e72a59-405b-4538-9e0b-dab4cdf1ada5 None None] Registered counter for database nova_api
Aug 26 20:41:23.630858 np0000191202 devstack@n-api-meta.service[107677]: INFO dbcounter [None req-5f58847d-c862-4aea-ba99-75b2d2b57b8d None None] Registered counter for database nova_api
Aug 26 20:41:23.649069 np0000191202 devstack@n-api-meta.service[107678]: DEBUG oslo_db.sqlalchemy.engines [None req-65e72a59-405b-4538-9e0b-dab4cdf1ada5 None None] MySQL server mode set to STRICT_TRANS_TABLES,STRICT_ALL_TABLES,NO_ZERO_IN_DATE,NO_ZERO_DATE,ERROR_FOR_DIVISION_BY_ZERO,TRADITIONAL,NO_ENGINE_SUBSTITUTION {{(pid=107678) _check_effective_sql_mode /opt/stack/data/venv/lib/python3.12/site-packages/oslo_db/sqlalchemy/engines.py:325}}
Aug 26 20:41:23.678330 np0000191202 devstack@n-api-meta.service[107678]: DEBUG dbcounter [-] [107678] Writer thread running {{(pid=107678) stat_writer /opt/stack/data/venv/lib/python3.12/site-packages/dbcounter.py:102}}
Aug 26 20:41:23.680507 np0000191202 devstack@n-api-meta.service[107677]: DEBUG oslo_db.sqlalchemy.engines [None req-5f58847d-c862-4aea-ba99-75b2d2b57b8d None None] MySQL server mode set to STRICT_TRANS_TABLES,STRICT_ALL_TABLES,NO_ZERO_IN_DATE,NO_ZERO_DATE,ERROR_FOR_DIVISION_BY_ZERO,TRADITIONAL,NO_ENGINE_SUBSTITUTION {{(pid=107677) _check_effective_sql_mode /opt/stack/data/venv/lib/python3.12/site-packages/oslo_db/sqlalchemy/engines.py:325}}
Aug 26 20:41:23.680676 np0000191202 devstack@n-api-meta.service[107678]: DEBUG nova.context [None req-65e72a59-405b-4538-9e0b-dab4cdf1ada5 None None] Found 2 cells: 00000000-0000-0000-0000-000000000000(cell0),e6ae2867-d79e-4756-b029-cce43c0d6d18(cell1) {{(pid=107678) load_cells /opt/stack/nova/nova/context.py:532}}
Aug 26 20:41:23.682607 np0000191202 devstack@n-api-meta.service[107678]: DEBUG oslo_concurrency.lockutils [None req-65e72a59-405b-4538-9e0b-dab4cdf1ada5 None None] Acquiring lock "00000000-0000-0000-0000-000000000000" by "nova.context.set_target_cell..get_or_set_cached_cell_and_set_connections" {{(pid=107678) inner /opt/stack/data/venv/lib/python3.12/site-packages/oslo_concurrency/lockutils.py:512}}
Aug 26 20:41:23.682773 np0000191202 devstack@n-api-meta.service[107678]: DEBUG oslo_concurrency.lockutils [None req-65e72a59-405b-4538-9e0b-dab4cdf1ada5 None None] Lock "00000000-0000-0000-0000-000000000000" acquired by "nova.context.set_target_cell..get_or_set_cached_cell_and_set_connections" :: waited 0.000s {{(pid=107678) inner /opt/stack/data/venv/lib/python3.12/site-packages/oslo_concurrency/lockutils.py:525}}
Aug 26 20:41:23.683096 np0000191202 devstack@n-api-meta.service[107678]: DEBUG oslo_concurrency.lockutils [None req-65e72a59-405b-4538-9e0b-dab4cdf1ada5 None None] Lock "00000000-0000-0000-0000-000000000000" "released" by "nova.context.set_target_cell..get_or_set_cached_cell_and_set_connections" :: held 0.000s {{(pid=107678) inner /opt/stack/data/venv/lib/python3.12/site-packages/oslo_concurrency/lockutils.py:544}}
Aug 26 20:41:23.683294 np0000191202 devstack@n-api-meta.service[107678]: INFO nova.thread_pool_factory [None req-65e72a59-405b-4538-9e0b-dab4cdf1ada5 None None] The cell_worker thread pool MainProcess.cell_worker is initialized
Aug 26 20:41:23.683979 np0000191202 devstack@n-api-meta.service[107678]: DEBUG oslo_concurrency.lockutils [None req-65e72a59-405b-4538-9e0b-dab4cdf1ada5 None None] Acquiring lock "e6ae2867-d79e-4756-b029-cce43c0d6d18" by "nova.context.set_target_cell..get_or_set_cached_cell_and_set_connections" {{(pid=107678) inner /opt/stack/data/venv/lib/python3.12/site-packages/oslo_concurrency/lockutils.py:512}}
Aug 26 20:41:23.684077 np0000191202 devstack@n-api-meta.service[107678]: DEBUG oslo_concurrency.lockutils [None req-65e72a59-405b-4538-9e0b-dab4cdf1ada5 None None] Lock "e6ae2867-d79e-4756-b029-cce43c0d6d18" acquired by "nova.context.set_target_cell..get_or_set_cached_cell_and_set_connections" :: waited 0.000s {{(pid=107678) inner /opt/stack/data/venv/lib/python3.12/site-packages/oslo_concurrency/lockutils.py:525}}
Aug 26 20:41:23.684890 np0000191202 devstack@n-api-meta.service[107678]: DEBUG oslo_concurrency.lockutils [None req-65e72a59-405b-4538-9e0b-dab4cdf1ada5 None None] Lock "e6ae2867-d79e-4756-b029-cce43c0d6d18" "released" by "nova.context.set_target_cell..get_or_set_cached_cell_and_set_connections" :: held 0.001s {{(pid=107678) inner /opt/stack/data/venv/lib/python3.12/site-packages/oslo_concurrency/lockutils.py:544}}
Aug 26 20:41:23.687158 np0000191202 devstack@n-api-meta.service[107678]: INFO dbcounter [None req-65e72a59-405b-4538-9e0b-dab4cdf1ada5 None None] Registered counter for database nova_cell0
Aug 26 20:41:23.693725 np0000191202 devstack@n-api-meta.service[107678]: INFO dbcounter [None req-65e72a59-405b-4538-9e0b-dab4cdf1ada5 None None] Registered counter for database nova_cell1
Aug 26 20:41:23.711552 np0000191202 devstack@n-api-meta.service[107677]: DEBUG dbcounter [-] [107677] Writer thread running {{(pid=107677) stat_writer /opt/stack/data/venv/lib/python3.12/site-packages/dbcounter.py:102}}
Aug 26 20:41:23.711976 np0000191202 devstack@n-api-meta.service[107676]: INFO dbcounter [None req-e27c3219-b989-417f-b700-2f610577c24a None None] Registered counter for database nova_api
Aug 26 20:41:23.716943 np0000191202 devstack@n-api-meta.service[107677]: DEBUG nova.context [None req-5f58847d-c862-4aea-ba99-75b2d2b57b8d None None] Found 2 cells: 00000000-0000-0000-0000-000000000000(cell0),e6ae2867-d79e-4756-b029-cce43c0d6d18(cell1) {{(pid=107677) load_cells /opt/stack/nova/nova/context.py:532}}
Aug 26 20:41:23.716943 np0000191202 devstack@n-api-meta.service[107677]: DEBUG oslo_concurrency.lockutils [None req-5f58847d-c862-4aea-ba99-75b2d2b57b8d None None] Acquiring lock "00000000-0000-0000-0000-000000000000" by "nova.context.set_target_cell..get_or_set_cached_cell_and_set_connections" {{(pid=107677) inner /opt/stack/data/venv/lib/python3.12/site-packages/oslo_concurrency/lockutils.py:512}}
Aug 26 20:41:23.716943 np0000191202 devstack@n-api-meta.service[107677]: DEBUG oslo_concurrency.lockutils [None req-5f58847d-c862-4aea-ba99-75b2d2b57b8d None None] Lock "00000000-0000-0000-0000-000000000000" acquired by "nova.context.set_target_cell..get_or_set_cached_cell_and_set_connections" :: waited 0.000s {{(pid=107677) inner /opt/stack/data/venv/lib/python3.12/site-packages/oslo_concurrency/lockutils.py:525}}
Aug 26 20:41:23.716943 np0000191202 devstack@n-api-meta.service[107677]: DEBUG oslo_concurrency.lockutils [None req-5f58847d-c862-4aea-ba99-75b2d2b57b8d None None] Lock "00000000-0000-0000-0000-000000000000" "released" by "nova.context.set_target_cell..get_or_set_cached_cell_and_set_connections" :: held 0.000s {{(pid=107677) inner /opt/stack/data/venv/lib/python3.12/site-packages/oslo_concurrency/lockutils.py:544}}
Aug 26 20:41:23.717299 np0000191202 devstack@n-api-meta.service[107677]: INFO nova.thread_pool_factory [None req-5f58847d-c862-4aea-ba99-75b2d2b57b8d None None] The cell_worker thread pool MainProcess.cell_worker is initialized
Aug 26 20:41:23.718085 np0000191202 devstack@n-api-meta.service[107677]: DEBUG oslo_concurrency.lockutils [None req-5f58847d-c862-4aea-ba99-75b2d2b57b8d None None] Acquiring lock "e6ae2867-d79e-4756-b029-cce43c0d6d18" by "nova.context.set_target_cell..get_or_set_cached_cell_and_set_connections" {{(pid=107677) inner /opt/stack/data/venv/lib/python3.12/site-packages/oslo_concurrency/lockutils.py:512}}
Aug 26 20:41:23.718218 np0000191202 devstack@n-api-meta.service[107677]: DEBUG oslo_concurrency.lockutils [None req-5f58847d-c862-4aea-ba99-75b2d2b57b8d None None] Lock "e6ae2867-d79e-4756-b029-cce43c0d6d18" acquired by "nova.context.set_target_cell..get_or_set_cached_cell_and_set_connections" :: waited 0.000s {{(pid=107677) inner /opt/stack/data/venv/lib/python3.12/site-packages/oslo_concurrency/lockutils.py:525}}
Aug 26 20:41:23.719217 np0000191202 devstack@n-api-meta.service[107677]: DEBUG oslo_concurrency.lockutils [None req-5f58847d-c862-4aea-ba99-75b2d2b57b8d None None] Lock "e6ae2867-d79e-4756-b029-cce43c0d6d18" "released" by "nova.context.set_target_cell..get_or_set_cached_cell_and_set_connections" :: held 0.001s {{(pid=107677) inner /opt/stack/data/venv/lib/python3.12/site-packages/oslo_concurrency/lockutils.py:544}}
Aug 26 20:41:23.723182 np0000191202 devstack@n-api-meta.service[107677]: INFO dbcounter [None req-5f58847d-c862-4aea-ba99-75b2d2b57b8d None None] Registered counter for database nova_cell0
Aug 26 20:41:23.728390 np0000191202 devstack@n-api-meta.service[107677]: INFO dbcounter [None req-5f58847d-c862-4aea-ba99-75b2d2b57b8d None None] Registered counter for database nova_cell1
Aug 26 20:41:23.761940 np0000191202 devstack@n-api-meta.service[107675]: INFO dbcounter [None req-b20df58e-9a7b-49eb-911d-2ceddff72e91 None None] Registered counter for database nova_api
Aug 26 20:41:23.767608 np0000191202 devstack@n-api-meta.service[107676]: DEBUG oslo_db.sqlalchemy.engines [None req-e27c3219-b989-417f-b700-2f610577c24a None None] MySQL server mode set to STRICT_TRANS_TABLES,STRICT_ALL_TABLES,NO_ZERO_IN_DATE,NO_ZERO_DATE,ERROR_FOR_DIVISION_BY_ZERO,TRADITIONAL,NO_ENGINE_SUBSTITUTION {{(pid=107676) _check_effective_sql_mode /opt/stack/data/venv/lib/python3.12/site-packages/oslo_db/sqlalchemy/engines.py:325}}
Aug 26 20:41:23.771879 np0000191202 devstack@n-api-meta.service[107678]: DEBUG oslo_db.sqlalchemy.engines [None req-65e72a59-405b-4538-9e0b-dab4cdf1ada5 None None] MySQL server mode set to STRICT_TRANS_TABLES,STRICT_ALL_TABLES,NO_ZERO_IN_DATE,NO_ZERO_DATE,ERROR_FOR_DIVISION_BY_ZERO,TRADITIONAL,NO_ENGINE_SUBSTITUTION {{(pid=107678) _check_effective_sql_mode /opt/stack/data/venv/lib/python3.12/site-packages/oslo_db/sqlalchemy/engines.py:325}}
Aug 26 20:41:23.793367 np0000191202 devstack@n-api-meta.service[107678]: DEBUG oslo_db.sqlalchemy.engines [None req-65e72a59-405b-4538-9e0b-dab4cdf1ada5 None None] MySQL server mode set to STRICT_TRANS_TABLES,STRICT_ALL_TABLES,NO_ZERO_IN_DATE,NO_ZERO_DATE,ERROR_FOR_DIVISION_BY_ZERO,TRADITIONAL,NO_ENGINE_SUBSTITUTION {{(pid=107678) _check_effective_sql_mode /opt/stack/data/venv/lib/python3.12/site-packages/oslo_db/sqlalchemy/engines.py:325}}
Aug 26 20:41:23.798400 np0000191202 devstack@n-api-meta.service[107676]: DEBUG dbcounter [-] [107676] Writer thread running {{(pid=107676) stat_writer /opt/stack/data/venv/lib/python3.12/site-packages/dbcounter.py:102}}
Aug 26 20:41:23.800321 np0000191202 devstack@n-api-meta.service[107677]: DEBUG oslo_db.sqlalchemy.engines [None req-5f58847d-c862-4aea-ba99-75b2d2b57b8d None None] MySQL server mode set to STRICT_TRANS_TABLES,STRICT_ALL_TABLES,NO_ZERO_IN_DATE,NO_ZERO_DATE,ERROR_FOR_DIVISION_BY_ZERO,TRADITIONAL,NO_ENGINE_SUBSTITUTION {{(pid=107677) _check_effective_sql_mode /opt/stack/data/venv/lib/python3.12/site-packages/oslo_db/sqlalchemy/engines.py:325}}
Aug 26 20:41:23.800845 np0000191202 devstack@n-api-meta.service[107676]: DEBUG nova.context [None req-e27c3219-b989-417f-b700-2f610577c24a None None] Found 2 cells: 00000000-0000-0000-0000-000000000000(cell0),e6ae2867-d79e-4756-b029-cce43c0d6d18(cell1) {{(pid=107676) load_cells /opt/stack/nova/nova/context.py:532}}
Aug 26 20:41:23.803031 np0000191202 devstack@n-api-meta.service[107676]: DEBUG oslo_concurrency.lockutils [None req-e27c3219-b989-417f-b700-2f610577c24a None None] Acquiring lock "00000000-0000-0000-0000-000000000000" by "nova.context.set_target_cell..get_or_set_cached_cell_and_set_connections" {{(pid=107676) inner /opt/stack/data/venv/lib/python3.12/site-packages/oslo_concurrency/lockutils.py:512}}
Aug 26 20:41:23.803031 np0000191202 devstack@n-api-meta.service[107676]: DEBUG oslo_concurrency.lockutils [None req-e27c3219-b989-417f-b700-2f610577c24a None None] Lock "00000000-0000-0000-0000-000000000000" acquired by "nova.context.set_target_cell..get_or_set_cached_cell_and_set_connections" :: waited 0.000s {{(pid=107676) inner /opt/stack/data/venv/lib/python3.12/site-packages/oslo_concurrency/lockutils.py:525}}
Aug 26 20:41:23.803241 np0000191202 devstack@n-api-meta.service[107676]: DEBUG oslo_concurrency.lockutils [None req-e27c3219-b989-417f-b700-2f610577c24a None None] Lock "00000000-0000-0000-0000-000000000000" "released" by "nova.context.set_target_cell..get_or_set_cached_cell_and_set_connections" :: held 0.000s {{(pid=107676) inner /opt/stack/data/venv/lib/python3.12/site-packages/oslo_concurrency/lockutils.py:544}}
Aug 26 20:41:23.803483 np0000191202 devstack@n-api-meta.service[107676]: INFO nova.thread_pool_factory [None req-e27c3219-b989-417f-b700-2f610577c24a None None] The cell_worker thread pool MainProcess.cell_worker is initialized
Aug 26 20:41:23.804125 np0000191202 devstack@n-api-meta.service[107676]: DEBUG oslo_concurrency.lockutils [None req-e27c3219-b989-417f-b700-2f610577c24a None None] Acquiring lock "e6ae2867-d79e-4756-b029-cce43c0d6d18" by "nova.context.set_target_cell..get_or_set_cached_cell_and_set_connections" {{(pid=107676) inner /opt/stack/data/venv/lib/python3.12/site-packages/oslo_concurrency/lockutils.py:512}}
Aug 26 20:41:23.804272 np0000191202 devstack@n-api-meta.service[107676]: DEBUG oslo_concurrency.lockutils [None req-e27c3219-b989-417f-b700-2f610577c24a None None] Lock "e6ae2867-d79e-4756-b029-cce43c0d6d18" acquired by "nova.context.set_target_cell..get_or_set_cached_cell_and_set_connections" :: waited 0.000s {{(pid=107676) inner /opt/stack/data/venv/lib/python3.12/site-packages/oslo_concurrency/lockutils.py:525}}
Aug 26 20:41:23.804324 np0000191202 devstack@n-api-meta.service[107675]: DEBUG oslo_db.sqlalchemy.engines [None req-b20df58e-9a7b-49eb-911d-2ceddff72e91 None None] MySQL server mode set to STRICT_TRANS_TABLES,STRICT_ALL_TABLES,NO_ZERO_IN_DATE,NO_ZERO_DATE,ERROR_FOR_DIVISION_BY_ZERO,TRADITIONAL,NO_ENGINE_SUBSTITUTION {{(pid=107675) _check_effective_sql_mode /opt/stack/data/venv/lib/python3.12/site-packages/oslo_db/sqlalchemy/engines.py:325}}
Aug 26 20:41:23.806812 np0000191202 devstack@n-api-meta.service[107676]: INFO dbcounter [None req-e27c3219-b989-417f-b700-2f610577c24a None None] Registered counter for database nova_cell0
Aug 26 20:41:23.808180 np0000191202 devstack@n-api-meta.service[107676]: DEBUG oslo_concurrency.lockutils [None req-e27c3219-b989-417f-b700-2f610577c24a None None] Lock "e6ae2867-d79e-4756-b029-cce43c0d6d18" "released" by "nova.context.set_target_cell..get_or_set_cached_cell_and_set_connections" :: held 0.002s {{(pid=107676) inner /opt/stack/data/venv/lib/python3.12/site-packages/oslo_concurrency/lockutils.py:544}}
Aug 26 20:41:23.810341 np0000191202 devstack@n-api-meta.service[107676]: INFO dbcounter [None req-e27c3219-b989-417f-b700-2f610577c24a None None] Registered counter for database nova_cell1
Aug 26 20:41:23.821993 np0000191202 devstack@n-api-meta.service[107677]: DEBUG oslo_db.sqlalchemy.engines [None req-5f58847d-c862-4aea-ba99-75b2d2b57b8d None None] MySQL server mode set to STRICT_TRANS_TABLES,STRICT_ALL_TABLES,NO_ZERO_IN_DATE,NO_ZERO_DATE,ERROR_FOR_DIVISION_BY_ZERO,TRADITIONAL,NO_ENGINE_SUBSTITUTION {{(pid=107677) _check_effective_sql_mode /opt/stack/data/venv/lib/python3.12/site-packages/oslo_db/sqlalchemy/engines.py:325}}
Aug 26 20:41:23.834239 np0000191202 devstack@n-api-meta.service[107675]: DEBUG dbcounter [-] [107675] Writer thread running {{(pid=107675) stat_writer /opt/stack/data/venv/lib/python3.12/site-packages/dbcounter.py:102}}
Aug 26 20:41:23.836936 np0000191202 devstack@n-api-meta.service[107675]: DEBUG nova.context [None req-b20df58e-9a7b-49eb-911d-2ceddff72e91 None None] Found 2 cells: 00000000-0000-0000-0000-000000000000(cell0),e6ae2867-d79e-4756-b029-cce43c0d6d18(cell1) {{(pid=107675) load_cells /opt/stack/nova/nova/context.py:532}}
Aug 26 20:41:23.838712 np0000191202 devstack@n-api-meta.service[107675]: DEBUG oslo_concurrency.lockutils [None req-b20df58e-9a7b-49eb-911d-2ceddff72e91 None None] Acquiring lock "00000000-0000-0000-0000-000000000000" by "nova.context.set_target_cell..get_or_set_cached_cell_and_set_connections" {{(pid=107675) inner /opt/stack/data/venv/lib/python3.12/site-packages/oslo_concurrency/lockutils.py:512}}
Aug 26 20:41:23.838875 np0000191202 devstack@n-api-meta.service[107675]: DEBUG oslo_concurrency.lockutils [None req-b20df58e-9a7b-49eb-911d-2ceddff72e91 None None] Lock "00000000-0000-0000-0000-000000000000" acquired by "nova.context.set_target_cell..get_or_set_cached_cell_and_set_connections" :: waited 0.000s {{(pid=107675) inner /opt/stack/data/venv/lib/python3.12/site-packages/oslo_concurrency/lockutils.py:525}}
Aug 26 20:41:23.839245 np0000191202 devstack@n-api-meta.service[107675]: DEBUG oslo_concurrency.lockutils [None req-b20df58e-9a7b-49eb-911d-2ceddff72e91 None None] Lock "00000000-0000-0000-0000-000000000000" "released" by "nova.context.set_target_cell..get_or_set_cached_cell_and_set_connections" :: held 0.000s {{(pid=107675) inner /opt/stack/data/venv/lib/python3.12/site-packages/oslo_concurrency/lockutils.py:544}}
Aug 26 20:41:23.839471 np0000191202 devstack@n-api-meta.service[107675]: INFO nova.thread_pool_factory [None req-b20df58e-9a7b-49eb-911d-2ceddff72e91 None None] The cell_worker thread pool MainProcess.cell_worker is initialized
Aug 26 20:41:23.840388 np0000191202 devstack@n-api-meta.service[107675]: DEBUG oslo_concurrency.lockutils [None req-b20df58e-9a7b-49eb-911d-2ceddff72e91 None None] Acquiring lock "e6ae2867-d79e-4756-b029-cce43c0d6d18" by "nova.context.set_target_cell..get_or_set_cached_cell_and_set_connections" {{(pid=107675) inner /opt/stack/data/venv/lib/python3.12/site-packages/oslo_concurrency/lockutils.py:512}}
Aug 26 20:41:23.840550 np0000191202 devstack@n-api-meta.service[107675]: DEBUG oslo_concurrency.lockutils [None req-b20df58e-9a7b-49eb-911d-2ceddff72e91 None None] Lock "e6ae2867-d79e-4756-b029-cce43c0d6d18" acquired by "nova.context.set_target_cell..get_or_set_cached_cell_and_set_connections" :: waited 0.000s {{(pid=107675) inner /opt/stack/data/venv/lib/python3.12/site-packages/oslo_concurrency/lockutils.py:525}}
Aug 26 20:41:23.841371 np0000191202 devstack@n-api-meta.service[107675]: DEBUG oslo_concurrency.lockutils [None req-b20df58e-9a7b-49eb-911d-2ceddff72e91 None None] Lock "e6ae2867-d79e-4756-b029-cce43c0d6d18" "released" by "nova.context.set_target_cell..get_or_set_cached_cell_and_set_connections" :: held 0.001s {{(pid=107675) inner /opt/stack/data/venv/lib/python3.12/site-packages/oslo_concurrency/lockutils.py:544}}
Aug 26 20:41:23.843716 np0000191202 devstack@n-api-meta.service[107675]: INFO dbcounter [None req-b20df58e-9a7b-49eb-911d-2ceddff72e91 None None] Registered counter for database nova_cell0
Aug 26 20:41:23.847240 np0000191202 devstack@n-api-meta.service[107675]: INFO dbcounter [None req-b20df58e-9a7b-49eb-911d-2ceddff72e91 None None] Registered counter for database nova_cell1
Aug 26 20:41:23.859994 np0000191202 devstack@n-api-meta.service[107676]: DEBUG oslo_db.sqlalchemy.engines [None req-e27c3219-b989-417f-b700-2f610577c24a None None] MySQL server mode set to STRICT_TRANS_TABLES,STRICT_ALL_TABLES,NO_ZERO_IN_DATE,NO_ZERO_DATE,ERROR_FOR_DIVISION_BY_ZERO,TRADITIONAL,NO_ENGINE_SUBSTITUTION {{(pid=107676) _check_effective_sql_mode /opt/stack/data/venv/lib/python3.12/site-packages/oslo_db/sqlalchemy/engines.py:325}}
Aug 26 20:41:23.878940 np0000191202 devstack@n-api-meta.service[107678]: DEBUG dbcounter [-] [107678] Writer thread running {{(pid=107678) stat_writer /opt/stack/data/venv/lib/python3.12/site-packages/dbcounter.py:102}}
Aug 26 20:41:23.885880 np0000191202 devstack@n-api-meta.service[107678]: DEBUG dbcounter [-] [107678] Writer thread running {{(pid=107678) stat_writer /opt/stack/data/venv/lib/python3.12/site-packages/dbcounter.py:102}}
Aug 26 20:41:23.890949 np0000191202 devstack@n-api-meta.service[107678]: INFO dbcounter [None req-65e72a59-405b-4538-9e0b-dab4cdf1ada5 None None] Registered counter for database nova_cell0
Aug 26 20:41:23.911225 np0000191202 devstack@n-api-meta.service[107675]: DEBUG oslo_db.sqlalchemy.engines [None req-b20df58e-9a7b-49eb-911d-2ceddff72e91 None None] MySQL server mode set to STRICT_TRANS_TABLES,STRICT_ALL_TABLES,NO_ZERO_IN_DATE,NO_ZERO_DATE,ERROR_FOR_DIVISION_BY_ZERO,TRADITIONAL,NO_ENGINE_SUBSTITUTION {{(pid=107675) _check_effective_sql_mode /opt/stack/data/venv/lib/python3.12/site-packages/oslo_db/sqlalchemy/engines.py:325}}
Aug 26 20:41:23.915654 np0000191202 devstack@n-api-meta.service[107677]: DEBUG dbcounter [-] [107677] Writer thread running {{(pid=107677) stat_writer /opt/stack/data/venv/lib/python3.12/site-packages/dbcounter.py:102}}
Aug 26 20:41:23.920882 np0000191202 devstack@n-api-meta.service[107677]: DEBUG dbcounter [-] [107677] Writer thread running {{(pid=107677) stat_writer /opt/stack/data/venv/lib/python3.12/site-packages/dbcounter.py:102}}
Aug 26 20:41:23.925969 np0000191202 devstack@n-api-meta.service[107677]: INFO dbcounter [None req-5f58847d-c862-4aea-ba99-75b2d2b57b8d None None] Registered counter for database nova_cell0
Aug 26 20:41:23.942986 np0000191202 devstack@n-api-meta.service[107678]: DEBUG oslo_db.sqlalchemy.engines [None req-65e72a59-405b-4538-9e0b-dab4cdf1ada5 None None] MySQL server mode set to STRICT_TRANS_TABLES,STRICT_ALL_TABLES,NO_ZERO_IN_DATE,NO_ZERO_DATE,ERROR_FOR_DIVISION_BY_ZERO,TRADITIONAL,NO_ENGINE_SUBSTITUTION {{(pid=107678) _check_effective_sql_mode /opt/stack/data/venv/lib/python3.12/site-packages/oslo_db/sqlalchemy/engines.py:325}}
Aug 26 20:41:23.949112 np0000191202 devstack@n-api-meta.service[107678]: DEBUG dbcounter [-] [107678] Writer thread running {{(pid=107678) stat_writer /opt/stack/data/venv/lib/python3.12/site-packages/dbcounter.py:102}}
Aug 26 20:41:23.953701 np0000191202 devstack@n-api-meta.service[107675]: DEBUG oslo_db.sqlalchemy.engines [None req-b20df58e-9a7b-49eb-911d-2ceddff72e91 None None] MySQL server mode set to STRICT_TRANS_TABLES,STRICT_ALL_TABLES,NO_ZERO_IN_DATE,NO_ZERO_DATE,ERROR_FOR_DIVISION_BY_ZERO,TRADITIONAL,NO_ENGINE_SUBSTITUTION {{(pid=107675) _check_effective_sql_mode /opt/stack/data/venv/lib/python3.12/site-packages/oslo_db/sqlalchemy/engines.py:325}}
Aug 26 20:41:23.957560 np0000191202 devstack@n-api-meta.service[107676]: DEBUG dbcounter [-] [107676] Writer thread running {{(pid=107676) stat_writer /opt/stack/data/venv/lib/python3.12/site-packages/dbcounter.py:102}}
Aug 26 20:41:23.958531 np0000191202 devstack@n-api-meta.service[107676]: DEBUG oslo_db.sqlalchemy.engines [None req-e27c3219-b989-417f-b700-2f610577c24a None None] MySQL server mode set to STRICT_TRANS_TABLES,STRICT_ALL_TABLES,NO_ZERO_IN_DATE,NO_ZERO_DATE,ERROR_FOR_DIVISION_BY_ZERO,TRADITIONAL,NO_ENGINE_SUBSTITUTION {{(pid=107676) _check_effective_sql_mode /opt/stack/data/venv/lib/python3.12/site-packages/oslo_db/sqlalchemy/engines.py:325}}
Aug 26 20:41:23.964565 np0000191202 devstack@n-api-meta.service[107676]: DEBUG dbcounter [-] [107676] Writer thread running {{(pid=107676) stat_writer /opt/stack/data/venv/lib/python3.12/site-packages/dbcounter.py:102}}
Aug 26 20:41:23.967832 np0000191202 devstack@n-api-meta.service[107676]: INFO dbcounter [None req-e27c3219-b989-417f-b700-2f610577c24a None None] Registered counter for database nova_cell0
Aug 26 20:41:23.979932 np0000191202 devstack@n-api-meta.service[107677]: DEBUG oslo_db.sqlalchemy.engines [None req-5f58847d-c862-4aea-ba99-75b2d2b57b8d None None] MySQL server mode set to STRICT_TRANS_TABLES,STRICT_ALL_TABLES,NO_ZERO_IN_DATE,NO_ZERO_DATE,ERROR_FOR_DIVISION_BY_ZERO,TRADITIONAL,NO_ENGINE_SUBSTITUTION {{(pid=107677) _check_effective_sql_mode /opt/stack/data/venv/lib/python3.12/site-packages/oslo_db/sqlalchemy/engines.py:325}}
Aug 26 20:41:23.987294 np0000191202 devstack@n-api-meta.service[107677]: DEBUG dbcounter [-] [107677] Writer thread running {{(pid=107677) stat_writer /opt/stack/data/venv/lib/python3.12/site-packages/dbcounter.py:102}}
Aug 26 20:41:23.994347 np0000191202 devstack@n-api-meta.service[107678]: WARNING nova.api.metadata.handler [None req-65e72a59-405b-4538-9e0b-dab4cdf1ada5 None None] metadata_proxy_shared_secret is not configured, the metadata information returned by the proxy cannot be trusted
Aug 26 20:41:23.996933 np0000191202 devstack@n-api-meta.service[107678]: DEBUG nova.api.openstack.wsgi_app [None req-65e72a59-405b-4538-9e0b-dab4cdf1ada5 None None] ******************************************************************************** {{(pid=107678) log_opt_values /opt/stack/data/venv/lib/python3.12/site-packages/oslo_config/cfg.py:3533}}
Aug 26 20:41:23.997034 np0000191202 devstack@n-api-meta.service[107678]: DEBUG nova.api.openstack.wsgi_app [None req-65e72a59-405b-4538-9e0b-dab4cdf1ada5 None None] Configuration options gathered from: {{(pid=107678) log_opt_values /opt/stack/data/venv/lib/python3.12/site-packages/oslo_config/cfg.py:3534}}
Aug 26 20:41:23.997115 np0000191202 devstack@n-api-meta.service[107678]: DEBUG nova.api.openstack.wsgi_app [None req-65e72a59-405b-4538-9e0b-dab4cdf1ada5 None None] command line args: [] {{(pid=107678) log_opt_values /opt/stack/data/venv/lib/python3.12/site-packages/oslo_config/cfg.py:3535}}
Aug 26 20:41:23.997260 np0000191202 devstack@n-api-meta.service[107678]: DEBUG nova.api.openstack.wsgi_app [None req-65e72a59-405b-4538-9e0b-dab4cdf1ada5 None None] config files: ['/etc/nova/api-paste.ini', '/etc/nova/nova.conf'] {{(pid=107678) log_opt_values /opt/stack/data/venv/lib/python3.12/site-packages/oslo_config/cfg.py:3536}}
Aug 26 20:41:23.997345 np0000191202 devstack@n-api-meta.service[107678]: DEBUG nova.api.openstack.wsgi_app [None req-65e72a59-405b-4538-9e0b-dab4cdf1ada5 None None] ================================================================================ {{(pid=107678) log_opt_values /opt/stack/data/venv/lib/python3.12/site-packages/oslo_config/cfg.py:3541}}
Aug 26 20:41:23.997565 np0000191202 devstack@n-api-meta.service[107678]: DEBUG nova.api.openstack.wsgi_app [None req-65e72a59-405b-4538-9e0b-dab4cdf1ada5 None None] allow_resize_to_same_host = True {{(pid=107678) log_opt_values /opt/stack/data/venv/lib/python3.12/site-packages/oslo_config/cfg.py:3549}}
Aug 26 20:41:23.997690 np0000191202 devstack@n-api-meta.service[107678]: DEBUG nova.api.openstack.wsgi_app [None req-65e72a59-405b-4538-9e0b-dab4cdf1ada5 None None] arq_binding_timeout = 300 {{(pid=107678) log_opt_values /opt/stack/data/venv/lib/python3.12/site-packages/oslo_config/cfg.py:3549}}
Aug 26 20:41:23.997818 np0000191202 devstack@n-api-meta.service[107678]: DEBUG nova.api.openstack.wsgi_app [None req-65e72a59-405b-4538-9e0b-dab4cdf1ada5 None None] block_device_allocate_retries = 60 {{(pid=107678) log_opt_values /opt/stack/data/venv/lib/python3.12/site-packages/oslo_config/cfg.py:3549}}
Aug 26 20:41:23.997966 np0000191202 devstack@n-api-meta.service[107678]: DEBUG nova.api.openstack.wsgi_app [None req-65e72a59-405b-4538-9e0b-dab4cdf1ada5 None None] block_device_allocate_retries_interval = 3 {{(pid=107678) log_opt_values /opt/stack/data/venv/lib/python3.12/site-packages/oslo_config/cfg.py:3549}}
Aug 26 20:41:23.998065 np0000191202 devstack@n-api-meta.service[107678]: DEBUG nova.api.openstack.wsgi_app [None req-65e72a59-405b-4538-9e0b-dab4cdf1ada5 None None] cell_worker_thread_pool_size = 5 {{(pid=107678) log_opt_values /opt/stack/data/venv/lib/python3.12/site-packages/oslo_config/cfg.py:3549}}
Aug 26 20:41:23.998205 np0000191202 devstack@n-api-meta.service[107678]: DEBUG nova.api.openstack.wsgi_app [None req-65e72a59-405b-4538-9e0b-dab4cdf1ada5 None None] cert = self.pem {{(pid=107678) log_opt_values /opt/stack/data/venv/lib/python3.12/site-packages/oslo_config/cfg.py:3549}}
Aug 26 20:41:23.998331 np0000191202 devstack@n-api-meta.service[107678]: DEBUG nova.api.openstack.wsgi_app [None req-65e72a59-405b-4538-9e0b-dab4cdf1ada5 None None] compute_driver = libvirt.LibvirtDriver {{(pid=107678) log_opt_values /opt/stack/data/venv/lib/python3.12/site-packages/oslo_config/cfg.py:3549}}
Aug 26 20:41:23.998484 np0000191202 devstack@n-api-meta.service[107678]: DEBUG nova.api.openstack.wsgi_app [None req-65e72a59-405b-4538-9e0b-dab4cdf1ada5 None None] compute_monitors = [] {{(pid=107678) log_opt_values /opt/stack/data/venv/lib/python3.12/site-packages/oslo_config/cfg.py:3549}}
Aug 26 20:41:23.998602 np0000191202 devstack@n-api-meta.service[107678]: DEBUG nova.api.openstack.wsgi_app [None req-65e72a59-405b-4538-9e0b-dab4cdf1ada5 None None] concurrency_backend = auto {{(pid=107678) log_opt_values /opt/stack/data/venv/lib/python3.12/site-packages/oslo_config/cfg.py:3549}}
Aug 26 20:41:23.998760 np0000191202 devstack@n-api-meta.service[107678]: DEBUG nova.api.openstack.wsgi_app [None req-65e72a59-405b-4538-9e0b-dab4cdf1ada5 None None] config_dir = [] {{(pid=107678) log_opt_values /opt/stack/data/venv/lib/python3.12/site-packages/oslo_config/cfg.py:3549}}
Aug 26 20:41:23.998866 np0000191202 devstack@n-api-meta.service[107678]: DEBUG nova.api.openstack.wsgi_app [None req-65e72a59-405b-4538-9e0b-dab4cdf1ada5 None None] config_drive_format = iso9660 {{(pid=107678) log_opt_values /opt/stack/data/venv/lib/python3.12/site-packages/oslo_config/cfg.py:3549}}
Aug 26 20:41:23.998970 np0000191202 devstack@n-api-meta.service[107678]: DEBUG nova.api.openstack.wsgi_app [None req-65e72a59-405b-4538-9e0b-dab4cdf1ada5 None None] config_file = ['/etc/nova/api-paste.ini', '/etc/nova/nova.conf'] {{(pid=107678) log_opt_values /opt/stack/data/venv/lib/python3.12/site-packages/oslo_config/cfg.py:3549}}
Aug 26 20:41:23.999111 np0000191202 devstack@n-api-meta.service[107678]: DEBUG nova.api.openstack.wsgi_app [None req-65e72a59-405b-4538-9e0b-dab4cdf1ada5 None None] config_source = [] {{(pid=107678) log_opt_values /opt/stack/data/venv/lib/python3.12/site-packages/oslo_config/cfg.py:3549}}
Aug 26 20:41:23.999235 np0000191202 devstack@n-api-meta.service[107678]: DEBUG nova.api.openstack.wsgi_app [None req-65e72a59-405b-4538-9e0b-dab4cdf1ada5 None None] console_host = np0000191202 {{(pid=107678) log_opt_values /opt/stack/data/venv/lib/python3.12/site-packages/oslo_config/cfg.py:3549}}
Aug 26 20:41:23.999364 np0000191202 devstack@n-api-meta.service[107678]: DEBUG nova.api.openstack.wsgi_app [None req-65e72a59-405b-4538-9e0b-dab4cdf1ada5 None None] control_exchange = nova {{(pid=107678) log_opt_values /opt/stack/data/venv/lib/python3.12/site-packages/oslo_config/cfg.py:3549}}
Aug 26 20:41:23.999501 np0000191202 devstack@n-api-meta.service[107678]: DEBUG nova.api.openstack.wsgi_app [None req-65e72a59-405b-4538-9e0b-dab4cdf1ada5 None None] cpu_allocation_ratio = None {{(pid=107678) log_opt_values /opt/stack/data/venv/lib/python3.12/site-packages/oslo_config/cfg.py:3549}}
Aug 26 20:41:23.999622 np0000191202 devstack@n-api-meta.service[107678]: DEBUG nova.api.openstack.wsgi_app [None req-65e72a59-405b-4538-9e0b-dab4cdf1ada5 None None] daemon = False {{(pid=107678) log_opt_values /opt/stack/data/venv/lib/python3.12/site-packages/oslo_config/cfg.py:3549}}
Aug 26 20:41:23.999757 np0000191202 devstack@n-api-meta.service[107678]: DEBUG nova.api.openstack.wsgi_app [None req-65e72a59-405b-4538-9e0b-dab4cdf1ada5 None None] debug = True {{(pid=107678) log_opt_values /opt/stack/data/venv/lib/python3.12/site-packages/oslo_config/cfg.py:3549}}
Aug 26 20:41:23.999974 np0000191202 devstack@n-api-meta.service[107678]: DEBUG nova.api.openstack.wsgi_app [None req-65e72a59-405b-4538-9e0b-dab4cdf1ada5 None None] default_access_ip_network_name = None {{(pid=107678) log_opt_values /opt/stack/data/venv/lib/python3.12/site-packages/oslo_config/cfg.py:3549}}
Aug 26 20:41:24.000121 np0000191202 devstack@n-api-meta.service[107678]: DEBUG nova.api.openstack.wsgi_app [None req-65e72a59-405b-4538-9e0b-dab4cdf1ada5 None None] default_availability_zone = nova {{(pid=107678) log_opt_values /opt/stack/data/venv/lib/python3.12/site-packages/oslo_config/cfg.py:3549}}
Aug 26 20:41:24.000286 np0000191202 devstack@n-api-meta.service[107678]: DEBUG nova.api.openstack.wsgi_app [None req-65e72a59-405b-4538-9e0b-dab4cdf1ada5 None None] default_ephemeral_format = ext4 {{(pid=107678) log_opt_values /opt/stack/data/venv/lib/python3.12/site-packages/oslo_config/cfg.py:3549}}
Aug 26 20:41:24.000449 np0000191202 devstack@n-api-meta.service[107678]: DEBUG nova.api.openstack.wsgi_app [None req-65e72a59-405b-4538-9e0b-dab4cdf1ada5 None None] default_green_pool_size = 1000 {{(pid=107678) log_opt_values /opt/stack/data/venv/lib/python3.12/site-packages/oslo_config/cfg.py:3549}}
Aug 26 20:41:24.000740 np0000191202 devstack@n-api-meta.service[107678]: DEBUG nova.api.openstack.wsgi_app [None req-65e72a59-405b-4538-9e0b-dab4cdf1ada5 None None] default_log_levels = ['amqp=WARN', 'boto=WARN', 'sqlalchemy=WARN', 'suds=INFO', 'oslo.messaging=INFO', 'oslo_messaging=INFO', 'iso8601=WARN', 'requests.packages.urllib3.connectionpool=WARN', 'urllib3.connectionpool=WARN', 'websocket=WARN', 'requests.packages.urllib3.util.retry=WARN', 'urllib3.util.retry=WARN', 'keystonemiddleware=WARN', 'routes.middleware=WARN', 'stevedore=WARN', 'taskflow=WARN', 'keystoneauth=WARN', 'oslo.cache=INFO', 'oslo_policy=INFO', 'dogpile.core.dogpile=INFO', 'glanceclient=WARN', 'oslo.privsep.daemon=INFO'] {{(pid=107678) log_opt_values /opt/stack/data/venv/lib/python3.12/site-packages/oslo_config/cfg.py:3549}}
Aug 26 20:41:24.000967 np0000191202 devstack@n-api-meta.service[107678]: DEBUG nova.api.openstack.wsgi_app [None req-65e72a59-405b-4538-9e0b-dab4cdf1ada5 None None] default_schedule_zone = None {{(pid=107678) log_opt_values /opt/stack/data/venv/lib/python3.12/site-packages/oslo_config/cfg.py:3549}}
Aug 26 20:41:24.001294 np0000191202 devstack@n-api-meta.service[107678]: DEBUG nova.api.openstack.wsgi_app [None req-65e72a59-405b-4538-9e0b-dab4cdf1ada5 None None] default_thread_pool_size = 10 {{(pid=107678) log_opt_values /opt/stack/data/venv/lib/python3.12/site-packages/oslo_config/cfg.py:3549}}
Aug 26 20:41:24.001294 np0000191202 devstack@n-api-meta.service[107678]: DEBUG nova.api.openstack.wsgi_app [None req-65e72a59-405b-4538-9e0b-dab4cdf1ada5 None None] disk_allocation_ratio = None {{(pid=107678) log_opt_values /opt/stack/data/venv/lib/python3.12/site-packages/oslo_config/cfg.py:3549}}
Aug 26 20:41:24.001294 np0000191202 devstack@n-api-meta.service[107678]: DEBUG nova.api.openstack.wsgi_app [None req-65e72a59-405b-4538-9e0b-dab4cdf1ada5 None None] enable_new_services = True {{(pid=107678) log_opt_values /opt/stack/data/venv/lib/python3.12/site-packages/oslo_config/cfg.py:3549}}
Aug 26 20:41:24.001545 np0000191202 devstack@n-api-meta.service[107678]: DEBUG nova.api.openstack.wsgi_app [None req-65e72a59-405b-4538-9e0b-dab4cdf1ada5 None None] flat_injected = False {{(pid=107678) log_opt_values /opt/stack/data/venv/lib/python3.12/site-packages/oslo_config/cfg.py:3549}}
Aug 26 20:41:24.001545 np0000191202 devstack@n-api-meta.service[107678]: DEBUG nova.api.openstack.wsgi_app [None req-65e72a59-405b-4538-9e0b-dab4cdf1ada5 None None] force_config_drive = False {{(pid=107678) log_opt_values /opt/stack/data/venv/lib/python3.12/site-packages/oslo_config/cfg.py:3549}}
Aug 26 20:41:24.001685 np0000191202 devstack@n-api-meta.service[107678]: DEBUG nova.api.openstack.wsgi_app [None req-65e72a59-405b-4538-9e0b-dab4cdf1ada5 None None] force_raw_images = True {{(pid=107678) log_opt_values /opt/stack/data/venv/lib/python3.12/site-packages/oslo_config/cfg.py:3549}}
Aug 26 20:41:24.001802 np0000191202 devstack@n-api-meta.service[107678]: DEBUG nova.api.openstack.wsgi_app [None req-65e72a59-405b-4538-9e0b-dab4cdf1ada5 None None] graceful_shutdown_timeout = 5 {{(pid=107678) log_opt_values /opt/stack/data/venv/lib/python3.12/site-packages/oslo_config/cfg.py:3549}}
Aug 26 20:41:24.001967 np0000191202 devstack@n-api-meta.service[107678]: DEBUG nova.api.openstack.wsgi_app [None req-65e72a59-405b-4538-9e0b-dab4cdf1ada5 None None] heal_instance_info_cache_interval = -1 {{(pid=107678) log_opt_values /opt/stack/data/venv/lib/python3.12/site-packages/oslo_config/cfg.py:3549}}
Aug 26 20:41:24.002126 np0000191202 devstack@n-api-meta.service[107678]: DEBUG nova.api.openstack.wsgi_app [None req-65e72a59-405b-4538-9e0b-dab4cdf1ada5 None None] host = np0000191202 {{(pid=107678) log_opt_values /opt/stack/data/venv/lib/python3.12/site-packages/oslo_config/cfg.py:3549}}
Aug 26 20:41:24.002259 np0000191202 devstack@n-api-meta.service[107678]: DEBUG nova.api.openstack.wsgi_app [None req-65e72a59-405b-4538-9e0b-dab4cdf1ada5 None None] initial_cpu_allocation_ratio = 4.0 {{(pid=107678) log_opt_values /opt/stack/data/venv/lib/python3.12/site-packages/oslo_config/cfg.py:3549}}
Aug 26 20:41:24.002393 np0000191202 devstack@n-api-meta.service[107678]: DEBUG nova.api.openstack.wsgi_app [None req-65e72a59-405b-4538-9e0b-dab4cdf1ada5 None None] initial_disk_allocation_ratio = 1.0 {{(pid=107678) log_opt_values /opt/stack/data/venv/lib/python3.12/site-packages/oslo_config/cfg.py:3549}}
Aug 26 20:41:24.002535 np0000191202 devstack@n-api-meta.service[107678]: DEBUG nova.api.openstack.wsgi_app [None req-65e72a59-405b-4538-9e0b-dab4cdf1ada5 None None] initial_ram_allocation_ratio = 1.0 {{(pid=107678) log_opt_values /opt/stack/data/venv/lib/python3.12/site-packages/oslo_config/cfg.py:3549}}
Aug 26 20:41:24.002708 np0000191202 devstack@n-api-meta.service[107678]: DEBUG nova.api.openstack.wsgi_app [None req-65e72a59-405b-4538-9e0b-dab4cdf1ada5 None None] injected_network_template = /opt/stack/nova/nova/virt/interfaces.template {{(pid=107678) log_opt_values /opt/stack/data/venv/lib/python3.12/site-packages/oslo_config/cfg.py:3549}}
Aug 26 20:41:24.002837 np0000191202 devstack@n-api-meta.service[107678]: DEBUG nova.api.openstack.wsgi_app [None req-65e72a59-405b-4538-9e0b-dab4cdf1ada5 None None] instance_build_timeout = 0 {{(pid=107678) log_opt_values /opt/stack/data/venv/lib/python3.12/site-packages/oslo_config/cfg.py:3549}}
Aug 26 20:41:24.002963 np0000191202 devstack@n-api-meta.service[107678]: DEBUG nova.api.openstack.wsgi_app [None req-65e72a59-405b-4538-9e0b-dab4cdf1ada5 None None] instance_delete_interval = 300 {{(pid=107678) log_opt_values /opt/stack/data/venv/lib/python3.12/site-packages/oslo_config/cfg.py:3549}}
Aug 26 20:41:24.003112 np0000191202 devstack@n-api-meta.service[107678]: DEBUG nova.api.openstack.wsgi_app [None req-65e72a59-405b-4538-9e0b-dab4cdf1ada5 None None] instance_format = [instance: %(uuid)s] {{(pid=107678) log_opt_values /opt/stack/data/venv/lib/python3.12/site-packages/oslo_config/cfg.py:3549}}
Aug 26 20:41:24.003367 np0000191202 devstack@n-api-meta.service[107678]: DEBUG nova.api.openstack.wsgi_app [None req-65e72a59-405b-4538-9e0b-dab4cdf1ada5 None None] instance_name_template = instance-%08x {{(pid=107678) log_opt_values /opt/stack/data/venv/lib/python3.12/site-packages/oslo_config/cfg.py:3549}}
Aug 26 20:41:24.003367 np0000191202 devstack@n-api-meta.service[107678]: DEBUG nova.api.openstack.wsgi_app [None req-65e72a59-405b-4538-9e0b-dab4cdf1ada5 None None] instance_usage_audit = False {{(pid=107678) log_opt_values /opt/stack/data/venv/lib/python3.12/site-packages/oslo_config/cfg.py:3549}}
Aug 26 20:41:24.003543 np0000191202 devstack@n-api-meta.service[107678]: DEBUG nova.api.openstack.wsgi_app [None req-65e72a59-405b-4538-9e0b-dab4cdf1ada5 None None] instance_usage_audit_period = month {{(pid=107678) log_opt_values /opt/stack/data/venv/lib/python3.12/site-packages/oslo_config/cfg.py:3549}}
Aug 26 20:41:24.003630 np0000191202 devstack@n-api-meta.service[107678]: DEBUG nova.api.openstack.wsgi_app [None req-65e72a59-405b-4538-9e0b-dab4cdf1ada5 None None] instance_uuid_format = [instance: %(uuid)s] {{(pid=107678) log_opt_values /opt/stack/data/venv/lib/python3.12/site-packages/oslo_config/cfg.py:3549}}
Aug 26 20:41:24.003762 np0000191202 devstack@n-api-meta.service[107678]: DEBUG nova.api.openstack.wsgi_app [None req-65e72a59-405b-4538-9e0b-dab4cdf1ada5 None None] instances_path = /opt/stack/data/nova/instances {{(pid=107678) log_opt_values /opt/stack/data/venv/lib/python3.12/site-packages/oslo_config/cfg.py:3549}}
Aug 26 20:41:24.003920 np0000191202 devstack@n-api-meta.service[107678]: DEBUG nova.api.openstack.wsgi_app [None req-65e72a59-405b-4538-9e0b-dab4cdf1ada5 None None] internal_service_availability_zone = internal {{(pid=107678) log_opt_values /opt/stack/data/venv/lib/python3.12/site-packages/oslo_config/cfg.py:3549}}
Aug 26 20:41:24.004038 np0000191202 devstack@n-api-meta.service[107678]: DEBUG nova.api.openstack.wsgi_app [None req-65e72a59-405b-4538-9e0b-dab4cdf1ada5 None None] key = None {{(pid=107678) log_opt_values /opt/stack/data/venv/lib/python3.12/site-packages/oslo_config/cfg.py:3549}}
Aug 26 20:41:24.004153 np0000191202 devstack@n-api-meta.service[107678]: DEBUG nova.api.openstack.wsgi_app [None req-65e72a59-405b-4538-9e0b-dab4cdf1ada5 None None] live_migration_retry_count = 30 {{(pid=107678) log_opt_values /opt/stack/data/venv/lib/python3.12/site-packages/oslo_config/cfg.py:3549}}
Aug 26 20:41:24.004285 np0000191202 devstack@n-api-meta.service[107678]: DEBUG nova.api.openstack.wsgi_app [None req-65e72a59-405b-4538-9e0b-dab4cdf1ada5 None None] log_color = False {{(pid=107678) log_opt_values /opt/stack/data/venv/lib/python3.12/site-packages/oslo_config/cfg.py:3549}}
Aug 26 20:41:24.004411 np0000191202 devstack@n-api-meta.service[107678]: DEBUG nova.api.openstack.wsgi_app [None req-65e72a59-405b-4538-9e0b-dab4cdf1ada5 None None] log_config_append = None {{(pid=107678) log_opt_values /opt/stack/data/venv/lib/python3.12/site-packages/oslo_config/cfg.py:3549}}
Aug 26 20:41:24.004591 np0000191202 devstack@n-api-meta.service[107678]: DEBUG nova.api.openstack.wsgi_app [None req-65e72a59-405b-4538-9e0b-dab4cdf1ada5 None None] log_date_format = %Y-%m-%d %H:%M:%S {{(pid=107678) log_opt_values /opt/stack/data/venv/lib/python3.12/site-packages/oslo_config/cfg.py:3549}}
Aug 26 20:41:24.004725 np0000191202 devstack@n-api-meta.service[107678]: DEBUG nova.api.openstack.wsgi_app [None req-65e72a59-405b-4538-9e0b-dab4cdf1ada5 None None] log_dir = None {{(pid=107678) log_opt_values /opt/stack/data/venv/lib/python3.12/site-packages/oslo_config/cfg.py:3549}}
Aug 26 20:41:24.004856 np0000191202 devstack@n-api-meta.service[107678]: DEBUG nova.api.openstack.wsgi_app [None req-65e72a59-405b-4538-9e0b-dab4cdf1ada5 None None] log_file = None {{(pid=107678) log_opt_values /opt/stack/data/venv/lib/python3.12/site-packages/oslo_config/cfg.py:3549}}
Aug 26 20:41:24.004966 np0000191202 devstack@n-api-meta.service[107678]: DEBUG nova.api.openstack.wsgi_app [None req-65e72a59-405b-4538-9e0b-dab4cdf1ada5 None None] log_options = True {{(pid=107678) log_opt_values /opt/stack/data/venv/lib/python3.12/site-packages/oslo_config/cfg.py:3549}}
Aug 26 20:41:24.005101 np0000191202 devstack@n-api-meta.service[107678]: DEBUG nova.api.openstack.wsgi_app [None req-65e72a59-405b-4538-9e0b-dab4cdf1ada5 None None] log_rotate_interval = 1 {{(pid=107678) log_opt_values /opt/stack/data/venv/lib/python3.12/site-packages/oslo_config/cfg.py:3549}}
Aug 26 20:41:24.005231 np0000191202 devstack@n-api-meta.service[107678]: DEBUG nova.api.openstack.wsgi_app [None req-65e72a59-405b-4538-9e0b-dab4cdf1ada5 None None] log_rotate_interval_type = days {{(pid=107678) log_opt_values /opt/stack/data/venv/lib/python3.12/site-packages/oslo_config/cfg.py:3549}}
Aug 26 20:41:24.005335 np0000191202 devstack@n-api-meta.service[107675]: DEBUG dbcounter [-] [107675] Writer thread running {{(pid=107675) stat_writer /opt/stack/data/venv/lib/python3.12/site-packages/dbcounter.py:102}}
Aug 26 20:41:24.005419 np0000191202 devstack@n-api-meta.service[107678]: DEBUG nova.api.openstack.wsgi_app [None req-65e72a59-405b-4538-9e0b-dab4cdf1ada5 None None] log_rotation_type = none {{(pid=107678) log_opt_values /opt/stack/data/venv/lib/python3.12/site-packages/oslo_config/cfg.py:3549}}
Aug 26 20:41:24.005518 np0000191202 devstack@n-api-meta.service[107678]: DEBUG nova.api.openstack.wsgi_app [None req-65e72a59-405b-4538-9e0b-dab4cdf1ada5 None None] logging_context_format_string = %(color)s%(levelname)s %(name)s [%(global_request_id)s %(request_id)s %(project_name)s %(user_name)s%(color)s] %(instance)s%(color)s%(message)s {{(pid=107678) log_opt_values /opt/stack/data/venv/lib/python3.12/site-packages/oslo_config/cfg.py:3549}}
Aug 26 20:41:24.005609 np0000191202 devstack@n-api-meta.service[107678]: DEBUG nova.api.openstack.wsgi_app [None req-65e72a59-405b-4538-9e0b-dab4cdf1ada5 None None] logging_debug_format_suffix = {{(pid=%(process)d) %(funcName)s %(pathname)s:%(lineno)d}} {{(pid=107678) log_opt_values /opt/stack/data/venv/lib/python3.12/site-packages/oslo_config/cfg.py:3549}}
Aug 26 20:41:24.005734 np0000191202 devstack@n-api-meta.service[107678]: DEBUG nova.api.openstack.wsgi_app [None req-65e72a59-405b-4538-9e0b-dab4cdf1ada5 None None] logging_default_format_string = %(color)s%(levelname)s %(name)s [-%(color)s] %(instance)s%(color)s%(message)s {{(pid=107678) log_opt_values /opt/stack/data/venv/lib/python3.12/site-packages/oslo_config/cfg.py:3549}}
Aug 26 20:41:24.005861 np0000191202 devstack@n-api-meta.service[107678]: DEBUG nova.api.openstack.wsgi_app [None req-65e72a59-405b-4538-9e0b-dab4cdf1ada5 None None] logging_exception_prefix = ERROR %(name)s %(instance)s {{(pid=107678) log_opt_values /opt/stack/data/venv/lib/python3.12/site-packages/oslo_config/cfg.py:3549}}
Aug 26 20:41:24.006533 np0000191202 devstack@n-api-meta.service[107678]: DEBUG nova.api.openstack.wsgi_app [None req-65e72a59-405b-4538-9e0b-dab4cdf1ada5 None None] logging_user_identity_format = %(user)s %(project)s %(domain)s %(system_scope)s %(user_domain)s %(project_domain)s {{(pid=107678) log_opt_values /opt/stack/data/venv/lib/python3.12/site-packages/oslo_config/cfg.py:3549}}
