Apr 03 01:26:52.684840 np0000163298 nova-scheduler[107503]: DEBUG cotyledon.oslo_config_glue [-] workarounds.disable_compute_service_check_for_ffu = False {{(pid=107503) log_opt_values /opt/stack/data/venv/lib/python3.12/site-packages/oslo_config/cfg.py:3006}}
Apr 03 01:26:52.685160 np0000163298 nova-scheduler[107503]: DEBUG cotyledon.oslo_config_glue [-] workarounds.disable_deep_image_inspection = False {{(pid=107503) log_opt_values /opt/stack/data/venv/lib/python3.12/site-packages/oslo_config/cfg.py:3006}}
Apr 03 01:26:52.685160 np0000163298 nova-scheduler[107503]: DEBUG cotyledon.oslo_config_glue [-] workarounds.disable_fallback_pcpu_query = False {{(pid=107503) log_opt_values /opt/stack/data/venv/lib/python3.12/site-packages/oslo_config/cfg.py:3006}}
Apr 03 01:26:52.685160 np0000163298 nova-scheduler[107503]: DEBUG cotyledon.oslo_config_glue [-] workarounds.disable_group_policy_check_upcall = False {{(pid=107503) log_opt_values /opt/stack/data/venv/lib/python3.12/site-packages/oslo_config/cfg.py:3006}}
Apr 03 01:26:52.685160 np0000163298 nova-scheduler[107503]: DEBUG cotyledon.oslo_config_glue [-] workarounds.disable_libvirt_livesnapshot = False {{(pid=107503) log_opt_values /opt/stack/data/venv/lib/python3.12/site-packages/oslo_config/cfg.py:3006}}
Apr 03 01:26:52.685160 np0000163298 nova-scheduler[107503]: DEBUG cotyledon.oslo_config_glue [-] workarounds.disable_rootwrap = False {{(pid=107503) log_opt_values /opt/stack/data/venv/lib/python3.12/site-packages/oslo_config/cfg.py:3006}}
Apr 03 01:26:52.685160 np0000163298 nova-scheduler[107503]: DEBUG cotyledon.oslo_config_glue [-] workarounds.enable_numa_live_migration = False {{(pid=107503) log_opt_values /opt/stack/data/venv/lib/python3.12/site-packages/oslo_config/cfg.py:3006}}
Apr 03 01:26:52.685160 np0000163298 nova-scheduler[107503]: DEBUG cotyledon.oslo_config_glue [-] workarounds.enable_qemu_monitor_announce_self = False {{(pid=107503) log_opt_values /opt/stack/data/venv/lib/python3.12/site-packages/oslo_config/cfg.py:3006}}
Apr 03 01:26:52.685160 np0000163298 nova-scheduler[107503]: DEBUG cotyledon.oslo_config_glue [-] workarounds.ensure_libvirt_rbd_instance_dir_cleanup = False {{(pid=107503) log_opt_values /opt/stack/data/venv/lib/python3.12/site-packages/oslo_config/cfg.py:3006}}
Apr 03 01:26:52.685160 np0000163298 nova-scheduler[107503]: DEBUG cotyledon.oslo_config_glue [-] workarounds.handle_virt_lifecycle_events = True {{(pid=107503) log_opt_values /opt/stack/data/venv/lib/python3.12/site-packages/oslo_config/cfg.py:3006}}
Apr 03 01:26:52.685505 np0000163298 nova-scheduler[107503]: DEBUG cotyledon.oslo_config_glue [-] workarounds.libvirt_disable_apic = False {{(pid=107503) log_opt_values /opt/stack/data/venv/lib/python3.12/site-packages/oslo_config/cfg.py:3006}}
Apr 03 01:26:52.685505 np0000163298 nova-scheduler[107503]: DEBUG cotyledon.oslo_config_glue [-] workarounds.never_download_image_if_on_rbd = False {{(pid=107503) log_opt_values /opt/stack/data/venv/lib/python3.12/site-packages/oslo_config/cfg.py:3006}}
Apr 03 01:26:52.685505 np0000163298 nova-scheduler[107503]: DEBUG cotyledon.oslo_config_glue [-] workarounds.qemu_monitor_announce_self_count = 3 {{(pid=107503) log_opt_values /opt/stack/data/venv/lib/python3.12/site-packages/oslo_config/cfg.py:3006}}
Apr 03 01:26:52.685505 np0000163298 nova-scheduler[107503]: DEBUG cotyledon.oslo_config_glue [-] workarounds.qemu_monitor_announce_self_interval = 1 {{(pid=107503) log_opt_values /opt/stack/data/venv/lib/python3.12/site-packages/oslo_config/cfg.py:3006}}
Apr 03 01:26:52.685505 np0000163298 nova-scheduler[107503]: DEBUG cotyledon.oslo_config_glue [-] workarounds.reserve_disk_resource_for_image_cache = False {{(pid=107503) log_opt_values /opt/stack/data/venv/lib/python3.12/site-packages/oslo_config/cfg.py:3006}}
Apr 03 01:26:52.685505 np0000163298 nova-scheduler[107503]: DEBUG cotyledon.oslo_config_glue [-] workarounds.skip_cpu_compare_at_startup = False {{(pid=107503) log_opt_values /opt/stack/data/venv/lib/python3.12/site-packages/oslo_config/cfg.py:3006}}
Apr 03 01:26:52.685505 np0000163298 nova-scheduler[107503]: DEBUG cotyledon.oslo_config_glue [-] workarounds.skip_cpu_compare_on_dest = False {{(pid=107503) log_opt_values /opt/stack/data/venv/lib/python3.12/site-packages/oslo_config/cfg.py:3006}}
Apr 03 01:26:52.685505 np0000163298 nova-scheduler[107503]: DEBUG cotyledon.oslo_config_glue [-] workarounds.skip_hypervisor_version_check_on_lm = False {{(pid=107503) log_opt_values /opt/stack/data/venv/lib/python3.12/site-packages/oslo_config/cfg.py:3006}}
Apr 03 01:26:52.685505 np0000163298 nova-scheduler[107503]: DEBUG cotyledon.oslo_config_glue [-] workarounds.skip_reserve_in_use_ironic_nodes = False {{(pid=107503) log_opt_values /opt/stack/data/venv/lib/python3.12/site-packages/oslo_config/cfg.py:3006}}
Apr 03 01:26:52.685834 np0000163298 nova-scheduler[107503]: DEBUG cotyledon.oslo_config_glue [-] workarounds.unified_limits_count_pcpu_as_vcpu = False {{(pid=107503) log_opt_values /opt/stack/data/venv/lib/python3.12/site-packages/oslo_config/cfg.py:3006}}
Apr 03 01:26:52.685834 np0000163298 nova-scheduler[107503]: DEBUG cotyledon.oslo_config_glue [-] workarounds.wait_for_vif_plugged_event_during_hard_reboot = [] {{(pid=107503) log_opt_values /opt/stack/data/venv/lib/python3.12/site-packages/oslo_config/cfg.py:3006}}
Apr 03 01:26:52.685834 np0000163298 nova-scheduler[107503]: DEBUG cotyledon.oslo_config_glue [-] wsgi.api_paste_config = /etc/nova/api-paste.ini {{(pid=107503) log_opt_values /opt/stack/data/venv/lib/python3.12/site-packages/oslo_config/cfg.py:3006}}
Apr 03 01:26:52.685834 np0000163298 nova-scheduler[107503]: DEBUG cotyledon.oslo_config_glue [-] wsgi.secure_proxy_ssl_header = None {{(pid=107503) log_opt_values /opt/stack/data/venv/lib/python3.12/site-packages/oslo_config/cfg.py:3006}}
Apr 03 01:26:52.685834 np0000163298 nova-scheduler[107503]: DEBUG cotyledon.oslo_config_glue [-] zvm.ca_file = None {{(pid=107503) log_opt_values /opt/stack/data/venv/lib/python3.12/site-packages/oslo_config/cfg.py:3006}}
Apr 03 01:26:52.685834 np0000163298 nova-scheduler[107503]: DEBUG cotyledon.oslo_config_glue [-] zvm.cloud_connector_url = None {{(pid=107503) log_opt_values /opt/stack/data/venv/lib/python3.12/site-packages/oslo_config/cfg.py:3006}}
Apr 03 01:26:52.686066 np0000163298 nova-scheduler[107484]: DEBUG oslo_db.sqlalchemy.engines [None req-369445f3-d262-4660-87c2-39bf8bfdd827 None None] MySQL server mode set to STRICT_TRANS_TABLES,STRICT_ALL_TABLES,NO_ZERO_IN_DATE,NO_ZERO_DATE,ERROR_FOR_DIVISION_BY_ZERO,TRADITIONAL,NO_ENGINE_SUBSTITUTION {{(pid=107484) _check_effective_sql_mode /opt/stack/data/venv/lib/python3.12/site-packages/oslo_db/sqlalchemy/engines.py:325}}
Apr 03 01:26:52.686132 np0000163298 nova-scheduler[107503]: DEBUG cotyledon.oslo_config_glue [-] zvm.image_tmp_path = /opt/stack/data/nova/images {{(pid=107503) log_opt_values /opt/stack/data/venv/lib/python3.12/site-packages/oslo_config/cfg.py:3006}}
Apr 03 01:26:52.686132 np0000163298 nova-scheduler[107503]: DEBUG cotyledon.oslo_config_glue [-] zvm.reachable_timeout = 300 {{(pid=107503) log_opt_values /opt/stack/data/venv/lib/python3.12/site-packages/oslo_config/cfg.py:3006}}
Apr 03 01:26:52.686132 np0000163298 nova-scheduler[107503]: DEBUG cotyledon.oslo_config_glue [-] oslo_versionedobjects.fatal_exception_format_errors = False {{(pid=107503) log_opt_values /opt/stack/data/venv/lib/python3.12/site-packages/oslo_config/cfg.py:3006}}
Apr 03 01:26:52.686132 np0000163298 nova-scheduler[107503]: DEBUG cotyledon.oslo_config_glue [-] oslo_middleware.http_basic_auth_user_file = /etc/htpasswd {{(pid=107503) log_opt_values /opt/stack/data/venv/lib/python3.12/site-packages/oslo_config/cfg.py:3006}}
Apr 03 01:26:52.686132 np0000163298 nova-scheduler[107503]: DEBUG cotyledon.oslo_config_glue [-] oslo_messaging_metrics.metrics_buffer_size = 1000 {{(pid=107503) log_opt_values /opt/stack/data/venv/lib/python3.12/site-packages/oslo_config/cfg.py:3006}}
Apr 03 01:26:52.686132 np0000163298 nova-scheduler[107503]: DEBUG cotyledon.oslo_config_glue [-] oslo_messaging_metrics.metrics_enabled = False {{(pid=107503) log_opt_values /opt/stack/data/venv/lib/python3.12/site-packages/oslo_config/cfg.py:3006}}
Apr 03 01:26:52.686132 np0000163298 nova-scheduler[107503]: DEBUG cotyledon.oslo_config_glue [-] oslo_messaging_metrics.metrics_process_name = {{(pid=107503) log_opt_values /opt/stack/data/venv/lib/python3.12/site-packages/oslo_config/cfg.py:3006}}
Apr 03 01:26:52.686132 np0000163298 nova-scheduler[107503]: DEBUG cotyledon.oslo_config_glue [-] oslo_messaging_metrics.metrics_socket_file = /var/tmp/metrics_collector.sock {{(pid=107503) log_opt_values /opt/stack/data/venv/lib/python3.12/site-packages/oslo_config/cfg.py:3006}}
Apr 03 01:26:52.686450 np0000163298 nova-scheduler[107503]: DEBUG cotyledon.oslo_config_glue [-] oslo_messaging_metrics.metrics_thread_stop_timeout = 10 {{(pid=107503) log_opt_values /opt/stack/data/venv/lib/python3.12/site-packages/oslo_config/cfg.py:3006}}
Apr 03 01:26:52.686450 np0000163298 nova-scheduler[107503]: DEBUG cotyledon.oslo_config_glue [-] profiler.connection_string = messaging:// {{(pid=107503) log_opt_values /opt/stack/data/venv/lib/python3.12/site-packages/oslo_config/cfg.py:3006}}
Apr 03 01:26:52.686450 np0000163298 nova-scheduler[107503]: DEBUG cotyledon.oslo_config_glue [-] profiler.enabled = False {{(pid=107503) log_opt_values /opt/stack/data/venv/lib/python3.12/site-packages/oslo_config/cfg.py:3006}}
Apr 03 01:26:52.686450 np0000163298 nova-scheduler[107503]: DEBUG cotyledon.oslo_config_glue [-] profiler.es_doc_type = notification {{(pid=107503) log_opt_values /opt/stack/data/venv/lib/python3.12/site-packages/oslo_config/cfg.py:3006}}
Apr 03 01:26:52.686450 np0000163298 nova-scheduler[107503]: DEBUG cotyledon.oslo_config_glue [-] profiler.es_scroll_size = 10000 {{(pid=107503) log_opt_values /opt/stack/data/venv/lib/python3.12/site-packages/oslo_config/cfg.py:3006}}
Apr 03 01:26:52.686450 np0000163298 nova-scheduler[107503]: DEBUG cotyledon.oslo_config_glue [-] profiler.es_scroll_time = 2m {{(pid=107503) log_opt_values /opt/stack/data/venv/lib/python3.12/site-packages/oslo_config/cfg.py:3006}}
Apr 03 01:26:52.686450 np0000163298 nova-scheduler[107503]: DEBUG cotyledon.oslo_config_glue [-] profiler.filter_error_trace = False {{(pid=107503) log_opt_values /opt/stack/data/venv/lib/python3.12/site-packages/oslo_config/cfg.py:3006}}
Apr 03 01:26:52.686450 np0000163298 nova-scheduler[107503]: DEBUG cotyledon.oslo_config_glue [-] profiler.hmac_keys = **** {{(pid=107503) log_opt_values /opt/stack/data/venv/lib/python3.12/site-packages/oslo_config/cfg.py:3006}}
Apr 03 01:26:52.686450 np0000163298 nova-scheduler[107503]: DEBUG cotyledon.oslo_config_glue [-] profiler.sentinel_service_name = mymaster {{(pid=107503) log_opt_values /opt/stack/data/venv/lib/python3.12/site-packages/oslo_config/cfg.py:3006}}
Apr 03 01:26:52.686774 np0000163298 nova-scheduler[107503]: DEBUG cotyledon.oslo_config_glue [-] profiler.socket_timeout = 0.1 {{(pid=107503) log_opt_values /opt/stack/data/venv/lib/python3.12/site-packages/oslo_config/cfg.py:3006}}
Apr 03 01:26:52.686774 np0000163298 nova-scheduler[107503]: DEBUG cotyledon.oslo_config_glue [-] profiler.trace_requests = False {{(pid=107503) log_opt_values /opt/stack/data/venv/lib/python3.12/site-packages/oslo_config/cfg.py:3006}}
Apr 03 01:26:52.686774 np0000163298 nova-scheduler[107503]: DEBUG cotyledon.oslo_config_glue [-] profiler.trace_sqlalchemy = False {{(pid=107503) log_opt_values /opt/stack/data/venv/lib/python3.12/site-packages/oslo_config/cfg.py:3006}}
Apr 03 01:26:52.686774 np0000163298 nova-scheduler[107503]: DEBUG cotyledon.oslo_config_glue [-] profiler_jaeger.process_tags = {} {{(pid=107503) log_opt_values /opt/stack/data/venv/lib/python3.12/site-packages/oslo_config/cfg.py:3006}}
Apr 03 01:26:52.686774 np0000163298 nova-scheduler[107503]: DEBUG cotyledon.oslo_config_glue [-] profiler_jaeger.service_name_prefix = None {{(pid=107503) log_opt_values /opt/stack/data/venv/lib/python3.12/site-packages/oslo_config/cfg.py:3006}}
Apr 03 01:26:52.686774 np0000163298 nova-scheduler[107503]: DEBUG cotyledon.oslo_config_glue [-] profiler_otlp.service_name_prefix = None {{(pid=107503) log_opt_values /opt/stack/data/venv/lib/python3.12/site-packages/oslo_config/cfg.py:3006}}
Apr 03 01:26:52.686774 np0000163298 nova-scheduler[107503]: DEBUG cotyledon.oslo_config_glue [-] oslo_messaging_rabbit.amqp_auto_delete = False {{(pid=107503) log_opt_values /opt/stack/data/venv/lib/python3.12/site-packages/oslo_config/cfg.py:3006}}
Apr 03 01:26:52.686774 np0000163298 nova-scheduler[107503]: DEBUG cotyledon.oslo_config_glue [-] oslo_messaging_rabbit.amqp_durable_queues = False {{(pid=107503) log_opt_values /opt/stack/data/venv/lib/python3.12/site-packages/oslo_config/cfg.py:3006}}
Apr 03 01:26:52.686774 np0000163298 nova-scheduler[107503]: DEBUG cotyledon.oslo_config_glue [-] oslo_messaging_rabbit.conn_pool_min_size = 2 {{(pid=107503) log_opt_values /opt/stack/data/venv/lib/python3.12/site-packages/oslo_config/cfg.py:3006}}
Apr 03 01:26:52.687116 np0000163298 nova-scheduler[107503]: DEBUG cotyledon.oslo_config_glue [-] oslo_messaging_rabbit.conn_pool_ttl = 1200 {{(pid=107503) log_opt_values /opt/stack/data/venv/lib/python3.12/site-packages/oslo_config/cfg.py:3006}}
Apr 03 01:26:52.687116 np0000163298 nova-scheduler[107503]: DEBUG cotyledon.oslo_config_glue [-] oslo_messaging_rabbit.direct_mandatory_flag = True {{(pid=107503) log_opt_values /opt/stack/data/venv/lib/python3.12/site-packages/oslo_config/cfg.py:3006}}
Apr 03 01:26:52.687116 np0000163298 nova-scheduler[107503]: DEBUG cotyledon.oslo_config_glue [-] oslo_messaging_rabbit.enable_cancel_on_failover = False {{(pid=107503) log_opt_values /opt/stack/data/venv/lib/python3.12/site-packages/oslo_config/cfg.py:3006}}
Apr 03 01:26:52.687116 np0000163298 nova-scheduler[107503]: DEBUG cotyledon.oslo_config_glue [-] oslo_messaging_rabbit.heartbeat_in_pthread = False {{(pid=107503) log_opt_values /opt/stack/data/venv/lib/python3.12/site-packages/oslo_config/cfg.py:3006}}
Apr 03 01:26:52.687116 np0000163298 nova-scheduler[107503]: DEBUG cotyledon.oslo_config_glue [-] oslo_messaging_rabbit.heartbeat_rate = 3 {{(pid=107503) log_opt_values /opt/stack/data/venv/lib/python3.12/site-packages/oslo_config/cfg.py:3006}}
Apr 03 01:26:52.687116 np0000163298 nova-scheduler[107503]: DEBUG cotyledon.oslo_config_glue [-] oslo_messaging_rabbit.heartbeat_timeout_threshold = 60 {{(pid=107503) log_opt_values /opt/stack/data/venv/lib/python3.12/site-packages/oslo_config/cfg.py:3006}}
Apr 03 01:26:52.687116 np0000163298 nova-scheduler[107503]: DEBUG cotyledon.oslo_config_glue [-] oslo_messaging_rabbit.hostname = np0000163298 {{(pid=107503) log_opt_values /opt/stack/data/venv/lib/python3.12/site-packages/oslo_config/cfg.py:3006}}
Apr 03 01:26:52.687116 np0000163298 nova-scheduler[107503]: DEBUG cotyledon.oslo_config_glue [-] oslo_messaging_rabbit.kombu_compression = None {{(pid=107503) log_opt_values /opt/stack/data/venv/lib/python3.12/site-packages/oslo_config/cfg.py:3006}}
Apr 03 01:26:52.687116 np0000163298 nova-scheduler[107503]: DEBUG cotyledon.oslo_config_glue [-] oslo_messaging_rabbit.kombu_failover_strategy = round-robin {{(pid=107503) log_opt_values /opt/stack/data/venv/lib/python3.12/site-packages/oslo_config/cfg.py:3006}}
Apr 03 01:26:52.687454 np0000163298 nova-scheduler[107503]: DEBUG cotyledon.oslo_config_glue [-] oslo_messaging_rabbit.kombu_missing_consumer_retry_timeout = 60 {{(pid=107503) log_opt_values /opt/stack/data/venv/lib/python3.12/site-packages/oslo_config/cfg.py:3006}}
Apr 03 01:26:52.687454 np0000163298 nova-scheduler[107503]: DEBUG cotyledon.oslo_config_glue [-] oslo_messaging_rabbit.kombu_reconnect_delay = 1.0 {{(pid=107503) log_opt_values /opt/stack/data/venv/lib/python3.12/site-packages/oslo_config/cfg.py:3006}}
Apr 03 01:26:52.687454 np0000163298 nova-scheduler[107503]: DEBUG cotyledon.oslo_config_glue [-] oslo_messaging_rabbit.kombu_reconnect_splay = 0.0 {{(pid=107503) log_opt_values /opt/stack/data/venv/lib/python3.12/site-packages/oslo_config/cfg.py:3006}}
Apr 03 01:26:52.687454 np0000163298 nova-scheduler[107503]: DEBUG cotyledon.oslo_config_glue [-] oslo_messaging_rabbit.processname = nova-scheduler {{(pid=107503) log_opt_values /opt/stack/data/venv/lib/python3.12/site-packages/oslo_config/cfg.py:3006}}
Apr 03 01:26:52.687454 np0000163298 nova-scheduler[107503]: DEBUG cotyledon.oslo_config_glue [-] oslo_messaging_rabbit.rabbit_ha_queues = False {{(pid=107503) log_opt_values /opt/stack/data/venv/lib/python3.12/site-packages/oslo_config/cfg.py:3006}}
Apr 03 01:26:52.687454 np0000163298 nova-scheduler[107503]: DEBUG cotyledon.oslo_config_glue [-] oslo_messaging_rabbit.rabbit_interval_max = 30 {{(pid=107503) log_opt_values /opt/stack/data/venv/lib/python3.12/site-packages/oslo_config/cfg.py:3006}}
Apr 03 01:26:52.687454 np0000163298 nova-scheduler[107503]: DEBUG cotyledon.oslo_config_glue [-] oslo_messaging_rabbit.rabbit_login_method = AMQPLAIN {{(pid=107503) log_opt_values /opt/stack/data/venv/lib/python3.12/site-packages/oslo_config/cfg.py:3006}}
Apr 03 01:26:52.687454 np0000163298 nova-scheduler[107503]: DEBUG cotyledon.oslo_config_glue [-] oslo_messaging_rabbit.rabbit_qos_prefetch_count = 0 {{(pid=107503) log_opt_values /opt/stack/data/venv/lib/python3.12/site-packages/oslo_config/cfg.py:3006}}
Apr 03 01:26:52.687454 np0000163298 nova-scheduler[107503]: DEBUG cotyledon.oslo_config_glue [-] oslo_messaging_rabbit.rabbit_quorum_delivery_limit = 0 {{(pid=107503) log_opt_values /opt/stack/data/venv/lib/python3.12/site-packages/oslo_config/cfg.py:3006}}
Apr 03 01:26:52.687724 np0000163298 nova-scheduler[107503]: DEBUG cotyledon.oslo_config_glue [-] oslo_messaging_rabbit.rabbit_quorum_max_memory_bytes = 0 {{(pid=107503) log_opt_values /opt/stack/data/venv/lib/python3.12/site-packages/oslo_config/cfg.py:3006}}
Apr 03 01:26:52.687724 np0000163298 nova-scheduler[107503]: DEBUG cotyledon.oslo_config_glue [-] oslo_messaging_rabbit.rabbit_quorum_max_memory_length = 0 {{(pid=107503) log_opt_values /opt/stack/data/venv/lib/python3.12/site-packages/oslo_config/cfg.py:3006}}
Apr 03 01:26:52.687724 np0000163298 nova-scheduler[107503]: DEBUG cotyledon.oslo_config_glue [-] oslo_messaging_rabbit.rabbit_quorum_queue = False {{(pid=107503) log_opt_values /opt/stack/data/venv/lib/python3.12/site-packages/oslo_config/cfg.py:3006}}
Apr 03 01:26:52.687724 np0000163298 nova-scheduler[107503]: DEBUG cotyledon.oslo_config_glue [-] oslo_messaging_rabbit.rabbit_retry_backoff = 2 {{(pid=107503) log_opt_values /opt/stack/data/venv/lib/python3.12/site-packages/oslo_config/cfg.py:3006}}
Apr 03 01:26:52.687724 np0000163298 nova-scheduler[107503]: DEBUG cotyledon.oslo_config_glue [-] oslo_messaging_rabbit.rabbit_retry_interval = 1 {{(pid=107503) log_opt_values /opt/stack/data/venv/lib/python3.12/site-packages/oslo_config/cfg.py:3006}}
Apr 03 01:26:52.687724 np0000163298 nova-scheduler[107503]: DEBUG cotyledon.oslo_config_glue [-] oslo_messaging_rabbit.rabbit_stream_fanout = False {{(pid=107503) log_opt_values /opt/stack/data/venv/lib/python3.12/site-packages/oslo_config/cfg.py:3006}}
Apr 03 01:26:52.687724 np0000163298 nova-scheduler[107503]: DEBUG cotyledon.oslo_config_glue [-] oslo_messaging_rabbit.rabbit_transient_queues_ttl = 1800 {{(pid=107503) log_opt_values /opt/stack/data/venv/lib/python3.12/site-packages/oslo_config/cfg.py:3006}}
Apr 03 01:26:52.687724 np0000163298 nova-scheduler[107503]: DEBUG cotyledon.oslo_config_glue [-] oslo_messaging_rabbit.rabbit_transient_quorum_queue = False {{(pid=107503) log_opt_values /opt/stack/data/venv/lib/python3.12/site-packages/oslo_config/cfg.py:3006}}
Apr 03 01:26:52.687724 np0000163298 nova-scheduler[107503]: DEBUG cotyledon.oslo_config_glue [-] oslo_messaging_rabbit.rpc_conn_pool_size = 30 {{(pid=107503) log_opt_values /opt/stack/data/venv/lib/python3.12/site-packages/oslo_config/cfg.py:3006}}
Apr 03 01:26:52.687996 np0000163298 nova-scheduler[107503]: DEBUG cotyledon.oslo_config_glue [-] oslo_messaging_rabbit.ssl = False {{(pid=107503) log_opt_values /opt/stack/data/venv/lib/python3.12/site-packages/oslo_config/cfg.py:3006}}
Apr 03 01:26:52.687996 np0000163298 nova-scheduler[107503]: DEBUG cotyledon.oslo_config_glue [-] oslo_messaging_rabbit.ssl_ca_file = {{(pid=107503) log_opt_values /opt/stack/data/venv/lib/python3.12/site-packages/oslo_config/cfg.py:3006}}
Apr 03 01:26:52.687996 np0000163298 nova-scheduler[107503]: DEBUG cotyledon.oslo_config_glue [-] oslo_messaging_rabbit.ssl_cert_file = {{(pid=107503) log_opt_values /opt/stack/data/venv/lib/python3.12/site-packages/oslo_config/cfg.py:3006}}
Apr 03 01:26:52.687996 np0000163298 nova-scheduler[107503]: DEBUG cotyledon.oslo_config_glue [-] oslo_messaging_rabbit.ssl_enforce_fips_mode = False {{(pid=107503) log_opt_values /opt/stack/data/venv/lib/python3.12/site-packages/oslo_config/cfg.py:3006}}
Apr 03 01:26:52.687996 np0000163298 nova-scheduler[107503]: DEBUG cotyledon.oslo_config_glue [-] oslo_messaging_rabbit.ssl_key_file = {{(pid=107503) log_opt_values /opt/stack/data/venv/lib/python3.12/site-packages/oslo_config/cfg.py:3006}}
Apr 03 01:26:52.687996 np0000163298 nova-scheduler[107503]: DEBUG cotyledon.oslo_config_glue [-] oslo_messaging_rabbit.ssl_version = {{(pid=107503) log_opt_values /opt/stack/data/venv/lib/python3.12/site-packages/oslo_config/cfg.py:3006}}
Apr 03 01:26:52.687996 np0000163298 nova-scheduler[107503]: DEBUG cotyledon.oslo_config_glue [-] oslo_messaging_rabbit.use_queue_manager = False {{(pid=107503) log_opt_values /opt/stack/data/venv/lib/python3.12/site-packages/oslo_config/cfg.py:3006}}
Apr 03 01:26:52.687996 np0000163298 nova-scheduler[107503]: DEBUG cotyledon.oslo_config_glue [-] oslo_messaging_notifications.driver = ['messagingv2'] {{(pid=107503) log_opt_values /opt/stack/data/venv/lib/python3.12/site-packages/oslo_config/cfg.py:3006}}
Apr 03 01:26:52.687996 np0000163298 nova-scheduler[107503]: DEBUG cotyledon.oslo_config_glue [-] oslo_messaging_notifications.retry = -1 {{(pid=107503) log_opt_values /opt/stack/data/venv/lib/python3.12/site-packages/oslo_config/cfg.py:3006}}
Apr 03 01:26:52.688246 np0000163298 nova-scheduler[107503]: DEBUG cotyledon.oslo_config_glue [-] oslo_messaging_notifications.topics = ['notifications'] {{(pid=107503) log_opt_values /opt/stack/data/venv/lib/python3.12/site-packages/oslo_config/cfg.py:3006}}
Apr 03 01:26:52.688246 np0000163298 nova-scheduler[107503]: DEBUG cotyledon.oslo_config_glue [-] oslo_messaging_notifications.transport_url = **** {{(pid=107503) log_opt_values /opt/stack/data/venv/lib/python3.12/site-packages/oslo_config/cfg.py:3006}}
Apr 03 01:26:52.688246 np0000163298 nova-scheduler[107503]: DEBUG cotyledon.oslo_config_glue [-] oslo_limit.auth_section = None {{(pid=107503) log_opt_values /opt/stack/data/venv/lib/python3.12/site-packages/oslo_config/cfg.py:3006}}
Apr 03 01:26:52.688246 np0000163298 nova-scheduler[107503]: DEBUG cotyledon.oslo_config_glue [-] oslo_limit.auth_type = None {{(pid=107503) log_opt_values /opt/stack/data/venv/lib/python3.12/site-packages/oslo_config/cfg.py:3006}}
Apr 03 01:26:52.688246 np0000163298 nova-scheduler[107503]: DEBUG cotyledon.oslo_config_glue [-] oslo_limit.cafile = None {{(pid=107503) log_opt_values /opt/stack/data/venv/lib/python3.12/site-packages/oslo_config/cfg.py:3006}}
Apr 03 01:26:52.688246 np0000163298 nova-scheduler[107503]: DEBUG cotyledon.oslo_config_glue [-] oslo_limit.certfile = None {{(pid=107503) log_opt_values /opt/stack/data/venv/lib/python3.12/site-packages/oslo_config/cfg.py:3006}}
Apr 03 01:26:52.688246 np0000163298 nova-scheduler[107503]: DEBUG cotyledon.oslo_config_glue [-] oslo_limit.collect_timing = False {{(pid=107503) log_opt_values /opt/stack/data/venv/lib/python3.12/site-packages/oslo_config/cfg.py:3006}}
Apr 03 01:26:52.688246 np0000163298 nova-scheduler[107503]: DEBUG cotyledon.oslo_config_glue [-] oslo_limit.connect_retries = None {{(pid=107503) log_opt_values /opt/stack/data/venv/lib/python3.12/site-packages/oslo_config/cfg.py:3006}}
Apr 03 01:26:52.688246 np0000163298 nova-scheduler[107503]: DEBUG cotyledon.oslo_config_glue [-] oslo_limit.connect_retry_delay = None {{(pid=107503) log_opt_values /opt/stack/data/venv/lib/python3.12/site-packages/oslo_config/cfg.py:3006}}
Apr 03 01:26:52.688767 np0000163298 nova-scheduler[107503]: DEBUG cotyledon.oslo_config_glue [-] oslo_limit.endpoint_id = None {{(pid=107503) log_opt_values /opt/stack/data/venv/lib/python3.12/site-packages/oslo_config/cfg.py:3006}}
Apr 03 01:26:52.688767 np0000163298 nova-scheduler[107503]: DEBUG cotyledon.oslo_config_glue [-] oslo_limit.endpoint_interface = public {{(pid=107503) log_opt_values /opt/stack/data/venv/lib/python3.12/site-packages/oslo_config/cfg.py:3006}}
Apr 03 01:26:52.688767 np0000163298 nova-scheduler[107503]: DEBUG cotyledon.oslo_config_glue [-] oslo_limit.endpoint_override = None {{(pid=107503) log_opt_values /opt/stack/data/venv/lib/python3.12/site-packages/oslo_config/cfg.py:3006}}
Apr 03 01:26:52.688767 np0000163298 nova-scheduler[107503]: DEBUG cotyledon.oslo_config_glue [-] oslo_limit.endpoint_region_name = None {{(pid=107503) log_opt_values /opt/stack/data/venv/lib/python3.12/site-packages/oslo_config/cfg.py:3006}}
Apr 03 01:26:52.688767 np0000163298 nova-scheduler[107503]: DEBUG cotyledon.oslo_config_glue [-] oslo_limit.endpoint_service_name = None {{(pid=107503) log_opt_values /opt/stack/data/venv/lib/python3.12/site-packages/oslo_config/cfg.py:3006}}
Apr 03 01:26:52.688767 np0000163298 nova-scheduler[107503]: DEBUG cotyledon.oslo_config_glue [-] oslo_limit.endpoint_service_type = None {{(pid=107503) log_opt_values /opt/stack/data/venv/lib/python3.12/site-packages/oslo_config/cfg.py:3006}}
Apr 03 01:26:52.688767 np0000163298 nova-scheduler[107503]: DEBUG cotyledon.oslo_config_glue [-] oslo_limit.insecure = False {{(pid=107503) log_opt_values /opt/stack/data/venv/lib/python3.12/site-packages/oslo_config/cfg.py:3006}}
Apr 03 01:26:52.688767 np0000163298 nova-scheduler[107503]: DEBUG cotyledon.oslo_config_glue [-] oslo_limit.keyfile = None {{(pid=107503) log_opt_values /opt/stack/data/venv/lib/python3.12/site-packages/oslo_config/cfg.py:3006}}
Apr 03 01:26:52.688767 np0000163298 nova-scheduler[107503]: DEBUG cotyledon.oslo_config_glue [-] oslo_limit.max_version = None {{(pid=107503) log_opt_values /opt/stack/data/venv/lib/python3.12/site-packages/oslo_config/cfg.py:3006}}
Apr 03 01:26:52.689089 np0000163298 nova-scheduler[107503]: DEBUG cotyledon.oslo_config_glue [-] oslo_limit.min_version = None {{(pid=107503) log_opt_values /opt/stack/data/venv/lib/python3.12/site-packages/oslo_config/cfg.py:3006}}
Apr 03 01:26:52.689089 np0000163298 nova-scheduler[107503]: DEBUG cotyledon.oslo_config_glue [-] oslo_limit.region_name = None {{(pid=107503) log_opt_values /opt/stack/data/venv/lib/python3.12/site-packages/oslo_config/cfg.py:3006}}
Apr 03 01:26:52.689089 np0000163298 nova-scheduler[107503]: DEBUG cotyledon.oslo_config_glue [-] oslo_limit.retriable_status_codes = None {{(pid=107503) log_opt_values /opt/stack/data/venv/lib/python3.12/site-packages/oslo_config/cfg.py:3006}}
Apr 03 01:26:52.689089 np0000163298 nova-scheduler[107503]: DEBUG cotyledon.oslo_config_glue [-] oslo_limit.service_name = None {{(pid=107503) log_opt_values /opt/stack/data/venv/lib/python3.12/site-packages/oslo_config/cfg.py:3006}}
Apr 03 01:26:52.689089 np0000163298 nova-scheduler[107503]: DEBUG cotyledon.oslo_config_glue [-] oslo_limit.service_type = None {{(pid=107503) log_opt_values /opt/stack/data/venv/lib/python3.12/site-packages/oslo_config/cfg.py:3006}}
Apr 03 01:26:52.689089 np0000163298 nova-scheduler[107503]: DEBUG cotyledon.oslo_config_glue [-] oslo_limit.split_loggers = False {{(pid=107503) log_opt_values /opt/stack/data/venv/lib/python3.12/site-packages/oslo_config/cfg.py:3006}}
Apr 03 01:26:52.689089 np0000163298 nova-scheduler[107503]: DEBUG cotyledon.oslo_config_glue [-] oslo_limit.status_code_retries = None {{(pid=107503) log_opt_values /opt/stack/data/venv/lib/python3.12/site-packages/oslo_config/cfg.py:3006}}
Apr 03 01:26:52.689089 np0000163298 nova-scheduler[107503]: DEBUG cotyledon.oslo_config_glue [-] oslo_limit.status_code_retry_delay = None {{(pid=107503) log_opt_values /opt/stack/data/venv/lib/python3.12/site-packages/oslo_config/cfg.py:3006}}
Apr 03 01:26:52.689089 np0000163298 nova-scheduler[107503]: DEBUG cotyledon.oslo_config_glue [-] oslo_limit.timeout = None {{(pid=107503) log_opt_values /opt/stack/data/venv/lib/python3.12/site-packages/oslo_config/cfg.py:3006}}
Apr 03 01:26:52.689441 np0000163298 nova-scheduler[107503]: DEBUG cotyledon.oslo_config_glue [-] oslo_limit.valid_interfaces = None {{(pid=107503) log_opt_values /opt/stack/data/venv/lib/python3.12/site-packages/oslo_config/cfg.py:3006}}
Apr 03 01:26:52.689441 np0000163298 nova-scheduler[107503]: DEBUG cotyledon.oslo_config_glue [-] oslo_limit.version = None {{(pid=107503) log_opt_values /opt/stack/data/venv/lib/python3.12/site-packages/oslo_config/cfg.py:3006}}
Apr 03 01:26:52.689441 np0000163298 nova-scheduler[107503]: DEBUG cotyledon.oslo_config_glue [-] oslo_reports.file_event_handler = None {{(pid=107503) log_opt_values /opt/stack/data/venv/lib/python3.12/site-packages/oslo_config/cfg.py:3006}}
Apr 03 01:26:52.689441 np0000163298 nova-scheduler[107503]: DEBUG cotyledon.oslo_config_glue [-] oslo_reports.file_event_handler_interval = 1 {{(pid=107503) log_opt_values /opt/stack/data/venv/lib/python3.12/site-packages/oslo_config/cfg.py:3006}}
Apr 03 01:26:52.689441 np0000163298 nova-scheduler[107503]: DEBUG cotyledon.oslo_config_glue [-] oslo_reports.log_dir = None {{(pid=107503) log_opt_values /opt/stack/data/venv/lib/python3.12/site-packages/oslo_config/cfg.py:3006}}
Apr 03 01:26:52.689441 np0000163298 nova-scheduler[107503]: DEBUG cotyledon.oslo_config_glue [-] ******************************************************************************** {{(pid=107503) log_opt_values /opt/stack/data/venv/lib/python3.12/site-packages/oslo_config/cfg.py:3013}}
Apr 03 01:26:52.689441 np0000163298 nova-scheduler[107503]: DEBUG cotyledon._service_worker [-] Run service ServiceWrapper(3) [107503] {{(pid=107503) wait_forever /opt/stack/data/venv/lib/python3.12/site-packages/cotyledon/_service_worker.py:218}}
Apr 03 01:26:52.689441 np0000163298 nova-scheduler[107503]: INFO nova.service [-] Starting scheduler node (version 33.1.0)
Apr 03 01:26:52.689720 np0000163298 nova-scheduler[107477]: DEBUG nova.service [None req-1973667b-a242-4b73-98d4-be574f282876 None None] Creating RPC server for service: nova-scheduler on topic: scheduler {{(pid=107477) start /opt/stack/nova/nova/service.py:195}}
Apr 03 01:26:52.689774 np0000163298 nova-scheduler[107484]: DEBUG dbcounter [-] [107484] Writer thread running {{(pid=107484) stat_writer /opt/stack/data/venv/lib/python3.12/site-packages/dbcounter.py:102}}
Apr 03 01:26:52.689816 np0000163298 nova-scheduler[107503]: INFO dbcounter [None req-2dda56ae-eb3a-45df-a497-79f5adf5f10e None None] Registered counter for database nova_cell0
Apr 03 01:26:52.689862 np0000163298 nova-scheduler[107492]: DEBUG dbcounter [-] [107492] Writer thread running {{(pid=107492) stat_writer /opt/stack/data/venv/lib/python3.12/site-packages/dbcounter.py:102}}
Apr 03 01:26:52.689906 np0000163298 nova-scheduler[107484]: DEBUG nova.service [None req-369445f3-d262-4660-87c2-39bf8bfdd827 None None] Creating RPC server for service: nova-scheduler on topic: scheduler {{(pid=107484) start /opt/stack/nova/nova/service.py:195}}
Apr 03 01:26:52.689947 np0000163298 nova-scheduler[107492]: DEBUG nova.service [None req-5a353aa0-14c0-42ab-a509-6986da7fe40a None None] Creating RPC server for service: nova-scheduler on topic: scheduler {{(pid=107492) start /opt/stack/nova/nova/service.py:195}}
Apr 03 01:26:52.689986 np0000163298 nova-scheduler[107503]: DEBUG oslo_db.sqlalchemy.engines [None req-2dda56ae-eb3a-45df-a497-79f5adf5f10e None None] MySQL server mode set to STRICT_TRANS_TABLES,STRICT_ALL_TABLES,NO_ZERO_IN_DATE,NO_ZERO_DATE,ERROR_FOR_DIVISION_BY_ZERO,TRADITIONAL,NO_ENGINE_SUBSTITUTION {{(pid=107503) _check_effective_sql_mode /opt/stack/data/venv/lib/python3.12/site-packages/oslo_db/sqlalchemy/engines.py:325}}
Apr 03 01:26:52.689986 np0000163298 nova-scheduler[107503]: DEBUG dbcounter [-] [107503] Writer thread running {{(pid=107503) stat_writer /opt/stack/data/venv/lib/python3.12/site-packages/dbcounter.py:102}}
Apr 03 01:26:52.691207 np0000163298 nova-scheduler[107503]: DEBUG nova.service [None req-2dda56ae-eb3a-45df-a497-79f5adf5f10e None None] Creating RPC server for service: nova-scheduler on topic: scheduler {{(pid=107503) start /opt/stack/nova/nova/service.py:195}}
Apr 03 01:26:52.693328 np0000163298 nova-scheduler[107477]: DEBUG nova.service [None req-1973667b-a242-4b73-98d4-be574f282876 None None] Join ServiceGroup membership for this service scheduler {{(pid=107477) start /opt/stack/nova/nova/service.py:221}}
Apr 03 01:26:52.693572 np0000163298 nova-scheduler[107477]: DEBUG nova.servicegroup.drivers.db [None req-1973667b-a242-4b73-98d4-be574f282876 None None] DB_Driver: join new ServiceGroup member np0000163298 to the scheduler group, service = {{(pid=107477) join /opt/stack/nova/nova/servicegroup/drivers/db.py:44}}
Apr 03 01:26:52.695192 np0000163298 nova-scheduler[107484]: DEBUG nova.service [None req-369445f3-d262-4660-87c2-39bf8bfdd827 None None] Join ServiceGroup membership for this service scheduler {{(pid=107484) start /opt/stack/nova/nova/service.py:221}}
Apr 03 01:26:52.695420 np0000163298 nova-scheduler[107484]: DEBUG nova.servicegroup.drivers.db [None req-369445f3-d262-4660-87c2-39bf8bfdd827 None None] DB_Driver: join new ServiceGroup member np0000163298 to the scheduler group, service = {{(pid=107484) join /opt/stack/nova/nova/servicegroup/drivers/db.py:44}}
Apr 03 01:26:52.698920 np0000163298 nova-scheduler[107492]: DEBUG nova.service [None req-5a353aa0-14c0-42ab-a509-6986da7fe40a None None] Join ServiceGroup membership for this service scheduler {{(pid=107492) start /opt/stack/nova/nova/service.py:221}}
Apr 03 01:26:52.699289 np0000163298 nova-scheduler[107492]: DEBUG nova.servicegroup.drivers.db [None req-5a353aa0-14c0-42ab-a509-6986da7fe40a None None] DB_Driver: join new ServiceGroup member np0000163298 to the scheduler group, service = {{(pid=107492) join /opt/stack/nova/nova/servicegroup/drivers/db.py:44}}
Apr 03 01:26:52.710523 np0000163298 nova-scheduler[107503]: DEBUG nova.service [None req-2dda56ae-eb3a-45df-a497-79f5adf5f10e None None] Join ServiceGroup membership for this service scheduler {{(pid=107503) start /opt/stack/nova/nova/service.py:221}}
Apr 03 01:26:52.710783 np0000163298 nova-scheduler[107503]: DEBUG nova.servicegroup.drivers.db [None req-2dda56ae-eb3a-45df-a497-79f5adf5f10e None None] DB_Driver: join new ServiceGroup member np0000163298 to the scheduler group, service = {{(pid=107503) join /opt/stack/nova/nova/servicegroup/drivers/db.py:44}}
Apr 03 01:26:57.714617 np0000163298 nova-scheduler[107477]: DEBUG oslo.service.backend._threading.loopingcall [-] Fixed interval looping call 'nova.servicegroup.drivers.db.DbDriver._report_state' sleeping for 119.98 seconds {{(pid=107477) _run_loop /opt/stack/data/venv/lib/python3.12/site-packages/oslo_service/backend/_threading/loopingcall.py:125}}
Apr 03 01:26:57.715476 np0000163298 nova-scheduler[107503]: DEBUG oslo.service.backend._threading.loopingcall [None req-a6adc14f-3fb3-4108-a02f-7f0335aa4966 None None] Dynamic interval looping call 'nova.service.Service.periodic_tasks' sleeping for 60.00 seconds {{(pid=107503) _run_loop /opt/stack/data/venv/lib/python3.12/site-packages/oslo_service/backend/_threading/loopingcall.py:125}}
Apr 03 01:26:57.716168 np0000163298 nova-scheduler[107484]: DEBUG oslo.service.backend._threading.loopingcall [-] Fixed interval looping call 'nova.servicegroup.drivers.db.DbDriver._report_state' sleeping for 119.98 seconds {{(pid=107484) _run_loop /opt/stack/data/venv/lib/python3.12/site-packages/oslo_service/backend/_threading/loopingcall.py:125}}
Apr 03 01:26:57.716726 np0000163298 nova-scheduler[107492]: DEBUG oslo.service.backend._threading.loopingcall [-] Fixed interval looping call 'nova.servicegroup.drivers.db.DbDriver._report_state' sleeping for 119.99 seconds {{(pid=107492) _run_loop /opt/stack/data/venv/lib/python3.12/site-packages/oslo_service/backend/_threading/loopingcall.py:125}}
Apr 03 01:26:57.724005 np0000163298 nova-scheduler[107503]: DEBUG oslo.service.backend._threading.loopingcall [-] Fixed interval looping call 'nova.servicegroup.drivers.db.DbDriver._report_state' sleeping for 119.99 seconds {{(pid=107503) _run_loop /opt/stack/data/venv/lib/python3.12/site-packages/oslo_service/backend/_threading/loopingcall.py:125}}
Apr 03 01:27:00.702806 np0000163298 nova-scheduler[107492]: DEBUG oslo.service.backend._threading.loopingcall [None req-a587d8ae-d431-491d-95e9-231ffba42bee None None] Dynamic interval looping call 'nova.service.Service.periodic_tasks' sleeping for 60.00 seconds {{(pid=107492) _run_loop /opt/stack/data/venv/lib/python3.12/site-packages/oslo_service/backend/_threading/loopingcall.py:125}}
Apr 03 01:27:01.285595 np0000163298 nova-scheduler[106739]: DEBUG dbcounter [-] [106739] Writing DB stats nova_api:SELECT=3 {{(pid=106739) stat_writer /opt/stack/data/venv/lib/python3.12/site-packages/dbcounter.py:115}}
Apr 03 01:27:01.394153 np0000163298 nova-scheduler[106739]: DEBUG dbcounter [-] [106739] Writing DB stats nova_cell0:SELECT=1 {{(pid=106739) stat_writer /opt/stack/data/venv/lib/python3.12/site-packages/dbcounter.py:115}}
Apr 03 01:27:01.399756 np0000163298 nova-scheduler[106739]: DEBUG dbcounter [-] [106739] Writing DB stats nova_cell1:SELECT=1 {{(pid=106739) stat_writer /opt/stack/data/venv/lib/python3.12/site-packages/dbcounter.py:115}}
Apr 03 01:27:07.708323 np0000163298 nova-scheduler[107477]: DEBUG dbcounter [-] [107477] Writing DB stats nova_cell0:SELECT=4,nova_cell0:INSERT=1,nova_cell0:UPDATE=1 {{(pid=107477) stat_writer /opt/stack/data/venv/lib/python3.12/site-packages/dbcounter.py:115}}
Apr 03 01:27:07.713168 np0000163298 nova-scheduler[107484]: DEBUG dbcounter [-] [107484] Writing DB stats nova_cell0:SELECT=3,nova_cell0:UPDATE=1 {{(pid=107484) stat_writer /opt/stack/data/venv/lib/python3.12/site-packages/dbcounter.py:115}}
Apr 03 01:27:07.716494 np0000163298 nova-scheduler[107492]: DEBUG dbcounter [-] [107492] Writing DB stats nova_cell0:SELECT=3,nova_cell0:UPDATE=1 {{(pid=107492) stat_writer /opt/stack/data/venv/lib/python3.12/site-packages/dbcounter.py:115}}
Apr 03 01:27:07.721329 np0000163298 nova-scheduler[107503]: DEBUG dbcounter [-] [107503] Writing DB stats nova_cell0:SELECT=3 {{(pid=107503) stat_writer /opt/stack/data/venv/lib/python3.12/site-packages/dbcounter.py:115}}
Apr 03 01:27:11.697632 np0000163298 nova-scheduler[107484]: DEBUG oslo.service.backend._threading.loopingcall [None req-09e08171-24cb-49e0-bf7d-1129196841db None None] Dynamic interval looping call 'nova.service.Service.periodic_tasks' sleeping for 60.00 seconds {{(pid=107484) _run_loop /opt/stack/data/venv/lib/python3.12/site-packages/oslo_service/backend/_threading/loopingcall.py:125}}
Apr 03 01:27:30.696139 np0000163298 nova-scheduler[107477]: DEBUG oslo.service.backend._threading.loopingcall [None req-9b1f788e-fa9c-4f53-838f-6dd1e7a7b6db None None] Dynamic interval looping call 'nova.service.Service.periodic_tasks' sleeping for 60.00 seconds {{(pid=107477) _run_loop /opt/stack/data/venv/lib/python3.12/site-packages/oslo_service/backend/_threading/loopingcall.py:125}}
Apr 03 01:27:57.925056 np0000163298 nova-scheduler[107503]: DEBUG oslo.service.backend._threading.loopingcall [None req-a6adc14f-3fb3-4108-a02f-7f0335aa4966 None None] Dynamic interval looping call 'nova.service.Service.periodic_tasks' sleeping for 60.00 seconds {{(pid=107503) _run_loop /opt/stack/data/venv/lib/python3.12/site-packages/oslo_service/backend/_threading/loopingcall.py:125}}
Apr 03 01:28:00.703697 np0000163298 nova-scheduler[107492]: DEBUG oslo.service.backend._threading.loopingcall [None req-a587d8ae-d431-491d-95e9-231ffba42bee None None] Dynamic interval looping call 'nova.service.Service.periodic_tasks' sleeping for 60.00 seconds {{(pid=107492) _run_loop /opt/stack/data/venv/lib/python3.12/site-packages/oslo_service/backend/_threading/loopingcall.py:125}}
Apr 03 01:28:11.698403 np0000163298 nova-scheduler[107484]: DEBUG oslo.service.backend._threading.loopingcall [None req-09e08171-24cb-49e0-bf7d-1129196841db None None] Dynamic interval looping call 'nova.service.Service.periodic_tasks' sleeping for 60.00 seconds {{(pid=107484) _run_loop /opt/stack/data/venv/lib/python3.12/site-packages/oslo_service/backend/_threading/loopingcall.py:125}}
Apr 03 01:28:30.697002 np0000163298 nova-scheduler[107477]: DEBUG oslo.service.backend._threading.loopingcall [None req-9b1f788e-fa9c-4f53-838f-6dd1e7a7b6db None None] Dynamic interval looping call 'nova.service.Service.periodic_tasks' sleeping for 60.00 seconds {{(pid=107477) _run_loop /opt/stack/data/venv/lib/python3.12/site-packages/oslo_service/backend/_threading/loopingcall.py:125}}
Apr 03 01:28:57.706353 np0000163298 nova-scheduler[107477]: DEBUG oslo.service.backend._threading.loopingcall [-] Fixed interval looping call 'nova.servicegroup.drivers.db.DbDriver._report_state' sleeping for 119.99 seconds {{(pid=107477) _run_loop /opt/stack/data/venv/lib/python3.12/site-packages/oslo_service/backend/_threading/loopingcall.py:125}}
Apr 03 01:28:57.707010 np0000163298 nova-scheduler[107484]: DEBUG oslo.service.backend._threading.loopingcall [-] Fixed interval looping call 'nova.servicegroup.drivers.db.DbDriver._report_state' sleeping for 119.99 seconds {{(pid=107484) _run_loop /opt/stack/data/venv/lib/python3.12/site-packages/oslo_service/backend/_threading/loopingcall.py:125}}
Apr 03 01:28:57.710524 np0000163298 nova-scheduler[107492]: DEBUG oslo.service.backend._threading.loopingcall [-] Fixed interval looping call 'nova.servicegroup.drivers.db.DbDriver._report_state' sleeping for 120.00 seconds {{(pid=107492) _run_loop /opt/stack/data/venv/lib/python3.12/site-packages/oslo_service/backend/_threading/loopingcall.py:125}}
Apr 03 01:28:57.717077 np0000163298 nova-scheduler[107503]: DEBUG oslo.service.backend._threading.loopingcall [None req-a6adc14f-3fb3-4108-a02f-7f0335aa4966 None None] Dynamic interval looping call 'nova.service.Service.periodic_tasks' sleeping for 60.00 seconds {{(pid=107503) _run_loop /opt/stack/data/venv/lib/python3.12/site-packages/oslo_service/backend/_threading/loopingcall.py:125}}
Apr 03 01:28:57.718932 np0000163298 nova-scheduler[107503]: DEBUG oslo.service.backend._threading.loopingcall [-] Fixed interval looping call 'nova.servicegroup.drivers.db.DbDriver._report_state' sleeping for 120.00 seconds {{(pid=107503) _run_loop /opt/stack/data/venv/lib/python3.12/site-packages/oslo_service/backend/_threading/loopingcall.py:125}}
Apr 03 01:29:00.704575 np0000163298 nova-scheduler[107492]: DEBUG oslo.service.backend._threading.loopingcall [None req-a587d8ae-d431-491d-95e9-231ffba42bee None None] Dynamic interval looping call 'nova.service.Service.periodic_tasks' sleeping for 60.00 seconds {{(pid=107492) _run_loop /opt/stack/data/venv/lib/python3.12/site-packages/oslo_service/backend/_threading/loopingcall.py:125}}
Apr 03 01:29:07.700509 np0000163298 nova-scheduler[107477]: DEBUG dbcounter [-] [107477] Writing DB stats nova_cell0:SELECT=1,nova_cell0:UPDATE=1 {{(pid=107477) stat_writer /opt/stack/data/venv/lib/python3.12/site-packages/dbcounter.py:115}}
Apr 03 01:29:07.701832 np0000163298 nova-scheduler[107484]: DEBUG dbcounter [-] [107484] Writing DB stats nova_cell0:SELECT=1,nova_cell0:UPDATE=1 {{(pid=107484) stat_writer /opt/stack/data/venv/lib/python3.12/site-packages/dbcounter.py:115}}
Apr 03 01:29:07.709079 np0000163298 nova-scheduler[107492]: DEBUG dbcounter [-] [107492] Writing DB stats nova_cell0:SELECT=1 {{(pid=107492) stat_writer /opt/stack/data/venv/lib/python3.12/site-packages/dbcounter.py:115}}
Apr 03 01:29:07.717052 np0000163298 nova-scheduler[107503]: DEBUG dbcounter [-] [107503] Writing DB stats nova_cell0:SELECT=1 {{(pid=107503) stat_writer /opt/stack/data/venv/lib/python3.12/site-packages/dbcounter.py:115}}
Apr 03 01:29:11.699085 np0000163298 nova-scheduler[107484]: DEBUG oslo.service.backend._threading.loopingcall [None req-09e08171-24cb-49e0-bf7d-1129196841db None None] Dynamic interval looping call 'nova.service.Service.periodic_tasks' sleeping for 60.00 seconds {{(pid=107484) _run_loop /opt/stack/data/venv/lib/python3.12/site-packages/oslo_service/backend/_threading/loopingcall.py:125}}
Apr 03 01:29:30.697864 np0000163298 nova-scheduler[107477]: DEBUG oslo.service.backend._threading.loopingcall [None req-9b1f788e-fa9c-4f53-838f-6dd1e7a7b6db None None] Dynamic interval looping call 'nova.service.Service.periodic_tasks' sleeping for 60.00 seconds {{(pid=107477) _run_loop /opt/stack/data/venv/lib/python3.12/site-packages/oslo_service/backend/_threading/loopingcall.py:125}}
Apr 03 01:29:57.717854 np0000163298 nova-scheduler[107503]: DEBUG oslo.service.backend._threading.loopingcall [None req-a6adc14f-3fb3-4108-a02f-7f0335aa4966 None None] Dynamic interval looping call 'nova.service.Service.periodic_tasks' sleeping for 60.00 seconds {{(pid=107503) _run_loop /opt/stack/data/venv/lib/python3.12/site-packages/oslo_service/backend/_threading/loopingcall.py:125}}
Apr 03 01:30:00.705199 np0000163298 nova-scheduler[107492]: DEBUG oslo.service.backend._threading.loopingcall [None req-a587d8ae-d431-491d-95e9-231ffba42bee None None] Dynamic interval looping call 'nova.service.Service.periodic_tasks' sleeping for 60.00 seconds {{(pid=107492) _run_loop /opt/stack/data/venv/lib/python3.12/site-packages/oslo_service/backend/_threading/loopingcall.py:125}}
Apr 03 01:30:11.699850 np0000163298 nova-scheduler[107484]: DEBUG oslo.service.backend._threading.loopingcall [None req-09e08171-24cb-49e0-bf7d-1129196841db None None] Dynamic interval looping call 'nova.service.Service.periodic_tasks' sleeping for 60.00 seconds {{(pid=107484) _run_loop /opt/stack/data/venv/lib/python3.12/site-packages/oslo_service/backend/_threading/loopingcall.py:125}}
Apr 03 01:30:30.698886 np0000163298 nova-scheduler[107477]: DEBUG oslo.service.backend._threading.loopingcall [None req-9b1f788e-fa9c-4f53-838f-6dd1e7a7b6db None None] Dynamic interval looping call 'nova.service.Service.periodic_tasks' sleeping for 60.00 seconds {{(pid=107477) _run_loop /opt/stack/data/venv/lib/python3.12/site-packages/oslo_service/backend/_threading/loopingcall.py:125}}
Apr 03 01:30:57.707261 np0000163298 nova-scheduler[107484]: DEBUG oslo.service.backend._threading.loopingcall [-] Fixed interval looping call 'nova.servicegroup.drivers.db.DbDriver._report_state' sleeping for 119.99 seconds {{(pid=107484) _run_loop /opt/stack/data/venv/lib/python3.12/site-packages/oslo_service/backend/_threading/loopingcall.py:125}}
Apr 03 01:30:57.708210 np0000163298 nova-scheduler[107477]: DEBUG oslo.service.backend._threading.loopingcall [-] Fixed interval looping call 'nova.servicegroup.drivers.db.DbDriver._report_state' sleeping for 119.99 seconds {{(pid=107477) _run_loop /opt/stack/data/venv/lib/python3.12/site-packages/oslo_service/backend/_threading/loopingcall.py:125}}
Apr 03 01:30:57.715848 np0000163298 nova-scheduler[107492]: DEBUG oslo.service.backend._threading.loopingcall [-] Fixed interval looping call 'nova.servicegroup.drivers.db.DbDriver._report_state' sleeping for 120.00 seconds {{(pid=107492) _run_loop /opt/stack/data/venv/lib/python3.12/site-packages/oslo_service/backend/_threading/loopingcall.py:125}}
Apr 03 01:30:57.718578 np0000163298 nova-scheduler[107503]: DEBUG oslo.service.backend._threading.loopingcall [None req-a6adc14f-3fb3-4108-a02f-7f0335aa4966 None None] Dynamic interval looping call 'nova.service.Service.periodic_tasks' sleeping for 60.00 seconds {{(pid=107503) _run_loop /opt/stack/data/venv/lib/python3.12/site-packages/oslo_service/backend/_threading/loopingcall.py:125}}
Apr 03 01:30:57.723933 np0000163298 nova-scheduler[107503]: DEBUG oslo.service.backend._threading.loopingcall [-] Fixed interval looping call 'nova.servicegroup.drivers.db.DbDriver._report_state' sleeping for 120.00 seconds {{(pid=107503) _run_loop /opt/stack/data/venv/lib/python3.12/site-packages/oslo_service/backend/_threading/loopingcall.py:125}}
Apr 03 01:31:00.705741 np0000163298 nova-scheduler[107492]: DEBUG oslo.service.backend._threading.loopingcall [None req-a587d8ae-d431-491d-95e9-231ffba42bee None None] Dynamic interval looping call 'nova.service.Service.periodic_tasks' sleeping for 60.00 seconds {{(pid=107492) _run_loop /opt/stack/data/venv/lib/python3.12/site-packages/oslo_service/backend/_threading/loopingcall.py:125}}
Apr 03 01:31:07.701635 np0000163298 nova-scheduler[107484]: DEBUG dbcounter [-] [107484] Writing DB stats nova_cell0:SELECT=1,nova_cell0:UPDATE=1 {{(pid=107484) stat_writer /opt/stack/data/venv/lib/python3.12/site-packages/dbcounter.py:115}}
Apr 03 01:31:07.702340 np0000163298 nova-scheduler[107477]: DEBUG dbcounter [-] [107477] Writing DB stats nova_cell0:SELECT=1,nova_cell0:UPDATE=1 {{(pid=107477) stat_writer /opt/stack/data/venv/lib/python3.12/site-packages/dbcounter.py:115}}
Apr 03 01:31:07.713179 np0000163298 nova-scheduler[107492]: DEBUG dbcounter [-] [107492] Writing DB stats nova_cell0:SELECT=1 {{(pid=107492) stat_writer /opt/stack/data/venv/lib/python3.12/site-packages/dbcounter.py:115}}
Apr 03 01:31:07.721532 np0000163298 nova-scheduler[107503]: DEBUG dbcounter [-] [107503] Writing DB stats nova_cell0:SELECT=1 {{(pid=107503) stat_writer /opt/stack/data/venv/lib/python3.12/site-packages/dbcounter.py:115}}
