2026-07-07 21:24:20.236 7 INFO neutron.db.ovn_revision_numbers_db [None req-4a053c66-7c98-42a9-b787-91c76bee1b3c 439a1f14e9f2402d94996964a9e10904 12c3460ec081491ea28f4bb86fc6a6ba - - default default] Successfully bumped revision number for resource 6e5fd6a5-a311-452c-8cbf-1d24795db5b6 (type: security_group_rules) to 0 [pid: 8|app: 0|req: 691/1616] 10.0.0.108 () {32 vars in 740 bytes} [Tue Jul 7 21:24:19 2026] DELETE /v2.0/security-groups/156a0b3a-d7a5-493e-8536-d734c1cbc256 => generated 0 bytes in 346 msecs (HTTP/1.1 204) 2 headers in 112 bytes (1 switches on core 0)
2026-07-07 21:24:20.251 7 INFO neutron.db.ovn_revision_numbers_db [None req-4a053c66-7c98-42a9-b787-91c76bee1b3c 439a1f14e9f2402d94996964a9e10904 12c3460ec081491ea28f4bb86fc6a6ba - - default default] Successfully bumped revision number for resource 7e3134d9-41ca-4741-ba64-856f557b889e (type: security_group_rules) to 0
2026-07-07 21:24:20.267 7 INFO neutron.db.ovn_revision_numbers_db [None req-4a053c66-7c98-42a9-b787-91c76bee1b3c 439a1f14e9f2402d94996964a9e10904 12c3460ec081491ea28f4bb86fc6a6ba - - default default] Successfully bumped revision number for resource f15e915c-9b9e-444d-9052-999d284883bb (type: security_group_rules) to 0
2026-07-07 21:24:20.353 7 INFO neutron.db.segments_db [None req-4a053c66-7c98-42a9-b787-91c76bee1b3c 439a1f14e9f2402d94996964a9e10904 12c3460ec081491ea28f4bb86fc6a6ba - - default default] Added segment ba6e5c28-3dc4-4f08-b1fa-118126d240e6 of type geneve for network 33f50180-29c9-46a6-8e96-490ca4ba8c27
2026-07-07 21:24:20.526 7 INFO neutron.db.ovn_revision_numbers_db [None req-4a053c66-7c98-42a9-b787-91c76bee1b3c 439a1f14e9f2402d94996964a9e10904 12c3460ec081491ea28f4bb86fc6a6ba - - default default] Successfully bumped revision number for resource 33f50180-29c9-46a6-8e96-490ca4ba8c27 (type: networks) to 1
2026-07-07 21:24:20.695 7 WARNING neutron.scheduler.dhcp_agent_scheduler [None req-4a053c66-7c98-42a9-b787-91c76bee1b3c 439a1f14e9f2402d94996964a9e10904 12c3460ec081491ea28f4bb86fc6a6ba - - default default] No more DHCP agents
2026-07-07 21:24:20.697 7 WARNING neutron.api.rpc.agentnotifiers.dhcp_rpc_agent_api [None req-4a053c66-7c98-42a9-b787-91c76bee1b3c 439a1f14e9f2402d94996964a9e10904 12c3460ec081491ea28f4bb86fc6a6ba - - default default] Unable to schedule network 33f50180-29c9-46a6-8e96-490ca4ba8c27: no agents available; will retry on subsequent port and subnet creation events.
2026-07-07 21:24:20.712 8 WARNING neutron.scheduler.dhcp_agent_scheduler [None req-fe72bee1-56ad-477c-bd79-92a636efa3e6 acec9097776642b8a80052fd6b05d082 1143816301cd4a89b38c35071099dca8 - - default default] No more DHCP agents
2026-07-07 21:24:20.713 8 WARNING neutron.api.rpc.agentnotifiers.dhcp_rpc_agent_api [None req-fe72bee1-56ad-477c-bd79-92a636efa3e6 acec9097776642b8a80052fd6b05d082 1143816301cd4a89b38c35071099dca8 - - default default] Unable to schedule network 1bff46b1-ffa7-4cad-8397-e31b29370303: no agents available; will retry on subsequent port and subnet creation events.
2026-07-07 21:24:20.782 8 INFO neutron.plugins.ml2.drivers.ovn.mech_driver.mech_driver [None req-5861eea1-9130-4003-a234-421634c3767b - - - - - -] OVN reports status down for port: e48be88c-0c9f-4450-88b0-90ad17b42cf8
2026-07-07 21:24:20.806 7 INFO neutron.db.ovn_revision_numbers_db [None req-4a053c66-7c98-42a9-b787-91c76bee1b3c 439a1f14e9f2402d94996964a9e10904 12c3460ec081491ea28f4bb86fc6a6ba - - default default] Successfully bumped revision number for resource e48be88c-0c9f-4450-88b0-90ad17b42cf8 (type: ports) to 1 [pid: 7|app: 0|req: 926/1617] 10.0.0.108 () {34 vars in 670 bytes} [Tue Jul 7 21:24:19 2026] POST /v2.0/networks => generated 681 bytes in 983 msecs (HTTP/1.1 201) 4 headers in 162 bytes (1 switches on core 0)
2026-07-07 21:24:20.931 8 INFO neutron.plugins.ml2.drivers.ovn.mech_driver.mech_driver [None req-5861eea1-9130-4003-a234-421634c3767b - - - - - -] OVN reports status down for port: fabc1957-3c54-4a3d-8304-fb4d4abaaa8b
2026-07-07 21:24:20.977 8 INFO neutron.db.ovn_revision_numbers_db [None req-fe72bee1-56ad-477c-bd79-92a636efa3e6 acec9097776642b8a80052fd6b05d082 1143816301cd4a89b38c35071099dca8 - - default default] Successfully bumped revision number for resource fabc1957-3c54-4a3d-8304-fb4d4abaaa8b (type: ports) to 1
2026-07-07 21:24:21.045 8 WARNING neutron.scheduler.dhcp_agent_scheduler [None req-fe72bee1-56ad-477c-bd79-92a636efa3e6 acec9097776642b8a80052fd6b05d082 1143816301cd4a89b38c35071099dca8 - - default default] No more DHCP agents
2026-07-07 21:24:21.046 8 WARNING neutron.api.rpc.agentnotifiers.dhcp_rpc_agent_api [None req-fe72bee1-56ad-477c-bd79-92a636efa3e6 acec9097776642b8a80052fd6b05d082 1143816301cd4a89b38c35071099dca8 - - default default] Unable to schedule network 084fdcf4-f089-463e-b30d-4a3df707b073: no agents available; will retry on subsequent port and subnet creation events.
2026-07-07 21:24:21.121 8 INFO neutron.plugins.ml2.drivers.ovn.mech_driver.mech_driver [None req-5861eea1-9130-4003-a234-421634c3767b - - - - - -] OVN reports status down for port: bf65cf4f-b6cf-4da9-a06d-2f706e313b81
2026-07-07 21:24:21.200 8 INFO neutron.db.ovn_revision_numbers_db [None req-fe72bee1-56ad-477c-bd79-92a636efa3e6 acec9097776642b8a80052fd6b05d082 1143816301cd4a89b38c35071099dca8 - - default default] Successfully bumped revision number for resource bf65cf4f-b6cf-4da9-a06d-2f706e313b81 (type: ports) to 1
2026-07-07 21:24:21.255 7 INFO neutron.db.ovn_revision_numbers_db [None req-1a5d77a2-df3d-441f-bf52-4e2d0a4720e0 a8eb8a086c4d43a2a38de2a4deb3b32e febcf537250a4647ae7a4f6142a2a3d2 - - default default] Successfully bumped revision number for resource 78c58a37-1573-4410-97bc-aa7d2ae4670b (type: security_groups) to 1
2026-07-07 21:24:21.276 7 INFO neutron.db.ovn_revision_numbers_db [None req-1a5d77a2-df3d-441f-bf52-4e2d0a4720e0 a8eb8a086c4d43a2a38de2a4deb3b32e febcf537250a4647ae7a4f6142a2a3d2 - - default default] Successfully bumped revision number for resource 0aca1540-d252-49da-9d9d-6aeef6c5b977 (type: security_group_rules) to 0
2026-07-07 21:24:21.288 7 INFO neutron.db.ovn_revision_numbers_db [None req-1a5d77a2-df3d-441f-bf52-4e2d0a4720e0 a8eb8a086c4d43a2a38de2a4deb3b32e febcf537250a4647ae7a4f6142a2a3d2 - - default default] Successfully bumped revision number for resource 12b93db9-746f-4df2-9aa0-061f22aa3432 (type: security_group_rules) to 0
2026-07-07 21:24:21.299 7 INFO neutron.db.ovn_revision_numbers_db [None req-1a5d77a2-df3d-441f-bf52-4e2d0a4720e0 a8eb8a086c4d43a2a38de2a4deb3b32e febcf537250a4647ae7a4f6142a2a3d2 - - default default] Successfully bumped revision number for resource 2e260739-294f-42b8-8866-f687c2301e3c (type: security_group_rules) to 0
2026-07-07 21:24:21.307 7 INFO neutron.db.ovn_revision_numbers_db [None req-1a5d77a2-df3d-441f-bf52-4e2d0a4720e0 a8eb8a086c4d43a2a38de2a4deb3b32e febcf537250a4647ae7a4f6142a2a3d2 - - default default] Successfully bumped revision number for resource 3d111c02-d0b1-4f81-815f-ead7683a3ced (type: security_group_rules) to 0 [pid: 8|app: 0|req: 692/1618] 10.0.0.108 () {34 vars in 665 bytes} [Tue Jul 7 21:24:20 2026] POST /v2.0/ports => generated 1504 bytes in 1116 msecs (HTTP/1.1 201) 4 headers in 163 bytes (1 switches on core 0) /var/lib/openstack/lib/python3.12/site-packages/pycadf/identifier.py:70: UserWarning: Invalid uuid: neutron. To ensure interoperability, identifiers should be a valid uuid. warnings.warn(('Invalid uuid: %s. To ensure interoperability, '
2026-07-07 21:24:21.384 7 INFO neutron.db.segments_db [None req-1a5d77a2-df3d-441f-bf52-4e2d0a4720e0 a8eb8a086c4d43a2a38de2a4deb3b32e febcf537250a4647ae7a4f6142a2a3d2 - - default default] Added segment 52ec9cae-cb97-4104-869e-51131c78f557 of type geneve for network c3a38ef5-9a6e-4fa1-85e9-a581e23e4408
2026-07-07 21:24:21.526 7 INFO neutron.db.ovn_revision_numbers_db [None req-1a5d77a2-df3d-441f-bf52-4e2d0a4720e0 a8eb8a086c4d43a2a38de2a4deb3b32e febcf537250a4647ae7a4f6142a2a3d2 - - default default] Successfully bumped revision number for resource c3a38ef5-9a6e-4fa1-85e9-a581e23e4408 (type: networks) to 1
2026-07-07 21:24:21.594 8 WARNING neutron.scheduler.dhcp_agent_scheduler [None req-66d9cc28-7820-4dc6-88a0-89c2541f0659 439a1f14e9f2402d94996964a9e10904 12c3460ec081491ea28f4bb86fc6a6ba - - default default] No more DHCP agents
2026-07-07 21:24:21.596 8 WARNING neutron.api.rpc.agentnotifiers.dhcp_rpc_agent_api [None req-66d9cc28-7820-4dc6-88a0-89c2541f0659 439a1f14e9f2402d94996964a9e10904 12c3460ec081491ea28f4bb86fc6a6ba - - default default] Unable to schedule network 33f50180-29c9-46a6-8e96-490ca4ba8c27: no agents available; will retry on subsequent port and subnet creation events.
2026-07-07 21:24:21.676 7 WARNING neutron.scheduler.dhcp_agent_scheduler [None req-1a5d77a2-df3d-441f-bf52-4e2d0a4720e0 a8eb8a086c4d43a2a38de2a4deb3b32e febcf537250a4647ae7a4f6142a2a3d2 - - default default] No more DHCP agents
2026-07-07 21:24:21.677 7 WARNING neutron.api.rpc.agentnotifiers.dhcp_rpc_agent_api [None req-1a5d77a2-df3d-441f-bf52-4e2d0a4720e0 a8eb8a086c4d43a2a38de2a4deb3b32e febcf537250a4647ae7a4f6142a2a3d2 - - default default] Unable to schedule network c3a38ef5-9a6e-4fa1-85e9-a581e23e4408: no agents available; will retry on subsequent port and subnet creation events.
2026-07-07 21:24:21.779 7 INFO neutron.db.ovn_revision_numbers_db [None req-1a5d77a2-df3d-441f-bf52-4e2d0a4720e0 a8eb8a086c4d43a2a38de2a4deb3b32e febcf537250a4647ae7a4f6142a2a3d2 - - default default] Successfully bumped revision number for resource afda8b9d-e6f8-418f-8696-ca8c62ae46f3 (type: ports) to 1
2026-07-07 21:24:21.783 8 INFO neutron.plugins.ml2.drivers.ovn.mech_driver.mech_driver [None req-5861eea1-9130-4003-a234-421634c3767b - - - - - -] OVN reports status down for port: afda8b9d-e6f8-418f-8696-ca8c62ae46f3 [pid: 7|app: 0|req: 927/1619] 10.0.0.108 () {34 vars in 670 bytes} [Tue Jul 7 21:24:20 2026] POST /v2.0/networks => generated 669 bytes in 944 msecs (HTTP/1.1 201) 4 headers in 162 bytes (1 switches on core 0) [pid: 7|app: 0|req: 928/1620] 10.0.0.108 () {32 vars in 643 bytes} [Tue Jul 7 21:24:21 2026] GET /v2.0/ports => generated 3016 bytes in 123 msecs (HTTP/1.1 200) 4 headers in 158 bytes (1 switches on core 0)
2026-07-07 21:24:22.150 8 INFO neutron.db.ovn_revision_numbers_db [None req-e8c23356-b5ff-47fc-ab52-154c3f16b3ec - - - - - -] Successfully bumped revision number for resource e48be88c-0c9f-4450-88b0-90ad17b42cf8 (type: ports) to 2
2026-07-07 21:24:22.155 7 WARNING neutron.scheduler.dhcp_agent_scheduler [None req-b08276d0-c127-4b02-85b5-7e45a7342606 a8eb8a086c4d43a2a38de2a4deb3b32e febcf537250a4647ae7a4f6142a2a3d2 - - default default] No more DHCP agents
2026-07-07 21:24:22.157 7 WARNING neutron.api.rpc.agentnotifiers.dhcp_rpc_agent_api [None req-b08276d0-c127-4b02-85b5-7e45a7342606 a8eb8a086c4d43a2a38de2a4deb3b32e febcf537250a4647ae7a4f6142a2a3d2 - - default default] Unable to schedule network c3a38ef5-9a6e-4fa1-85e9-a581e23e4408: no agents available; will retry on subsequent port and subnet creation events.
2026-07-07 21:24:22.187 8 INFO neutron.db.ovn_revision_numbers_db [None req-e8c23356-b5ff-47fc-ab52-154c3f16b3ec - - - - - -] Successfully bumped revision number for resource 60d7a31a-bf61-407e-a95f-34a91eae2eaf (type: subnets) to 0 [pid: 8|app: 0|req: 693/1621] 10.0.0.108 () {34 vars in 669 bytes} [Tue Jul 7 21:24:21 2026] POST /v2.0/subnets => generated 641 bytes in 862 msecs (HTTP/1.1 201) 4 headers in 162 bytes (1 switches on core 0)
2026-07-07 21:24:22.263 8 INFO neutron.plugins.ml2.drivers.ovn.mech_driver.mech_driver [None req-5861eea1-9130-4003-a234-421634c3767b - - - - - -] OVN reports status down for port: a2f6c418-7c65-4382-81e7-b61440c76b96
2026-07-07 21:24:22.284 7 INFO neutron.db.ovn_revision_numbers_db [None req-b08276d0-c127-4b02-85b5-7e45a7342606 a8eb8a086c4d43a2a38de2a4deb3b32e febcf537250a4647ae7a4f6142a2a3d2 - - default default] Successfully bumped revision number for resource a2f6c418-7c65-4382-81e7-b61440c76b96 (type: ports) to 1 [pid: 7|app: 0|req: 929/1622] 10.0.0.108 () {34 vars in 664 bytes} [Tue Jul 7 21:24:21 2026] POST /v2.0/ports => generated 743 bytes in 401 msecs (HTTP/1.1 201) 4 headers in 162 bytes (1 switches on core 0)
2026-07-07 21:24:22.410 8 INFO neutron_taas.services.taas.taas_plugin [None req-602f74fb-5b4e-4e63-aa54-f6b052e021f1 acec9097776642b8a80052fd6b05d082 1143816301cd4a89b38c35071099dca8 - - default default] TaaS: Handle Delete Port: fabc1957-3c54-4a3d-8304-fb4d4abaaa8b
2026-07-07 21:24:22.418 8 INFO neutron_taas.services.taas.tap_mirror_plugin [None req-602f74fb-5b4e-4e63-aa54-f6b052e021f1 acec9097776642b8a80052fd6b05d082 1143816301cd4a89b38c35071099dca8 - - default default] Tap Mirror: Handle Delete Port: fabc1957-3c54-4a3d-8304-fb4d4abaaa8b /var/lib/openstack/lib/python3.12/site-packages/pycadf/identifier.py:70: UserWarning: Invalid uuid: neutron. To ensure interoperability, identifiers should be a valid uuid. warnings.warn(('Invalid uuid: %s. To ensure interoperability, ' [pid: 8|app: 0|req: 694/1623] 10.0.0.108 () {32 vars in 720 bytes} [Tue Jul 7 21:24:22 2026] DELETE /v2.0/ports/fabc1957-3c54-4a3d-8304-fb4d4abaaa8b => generated 0 bytes in 381 msecs (HTTP/1.1 204) 3 headers in 131 bytes (1 switches on core 0)
2026-07-07 21:24:22.730 8 INFO neutron.db.segments_db [None req-51512d44-588f-4157-84bf-0be856074b3e 439a1f14e9f2402d94996964a9e10904 12c3460ec081491ea28f4bb86fc6a6ba - - default default] Added segment f62239b9-f612-4337-9ad4-57798ddaca38 of type geneve for network cf1283d0-afb3-4dbf-a9ed-46b405114fd1
2026-07-07 21:24:22.768 7 INFO neutron.db.ovn_revision_numbers_db [None req-778832ce-6a64-4487-bf62-4695afa880b8 d10eed27d05c452589f9862a9adf537b ebade175147a468d88a045a930ca32f2 - - default default] Successfully bumped revision number for resource 3a04c3d9-35ff-4e24-92c8-b4544215e9d0 (type: security_groups) to 1
2026-07-07 21:24:22.781 7 INFO neutron.db.ovn_revision_numbers_db [None req-778832ce-6a64-4487-bf62-4695afa880b8 d10eed27d05c452589f9862a9adf537b ebade175147a468d88a045a930ca32f2 - - default default] Successfully bumped revision number for resource 1c6aeb49-148b-4237-95ba-0c0469412d40 (type: security_group_rules) to 0
2026-07-07 21:24:22.793 7 INFO neutron.db.ovn_revision_numbers_db [None req-778832ce-6a64-4487-bf62-4695afa880b8 d10eed27d05c452589f9862a9adf537b ebade175147a468d88a045a930ca32f2 - - default default] Successfully bumped revision number for resource 54e393c7-3ada-4fa3-b7c4-8a2c7dbf4239 (type: security_group_rules) to 0
2026-07-07 21:24:22.804 7 INFO neutron.db.ovn_revision_numbers_db [None req-778832ce-6a64-4487-bf62-4695afa880b8 d10eed27d05c452589f9862a9adf537b ebade175147a468d88a045a930ca32f2 - - default default] Successfully bumped revision number for resource 871f6495-2f1f-4eed-82ee-0adcdc955821 (type: security_group_rules) to 0
2026-07-07 21:24:22.813 7 INFO neutron.db.ovn_revision_numbers_db [None req-778832ce-6a64-4487-bf62-4695afa880b8 d10eed27d05c452589f9862a9adf537b ebade175147a468d88a045a930ca32f2 - - default default] Successfully bumped revision number for resource be0e1f74-ce7e-4ebb-89c4-1d98fb14deac (type: security_group_rules) to 0
2026-07-07 21:24:22.877 8 INFO neutron.db.ovn_revision_numbers_db [None req-51512d44-588f-4157-84bf-0be856074b3e 439a1f14e9f2402d94996964a9e10904 12c3460ec081491ea28f4bb86fc6a6ba - - default default] Successfully bumped revision number for resource cf1283d0-afb3-4dbf-a9ed-46b405114fd1 (type: networks) to 1
2026-07-07 21:24:22.892 7 INFO neutron.db.segments_db [None req-778832ce-6a64-4487-bf62-4695afa880b8 d10eed27d05c452589f9862a9adf537b ebade175147a468d88a045a930ca32f2 - - default default] Added segment 5d404c67-c492-4414-8e59-072240ddb446 of type geneve for network 3a941f1e-d1b6-42eb-a9be-1e5e39f4063b
2026-07-07 21:24:23.016 7 INFO neutron.db.ovn_revision_numbers_db [None req-778832ce-6a64-4487-bf62-4695afa880b8 d10eed27d05c452589f9862a9adf537b ebade175147a468d88a045a930ca32f2 - - default default] Successfully bumped revision number for resource 3a941f1e-d1b6-42eb-a9be-1e5e39f4063b (type: networks) to 1
2026-07-07 21:24:23.081 8 WARNING neutron.scheduler.dhcp_agent_scheduler [None req-51512d44-588f-4157-84bf-0be856074b3e 439a1f14e9f2402d94996964a9e10904 12c3460ec081491ea28f4bb86fc6a6ba - - default default] No more DHCP agents
2026-07-07 21:24:23.082 8 WARNING neutron.api.rpc.agentnotifiers.dhcp_rpc_agent_api [None req-51512d44-588f-4157-84bf-0be856074b3e 439a1f14e9f2402d94996964a9e10904 12c3460ec081491ea28f4bb86fc6a6ba - - default default] Unable to schedule network cf1283d0-afb3-4dbf-a9ed-46b405114fd1: no agents available; will retry on subsequent port and subnet creation events.
2026-07-07 21:24:23.157 8 INFO neutron.plugins.ml2.drivers.ovn.mech_driver.mech_driver [None req-5861eea1-9130-4003-a234-421634c3767b - - - - - -] OVN reports status down for port: 0e654247-5448-4579-9af4-3622eaf6c374
2026-07-07 21:24:23.187 7 WARNING neutron.scheduler.dhcp_agent_scheduler [None req-778832ce-6a64-4487-bf62-4695afa880b8 d10eed27d05c452589f9862a9adf537b ebade175147a468d88a045a930ca32f2 - - default default] No more DHCP agents
2026-07-07 21:24:23.190 7 WARNING neutron.api.rpc.agentnotifiers.dhcp_rpc_agent_api [None req-778832ce-6a64-4487-bf62-4695afa880b8 d10eed27d05c452589f9862a9adf537b ebade175147a468d88a045a930ca32f2 - - default default] Unable to schedule network 3a941f1e-d1b6-42eb-a9be-1e5e39f4063b: no agents available; will retry on subsequent port and subnet creation events.
2026-07-07 21:24:23.221 8 INFO neutron.db.ovn_revision_numbers_db [None req-51512d44-588f-4157-84bf-0be856074b3e 439a1f14e9f2402d94996964a9e10904 12c3460ec081491ea28f4bb86fc6a6ba - - default default] Successfully bumped revision number for resource 0e654247-5448-4579-9af4-3622eaf6c374 (type: ports) to 1
2026-07-07 21:24:23.305 7 INFO neutron.db.ovn_revision_numbers_db [None req-778832ce-6a64-4487-bf62-4695afa880b8 d10eed27d05c452589f9862a9adf537b ebade175147a468d88a045a930ca32f2 - - default default] Successfully bumped revision number for resource aa8ad441-0d09-46a8-b143-09770ed22ae6 (type: ports) to 1 [pid: 8|app: 0|req: 695/1624] 10.0.0.108 () {34 vars in 670 bytes} [Tue Jul 7 21:24:22 2026] POST /v2.0/networks => generated 682 bytes in 704 msecs (HTTP/1.1 201) 4 headers in 162 bytes (1 switches on core 0) [pid: 7|app: 0|req: 930/1625] 10.0.0.108 () {34 vars in 670 bytes} [Tue Jul 7 21:24:22 2026] POST /v2.0/networks => generated 686 bytes in 1003 msecs (HTTP/1.1 201) 4 headers in 162 bytes (1 switches on core 0)
2026-07-07 21:24:23.342 8 INFO neutron.plugins.ml2.drivers.ovn.mech_driver.mech_driver [None req-5861eea1-9130-4003-a234-421634c3767b - - - - - -] OVN reports status down for port: aa8ad441-0d09-46a8-b143-09770ed22ae6
2026-07-07 21:24:23.434 8 INFO neutron.db.segments_db [None req-ea8b5e1b-3989-48df-b38a-0d3c4196ea62 a8eb8a086c4d43a2a38de2a4deb3b32e febcf537250a4647ae7a4f6142a2a3d2 - - default default] Added segment 6457135e-3ae9-4aae-a98e-a0e340bc3c94 of type geneve for network ad85acdf-4732-460e-ab2a-e42a7d5cdef1
2026-07-07 21:24:23.481 7 INFO neutron_taas.services.taas.taas_plugin [None req-f443c25d-aa41-49c3-9575-a16f33e03f3e acec9097776642b8a80052fd6b05d082 1143816301cd4a89b38c35071099dca8 - - default default] TaaS: Handle Delete Port: bf65cf4f-b6cf-4da9-a06d-2f706e313b81
2026-07-07 21:24:23.485 7 INFO neutron_taas.services.taas.tap_mirror_plugin [None req-f443c25d-aa41-49c3-9575-a16f33e03f3e acec9097776642b8a80052fd6b05d082 1143816301cd4a89b38c35071099dca8 - - default default] Tap Mirror: Handle Delete Port: bf65cf4f-b6cf-4da9-a06d-2f706e313b81
2026-07-07 21:24:23.593 8 INFO neutron.db.ovn_revision_numbers_db [None req-ea8b5e1b-3989-48df-b38a-0d3c4196ea62 a8eb8a086c4d43a2a38de2a4deb3b32e febcf537250a4647ae7a4f6142a2a3d2 - - default default] Successfully bumped revision number for resource ad85acdf-4732-460e-ab2a-e42a7d5cdef1 (type: networks) to 1 [pid: 7|app: 0|req: 931/1626] 10.0.0.108 () {32 vars in 720 bytes} [Tue Jul 7 21:24:23 2026] DELETE /v2.0/ports/bf65cf4f-b6cf-4da9-a06d-2f706e313b81 => generated 0 bytes in 329 msecs (HTTP/1.1 204) 3 headers in 131 bytes (1 switches on core 0)
2026-07-07 21:24:23.810 7 INFO neutron.db.ovn_revision_numbers_db [None req-a71588ed-6457-423b-b133-d013f4fc40f9 439a1f14e9f2402d94996964a9e10904 12c3460ec081491ea28f4bb86fc6a6ba - - default default] Successfully bumped revision number for resource cf1283d0-afb3-4dbf-a9ed-46b405114fd1 (type: networks) to 2 [pid: 7|app: 0|req: 932/1627] 10.0.0.108 () {34 vars in 743 bytes} [Tue Jul 7 21:24:23 2026] PUT /v2.0/networks/cf1283d0-afb3-4dbf-a9ed-46b405114fd1 => generated 636 bytes in 152 msecs (HTTP/1.1 200) 4 headers in 157 bytes (1 switches on core 0)
2026-07-07 21:24:23.833 8 WARNING neutron.scheduler.dhcp_agent_scheduler [None req-ea8b5e1b-3989-48df-b38a-0d3c4196ea62 a8eb8a086c4d43a2a38de2a4deb3b32e febcf537250a4647ae7a4f6142a2a3d2 - - default default] No more DHCP agents
2026-07-07 21:24:23.835 8 WARNING neutron.api.rpc.agentnotifiers.dhcp_rpc_agent_api [None req-ea8b5e1b-3989-48df-b38a-0d3c4196ea62 a8eb8a086c4d43a2a38de2a4deb3b32e febcf537250a4647ae7a4f6142a2a3d2 - - default default] Unable to schedule network ad85acdf-4732-460e-ab2a-e42a7d5cdef1: no agents available; will retry on subsequent port and subnet creation events.
2026-07-07 21:24:23.905 8 INFO neutron.plugins.ml2.drivers.ovn.mech_driver.mech_driver [None req-5861eea1-9130-4003-a234-421634c3767b - - - - - -] OVN reports status down for port: 242bd331-b60a-4082-9374-6d28918bc786
2026-07-07 21:24:23.967 8 INFO neutron.db.ovn_revision_numbers_db [None req-ea8b5e1b-3989-48df-b38a-0d3c4196ea62 a8eb8a086c4d43a2a38de2a4deb3b32e febcf537250a4647ae7a4f6142a2a3d2 - - default default] Successfully bumped revision number for resource 242bd331-b60a-4082-9374-6d28918bc786 (type: ports) to 1 [pid: 8|app: 0|req: 696/1628] 10.0.0.108 () {34 vars in 670 bytes} [Tue Jul 7 21:24:23 2026] POST /v2.0/networks => generated 670 bytes in 707 msecs (HTTP/1.1 201) 4 headers in 162 bytes (1 switches on core 0)
2026-07-07 21:24:24.063 7 WARNING neutron.scheduler.dhcp_agent_scheduler [None req-b5a9eaa2-21b0-46e2-bff1-ebcad9ba99b0 d10eed27d05c452589f9862a9adf537b ebade175147a468d88a045a930ca32f2 - - default default] No more DHCP agents
2026-07-07 21:24:24.065 7 WARNING neutron.api.rpc.agentnotifiers.dhcp_rpc_agent_api [None req-b5a9eaa2-21b0-46e2-bff1-ebcad9ba99b0 d10eed27d05c452589f9862a9adf537b ebade175147a468d88a045a930ca32f2 - - default default] Unable to schedule network 3a941f1e-d1b6-42eb-a9be-1e5e39f4063b: no agents available; will retry on subsequent port and subnet creation events. [pid: 8|app: 0|req: 697/1629] 10.0.0.108 () {32 vars in 643 bytes} [Tue Jul 7 21:24:24 2026] GET /v2.0/ports => generated 1523 bytes in 54 msecs (HTTP/1.1 200) 4 headers in 158 bytes (1 switches on core 0)
2026-07-07 21:24:24.170 8 INFO neutron.plugins.ml2.drivers.ovn.mech_driver.mech_driver [None req-5861eea1-9130-4003-a234-421634c3767b - - - - - -] OVN reports status down for port: a94862a6-473f-49e7-8e68-ab0c257f240d
2026-07-07 21:24:24.192 7 INFO neutron.db.ovn_revision_numbers_db [None req-b5a9eaa2-21b0-46e2-bff1-ebcad9ba99b0 d10eed27d05c452589f9862a9adf537b ebade175147a468d88a045a930ca32f2 - - default default] Successfully bumped revision number for resource a94862a6-473f-49e7-8e68-ab0c257f240d (type: ports) to 1 [pid: 7|app: 0|req: 933/1630] 10.0.0.108 () {34 vars in 665 bytes} [Tue Jul 7 21:24:23 2026] POST /v2.0/ports => generated 778 bytes in 427 msecs (HTTP/1.1 201) 4 headers in 162 bytes (1 switches on core 0) /var/lib/openstack/lib/python3.12/site-packages/pycadf/identifier.py:70: UserWarning: Invalid uuid: neutron. To ensure interoperability, identifiers should be a valid uuid. warnings.warn(('Invalid uuid: %s. To ensure interoperability, '
2026-07-07 21:24:24.371 8 WARNING neutron.scheduler.dhcp_agent_scheduler [None req-7698322a-2124-48ec-8cd8-cf28923c7c82 439a1f14e9f2402d94996964a9e10904 12c3460ec081491ea28f4bb86fc6a6ba - - default default] No more DHCP agents
2026-07-07 21:24:24.373 8 WARNING neutron.api.rpc.agentnotifiers.dhcp_rpc_agent_api [None req-7698322a-2124-48ec-8cd8-cf28923c7c82 439a1f14e9f2402d94996964a9e10904 12c3460ec081491ea28f4bb86fc6a6ba - - default default] Unable to schedule network cf1283d0-afb3-4dbf-a9ed-46b405114fd1: no agents available; will retry on subsequent port and subnet creation events.
2026-07-07 21:24:24.851 8 INFO neutron.db.ovn_revision_numbers_db [None req-66e792af-b375-4311-a32b-dfee5418e42c - - - - - -] Successfully bumped revision number for resource 0e654247-5448-4579-9af4-3622eaf6c374 (type: ports) to 2
2026-07-07 21:24:24.886 8 INFO neutron.db.ovn_revision_numbers_db [None req-66e792af-b375-4311-a32b-dfee5418e42c - - - - - -] Successfully bumped revision number for resource 93464393-9e5f-458d-b9fe-f3e9473327fc (type: subnets) to 0 [pid: 8|app: 0|req: 698/1631] 10.0.0.108 () {34 vars in 669 bytes} [Tue Jul 7 21:24:24 2026] POST /v2.0/subnets => generated 626 bytes in 827 msecs (HTTP/1.1 201) 4 headers in 162 bytes (1 switches on core 0)
2026-07-07 21:24:24.960 7 WARNING neutron.scheduler.dhcp_agent_scheduler [None req-00d5e541-9dbb-4e39-9d3a-1ae325ce1fef a8eb8a086c4d43a2a38de2a4deb3b32e febcf537250a4647ae7a4f6142a2a3d2 - - default default] No more DHCP agents
2026-07-07 21:24:24.961 7 WARNING neutron.api.rpc.agentnotifiers.dhcp_rpc_agent_api [None req-00d5e541-9dbb-4e39-9d3a-1ae325ce1fef a8eb8a086c4d43a2a38de2a4deb3b32e febcf537250a4647ae7a4f6142a2a3d2 - - default default] Unable to schedule network ad85acdf-4732-460e-ab2a-e42a7d5cdef1: no agents available; will retry on subsequent port and subnet creation events.
2026-07-07 21:24:24.987 8 INFO neutron.db.segments_db [None req-2442dd4a-d322-4495-893c-22a073270877 acec9097776642b8a80052fd6b05d082 1143816301cd4a89b38c35071099dca8 - - default default] Added segment e11a6fff-5e07-40d8-b640-3c0001bcb58a of type geneve for network 764566cd-c09f-4cec-a553-4ca5279e3b1f
2026-07-07 21:24:25.075 8 INFO neutron.plugins.ml2.drivers.ovn.mech_driver.mech_driver [None req-5861eea1-9130-4003-a234-421634c3767b - - - - - -] OVN reports status down for port: d80a39cb-affd-4c55-8170-3fd9a539e11a
2026-07-07 21:24:25.093 7 INFO neutron.db.ovn_revision_numbers_db [None req-00d5e541-9dbb-4e39-9d3a-1ae325ce1fef a8eb8a086c4d43a2a38de2a4deb3b32e febcf537250a4647ae7a4f6142a2a3d2 - - default default] Successfully bumped revision number for resource d80a39cb-affd-4c55-8170-3fd9a539e11a (type: ports) to 1 [pid: 7|app: 0|req: 934/1632] 10.0.0.108 () {34 vars in 664 bytes} [Tue Jul 7 21:24:24 2026] POST /v2.0/ports => generated 743 bytes in 902 msecs (HTTP/1.1 201) 4 headers in 162 bytes (1 switches on core 0) /var/lib/openstack/lib/python3.12/site-packages/pycadf/identifier.py:70: UserWarning: Invalid uuid: neutron. To ensure interoperability, identifiers should be a valid uuid. warnings.warn(('Invalid uuid: %s. To ensure interoperability, '
2026-07-07 21:24:25.254 7 INFO neutron.db.segments_db [None req-e34d2c95-1650-44e8-92ee-bcdea2fdb8f4 d10eed27d05c452589f9862a9adf537b ebade175147a468d88a045a930ca32f2 - - default default] Added segment c7362145-2411-4121-9df7-73933e5e819e of type geneve for network 369a81b6-9e50-438d-a03b-3644b892e665
2026-07-07 21:24:25.257 8 INFO neutron.db.ovn_revision_numbers_db [None req-2442dd4a-d322-4495-893c-22a073270877 acec9097776642b8a80052fd6b05d082 1143816301cd4a89b38c35071099dca8 - - default default] Successfully bumped revision number for resource 764566cd-c09f-4cec-a553-4ca5279e3b1f (type: networks) to 1
2026-07-07 21:24:25.392 7 INFO neutron.db.ovn_revision_numbers_db [None req-e34d2c95-1650-44e8-92ee-bcdea2fdb8f4 d10eed27d05c452589f9862a9adf537b ebade175147a468d88a045a930ca32f2 - - default default] Successfully bumped revision number for resource 369a81b6-9e50-438d-a03b-3644b892e665 (type: networks) to 1
2026-07-07 21:24:25.473 8 WARNING neutron.scheduler.dhcp_agent_scheduler [None req-2442dd4a-d322-4495-893c-22a073270877 acec9097776642b8a80052fd6b05d082 1143816301cd4a89b38c35071099dca8 - - default default] No more DHCP agents
2026-07-07 21:24:25.475 8 WARNING neutron.api.rpc.agentnotifiers.dhcp_rpc_agent_api [None req-2442dd4a-d322-4495-893c-22a073270877 acec9097776642b8a80052fd6b05d082 1143816301cd4a89b38c35071099dca8 - - default default] Unable to schedule network 764566cd-c09f-4cec-a553-4ca5279e3b1f: no agents available; will retry on subsequent port and subnet creation events.
2026-07-07 21:24:25.584 8 INFO neutron.plugins.ml2.drivers.ovn.mech_driver.mech_driver [None req-5861eea1-9130-4003-a234-421634c3767b - - - - - -] OVN reports status down for port: a3a4c061-cc6b-4931-be2b-67a00885effe
2026-07-07 21:24:25.664 7 WARNING neutron.scheduler.dhcp_agent_scheduler [None req-e34d2c95-1650-44e8-92ee-bcdea2fdb8f4 d10eed27d05c452589f9862a9adf537b ebade175147a468d88a045a930ca32f2 - - default default] No more DHCP agents
2026-07-07 21:24:25.667 7 WARNING neutron.api.rpc.agentnotifiers.dhcp_rpc_agent_api [None req-e34d2c95-1650-44e8-92ee-bcdea2fdb8f4 d10eed27d05c452589f9862a9adf537b ebade175147a468d88a045a930ca32f2 - - default default] Unable to schedule network 369a81b6-9e50-438d-a03b-3644b892e665: no agents available; will retry on subsequent port and subnet creation events.
2026-07-07 21:24:25.674 8 INFO neutron.db.ovn_revision_numbers_db [None req-2442dd4a-d322-4495-893c-22a073270877 acec9097776642b8a80052fd6b05d082 1143816301cd4a89b38c35071099dca8 - - default default] Successfully bumped revision number for resource a3a4c061-cc6b-4931-be2b-67a00885effe (type: ports) to 1 [pid: 8|app: 0|req: 699/1633] 10.0.0.108 () {34 vars in 670 bytes} [Tue Jul 7 21:24:24 2026] POST /v2.0/networks => generated 688 bytes in 822 msecs (HTTP/1.1 201) 4 headers in 162 bytes (1 switches on core 0)
2026-07-07 21:24:25.788 7 INFO neutron.db.ovn_revision_numbers_db [None req-e34d2c95-1650-44e8-92ee-bcdea2fdb8f4 d10eed27d05c452589f9862a9adf537b ebade175147a468d88a045a930ca32f2 - - default default] Successfully bumped revision number for resource 409ec1ae-36dc-49e1-ae3d-a66d10383a58 (type: ports) to 1 [pid: 7|app: 0|req: 935/1634] 10.0.0.108 () {34 vars in 670 bytes} [Tue Jul 7 21:24:25 2026] POST /v2.0/networks => generated 674 bytes in 662 msecs (HTTP/1.1 201) 4 headers in 162 bytes (1 switches on core 0)
2026-07-07 21:24:25.817 8 INFO neutron.plugins.ml2.drivers.ovn.mech_driver.mech_driver [None req-5861eea1-9130-4003-a234-421634c3767b - - - - - -] OVN reports status down for port: 409ec1ae-36dc-49e1-ae3d-a66d10383a58
2026-07-07 21:24:25.896 7 INFO neutron.db.segments_db [None req-34e40450-832a-42ad-bef8-f76b647e7567 a8eb8a086c4d43a2a38de2a4deb3b32e febcf537250a4647ae7a4f6142a2a3d2 - - default default] Added segment b0192461-11b6-4c55-ae12-130654368204 of type geneve for network f277a2c6-7936-42ec-8122-ef145069c873
2026-07-07 21:24:26.020 7 INFO neutron.db.ovn_revision_numbers_db [None req-34e40450-832a-42ad-bef8-f76b647e7567 a8eb8a086c4d43a2a38de2a4deb3b32e febcf537250a4647ae7a4f6142a2a3d2 - - default default] Successfully bumped revision number for resource f277a2c6-7936-42ec-8122-ef145069c873 (type: networks) to 1
2026-07-07 21:24:26.095 8 INFO neutron.db.ovn_revision_numbers_db [None req-326371bd-44a6-4b81-9eb8-15caebacb2f5 439a1f14e9f2402d94996964a9e10904 12c3460ec081491ea28f4bb86fc6a6ba - - default default] Successfully bumped revision number for resource 93464393-9e5f-458d-b9fe-f3e9473327fc (type: subnets) to 1 [pid: 8|app: 0|req: 700/1635] 10.0.0.108 () {34 vars in 741 bytes} [Tue Jul 7 21:24:25 2026] PUT /v2.0/subnets/93464393-9e5f-458d-b9fe-f3e9473327fc => generated 636 bytes in 374 msecs (HTTP/1.1 200) 4 headers in 157 bytes (1 switches on core 0)
2026-07-07 21:24:26.190 8 INFO neutron.db.segments_db [None req-dc6ec9b8-913b-4333-b93a-e8c05a926fcf acec9097776642b8a80052fd6b05d082 1143816301cd4a89b38c35071099dca8 - - default default] Added segment 02099d7a-f866-4801-83d4-1be039723881 of type geneve for network 78b8fb12-0763-4279-9db2-5ddebe60543e
2026-07-07 21:24:26.196 7 WARNING neutron.scheduler.dhcp_agent_scheduler [None req-34e40450-832a-42ad-bef8-f76b647e7567 a8eb8a086c4d43a2a38de2a4deb3b32e febcf537250a4647ae7a4f6142a2a3d2 - - default default] No more DHCP agents
2026-07-07 21:24:26.197 7 WARNING neutron.api.rpc.agentnotifiers.dhcp_rpc_agent_api [None req-34e40450-832a-42ad-bef8-f76b647e7567 a8eb8a086c4d43a2a38de2a4deb3b32e febcf537250a4647ae7a4f6142a2a3d2 - - default default] Unable to schedule network f277a2c6-7936-42ec-8122-ef145069c873: no agents available; will retry on subsequent port and subnet creation events.
2026-07-07 21:24:26.277 8 INFO neutron.plugins.ml2.drivers.ovn.mech_driver.mech_driver [None req-5861eea1-9130-4003-a234-421634c3767b - - - - - -] OVN reports status down for port: 4018b155-ea7e-474b-96e5-64dbbe3c9f4d
2026-07-07 21:24:26.304 7 INFO neutron.db.ovn_revision_numbers_db [None req-34e40450-832a-42ad-bef8-f76b647e7567 a8eb8a086c4d43a2a38de2a4deb3b32e febcf537250a4647ae7a4f6142a2a3d2 - - default default] Successfully bumped revision number for resource 4018b155-ea7e-474b-96e5-64dbbe3c9f4d (type: ports) to 1 [pid: 7|app: 0|req: 936/1636] 10.0.0.108 () {34 vars in 670 bytes} [Tue Jul 7 21:24:25 2026] POST /v2.0/networks => generated 669 bytes in 511 msecs (HTTP/1.1 201) 4 headers in 162 bytes (1 switches on core 0)
2026-07-07 21:24:26.434 8 INFO neutron.db.ovn_revision_numbers_db [None req-dc6ec9b8-913b-4333-b93a-e8c05a926fcf acec9097776642b8a80052fd6b05d082 1143816301cd4a89b38c35071099dca8 - - default default] Successfully bumped revision number for resource 78b8fb12-0763-4279-9db2-5ddebe60543e (type: networks) to 1
2026-07-07 21:24:26.562 7 WARNING neutron.scheduler.dhcp_agent_scheduler [None req-e0d0067a-2078-4b5d-80fa-d373ada7a91a d10eed27d05c452589f9862a9adf537b ebade175147a468d88a045a930ca32f2 - - default default] No more DHCP agents
2026-07-07 21:24:26.565 7 WARNING neutron.api.rpc.agentnotifiers.dhcp_rpc_agent_api [None req-e0d0067a-2078-4b5d-80fa-d373ada7a91a d10eed27d05c452589f9862a9adf537b ebade175147a468d88a045a930ca32f2 - - default default] Unable to schedule network 369a81b6-9e50-438d-a03b-3644b892e665: no agents available; will retry on subsequent port and subnet creation events.
2026-07-07 21:24:26.602 7 INFO neutron.db.ovn_revision_numbers_db [None req-e0d0067a-2078-4b5d-80fa-d373ada7a91a d10eed27d05c452589f9862a9adf537b ebade175147a468d88a045a930ca32f2 - - default default] Successfully bumped revision number for resource c96b021a-573e-49f9-9c09-f53acd7b2a3e (type: subnets) to 0 [pid: 7|app: 0|req: 937/1637] 10.0.0.108 () {34 vars in 669 bytes} [Tue Jul 7 21:24:26 2026] POST /v2.0/subnets => generated 646 bytes in 293 msecs (HTTP/1.1 201) 4 headers in 162 bytes (1 switches on core 0)
2026-07-07 21:24:26.637 8 WARNING neutron.scheduler.dhcp_agent_scheduler [None req-dc6ec9b8-913b-4333-b93a-e8c05a926fcf acec9097776642b8a80052fd6b05d082 1143816301cd4a89b38c35071099dca8 - - default default] No more DHCP agents
2026-07-07 21:24:26.638 8 WARNING neutron.api.rpc.agentnotifiers.dhcp_rpc_agent_api [None req-dc6ec9b8-913b-4333-b93a-e8c05a926fcf acec9097776642b8a80052fd6b05d082 1143816301cd4a89b38c35071099dca8 - - default default] Unable to schedule network 78b8fb12-0763-4279-9db2-5ddebe60543e: no agents available; will retry on subsequent port and subnet creation events.
2026-07-07 21:24:26.713 8 INFO neutron.plugins.ml2.drivers.ovn.mech_driver.mech_driver [None req-5861eea1-9130-4003-a234-421634c3767b - - - - - -] OVN reports status down for port: c3d455ba-f159-4364-861c-f9984abececd
2026-07-07 21:24:26.778 8 INFO neutron.db.ovn_revision_numbers_db [None req-dc6ec9b8-913b-4333-b93a-e8c05a926fcf acec9097776642b8a80052fd6b05d082 1143816301cd4a89b38c35071099dca8 - - default default] Successfully bumped revision number for resource c3d455ba-f159-4364-861c-f9984abececd (type: ports) to 1
2026-07-07 21:24:26.802 7 INFO neutron_taas.services.taas.taas_plugin [None req-14ea6395-2bcb-4918-9e25-244fb2e7f698 439a1f14e9f2402d94996964a9e10904 12c3460ec081491ea28f4bb86fc6a6ba - - default default] TaaS: Handle Delete Port: 0e654247-5448-4579-9af4-3622eaf6c374
2026-07-07 21:24:26.805 7 INFO neutron_taas.services.taas.tap_mirror_plugin [None req-14ea6395-2bcb-4918-9e25-244fb2e7f698 439a1f14e9f2402d94996964a9e10904 12c3460ec081491ea28f4bb86fc6a6ba - - default default] Tap Mirror: Handle Delete Port: 0e654247-5448-4579-9af4-3622eaf6c374 [pid: 8|app: 0|req: 701/1638] 10.0.0.108 () {34 vars in 670 bytes} [Tue Jul 7 21:24:26 2026] POST /v2.0/networks => generated 686 bytes in 715 msecs (HTTP/1.1 201) 4 headers in 162 bytes (1 switches on core 0)
2026-07-07 21:24:27.093 8 WARNING neutron.scheduler.dhcp_agent_scheduler [None req-1e2dc2c6-e503-4c9a-ac6b-bd5bf65a393d a8eb8a086c4d43a2a38de2a4deb3b32e febcf537250a4647ae7a4f6142a2a3d2 - - default default] No more DHCP agents
2026-07-07 21:24:27.095 8 WARNING neutron.api.rpc.agentnotifiers.dhcp_rpc_agent_api [None req-1e2dc2c6-e503-4c9a-ac6b-bd5bf65a393d a8eb8a086c4d43a2a38de2a4deb3b32e febcf537250a4647ae7a4f6142a2a3d2 - - default default] Unable to schedule network f277a2c6-7936-42ec-8122-ef145069c873: no agents available; will retry on subsequent port and subnet creation events.
2026-07-07 21:24:27.152 7 INFO neutron.services.segments.plugin [-] Segment f62239b9-f612-4337-9ad4-57798ddaca38 resource provider aggregate not found
2026-07-07 21:24:27.157 7 INFO neutron.services.segments.plugin [-] Segment f62239b9-f612-4337-9ad4-57798ddaca38 resource provider aggregate not found
2026-07-07 21:24:27.175 8 INFO neutron.plugins.ml2.drivers.ovn.mech_driver.mech_driver [None req-5861eea1-9130-4003-a234-421634c3767b - - - - - -] OVN reports status down for port: c3bd1838-3d8c-40f8-a3af-d44968c0ecbe
2026-07-07 21:24:27.179 7 INFO neutron.services.segments.plugin [-] Client error retrieving segment f62239b9-f612-4337-9ad4-57798ddaca38 resource provider; error: Placement Client Error (4xx): {"errors": [{"status": 404, "title": "Not Found", "detail": "The resource could not be found.\n\n No resource provider with uuid f62239b9-f612-4337-9ad4-57798ddaca38 found for delete ", "request_id": "req-01eead2e-518f-4fc3-8bd9-39118d1ea108"}]}
2026-07-07 21:24:27.182 7 INFO neutron.services.segments.plugin [-] Client error retrieving segment f62239b9-f612-4337-9ad4-57798ddaca38 resource provider; error: Placement Client Error (4xx): {"errors": [{"status": 404, "title": "Not Found", "detail": "The resource could not be found.\n\n No resource provider with uuid f62239b9-f612-4337-9ad4-57798ddaca38 found for delete ", "request_id": "req-5bb36e75-6219-4fbb-887a-e8ddb05dedba"}]} [pid: 7|app: 0|req: 938/1639] 10.0.0.108 () {32 vars in 726 bytes} [Tue Jul 7 21:24:26 2026] DELETE /v2.0/networks/cf1283d0-afb3-4dbf-a9ed-46b405114fd1 => generated 0 bytes in 649 msecs (HTTP/1.1 204) 3 headers in 131 bytes (1 switches on core 0)
2026-07-07 21:24:27.288 8 INFO neutron.db.ovn_revision_numbers_db [None req-1e2dc2c6-e503-4c9a-ac6b-bd5bf65a393d a8eb8a086c4d43a2a38de2a4deb3b32e febcf537250a4647ae7a4f6142a2a3d2 - - default default] Successfully bumped revision number for resource c3bd1838-3d8c-40f8-a3af-d44968c0ecbe (type: ports) to 1 [pid: 8|app: 0|req: 702/1640] 10.0.0.108 () {34 vars in 664 bytes} [Tue Jul 7 21:24:26 2026] POST /v2.0/ports => generated 743 bytes in 555 msecs (HTTP/1.1 201) 4 headers in 162 bytes (1 switches on core 0) /var/lib/openstack/lib/python3.12/site-packages/pycadf/identifier.py:70: UserWarning: Invalid uuid: neutron. To ensure interoperability, identifiers should be a valid uuid. warnings.warn(('Invalid uuid: %s. To ensure interoperability, '
2026-07-07 21:24:27.588 7 WARNING neutron.scheduler.dhcp_agent_scheduler [None req-2a40b4b4-dee2-487c-af0b-3f1b396f6f42 d10eed27d05c452589f9862a9adf537b ebade175147a468d88a045a930ca32f2 - - default default] No more DHCP agents
2026-07-07 21:24:27.589 7 WARNING neutron.api.rpc.agentnotifiers.dhcp_rpc_agent_api [None req-2a40b4b4-dee2-487c-af0b-3f1b396f6f42 d10eed27d05c452589f9862a9adf537b ebade175147a468d88a045a930ca32f2 - - default default] Unable to schedule network 369a81b6-9e50-438d-a03b-3644b892e665: no agents available; will retry on subsequent port and subnet creation events.
2026-07-07 21:24:27.706 8 INFO neutron.plugins.ml2.drivers.ovn.mech_driver.mech_driver [None req-5861eea1-9130-4003-a234-421634c3767b - - - - - -] OVN reports status down for port: c32ff945-e6be-4248-b711-cf62b45def7e
2026-07-07 21:24:27.752 7 INFO neutron.db.ovn_revision_numbers_db [None req-2a40b4b4-dee2-487c-af0b-3f1b396f6f42 d10eed27d05c452589f9862a9adf537b ebade175147a468d88a045a930ca32f2 - - default default] Successfully bumped revision number for resource c32ff945-e6be-4248-b711-cf62b45def7e (type: ports) to 1 [pid: 7|app: 0|req: 939/1641] 10.0.0.108 () {34 vars in 665 bytes} [Tue Jul 7 21:24:27 2026] POST /v2.0/ports => generated 962 bytes in 510 msecs (HTTP/1.1 201) 4 headers in 162 bytes (1 switches on core 0) /var/lib/openstack/lib/python3.12/site-packages/pycadf/identifier.py:70: UserWarning: Invalid uuid: neutron. To ensure interoperability, identifiers should be a valid uuid. warnings.warn(('Invalid uuid: %s. To ensure interoperability, '
2026-07-07 21:24:27.788 7 INFO neutron.pecan_wsgi.hooks.translation [None req-5f092b3f-c218-4b25-bd93-46fea80aef5b 439a1f14e9f2402d94996964a9e10904 12c3460ec081491ea28f4bb86fc6a6ba - - default default] DELETE failed (client error): The resource could not be found. [pid: 7|app: 0|req: 940/1642] 10.0.0.108 () {32 vars in 726 bytes} [Tue Jul 7 21:24:27 2026] DELETE /v2.0/networks/cf1283d0-afb3-4dbf-a9ed-46b405114fd1 => generated 138 bytes in 12 msecs (HTTP/1.1 404) 4 headers in 164 bytes (1 switches on core 0)
2026-07-07 21:24:27.824 8 WARNING neutron.scheduler.dhcp_agent_scheduler [None req-d7ff4527-6ed8-41c1-b780-4b1d3d35971a acec9097776642b8a80052fd6b05d082 1143816301cd4a89b38c35071099dca8 - - default default] No more DHCP agents
2026-07-07 21:24:27.827 8 WARNING neutron.api.rpc.agentnotifiers.dhcp_rpc_agent_api [None req-d7ff4527-6ed8-41c1-b780-4b1d3d35971a acec9097776642b8a80052fd6b05d082 1143816301cd4a89b38c35071099dca8 - - default default] Unable to schedule network 764566cd-c09f-4cec-a553-4ca5279e3b1f: no agents available; will retry on subsequent port and subnet creation events.
2026-07-07 21:24:27.874 7 INFO neutron.db.segments_db [None req-e99ae45f-0426-4b11-a0be-e20bfde8758a a8eb8a086c4d43a2a38de2a4deb3b32e febcf537250a4647ae7a4f6142a2a3d2 - - default default] Added segment 76151037-0619-4b31-8a94-69d2156ca646 of type geneve for network c5160239-8bab-4130-8a27-45010c234b94
2026-07-07 21:24:28.005 7 INFO neutron.db.ovn_revision_numbers_db [None req-e99ae45f-0426-4b11-a0be-e20bfde8758a a8eb8a086c4d43a2a38de2a4deb3b32e febcf537250a4647ae7a4f6142a2a3d2 - - default default] Successfully bumped revision number for resource c5160239-8bab-4130-8a27-45010c234b94 (type: networks) to 1
2026-07-07 21:24:28.174 7 WARNING neutron.scheduler.dhcp_agent_scheduler [None req-e99ae45f-0426-4b11-a0be-e20bfde8758a a8eb8a086c4d43a2a38de2a4deb3b32e febcf537250a4647ae7a4f6142a2a3d2 - - default default] No more DHCP agents
2026-07-07 21:24:28.175 7 WARNING neutron.api.rpc.agentnotifiers.dhcp_rpc_agent_api [None req-e99ae45f-0426-4b11-a0be-e20bfde8758a a8eb8a086c4d43a2a38de2a4deb3b32e febcf537250a4647ae7a4f6142a2a3d2 - - default default] Unable to schedule network c5160239-8bab-4130-8a27-45010c234b94: no agents available; will retry on subsequent port and subnet creation events.
2026-07-07 21:24:28.256 8 INFO neutron.plugins.ml2.drivers.ovn.mech_driver.mech_driver [None req-5861eea1-9130-4003-a234-421634c3767b - - - - - -] OVN reports status down for port: 2be02083-5f29-4df3-8c58-8fbee6fc2608
2026-07-07 21:24:28.287 7 INFO neutron.db.ovn_revision_numbers_db [None req-e99ae45f-0426-4b11-a0be-e20bfde8758a a8eb8a086c4d43a2a38de2a4deb3b32e febcf537250a4647ae7a4f6142a2a3d2 - - default default] Successfully bumped revision number for resource 2be02083-5f29-4df3-8c58-8fbee6fc2608 (type: ports) to 1 [pid: 7|app: 0|req: 941/1643] 10.0.0.108 () {34 vars in 670 bytes} [Tue Jul 7 21:24:27 2026] POST /v2.0/networks => generated 670 bytes in 516 msecs (HTTP/1.1 201) 4 headers in 162 bytes (1 switches on core 0)
2026-07-07 21:24:28.530 8 INFO neutron.db.ovn_revision_numbers_db [None req-9f5440bd-9276-4a18-b6b9-1f0e84457a78 - - - - - -] Successfully bumped revision number for resource a3a4c061-cc6b-4931-be2b-67a00885effe (type: ports) to 2
2026-07-07 21:24:28.543 7 INFO neutron_taas.services.taas.taas_plugin [None req-32532c9c-3720-412b-b067-e3737f901afa d10eed27d05c452589f9862a9adf537b ebade175147a468d88a045a930ca32f2 - - default default] TaaS: Handle Delete Port: c32ff945-e6be-4248-b711-cf62b45def7e
2026-07-07 21:24:28.546 7 INFO neutron_taas.services.taas.tap_mirror_plugin [None req-32532c9c-3720-412b-b067-e3737f901afa d10eed27d05c452589f9862a9adf537b ebade175147a468d88a045a930ca32f2 - - default default] Tap Mirror: Handle Delete Port: c32ff945-e6be-4248-b711-cf62b45def7e
2026-07-07 21:24:28.567 8 INFO neutron.db.ovn_revision_numbers_db [None req-9f5440bd-9276-4a18-b6b9-1f0e84457a78 - - - - - -] Successfully bumped revision number for resource 45aff8d6-7eac-4f74-bb8d-d706d1bceb09 (type: subnets) to 0
2026-07-07 21:24:28.596 8 WARNING neutron.scheduler.dhcp_agent_scheduler [None req-d7ff4527-6ed8-41c1-b780-4b1d3d35971a acec9097776642b8a80052fd6b05d082 1143816301cd4a89b38c35071099dca8 - - default default] No more DHCP agents
2026-07-07 21:24:28.597 8 WARNING neutron.api.rpc.agentnotifiers.dhcp_rpc_agent_api [None req-d7ff4527-6ed8-41c1-b780-4b1d3d35971a acec9097776642b8a80052fd6b05d082 1143816301cd4a89b38c35071099dca8 - - default default] Unable to schedule network 78b8fb12-0763-4279-9db2-5ddebe60543e: no agents available; will retry on subsequent port and subnet creation events. [pid: 7|app: 0|req: 942/1644] 10.0.0.108 () {32 vars in 720 bytes} [Tue Jul 7 21:24:28 2026] DELETE /v2.0/ports/c32ff945-e6be-4248-b711-cf62b45def7e => generated 0 bytes in 406 msecs (HTTP/1.1 204) 3 headers in 131 bytes (1 switches on core 0) [pid: 7|app: 0|req: 943/1645] 10.0.0.108 () {32 vars in 694 bytes} [Tue Jul 7 21:24:28 2026] GET /v2.0/networks?router%3Aexternal=True => generated 689 bytes in 47 msecs (HTTP/1.1 200) 4 headers in 157 bytes (1 switches on core 0)
2026-07-07 21:24:28.974 7 WARNING neutron.scheduler.dhcp_agent_scheduler [None req-b2cc7870-0891-47b3-b726-3c0a3acacabb a8eb8a086c4d43a2a38de2a4deb3b32e febcf537250a4647ae7a4f6142a2a3d2 - - default default] No more DHCP agents
2026-07-07 21:24:28.976 7 WARNING neutron.api.rpc.agentnotifiers.dhcp_rpc_agent_api [None req-b2cc7870-0891-47b3-b726-3c0a3acacabb a8eb8a086c4d43a2a38de2a4deb3b32e febcf537250a4647ae7a4f6142a2a3d2 - - default default] Unable to schedule network c5160239-8bab-4130-8a27-45010c234b94: no agents available; will retry on subsequent port and subnet creation events.
2026-07-07 21:24:29.070 8 INFO neutron.plugins.ml2.drivers.ovn.mech_driver.mech_driver [None req-5861eea1-9130-4003-a234-421634c3767b - - - - - -] OVN reports status down for port: 97548f15-164a-4079-aa1e-c1962cff9794
2026-07-07 21:24:29.129 7 INFO neutron.db.ovn_revision_numbers_db [None req-b2cc7870-0891-47b3-b726-3c0a3acacabb a8eb8a086c4d43a2a38de2a4deb3b32e febcf537250a4647ae7a4f6142a2a3d2 - - default default] Successfully bumped revision number for resource 97548f15-164a-4079-aa1e-c1962cff9794 (type: ports) to 1 [pid: 7|app: 0|req: 944/1646] 10.0.0.108 () {34 vars in 664 bytes} [Tue Jul 7 21:24:28 2026] POST /v2.0/ports => generated 743 bytes in 427 msecs (HTTP/1.1 201) 4 headers in 162 bytes (1 switches on core 0) /var/lib/openstack/lib/python3.12/site-packages/pycadf/identifier.py:70: UserWarning: Invalid uuid: neutron. To ensure interoperability, identifiers should be a valid uuid. warnings.warn(('Invalid uuid: %s. To ensure interoperability, '
2026-07-07 21:24:29.204 7 INFO neutron.pecan_wsgi.hooks.translation [None req-d1287222-485e-4fe9-8a5e-9368789d431c d10eed27d05c452589f9862a9adf537b ebade175147a468d88a045a930ca32f2 - - default default] DELETE failed (client error): The resource could not be found. [pid: 7|app: 0|req: 945/1647] 10.0.0.108 () {32 vars in 720 bytes} [Tue Jul 7 21:24:29 2026] DELETE /v2.0/ports/c32ff945-e6be-4248-b711-cf62b45def7e => generated 132 bytes in 18 msecs (HTTP/1.1 404) 4 headers in 164 bytes (1 switches on core 0)
2026-07-07 21:24:29.208 8 INFO neutron.db.ovn_revision_numbers_db [None req-79f7adad-5d32-4305-b37d-51e916ad4c13 - - - - - -] Successfully bumped revision number for resource c3d455ba-f159-4364-861c-f9984abececd (type: ports) to 2 [pid: 7|app: 0|req: 946/1648] 10.0.0.108 () {32 vars in 742 bytes} [Tue Jul 7 21:24:29 2026] GET /v2.0/subnets?network_id=8decb912-ec63-4eef-9a20-1b02dda56c16 => generated 649 bytes in 31 msecs (HTTP/1.1 200) 4 headers in 157 bytes (1 switches on core 0)
2026-07-07 21:24:29.254 8 INFO neutron.db.ovn_revision_numbers_db [None req-79f7adad-5d32-4305-b37d-51e916ad4c13 - - - - - -] Successfully bumped revision number for resource b77ce98e-8499-43f4-9e93-fc1a13ac05b3 (type: subnets) to 0 [pid: 8|app: 0|req: 703/1649] 10.0.0.108 () {34 vars in 669 bytes} [Tue Jul 7 21:24:27 2026] POST /v2.0/subnets => generated 1274 bytes in 1903 msecs (HTTP/1.1 201) 4 headers in 163 bytes (1 switches on core 0)
2026-07-07 21:24:29.291 8 INFO neutron.pecan_wsgi.hooks.translation [None req-54ac15c5-cbf5-48bf-9f3f-ab4ad66f593f d10eed27d05c452589f9862a9adf537b ebade175147a468d88a045a930ca32f2 - - default default] GET failed (client error): The resource could not be found. [pid: 8|app: 0|req: 704/1650] 10.0.0.108 () {32 vars in 717 bytes} [Tue Jul 7 21:24:29 2026] GET /v2.0/ports/c32ff945-e6be-4248-b711-cf62b45def7e => generated 132 bytes in 17 msecs (HTTP/1.1 404) 4 headers in 164 bytes (1 switches on core 0) [pid: 8|app: 0|req: 705/1651] 10.0.0.108 () {32 vars in 653 bytes} [Tue Jul 7 21:24:29 2026] GET /v2.0/extensions => generated 20541 bytes in 5 msecs (HTTP/1.1 200) 4 headers in 159 bytes (1 switches on core 0) [pid: 8|app: 0|req: 706/1652] 10.0.0.108 () {32 vars in 647 bytes} [Tue Jul 7 21:24:29 2026] GET /v2.0/subnets => generated 1910 bytes in 29 msecs (HTTP/1.1 200) 4 headers in 158 bytes (1 switches on core 0)
