2026-04-17 10:03:59.218 8 INFO neutron.db.ovn_revision_numbers_db [None req-6d91ec3a-9153-4571-a205-0be58fb4ad65 - - - - - -] Successfully bumped revision number for resource 89fe8da6-722c-4e59-a0a7-7276f0e29494 (type: ports) to 2
2026-04-17 10:03:59.260 8 INFO neutron.db.ovn_revision_numbers_db [None req-6d91ec3a-9153-4571-a205-0be58fb4ad65 - - - - - -] Successfully bumped revision number for resource 7794e5bb-87a7-4f42-9b3c-5d8e73524a3b (type: subnets) to 0 [pid: 8|app: 0|req: 646/1349] 10.0.0.160 () {34 vars in 669 bytes} [Fri Apr 17 10:03:58 2026] POST /v2.0/subnets => generated 626 bytes in 718 msecs (HTTP/1.1 201) 4 headers in 162 bytes (1 switches on core 0)
2026-04-17 10:03:59.477 8 INFO neutron.db.ovn_revision_numbers_db [None req-7da7b48d-ca71-478a-97ea-9402356bdf71 197e03e8ab7844c9b446b6cf515d6cfc 5d30f3004d7144ba826b1c57c7f890cc - - default default] Successfully bumped revision number for resource ef0bf354-77f7-480d-8637-a7ef9f647596 (type: security_groups) to 1
2026-04-17 10:03:59.488 8 INFO neutron.db.ovn_revision_numbers_db [None req-7da7b48d-ca71-478a-97ea-9402356bdf71 197e03e8ab7844c9b446b6cf515d6cfc 5d30f3004d7144ba826b1c57c7f890cc - - default default] Successfully bumped revision number for resource 10eb613e-d43e-42eb-b41f-9989ceda6725 (type: security_group_rules) to 0
2026-04-17 10:03:59.500 8 INFO neutron.db.ovn_revision_numbers_db [None req-7da7b48d-ca71-478a-97ea-9402356bdf71 197e03e8ab7844c9b446b6cf515d6cfc 5d30f3004d7144ba826b1c57c7f890cc - - default default] Successfully bumped revision number for resource 2edcb843-6611-4529-b363-e7ebdea03660 (type: security_group_rules) to 0
2026-04-17 10:03:59.511 8 INFO neutron.db.ovn_revision_numbers_db [None req-7da7b48d-ca71-478a-97ea-9402356bdf71 197e03e8ab7844c9b446b6cf515d6cfc 5d30f3004d7144ba826b1c57c7f890cc - - default default] Successfully bumped revision number for resource ee288a05-3bed-45a0-87a5-da4bb9b2bc19 (type: security_group_rules) to 0
2026-04-17 10:03:59.522 8 INFO neutron.db.ovn_revision_numbers_db [None req-7da7b48d-ca71-478a-97ea-9402356bdf71 197e03e8ab7844c9b446b6cf515d6cfc 5d30f3004d7144ba826b1c57c7f890cc - - default default] Successfully bumped revision number for resource f2b4dc1d-8ccf-4c4f-b000-4d4e2c27b719 (type: security_group_rules) to 0 [pid: 8|app: 0|req: 647/1350] 10.0.0.160 () {32 vars in 774 bytes} [Fri Apr 17 10:03:59 2026] GET /v2.0/security-groups?tenant_id=9a71af66b80243d2b67ca0da0a8c5b11&name=default => generated 2925 bytes in 283 msecs (HTTP/1.1 200) 4 headers in 158 bytes (1 switches on core 0)
2026-04-17 10:03:59.606 8 INFO neutron.db.securitygroups_db [None req-073bdc61-f919-4f64-a4f5-74f0de544a14 e7d194386a214682b059f190bcf60109 2a037da0d5ca43d58ce07370666e7224 - - default default] Project 2a037da0d5ca43d58ce07370666e7224 added a security group rule with legacy IPv6 ICMP protocol name icmp, ipv6-icmp should be used instead. It was automatically converted.
2026-04-17 10:03:59.618 7 INFO neutron.db.ovn_revision_numbers_db [None req-6254190a-7765-4858-bb0c-bd111fb4ad79 - - - - - -] Successfully bumped revision number for resource 31566f1d-76e0-4b78-9f34-681dec01108a (type: ports) to 2
2026-04-17 10:03:59.650 7 INFO neutron.db.ovn_revision_numbers_db [None req-6254190a-7765-4858-bb0c-bd111fb4ad79 - - - - - -] Successfully bumped revision number for resource 551f9520-5498-49a3-b2d4-e707fe00dd21 (type: subnets) to 0 [pid: 7|app: 0|req: 704/1351] 10.0.0.160 () {34 vars in 669 bytes} [Fri Apr 17 10:03:59 2026] POST /v2.0/subnets => generated 686 bytes in 607 msecs (HTTP/1.1 201) 4 headers in 162 bytes (1 switches on core 0)
2026-04-17 10:03:59.719 8 INFO neutron.db.ovn_revision_numbers_db [None req-073bdc61-f919-4f64-a4f5-74f0de544a14 e7d194386a214682b059f190bcf60109 2a037da0d5ca43d58ce07370666e7224 - - default default] Successfully bumped revision number for resource 59fe9430-f7c3-470d-bd8c-cfe49e01ecf0 (type: security_group_rules) to 0 [pid: 8|app: 0|req: 648/1352] 10.0.0.160 () {34 vars in 695 bytes} [Fri Apr 17 10:03:59 2026] POST /v2.0/security-group-rules => generated 607 bytes in 193 msecs (HTTP/1.1 201) 4 headers in 162 bytes (1 switches on core 0)
2026-04-17 10:03:59.779 7 INFO neutron.db.ovn_revision_numbers_db [None req-722982b8-b44b-4131-99e8-e5c62929b497 f4533de0a20749a3a041d6037b0f60e7 d935d97511de421e8ec9ddf01cb4026c - - default default] Successfully bumped revision number for resource 5de22d7c-204b-4fd0-adfd-3a1e20d5a581 (type: routers) to 1 [pid: 7|app: 0|req: 705/1353] 10.0.0.160 () {34 vars in 669 bytes} [Fri Apr 17 10:03:59 2026] POST /v2.0/routers => generated 603 bytes in 130 msecs (HTTP/1.1 201) 4 headers in 162 bytes (1 switches on core 0) [pid: 8|app: 0|req: 649/1354] 10.0.0.160 () {32 vars in 740 bytes} [Fri Apr 17 10:03:59 2026] DELETE /v2.0/security-groups/ef0bf354-77f7-480d-8637-a7ef9f647596 => generated 0 bytes in 233 msecs (HTTP/1.1 204) 2 headers in 112 bytes (1 switches on core 0)
2026-04-17 10:04:00.025 8 INFO neutron.db.securitygroups_db [None req-964c5162-87cb-457a-8a61-cdc724d63577 e7d194386a214682b059f190bcf60109 2a037da0d5ca43d58ce07370666e7224 - - default default] Project 2a037da0d5ca43d58ce07370666e7224 added a security group rule with legacy IPv6 ICMP protocol name icmp, ipv6-icmp should be used instead. It was automatically converted.
2026-04-17 10:04:00.148 8 INFO neutron.db.ovn_revision_numbers_db [None req-964c5162-87cb-457a-8a61-cdc724d63577 e7d194386a214682b059f190bcf60109 2a037da0d5ca43d58ce07370666e7224 - - default default] Successfully bumped revision number for resource 9089a3cd-9237-494c-95d9-7e8f1e64fabe (type: security_group_rules) to 0 [pid: 8|app: 0|req: 650/1355] 10.0.0.160 () {34 vars in 695 bytes} [Fri Apr 17 10:03:59 2026] POST /v2.0/security-group-rules => generated 606 bytes in 188 msecs (HTTP/1.1 201) 4 headers in 162 bytes (1 switches on core 0)
2026-04-17 10:04:00.215 7 WARNING neutron.scheduler.dhcp_agent_scheduler [None req-d60f25ee-7feb-4829-b786-fd0b13259c91 197e03e8ab7844c9b446b6cf515d6cfc 5d30f3004d7144ba826b1c57c7f890cc - - default default] No more DHCP agents
2026-04-17 10:04:00.217 7 WARNING neutron.api.rpc.agentnotifiers.dhcp_rpc_agent_api [None req-d60f25ee-7feb-4829-b786-fd0b13259c91 197e03e8ab7844c9b446b6cf515d6cfc 5d30f3004d7144ba826b1c57c7f890cc - - default default] Unable to schedule network c792fbe9-a745-4210-9c9a-b4c4d6203949: no agents available; will retry on subsequent port and subnet creation events.
2026-04-17 10:04:00.324 7 INFO neutron.plugins.ml2.drivers.ovn.mech_driver.mech_driver [None req-f8fb28b5-56e3-48e9-a3a0-ed7a048a9d62 - - - - - -] OVN reports status down for port: f028b978-4f09-47a3-bc91-eb90574fa825
2026-04-17 10:04:00.381 7 INFO neutron.db.ovn_revision_numbers_db [None req-d60f25ee-7feb-4829-b786-fd0b13259c91 197e03e8ab7844c9b446b6cf515d6cfc 5d30f3004d7144ba826b1c57c7f890cc - - default default] Successfully bumped revision number for resource f028b978-4f09-47a3-bc91-eb90574fa825 (type: ports) to 1
2026-04-17 10:04:00.461 8 WARNING neutron.plugins.ml2.drivers.ovn.mech_driver.ovsdb.ovn_client [None req-340ecf62-512a-47ff-b00f-3842856dd5a0 - - - - - -] No port found with ID 585925fc-5f6f-4a46-ba9a-0b9a96c71390: RuntimeError: No port found with ID 585925fc-5f6f-4a46-ba9a-0b9a96c71390
2026-04-17 10:04:00.462 8 INFO neutron.plugins.ml2.drivers.ovn.mech_driver.mech_driver [None req-340ecf62-512a-47ff-b00f-3842856dd5a0 - - - - - -] OVN reports status down for port: c53bd6ff-8e82-4e52-972a-e2d59fc62232
2026-04-17 10:04:00.580 8 WARNING neutron.plugins.ml2.drivers.ovn.mech_driver.ovsdb.ovn_client [None req-340ecf62-512a-47ff-b00f-3842856dd5a0 - - - - - -] Logical_Switch_Port %s host information not removed, the port state is up
2026-04-17 10:04:00.582 8 WARNING neutron.scheduler.dhcp_agent_scheduler [None req-f031749b-4480-4498-99ac-25cb2c203b80 f4533de0a20749a3a041d6037b0f60e7 d935d97511de421e8ec9ddf01cb4026c - - default default] No more DHCP agents
2026-04-17 10:04:00.584 8 WARNING neutron.api.rpc.agentnotifiers.dhcp_rpc_agent_api [None req-f031749b-4480-4498-99ac-25cb2c203b80 f4533de0a20749a3a041d6037b0f60e7 d935d97511de421e8ec9ddf01cb4026c - - default default] Unable to schedule network 3136ab3f-5831-42c0-a331-8db7e5c52aea: no agents available; will retry on subsequent port and subnet creation events.
2026-04-17 10:04:00.599 8 INFO neutron.plugins.ml2.drivers.ovn.mech_driver.mech_driver [None req-340ecf62-512a-47ff-b00f-3842856dd5a0 - - - - - -] OVN reports status up for port: c53bd6ff-8e82-4e52-972a-e2d59fc62232
2026-04-17 10:04:00.624 8 INFO neutron.plugins.ml2.plugin [None req-340ecf62-512a-47ff-b00f-3842856dd5a0 - - - - - -] Attempt 1 to provision port c53bd6ff-8e82-4e52-972a-e2d59fc62232
2026-04-17 10:04:00.863 8 INFO neutron.db.ovn_revision_numbers_db [None req-f031749b-4480-4498-99ac-25cb2c203b80 f4533de0a20749a3a041d6037b0f60e7 d935d97511de421e8ec9ddf01cb4026c - - default default] Successfully bumped revision number for resource 7bdc0221-66cc-48ce-9b89-d6a17b500383 (type: ports) to 1
2026-04-17 10:04:01.049 7 INFO neutron.plugins.ml2.drivers.ovn.mech_driver.ovsdb.commands [None req-4e0f2a41-6305-45eb-a3a7-ec44525d28a6 - - - - - -] Schedule LRP lrp-f028b978-4f09-47a3-bc91-eb90574fa825 on gateway bbcbe94c-240e-4f3a-9b85-51eca6fe9eab with priority 1
2026-04-17 10:04:01.089 7 INFO neutron.plugins.ml2.drivers.ovn.mech_driver.mech_driver [None req-f8fb28b5-56e3-48e9-a3a0-ed7a048a9d62 - - - - - -] OVN reports status up for port: f028b978-4f09-47a3-bc91-eb90574fa825
2026-04-17 10:04:01.132 7 INFO neutron.plugins.ml2.plugin [None req-f8fb28b5-56e3-48e9-a3a0-ed7a048a9d62 - - - - - -] Attempt 1 to provision port f028b978-4f09-47a3-bc91-eb90574fa825
2026-04-17 10:04:01.160 7 INFO neutron.db.ovn_revision_numbers_db [None req-d60f25ee-7feb-4829-b786-fd0b13259c91 197e03e8ab7844c9b446b6cf515d6cfc 5d30f3004d7144ba826b1c57c7f890cc - - default default] Successfully bumped revision number for resource f028b978-4f09-47a3-bc91-eb90574fa825 (type: router_ports) to 1
2026-04-17 10:04:01.190 8 INFO neutron.plugins.ml2.drivers.ovn.mech_driver.ovsdb.ovsdb_monitor [None req-750e9644-a892-427f-afb0-8c7dacbf8b6d - - - - - -] Router c2948549-3826-4d2a-9fe3-d4cede63858a is bound to host instance
2026-04-17 10:04:01.285 7 INFO neutron.db.ovn_revision_numbers_db [None req-d60f25ee-7feb-4829-b786-fd0b13259c91 197e03e8ab7844c9b446b6cf515d6cfc 5d30f3004d7144ba826b1c57c7f890cc - - default default] Successfully bumped revision number for resource c2948549-3826-4d2a-9fe3-d4cede63858a (type: routers) to 2 [pid: 7|app: 0|req: 706/1356] 10.0.0.160 () {34 vars in 669 bytes} [Fri Apr 17 10:03:59 2026] POST /v2.0/routers => generated 964 bytes in 1511 msecs (HTTP/1.1 201) 4 headers in 162 bytes (1 switches on core 0) [pid: 7|app: 0|req: 707/1357] 10.0.0.160 () {32 vars in 649 bytes} [Fri Apr 17 10:04:01 2026] GET /v2.0/networks => generated 1374 bytes in 252 msecs (HTTP/1.1 200) 4 headers in 158 bytes (1 switches on core 0)
2026-04-17 10:04:01.723 8 INFO neutron.db.ovn_revision_numbers_db [None req-340ecf62-512a-47ff-b00f-3842856dd5a0 - - - - - -] Successfully bumped revision number for resource c53bd6ff-8e82-4e52-972a-e2d59fc62232 (type: ports) to 2
2026-04-17 10:04:02.040 7 WARNING neutron.scheduler.dhcp_agent_scheduler [None req-8e3886ca-1dc6-4516-949c-2c2ec515fd63 197e03e8ab7844c9b446b6cf515d6cfc 5d30f3004d7144ba826b1c57c7f890cc - - default default] No more DHCP agents
2026-04-17 10:04:02.041 7 WARNING neutron.api.rpc.agentnotifiers.dhcp_rpc_agent_api [None req-8e3886ca-1dc6-4516-949c-2c2ec515fd63 197e03e8ab7844c9b446b6cf515d6cfc 5d30f3004d7144ba826b1c57c7f890cc - - default default] Unable to schedule network 4ca3215f-e117-49d8-b37e-9556eb8cd57a: no agents available; will retry on subsequent port and subnet creation events.
2026-04-17 10:04:02.194 7 INFO neutron.db.ovn_revision_numbers_db [None req-8e3886ca-1dc6-4516-949c-2c2ec515fd63 197e03e8ab7844c9b446b6cf515d6cfc 5d30f3004d7144ba826b1c57c7f890cc - - default default] Successfully bumped revision number for resource ef2a2f06-255b-4086-a7fd-c72d53b401f6 (type: ports) to 1
2026-04-17 10:04:02.389 8 WARNING neutron.scheduler.dhcp_agent_scheduler [None req-f031749b-4480-4498-99ac-25cb2c203b80 f4533de0a20749a3a041d6037b0f60e7 d935d97511de421e8ec9ddf01cb4026c - - default default] No more DHCP agents
2026-04-17 10:04:02.399 8 WARNING neutron.api.rpc.agentnotifiers.dhcp_rpc_agent_api [None req-f031749b-4480-4498-99ac-25cb2c203b80 f4533de0a20749a3a041d6037b0f60e7 d935d97511de421e8ec9ddf01cb4026c - - default default] Unable to schedule network 3136ab3f-5831-42c0-a331-8db7e5c52aea: no agents available; will retry on subsequent port and subnet creation events.
2026-04-17 10:04:02.852 8 INFO neutron.db.ovn_revision_numbers_db [None req-f031749b-4480-4498-99ac-25cb2c203b80 f4533de0a20749a3a041d6037b0f60e7 d935d97511de421e8ec9ddf01cb4026c - - default default] Successfully bumped revision number for resource 7bdc0221-66cc-48ce-9b89-d6a17b500383 (type: router_ports) to 1 [pid: 8|app: 0|req: 651/1358] 10.0.0.160 () {34 vars in 783 bytes} [Fri Apr 17 10:04:00 2026] PUT /v2.0/routers/5de22d7c-204b-4fd0-adfd-3a1e20d5a581/add_router_interface => generated 309 bytes in 2686 msecs (HTTP/1.1 200) 4 headers in 157 bytes (1 switches on core 0)
2026-04-17 10:04:02.870 7 WARNING neutron.scheduler.dhcp_agent_scheduler [None req-8e3886ca-1dc6-4516-949c-2c2ec515fd63 197e03e8ab7844c9b446b6cf515d6cfc 5d30f3004d7144ba826b1c57c7f890cc - - default default] No more DHCP agents
2026-04-17 10:04:02.871 7 WARNING neutron.api.rpc.agentnotifiers.dhcp_rpc_agent_api [None req-8e3886ca-1dc6-4516-949c-2c2ec515fd63 197e03e8ab7844c9b446b6cf515d6cfc 5d30f3004d7144ba826b1c57c7f890cc - - default default] Unable to schedule network 4ca3215f-e117-49d8-b37e-9556eb8cd57a: no agents available; will retry on subsequent port and subnet creation events. [pid: 8|app: 0|req: 652/1359] 10.0.0.22 () {34 vars in 1099 bytes} [Fri Apr 17 10:04:02 2026] GET /v2.0/security-groups?name=tempest-secgroup-smoke-1627156590&fields=id&tenant_id=2a037da0d5ca43d58ce07370666e7224 => generated 69 bytes in 61 msecs (HTTP/1.1 200) 4 headers in 156 bytes (1 switches on core 0)
2026-04-17 10:04:03.101 8 INFO neutron.db.ovn_revision_numbers_db [None req-06d9dccd-c1ef-44b6-8d17-d97e7a6747ff - - - - - -] Successfully bumped revision number for resource f028b978-4f09-47a3-bc91-eb90574fa825 (type: ports) to 4
2026-04-17 10:04:03.261 8 INFO neutron.db.ovn_revision_numbers_db [None req-a9d021ad-be42-4ee9-9648-1baa6a6d1929 c8b4c6a098724250b570440e8e3fa667 6a3352c580e5496197c44ff033d48808 - - default default] Successfully bumped revision number for resource a5ae6494-f5a8-4358-b063-fe7f37107efc (type: security_groups) to 1
2026-04-17 10:04:03.276 8 INFO neutron.db.ovn_revision_numbers_db [None req-a9d021ad-be42-4ee9-9648-1baa6a6d1929 c8b4c6a098724250b570440e8e3fa667 6a3352c580e5496197c44ff033d48808 - - default default] Successfully bumped revision number for resource 091419f4-e4dc-486d-acda-32df3d3c91ba (type: security_group_rules) to 0
2026-04-17 10:04:03.304 8 INFO neutron.db.ovn_revision_numbers_db [None req-a9d021ad-be42-4ee9-9648-1baa6a6d1929 c8b4c6a098724250b570440e8e3fa667 6a3352c580e5496197c44ff033d48808 - - default default] Successfully bumped revision number for resource 44303110-e461-448f-94b1-3615314c2875 (type: security_group_rules) to 0
2026-04-17 10:04:03.349 8 INFO neutron.db.ovn_revision_numbers_db [None req-a9d021ad-be42-4ee9-9648-1baa6a6d1929 c8b4c6a098724250b570440e8e3fa667 6a3352c580e5496197c44ff033d48808 - - default default] Successfully bumped revision number for resource 9057f31c-13e9-4da5-81a7-8bd234a1e27a (type: security_group_rules) to 0
2026-04-17 10:04:03.349 7 INFO neutron.db.ovn_revision_numbers_db [None req-8e3886ca-1dc6-4516-949c-2c2ec515fd63 197e03e8ab7844c9b446b6cf515d6cfc 5d30f3004d7144ba826b1c57c7f890cc - - default default] Successfully bumped revision number for resource ef2a2f06-255b-4086-a7fd-c72d53b401f6 (type: router_ports) to 1 [pid: 7|app: 0|req: 708/1362] 10.0.0.160 () {34 vars in 783 bytes} [Fri Apr 17 10:04:01 2026] PUT /v2.0/routers/c2948549-3826-4d2a-9fe3-d4cede63858a/add_router_interface => generated 309 bytes in 1794 msecs (HTTP/1.1 200) 4 headers in 157 bytes (1 switches on core 0)
2026-04-17 10:04:03.401 8 INFO neutron.db.ovn_revision_numbers_db [None req-a9d021ad-be42-4ee9-9648-1baa6a6d1929 c8b4c6a098724250b570440e8e3fa667 6a3352c580e5496197c44ff033d48808 - - default default] Successfully bumped revision number for resource e6d33802-9c4f-4a1f-be3a-2476c891b7e6 (type: security_group_rules) to 0 [pid: 7|app: 0|req: 709/1363] 10.0.0.160 () {32 vars in 717 bytes} [Fri Apr 17 10:04:03 2026] GET /v2.0/ports/7bdc0221-66cc-48ce-9b89-d6a17b500383 => generated 941 bytes in 68 msecs (HTTP/1.1 200) 4 headers in 157 bytes (1 switches on core 0) [pid: 7|app: 0|req: 710/1364] 10.0.0.22 () {34 vars in 981 bytes} [Fri Apr 17 10:04:03 2026] GET /v2.0/networks?id=ccb48b72-1ac8-4a0e-a43d-a40b0507910f => generated 699 bytes in 40 msecs (HTTP/1.1 200) 4 headers in 157 bytes (1 switches on core 0) [pid: 7|app: 0|req: 711/1365] 10.0.0.160 () {32 vars in 717 bytes} [Fri Apr 17 10:04:03 2026] GET /v2.0/ports/7bdc0221-66cc-48ce-9b89-d6a17b500383 => generated 941 bytes in 25 msecs (HTTP/1.1 200) 4 headers in 157 bytes (1 switches on core 0) [pid: 7|app: 0|req: 712/1366] 10.0.0.22 () {34 vars in 964 bytes} [Fri Apr 17 10:04:03 2026] GET /v2.0/quotas/2a037da0d5ca43d58ce07370666e7224 => generated 292 bytes in 17 msecs (HTTP/1.1 200) 4 headers in 157 bytes (1 switches on core 0)
2026-04-17 10:04:03.564 8 INFO neutron.db.segments_db [None req-a9d021ad-be42-4ee9-9648-1baa6a6d1929 c8b4c6a098724250b570440e8e3fa667 6a3352c580e5496197c44ff033d48808 - - default default] Added segment db78ddca-ae83-4801-8d1b-0b27f8b1ca9f of type geneve for network 23dfdb94-a28b-4d3c-ba67-63d9e74af59c [pid: 7|app: 0|req: 713/1367] 10.0.0.22 () {34 vars in 1001 bytes} [Fri Apr 17 10:04:03 2026] GET /v2.0/ports?tenant_id=2a037da0d5ca43d58ce07370666e7224&fields=id => generated 103 bytes in 88 msecs (HTTP/1.1 200) 4 headers in 157 bytes (1 switches on core 0)
2026-04-17 10:04:03.719 8 INFO neutron.db.segments_db [None req-a9d021ad-be42-4ee9-9648-1baa6a6d1929 c8b4c6a098724250b570440e8e3fa667 6a3352c580e5496197c44ff033d48808 - - default default] Added segment 5970bb27-1af9-4791-80f4-23eff804aa6f of type geneve for network cd41349e-4655-4094-af57-0d72dea036e9
2026-04-17 10:04:03.829 8 INFO neutron.db.ovn_revision_numbers_db [None req-06d9dccd-c1ef-44b6-8d17-d97e7a6747ff - - - - - -] Successfully bumped revision number for resource f028b978-4f09-47a3-bc91-eb90574fa825 (type: ports) to 5
2026-04-17 10:04:03.956 8 INFO neutron.db.ovn_revision_numbers_db [None req-a9d021ad-be42-4ee9-9648-1baa6a6d1929 c8b4c6a098724250b570440e8e3fa667 6a3352c580e5496197c44ff033d48808 - - default default] Successfully bumped revision number for resource 23dfdb94-a28b-4d3c-ba67-63d9e74af59c (type: networks) to 1
2026-04-17 10:04:04.123 8 WARNING neutron.scheduler.dhcp_agent_scheduler [None req-a9d021ad-be42-4ee9-9648-1baa6a6d1929 c8b4c6a098724250b570440e8e3fa667 6a3352c580e5496197c44ff033d48808 - - default default] No more DHCP agents
2026-04-17 10:04:04.125 8 WARNING neutron.api.rpc.agentnotifiers.dhcp_rpc_agent_api [None req-a9d021ad-be42-4ee9-9648-1baa6a6d1929 c8b4c6a098724250b570440e8e3fa667 6a3352c580e5496197c44ff033d48808 - - default default] Unable to schedule network 23dfdb94-a28b-4d3c-ba67-63d9e74af59c: no agents available; will retry on subsequent port and subnet creation events. [pid: 7|app: 0|req: 714/1368] 10.0.0.22 () {34 vars in 1007 bytes} [Fri Apr 17 10:04:03 2026] GET /v2.0/networks/ccb48b72-1ac8-4a0e-a43d-a40b0507910f?fields=segments => generated 14 bytes in 517 msecs (HTTP/1.1 200) 4 headers in 156 bytes (1 switches on core 0)
2026-04-17 10:04:04.194 7 INFO neutron.plugins.ml2.drivers.ovn.mech_driver.mech_driver [None req-f8fb28b5-56e3-48e9-a3a0-ed7a048a9d62 - - - - - -] OVN reports status down for port: e41c73bc-954f-4725-91d6-12440463c7c9
2026-04-17 10:04:04.214 8 INFO neutron.db.ovn_revision_numbers_db [None req-a9d021ad-be42-4ee9-9648-1baa6a6d1929 c8b4c6a098724250b570440e8e3fa667 6a3352c580e5496197c44ff033d48808 - - default default] Successfully bumped revision number for resource e41c73bc-954f-4725-91d6-12440463c7c9 (type: ports) to 1 [pid: 7|app: 0|req: 715/1369] 10.0.0.22 () {34 vars in 1107 bytes} [Fri Apr 17 10:04:04 2026] GET /v2.0/networks/ccb48b72-1ac8-4a0e-a43d-a40b0507910f?fields=provider%3Aphysical_network&fields=provider%3Anetwork_type => generated 79 bytes in 92 msecs (HTTP/1.1 200) 4 headers in 156 bytes (1 switches on core 0)
2026-04-17 10:04:04.299 8 INFO neutron.db.ovn_revision_numbers_db [None req-a9d021ad-be42-4ee9-9648-1baa6a6d1929 c8b4c6a098724250b570440e8e3fa667 6a3352c580e5496197c44ff033d48808 - - default default] Successfully bumped revision number for resource cd41349e-4655-4094-af57-0d72dea036e9 (type: networks) to 1 [pid: 7|app: 0|req: 716/1370] 10.0.0.22 () {34 vars in 989 bytes} [Fri Apr 17 10:04:04 2026] GET /v2.0/ports?device_id=e5a71477-7f8f-4eaa-82fb-698d7e9ccf7c => generated 12 bytes in 25 msecs (HTTP/1.1 200) 4 headers in 156 bytes (1 switches on core 0)
2026-04-17 10:04:04.485 8 WARNING neutron.scheduler.dhcp_agent_scheduler [None req-a9d021ad-be42-4ee9-9648-1baa6a6d1929 c8b4c6a098724250b570440e8e3fa667 6a3352c580e5496197c44ff033d48808 - - default default] No more DHCP agents
2026-04-17 10:04:04.486 8 WARNING neutron.api.rpc.agentnotifiers.dhcp_rpc_agent_api [None req-a9d021ad-be42-4ee9-9648-1baa6a6d1929 c8b4c6a098724250b570440e8e3fa667 6a3352c580e5496197c44ff033d48808 - - default default] Unable to schedule network cd41349e-4655-4094-af57-0d72dea036e9: no agents available; will retry on subsequent port and subnet creation events. [pid: 7|app: 0|req: 717/1371] 10.0.0.160 () {32 vars in 717 bytes} [Fri Apr 17 10:04:04 2026] GET /v2.0/ports/7bdc0221-66cc-48ce-9b89-d6a17b500383 => generated 941 bytes in 47 msecs (HTTP/1.1 200) 4 headers in 157 bytes (1 switches on core 0)
2026-04-17 10:04:04.579 8 INFO neutron.db.ovn_revision_numbers_db [None req-a9d021ad-be42-4ee9-9648-1baa6a6d1929 c8b4c6a098724250b570440e8e3fa667 6a3352c580e5496197c44ff033d48808 - - default default] Successfully bumped revision number for resource 3c83da0e-fc4c-4951-ad33-55bcfd07499d (type: ports) to 1 [pid: 8|app: 0|req: 655/1372] 10.0.0.160 () {34 vars in 670 bytes} [Fri Apr 17 10:04:02 2026] POST /v2.0/networks => generated 1282 bytes in 1669 msecs (HTTP/1.1 201) 4 headers in 163 bytes (1 switches on core 0) [pid: 7|app: 0|req: 718/1373] 10.0.0.160 () {32 vars in 649 bytes} [Fri Apr 17 10:04:04 2026] GET /v2.0/networks => generated 1969 bytes in 45 msecs (HTTP/1.1 200) 4 headers in 158 bytes (1 switches on core 0)
2026-04-17 10:04:04.807 8 INFO neutron_taas.services.taas.taas_plugin [None req-85b9dbe0-27bb-41d9-add4-3faa22d613e5 c8b4c6a098724250b570440e8e3fa667 6a3352c580e5496197c44ff033d48808 - - default default] TaaS: Handle Delete Port: e41c73bc-954f-4725-91d6-12440463c7c9
2026-04-17 10:04:04.810 8 INFO neutron_taas.services.taas.tap_mirror_plugin [None req-85b9dbe0-27bb-41d9-add4-3faa22d613e5 c8b4c6a098724250b570440e8e3fa667 6a3352c580e5496197c44ff033d48808 - - default default] Tap Mirror: Handle Delete Port: e41c73bc-954f-4725-91d6-12440463c7c9
2026-04-17 10:04:05.020 8 INFO neutron.services.segments.plugin [-] Segment db78ddca-ae83-4801-8d1b-0b27f8b1ca9f resource provider aggregate not found
2026-04-17 10:04:05.020 8 INFO neutron.services.segments.plugin [-] Segment db78ddca-ae83-4801-8d1b-0b27f8b1ca9f resource provider aggregate not found
2026-04-17 10:04:05.048 8 INFO neutron.services.segments.plugin [-] Segment db78ddca-ae83-4801-8d1b-0b27f8b1ca9f resource provider not found; error: Placement Client Error (4xx): {"errors": [{"status": 404, "title": "Not Found", "detail": "The resource could not be found.\n\n No resource provider with uuid db78ddca-ae83-4801-8d1b-0b27f8b1ca9f found for delete ", "request_id": "req-3a215250-54c8-42a6-a765-2f1ff1345ff4"}]}
2026-04-17 10:04:05.049 8 INFO neutron.services.segments.plugin [-] Segment db78ddca-ae83-4801-8d1b-0b27f8b1ca9f resource provider not found; error: Placement Client Error (4xx): {"errors": [{"status": 404, "title": "Not Found", "detail": "The resource could not be found.\n\n No resource provider with uuid db78ddca-ae83-4801-8d1b-0b27f8b1ca9f found for delete ", "request_id": "req-a8e84210-edae-4365-9f5b-20e2913e194a"}]} [pid: 8|app: 0|req: 656/1374] 10.0.0.160 () {32 vars in 726 bytes} [Fri Apr 17 10:04:04 2026] DELETE /v2.0/networks/23dfdb94-a28b-4d3c-ba67-63d9e74af59c => generated 0 bytes in 421 msecs (HTTP/1.1 204) 3 headers in 131 bytes (1 switches on core 0)
2026-04-17 10:04:05.203 7 INFO neutron_taas.services.taas.taas_plugin [None req-0dbe561e-092f-42af-948f-1c931519d938 c8b4c6a098724250b570440e8e3fa667 6a3352c580e5496197c44ff033d48808 - - default default] TaaS: Handle Delete Port: 3c83da0e-fc4c-4951-ad33-55bcfd07499d
2026-04-17 10:04:05.207 7 INFO neutron_taas.services.taas.tap_mirror_plugin [None req-0dbe561e-092f-42af-948f-1c931519d938 c8b4c6a098724250b570440e8e3fa667 6a3352c580e5496197c44ff033d48808 - - default default] Tap Mirror: Handle Delete Port: 3c83da0e-fc4c-4951-ad33-55bcfd07499d
2026-04-17 10:04:05.364 7 INFO neutron.services.segments.plugin [-] Segment 5970bb27-1af9-4791-80f4-23eff804aa6f resource provider aggregate not found
2026-04-17 10:04:05.365 7 INFO neutron.services.segments.plugin [-] Segment 5970bb27-1af9-4791-80f4-23eff804aa6f resource provider aggregate not found
2026-04-17 10:04:05.390 7 INFO neutron.services.segments.plugin [-] Segment 5970bb27-1af9-4791-80f4-23eff804aa6f resource provider not found; error: Placement Client Error (4xx): {"errors": [{"status": 404, "title": "Not Found", "detail": "The resource could not be found.\n\n No resource provider with uuid 5970bb27-1af9-4791-80f4-23eff804aa6f found for delete ", "request_id": "req-86e5e8d9-2908-4ce4-bb32-635adef6b096"}]}
2026-04-17 10:04:05.392 7 INFO neutron.services.segments.plugin [-] Segment 5970bb27-1af9-4791-80f4-23eff804aa6f resource provider not found; error: Placement Client Error (4xx): {"errors": [{"status": 404, "title": "Not Found", "detail": "The resource could not be found.\n\n No resource provider with uuid 5970bb27-1af9-4791-80f4-23eff804aa6f found for delete ", "request_id": "req-c42da832-0f97-4207-a26c-856c68e47d7d"}]} [pid: 7|app: 0|req: 719/1375] 10.0.0.160 () {32 vars in 726 bytes} [Fri Apr 17 10:04:05 2026] DELETE /v2.0/networks/cd41349e-4655-4094-af57-0d72dea036e9 => generated 0 bytes in 332 msecs (HTTP/1.1 204) 3 headers in 131 bytes (1 switches on core 0) [pid: 7|app: 0|req: 720/1376] 10.0.0.22 () {34 vars in 989 bytes} [Fri Apr 17 10:04:05 2026] GET /v2.0/ports?device_id=e5a71477-7f8f-4eaa-82fb-698d7e9ccf7c => generated 12 bytes in 22 msecs (HTTP/1.1 200) 4 headers in 156 bytes (1 switches on core 0) [pid: 8|app: 0|req: 657/1377] 10.0.0.160 () {32 vars in 649 bytes} [Fri Apr 17 10:04:05 2026] GET /v2.0/networks => generated 689 bytes in 78 msecs (HTTP/1.1 200) 4 headers in 157 bytes (1 switches on core 0)
2026-04-17 10:04:05.602 7 INFO neutron.db.segments_db [None req-721e2168-ad0e-481a-8a58-4503297e3bef c8b4c6a098724250b570440e8e3fa667 6a3352c580e5496197c44ff033d48808 - - default default] Added segment d7f58ca4-2a3d-406b-bad4-d1dd2744db19 of type geneve for network d6e46e45-ab47-4322-a1b7-e374fbdf9387 [pid: 8|app: 0|req: 658/1378] 10.0.0.160 () {32 vars in 717 bytes} [Fri Apr 17 10:04:05 2026] GET /v2.0/ports/7bdc0221-66cc-48ce-9b89-d6a17b500383 => generated 941 bytes in 74 msecs (HTTP/1.1 200) 4 headers in 157 bytes (1 switches on core 0)
2026-04-17 10:04:05.727 7 INFO neutron.db.ovn_revision_numbers_db [None req-721e2168-ad0e-481a-8a58-4503297e3bef c8b4c6a098724250b570440e8e3fa667 6a3352c580e5496197c44ff033d48808 - - default default] Successfully bumped revision number for resource d6e46e45-ab47-4322-a1b7-e374fbdf9387 (type: networks) to 1 [pid: 8|app: 0|req: 659/1379] 10.0.0.22 () {34 vars in 981 bytes} [Fri Apr 17 10:04:05 2026] GET /v2.0/networks?id=4ca3215f-e117-49d8-b37e-9556eb8cd57a => generated 709 bytes in 54 msecs (HTTP/1.1 200) 4 headers in 157 bytes (1 switches on core 0) [pid: 8|app: 0|req: 660/1380] 10.0.0.22 () {34 vars in 964 bytes} [Fri Apr 17 10:04:05 2026] GET /v2.0/quotas/7d68a671dc6b4eb3ab653730e19f7a70 => generated 292 bytes in 12 msecs (HTTP/1.1 200) 4 headers in 157 bytes (1 switches on core 0) [pid: 8|app: 0|req: 661/1381] 10.0.0.22 () {34 vars in 1001 bytes} [Fri Apr 17 10:04:05 2026] GET /v2.0/ports?tenant_id=7d68a671dc6b4eb3ab653730e19f7a70&fields=id => generated 103 bytes in 76 msecs (HTTP/1.1 200) 4 headers in 157 bytes (1 switches on core 0)
2026-04-17 10:04:05.899 7 WARNING neutron.scheduler.dhcp_agent_scheduler [None req-721e2168-ad0e-481a-8a58-4503297e3bef c8b4c6a098724250b570440e8e3fa667 6a3352c580e5496197c44ff033d48808 - - default default] No more DHCP agents
2026-04-17 10:04:05.900 7 WARNING neutron.api.rpc.agentnotifiers.dhcp_rpc_agent_api [None req-721e2168-ad0e-481a-8a58-4503297e3bef c8b4c6a098724250b570440e8e3fa667 6a3352c580e5496197c44ff033d48808 - - default default] Unable to schedule network d6e46e45-ab47-4322-a1b7-e374fbdf9387: no agents available; will retry on subsequent port and subnet creation events. [pid: 8|app: 0|req: 662/1382] 10.0.0.22 () {34 vars in 1007 bytes} [Fri Apr 17 10:04:05 2026] GET /v2.0/networks/4ca3215f-e117-49d8-b37e-9556eb8cd57a?fields=segments => generated 14 bytes in 41 msecs (HTTP/1.1 200) 4 headers in 156 bytes (1 switches on core 0)
2026-04-17 10:04:05.979 7 INFO neutron.db.ovn_revision_numbers_db [None req-721e2168-ad0e-481a-8a58-4503297e3bef c8b4c6a098724250b570440e8e3fa667 6a3352c580e5496197c44ff033d48808 - - default default] Successfully bumped revision number for resource 67620e9f-f81d-4b16-ade8-3465dd6bdf6f (type: ports) to 1 [pid: 8|app: 0|req: 663/1383] 10.0.0.22 () {34 vars in 1107 bytes} [Fri Apr 17 10:04:05 2026] GET /v2.0/networks/4ca3215f-e117-49d8-b37e-9556eb8cd57a?fields=provider%3Aphysical_network&fields=provider%3Anetwork_type => generated 79 bytes in 88 msecs (HTTP/1.1 200) 4 headers in 156 bytes (1 switches on core 0) [pid: 7|app: 0|req: 721/1384] 10.0.0.160 () {34 vars in 670 bytes} [Fri Apr 17 10:04:05 2026] POST /v2.0/networks => generated 673 bytes in 501 msecs (HTTP/1.1 201) 4 headers in 162 bytes (1 switches on core 0)
2026-04-17 10:04:06.101 8 INFO neutron.db.segments_db [None req-3c0ca0f7-a518-405d-91b9-0c92a931bde1 c8b4c6a098724250b570440e8e3fa667 6a3352c580e5496197c44ff033d48808 - - default default] Added segment f82745ac-3e7c-4a49-a6d4-049b4f7c5a2f of type geneve for network 591a928a-2630-4a6b-9af4-651387ecf3e8 [pid: 7|app: 0|req: 722/1385] 10.0.0.22 () {34 vars in 989 bytes} [Fri Apr 17 10:04:06 2026] GET /v2.0/ports?device_id=6a570a8b-e637-42bd-80d3-b8f91845a41e => generated 12 bytes in 23 msecs (HTTP/1.1 200) 4 headers in 156 bytes (1 switches on core 0)
2026-04-17 10:04:06.209 8 INFO neutron.db.ovn_revision_numbers_db [None req-3c0ca0f7-a518-405d-91b9-0c92a931bde1 c8b4c6a098724250b570440e8e3fa667 6a3352c580e5496197c44ff033d48808 - - default default] Successfully bumped revision number for resource 591a928a-2630-4a6b-9af4-651387ecf3e8 (type: networks) to 1
2026-04-17 10:04:06.392 8 WARNING neutron.scheduler.dhcp_agent_scheduler [None req-3c0ca0f7-a518-405d-91b9-0c92a931bde1 c8b4c6a098724250b570440e8e3fa667 6a3352c580e5496197c44ff033d48808 - - default default] No more DHCP agents
2026-04-17 10:04:06.394 8 WARNING neutron.api.rpc.agentnotifiers.dhcp_rpc_agent_api [None req-3c0ca0f7-a518-405d-91b9-0c92a931bde1 c8b4c6a098724250b570440e8e3fa667 6a3352c580e5496197c44ff033d48808 - - default default] Unable to schedule network 591a928a-2630-4a6b-9af4-651387ecf3e8: no agents available; will retry on subsequent port and subnet creation events.
2026-04-17 10:04:06.483 8 INFO neutron.db.ovn_revision_numbers_db [None req-3c0ca0f7-a518-405d-91b9-0c92a931bde1 c8b4c6a098724250b570440e8e3fa667 6a3352c580e5496197c44ff033d48808 - - default default] Successfully bumped revision number for resource e16fdeb7-649b-4362-9e6a-6c5627b1c538 (type: ports) to 1 [pid: 8|app: 0|req: 664/1386] 10.0.0.160 () {34 vars in 670 bytes} [Fri Apr 17 10:04:06 2026] POST /v2.0/networks => generated 673 bytes in 493 msecs (HTTP/1.1 201) 4 headers in 162 bytes (1 switches on core 0) [pid: 8|app: 0|req: 665/1387] 10.0.0.22 () {34 vars in 989 bytes} [Fri Apr 17 10:04:06 2026] GET /v2.0/ports?device_id=e5a71477-7f8f-4eaa-82fb-698d7e9ccf7c => generated 12 bytes in 23 msecs (HTTP/1.1 200) 4 headers in 156 bytes (1 switches on core 0) [pid: 8|app: 0|req: 666/1388] 10.0.0.160 () {32 vars in 717 bytes} [Fri Apr 17 10:04:06 2026] GET /v2.0/ports/7bdc0221-66cc-48ce-9b89-d6a17b500383 => generated 941 bytes in 36 msecs (HTTP/1.1 200) 4 headers in 157 bytes (1 switches on core 0)
2026-04-17 10:04:06.903 8 WARNING neutron.plugins.ml2.drivers.ovn.mech_driver.ovsdb.ovn_client [None req-7330ca67-3ed3-4080-9026-48d9f4cc3369 - - - - - -] No hosting information found for port c53bd6ff-8e82-4e52-972a-e2d59fc62232: RuntimeError: No hosting information found for port c53bd6ff-8e82-4e52-972a-e2d59fc62232
2026-04-17 10:04:06.921 7 WARNING neutron.scheduler.dhcp_agent_scheduler [None req-3b99f97c-1859-403b-8fc7-8c5ac8013d3a c8b4c6a098724250b570440e8e3fa667 6a3352c580e5496197c44ff033d48808 - - default default] No more DHCP agents
2026-04-17 10:04:06.923 7 WARNING neutron.api.rpc.agentnotifiers.dhcp_rpc_agent_api [None req-3b99f97c-1859-403b-8fc7-8c5ac8013d3a c8b4c6a098724250b570440e8e3fa667 6a3352c580e5496197c44ff033d48808 - - default default] Unable to schedule network d6e46e45-ab47-4322-a1b7-e374fbdf9387: no agents available; will retry on subsequent port and subnet creation events.
2026-04-17 10:04:06.991 7 INFO neutron.plugins.ml2.drivers.ovn.mech_driver.mech_driver [None req-f8fb28b5-56e3-48e9-a3a0-ed7a048a9d62 - - - - - -] OVN reports status down for port: 4ec956e4-d502-41a3-bd81-3d3b02c449cb
2026-04-17 10:04:07.019 8 INFO neutron.db.ovn_revision_numbers_db [None req-7330ca67-3ed3-4080-9026-48d9f4cc3369 - - - - - -] Successfully bumped revision number for resource c53bd6ff-8e82-4e52-972a-e2d59fc62232 (type: router_ports) to 2
2026-04-17 10:04:07.020 8 INFO neutron.plugins.ml2.drivers.ovn.mech_driver.mech_driver [None req-7330ca67-3ed3-4080-9026-48d9f4cc3369 - - - - - -] OVN reports status down for port: 7bdc0221-66cc-48ce-9b89-d6a17b500383
2026-04-17 10:04:07.070 7 INFO neutron.db.ovn_revision_numbers_db [None req-3b99f97c-1859-403b-8fc7-8c5ac8013d3a c8b4c6a098724250b570440e8e3fa667 6a3352c580e5496197c44ff033d48808 - - default default] Successfully bumped revision number for resource 4ec956e4-d502-41a3-bd81-3d3b02c449cb (type: ports) to 1
2026-04-17 10:04:07.086 8 WARNING neutron.plugins.ml2.drivers.ovn.mech_driver.ovsdb.ovn_client [None req-7330ca67-3ed3-4080-9026-48d9f4cc3369 - - - - - -] Logical_Switch_Port %s host information not removed, the port state is up
2026-04-17 10:04:07.125 8 INFO neutron.plugins.ml2.drivers.ovn.mech_driver.mech_driver [None req-7330ca67-3ed3-4080-9026-48d9f4cc3369 - - - - - -] OVN reports status down for port: ef2a2f06-255b-4086-a7fd-c72d53b401f6
2026-04-17 10:04:07.144 7 WARNING neutron.scheduler.dhcp_agent_scheduler [None req-3b99f97c-1859-403b-8fc7-8c5ac8013d3a c8b4c6a098724250b570440e8e3fa667 6a3352c580e5496197c44ff033d48808 - - default default] No more DHCP agents
2026-04-17 10:04:07.145 7 WARNING neutron.api.rpc.agentnotifiers.dhcp_rpc_agent_api [None req-3b99f97c-1859-403b-8fc7-8c5ac8013d3a c8b4c6a098724250b570440e8e3fa667 6a3352c580e5496197c44ff033d48808 - - default default] Unable to schedule network 591a928a-2630-4a6b-9af4-651387ecf3e8: no agents available; will retry on subsequent port and subnet creation events.
2026-04-17 10:04:07.177 8 WARNING neutron.plugins.ml2.drivers.ovn.mech_driver.ovsdb.ovn_client [None req-7330ca67-3ed3-4080-9026-48d9f4cc3369 - - - - - -] Logical_Switch_Port %s host information not removed, the port state is up
2026-04-17 10:04:07.178 8 INFO neutron.plugins.ml2.drivers.ovn.mech_driver.mech_driver [None req-7330ca67-3ed3-4080-9026-48d9f4cc3369 - - - - - -] OVN reports status up for port: 7bdc0221-66cc-48ce-9b89-d6a17b500383
2026-04-17 10:04:07.194 8 INFO neutron.plugins.ml2.plugin [None req-7330ca67-3ed3-4080-9026-48d9f4cc3369 - - - - - -] Attempt 1 to provision port 7bdc0221-66cc-48ce-9b89-d6a17b500383
2026-04-17 10:04:07.220 7 INFO neutron.plugins.ml2.drivers.ovn.mech_driver.mech_driver [None req-f8fb28b5-56e3-48e9-a3a0-ed7a048a9d62 - - - - - -] OVN reports status down for port: 6d2cf905-1697-497f-8643-beceee899408 [pid: 8|app: 0|req: 667/1389] 10.0.0.22 () {34 vars in 989 bytes} [Fri Apr 17 10:04:07 2026] GET /v2.0/ports?device_id=6a570a8b-e637-42bd-80d3-b8f91845a41e => generated 12 bytes in 45 msecs (HTTP/1.1 200) 4 headers in 156 bytes (1 switches on core 0)
2026-04-17 10:04:07.278 7 INFO neutron.db.ovn_revision_numbers_db [None req-3b99f97c-1859-403b-8fc7-8c5ac8013d3a c8b4c6a098724250b570440e8e3fa667 6a3352c580e5496197c44ff033d48808 - - default default] Successfully bumped revision number for resource 6d2cf905-1697-497f-8643-beceee899408 (type: ports) to 1 [pid: 7|app: 0|req: 723/1390] 10.0.0.160 () {34 vars in 665 bytes} [Fri Apr 17 10:04:06 2026] POST /v2.0/ports => generated 1506 bytes in 876 msecs (HTTP/1.1 201) 4 headers in 163 bytes (1 switches on core 0) [pid: 8|app: 0|req: 668/1391] 10.0.0.160 () {32 vars in 643 bytes} [Fri Apr 17 10:04:07 2026] GET /v2.0/ports => generated 3018 bytes in 205 msecs (HTTP/1.1 200) 4 headers in 158 bytes (1 switches on core 0) /var/lib/openstack/lib/python3.12/site-packages/pycadf/identifier.py:70: UserWarning: Invalid uuid: neutron. To ensure interoperability, identifiers should be a valid uuid. warnings.warn(('Invalid uuid: %s. To ensure interoperability, ' [pid: 8|app: 0|req: 669/1392] 10.0.0.22 () {34 vars in 989 bytes} [Fri Apr 17 10:04:07 2026] GET /v2.0/ports?device_id=e5a71477-7f8f-4eaa-82fb-698d7e9ccf7c => generated 12 bytes in 39 msecs (HTTP/1.1 200) 4 headers in 156 bytes (1 switches on core 0) [pid: 8|app: 0|req: 670/1393] 10.0.0.160 () {32 vars in 717 bytes} [Fri Apr 17 10:04:07 2026] GET /v2.0/ports/7bdc0221-66cc-48ce-9b89-d6a17b500383 => generated 943 bytes in 63 msecs (HTTP/1.1 200) 4 headers in 157 bytes (1 switches on core 0)
2026-04-17 10:04:07.754 7 INFO neutron_taas.services.taas.taas_plugin [None req-05b8d002-bb55-4195-be75-931ee671ae0f c8b4c6a098724250b570440e8e3fa667 6a3352c580e5496197c44ff033d48808 - - default default] TaaS: Handle Delete Port: 4ec956e4-d502-41a3-bd81-3d3b02c449cb
2026-04-17 10:04:07.757 7 INFO neutron_taas.services.taas.tap_mirror_plugin [None req-05b8d002-bb55-4195-be75-931ee671ae0f c8b4c6a098724250b570440e8e3fa667 6a3352c580e5496197c44ff033d48808 - - default default] Tap Mirror: Handle Delete Port: 4ec956e4-d502-41a3-bd81-3d3b02c449cb
2026-04-17 10:04:07.770 8 INFO neutron.db.ovn_revision_numbers_db [None req-7330ca67-3ed3-4080-9026-48d9f4cc3369 - - - - - -] Successfully bumped revision number for resource 7bdc0221-66cc-48ce-9b89-d6a17b500383 (type: ports) to 2 [pid: 7|app: 0|req: 724/1394] 10.0.0.160 () {32 vars in 720 bytes} [Fri Apr 17 10:04:07 2026] DELETE /v2.0/ports/4ec956e4-d502-41a3-bd81-3d3b02c449cb => generated 0 bytes in 265 msecs (HTTP/1.1 204) 3 headers in 131 bytes (1 switches on core 0)
2026-04-17 10:04:07.984 7 INFO neutron_taas.services.taas.taas_plugin [None req-9da70085-9424-4744-a841-498e68033cca c8b4c6a098724250b570440e8e3fa667 6a3352c580e5496197c44ff033d48808 - - default default] TaaS: Handle Delete Port: 6d2cf905-1697-497f-8643-beceee899408
2026-04-17 10:04:07.986 7 INFO neutron_taas.services.taas.tap_mirror_plugin [None req-9da70085-9424-4744-a841-498e68033cca c8b4c6a098724250b570440e8e3fa667 6a3352c580e5496197c44ff033d48808 - - default default] Tap Mirror: Handle Delete Port: 6d2cf905-1697-497f-8643-beceee899408 [pid: 7|app: 0|req: 725/1395] 10.0.0.160 () {32 vars in 720 bytes} [Fri Apr 17 10:04:07 2026] DELETE /v2.0/ports/6d2cf905-1697-497f-8643-beceee899408 => generated 0 bytes in 233 msecs (HTTP/1.1 204) 3 headers in 131 bytes (1 switches on core 0)
2026-04-17 10:04:08.128 8 INFO neutron_taas.services.taas.taas_plugin [None req-2acd4126-9bdd-40f0-997d-c250456d855e f4533de0a20749a3a041d6037b0f60e7 d935d97511de421e8ec9ddf01cb4026c - - default default] TaaS: Handle Delete Port: 7bdc0221-66cc-48ce-9b89-d6a17b500383
2026-04-17 10:04:08.139 8 INFO neutron_taas.services.taas.tap_mirror_plugin [None req-2acd4126-9bdd-40f0-997d-c250456d855e f4533de0a20749a3a041d6037b0f60e7 d935d97511de421e8ec9ddf01cb4026c - - default default] Tap Mirror: Handle Delete Port: 7bdc0221-66cc-48ce-9b89-d6a17b500383 [pid: 7|app: 0|req: 726/1396] 10.0.0.160 () {32 vars in 643 bytes} [Fri Apr 17 10:04:08 2026] GET /v2.0/ports => generated 1523 bytes in 42 msecs (HTTP/1.1 200) 4 headers in 158 bytes (1 switches on core 0)
2026-04-17 10:04:08.252 7 INFO neutron.db.segments_db [None req-39a77c3a-8e9b-4c64-ba40-7ae999a54e00 c8b4c6a098724250b570440e8e3fa667 6a3352c580e5496197c44ff033d48808 - - default default] Added segment 1d74e33f-815b-4dc6-af95-3bfa4f944149 of type geneve for network a5d4ff1c-767d-49fc-9c62-5c0353261737
2026-04-17 10:04:08.363 7 INFO neutron.db.ovn_revision_numbers_db [None req-39a77c3a-8e9b-4c64-ba40-7ae999a54e00 c8b4c6a098724250b570440e8e3fa667 6a3352c580e5496197c44ff033d48808 - - default default] Successfully bumped revision number for resource a5d4ff1c-767d-49fc-9c62-5c0353261737 (type: networks) to 1 [pid: 8|app: 0|req: 671/1397] 10.0.0.160 () {34 vars in 789 bytes} [Fri Apr 17 10:04:07 2026] PUT /v2.0/routers/5de22d7c-204b-4fd0-adfd-3a1e20d5a581/remove_router_interface => generated 309 bytes in 755 msecs (HTTP/1.1 200) 4 headers in 157 bytes (1 switches on core 0) /var/lib/openstack/lib/python3.12/site-packages/pycadf/identifier.py:70: UserWarning: Invalid uuid: neutron. To ensure interoperability, identifiers should be a valid uuid. warnings.warn(('Invalid uuid: %s. To ensure interoperability, ' [pid: 8|app: 0|req: 672/1398] 10.0.0.22 () {34 vars in 989 bytes} [Fri Apr 17 10:04:08 2026] GET /v2.0/ports?device_id=6a570a8b-e637-42bd-80d3-b8f91845a41e => generated 12 bytes in 23 msecs (HTTP/1.1 200) 4 headers in 156 bytes (1 switches on core 0) [pid: 8|app: 0|req: 673/1399] 10.0.0.160 () {32 vars in 736 bytes} [Fri Apr 17 10:04:08 2026] GET /v2.0/ports?device_id=5de22d7c-204b-4fd0-adfd-3a1e20d5a581 => generated 12 bytes in 18 msecs (HTTP/1.1 200) 4 headers in 156 bytes (1 switches on core 0)
2026-04-17 10:04:08.551 7 WARNING neutron.scheduler.dhcp_agent_scheduler [None req-39a77c3a-8e9b-4c64-ba40-7ae999a54e00 c8b4c6a098724250b570440e8e3fa667 6a3352c580e5496197c44ff033d48808 - - default default] No more DHCP agents
2026-04-17 10:04:08.553 7 WARNING neutron.api.rpc.agentnotifiers.dhcp_rpc_agent_api [None req-39a77c3a-8e9b-4c64-ba40-7ae999a54e00 c8b4c6a098724250b570440e8e3fa667 6a3352c580e5496197c44ff033d48808 - - default default] Unable to schedule network a5d4ff1c-767d-49fc-9c62-5c0353261737: no agents available; will retry on subsequent port and subnet creation events.
2026-04-17 10:04:08.647 7 INFO neutron.db.ovn_revision_numbers_db [None req-39a77c3a-8e9b-4c64-ba40-7ae999a54e00 c8b4c6a098724250b570440e8e3fa667 6a3352c580e5496197c44ff033d48808 - - default default] Successfully bumped revision number for resource 86e32bf5-e877-4f63-ab8f-fdb7c3952de2 (type: ports) to 1 [pid: 7|app: 0|req: 727/1400] 10.0.0.160 () {34 vars in 670 bytes} [Fri Apr 17 10:04:08 2026] POST /v2.0/networks => generated 673 bytes in 510 msecs (HTTP/1.1 201) 4 headers in 162 bytes (1 switches on core 0) [pid: 7|app: 0|req: 728/1401] 199.19.213.209 () {34 vars in 986 bytes} [Fri Apr 17 10:04:08 2026] GET /v2.0/networks?id=ccb48b72-1ac8-4a0e-a43d-a40b0507910f => generated 699 bytes in 48 msecs (HTTP/1.1 200) 4 headers in 157 bytes (1 switches on core 0) [pid: 8|app: 0|req: 674/1402] 10.0.0.160 () {32 vars in 724 bytes} [Fri Apr 17 10:04:08 2026] DELETE /v2.0/routers/5de22d7c-204b-4fd0-adfd-3a1e20d5a581 => generated 0 bytes in 196 msecs (HTTP/1.1 204) 2 headers in 112 bytes (1 switches on core 0) [pid: 8|app: 0|req: 675/1403] 10.0.0.22 () {34 vars in 989 bytes} [Fri Apr 17 10:04:08 2026] GET /v2.0/ports?device_id=e5a71477-7f8f-4eaa-82fb-698d7e9ccf7c => generated 12 bytes in 17 msecs (HTTP/1.1 200) 4 headers in 156 bytes (1 switches on core 0) [pid: 8|app: 0|req: 676/1404] 199.19.213.209 () {34 vars in 1050 bytes} [Fri Apr 17 10:04:08 2026] GET /v2.0/security-groups?fields=id&fields=name&tenant_id=2a037da0d5ca43d58ce07370666e7224 => generated 181 bytes in 28 msecs (HTTP/1.1 200) 4 headers in 157 bytes (1 switches on core 0)
2026-04-17 10:04:08.809 7 INFO neutron.db.segments_db [None req-32995c6e-671e-4057-a212-c061f841c7ee c8b4c6a098724250b570440e8e3fa667 6a3352c580e5496197c44ff033d48808 - - default default] Added segment 89b409e6-ff28-46fd-aaea-29031eda06c5 of type geneve for network 532c167a-211d-4f4f-a5d1-413e283b8f4e
2026-04-17 10:04:08.905 7 INFO neutron.db.ovn_revision_numbers_db [None req-32995c6e-671e-4057-a212-c061f841c7ee c8b4c6a098724250b570440e8e3fa667 6a3352c580e5496197c44ff033d48808 - - default default] Successfully bumped revision number for resource 532c167a-211d-4f4f-a5d1-413e283b8f4e (type: networks) to 1 [pid: 8|app: 0|req: 677/1405] 10.0.0.160 () {32 vars in 724 bytes} [Fri Apr 17 10:04:08 2026] DELETE /v2.0/subnets/7794e5bb-87a7-4f42-9b3c-5d8e73524a3b => generated 0 bytes in 185 msecs (HTTP/1.1 204) 3 headers in 131 bytes (1 switches on core 0)
2026-04-17 10:04:09.108 7 WARNING neutron.scheduler.dhcp_agent_scheduler [None req-32995c6e-671e-4057-a212-c061f841c7ee c8b4c6a098724250b570440e8e3fa667 6a3352c580e5496197c44ff033d48808 - - default default] No more DHCP agents
2026-04-17 10:04:09.110 7 WARNING neutron.api.rpc.agentnotifiers.dhcp_rpc_agent_api [None req-32995c6e-671e-4057-a212-c061f841c7ee c8b4c6a098724250b570440e8e3fa667 6a3352c580e5496197c44ff033d48808 - - default default] Unable to schedule network 532c167a-211d-4f4f-a5d1-413e283b8f4e: no agents available; will retry on subsequent port and subnet creation events.
2026-04-17 10:04:09.204 7 INFO neutron.db.ovn_revision_numbers_db [None req-32995c6e-671e-4057-a212-c061f841c7ee c8b4c6a098724250b570440e8e3fa667 6a3352c580e5496197c44ff033d48808 - - default default] Successfully bumped revision number for resource 794833de-90b7-44f0-9758-557b201abff2 (type: ports) to 1 [pid: 7|app: 0|req: 729/1406] 10.0.0.160 () {34 vars in 670 bytes} [Fri Apr 17 10:04:08 2026] POST /v2.0/networks => generated 673 bytes in 511 msecs (HTTP/1.1 201) 4 headers in 162 bytes (1 switches on core 0)
2026-04-17 10:04:09.375 7 INFO neutron_taas.services.taas.taas_plugin [None req-1445212c-4a2f-4c57-bfac-d3b2315a6b49 f4533de0a20749a3a041d6037b0f60e7 d935d97511de421e8ec9ddf01cb4026c - - default default] TaaS: Handle Delete Port: 89fe8da6-722c-4e59-a0a7-7276f0e29494
2026-04-17 10:04:09.379 7 INFO neutron_taas.services.taas.tap_mirror_plugin [None req-1445212c-4a2f-4c57-bfac-d3b2315a6b49 f4533de0a20749a3a041d6037b0f60e7 d935d97511de421e8ec9ddf01cb4026c - - default default] Tap Mirror: Handle Delete Port: 89fe8da6-722c-4e59-a0a7-7276f0e29494
2026-04-17 10:04:09.595 7 INFO neutron.services.segments.plugin [-] Segment 36e7984a-fbac-4aad-9114-81bc2b7dfd3a resource provider aggregate not found
2026-04-17 10:04:09.603 7 INFO neutron.services.segments.plugin [-] Segment 36e7984a-fbac-4aad-9114-81bc2b7dfd3a resource provider aggregate not found
2026-04-17 10:04:09.628 7 INFO neutron.services.segments.plugin [-] Segment 36e7984a-fbac-4aad-9114-81bc2b7dfd3a resource provider not found; error: Placement Client Error (4xx): {"errors": [{"status": 404, "title": "Not Found", "detail": "The resource could not be found.\n\n No resource provider with uuid 36e7984a-fbac-4aad-9114-81bc2b7dfd3a found for delete ", "request_id": "req-ace6c39c-623f-40f4-9246-89aeb771e337"}]}
2026-04-17 10:04:09.642 7 INFO neutron.services.segments.plugin [-] Segment 36e7984a-fbac-4aad-9114-81bc2b7dfd3a resource provider not found; error: Placement Client Error (4xx): {"errors": [{"status": 404, "title": "Not Found", "detail": "The resource could not be found.\n\n No resource provider with uuid 36e7984a-fbac-4aad-9114-81bc2b7dfd3a found for delete ", "request_id": "req-9dae8e35-97ce-4a39-b8fc-6931604885d6"}]} [pid: 7|app: 0|req: 730/1407] 10.0.0.160 () {32 vars in 726 bytes} [Fri Apr 17 10:04:09 2026] DELETE /v2.0/networks/3136ab3f-5831-42c0-a331-8db7e5c52aea => generated 0 bytes in 425 msecs (HTTP/1.1 204) 3 headers in 131 bytes (1 switches on core 0) [pid: 7|app: 0|req: 731/1408] 10.0.0.22 () {34 vars in 989 bytes} [Fri Apr 17 10:04:09 2026] GET /v2.0/ports?device_id=6a570a8b-e637-42bd-80d3-b8f91845a41e => generated 12 bytes in 20 msecs (HTTP/1.1 200) 4 headers in 156 bytes (1 switches on core 0)
2026-04-17 10:04:09.854 8 WARNING neutron.scheduler.dhcp_agent_scheduler [req-c8ccc66e-bb46-4070-b379-d6782109494c req-d47cc9a2-e517-4fbe-bba1-7b6d17865bd9 e7d194386a214682b059f190bcf60109 2a037da0d5ca43d58ce07370666e7224 - - default default] No more DHCP agents
2026-04-17 10:04:09.855 8 WARNING neutron.api.rpc.agentnotifiers.dhcp_rpc_agent_api [req-c8ccc66e-bb46-4070-b379-d6782109494c req-d47cc9a2-e517-4fbe-bba1-7b6d17865bd9 e7d194386a214682b059f190bcf60109 2a037da0d5ca43d58ce07370666e7224 - - default default] Unable to schedule network ccb48b72-1ac8-4a0e-a43d-a40b0507910f: no agents available; will retry on subsequent port and subnet creation events.
2026-04-17 10:04:10.064 8 INFO neutron.db.ovn_revision_numbers_db [req-c8ccc66e-bb46-4070-b379-d6782109494c req-d47cc9a2-e517-4fbe-bba1-7b6d17865bd9 e7d194386a214682b059f190bcf60109 2a037da0d5ca43d58ce07370666e7224 - - default default] Successfully bumped revision number for resource 62fca88d-c3a4-4914-a339-e500c4d589a4 (type: ports) to 1
2026-04-17 10:04:10.123 7 WARNING neutron.scheduler.dhcp_agent_scheduler [None req-b211c342-73e3-4873-a4b6-01b72ea648c1 f4533de0a20749a3a041d6037b0f60e7 d935d97511de421e8ec9ddf01cb4026c - - default default] No more DHCP agents
