2026-04-17 10:07:36.521 7 INFO neutron.services.segments.plugin [-] Segment 3d37e728-3f2f-413f-8fe2-deb0699f04dd resource provider not found; error: Placement Client Error (4xx): {"errors": [{"status": 404, "title": "Not Found", "detail": "The resource could not be found.\n\n No resource provider with uuid 3d37e728-3f2f-413f-8fe2-deb0699f04dd found for delete ", "request_id": "req-fa60c945-2c02-4013-b170-f5acf7977bf1"}]}
2026-04-17 10:07:36.521 7 INFO neutron.services.segments.plugin [-] Segment 3d37e728-3f2f-413f-8fe2-deb0699f04dd resource provider not found; error: Placement Client Error (4xx): {"errors": [{"status": 404, "title": "Not Found", "detail": "The resource could not be found.\n\n No resource provider with uuid 3d37e728-3f2f-413f-8fe2-deb0699f04dd found for delete ", "request_id": "req-91715944-2845-4c98-bd0c-d375bfe74502"}]} [pid: 7|app: 0|req: 1406/2733] 10.0.0.160 () {32 vars in 726 bytes} [Fri Apr 17 10:07:36 2026] DELETE /v2.0/networks/1fe95f74-4fff-42b2-8535-b7968ef3a28b => generated 0 bytes in 390 msecs (HTTP/1.1 204) 3 headers in 131 bytes (1 switches on core 0)
2026-04-17 10:07:36.661 8 INFO neutron_taas.services.taas.taas_plugin [None req-98e34e92-0e87-46ae-9494-b7a3f279ad7d cac0e496ced34062817f4b2f79fc9f79 f57796a365024cb8a250d81bca61930c - - default default] TaaS: Handle Delete Port: 9f326c60-a440-46c5-b27c-d54d4ae04673
2026-04-17 10:07:36.664 8 INFO neutron_taas.services.taas.tap_mirror_plugin [None req-98e34e92-0e87-46ae-9494-b7a3f279ad7d cac0e496ced34062817f4b2f79fc9f79 f57796a365024cb8a250d81bca61930c - - default default] Tap Mirror: Handle Delete Port: 9f326c60-a440-46c5-b27c-d54d4ae04673 [pid: 8|app: 0|req: 1328/2734] 10.0.0.160 () {32 vars in 726 bytes} [Fri Apr 17 10:07:36 2026] DELETE /v2.0/networks/0035cb1d-3bfb-44b0-ad8d-140fbb959e43 => generated 0 bytes in 338 msecs (HTTP/1.1 204) 3 headers in 131 bytes (1 switches on core 0)
2026-04-17 10:07:36.901 7 INFO neutron.pecan_wsgi.hooks.translation [None req-58b67fa5-cffc-4eaf-8af2-44c42f27f731 cac0e496ced34062817f4b2f79fc9f79 f57796a365024cb8a250d81bca61930c - - default default] DELETE failed (client error): The resource could not be found. [pid: 7|app: 0|req: 1407/2735] 10.0.0.160 () {32 vars in 726 bytes} [Fri Apr 17 10:07:36 2026] DELETE /v2.0/networks/78a07e88-b3cd-4c24-9d74-5b322f3a975a => generated 138 bytes in 10 msecs (HTTP/1.1 404) 4 headers in 164 bytes (1 switches on core 0) [pid: 8|app: 0|req: 1329/2736] 10.0.0.160 () {32 vars in 774 bytes} [Fri Apr 17 10:07:37 2026] GET /v2.0/security-groups?tenant_id=f57796a365024cb8a250d81bca61930c&name=default => generated 2929 bytes in 116 msecs (HTTP/1.1 200) 4 headers in 158 bytes (1 switches on core 0) [pid: 7|app: 0|req: 1408/2737] 10.0.0.160 () {32 vars in 740 bytes} [Fri Apr 17 10:07:37 2026] DELETE /v2.0/security-groups/3b5a02cd-6d6d-4967-a255-eef6d94d1e09 => generated 0 bytes in 260 msecs (HTTP/1.1 204) 2 headers in 112 bytes (1 switches on core 0)
2026-04-17 10:07:38.154 8 INFO neutron.services.segments.plugin [-] Segment f9303fd5-2cf4-4fbf-9e64-b61364565561 resource provider aggregate not found
2026-04-17 10:07:38.159 8 INFO neutron.db.ovn_revision_numbers_db [None req-dbcac4b6-3673-4177-907d-28793cdced5f 197e03e8ab7844c9b446b6cf515d6cfc 5d30f3004d7144ba826b1c57c7f890cc - - default default] Successfully bumped revision number for resource 7db2532a-033f-4731-a894-7d6060d9dd1b (type: security_groups) to 1
2026-04-17 10:07:38.171 8 INFO neutron.services.segments.plugin [-] Segment f9303fd5-2cf4-4fbf-9e64-b61364565561 resource provider not found; error: Placement Client Error (4xx): {"errors": [{"status": 404, "title": "Not Found", "detail": "The resource could not be found.\n\n No resource provider with uuid f9303fd5-2cf4-4fbf-9e64-b61364565561 found for delete ", "request_id": "req-2e69e23d-d758-485f-9573-edc56424902f"}]}
2026-04-17 10:07:38.176 8 INFO neutron.db.ovn_revision_numbers_db [None req-dbcac4b6-3673-4177-907d-28793cdced5f 197e03e8ab7844c9b446b6cf515d6cfc 5d30f3004d7144ba826b1c57c7f890cc - - default default] Successfully bumped revision number for resource 10856097-8c2c-4cc0-88a8-20429a554a33 (type: security_group_rules) to 0
2026-04-17 10:07:38.179 8 INFO neutron.services.segments.plugin [-] Segment f9303fd5-2cf4-4fbf-9e64-b61364565561 resource provider aggregate not found
2026-04-17 10:07:38.194 8 INFO neutron.db.ovn_revision_numbers_db [None req-dbcac4b6-3673-4177-907d-28793cdced5f 197e03e8ab7844c9b446b6cf515d6cfc 5d30f3004d7144ba826b1c57c7f890cc - - default default] Successfully bumped revision number for resource 18647212-b80d-4a82-a38e-9d97d5edda5b (type: security_group_rules) to 0
2026-04-17 10:07:38.196 8 INFO neutron.services.segments.plugin [-] Segment f9303fd5-2cf4-4fbf-9e64-b61364565561 resource provider not found; error: Placement Client Error (4xx): {"errors": [{"status": 404, "title": "Not Found", "detail": "The resource could not be found.\n\n No resource provider with uuid f9303fd5-2cf4-4fbf-9e64-b61364565561 found for delete ", "request_id": "req-df734775-81c2-4e36-85c6-7bcfce56a25c"}]}
2026-04-17 10:07:38.207 8 INFO neutron.db.ovn_revision_numbers_db [None req-dbcac4b6-3673-4177-907d-28793cdced5f 197e03e8ab7844c9b446b6cf515d6cfc 5d30f3004d7144ba826b1c57c7f890cc - - default default] Successfully bumped revision number for resource 350fe0fc-75b9-48f2-9157-0e6e6fd1774c (type: security_group_rules) to 0
2026-04-17 10:07:38.220 8 INFO neutron.db.ovn_revision_numbers_db [None req-dbcac4b6-3673-4177-907d-28793cdced5f 197e03e8ab7844c9b446b6cf515d6cfc 5d30f3004d7144ba826b1c57c7f890cc - - default default] Successfully bumped revision number for resource fe42fbfb-b400-497f-ba67-d1bd5ae7bf32 (type: security_group_rules) to 0 [pid: 8|app: 0|req: 1330/2738] 10.0.0.160 () {32 vars in 774 bytes} [Fri Apr 17 10:07:38 2026] GET /v2.0/security-groups?tenant_id=798bd8034cde4d05b704671dccd7e50e&name=default => generated 2929 bytes in 248 msecs (HTTP/1.1 200) 4 headers in 158 bytes (1 switches on core 0) [pid: 7|app: 0|req: 1409/2739] 10.0.0.160 () {32 vars in 740 bytes} [Fri Apr 17 10:07:38 2026] DELETE /v2.0/security-groups/7db2532a-033f-4731-a894-7d6060d9dd1b => generated 0 bytes in 195 msecs (HTTP/1.1 204) 2 headers in 112 bytes (1 switches on core 0)
2026-04-17 10:07:47.201 8 INFO neutron.db.ovn_revision_numbers_db [None req-d302fb6e-369d-4710-a7be-c24bfde5351d ce0fb18f03f64a0d99597fe549beddad 2d349c0123214f568c77d3c790f7983a - - default default] Successfully bumped revision number for resource 935a362c-4af5-41cc-97f4-b6873bce84ba (type: security_groups) to 1
2026-04-17 10:07:47.212 8 INFO neutron.db.ovn_revision_numbers_db [None req-d302fb6e-369d-4710-a7be-c24bfde5351d ce0fb18f03f64a0d99597fe549beddad 2d349c0123214f568c77d3c790f7983a - - default default] Successfully bumped revision number for resource 0409f701-af10-40e2-ac44-c79e5b1f1b50 (type: security_group_rules) to 0
2026-04-17 10:07:47.223 8 INFO neutron.db.ovn_revision_numbers_db [None req-d302fb6e-369d-4710-a7be-c24bfde5351d ce0fb18f03f64a0d99597fe549beddad 2d349c0123214f568c77d3c790f7983a - - default default] Successfully bumped revision number for resource 0ef77e3d-d90e-4121-b095-2412f8ed0e68 (type: security_group_rules) to 0
2026-04-17 10:07:47.245 8 INFO neutron.db.ovn_revision_numbers_db [None req-d302fb6e-369d-4710-a7be-c24bfde5351d ce0fb18f03f64a0d99597fe549beddad 2d349c0123214f568c77d3c790f7983a - - default default] Successfully bumped revision number for resource 5a22b9dd-8f2c-4590-80f0-be95cd7b265b (type: security_group_rules) to 0
2026-04-17 10:07:47.255 8 INFO neutron.db.ovn_revision_numbers_db [None req-d302fb6e-369d-4710-a7be-c24bfde5351d ce0fb18f03f64a0d99597fe549beddad 2d349c0123214f568c77d3c790f7983a - - default default] Successfully bumped revision number for resource f20f110b-d072-4537-a8ce-7ac3f15400e2 (type: security_group_rules) to 0
2026-04-17 10:07:47.360 8 INFO neutron.db.segments_db [None req-d302fb6e-369d-4710-a7be-c24bfde5351d ce0fb18f03f64a0d99597fe549beddad 2d349c0123214f568c77d3c790f7983a - - default default] Added segment fc0eb665-1f0b-4dc9-aa49-d3dddfd2282e of type geneve for network 8616cd2b-47ed-40fe-bfd6-dea8d75ca8d2
2026-04-17 10:07:47.469 8 INFO neutron.db.ovn_revision_numbers_db [None req-d302fb6e-369d-4710-a7be-c24bfde5351d ce0fb18f03f64a0d99597fe549beddad 2d349c0123214f568c77d3c790f7983a - - default default] Successfully bumped revision number for resource 8616cd2b-47ed-40fe-bfd6-dea8d75ca8d2 (type: networks) to 1
2026-04-17 10:07:47.622 8 WARNING neutron.scheduler.dhcp_agent_scheduler [None req-d302fb6e-369d-4710-a7be-c24bfde5351d ce0fb18f03f64a0d99597fe549beddad 2d349c0123214f568c77d3c790f7983a - - default default] No more DHCP agents
2026-04-17 10:07:47.624 8 WARNING neutron.api.rpc.agentnotifiers.dhcp_rpc_agent_api [None req-d302fb6e-369d-4710-a7be-c24bfde5351d ce0fb18f03f64a0d99597fe549beddad 2d349c0123214f568c77d3c790f7983a - - default default] Unable to schedule network 8616cd2b-47ed-40fe-bfd6-dea8d75ca8d2: no agents available; will retry on subsequent port and subnet creation events.
2026-04-17 10:07:47.661 8 INFO neutron.plugins.ml2.drivers.ovn.mech_driver.mech_driver [None req-26af7538-eb46-4efa-9f1e-b493090ed245 - - - - - -] OVN reports status down for port: ad060d0a-b20a-4fb2-a4fa-869d7cb4b7be
2026-04-17 10:07:47.719 8 INFO neutron.db.ovn_revision_numbers_db [None req-d302fb6e-369d-4710-a7be-c24bfde5351d ce0fb18f03f64a0d99597fe549beddad 2d349c0123214f568c77d3c790f7983a - - default default] Successfully bumped revision number for resource ad060d0a-b20a-4fb2-a4fa-869d7cb4b7be (type: ports) to 1 [pid: 8|app: 0|req: 1332/2742] 10.0.0.160 () {34 vars in 670 bytes} [Fri Apr 17 10:07:46 2026] POST /v2.0/networks => generated 659 bytes in 839 msecs (HTTP/1.1 201) 4 headers in 162 bytes (1 switches on core 0)
2026-04-17 10:07:47.968 7 WARNING neutron.scheduler.dhcp_agent_scheduler [None req-7153bc1c-b8c0-42b5-8082-4b7c778edbcd ce0fb18f03f64a0d99597fe549beddad 2d349c0123214f568c77d3c790f7983a - - default default] No more DHCP agents
2026-04-17 10:07:47.970 7 WARNING neutron.api.rpc.agentnotifiers.dhcp_rpc_agent_api [None req-7153bc1c-b8c0-42b5-8082-4b7c778edbcd ce0fb18f03f64a0d99597fe549beddad 2d349c0123214f568c77d3c790f7983a - - default default] Unable to schedule network 8616cd2b-47ed-40fe-bfd6-dea8d75ca8d2: no agents available; will retry on subsequent port and subnet creation events.
2026-04-17 10:07:48.446 7 INFO neutron.db.ovn_revision_numbers_db [None req-4c4c83e2-c893-42c6-bea4-d5ec9e128348 - - - - - -] Successfully bumped revision number for resource ad060d0a-b20a-4fb2-a4fa-869d7cb4b7be (type: ports) to 2
2026-04-17 10:07:48.479 7 INFO neutron.db.ovn_revision_numbers_db [None req-4c4c83e2-c893-42c6-bea4-d5ec9e128348 - - - - - -] Successfully bumped revision number for resource 13e8202a-819f-483f-83cc-f0715a64c14d (type: subnets) to 0 [pid: 7|app: 0|req: 1411/2743] 10.0.0.160 () {34 vars in 669 bytes} [Fri Apr 17 10:07:47 2026] POST /v2.0/subnets => generated 657 bytes in 739 msecs (HTTP/1.1 201) 4 headers in 162 bytes (1 switches on core 0) [pid: 8|app: 0|req: 1333/2744] 10.0.0.160 () {32 vars in 722 bytes} [Fri Apr 17 10:07:48 2026] GET /v2.0/subnetpools?name=shared-default-subnetpool-v6 => generated 19 bytes in 38 msecs (HTTP/1.1 200) 4 headers in 156 bytes (1 switches on core 0)
2026-04-17 10:07:48.739 7 WARNING neutron.scheduler.dhcp_agent_scheduler [None req-2755dde3-ded7-4931-b3d5-c7e6547838d7 ce0fb18f03f64a0d99597fe549beddad 2d349c0123214f568c77d3c790f7983a - - default default] No more DHCP agents
2026-04-17 10:07:48.740 7 WARNING neutron.api.rpc.agentnotifiers.dhcp_rpc_agent_api [None req-2755dde3-ded7-4931-b3d5-c7e6547838d7 ce0fb18f03f64a0d99597fe549beddad 2d349c0123214f568c77d3c790f7983a - - default default] Unable to schedule network 8616cd2b-47ed-40fe-bfd6-dea8d75ca8d2: no agents available; will retry on subsequent port and subnet creation events.
2026-04-17 10:07:48.768 7 INFO neutron.db.ovn_revision_numbers_db [None req-2755dde3-ded7-4931-b3d5-c7e6547838d7 ce0fb18f03f64a0d99597fe549beddad 2d349c0123214f568c77d3c790f7983a - - default default] Successfully bumped revision number for resource 593037a3-438b-4f51-8bef-82a7d319380f (type: subnets) to 0 [pid: 7|app: 0|req: 1412/2745] 10.0.0.160 () {34 vars in 669 bytes} [Fri Apr 17 10:07:48 2026] POST /v2.0/subnets => generated 732 bytes in 231 msecs (HTTP/1.1 201) 4 headers in 162 bytes (1 switches on core 0)
2026-04-17 10:07:48.873 8 INFO neutron.db.segments_db [None req-dd09aa56-3ee2-420d-861d-dc982cd51702 ce0fb18f03f64a0d99597fe549beddad 2d349c0123214f568c77d3c790f7983a - - default default] Added segment 7d5a825d-f6d9-4439-a125-a76786d2798e of type geneve for network 8ef2be56-a02f-4aec-9727-63ba95c64625
2026-04-17 10:07:48.985 8 INFO neutron.db.ovn_revision_numbers_db [None req-dd09aa56-3ee2-420d-861d-dc982cd51702 ce0fb18f03f64a0d99597fe549beddad 2d349c0123214f568c77d3c790f7983a - - default default] Successfully bumped revision number for resource 8ef2be56-a02f-4aec-9727-63ba95c64625 (type: networks) to 1
2026-04-17 10:07:49.123 8 WARNING neutron.scheduler.dhcp_agent_scheduler [None req-dd09aa56-3ee2-420d-861d-dc982cd51702 ce0fb18f03f64a0d99597fe549beddad 2d349c0123214f568c77d3c790f7983a - - default default] No more DHCP agents
2026-04-17 10:07:49.125 8 WARNING neutron.api.rpc.agentnotifiers.dhcp_rpc_agent_api [None req-dd09aa56-3ee2-420d-861d-dc982cd51702 ce0fb18f03f64a0d99597fe549beddad 2d349c0123214f568c77d3c790f7983a - - default default] Unable to schedule network 8ef2be56-a02f-4aec-9727-63ba95c64625: no agents available; will retry on subsequent port and subnet creation events.
2026-04-17 10:07:49.176 8 INFO neutron.plugins.ml2.drivers.ovn.mech_driver.mech_driver [None req-26af7538-eb46-4efa-9f1e-b493090ed245 - - - - - -] OVN reports status down for port: 4a96c3c5-ed8c-4569-8ea6-05c4949d20e6
2026-04-17 10:07:49.222 8 INFO neutron.db.ovn_revision_numbers_db [None req-dd09aa56-3ee2-420d-861d-dc982cd51702 ce0fb18f03f64a0d99597fe549beddad 2d349c0123214f568c77d3c790f7983a - - default default] Successfully bumped revision number for resource 4a96c3c5-ed8c-4569-8ea6-05c4949d20e6 (type: ports) to 1 [pid: 8|app: 0|req: 1334/2746] 10.0.0.160 () {34 vars in 670 bytes} [Fri Apr 17 10:07:48 2026] POST /v2.0/networks => generated 656 bytes in 471 msecs (HTTP/1.1 201) 4 headers in 162 bytes (1 switches on core 0)
2026-04-17 10:07:49.446 7 WARNING neutron.scheduler.dhcp_agent_scheduler [None req-0cdf4939-65c0-4458-b3b5-62a82e6fe576 ce0fb18f03f64a0d99597fe549beddad 2d349c0123214f568c77d3c790f7983a - - default default] No more DHCP agents
2026-04-17 10:07:49.447 7 WARNING neutron.api.rpc.agentnotifiers.dhcp_rpc_agent_api [None req-0cdf4939-65c0-4458-b3b5-62a82e6fe576 ce0fb18f03f64a0d99597fe549beddad 2d349c0123214f568c77d3c790f7983a - - default default] Unable to schedule network 8ef2be56-a02f-4aec-9727-63ba95c64625: no agents available; will retry on subsequent port and subnet creation events.
2026-04-17 10:07:49.870 7 INFO neutron.db.ovn_revision_numbers_db [None req-ec5005a9-3d54-4d49-8d9b-b2e3c153304f - - - - - -] Successfully bumped revision number for resource 4a96c3c5-ed8c-4569-8ea6-05c4949d20e6 (type: ports) to 2
2026-04-17 10:07:49.904 7 INFO neutron.db.ovn_revision_numbers_db [None req-ec5005a9-3d54-4d49-8d9b-b2e3c153304f - - - - - -] Successfully bumped revision number for resource 93f11719-afe1-4ab4-9c9f-57e1c6e26f61 (type: subnets) to 0 [pid: 7|app: 0|req: 1413/2747] 10.0.0.160 () {34 vars in 669 bytes} [Fri Apr 17 10:07:49 2026] POST /v2.0/subnets => generated 656 bytes in 654 msecs (HTTP/1.1 201) 4 headers in 162 bytes (1 switches on core 0)
2026-04-17 10:07:50.139 8 WARNING neutron.scheduler.dhcp_agent_scheduler [None req-65941a21-d1aa-47a4-9523-c4bed66207b7 ce0fb18f03f64a0d99597fe549beddad 2d349c0123214f568c77d3c790f7983a - - default default] No more DHCP agents
2026-04-17 10:07:50.140 8 WARNING neutron.api.rpc.agentnotifiers.dhcp_rpc_agent_api [None req-65941a21-d1aa-47a4-9523-c4bed66207b7 ce0fb18f03f64a0d99597fe549beddad 2d349c0123214f568c77d3c790f7983a - - default default] Unable to schedule network 8ef2be56-a02f-4aec-9727-63ba95c64625: no agents available; will retry on subsequent port and subnet creation events.
2026-04-17 10:07:50.163 8 INFO neutron.db.ovn_revision_numbers_db [None req-65941a21-d1aa-47a4-9523-c4bed66207b7 ce0fb18f03f64a0d99597fe549beddad 2d349c0123214f568c77d3c790f7983a - - default default] Successfully bumped revision number for resource cb3de639-2272-41c5-9364-90d23f08aa24 (type: subnets) to 0 [pid: 8|app: 0|req: 1335/2748] 10.0.0.160 () {34 vars in 669 bytes} [Fri Apr 17 10:07:49 2026] POST /v2.0/subnets => generated 725 bytes in 254 msecs (HTTP/1.1 201) 4 headers in 162 bytes (1 switches on core 0)
2026-04-17 10:07:50.267 7 INFO neutron.db.segments_db [None req-3d933ee8-8186-450f-8347-0d13a6f83d56 ce0fb18f03f64a0d99597fe549beddad 2d349c0123214f568c77d3c790f7983a - - default default] Added segment 04b4094e-d92c-4cac-bba7-e1d28c02ee28 of type geneve for network 9b63552e-a0a0-42ff-a56c-9dc69d0d5b31
2026-04-17 10:07:50.383 7 INFO neutron.db.ovn_revision_numbers_db [None req-3d933ee8-8186-450f-8347-0d13a6f83d56 ce0fb18f03f64a0d99597fe549beddad 2d349c0123214f568c77d3c790f7983a - - default default] Successfully bumped revision number for resource 9b63552e-a0a0-42ff-a56c-9dc69d0d5b31 (type: networks) to 1
2026-04-17 10:07:50.541 7 WARNING neutron.scheduler.dhcp_agent_scheduler [None req-3d933ee8-8186-450f-8347-0d13a6f83d56 ce0fb18f03f64a0d99597fe549beddad 2d349c0123214f568c77d3c790f7983a - - default default] No more DHCP agents
2026-04-17 10:07:50.543 7 WARNING neutron.api.rpc.agentnotifiers.dhcp_rpc_agent_api [None req-3d933ee8-8186-450f-8347-0d13a6f83d56 ce0fb18f03f64a0d99597fe549beddad 2d349c0123214f568c77d3c790f7983a - - default default] Unable to schedule network 9b63552e-a0a0-42ff-a56c-9dc69d0d5b31: no agents available; will retry on subsequent port and subnet creation events.
2026-04-17 10:07:50.589 8 INFO neutron.plugins.ml2.drivers.ovn.mech_driver.mech_driver [None req-26af7538-eb46-4efa-9f1e-b493090ed245 - - - - - -] OVN reports status down for port: 1f0168e4-d780-4e3c-8075-5ad5697a9679
2026-04-17 10:07:50.615 7 INFO neutron.db.ovn_revision_numbers_db [None req-3d933ee8-8186-450f-8347-0d13a6f83d56 ce0fb18f03f64a0d99597fe549beddad 2d349c0123214f568c77d3c790f7983a - - default default] Successfully bumped revision number for resource 1f0168e4-d780-4e3c-8075-5ad5697a9679 (type: ports) to 1 [pid: 7|app: 0|req: 1414/2749] 10.0.0.160 () {34 vars in 670 bytes} [Fri Apr 17 10:07:50 2026] POST /v2.0/networks => generated 656 bytes in 465 msecs (HTTP/1.1 201) 4 headers in 162 bytes (1 switches on core 0)
2026-04-17 10:07:50.823 8 WARNING neutron.scheduler.dhcp_agent_scheduler [None req-b0ef0325-56d6-430d-b143-bdbab9e2e762 ce0fb18f03f64a0d99597fe549beddad 2d349c0123214f568c77d3c790f7983a - - default default] No more DHCP agents
2026-04-17 10:07:50.825 8 WARNING neutron.api.rpc.agentnotifiers.dhcp_rpc_agent_api [None req-b0ef0325-56d6-430d-b143-bdbab9e2e762 ce0fb18f03f64a0d99597fe549beddad 2d349c0123214f568c77d3c790f7983a - - default default] Unable to schedule network 9b63552e-a0a0-42ff-a56c-9dc69d0d5b31: no agents available; will retry on subsequent port and subnet creation events.
2026-04-17 10:07:51.206 8 INFO neutron.db.ovn_revision_numbers_db [None req-34af2f6c-c153-481d-87b3-8fb73f2e3224 - - - - - -] Successfully bumped revision number for resource 1f0168e4-d780-4e3c-8075-5ad5697a9679 (type: ports) to 2
2026-04-17 10:07:51.237 8 INFO neutron.db.ovn_revision_numbers_db [None req-34af2f6c-c153-481d-87b3-8fb73f2e3224 - - - - - -] Successfully bumped revision number for resource 3ec2c4c0-84e4-4e8d-bdcb-ab8b667ec91a (type: subnets) to 0 [pid: 8|app: 0|req: 1336/2750] 10.0.0.160 () {34 vars in 669 bytes} [Fri Apr 17 10:07:50 2026] POST /v2.0/subnets => generated 655 bytes in 599 msecs (HTTP/1.1 201) 4 headers in 162 bytes (1 switches on core 0)
2026-04-17 10:07:51.476 7 WARNING neutron.scheduler.dhcp_agent_scheduler [None req-fab4435a-e7a4-492b-8c82-33dcd84c3858 ce0fb18f03f64a0d99597fe549beddad 2d349c0123214f568c77d3c790f7983a - - default default] No more DHCP agents
2026-04-17 10:07:51.477 7 WARNING neutron.api.rpc.agentnotifiers.dhcp_rpc_agent_api [None req-fab4435a-e7a4-492b-8c82-33dcd84c3858 ce0fb18f03f64a0d99597fe549beddad 2d349c0123214f568c77d3c790f7983a - - default default] Unable to schedule network 9b63552e-a0a0-42ff-a56c-9dc69d0d5b31: no agents available; will retry on subsequent port and subnet creation events.
2026-04-17 10:07:51.497 7 INFO neutron.db.ovn_revision_numbers_db [None req-fab4435a-e7a4-492b-8c82-33dcd84c3858 ce0fb18f03f64a0d99597fe549beddad 2d349c0123214f568c77d3c790f7983a - - default default] Successfully bumped revision number for resource 4e0bc922-aaa2-4efa-8ec9-8173d3f49e3e (type: subnets) to 0 [pid: 7|app: 0|req: 1415/2751] 10.0.0.160 () {34 vars in 669 bytes} [Fri Apr 17 10:07:51 2026] POST /v2.0/subnets => generated 729 bytes in 254 msecs (HTTP/1.1 201) 4 headers in 162 bytes (1 switches on core 0)
2026-04-17 10:07:51.918 8 WARNING neutron.scheduler.dhcp_agent_scheduler [None req-8f913384-20b5-4e57-93ca-1f7b4e589627 ce0fb18f03f64a0d99597fe549beddad 2d349c0123214f568c77d3c790f7983a - - default default] No more DHCP agents
2026-04-17 10:07:51.919 8 WARNING neutron.api.rpc.agentnotifiers.dhcp_rpc_agent_api [None req-8f913384-20b5-4e57-93ca-1f7b4e589627 ce0fb18f03f64a0d99597fe549beddad 2d349c0123214f568c77d3c790f7983a - - default default] Unable to schedule network c792fbe9-a745-4210-9c9a-b4c4d6203949: no agents available; will retry on subsequent port and subnet creation events.
2026-04-17 10:07:52.034 8 INFO neutron.plugins.ml2.drivers.ovn.mech_driver.mech_driver [None req-26af7538-eb46-4efa-9f1e-b493090ed245 - - - - - -] OVN reports status down for port: e87d2c6e-ceb3-41da-b6ac-7013e7c6e5dd
2026-04-17 10:07:52.085 8 INFO neutron.db.ovn_revision_numbers_db [None req-8f913384-20b5-4e57-93ca-1f7b4e589627 ce0fb18f03f64a0d99597fe549beddad 2d349c0123214f568c77d3c790f7983a - - default default] Successfully bumped revision number for resource e87d2c6e-ceb3-41da-b6ac-7013e7c6e5dd (type: ports) to 1
2026-04-17 10:07:52.653 8 INFO neutron.plugins.ml2.drivers.ovn.mech_driver.ovsdb.commands [None req-7f4f257b-00bc-4c06-a86c-801e9432aa0e - - - - - -] Schedule LRP lrp-e87d2c6e-ceb3-41da-b6ac-7013e7c6e5dd on gateway bbcbe94c-240e-4f3a-9b85-51eca6fe9eab with priority 1
2026-04-17 10:07:52.678 8 INFO neutron.plugins.ml2.drivers.ovn.mech_driver.mech_driver [None req-26af7538-eb46-4efa-9f1e-b493090ed245 - - - - - -] OVN reports status up for port: e87d2c6e-ceb3-41da-b6ac-7013e7c6e5dd
2026-04-17 10:07:52.682 8 INFO neutron.plugins.ml2.drivers.ovn.mech_driver.ovsdb.ovsdb_monitor [None req-6245d06e-f0e5-4904-9c20-a3eeab6837bb - - - - - -] Router 6c0ad1ec-a521-456f-8d2e-2f9f3dda0246 is bound to host instance
2026-04-17 10:07:52.734 8 INFO neutron.plugins.ml2.plugin [None req-26af7538-eb46-4efa-9f1e-b493090ed245 - - - - - -] Attempt 1 to provision port e87d2c6e-ceb3-41da-b6ac-7013e7c6e5dd
2026-04-17 10:07:52.801 8 INFO neutron.db.ovn_revision_numbers_db [None req-8f913384-20b5-4e57-93ca-1f7b4e589627 ce0fb18f03f64a0d99597fe549beddad 2d349c0123214f568c77d3c790f7983a - - default default] Successfully bumped revision number for resource e87d2c6e-ceb3-41da-b6ac-7013e7c6e5dd (type: router_ports) to 1
2026-04-17 10:07:52.996 8 INFO neutron.db.ovn_revision_numbers_db [None req-8f913384-20b5-4e57-93ca-1f7b4e589627 ce0fb18f03f64a0d99597fe549beddad 2d349c0123214f568c77d3c790f7983a - - default default] Successfully bumped revision number for resource 6c0ad1ec-a521-456f-8d2e-2f9f3dda0246 (type: routers) to 2 [pid: 8|app: 0|req: 1337/2752] 10.0.0.160 () {34 vars in 669 bytes} [Fri Apr 17 10:07:51 2026] POST /v2.0/routers => generated 943 bytes in 1514 msecs (HTTP/1.1 201) 4 headers in 162 bytes (1 switches on core 0)
2026-04-17 10:07:53.512 7 WARNING neutron.scheduler.dhcp_agent_scheduler [None req-2d27b09b-91b0-42bb-9372-f8bf18ed3f6c ce0fb18f03f64a0d99597fe549beddad 2d349c0123214f568c77d3c790f7983a - - default default] No more DHCP agents
2026-04-17 10:07:53.514 7 WARNING neutron.api.rpc.agentnotifiers.dhcp_rpc_agent_api [None req-2d27b09b-91b0-42bb-9372-f8bf18ed3f6c ce0fb18f03f64a0d99597fe549beddad 2d349c0123214f568c77d3c790f7983a - - default default] Unable to schedule network 8616cd2b-47ed-40fe-bfd6-dea8d75ca8d2: no agents available; will retry on subsequent port and subnet creation events.
2026-04-17 10:07:53.645 8 INFO neutron.db.ovn_revision_numbers_db [None req-ea3be98e-290c-4906-a8a6-5820866ad2a3 - - - - - -] Successfully bumped revision number for resource e87d2c6e-ceb3-41da-b6ac-7013e7c6e5dd (type: ports) to 4
2026-04-17 10:07:53.656 7 INFO neutron.db.ovn_revision_numbers_db [None req-2d27b09b-91b0-42bb-9372-f8bf18ed3f6c ce0fb18f03f64a0d99597fe549beddad 2d349c0123214f568c77d3c790f7983a - - default default] Successfully bumped revision number for resource 5df2416c-1674-449a-b6dc-9959a431dee8 (type: ports) to 1
2026-04-17 10:07:53.932 8 INFO neutron.db.ovn_revision_numbers_db [None req-ea3be98e-290c-4906-a8a6-5820866ad2a3 - - - - - -] Successfully bumped revision number for resource e87d2c6e-ceb3-41da-b6ac-7013e7c6e5dd (type: ports) to 5
2026-04-17 10:07:54.387 7 WARNING neutron.scheduler.dhcp_agent_scheduler [None req-2d27b09b-91b0-42bb-9372-f8bf18ed3f6c ce0fb18f03f64a0d99597fe549beddad 2d349c0123214f568c77d3c790f7983a - - default default] No more DHCP agents
2026-04-17 10:07:54.388 7 WARNING neutron.api.rpc.agentnotifiers.dhcp_rpc_agent_api [None req-2d27b09b-91b0-42bb-9372-f8bf18ed3f6c ce0fb18f03f64a0d99597fe549beddad 2d349c0123214f568c77d3c790f7983a - - default default] Unable to schedule network 8616cd2b-47ed-40fe-bfd6-dea8d75ca8d2: no agents available; will retry on subsequent port and subnet creation events.
2026-04-17 10:07:54.706 7 INFO neutron.db.ovn_revision_numbers_db [None req-2d27b09b-91b0-42bb-9372-f8bf18ed3f6c ce0fb18f03f64a0d99597fe549beddad 2d349c0123214f568c77d3c790f7983a - - default default] Successfully bumped revision number for resource 5df2416c-1674-449a-b6dc-9959a431dee8 (type: router_ports) to 1 [pid: 7|app: 0|req: 1416/2753] 10.0.0.160 () {34 vars in 783 bytes} [Fri Apr 17 10:07:53 2026] PUT /v2.0/routers/6c0ad1ec-a521-456f-8d2e-2f9f3dda0246/add_router_interface => generated 309 bytes in 1680 msecs (HTTP/1.1 200) 4 headers in 157 bytes (1 switches on core 0)
2026-04-17 10:07:55.191 8 WARNING neutron.scheduler.dhcp_agent_scheduler [None req-206dc8c8-2f3f-4504-84a8-1fc5f77a9535 ce0fb18f03f64a0d99597fe549beddad 2d349c0123214f568c77d3c790f7983a - - default default] No more DHCP agents
2026-04-17 10:07:55.192 8 WARNING neutron.api.rpc.agentnotifiers.dhcp_rpc_agent_api [None req-206dc8c8-2f3f-4504-84a8-1fc5f77a9535 ce0fb18f03f64a0d99597fe549beddad 2d349c0123214f568c77d3c790f7983a - - default default] Unable to schedule network 8ef2be56-a02f-4aec-9727-63ba95c64625: no agents available; will retry on subsequent port and subnet creation events.
2026-04-17 10:07:55.334 8 INFO neutron.db.ovn_revision_numbers_db [None req-206dc8c8-2f3f-4504-84a8-1fc5f77a9535 ce0fb18f03f64a0d99597fe549beddad 2d349c0123214f568c77d3c790f7983a - - default default] Successfully bumped revision number for resource ae18e380-afcb-4243-b548-ee20973c070d (type: ports) to 1
2026-04-17 10:07:55.790 8 INFO neutron.plugins.ml2.drivers.ovn.mech_driver.mech_driver [None req-26af7538-eb46-4efa-9f1e-b493090ed245 - - - - - -] OVN reports status down for port: 5df2416c-1674-449a-b6dc-9959a431dee8
2026-04-17 10:07:55.892 8 WARNING neutron.plugins.ml2.drivers.ovn.mech_driver.ovsdb.ovn_client [None req-26af7538-eb46-4efa-9f1e-b493090ed245 - - - - - -] Logical_Switch_Port %s host information not removed, the port state is up
2026-04-17 10:07:55.892 8 INFO neutron.plugins.ml2.drivers.ovn.mech_driver.mech_driver [None req-26af7538-eb46-4efa-9f1e-b493090ed245 - - - - - -] OVN reports status up for port: 5df2416c-1674-449a-b6dc-9959a431dee8
2026-04-17 10:07:55.913 8 INFO neutron.plugins.ml2.plugin [None req-26af7538-eb46-4efa-9f1e-b493090ed245 - - - - - -] Attempt 1 to provision port 5df2416c-1674-449a-b6dc-9959a431dee8
2026-04-17 10:07:56.216 8 WARNING neutron.scheduler.dhcp_agent_scheduler [None req-206dc8c8-2f3f-4504-84a8-1fc5f77a9535 ce0fb18f03f64a0d99597fe549beddad 2d349c0123214f568c77d3c790f7983a - - default default] No more DHCP agents
2026-04-17 10:07:56.217 8 WARNING neutron.api.rpc.agentnotifiers.dhcp_rpc_agent_api [None req-206dc8c8-2f3f-4504-84a8-1fc5f77a9535 ce0fb18f03f64a0d99597fe549beddad 2d349c0123214f568c77d3c790f7983a - - default default] Unable to schedule network 8ef2be56-a02f-4aec-9727-63ba95c64625: no agents available; will retry on subsequent port and subnet creation events.
2026-04-17 10:07:56.688 8 INFO neutron.db.ovn_revision_numbers_db [None req-26af7538-eb46-4efa-9f1e-b493090ed245 - - - - - -] Successfully bumped revision number for resource 5df2416c-1674-449a-b6dc-9959a431dee8 (type: ports) to 2
2026-04-17 10:07:56.928 8 INFO neutron.db.ovn_revision_numbers_db [None req-206dc8c8-2f3f-4504-84a8-1fc5f77a9535 ce0fb18f03f64a0d99597fe549beddad 2d349c0123214f568c77d3c790f7983a - - default default] Successfully bumped revision number for resource ae18e380-afcb-4243-b548-ee20973c070d (type: router_ports) to 1 [pid: 8|app: 0|req: 1338/2754] 10.0.0.160 () {34 vars in 783 bytes} [Fri Apr 17 10:07:54 2026] PUT /v2.0/routers/6c0ad1ec-a521-456f-8d2e-2f9f3dda0246/add_router_interface => generated 309 bytes in 2218 msecs (HTTP/1.1 200) 4 headers in 157 bytes (1 switches on core 0)
2026-04-17 10:07:57.418 7 WARNING neutron.scheduler.dhcp_agent_scheduler [None req-f8e99074-3bd9-4ec2-a4c4-b3edd4105ba4 ce0fb18f03f64a0d99597fe549beddad 2d349c0123214f568c77d3c790f7983a - - default default] No more DHCP agents
2026-04-17 10:07:57.419 7 WARNING neutron.api.rpc.agentnotifiers.dhcp_rpc_agent_api [None req-f8e99074-3bd9-4ec2-a4c4-b3edd4105ba4 ce0fb18f03f64a0d99597fe549beddad 2d349c0123214f568c77d3c790f7983a - - default default] Unable to schedule network 9b63552e-a0a0-42ff-a56c-9dc69d0d5b31: no agents available; will retry on subsequent port and subnet creation events.
2026-04-17 10:07:57.526 7 INFO neutron.plugins.ml2.drivers.ovn.mech_driver.mech_driver [None req-87dc732d-e9b4-440f-9b5e-000df4651e04 - - - - - -] OVN reports status down for port: 430b4fc1-1aa0-4aca-a0ed-34c1e3bfc2e5
2026-04-17 10:07:57.577 7 INFO neutron.db.ovn_revision_numbers_db [None req-f8e99074-3bd9-4ec2-a4c4-b3edd4105ba4 ce0fb18f03f64a0d99597fe549beddad 2d349c0123214f568c77d3c790f7983a - - default default] Successfully bumped revision number for resource 430b4fc1-1aa0-4aca-a0ed-34c1e3bfc2e5 (type: ports) to 1
2026-04-17 10:07:58.699 7 INFO neutron.plugins.ml2.drivers.ovn.mech_driver.mech_driver [None req-87dc732d-e9b4-440f-9b5e-000df4651e04 - - - - - -] OVN reports status up for port: 430b4fc1-1aa0-4aca-a0ed-34c1e3bfc2e5
2026-04-17 10:07:58.729 7 INFO neutron.plugins.ml2.plugin [None req-87dc732d-e9b4-440f-9b5e-000df4651e04 - - - - - -] Attempt 1 to provision port 430b4fc1-1aa0-4aca-a0ed-34c1e3bfc2e5
2026-04-17 10:07:58.836 7 WARNING neutron.scheduler.dhcp_agent_scheduler [None req-f8e99074-3bd9-4ec2-a4c4-b3edd4105ba4 ce0fb18f03f64a0d99597fe549beddad 2d349c0123214f568c77d3c790f7983a - - default default] No more DHCP agents
2026-04-17 10:07:58.839 7 WARNING neutron.api.rpc.agentnotifiers.dhcp_rpc_agent_api [None req-f8e99074-3bd9-4ec2-a4c4-b3edd4105ba4 ce0fb18f03f64a0d99597fe549beddad 2d349c0123214f568c77d3c790f7983a - - default default] Unable to schedule network 9b63552e-a0a0-42ff-a56c-9dc69d0d5b31: no agents available; will retry on subsequent port and subnet creation events.
2026-04-17 10:07:59.302 7 INFO neutron.db.ovn_revision_numbers_db [None req-87dc732d-e9b4-440f-9b5e-000df4651e04 - - - - - -] Successfully bumped revision number for resource 430b4fc1-1aa0-4aca-a0ed-34c1e3bfc2e5 (type: ports) to 2
2026-04-17 10:07:59.466 7 INFO neutron.db.ovn_revision_numbers_db [None req-f8e99074-3bd9-4ec2-a4c4-b3edd4105ba4 ce0fb18f03f64a0d99597fe549beddad 2d349c0123214f568c77d3c790f7983a - - default default] Successfully bumped revision number for resource 430b4fc1-1aa0-4aca-a0ed-34c1e3bfc2e5 (type: router_ports) to 1 [pid: 7|app: 0|req: 1417/2755] 10.0.0.160 () {34 vars in 783 bytes} [Fri Apr 17 10:07:56 2026] PUT /v2.0/routers/6c0ad1ec-a521-456f-8d2e-2f9f3dda0246/add_router_interface => generated 309 bytes in 2534 msecs (HTTP/1.1 200) 4 headers in 157 bytes (1 switches on core 0)
2026-04-17 10:07:59.632 8 INFO neutron.db.ovn_revision_numbers_db [None req-4dfd8bb1-38d8-4aa1-983a-b07badec3509 ce0fb18f03f64a0d99597fe549beddad 2d349c0123214f568c77d3c790f7983a - - default default] Successfully bumped revision number for resource ac6db7b9-5e07-4401-8091-b00891b4de9f (type: security_groups) to 1
2026-04-17 10:07:59.645 8 INFO neutron.db.ovn_revision_numbers_db [None req-4dfd8bb1-38d8-4aa1-983a-b07badec3509 ce0fb18f03f64a0d99597fe549beddad 2d349c0123214f568c77d3c790f7983a - - default default] Successfully bumped revision number for resource 5d60eac7-53a8-4e78-91b6-2569f4f9aa1a (type: security_group_rules) to 0
2026-04-17 10:07:59.656 8 INFO neutron.db.ovn_revision_numbers_db [None req-4dfd8bb1-38d8-4aa1-983a-b07badec3509 ce0fb18f03f64a0d99597fe549beddad 2d349c0123214f568c77d3c790f7983a - - default default] Successfully bumped revision number for resource 83e9ae8e-b6bd-4c22-91d2-352453df0e2c (type: security_group_rules) to 0 [pid: 8|app: 0|req: 1339/2756] 10.0.0.160 () {34 vars in 684 bytes} [Fri Apr 17 10:07:59 2026] POST /v2.0/security-groups => generated 1629 bytes in 175 msecs (HTTP/1.1 201) 4 headers in 163 bytes (1 switches on core 0)
2026-04-17 10:07:59.837 7 INFO neutron.db.ovn_revision_numbers_db [None req-0b7c2422-3f88-4f24-8f70-c10cae18ea70 ce0fb18f03f64a0d99597fe549beddad 2d349c0123214f568c77d3c790f7983a - - default default] Successfully bumped revision number for resource 8eeb6fd2-ff7a-4a63-810a-0e70c308a7af (type: security_group_rules) to 0 [pid: 7|app: 0|req: 1418/2757] 10.0.0.160 () {34 vars in 695 bytes} [Fri Apr 17 10:07:59 2026] POST /v2.0/security-group-rules => generated 597 bytes in 166 msecs (HTTP/1.1 201) 4 headers in 162 bytes (1 switches on core 0)
2026-04-17 10:08:00.014 8 INFO neutron.db.ovn_revision_numbers_db [None req-9db88efb-3c0e-4cac-8151-4a6e59c9c29a ce0fb18f03f64a0d99597fe549beddad 2d349c0123214f568c77d3c790f7983a - - default default] Successfully bumped revision number for resource ec452277-423e-42ee-af34-91a874dd773f (type: security_group_rules) to 0 [pid: 8|app: 0|req: 1340/2758] 10.0.0.160 () {34 vars in 695 bytes} [Fri Apr 17 10:07:59 2026] POST /v2.0/security-group-rules => generated 597 bytes in 173 msecs (HTTP/1.1 201) 4 headers in 162 bytes (1 switches on core 0)
2026-04-17 10:08:00.182 7 INFO neutron.db.ovn_revision_numbers_db [None req-2d9de668-c139-401b-b935-407222b8dac2 ce0fb18f03f64a0d99597fe549beddad 2d349c0123214f568c77d3c790f7983a - - default default] Successfully bumped revision number for resource 86d12599-5e5e-458f-9314-164a4f232c58 (type: security_group_rules) to 0 [pid: 7|app: 0|req: 1419/2759] 10.0.0.160 () {34 vars in 695 bytes} [Fri Apr 17 10:08:00 2026] POST /v2.0/security-group-rules => generated 599 bytes in 164 msecs (HTTP/1.1 201) 4 headers in 162 bytes (1 switches on core 0)
2026-04-17 10:08:00.360 8 INFO neutron.db.ovn_revision_numbers_db [None req-7692b161-2d1e-47d3-9855-97107e3dc478 ce0fb18f03f64a0d99597fe549beddad 2d349c0123214f568c77d3c790f7983a - - default default] Successfully bumped revision number for resource cdc714cc-489f-4139-9914-b7d5775f8dfe (type: security_group_rules) to 0 [pid: 8|app: 0|req: 1341/2760] 10.0.0.160 () {34 vars in 695 bytes} [Fri Apr 17 10:08:00 2026] POST /v2.0/security-group-rules => generated 601 bytes in 169 msecs (HTTP/1.1 201) 4 headers in 162 bytes (1 switches on core 0)
2026-04-17 10:08:00.518 7 INFO neutron.db.ovn_revision_numbers_db [None req-ce7f1c85-9ed3-4b41-8fc2-8283eb114d68 ce0fb18f03f64a0d99597fe549beddad 2d349c0123214f568c77d3c790f7983a - - default default] Successfully bumped revision number for resource 7ac4d02b-9151-4a91-b2b7-0926916b7786 (type: security_group_rules) to 0 [pid: 7|app: 0|req: 1420/2761] 10.0.0.160 () {34 vars in 695 bytes} [Fri Apr 17 10:08:00 2026] POST /v2.0/security-group-rules => generated 601 bytes in 150 msecs (HTTP/1.1 201) 4 headers in 162 bytes (1 switches on core 0)
2026-04-17 10:08:00.690 8 INFO neutron.db.ovn_revision_numbers_db [None req-d8796a30-04ec-4c83-9c40-377572a70460 ce0fb18f03f64a0d99597fe549beddad 2d349c0123214f568c77d3c790f7983a - - default default] Successfully bumped revision number for resource 6658da8e-0cd0-4650-bedf-def28a4a33aa (type: security_group_rules) to 0 [pid: 8|app: 0|req: 1342/2762] 10.0.0.160 () {34 vars in 695 bytes} [Fri Apr 17 10:08:00 2026] POST /v2.0/security-group-rules => generated 597 bytes in 176 msecs (HTTP/1.1 201) 4 headers in 162 bytes (1 switches on core 0)
2026-04-17 10:08:00.890 7 INFO neutron.db.ovn_revision_numbers_db [None req-a86c088b-5ceb-4651-80a2-d8b0c1b758cb ce0fb18f03f64a0d99597fe549beddad 2d349c0123214f568c77d3c790f7983a - - default default] Successfully bumped revision number for resource 0497b92b-c1af-46d7-8059-8f1e7ad23a85 (type: security_group_rules) to 0 [pid: 7|app: 0|req: 1421/2763] 10.0.0.160 () {34 vars in 695 bytes} [Fri Apr 17 10:08:00 2026] POST /v2.0/security-group-rules => generated 597 bytes in 201 msecs (HTTP/1.1 201) 4 headers in 162 bytes (1 switches on core 0)
2026-04-17 10:08:01.096 8 INFO neutron.db.ovn_revision_numbers_db [None req-a2bda074-c349-49a9-aad5-bf22dcab695f ce0fb18f03f64a0d99597fe549beddad 2d349c0123214f568c77d3c790f7983a - - default default] Successfully bumped revision number for resource 8b8abf5e-156f-4189-88d1-3ec869868a36 (type: security_group_rules) to 0 [pid: 8|app: 0|req: 1343/2764] 10.0.0.160 () {34 vars in 695 bytes} [Fri Apr 17 10:08:00 2026] POST /v2.0/security-group-rules => generated 597 bytes in 195 msecs (HTTP/1.1 201) 4 headers in 162 bytes (1 switches on core 0)
2026-04-17 10:08:01.284 7 INFO neutron.db.ovn_revision_numbers_db [None req-58037d03-7cbb-40fe-8323-aae7f44dfebc ce0fb18f03f64a0d99597fe549beddad 2d349c0123214f568c77d3c790f7983a - - default default] Successfully bumped revision number for resource 4c22ca30-8e9f-4bb2-b048-324c69f4c834 (type: security_group_rules) to 0 [pid: 7|app: 0|req: 1422/2765] 10.0.0.160 () {34 vars in 695 bytes} [Fri Apr 17 10:08:01 2026] POST /v2.0/security-group-rules => generated 599 bytes in 178 msecs (HTTP/1.1 201) 4 headers in 162 bytes (1 switches on core 0)
2026-04-17 10:08:01.496 8 INFO neutron.db.ovn_revision_numbers_db [None req-55015c6a-b747-4507-be5a-38041561e83e ce0fb18f03f64a0d99597fe549beddad 2d349c0123214f568c77d3c790f7983a - - default default] Successfully bumped revision number for resource 7edff8ad-17b6-4869-a306-2d4b13b0039e (type: security_group_rules) to 0 [pid: 8|app: 0|req: 1344/2766] 10.0.0.160 () {34 vars in 695 bytes} [Fri Apr 17 10:08:01 2026] POST /v2.0/security-group-rules => generated 601 bytes in 211 msecs (HTTP/1.1 201) 4 headers in 162 bytes (1 switches on core 0)
2026-04-17 10:08:01.673 8 WARNING neutron.plugins.ml2.drivers.ovn.mech_driver.ovsdb.ovn_client [None req-4b089147-c77f-41cd-8817-87a4691a032e - - - - - -] No hosting information found for port 5df2416c-1674-449a-b6dc-9959a431dee8: RuntimeError: No hosting information found for port 5df2416c-1674-449a-b6dc-9959a431dee8
2026-04-17 10:08:01.751 7 INFO neutron.db.ovn_revision_numbers_db [None req-a46d8d2e-1163-4917-9d26-13b95432c18c ce0fb18f03f64a0d99597fe549beddad 2d349c0123214f568c77d3c790f7983a - - default default] Successfully bumped revision number for resource 313735ec-f1bb-4921-8ac2-7e9844d67b48 (type: security_group_rules) to 0
2026-04-17 10:08:01.753 8 INFO neutron.db.ovn_revision_numbers_db [None req-4b089147-c77f-41cd-8817-87a4691a032e - - - - - -] Successfully bumped revision number for resource 5df2416c-1674-449a-b6dc-9959a431dee8 (type: router_ports) to 2
2026-04-17 10:08:01.753 8 INFO neutron.plugins.ml2.drivers.ovn.mech_driver.mech_driver [None req-4b089147-c77f-41cd-8817-87a4691a032e - - - - - -] OVN reports status down for port: ae18e380-afcb-4243-b548-ee20973c070d [pid: 7|app: 0|req: 1423/2769] 10.0.0.160 () {34 vars in 695 bytes} [Fri Apr 17 10:08:01 2026] POST /v2.0/security-group-rules => generated 597 bytes in 250 msecs (HTTP/1.1 201) 4 headers in 162 bytes (1 switches on core 0)
2026-04-17 10:08:01.798 8 WARNING neutron.plugins.ml2.drivers.ovn.mech_driver.ovsdb.ovn_client [None req-4b089147-c77f-41cd-8817-87a4691a032e - - - - - -] Logical_Switch_Port %s host information not removed, the port state is up
2026-04-17 10:08:01.798 8 INFO neutron.plugins.ml2.drivers.ovn.mech_driver.mech_driver [None req-4b089147-c77f-41cd-8817-87a4691a032e - - - - - -] OVN reports status up for port: ae18e380-afcb-4243-b548-ee20973c070d
2026-04-17 10:08:01.808 8 INFO neutron.plugins.ml2.plugin [None req-4b089147-c77f-41cd-8817-87a4691a032e - - - - - -] Attempt 1 to provision port ae18e380-afcb-4243-b548-ee20973c070d
2026-04-17 10:08:02.222 8 INFO neutron.db.ovn_revision_numbers_db [None req-4b089147-c77f-41cd-8817-87a4691a032e - - - - - -] Successfully bumped revision number for resource ae18e380-afcb-4243-b548-ee20973c070d (type: ports) to 2 [pid: 8|app: 0|req: 1347/2770] 10.0.0.22 () {34 vars in 1093 bytes} [Fri Apr 17 10:08:02 2026] GET /v2.0/security-groups?name=tempest-lb_member_SG-937718433&fields=id&tenant_id=2d349c0123214f568c77d3c790f7983a => generated 69 bytes in 85 msecs (HTTP/1.1 200) 4 headers in 156 bytes (1 switches on core 0) [pid: 7|app: 0|req: 1424/2771] 10.0.0.22 () {34 vars in 981 bytes} [Fri Apr 17 10:08:02 2026] GET /v2.0/networks?id=8ef2be56-a02f-4aec-9727-63ba95c64625 => generated 742 bytes in 58 msecs (HTTP/1.1 200) 4 headers in 157 bytes (1 switches on core 0) [pid: 8|app: 0|req: 1348/2772] 10.0.0.22 () {34 vars in 964 bytes} [Fri Apr 17 10:08:02 2026] GET /v2.0/quotas/2d349c0123214f568c77d3c790f7983a => generated 292 bytes in 19 msecs (HTTP/1.1 200) 4 headers in 157 bytes (1 switches on core 0) [pid: 7|app: 0|req: 1425/2773] 10.0.0.22 () {34 vars in 1001 bytes} [Fri Apr 17 10:08:02 2026] GET /v2.0/ports?tenant_id=2d349c0123214f568c77d3c790f7983a&fields=id => generated 287 bytes in 179 msecs (HTTP/1.1 200) 4 headers in 157 bytes (1 switches on core 0) [pid: 8|app: 0|req: 1349/2774] 10.0.0.22 () {34 vars in 1007 bytes} [Fri Apr 17 10:08:02 2026] GET /v2.0/networks/8ef2be56-a02f-4aec-9727-63ba95c64625?fields=segments => generated 14 bytes in 74 msecs (HTTP/1.1 200) 4 headers in 156 bytes (1 switches on core 0) [pid: 7|app: 0|req: 1426/2775] 10.0.0.22 () {34 vars in 1107 bytes} [Fri Apr 17 10:08:02 2026] GET /v2.0/networks/8ef2be56-a02f-4aec-9727-63ba95c64625?fields=provider%3Aphysical_network&fields=provider%3Anetwork_type => generated 79 bytes in 46 msecs (HTTP/1.1 200) 4 headers in 156 bytes (1 switches on core 0) [pid: 8|app: 0|req: 1350/2776] 10.0.0.22 () {34 vars in 989 bytes} [Fri Apr 17 10:08:02 2026] GET /v2.0/ports?device_id=f3b10dce-af1d-482b-b86a-1f0ecd3f62ad => generated 12 bytes in 62 msecs (HTTP/1.1 200) 4 headers in 156 bytes (1 switches on core 0)
2026-04-17 10:08:04.367 7 WARNING neutron.plugins.ml2.drivers.ovn.mech_driver.ovsdb.ovn_client [None req-9cc2ccfc-f8ba-4696-bb96-9ecaf486718b - - - - - -] No hosting information found for port 430b4fc1-1aa0-4aca-a0ed-34c1e3bfc2e5: RuntimeError: No hosting information found for port 430b4fc1-1aa0-4aca-a0ed-34c1e3bfc2e5
2026-04-17 10:08:04.446 7 INFO neutron.db.ovn_revision_numbers_db [None req-9cc2ccfc-f8ba-4696-bb96-9ecaf486718b - - - - - -] Successfully bumped revision number for resource 430b4fc1-1aa0-4aca-a0ed-34c1e3bfc2e5 (type: router_ports) to 2 [pid: 7|app: 0|req: 1427/2777] 199.19.213.209 () {34 vars in 986 bytes} [Fri Apr 17 10:08:07 2026] GET /v2.0/networks?id=8ef2be56-a02f-4aec-9727-63ba95c64625 => generated 742 bytes in 95 msecs (HTTP/1.1 200) 4 headers in 157 bytes (1 switches on core 0) [pid: 8|app: 0|req: 1351/2778] 199.19.213.209 () {34 vars in 1050 bytes} [Fri Apr 17 10:08:07 2026] GET /v2.0/security-groups?fields=id&fields=name&tenant_id=2d349c0123214f568c77d3c790f7983a => generated 178 bytes in 43 msecs (HTTP/1.1 200) 4 headers in 157 bytes (1 switches on core 0)
2026-04-17 10:08:07.507 7 WARNING neutron.scheduler.dhcp_agent_scheduler [req-501b9cb0-f128-4cba-a7dc-2b9ff7d38031 req-a0f04e3f-37af-4db5-bd69-229cd1a7ed6e ce0fb18f03f64a0d99597fe549beddad 2d349c0123214f568c77d3c790f7983a - - default default] No more DHCP agents
2026-04-17 10:08:07.509 7 WARNING neutron.api.rpc.agentnotifiers.dhcp_rpc_agent_api [req-501b9cb0-f128-4cba-a7dc-2b9ff7d38031 req-a0f04e3f-37af-4db5-bd69-229cd1a7ed6e ce0fb18f03f64a0d99597fe549beddad 2d349c0123214f568c77d3c790f7983a - - default default] Unable to schedule network 8ef2be56-a02f-4aec-9727-63ba95c64625: no agents available; will retry on subsequent port and subnet creation events.
2026-04-17 10:08:07.644 7 INFO neutron.plugins.ml2.drivers.ovn.mech_driver.mech_driver [None req-9cc2ccfc-f8ba-4696-bb96-9ecaf486718b - - - - - -] OVN reports status down for port: 925d38a2-1a59-4573-9496-6b236fc63d5f
2026-04-17 10:08:07.726 7 INFO neutron.db.ovn_revision_numbers_db [req-501b9cb0-f128-4cba-a7dc-2b9ff7d38031 req-a0f04e3f-37af-4db5-bd69-229cd1a7ed6e ce0fb18f03f64a0d99597fe549beddad 2d349c0123214f568c77d3c790f7983a - - default default] Successfully bumped revision number for resource 925d38a2-1a59-4573-9496-6b236fc63d5f (type: ports) to 1 [pid: 7|app: 0|req: 1428/2779] 199.19.213.209 () {38 vars in 955 bytes} [Fri Apr 17 10:08:07 2026] POST /v2.0/ports => generated 1183 bytes in 649 msecs (HTTP/1.1 201) 4 headers in 163 bytes (1 switches on core 0) /var/lib/openstack/lib/python3.12/site-packages/pycadf/identifier.py:70: UserWarning: Invalid uuid: neutron. To ensure interoperability, identifiers should be a valid uuid. warnings.warn(('Invalid uuid: %s. To ensure interoperability, ' [pid: 7|app: 0|req: 1429/2780] 10.0.0.22 () {34 vars in 989 bytes} [Fri Apr 17 10:08:07 2026] GET /v2.0/ports?device_id=f3b10dce-af1d-482b-b86a-1f0ecd3f62ad => generated 1186 bytes in 40 msecs (HTTP/1.1 200) 4 headers in 158 bytes (1 switches on core 0) [pid: 7|app: 0|req: 1430/2781] 10.0.0.22 () {34 vars in 1039 bytes} [Fri Apr 17 10:08:07 2026] GET /v2.0/security-groups?id=ac6db7b9-5e07-4401-8091-b00891b4de9f&fields=id&fields=name => generated 111 bytes in 51 msecs (HTTP/1.1 200) 4 headers in 157 bytes (1 switches on core 0)
2026-04-17 10:08:08.236 8 INFO neutron.db.ovn_revision_numbers_db [req-501b9cb0-f128-4cba-a7dc-2b9ff7d38031 req-6b6e096e-a111-405b-9ca8-384d421e7e0f a286570efd5e412d81f1b47f1268cb6f 745da2e007344400bb79fd483409b5ca - - e440d763744d48a08fca8dade1971d68 e440d763744d48a08fca8dade1971d68] Successfully bumped revision number for resource 925d38a2-1a59-4573-9496-6b236fc63d5f (type: ports) to 2
2026-04-17 10:08:08.304 8 WARNING neutron.plugins.ml2.drivers.ovn.mech_driver.ovsdb.ovn_client [None req-54539965-55fb-4757-808c-908c334742d2 - - - - - -] No hosting information found for port ae18e380-afcb-4243-b548-ee20973c070d: RuntimeError: No hosting information found for port ae18e380-afcb-4243-b548-ee20973c070d
2026-04-17 10:08:08.542 8 INFO neutron.db.ovn_revision_numbers_db [None req-54539965-55fb-4757-808c-908c334742d2 - - - - - -] Successfully bumped revision number for resource ae18e380-afcb-4243-b548-ee20973c070d (type: router_ports) to 2
2026-04-17 10:08:08.578 8 INFO neutron.db.ovn_revision_numbers_db [req-501b9cb0-f128-4cba-a7dc-2b9ff7d38031 req-6b6e096e-a111-405b-9ca8-384d421e7e0f a286570efd5e412d81f1b47f1268cb6f 745da2e007344400bb79fd483409b5ca - - e440d763744d48a08fca8dade1971d68 e440d763744d48a08fca8dade1971d68] Successfully bumped revision number for resource 925d38a2-1a59-4573-9496-6b236fc63d5f (type: ports) to 4 [pid: 8|app: 0|req: 1352/2782] 199.19.213.209 () {38 vars in 1028 bytes} [Fri Apr 17 10:08:07 2026] PUT /v2.0/ports/925d38a2-1a59-4573-9496-6b236fc63d5f => generated 1433 bytes in 777 msecs (HTTP/1.1 200) 4 headers in 158 bytes (1 switches on core 0)
