2026-07-10 01:01:42.624 7 INFO placement.requestlog [None req-358baf5c-34a1-420a-ae1c-eb9993aa169d - - - - - -] 10.0.0.217 "GET /" status: 200 len: 136 microversion: 1.0
2026-07-10 01:01:42.626 8 INFO placement.requestlog [None req-90bb1e00-9f0e-4643-92a6-bcfb9e268502 - - - - - -] 10.0.0.217 "GET /" status: 200 len: 136 microversion: 1.0
2026-07-10 01:01:52.624 7 INFO placement.requestlog [None req-aeda4f31-19e3-4232-b8d0-5fc299bcf61f - - - - - -] 10.0.0.217 "GET /" status: 200 len: 136 microversion: 1.0
2026-07-10 01:01:52.625 8 INFO placement.requestlog [None req-82a08718-b254-467b-8415-faa10f40e2db - - - - - -] 10.0.0.217 "GET /" status: 200 len: 136 microversion: 1.0
2026-07-10 01:02:02.626 7 INFO placement.requestlog [None req-5d5a6d57-1aa9-4df6-af54-0b800d1fb621 - - - - - -] 10.0.0.217 "GET /" status: 200 len: 136 microversion: 1.0
2026-07-10 01:02:02.630 8 INFO placement.requestlog [None req-530f23ae-ebfd-4bbc-a97f-ed81014c2ac4 - - - - - -] 10.0.0.217 "GET /" status: 200 len: 136 microversion: 1.0
2026-07-10 01:02:12.623 7 INFO placement.requestlog [None req-ae3e8e00-7600-42e2-bf29-c38180bfb250 - - - - - -] 10.0.0.217 "GET /" status: 200 len: 136 microversion: 1.0
2026-07-10 01:02:12.626 8 INFO placement.requestlog [None req-3ef4189b-7d86-42e0-bcac-508f902d61f4 - - - - - -] 10.0.0.217 "GET /" status: 200 len: 136 microversion: 1.0
2026-07-10 01:02:15.619 7 INFO placement.requestlog [req-b523909d-97aa-42c8-8fbd-efa9da9055a9 req-4bbf5c1c-e90d-4ec4-8947-880af1dc52de 174caf584d2f4555a5c272e1e738900f 599540fc5f9c4521826af094c6c29f85 - - 92298fd1fd804de7af10927caf24014c 92298fd1fd804de7af10927caf24014c] 199.19.213.156 "GET /resource_providers/dc384240-fbda-4909-8ad3-4ef3a72d7fa3/allocations" status: 200 len: 54 microversion: 1.0 [pid: 7|app: 0|req: 296/592] 199.19.213.156 () {32 vars in 857 bytes} [Fri Jul 10 01:02:15 2026] GET /resource_providers/dc384240-fbda-4909-8ad3-4ef3a72d7fa3/allocations => generated 54 bytes in 173 msecs (HTTP/1.1 200) 6 headers in 223 bytes (1 switches on core 0)
2026-07-10 01:02:15.649 8 INFO placement.requestlog [req-b523909d-97aa-42c8-8fbd-efa9da9055a9 req-e52d5099-7c19-4cab-af0a-3b4f5dc018fd 174caf584d2f4555a5c272e1e738900f 599540fc5f9c4521826af094c6c29f85 - - 92298fd1fd804de7af10927caf24014c 92298fd1fd804de7af10927caf24014c] 199.19.213.156 "GET /resource_providers?in_tree=dc384240-fbda-4909-8ad3-4ef3a72d7fa3" status: 200 len: 797 microversion: 1.14 [pid: 8|app: 0|req: 297/593] 199.19.213.156 () {34 vars in 892 bytes} [Fri Jul 10 01:02:15 2026] GET /resource_providers?in_tree=dc384240-fbda-4909-8ad3-4ef3a72d7fa3 => generated 797 bytes in 21 msecs (HTTP/1.1 200) 6 headers in 225 bytes (1 switches on core 0)
2026-07-10 01:02:15.672 7 INFO placement.requestlog [req-b523909d-97aa-42c8-8fbd-efa9da9055a9 req-980ef0a4-13b9-4407-9169-1d10dccdebea 174caf584d2f4555a5c272e1e738900f 599540fc5f9c4521826af094c6c29f85 - - 92298fd1fd804de7af10927caf24014c 92298fd1fd804de7af10927caf24014c] 199.19.213.156 "GET /resource_providers/dc384240-fbda-4909-8ad3-4ef3a72d7fa3/inventories" status: 200 len: 400 microversion: 1.0 [pid: 7|app: 0|req: 297/594] 199.19.213.156 () {32 vars in 857 bytes} [Fri Jul 10 01:02:15 2026] GET /resource_providers/dc384240-fbda-4909-8ad3-4ef3a72d7fa3/inventories => generated 400 bytes in 15 msecs (HTTP/1.1 200) 6 headers in 224 bytes (1 switches on core 0)
2026-07-10 01:02:15.714 8 INFO placement.requestlog [req-b523909d-97aa-42c8-8fbd-efa9da9055a9 req-184cf826-2131-4de0-877c-589099ff99a7 174caf584d2f4555a5c272e1e738900f 599540fc5f9c4521826af094c6c29f85 - - 92298fd1fd804de7af10927caf24014c 92298fd1fd804de7af10927caf24014c] 199.19.213.156 "GET /resource_providers/dc384240-fbda-4909-8ad3-4ef3a72d7fa3/aggregates" status: 200 len: 53 microversion: 1.19 [pid: 8|app: 0|req: 298/595] 199.19.213.156 () {34 vars in 899 bytes} [Fri Jul 10 01:02:15 2026] GET /resource_providers/dc384240-fbda-4909-8ad3-4ef3a72d7fa3/aggregates => generated 53 bytes in 37 msecs (HTTP/1.1 200) 8 headers in 295 bytes (1 switches on core 0)
2026-07-10 01:02:15.740 7 INFO placement.requestlog [req-b523909d-97aa-42c8-8fbd-efa9da9055a9 req-37e19496-68f8-48ff-a453-6292e8cd50e3 174caf584d2f4555a5c272e1e738900f 599540fc5f9c4521826af094c6c29f85 - - 92298fd1fd804de7af10927caf24014c 92298fd1fd804de7af10927caf24014c] 199.19.213.156 "GET /resource_providers/dc384240-fbda-4909-8ad3-4ef3a72d7fa3/traits" status: 200 len: 1977 microversion: 1.6 [pid: 7|app: 0|req: 298/596] 199.19.213.156 () {34 vars in 890 bytes} [Fri Jul 10 01:02:15 2026] GET /resource_providers/dc384240-fbda-4909-8ad3-4ef3a72d7fa3/traits => generated 1977 bytes in 19 msecs (HTTP/1.1 200) 6 headers in 225 bytes (1 switches on core 0)
2026-07-10 01:02:15.761 8 INFO placement.requestlog [req-b523909d-97aa-42c8-8fbd-efa9da9055a9 req-120b5763-8c1b-4e71-9a1b-82614b7121a6 174caf584d2f4555a5c272e1e738900f 599540fc5f9c4521826af094c6c29f85 - - 92298fd1fd804de7af10927caf24014c 92298fd1fd804de7af10927caf24014c] 199.19.213.156 "GET /resource_providers/dc384240-fbda-4909-8ad3-4ef3a72d7fa3/allocations" status: 200 len: 54 microversion: 1.0 [pid: 8|app: 0|req: 299/597] 199.19.213.156 () {32 vars in 857 bytes} [Fri Jul 10 01:02:15 2026] GET /resource_providers/dc384240-fbda-4909-8ad3-4ef3a72d7fa3/allocations => generated 54 bytes in 11 msecs (HTTP/1.1 200) 6 headers in 223 bytes (1 switches on core 0)
2026-07-10 01:02:22.624 7 INFO placement.requestlog [None req-13dad6d9-ba65-4aaf-b12c-a3059dfecf90 - - - - - -] 10.0.0.217 "GET /" status: 200 len: 136 microversion: 1.0
2026-07-10 01:02:22.625 8 INFO placement.requestlog [None req-50de822e-35fb-41aa-94bd-f4ef0cf6fca6 - - - - - -] 10.0.0.217 "GET /" status: 200 len: 136 microversion: 1.0
2026-07-10 01:02:32.626 7 INFO placement.requestlog [None req-c9998c94-26d1-4b85-b242-7b9898ef2745 - - - - - -] 10.0.0.217 "GET /" status: 200 len: 136 microversion: 1.0
2026-07-10 01:02:32.626 8 INFO placement.requestlog [None req-07e256f8-100c-4520-b3b5-61dced4af166 - - - - - -] 10.0.0.217 "GET /" status: 200 len: 136 microversion: 1.0
2026-07-10 01:02:42.624 7 INFO placement.requestlog [None req-2fd69357-ec6c-411b-8200-11e5128f2a46 - - - - - -] 10.0.0.217 "GET /" status: 200 len: 136 microversion: 1.0
2026-07-10 01:02:42.624 8 INFO placement.requestlog [None req-e7a5952b-f84e-425f-88c4-947732a7fcd0 - - - - - -] 10.0.0.217 "GET /" status: 200 len: 136 microversion: 1.0
2026-07-10 01:02:51.768 7 INFO placement.requestlog [req-4fbca682-7c07-4f6a-b3fc-dd63ba136635 req-909b6263-e120-44df-a73e-7166bfc076e6 174caf584d2f4555a5c272e1e738900f 599540fc5f9c4521826af094c6c29f85 - - 92298fd1fd804de7af10927caf24014c 92298fd1fd804de7af10927caf24014c] 10.0.0.253 "GET /allocation_candidates?limit=1000&resources=DISK_GB%3A1%2CMEMORY_MB%3A512%2CVCPU%3A1&root_required=%21COMPUTE_STATUS_DISABLED" status: 200 len: 2442 microversion: 1.36 [pid: 7|app: 0|req: 302/604] 10.0.0.253 () {34 vars in 1012 bytes} [Fri Jul 10 01:02:51 2026] GET /allocation_candidates?limit=1000&resources=DISK_GB%3A1%2CMEMORY_MB%3A512%2CVCPU%3A1&root_required=%21COMPUTE_STATUS_DISABLED => generated 2442 bytes in 248 msecs (HTTP/1.1 200) 8 headers in 297 bytes (1 switches on core 0)
2026-07-10 01:02:51.827 8 INFO placement.requestlog [req-4fbca682-7c07-4f6a-b3fc-dd63ba136635 req-401a7c38-47e0-4df0-9ab1-0fba54fddb62 174caf584d2f4555a5c272e1e738900f 599540fc5f9c4521826af094c6c29f85 - - 92298fd1fd804de7af10927caf24014c 92298fd1fd804de7af10927caf24014c] 10.0.0.253 "GET /allocations/14c4ea46-0af6-4a43-981e-6f8f51ed4933" status: 200 len: 19 microversion: 1.28 [pid: 8|app: 0|req: 303/605] 10.0.0.253 () {34 vars in 861 bytes} [Fri Jul 10 01:02:51 2026] GET /allocations/14c4ea46-0af6-4a43-981e-6f8f51ed4933 => generated 19 bytes in 19 msecs (HTTP/1.1 200) 8 headers in 295 bytes (1 switches on core 0)
2026-07-10 01:02:51.930 7 INFO placement.requestlog [req-4fbca682-7c07-4f6a-b3fc-dd63ba136635 req-ec20b206-a1fa-472c-b189-2c9edd4f01c8 174caf584d2f4555a5c272e1e738900f 599540fc5f9c4521826af094c6c29f85 - - 92298fd1fd804de7af10927caf24014c 92298fd1fd804de7af10927caf24014c] 10.0.0.253 "PUT /allocations/14c4ea46-0af6-4a43-981e-6f8f51ed4933" status: 204 len: 0 microversion: 1.36 [pid: 7|app: 0|req: 303/606] 10.0.0.253 () {38 vars in 914 bytes} [Fri Jul 10 01:02:51 2026] PUT /allocations/14c4ea46-0af6-4a43-981e-6f8f51ed4933 => generated 0 bytes in 97 msecs (HTTP/1.1 204) 5 headers in 199 bytes (1 switches on core 0)
2026-07-10 01:02:52.625 7 INFO placement.requestlog [None req-432d62d6-1e7b-45d7-b3ea-ba4759a0b8ad - - - - - -] 10.0.0.217 "GET /" status: 200 len: 136 microversion: 1.0
2026-07-10 01:02:52.624 8 INFO placement.requestlog [None req-8fc3f79b-d78f-40ea-8cfc-7e5d40c01e9a - - - - - -] 10.0.0.217 "GET /" status: 200 len: 136 microversion: 1.0
2026-07-10 01:02:53.390 8 INFO placement.requestlog [req-4fbca682-7c07-4f6a-b3fc-dd63ba136635 req-82e1550a-971c-4f68-9169-2073a7324bb5 174caf584d2f4555a5c272e1e738900f 599540fc5f9c4521826af094c6c29f85 - - 92298fd1fd804de7af10927caf24014c 92298fd1fd804de7af10927caf24014c] 199.19.213.156 "GET /allocations/14c4ea46-0af6-4a43-981e-6f8f51ed4933" status: 200 len: 257 microversion: 1.28 [pid: 8|app: 0|req: 305/609] 199.19.213.156 () {34 vars in 863 bytes} [Fri Jul 10 01:02:53 2026] GET /allocations/14c4ea46-0af6-4a43-981e-6f8f51ed4933 => generated 257 bytes in 11 msecs (HTTP/1.1 200) 8 headers in 296 bytes (1 switches on core 0)
2026-07-10 01:02:54.441 7 INFO placement.requestlog [req-4fbca682-7c07-4f6a-b3fc-dd63ba136635 req-09491add-058f-4ada-9eb1-1fdc8aeac9e8 174caf584d2f4555a5c272e1e738900f 599540fc5f9c4521826af094c6c29f85 - - 92298fd1fd804de7af10927caf24014c 92298fd1fd804de7af10927caf24014c] 199.19.213.156 "GET /resource_providers/dc384240-fbda-4909-8ad3-4ef3a72d7fa3/allocations" status: 200 len: 152 microversion: 1.0 [pid: 7|app: 0|req: 305/610] 199.19.213.156 () {32 vars in 857 bytes} [Fri Jul 10 01:02:54 2026] GET /resource_providers/dc384240-fbda-4909-8ad3-4ef3a72d7fa3/allocations => generated 152 bytes in 30 msecs (HTTP/1.1 200) 6 headers in 224 bytes (1 switches on core 0)
2026-07-10 01:02:54.466 8 INFO placement.requestlog [req-4fbca682-7c07-4f6a-b3fc-dd63ba136635 req-a89bf796-8e86-49c8-9f4c-8fb7cc6aff2a 174caf584d2f4555a5c272e1e738900f 599540fc5f9c4521826af094c6c29f85 - - 92298fd1fd804de7af10927caf24014c 92298fd1fd804de7af10927caf24014c] 199.19.213.156 "GET /allocations/14c4ea46-0af6-4a43-981e-6f8f51ed4933" status: 200 len: 257 microversion: 1.28 [pid: 8|app: 0|req: 306/611] 199.19.213.156 () {34 vars in 863 bytes} [Fri Jul 10 01:02:54 2026] GET /allocations/14c4ea46-0af6-4a43-981e-6f8f51ed4933 => generated 257 bytes in 18 msecs (HTTP/1.1 200) 8 headers in 296 bytes (1 switches on core 0)
2026-07-10 01:02:54.964 7 INFO placement.requestlog [req-a5813479-1e1d-4401-a14a-affc1dacb9a5 req-479dc74c-0cbe-42d2-9cca-a12f55e6d572 174caf584d2f4555a5c272e1e738900f 599540fc5f9c4521826af094c6c29f85 - - 92298fd1fd804de7af10927caf24014c 92298fd1fd804de7af10927caf24014c] 10.0.0.253 "GET /allocation_candidates?limit=1000&resources=MEMORY_MB%3A512%2CVCPU%3A1&root_required=%21COMPUTE_STATUS_DISABLED" status: 200 len: 2430 microversion: 1.36 [pid: 7|app: 0|req: 306/612] 10.0.0.253 () {34 vars in 984 bytes} [Fri Jul 10 01:02:54 2026] GET /allocation_candidates?limit=1000&resources=MEMORY_MB%3A512%2CVCPU%3A1&root_required=%21COMPUTE_STATUS_DISABLED => generated 2430 bytes in 40 msecs (HTTP/1.1 200) 8 headers in 297 bytes (1 switches on core 0)
2026-07-10 01:02:54.998 8 INFO placement.requestlog [req-a5813479-1e1d-4401-a14a-affc1dacb9a5 req-49c31ca1-3d52-4678-977d-b2e5934f2903 174caf584d2f4555a5c272e1e738900f 599540fc5f9c4521826af094c6c29f85 - - 92298fd1fd804de7af10927caf24014c 92298fd1fd804de7af10927caf24014c] 10.0.0.253 "GET /allocations/9b5d1c4d-6bd5-4201-8a24-cd81e286ecd3" status: 200 len: 19 microversion: 1.28 [pid: 8|app: 0|req: 307/613] 10.0.0.253 () {34 vars in 861 bytes} [Fri Jul 10 01:02:54 2026] GET /allocations/9b5d1c4d-6bd5-4201-8a24-cd81e286ecd3 => generated 19 bytes in 12 msecs (HTTP/1.1 200) 8 headers in 295 bytes (1 switches on core 0)
2026-07-10 01:02:55.052 7 INFO placement.requestlog [req-a5813479-1e1d-4401-a14a-affc1dacb9a5 req-29f949c7-0b28-4db4-b53c-e99f45da3e16 174caf584d2f4555a5c272e1e738900f 599540fc5f9c4521826af094c6c29f85 - - 92298fd1fd804de7af10927caf24014c 92298fd1fd804de7af10927caf24014c] 10.0.0.253 "PUT /allocations/9b5d1c4d-6bd5-4201-8a24-cd81e286ecd3" status: 204 len: 0 microversion: 1.36 [pid: 7|app: 0|req: 307/614] 10.0.0.253 () {38 vars in 914 bytes} [Fri Jul 10 01:02:55 2026] PUT /allocations/9b5d1c4d-6bd5-4201-8a24-cd81e286ecd3 => generated 0 bytes in 48 msecs (HTTP/1.1 204) 5 headers in 199 bytes (1 switches on core 0)
2026-07-10 01:02:56.561 8 INFO placement.requestlog [req-a5813479-1e1d-4401-a14a-affc1dacb9a5 req-85950ed6-769b-4bf6-9a9e-6500cde74c04 174caf584d2f4555a5c272e1e738900f 599540fc5f9c4521826af094c6c29f85 - - 92298fd1fd804de7af10927caf24014c 92298fd1fd804de7af10927caf24014c] 199.19.213.156 "GET /allocations/9b5d1c4d-6bd5-4201-8a24-cd81e286ecd3" status: 200 len: 243 microversion: 1.28 [pid: 8|app: 0|req: 308/615] 199.19.213.156 () {34 vars in 863 bytes} [Fri Jul 10 01:02:56 2026] GET /allocations/9b5d1c4d-6bd5-4201-8a24-cd81e286ecd3 => generated 243 bytes in 14 msecs (HTTP/1.1 200) 8 headers in 296 bytes (1 switches on core 0)
2026-07-10 01:02:57.618 7 INFO placement.requestlog [req-a5813479-1e1d-4401-a14a-affc1dacb9a5 req-1fefae79-7198-4643-b074-007a10c1052a 174caf584d2f4555a5c272e1e738900f 599540fc5f9c4521826af094c6c29f85 - - 92298fd1fd804de7af10927caf24014c 92298fd1fd804de7af10927caf24014c] 199.19.213.156 "GET /resource_providers/dc384240-fbda-4909-8ad3-4ef3a72d7fa3/allocations" status: 200 len: 238 microversion: 1.0 [pid: 7|app: 0|req: 308/616] 199.19.213.156 () {32 vars in 857 bytes} [Fri Jul 10 01:02:57 2026] GET /resource_providers/dc384240-fbda-4909-8ad3-4ef3a72d7fa3/allocations => generated 238 bytes in 34 msecs (HTTP/1.1 200) 6 headers in 224 bytes (1 switches on core 0)
2026-07-10 01:02:57.637 8 INFO placement.requestlog [req-a5813479-1e1d-4401-a14a-affc1dacb9a5 req-6d1a9fc7-36ce-4758-af00-f23d0947fa6b 174caf584d2f4555a5c272e1e738900f 599540fc5f9c4521826af094c6c29f85 - - 92298fd1fd804de7af10927caf24014c 92298fd1fd804de7af10927caf24014c] 199.19.213.156 "GET /allocations/9b5d1c4d-6bd5-4201-8a24-cd81e286ecd3" status: 200 len: 243 microversion: 1.28 [pid: 8|app: 0|req: 309/617] 199.19.213.156 () {34 vars in 863 bytes} [Fri Jul 10 01:02:57 2026] GET /allocations/9b5d1c4d-6bd5-4201-8a24-cd81e286ecd3 => generated 243 bytes in 11 msecs (HTTP/1.1 200) 8 headers in 296 bytes (1 switches on core 0)
2026-07-10 01:02:57.656 7 INFO placement.requestlog [req-a5813479-1e1d-4401-a14a-affc1dacb9a5 req-f9397d95-4e70-4cdc-a9cd-da015ab7440d 174caf584d2f4555a5c272e1e738900f 599540fc5f9c4521826af094c6c29f85 - - 92298fd1fd804de7af10927caf24014c 92298fd1fd804de7af10927caf24014c] 199.19.213.156 "GET /allocations/14c4ea46-0af6-4a43-981e-6f8f51ed4933" status: 200 len: 257 microversion: 1.28 [pid: 7|app: 0|req: 309/618] 199.19.213.156 () {34 vars in 863 bytes} [Fri Jul 10 01:02:57 2026] GET /allocations/14c4ea46-0af6-4a43-981e-6f8f51ed4933 => generated 257 bytes in 16 msecs (HTTP/1.1 200) 8 headers in 296 bytes (1 switches on core 0)
2026-07-10 01:02:58.328 8 INFO placement.requestlog [None req-2e7a1e71-59bf-4633-ad1c-adc538557912 3e72b68ee16145f2a3f04518deb3093a 599540fc5f9c4521826af094c6c29f85 - - 92298fd1fd804de7af10927caf24014c 92298fd1fd804de7af10927caf24014c] 10.0.0.47 "GET /resource_providers/b1934532-392d-42a0-9291-cd969bd393de/aggregates" status: 404 len: 235 microversion: 1.1 [pid: 8|app: 0|req: 310/619] 10.0.0.47 () {32 vars in 815 bytes} [Fri Jul 10 01:02:58 2026] GET /resource_providers/b1934532-392d-42a0-9291-cd969bd393de/aggregates => generated 235 bytes in 166 msecs (HTTP/1.1 404) 5 headers in 202 bytes (1 switches on core 0)
2026-07-10 01:02:58.342 7 INFO placement.requestlog [None req-e84b5c64-97ef-4ee6-b6ca-49b6ee9d3b24 3e72b68ee16145f2a3f04518deb3093a 599540fc5f9c4521826af094c6c29f85 - - 92298fd1fd804de7af10927caf24014c 92298fd1fd804de7af10927caf24014c] 10.0.0.47 "GET /resource_providers/b1934532-392d-42a0-9291-cd969bd393de/aggregates" status: 404 len: 235 microversion: 1.1 [pid: 7|app: 0|req: 310/620] 10.0.0.47 () {32 vars in 815 bytes} [Fri Jul 10 01:02:58 2026] GET /resource_providers/b1934532-392d-42a0-9291-cd969bd393de/aggregates => generated 235 bytes in 179 msecs (HTTP/1.1 404) 5 headers in 202 bytes (1 switches on core 0)
2026-07-10 01:02:58.353 8 INFO placement.requestlog [None req-f8b251a1-4359-4c38-91ce-9c23610b47cd 3e72b68ee16145f2a3f04518deb3093a 599540fc5f9c4521826af094c6c29f85 - - 92298fd1fd804de7af10927caf24014c 92298fd1fd804de7af10927caf24014c] 10.0.0.47 "DELETE /resource_providers/b1934532-392d-42a0-9291-cd969bd393de" status: 404 len: 246 microversion: 1.1 [pid: 8|app: 0|req: 311/621] 10.0.0.47 () {34 vars in 815 bytes} [Fri Jul 10 01:02:58 2026] DELETE /resource_providers/b1934532-392d-42a0-9291-cd969bd393de => generated 246 bytes in 19 msecs (HTTP/1.1 404) 6 headers in 231 bytes (1 switches on core 0)
2026-07-10 01:02:58.372 7 INFO placement.requestlog [None req-6e3a98f3-f4d2-4cb9-b02f-4a61d4564f63 3e72b68ee16145f2a3f04518deb3093a 599540fc5f9c4521826af094c6c29f85 - - 92298fd1fd804de7af10927caf24014c 92298fd1fd804de7af10927caf24014c] 10.0.0.47 "DELETE /resource_providers/b1934532-392d-42a0-9291-cd969bd393de" status: 404 len: 246 microversion: 1.1 [pid: 7|app: 0|req: 311/622] 10.0.0.47 () {34 vars in 815 bytes} [Fri Jul 10 01:02:58 2026] DELETE /resource_providers/b1934532-392d-42a0-9291-cd969bd393de => generated 246 bytes in 22 msecs (HTTP/1.1 404) 6 headers in 231 bytes (1 switches on core 0)
2026-07-10 01:02:59.429 8 INFO placement.requestlog [None req-b738a224-60ed-4b57-8d17-3406cfa6c8c3 3e72b68ee16145f2a3f04518deb3093a 599540fc5f9c4521826af094c6c29f85 - - 92298fd1fd804de7af10927caf24014c 92298fd1fd804de7af10927caf24014c] 10.0.0.47 "GET /resource_providers/dac7cf70-9851-4ad2-bb02-cdfb60d73dfa/aggregates" status: 404 len: 235 microversion: 1.1 [pid: 8|app: 0|req: 312/623] 10.0.0.47 () {32 vars in 815 bytes} [Fri Jul 10 01:02:59 2026] GET /resource_providers/dac7cf70-9851-4ad2-bb02-cdfb60d73dfa/aggregates => generated 235 bytes in 121 msecs (HTTP/1.1 404) 5 headers in 202 bytes (1 switches on core 0)
2026-07-10 01:02:59.450 8 INFO placement.requestlog [None req-f0f30a03-748c-4954-a318-4787cfcb430c 3e72b68ee16145f2a3f04518deb3093a 599540fc5f9c4521826af094c6c29f85 - - 92298fd1fd804de7af10927caf24014c 92298fd1fd804de7af10927caf24014c] 10.0.0.47 "DELETE /resource_providers/dac7cf70-9851-4ad2-bb02-cdfb60d73dfa" status: 404 len: 246 microversion: 1.1 [pid: 8|app: 0|req: 313/624] 10.0.0.47 () {34 vars in 815 bytes} [Fri Jul 10 01:02:59 2026] DELETE /resource_providers/dac7cf70-9851-4ad2-bb02-cdfb60d73dfa => generated 246 bytes in 11 msecs (HTTP/1.1 404) 6 headers in 231 bytes (1 switches on core 0)
2026-07-10 01:02:59.620 7 INFO placement.requestlog [None req-701d02d1-8513-4852-940a-bef83a9a925d 3e72b68ee16145f2a3f04518deb3093a 599540fc5f9c4521826af094c6c29f85 - - 92298fd1fd804de7af10927caf24014c 92298fd1fd804de7af10927caf24014c] 10.0.0.47 "GET /resource_providers/dac7cf70-9851-4ad2-bb02-cdfb60d73dfa/aggregates" status: 404 len: 235 microversion: 1.1 [pid: 7|app: 0|req: 312/625] 10.0.0.47 () {32 vars in 815 bytes} [Fri Jul 10 01:02:59 2026] GET /resource_providers/dac7cf70-9851-4ad2-bb02-cdfb60d73dfa/aggregates => generated 235 bytes in 307 msecs (HTTP/1.1 404) 5 headers in 202 bytes (1 switches on core 0)
2026-07-10 01:02:59.638 8 INFO placement.requestlog [None req-73a387a4-75aa-4c9d-88fd-d4cc55dbabaa 3e72b68ee16145f2a3f04518deb3093a 599540fc5f9c4521826af094c6c29f85 - - 92298fd1fd804de7af10927caf24014c 92298fd1fd804de7af10927caf24014c] 10.0.0.47 "DELETE /resource_providers/dac7cf70-9851-4ad2-bb02-cdfb60d73dfa" status: 404 len: 246 microversion: 1.1 [pid: 8|app: 0|req: 314/626] 10.0.0.47 () {34 vars in 815 bytes} [Fri Jul 10 01:02:59 2026] DELETE /resource_providers/dac7cf70-9851-4ad2-bb02-cdfb60d73dfa => generated 246 bytes in 10 msecs (HTTP/1.1 404) 6 headers in 231 bytes (1 switches on core 0)
2026-07-10 01:03:00.385 7 INFO placement.requestlog [None req-fcc053d4-75d1-4ff8-920a-c356918fffe6 3e72b68ee16145f2a3f04518deb3093a 599540fc5f9c4521826af094c6c29f85 - - 92298fd1fd804de7af10927caf24014c 92298fd1fd804de7af10927caf24014c] 10.0.0.47 "GET /resource_providers/c0035d5d-db72-4c40-a9b3-aa8c6a23852a/aggregates" status: 404 len: 235 microversion: 1.1 [pid: 7|app: 0|req: 313/627] 10.0.0.47 () {32 vars in 815 bytes} [Fri Jul 10 01:03:00 2026] GET /resource_providers/c0035d5d-db72-4c40-a9b3-aa8c6a23852a/aggregates => generated 235 bytes in 24 msecs (HTTP/1.1 404) 5 headers in 202 bytes (1 switches on core 0)
2026-07-10 01:03:00.403 8 INFO placement.requestlog [None req-6cdfda65-3b18-4d5e-aabe-e58c557c1ffb 3e72b68ee16145f2a3f04518deb3093a 599540fc5f9c4521826af094c6c29f85 - - 92298fd1fd804de7af10927caf24014c 92298fd1fd804de7af10927caf24014c] 10.0.0.47 "GET /resource_providers/c0035d5d-db72-4c40-a9b3-aa8c6a23852a/aggregates" status: 404 len: 235 microversion: 1.1 [pid: 8|app: 0|req: 315/628] 10.0.0.47 () {32 vars in 815 bytes} [Fri Jul 10 01:03:00 2026] GET /resource_providers/c0035d5d-db72-4c40-a9b3-aa8c6a23852a/aggregates => generated 235 bytes in 20 msecs (HTTP/1.1 404) 5 headers in 202 bytes (1 switches on core 0)
2026-07-10 01:03:00.405 7 INFO placement.requestlog [None req-30b6eb8d-3fc9-4578-b718-a5f8884ab8e6 3e72b68ee16145f2a3f04518deb3093a 599540fc5f9c4521826af094c6c29f85 - - 92298fd1fd804de7af10927caf24014c 92298fd1fd804de7af10927caf24014c] 10.0.0.47 "DELETE /resource_providers/c0035d5d-db72-4c40-a9b3-aa8c6a23852a" status: 404 len: 246 microversion: 1.1 [pid: 7|app: 0|req: 314/629] 10.0.0.47 () {34 vars in 815 bytes} [Fri Jul 10 01:03:00 2026] DELETE /resource_providers/c0035d5d-db72-4c40-a9b3-aa8c6a23852a => generated 246 bytes in 8 msecs (HTTP/1.1 404) 6 headers in 231 bytes (1 switches on core 0)
2026-07-10 01:03:00.419 8 INFO placement.requestlog [None req-931002d2-5ae9-4a95-8d22-06255dac4f31 3e72b68ee16145f2a3f04518deb3093a 599540fc5f9c4521826af094c6c29f85 - - 92298fd1fd804de7af10927caf24014c 92298fd1fd804de7af10927caf24014c] 10.0.0.47 "DELETE /resource_providers/c0035d5d-db72-4c40-a9b3-aa8c6a23852a" status: 404 len: 246 microversion: 1.1 [pid: 8|app: 0|req: 316/630] 10.0.0.47 () {34 vars in 815 bytes} [Fri Jul 10 01:03:00 2026] DELETE /resource_providers/c0035d5d-db72-4c40-a9b3-aa8c6a23852a => generated 246 bytes in 7 msecs (HTTP/1.1 404) 6 headers in 231 bytes (1 switches on core 0)
2026-07-10 01:03:01.469 7 INFO placement.requestlog [None req-715ea1da-b024-4181-95bf-9d0017418d11 3e72b68ee16145f2a3f04518deb3093a 599540fc5f9c4521826af094c6c29f85 - - 92298fd1fd804de7af10927caf24014c 92298fd1fd804de7af10927caf24014c] 10.0.0.47 "GET /resource_providers/86df2002-bf6b-4be0-9d13-b8b67a619ecc/aggregates" status: 404 len: 235 microversion: 1.1 [pid: 7|app: 0|req: 315/631] 10.0.0.47 () {32 vars in 815 bytes} [Fri Jul 10 01:03:01 2026] GET /resource_providers/86df2002-bf6b-4be0-9d13-b8b67a619ecc/aggregates => generated 235 bytes in 11 msecs (HTTP/1.1 404) 5 headers in 202 bytes (1 switches on core 0)
2026-07-10 01:03:01.483 8 INFO placement.requestlog [None req-5746928a-2408-4d15-b9c5-86e564f712a0 3e72b68ee16145f2a3f04518deb3093a 599540fc5f9c4521826af094c6c29f85 - - 92298fd1fd804de7af10927caf24014c 92298fd1fd804de7af10927caf24014c] 10.0.0.47 "DELETE /resource_providers/86df2002-bf6b-4be0-9d13-b8b67a619ecc" status: 404 len: 246 microversion: 1.1 [pid: 8|app: 0|req: 317/632] 10.0.0.47 () {34 vars in 815 bytes} [Fri Jul 10 01:03:01 2026] DELETE /resource_providers/86df2002-bf6b-4be0-9d13-b8b67a619ecc => generated 246 bytes in 9 msecs (HTTP/1.1 404) 6 headers in 231 bytes (1 switches on core 0)
2026-07-10 01:03:01.667 7 INFO placement.requestlog [None req-2afbd9ba-0ee3-4394-9b8c-fb51e9eb6fed 3e72b68ee16145f2a3f04518deb3093a 599540fc5f9c4521826af094c6c29f85 - - 92298fd1fd804de7af10927caf24014c 92298fd1fd804de7af10927caf24014c] 10.0.0.47 "GET /resource_providers/86df2002-bf6b-4be0-9d13-b8b67a619ecc/aggregates" status: 404 len: 235 microversion: 1.1 [pid: 7|app: 0|req: 316/633] 10.0.0.47 () {32 vars in 815 bytes} [Fri Jul 10 01:03:01 2026] GET /resource_providers/86df2002-bf6b-4be0-9d13-b8b67a619ecc/aggregates => generated 235 bytes in 16 msecs (HTTP/1.1 404) 5 headers in 202 bytes (1 switches on core 0)
2026-07-10 01:03:01.691 8 INFO placement.requestlog [None req-68b14077-a5c6-498a-b9bf-e1914139da65 3e72b68ee16145f2a3f04518deb3093a 599540fc5f9c4521826af094c6c29f85 - - 92298fd1fd804de7af10927caf24014c 92298fd1fd804de7af10927caf24014c] 10.0.0.47 "DELETE /resource_providers/86df2002-bf6b-4be0-9d13-b8b67a619ecc" status: 404 len: 246 microversion: 1.1 [pid: 8|app: 0|req: 318/634] 10.0.0.47 () {34 vars in 815 bytes} [Fri Jul 10 01:03:01 2026] DELETE /resource_providers/86df2002-bf6b-4be0-9d13-b8b67a619ecc => generated 246 bytes in 13 msecs (HTTP/1.1 404) 6 headers in 231 bytes (1 switches on core 0)
2026-07-10 01:03:02.625 7 INFO placement.requestlog [None req-510ea60c-3bde-473b-a603-b08b6a501f40 - - - - - -] 10.0.0.217 "GET /" status: 200 len: 136 microversion: 1.0
2026-07-10 01:03:02.625 8 INFO placement.requestlog [None req-25aa4348-0550-47c0-9d34-a91b6c537286 - - - - - -] 10.0.0.217 "GET /" status: 200 len: 136 microversion: 1.0
2026-07-10 01:03:04.577 8 INFO placement.requestlog [None req-d7c95f7c-3295-405a-8ea6-c17e18c3e01b 3e72b68ee16145f2a3f04518deb3093a 599540fc5f9c4521826af094c6c29f85 - - 92298fd1fd804de7af10927caf24014c 92298fd1fd804de7af10927caf24014c] 10.0.0.47 "GET /resource_providers/a88bb261-f18e-49c1-9ea1-83afb3a07c73/aggregates" status: 404 len: 235 microversion: 1.1 [pid: 8|app: 0|req: 320/637] 10.0.0.47 () {32 vars in 815 bytes} [Fri Jul 10 01:03:04 2026] GET /resource_providers/a88bb261-f18e-49c1-9ea1-83afb3a07c73/aggregates => generated 235 bytes in 11 msecs (HTTP/1.1 404) 5 headers in 202 bytes (1 switches on core 0)
2026-07-10 01:03:04.579 7 INFO placement.requestlog [None req-2d13a6ec-0669-4729-9e06-5b3287efd0da 3e72b68ee16145f2a3f04518deb3093a 599540fc5f9c4521826af094c6c29f85 - - 92298fd1fd804de7af10927caf24014c 92298fd1fd804de7af10927caf24014c] 10.0.0.47 "GET /resource_providers/a88bb261-f18e-49c1-9ea1-83afb3a07c73/aggregates" status: 404 len: 235 microversion: 1.1 [pid: 7|app: 0|req: 318/638] 10.0.0.47 () {32 vars in 815 bytes} [Fri Jul 10 01:03:04 2026] GET /resource_providers/a88bb261-f18e-49c1-9ea1-83afb3a07c73/aggregates => generated 235 bytes in 10 msecs (HTTP/1.1 404) 5 headers in 202 bytes (1 switches on core 0)
2026-07-10 01:03:04.599 8 INFO placement.requestlog [None req-9cb759d4-3fb9-4d91-a965-c01efb606723 3e72b68ee16145f2a3f04518deb3093a 599540fc5f9c4521826af094c6c29f85 - - 92298fd1fd804de7af10927caf24014c 92298fd1fd804de7af10927caf24014c] 10.0.0.47 "DELETE /resource_providers/a88bb261-f18e-49c1-9ea1-83afb3a07c73" status: 404 len: 246 microversion: 1.1 [pid: 8|app: 0|req: 321/639] 10.0.0.47 () {34 vars in 815 bytes} [Fri Jul 10 01:03:04 2026] DELETE /resource_providers/a88bb261-f18e-49c1-9ea1-83afb3a07c73 => generated 246 bytes in 12 msecs (HTTP/1.1 404) 6 headers in 231 bytes (1 switches on core 0)
2026-07-10 01:03:04.607 7 INFO placement.requestlog [None req-e3f4e96f-51f6-49fa-abc4-4332cfe83b56 3e72b68ee16145f2a3f04518deb3093a 599540fc5f9c4521826af094c6c29f85 - - 92298fd1fd804de7af10927caf24014c 92298fd1fd804de7af10927caf24014c] 10.0.0.47 "DELETE /resource_providers/a88bb261-f18e-49c1-9ea1-83afb3a07c73" status: 404 len: 246 microversion: 1.1 [pid: 7|app: 0|req: 319/640] 10.0.0.47 () {34 vars in 815 bytes} [Fri Jul 10 01:03:04 2026] DELETE /resource_providers/a88bb261-f18e-49c1-9ea1-83afb3a07c73 => generated 246 bytes in 9 msecs (HTTP/1.1 404) 6 headers in 231 bytes (1 switches on core 0)
2026-07-10 01:03:06.011 7 INFO placement.requestlog [None req-55fc9af8-5488-4bd2-9484-e0c5b26a043a 3e72b68ee16145f2a3f04518deb3093a 599540fc5f9c4521826af094c6c29f85 - - 92298fd1fd804de7af10927caf24014c 92298fd1fd804de7af10927caf24014c] 10.0.0.47 "GET /resource_providers/ca477b7f-915c-4689-bf65-7ad0692d75d7/aggregates" status: 404 len: 235 microversion: 1.1 [pid: 7|app: 0|req: 320/641] 10.0.0.47 () {32 vars in 815 bytes} [Fri Jul 10 01:03:06 2026] GET /resource_providers/ca477b7f-915c-4689-bf65-7ad0692d75d7/aggregates => generated 235 bytes in 8 msecs (HTTP/1.1 404) 5 headers in 202 bytes (1 switches on core 0)
2026-07-10 01:03:06.013 8 INFO placement.requestlog [None req-272e691d-df09-409f-9646-098d832b0db5 3e72b68ee16145f2a3f04518deb3093a 599540fc5f9c4521826af094c6c29f85 - - 92298fd1fd804de7af10927caf24014c 92298fd1fd804de7af10927caf24014c] 10.0.0.47 "GET /resource_providers/ca477b7f-915c-4689-bf65-7ad0692d75d7/aggregates" status: 404 len: 235 microversion: 1.1 [pid: 8|app: 0|req: 322/642] 10.0.0.47 () {32 vars in 815 bytes} [Fri Jul 10 01:03:06 2026] GET /resource_providers/ca477b7f-915c-4689-bf65-7ad0692d75d7/aggregates => generated 235 bytes in 10 msecs (HTTP/1.1 404) 5 headers in 202 bytes (1 switches on core 0)
2026-07-10 01:03:06.042 8 INFO placement.requestlog [None req-f9b20a90-30ff-461d-8c89-192a38765619 3e72b68ee16145f2a3f04518deb3093a 599540fc5f9c4521826af094c6c29f85 - - 92298fd1fd804de7af10927caf24014c 92298fd1fd804de7af10927caf24014c] 10.0.0.47 "DELETE /resource_providers/ca477b7f-915c-4689-bf65-7ad0692d75d7" status: 404 len: 246 microversion: 1.1 [pid: 8|app: 0|req: 323/643] 10.0.0.47 () {34 vars in 815 bytes} [Fri Jul 10 01:03:06 2026] DELETE /resource_providers/ca477b7f-915c-4689-bf65-7ad0692d75d7 => generated 246 bytes in 8 msecs (HTTP/1.1 404) 6 headers in 231 bytes (1 switches on core 0)
2026-07-10 01:03:06.044 7 INFO placement.requestlog [None req-53134515-0fb8-45eb-a152-f0069769cc52 3e72b68ee16145f2a3f04518deb3093a 599540fc5f9c4521826af094c6c29f85 - - 92298fd1fd804de7af10927caf24014c 92298fd1fd804de7af10927caf24014c] 10.0.0.47 "DELETE /resource_providers/ca477b7f-915c-4689-bf65-7ad0692d75d7" status: 404 len: 246 microversion: 1.1 [pid: 7|app: 0|req: 321/644] 10.0.0.47 () {34 vars in 815 bytes} [Fri Jul 10 01:03:06 2026] DELETE /resource_providers/ca477b7f-915c-4689-bf65-7ad0692d75d7 => generated 246 bytes in 17 msecs (HTTP/1.1 404) 6 headers in 231 bytes (1 switches on core 0)
2026-07-10 01:03:07.270 7 INFO placement.requestlog [None req-eb8d2c2e-007d-4e11-a44d-a1273989bd34 3e72b68ee16145f2a3f04518deb3093a 599540fc5f9c4521826af094c6c29f85 - - 92298fd1fd804de7af10927caf24014c 92298fd1fd804de7af10927caf24014c] 10.0.0.47 "GET /resource_providers/47ece184-0a65-4f49-86f0-a013f9544525/aggregates" status: 404 len: 235 microversion: 1.1 [pid: 7|app: 0|req: 322/645] 10.0.0.47 () {32 vars in 815 bytes} [Fri Jul 10 01:03:07 2026] GET /resource_providers/47ece184-0a65-4f49-86f0-a013f9544525/aggregates => generated 235 bytes in 13 msecs (HTTP/1.1 404) 5 headers in 202 bytes (1 switches on core 0)
2026-07-10 01:03:07.280 8 INFO placement.requestlog [None req-2d6ab09e-b12b-4b8f-91cb-712e2f83e91a 3e72b68ee16145f2a3f04518deb3093a 599540fc5f9c4521826af094c6c29f85 - - 92298fd1fd804de7af10927caf24014c 92298fd1fd804de7af10927caf24014c] 10.0.0.47 "GET /resource_providers/47ece184-0a65-4f49-86f0-a013f9544525/aggregates" status: 404 len: 235 microversion: 1.1 [pid: 8|app: 0|req: 324/646] 10.0.0.47 () {32 vars in 815 bytes} [Fri Jul 10 01:03:07 2026] GET /resource_providers/47ece184-0a65-4f49-86f0-a013f9544525/aggregates => generated 235 bytes in 24 msecs (HTTP/1.1 404) 5 headers in 202 bytes (1 switches on core 0)
2026-07-10 01:03:07.291 7 INFO placement.requestlog [None req-4bc77b1e-34c7-47ac-b7ac-9dd0e83be0a1 3e72b68ee16145f2a3f04518deb3093a 599540fc5f9c4521826af094c6c29f85 - - 92298fd1fd804de7af10927caf24014c 92298fd1fd804de7af10927caf24014c] 10.0.0.47 "DELETE /resource_providers/47ece184-0a65-4f49-86f0-a013f9544525" status: 404 len: 246 microversion: 1.1 [pid: 7|app: 0|req: 323/647] 10.0.0.47 () {34 vars in 815 bytes} [Fri Jul 10 01:03:07 2026] DELETE /resource_providers/47ece184-0a65-4f49-86f0-a013f9544525 => generated 246 bytes in 13 msecs (HTTP/1.1 404) 6 headers in 231 bytes (1 switches on core 0)
2026-07-10 01:03:07.296 8 INFO placement.requestlog [None req-4dd2ed38-f87d-45e2-8442-b7744ca6aa9c 3e72b68ee16145f2a3f04518deb3093a 599540fc5f9c4521826af094c6c29f85 - - 92298fd1fd804de7af10927caf24014c 92298fd1fd804de7af10927caf24014c] 10.0.0.47 "DELETE /resource_providers/47ece184-0a65-4f49-86f0-a013f9544525" status: 404 len: 246 microversion: 1.1 [pid: 8|app: 0|req: 325/648] 10.0.0.47 () {34 vars in 815 bytes} [Fri Jul 10 01:03:07 2026] DELETE /resource_providers/47ece184-0a65-4f49-86f0-a013f9544525 => generated 246 bytes in 11 msecs (HTTP/1.1 404) 6 headers in 231 bytes (1 switches on core 0)
2026-07-10 01:03:09.316 8 INFO placement.requestlog [None req-c0889ec3-30e5-47d3-84f4-981d35afe14a 3e72b68ee16145f2a3f04518deb3093a 599540fc5f9c4521826af094c6c29f85 - - 92298fd1fd804de7af10927caf24014c 92298fd1fd804de7af10927caf24014c] 10.0.0.47 "GET /resource_providers/e7dff010-0d73-4060-8ffe-54ef06879ec3/aggregates" status: 404 len: 235 microversion: 1.1 [pid: 8|app: 0|req: 326/649] 10.0.0.47 () {32 vars in 815 bytes} [Fri Jul 10 01:03:09 2026] GET /resource_providers/e7dff010-0d73-4060-8ffe-54ef06879ec3/aggregates => generated 235 bytes in 9 msecs (HTTP/1.1 404) 5 headers in 202 bytes (1 switches on core 0)
2026-07-10 01:03:09.316 7 INFO placement.requestlog [None req-0c4814f6-4ede-4fad-b5e9-cf740ebeaf02 3e72b68ee16145f2a3f04518deb3093a 599540fc5f9c4521826af094c6c29f85 - - 92298fd1fd804de7af10927caf24014c 92298fd1fd804de7af10927caf24014c] 10.0.0.47 "GET /resource_providers/e7dff010-0d73-4060-8ffe-54ef06879ec3/aggregates" status: 404 len: 235 microversion: 1.1 [pid: 7|app: 0|req: 324/650] 10.0.0.47 () {32 vars in 815 bytes} [Fri Jul 10 01:03:09 2026] GET /resource_providers/e7dff010-0d73-4060-8ffe-54ef06879ec3/aggregates => generated 235 bytes in 11 msecs (HTTP/1.1 404) 5 headers in 202 bytes (1 switches on core 0)
2026-07-10 01:03:09.335 8 INFO placement.requestlog [None req-8b1cbbf6-caa2-4beb-9e77-cc4ad6887f8e 3e72b68ee16145f2a3f04518deb3093a 599540fc5f9c4521826af094c6c29f85 - - 92298fd1fd804de7af10927caf24014c 92298fd1fd804de7af10927caf24014c] 10.0.0.47 "DELETE /resource_providers/e7dff010-0d73-4060-8ffe-54ef06879ec3" status: 404 len: 246 microversion: 1.1
2026-07-10 01:03:09.336 7 INFO placement.requestlog [None req-47f89220-5804-46f5-b200-8ff84ab0ae4e 3e72b68ee16145f2a3f04518deb3093a 599540fc5f9c4521826af094c6c29f85 - - 92298fd1fd804de7af10927caf24014c 92298fd1fd804de7af10927caf24014c] 10.0.0.47 "DELETE /resource_providers/e7dff010-0d73-4060-8ffe-54ef06879ec3" status: 404 len: 246 microversion: 1.1 [pid: 8|app: 0|req: 327/651] 10.0.0.47 () {34 vars in 815 bytes} [Fri Jul 10 01:03:09 2026] DELETE /resource_providers/e7dff010-0d73-4060-8ffe-54ef06879ec3 => generated 246 bytes in 10 msecs (HTTP/1.1 404) 6 headers in 231 bytes (1 switches on core 0) [pid: 7|app: 0|req: 325/652] 10.0.0.47 () {34 vars in 815 bytes} [Fri Jul 10 01:03:09 2026] DELETE /resource_providers/e7dff010-0d73-4060-8ffe-54ef06879ec3 => generated 246 bytes in 10 msecs (HTTP/1.1 404) 6 headers in 231 bytes (1 switches on core 0)
2026-07-10 01:03:11.354 8 INFO placement.requestlog [None req-05725c88-b9fe-4fc5-9c93-d8baa0ac2f9e 3e72b68ee16145f2a3f04518deb3093a 599540fc5f9c4521826af094c6c29f85 - - 92298fd1fd804de7af10927caf24014c 92298fd1fd804de7af10927caf24014c] 10.0.0.47 "GET /resource_providers/ef1c12b0-b583-4fad-bb85-56a7893a6225/aggregates" status: 404 len: 235 microversion: 1.1 [pid: 8|app: 0|req: 328/653] 10.0.0.47 () {32 vars in 815 bytes} [Fri Jul 10 01:03:11 2026] GET /resource_providers/ef1c12b0-b583-4fad-bb85-56a7893a6225/aggregates => generated 235 bytes in 10 msecs (HTTP/1.1 404) 5 headers in 202 bytes (1 switches on core 0)
2026-07-10 01:03:11.355 7 INFO placement.requestlog [None req-5c3d6e47-759d-4541-a3c0-4abe05d658ec 3e72b68ee16145f2a3f04518deb3093a 599540fc5f9c4521826af094c6c29f85 - - 92298fd1fd804de7af10927caf24014c 92298fd1fd804de7af10927caf24014c] 10.0.0.47 "GET /resource_providers/ef1c12b0-b583-4fad-bb85-56a7893a6225/aggregates" status: 404 len: 235 microversion: 1.1 [pid: 7|app: 0|req: 326/654] 10.0.0.47 () {32 vars in 815 bytes} [Fri Jul 10 01:03:11 2026] GET /resource_providers/ef1c12b0-b583-4fad-bb85-56a7893a6225/aggregates => generated 235 bytes in 10 msecs (HTTP/1.1 404) 5 headers in 202 bytes (1 switches on core 0)
2026-07-10 01:03:11.368 8 INFO placement.requestlog [None req-c5a3cf7b-70bd-4175-a2e0-37a598e132a1 3e72b68ee16145f2a3f04518deb3093a 599540fc5f9c4521826af094c6c29f85 - - 92298fd1fd804de7af10927caf24014c 92298fd1fd804de7af10927caf24014c] 10.0.0.47 "DELETE /resource_providers/ef1c12b0-b583-4fad-bb85-56a7893a6225" status: 404 len: 246 microversion: 1.1 [pid: 8|app: 0|req: 329/655] 10.0.0.47 () {34 vars in 815 bytes} [Fri Jul 10 01:03:11 2026] DELETE /resource_providers/ef1c12b0-b583-4fad-bb85-56a7893a6225 => generated 246 bytes in 7 msecs (HTTP/1.1 404) 6 headers in 231 bytes (1 switches on core 0)
2026-07-10 01:03:11.374 7 INFO placement.requestlog [None req-1d8736f5-8c7a-4484-85f9-e33298467bfa 3e72b68ee16145f2a3f04518deb3093a 599540fc5f9c4521826af094c6c29f85 - - 92298fd1fd804de7af10927caf24014c 92298fd1fd804de7af10927caf24014c] 10.0.0.47 "DELETE /resource_providers/ef1c12b0-b583-4fad-bb85-56a7893a6225" status: 404 len: 246 microversion: 1.1 [pid: 7|app: 0|req: 327/656] 10.0.0.47 () {34 vars in 815 bytes} [Fri Jul 10 01:03:11 2026] DELETE /resource_providers/ef1c12b0-b583-4fad-bb85-56a7893a6225 => generated 246 bytes in 9 msecs (HTTP/1.1 404) 6 headers in 231 bytes (1 switches on core 0)
2026-07-10 01:03:12.624 7 INFO placement.requestlog [None req-0e83b37c-a47f-4fb6-bfca-35ea49bfd979 - - - - - -] 10.0.0.217 "GET /" status: 200 len: 136 microversion: 1.0
2026-07-10 01:03:12.626 8 INFO placement.requestlog [None req-cbe911c9-3e96-4121-bbac-67a24ef7d22a - - - - - -] 10.0.0.217 "GET /" status: 200 len: 136 microversion: 1.0
2026-07-10 01:03:13.392 7 INFO placement.requestlog [None req-c3e944c0-6491-435c-aff1-d1511f662b0b 3e72b68ee16145f2a3f04518deb3093a 599540fc5f9c4521826af094c6c29f85 - - 92298fd1fd804de7af10927caf24014c 92298fd1fd804de7af10927caf24014c] 10.0.0.47 "GET /resource_providers/7ab0633c-32cf-45b7-a6dc-5c640e367124/aggregates" status: 404 len: 235 microversion: 1.1 [pid: 7|app: 0|req: 329/659] 10.0.0.47 () {32 vars in 815 bytes} [Fri Jul 10 01:03:13 2026] GET /resource_providers/7ab0633c-32cf-45b7-a6dc-5c640e367124/aggregates => generated 235 bytes in 12 msecs (HTTP/1.1 404) 5 headers in 202 bytes (1 switches on core 0)
2026-07-10 01:03:13.396 8 INFO placement.requestlog [None req-26f617da-7dc4-40fa-aeea-d1cdf615615e 3e72b68ee16145f2a3f04518deb3093a 599540fc5f9c4521826af094c6c29f85 - - 92298fd1fd804de7af10927caf24014c 92298fd1fd804de7af10927caf24014c] 10.0.0.47 "GET /resource_providers/7ab0633c-32cf-45b7-a6dc-5c640e367124/aggregates" status: 404 len: 235 microversion: 1.1 [pid: 8|app: 0|req: 331/660] 10.0.0.47 () {32 vars in 815 bytes} [Fri Jul 10 01:03:13 2026] GET /resource_providers/7ab0633c-32cf-45b7-a6dc-5c640e367124/aggregates => generated 235 bytes in 14 msecs (HTTP/1.1 404) 5 headers in 202 bytes (1 switches on core 0)
2026-07-10 01:03:13.419 8 INFO placement.requestlog [None req-319209bd-f4ce-4bc7-bc92-6b20d5f5c22d 3e72b68ee16145f2a3f04518deb3093a 599540fc5f9c4521826af094c6c29f85 - - 92298fd1fd804de7af10927caf24014c 92298fd1fd804de7af10927caf24014c] 10.0.0.47 "DELETE /resource_providers/7ab0633c-32cf-45b7-a6dc-5c640e367124" status: 404 len: 246 microversion: 1.1 [pid: 8|app: 0|req: 332/661] 10.0.0.47 () {34 vars in 815 bytes} [Fri Jul 10 01:03:13 2026] DELETE /resource_providers/7ab0633c-32cf-45b7-a6dc-5c640e367124 => generated 246 bytes in 8 msecs (HTTP/1.1 404) 6 headers in 231 bytes (1 switches on core 0)
2026-07-10 01:03:13.425 7 INFO placement.requestlog [None req-e23157b8-f277-4809-a3b6-12e255fab8a5 3e72b68ee16145f2a3f04518deb3093a 599540fc5f9c4521826af094c6c29f85 - - 92298fd1fd804de7af10927caf24014c 92298fd1fd804de7af10927caf24014c] 10.0.0.47 "DELETE /resource_providers/7ab0633c-32cf-45b7-a6dc-5c640e367124" status: 404 len: 246 microversion: 1.1 [pid: 7|app: 0|req: 330/662] 10.0.0.47 () {34 vars in 815 bytes} [Fri Jul 10 01:03:13 2026] DELETE /resource_providers/7ab0633c-32cf-45b7-a6dc-5c640e367124 => generated 246 bytes in 15 msecs (HTTP/1.1 404) 6 headers in 231 bytes (1 switches on core 0)
2026-07-10 01:03:14.208 7 INFO placement.requestlog [None req-8b508e55-a302-40d3-8758-c58069997dd1 3e72b68ee16145f2a3f04518deb3093a 599540fc5f9c4521826af094c6c29f85 - - 92298fd1fd804de7af10927caf24014c 92298fd1fd804de7af10927caf24014c] 10.0.0.47 "GET /resource_providers/f1cf1e07-2b27-45cd-9693-e550f7542a5a/aggregates" status: 404 len: 235 microversion: 1.1 [pid: 7|app: 0|req: 331/663] 10.0.0.47 () {32 vars in 815 bytes} [Fri Jul 10 01:03:14 2026] GET /resource_providers/f1cf1e07-2b27-45cd-9693-e550f7542a5a/aggregates => generated 235 bytes in 10 msecs (HTTP/1.1 404) 5 headers in 202 bytes (1 switches on core 0)
2026-07-10 01:03:14.212 8 INFO placement.requestlog [None req-5cda1f41-a3fd-4f01-9e8f-c37d9d0da1fc 3e72b68ee16145f2a3f04518deb3093a 599540fc5f9c4521826af094c6c29f85 - - 92298fd1fd804de7af10927caf24014c 92298fd1fd804de7af10927caf24014c] 10.0.0.47 "GET /resource_providers/f1cf1e07-2b27-45cd-9693-e550f7542a5a/aggregates" status: 404 len: 235 microversion: 1.1 [pid: 8|app: 0|req: 333/664] 10.0.0.47 () {32 vars in 815 bytes} [Fri Jul 10 01:03:14 2026] GET /resource_providers/f1cf1e07-2b27-45cd-9693-e550f7542a5a/aggregates => generated 235 bytes in 13 msecs (HTTP/1.1 404) 5 headers in 202 bytes (1 switches on core 0)
2026-07-10 01:03:14.228 7 INFO placement.requestlog [None req-d4a82506-4bef-4ff6-b5bd-a00acb7f4c0b 3e72b68ee16145f2a3f04518deb3093a 599540fc5f9c4521826af094c6c29f85 - - 92298fd1fd804de7af10927caf24014c 92298fd1fd804de7af10927caf24014c] 10.0.0.47 "DELETE /resource_providers/f1cf1e07-2b27-45cd-9693-e550f7542a5a" status: 404 len: 246 microversion: 1.1
2026-07-10 01:03:14.227 8 INFO placement.requestlog [None req-b0f542e9-f5dd-42de-bbb8-c0fcbb04f0e3 3e72b68ee16145f2a3f04518deb3093a 599540fc5f9c4521826af094c6c29f85 - - 92298fd1fd804de7af10927caf24014c 92298fd1fd804de7af10927caf24014c] 10.0.0.47 "DELETE /resource_providers/f1cf1e07-2b27-45cd-9693-e550f7542a5a" status: 404 len: 246 microversion: 1.1 [pid: 7|app: 0|req: 332/665] 10.0.0.47 () {34 vars in 815 bytes} [Fri Jul 10 01:03:14 2026] DELETE /resource_providers/f1cf1e07-2b27-45cd-9693-e550f7542a5a => generated 246 bytes in 6 msecs (HTTP/1.1 404) 6 headers in 231 bytes (1 switches on core 0) [pid: 8|app: 0|req: 334/666] 10.0.0.47 () {34 vars in 815 bytes} [Fri Jul 10 01:03:14 2026] DELETE /resource_providers/f1cf1e07-2b27-45cd-9693-e550f7542a5a => generated 246 bytes in 6 msecs (HTTP/1.1 404) 6 headers in 231 bytes (1 switches on core 0)
2026-07-10 01:03:16.332 8 INFO placement.requestlog [None req-4ec7658d-7b8b-401a-98ae-82e2d00bfb8e 3e72b68ee16145f2a3f04518deb3093a 599540fc5f9c4521826af094c6c29f85 - - 92298fd1fd804de7af10927caf24014c 92298fd1fd804de7af10927caf24014c] 10.0.0.47 "GET /resource_providers/33edff58-5dde-4812-9866-cc47864146b6/aggregates" status: 404 len: 235 microversion: 1.1 [pid: 8|app: 0|req: 335/667] 10.0.0.47 () {32 vars in 815 bytes} [Fri Jul 10 01:03:16 2026] GET /resource_providers/33edff58-5dde-4812-9866-cc47864146b6/aggregates => generated 235 bytes in 9 msecs (HTTP/1.1 404) 5 headers in 202 bytes (1 switches on core 0)
2026-07-10 01:03:16.337 7 INFO placement.requestlog [None req-a0ac945b-4f61-4bb2-bea8-911e0938ba20 3e72b68ee16145f2a3f04518deb3093a 599540fc5f9c4521826af094c6c29f85 - - 92298fd1fd804de7af10927caf24014c 92298fd1fd804de7af10927caf24014c] 10.0.0.47 "GET /resource_providers/33edff58-5dde-4812-9866-cc47864146b6/aggregates" status: 404 len: 235 microversion: 1.1 [pid: 7|app: 0|req: 333/668] 10.0.0.47 () {32 vars in 815 bytes} [Fri Jul 10 01:03:16 2026] GET /resource_providers/33edff58-5dde-4812-9866-cc47864146b6/aggregates => generated 235 bytes in 14 msecs (HTTP/1.1 404) 5 headers in 202 bytes (1 switches on core 0)
2026-07-10 01:03:16.354 8 INFO placement.requestlog [None req-9fdb512f-ddd8-4d57-83a9-2b1e1e9c866e 3e72b68ee16145f2a3f04518deb3093a 599540fc5f9c4521826af094c6c29f85 - - 92298fd1fd804de7af10927caf24014c 92298fd1fd804de7af10927caf24014c] 10.0.0.47 "DELETE /resource_providers/33edff58-5dde-4812-9866-cc47864146b6" status: 404 len: 246 microversion: 1.1 [pid: 8|app: 0|req: 336/669] 10.0.0.47 () {34 vars in 815 bytes} [Fri Jul 10 01:03:16 2026] DELETE /resource_providers/33edff58-5dde-4812-9866-cc47864146b6 => generated 246 bytes in 9 msecs (HTTP/1.1 404) 6 headers in 231 bytes (1 switches on core 0)
2026-07-10 01:03:16.361 7 INFO placement.requestlog [None req-6fc66675-1eb0-46d9-a34d-155294ef9e1f 3e72b68ee16145f2a3f04518deb3093a 599540fc5f9c4521826af094c6c29f85 - - 92298fd1fd804de7af10927caf24014c 92298fd1fd804de7af10927caf24014c] 10.0.0.47 "DELETE /resource_providers/33edff58-5dde-4812-9866-cc47864146b6" status: 404 len: 246 microversion: 1.1 [pid: 7|app: 0|req: 334/670] 10.0.0.47 () {34 vars in 815 bytes} [Fri Jul 10 01:03:16 2026] DELETE /resource_providers/33edff58-5dde-4812-9866-cc47864146b6 => generated 246 bytes in 12 msecs (HTTP/1.1 404) 6 headers in 231 bytes (1 switches on core 0)
2026-07-10 01:03:16.394 8 INFO placement.requestlog [req-e239b945-069d-4dde-a489-366225cdfba9 req-05cf51ec-e987-4102-a047-4d487e38ef6b 174caf584d2f4555a5c272e1e738900f 599540fc5f9c4521826af094c6c29f85 - - 92298fd1fd804de7af10927caf24014c 92298fd1fd804de7af10927caf24014c] 199.19.213.156 "GET /resource_providers/dc384240-fbda-4909-8ad3-4ef3a72d7fa3/allocations" status: 200 len: 238 microversion: 1.0 [pid: 8|app: 0|req: 337/671] 199.19.213.156 () {32 vars in 857 bytes} [Fri Jul 10 01:03:16 2026] GET /resource_providers/dc384240-fbda-4909-8ad3-4ef3a72d7fa3/allocations => generated 238 bytes in 16 msecs (HTTP/1.1 200) 6 headers in 224 bytes (1 switches on core 0)
2026-07-10 01:03:16.428 7 INFO placement.requestlog [req-e239b945-069d-4dde-a489-366225cdfba9 req-5d2117c4-4f4c-4aea-8d07-91895dac56de 174caf584d2f4555a5c272e1e738900f 599540fc5f9c4521826af094c6c29f85 - - 92298fd1fd804de7af10927caf24014c 92298fd1fd804de7af10927caf24014c] 199.19.213.156 "GET /allocations/9b5d1c4d-6bd5-4201-8a24-cd81e286ecd3" status: 200 len: 243 microversion: 1.28 [pid: 7|app: 0|req: 335/672] 199.19.213.156 () {34 vars in 863 bytes} [Fri Jul 10 01:03:16 2026] GET /allocations/9b5d1c4d-6bd5-4201-8a24-cd81e286ecd3 => generated 243 bytes in 24 msecs (HTTP/1.1 200) 8 headers in 296 bytes (1 switches on core 0)
2026-07-10 01:03:16.455 8 INFO placement.requestlog [req-e239b945-069d-4dde-a489-366225cdfba9 req-99b5acbb-6b71-4586-b10e-850d1193c808 174caf584d2f4555a5c272e1e738900f 599540fc5f9c4521826af094c6c29f85 - - 92298fd1fd804de7af10927caf24014c 92298fd1fd804de7af10927caf24014c] 199.19.213.156 "GET /allocations/14c4ea46-0af6-4a43-981e-6f8f51ed4933" status: 200 len: 257 microversion: 1.28 [pid: 8|app: 0|req: 338/673] 199.19.213.156 () {34 vars in 863 bytes} [Fri Jul 10 01:03:16 2026] GET /allocations/14c4ea46-0af6-4a43-981e-6f8f51ed4933 => generated 257 bytes in 20 msecs (HTTP/1.1 200) 8 headers in 296 bytes (1 switches on core 0)
2026-07-10 01:03:17.512 7 INFO placement.requestlog [req-e239b945-069d-4dde-a489-366225cdfba9 req-d851eba8-fbca-4a25-a349-ab55be648553 174caf584d2f4555a5c272e1e738900f 599540fc5f9c4521826af094c6c29f85 - - 92298fd1fd804de7af10927caf24014c 92298fd1fd804de7af10927caf24014c] 199.19.213.156 "DELETE /allocations/14c4ea46-0af6-4a43-981e-6f8f51ed4933" status: 204 len: 0 microversion: 1.0 [pid: 7|app: 0|req: 336/674] 199.19.213.156 () {34 vars in 841 bytes} [Fri Jul 10 01:03:17 2026] DELETE /allocations/14c4ea46-0af6-4a43-981e-6f8f51ed4933 => generated 0 bytes in 27 msecs (HTTP/1.1 204) 5 headers in 198 bytes (1 switches on core 0)
2026-07-10 01:03:18.762 8 INFO placement.requestlog [req-bb7145f6-5d77-4bbb-bdab-13ffe524c886 req-24be6235-81c5-4bff-a16e-96dc82802e0c 174caf584d2f4555a5c272e1e738900f 599540fc5f9c4521826af094c6c29f85 - - 92298fd1fd804de7af10927caf24014c 92298fd1fd804de7af10927caf24014c] 10.0.0.253 "GET /allocation_candidates?limit=1000&resources=DISK_GB%3A1%2CMEMORY_MB%3A512%2CVCPU%3A1&root_required=%21COMPUTE_STATUS_DISABLED" status: 200 len: 2444 microversion: 1.36 [pid: 8|app: 0|req: 339/675] 10.0.0.253 () {34 vars in 1012 bytes} [Fri Jul 10 01:03:18 2026] GET /allocation_candidates?limit=1000&resources=DISK_GB%3A1%2CMEMORY_MB%3A512%2CVCPU%3A1&root_required=%21COMPUTE_STATUS_DISABLED => generated 2444 bytes in 84 msecs (HTTP/1.1 200) 8 headers in 297 bytes (1 switches on core 0)
2026-07-10 01:03:18.795 7 INFO placement.requestlog [req-bb7145f6-5d77-4bbb-bdab-13ffe524c886 req-7911cb31-24bb-4e95-a727-499337088013 174caf584d2f4555a5c272e1e738900f 599540fc5f9c4521826af094c6c29f85 - - 92298fd1fd804de7af10927caf24014c 92298fd1fd804de7af10927caf24014c] 10.0.0.253 "GET /allocations/20569eac-dfab-416f-8a08-88b25caf65e0" status: 200 len: 19 microversion: 1.28 [pid: 7|app: 0|req: 337/676] 10.0.0.253 () {34 vars in 861 bytes} [Fri Jul 10 01:03:18 2026] GET /allocations/20569eac-dfab-416f-8a08-88b25caf65e0 => generated 19 bytes in 18 msecs (HTTP/1.1 200) 8 headers in 295 bytes (1 switches on core 0)
2026-07-10 01:03:18.881 8 INFO placement.requestlog [req-bb7145f6-5d77-4bbb-bdab-13ffe524c886 req-d0feb25b-7775-4f3f-806c-d7bbaa6c8ea3 174caf584d2f4555a5c272e1e738900f 599540fc5f9c4521826af094c6c29f85 - - 92298fd1fd804de7af10927caf24014c 92298fd1fd804de7af10927caf24014c] 10.0.0.253 "PUT /allocations/20569eac-dfab-416f-8a08-88b25caf65e0" status: 204 len: 0 microversion: 1.36 [pid: 8|app: 0|req: 340/677] 10.0.0.253 () {38 vars in 914 bytes} [Fri Jul 10 01:03:18 2026] PUT /allocations/20569eac-dfab-416f-8a08-88b25caf65e0 => generated 0 bytes in 77 msecs (HTTP/1.1 204) 5 headers in 199 bytes (1 switches on core 0)
