Jun 26 01:32:25.828822 np0000183025 devstack@neutron-api.service[103389]: INFO neutron.api.extensions [None req-9c781107-4ea3-46ed-a901-a8648bf1f050 None None] Loaded extension: quota_details
Jun 26 01:32:25.828992 np0000183025 devstack@neutron-api.service[103388]: DEBUG neutron.api.v2.resource_helper [None req-f8da56e9-8d9a-4fca-9218-aad26de674de None None] Service CORE assigned prefix: {{(pid=103388) build_resource_info /opt/stack/neutron/neutron/api/v2/resource_helper.py:77}}
Jun 26 01:32:25.829113 np0000183025 devstack@neutron-api.service[103389]: DEBUG neutron.api.extensions [None req-9c781107-4ea3-46ed-a901-a8648bf1f050 None None] Loading extension file: rbac.py {{(pid=103389) _load_all_extensions_from_path /opt/stack/neutron/neutron/api/extensions.py:449}}
Jun 26 01:32:25.829207 np0000183025 devstack@neutron-api.service[103388]: INFO neutron.quota.resource_registry [None req-f8da56e9-8d9a-4fca-9218-aad26de674de None None] Creating instance of TrackedResource for resource:subnetpool
Jun 26 01:32:25.829207 np0000183025 devstack@neutron-api.service[103388]: WARNING neutron.quota.resource_registry [None req-f8da56e9-8d9a-4fca-9218-aad26de674de None None] subnetpool is already registered
Jun 26 01:32:25.829207 np0000183025 devstack@neutron-api.service[103388]: DEBUG neutron.api.v2.resource_helper [None req-f8da56e9-8d9a-4fca-9218-aad26de674de None None] Service CORE assigned prefix: {{(pid=103388) build_resource_info /opt/stack/neutron/neutron/api/v2/resource_helper.py:77}}
Jun 26 01:32:25.829366 np0000183025 devstack@neutron-api.service[103389]: DEBUG neutron.api.extensions [None req-9c781107-4ea3-46ed-a901-a8648bf1f050 None None] Ext name="RBAC Policies" alias="rbac-policies" description="Allows creation and modification of policies that control project access to resources." updated="2015-06-17T12:15:12-00:00" {{(pid=103389) _check_extension /opt/stack/neutron/neutron/api/extensions.py:415}}
Jun 26 01:32:25.829457 np0000183025 devstack@neutron-api.service[103388]: INFO neutron.quota.resource_registry [None req-f8da56e9-8d9a-4fca-9218-aad26de674de None None] Creating instance of TrackedResource for resource:subnetpool
Jun 26 01:32:25.829457 np0000183025 devstack@neutron-api.service[103388]: WARNING neutron.quota.resource_registry [None req-f8da56e9-8d9a-4fca-9218-aad26de674de None None] subnetpool is already registered
Jun 26 01:32:25.829615 np0000183025 devstack@neutron-api.service[103389]: INFO neutron.api.extensions [None req-9c781107-4ea3-46ed-a901-a8648bf1f050 None None] Loaded extension: rbac-policies
Jun 26 01:32:25.829615 np0000183025 devstack@neutron-api.service[103389]: DEBUG neutron.api.extensions [None req-9c781107-4ea3-46ed-a901-a8648bf1f050 None None] Loading extension file: rbac_address_group.py {{(pid=103389) _load_all_extensions_from_path /opt/stack/neutron/neutron/api/extensions.py:449}}
Jun 26 01:32:25.829792 np0000183025 devstack@neutron-api.service[103389]: DEBUG neutron.api.extensions [None req-9c781107-4ea3-46ed-a901-a8648bf1f050 None None] Ext name="Add address_group type to RBAC" alias="rbac-address-group" description="Add address_group type to network RBAC" updated="2021-01-20T00:00:00-00:00" {{(pid=103389) _check_extension /opt/stack/neutron/neutron/api/extensions.py:415}}
Jun 26 01:32:25.829872 np0000183025 devstack@neutron-api.service[103391]: INFO neutron.quota.resource_registry [None req-c98c376f-f145-4f6f-beac-6988ccf61985 None None] Creating instance of CountableResource for resource:router_route
Jun 26 01:32:25.830156 np0000183025 devstack@neutron-api.service[103388]: DEBUG neutron.api.extensions [None req-f8da56e9-8d9a-4fca-9218-aad26de674de None None] Extended resource: extensions {{(pid=103388) __init__ /opt/stack/neutron/neutron/api/extensions.py:156}}
Jun 26 01:32:25.830238 np0000183025 devstack@neutron-api.service[103389]: INFO neutron.api.extensions [None req-9c781107-4ea3-46ed-a901-a8648bf1f050 None None] Extension rbac-address-group not supported by any of loaded plugins
Jun 26 01:32:25.830342 np0000183025 devstack@neutron-api.service[103391]: WARNING neutron.quota.resource_registry [None req-c98c376f-f145-4f6f-beac-6988ccf61985 None None] router_route is already registered
Jun 26 01:32:25.830426 np0000183025 devstack@neutron-api.service[103389]: DEBUG neutron.api.extensions [None req-9c781107-4ea3-46ed-a901-a8648bf1f050 None None] Loading extension file: rbac_address_scope.py {{(pid=103389) _load_all_extensions_from_path /opt/stack/neutron/neutron/api/extensions.py:449}}
Jun 26 01:32:25.830520 np0000183025 devstack@neutron-api.service[103391]: DEBUG neutron.api.v2.resource_helper [None req-c98c376f-f145-4f6f-beac-6988ccf61985 None None] Service L3_ROUTER_NAT assigned prefix: {{(pid=103391) build_resource_info /opt/stack/neutron/neutron/api/v2/resource_helper.py:77}}
Jun 26 01:32:25.830602 np0000183025 devstack@neutron-api.service[103389]: DEBUG neutron.api.extensions [None req-9c781107-4ea3-46ed-a901-a8648bf1f050 None None] Ext name="Add address_scope type to RBAC" alias="rbac-address-scope" description="Add address_scope type to RBAC" updated="2020-02-12T00:00:00-00:00" {{(pid=103389) _check_extension /opt/stack/neutron/neutron/api/extensions.py:415}}
Jun 26 01:32:25.830602 np0000183025 devstack@neutron-api.service[103389]: INFO neutron.api.extensions [None req-9c781107-4ea3-46ed-a901-a8648bf1f050 None None] Loaded extension: rbac-address-scope
Jun 26 01:32:25.830733 np0000183025 devstack@neutron-api.service[103391]: DEBUG neutron.api.v2.resource_helper [None req-c98c376f-f145-4f6f-beac-6988ccf61985 None None] Service FLAVORS assigned prefix: {{(pid=103391) build_resource_info /opt/stack/neutron/neutron/api/v2/resource_helper.py:77}}
Jun 26 01:32:25.830824 np0000183025 devstack@neutron-api.service[103389]: DEBUG neutron.api.extensions [None req-9c781107-4ea3-46ed-a901-a8648bf1f050 None None] Loading extension file: rbac_security_groups.py {{(pid=103389) _load_all_extensions_from_path /opt/stack/neutron/neutron/api/extensions.py:449}}
Jun 26 01:32:25.830929 np0000183025 devstack@neutron-api.service[103388]: DEBUG neutron.api.extensions [None req-f8da56e9-8d9a-4fca-9218-aad26de674de None None] Extended resource: address-groups {{(pid=103388) __init__ /opt/stack/neutron/neutron/api/extensions.py:156}}
Jun 26 01:32:25.831018 np0000183025 devstack@neutron-api.service[103389]: DEBUG neutron.api.extensions [None req-9c781107-4ea3-46ed-a901-a8648bf1f050 None None] Ext name="Add security_group type to network RBAC" alias="rbac-security-groups" description="Add security_group type to network RBAC" updated="2019-02-14T00:00:00-00:00" {{(pid=103389) _check_extension /opt/stack/neutron/neutron/api/extensions.py:415}}
Jun 26 01:32:25.831018 np0000183025 devstack@neutron-api.service[103389]: INFO neutron.api.extensions [None req-9c781107-4ea3-46ed-a901-a8648bf1f050 None None] Loaded extension: rbac-security-groups
Jun 26 01:32:25.831018 np0000183025 devstack@neutron-api.service[103389]: DEBUG neutron.api.extensions [None req-9c781107-4ea3-46ed-a901-a8648bf1f050 None None] Loading extension file: rbac_subnetpool.py {{(pid=103389) _load_all_extensions_from_path /opt/stack/neutron/neutron/api/extensions.py:449}}
Jun 26 01:32:25.831222 np0000183025 devstack@neutron-api.service[103389]: DEBUG neutron.api.extensions [None req-9c781107-4ea3-46ed-a901-a8648bf1f050 None None] Ext name="Add subnetpool type to RBAC" alias="rbac-subnetpool" description="Add subnetpool type to RBAC" updated="2020-02-05T00:00:00-00:00" {{(pid=103389) _check_extension /opt/stack/neutron/neutron/api/extensions.py:415}}
Jun 26 01:32:25.831333 np0000183025 devstack@neutron-api.service[103388]: DEBUG neutron.api.extensions [None req-f8da56e9-8d9a-4fca-9218-aad26de674de None None] Extended resource: address-scopes {{(pid=103388) __init__ /opt/stack/neutron/neutron/api/extensions.py:156}}
Jun 26 01:32:25.831432 np0000183025 devstack@neutron-api.service[103391]: DEBUG neutron.api.v2.resource_helper [None req-c98c376f-f145-4f6f-beac-6988ccf61985 None None] Service L3_ROUTER_NAT assigned prefix: {{(pid=103391) build_resource_info /opt/stack/neutron/neutron/api/v2/resource_helper.py:77}}
Jun 26 01:32:25.831533 np0000183025 devstack@neutron-api.service[103389]: INFO neutron.api.extensions [None req-9c781107-4ea3-46ed-a901-a8648bf1f050 None None] Extension rbac-subnetpool not supported by any of loaded plugins
Jun 26 01:32:25.831533 np0000183025 devstack@neutron-api.service[103389]: DEBUG neutron.api.extensions [None req-9c781107-4ea3-46ed-a901-a8648bf1f050 None None] Loading extension file: revisionifmatch.py {{(pid=103389) _load_all_extensions_from_path /opt/stack/neutron/neutron/api/extensions.py:449}}
Jun 26 01:32:25.831963 np0000183025 devstack@neutron-api.service[103391]: DEBUG neutron.api.v2.resource_helper [None req-c98c376f-f145-4f6f-beac-6988ccf61985 None None] Service L3_ROUTER_NAT assigned prefix: {{(pid=103391) build_resource_info /opt/stack/neutron/neutron/api/v2/resource_helper.py:77}}
Jun 26 01:32:25.832055 np0000183025 devstack@neutron-api.service[103389]: DEBUG neutron.api.extensions [None req-9c781107-4ea3-46ed-a901-a8648bf1f050 None None] Ext name="If-Match constraints based on revision_number" alias="revision-if-match" description="Extension indicating that If-Match based on revision_number is supported." updated="2016-12-11T00:00:00-00:00" {{(pid=103389) _check_extension /opt/stack/neutron/neutron/api/extensions.py:415}}
Jun 26 01:32:25.832153 np0000183025 devstack@neutron-api.service[103391]: INFO neutron.quota.resource_registry [None req-c98c376f-f145-4f6f-beac-6988ccf61985 None None] Creating instance of TrackedResource for resource:router
Jun 26 01:32:25.832263 np0000183025 devstack@neutron-api.service[103388]: DEBUG neutron.api.extensions [None req-f8da56e9-8d9a-4fca-9218-aad26de674de None None] Extended resource: agents {{(pid=103388) __init__ /opt/stack/neutron/neutron/api/extensions.py:156}}
Jun 26 01:32:25.832353 np0000183025 devstack@neutron-api.service[103389]: INFO neutron.api.extensions [None req-9c781107-4ea3-46ed-a901-a8648bf1f050 None None] Loaded extension: revision-if-match
Jun 26 01:32:25.832445 np0000183025 devstack@neutron-api.service[103391]: WARNING neutron.quota.resource_registry [None req-c98c376f-f145-4f6f-beac-6988ccf61985 None None] router is already registered
Jun 26 01:32:25.832555 np0000183025 devstack@neutron-api.service[103389]: DEBUG neutron.api.extensions [None req-9c781107-4ea3-46ed-a901-a8648bf1f050 None None] Loading extension file: revisions.py {{(pid=103389) _load_all_extensions_from_path /opt/stack/neutron/neutron/api/extensions.py:449}}
Jun 26 01:32:25.832555 np0000183025 devstack@neutron-api.service[103389]: DEBUG neutron.api.extensions [None req-9c781107-4ea3-46ed-a901-a8648bf1f050 None None] Ext name="Resource revision numbers" alias="standard-attr-revisions" description="This extension will display the revision number of neutron resources." updated="2016-04-11T10:00:00-00:00" {{(pid=103389) _check_extension /opt/stack/neutron/neutron/api/extensions.py:415}}
Jun 26 01:32:25.832668 np0000183025 devstack@neutron-api.service[103391]: INFO neutron.quota.resource_registry [None req-c98c376f-f145-4f6f-beac-6988ccf61985 None None] Creating instance of TrackedResource for resource:floatingip
Jun 26 01:32:25.832782 np0000183025 devstack@neutron-api.service[103388]: DEBUG neutron.api.extensions [None req-f8da56e9-8d9a-4fca-9218-aad26de674de None None] Extended resource: auto-allocated-topology {{(pid=103388) __init__ /opt/stack/neutron/neutron/api/extensions.py:156}}
Jun 26 01:32:25.832866 np0000183025 devstack@neutron-api.service[103389]: INFO neutron.api.extensions [None req-9c781107-4ea3-46ed-a901-a8648bf1f050 None None] Loaded extension: standard-attr-revisions
Jun 26 01:32:25.832958 np0000183025 devstack@neutron-api.service[103391]: WARNING neutron.quota.resource_registry [None req-c98c376f-f145-4f6f-beac-6988ccf61985 None None] floatingip is already registered
Jun 26 01:32:25.833036 np0000183025 devstack@neutron-api.service[103389]: DEBUG neutron.api.extensions [None req-9c781107-4ea3-46ed-a901-a8648bf1f050 None None] Loading extension file: router_availability_zone.py {{(pid=103389) _load_all_extensions_from_path /opt/stack/neutron/neutron/api/extensions.py:449}}
Jun 26 01:32:25.833036 np0000183025 devstack@neutron-api.service[103389]: DEBUG neutron.api.extensions [None req-9c781107-4ea3-46ed-a901-a8648bf1f050 None None] Ext name="Router Availability Zone" alias="router_availability_zone" description="Availability zone support for router." updated="2015-01-01T10:00:00-00:00" {{(pid=103389) _check_extension /opt/stack/neutron/neutron/api/extensions.py:415}}
Jun 26 01:32:25.833167 np0000183025 devstack@neutron-api.service[103388]: DEBUG neutron.api.extensions [None req-f8da56e9-8d9a-4fca-9218-aad26de674de None None] Extended resource: availability_zones {{(pid=103388) __init__ /opt/stack/neutron/neutron/api/extensions.py:156}}
Jun 26 01:32:25.833254 np0000183025 devstack@neutron-api.service[103389]: INFO neutron.api.extensions [None req-9c781107-4ea3-46ed-a901-a8648bf1f050 None None] Loaded extension: router_availability_zone
Jun 26 01:32:25.833254 np0000183025 devstack@neutron-api.service[103389]: DEBUG neutron.api.extensions [None req-9c781107-4ea3-46ed-a901-a8648bf1f050 None None] Loading extension file: router_enable_snat.py {{(pid=103389) _load_all_extensions_from_path /opt/stack/neutron/neutron/api/extensions.py:449}}
Jun 26 01:32:25.833254 np0000183025 devstack@neutron-api.service[103389]: DEBUG neutron.api.extensions [None req-9c781107-4ea3-46ed-a901-a8648bf1f050 None None] Ext name="Exposes the router "enable_snat" read-only configuration flag" alias="router-enable-snat" description="Exposes the router "enable_snat" read-only configuration flag" updated="2025-09-18T18:00:00-00:00" {{(pid=103389) _check_extension /opt/stack/neutron/neutron/api/extensions.py:415}}
Jun 26 01:32:25.833595 np0000183025 devstack@neutron-api.service[103389]: INFO neutron.api.extensions [None req-9c781107-4ea3-46ed-a901-a8648bf1f050 None None] Loaded extension: router-enable-snat
Jun 26 01:32:25.833683 np0000183025 devstack@neutron-api.service[103388]: DEBUG neutron.api.extensions [None req-f8da56e9-8d9a-4fca-9218-aad26de674de None None] Extended resource: dhcp-networks {{(pid=103388) __init__ /opt/stack/neutron/neutron/api/extensions.py:156}}
Jun 26 01:32:25.833772 np0000183025 devstack@neutron-api.service[103389]: DEBUG neutron.api.extensions [None req-9c781107-4ea3-46ed-a901-a8648bf1f050 None None] Loading extension file: routerservicetype.py {{(pid=103389) _load_all_extensions_from_path /opt/stack/neutron/neutron/api/extensions.py:449}}
Jun 26 01:32:25.833852 np0000183025 devstack@neutron-api.service[103391]: INFO neutron.quota.resource_registry [None req-c98c376f-f145-4f6f-beac-6988ccf61985 None None] Creating instance of CountableResource for resource:rbac_policy
Jun 26 01:32:25.833852 np0000183025 devstack@neutron-api.service[103391]: WARNING neutron.quota.resource_registry [None req-c98c376f-f145-4f6f-beac-6988ccf61985 None None] rbac_policy is already registered
Jun 26 01:32:25.833957 np0000183025 devstack@neutron-api.service[103389]: DEBUG neutron.api.extensions [None req-9c781107-4ea3-46ed-a901-a8648bf1f050 None None] Ext name="Router Service Type" alias="router-service-type" description="Provides router service type" updated="2013-01-29T00:00:00-00:00" {{(pid=103389) _check_extension /opt/stack/neutron/neutron/api/extensions.py:415}}
Jun 26 01:32:25.833957 np0000183025 devstack@neutron-api.service[103389]: INFO neutron.api.extensions [None req-9c781107-4ea3-46ed-a901-a8648bf1f050 None None] Extension router-service-type not supported by any of loaded plugins
Jun 26 01:32:25.833957 np0000183025 devstack@neutron-api.service[103389]: DEBUG neutron.api.extensions [None req-9c781107-4ea3-46ed-a901-a8648bf1f050 None None] Loading extension file: security_groups_default_rules.py {{(pid=103389) _load_all_extensions_from_path /opt/stack/neutron/neutron/api/extensions.py:449}}
Jun 26 01:32:25.834114 np0000183025 devstack@neutron-api.service[103388]: DEBUG neutron.api.extensions [None req-f8da56e9-8d9a-4fca-9218-aad26de674de None None] Extended resource: dhcp-agents {{(pid=103388) __init__ /opt/stack/neutron/neutron/api/extensions.py:156}}
Jun 26 01:32:25.834378 np0000183025 devstack@neutron-api.service[103391]: INFO neutron.quota.resource_registry [None req-c98c376f-f145-4f6f-beac-6988ccf61985 None None] Creating instance of TrackedResource for resource:security_group
Jun 26 01:32:25.834549 np0000183025 devstack@neutron-api.service[103389]: DEBUG neutron.api.extensions [None req-9c781107-4ea3-46ed-a901-a8648bf1f050 None None] Ext name="Default rules for security groups" alias="security-groups-default-rules" description="Configure set of security group rules used as default rules for every new security group" updated="2022-12-19T10:00:00-00:00" {{(pid=103389) _check_extension /opt/stack/neutron/neutron/api/extensions.py:415}}
Jun 26 01:32:25.834640 np0000183025 devstack@neutron-api.service[103391]: WARNING neutron.quota.resource_registry [None req-c98c376f-f145-4f6f-beac-6988ccf61985 None None] security_group is already registered
Jun 26 01:32:25.834751 np0000183025 devstack@neutron-api.service[103389]: INFO neutron.api.extensions [None req-9c781107-4ea3-46ed-a901-a8648bf1f050 None None] Loaded extension: security-groups-default-rules
Jun 26 01:32:25.834751 np0000183025 devstack@neutron-api.service[103389]: DEBUG neutron.api.extensions [None req-9c781107-4ea3-46ed-a901-a8648bf1f050 None None] Loading extension file: security_groups_default_statefulness.py {{(pid=103389) _load_all_extensions_from_path /opt/stack/neutron/neutron/api/extensions.py:449}}
Jun 26 01:32:25.834932 np0000183025 devstack@neutron-api.service[103388]: DEBUG neutron.api.extensions [None req-f8da56e9-8d9a-4fca-9218-aad26de674de None None] Extended resource: routers {{(pid=103388) __init__ /opt/stack/neutron/neutron/api/extensions.py:156}}
Jun 26 01:32:25.835025 np0000183025 devstack@neutron-api.service[103391]: INFO neutron.quota.resource_registry [None req-c98c376f-f145-4f6f-beac-6988ccf61985 None None] Creating instance of TrackedResource for resource:security_group_rule
Jun 26 01:32:25.835309 np0000183025 devstack@neutron-api.service[103389]: DEBUG neutron.api.extensions [None req-9c781107-4ea3-46ed-a901-a8648bf1f050 None None] Ext name="Security Groups Default Statefulness" alias="security-groups-default-statefulness" description="Allows configuring the default value of the 'stateful' attribute for new security groups, on a per-project or system-wide basis" updated="2026-04-13T00:00:00-00:00" {{(pid=103389) _check_extension /opt/stack/neutron/neutron/api/extensions.py:415}}
Jun 26 01:32:25.835399 np0000183025 devstack@neutron-api.service[103391]: WARNING neutron.quota.resource_registry [None req-c98c376f-f145-4f6f-beac-6988ccf61985 None None] security_group_rule is already registered
Jun 26 01:32:25.835484 np0000183025 devstack@neutron-api.service[103389]: INFO neutron.api.extensions [None req-9c781107-4ea3-46ed-a901-a8648bf1f050 None None] Loaded extension: security-groups-default-statefulness
Jun 26 01:32:25.835484 np0000183025 devstack@neutron-api.service[103389]: DEBUG neutron.api.extensions [None req-9c781107-4ea3-46ed-a901-a8648bf1f050 None None] Loading extension file: security_groups_normalized_cidr.py {{(pid=103389) _load_all_extensions_from_path /opt/stack/neutron/neutron/api/extensions.py:449}}
Jun 26 01:32:25.835484 np0000183025 devstack@neutron-api.service[103389]: DEBUG neutron.api.extensions [None req-9c781107-4ea3-46ed-a901-a8648bf1f050 None None] Ext name="Normalized CIDR field for security group rules" alias="security-groups-normalized-cidr" description="Add new field with normalized remote_ip_prefix cidr in SG rule" updated="2020-07-28T10:00:00-00:00" {{(pid=103389) _check_extension /opt/stack/neutron/neutron/api/extensions.py:415}}
Jun 26 01:32:25.835695 np0000183025 devstack@neutron-api.service[103391]: DEBUG neutron.api.v2.resource_helper [None req-c98c376f-f145-4f6f-beac-6988ccf61985 None None] Service CORE assigned prefix: {{(pid=103391) build_resource_info /opt/stack/neutron/neutron/api/v2/resource_helper.py:77}}
Jun 26 01:32:25.835775 np0000183025 devstack@neutron-api.service[103389]: INFO neutron.api.extensions [None req-9c781107-4ea3-46ed-a901-a8648bf1f050 None None] Loaded extension: security-groups-normalized-cidr
Jun 26 01:32:25.835863 np0000183025 devstack@neutron-api.service[103391]: INFO neutron.quota.resource_registry [None req-c98c376f-f145-4f6f-beac-6988ccf61985 None None] Creating instance of TrackedResource for resource:subnetpool
Jun 26 01:32:25.835941 np0000183025 devstack@neutron-api.service[103389]: DEBUG neutron.api.extensions [None req-9c781107-4ea3-46ed-a901-a8648bf1f050 None None] Loading extension file: security_groups_port_filtering.py {{(pid=103389) _load_all_extensions_from_path /opt/stack/neutron/neutron/api/extensions.py:449}}
Jun 26 01:32:25.836030 np0000183025 devstack@neutron-api.service[103388]: DEBUG neutron.api.extensions [None req-f8da56e9-8d9a-4fca-9218-aad26de674de None None] Extended resource: flavors {{(pid=103388) __init__ /opt/stack/neutron/neutron/api/extensions.py:156}}
Jun 26 01:32:25.836152 np0000183025 devstack@neutron-api.service[103391]: WARNING neutron.quota.resource_registry [None req-c98c376f-f145-4f6f-beac-6988ccf61985 None None] subnetpool is already registered
Jun 26 01:32:25.836230 np0000183025 devstack@neutron-api.service[103389]: DEBUG neutron.api.extensions [None req-9c781107-4ea3-46ed-a901-a8648bf1f050 None None] Ext name="Port filtering on security groups" alias="port-security-groups-filtering" description="Provides security groups filtering when listing ports" updated="2018-01-09T09:00:00-00:00" {{(pid=103389) _check_extension /opt/stack/neutron/neutron/api/extensions.py:415}}
Jun 26 01:32:25.836230 np0000183025 devstack@neutron-api.service[103389]: INFO neutron.api.extensions [None req-9c781107-4ea3-46ed-a901-a8648bf1f050 None None] Extension port-security-groups-filtering not supported by any of loaded plugins
Jun 26 01:32:25.836342 np0000183025 devstack@neutron-api.service[103391]: DEBUG neutron.api.v2.resource_helper [None req-c98c376f-f145-4f6f-beac-6988ccf61985 None None] Service CORE assigned prefix: {{(pid=103391) build_resource_info /opt/stack/neutron/neutron/api/v2/resource_helper.py:77}}
Jun 26 01:32:25.836553 np0000183025 devstack@neutron-api.service[103389]: DEBUG neutron.api.extensions [None req-9c781107-4ea3-46ed-a901-a8648bf1f050 None None] Loading extension file: security_groups_remote_address_group.py {{(pid=103389) _load_all_extensions_from_path /opt/stack/neutron/neutron/api/extensions.py:449}}
Jun 26 01:32:25.836672 np0000183025 devstack@neutron-api.service[103391]: INFO neutron.quota.resource_registry [None req-c98c376f-f145-4f6f-beac-6988ccf61985 None None] Creating instance of TrackedResource for resource:subnetpool
Jun 26 01:32:25.836759 np0000183025 devstack@neutron-api.service[103388]: DEBUG neutron.api.extensions [None req-f8da56e9-8d9a-4fca-9218-aad26de674de None None] Extended resource: service_profiles {{(pid=103388) __init__ /opt/stack/neutron/neutron/api/extensions.py:156}}
Jun 26 01:32:25.837085 np0000183025 devstack@neutron-api.service[103391]: WARNING neutron.quota.resource_registry [None req-c98c376f-f145-4f6f-beac-6988ccf61985 None None] subnetpool is already registered
Jun 26 01:32:25.837169 np0000183025 devstack@neutron-api.service[103389]: DEBUG neutron.api.extensions [None req-9c781107-4ea3-46ed-a901-a8648bf1f050 None None] Ext name="Remote address group id field for security group rules" alias="security-groups-remote-address-group" description="Add new field of remote address group id in SG rules" updated="2020-08-25T10:00:00-00:00" {{(pid=103389) _check_extension /opt/stack/neutron/neutron/api/extensions.py:415}}
Jun 26 01:32:25.837169 np0000183025 devstack@neutron-api.service[103389]: INFO neutron.api.extensions [None req-9c781107-4ea3-46ed-a901-a8648bf1f050 None None] Loaded extension: security-groups-remote-address-group
Jun 26 01:32:25.837169 np0000183025 devstack@neutron-api.service[103389]: DEBUG neutron.api.extensions [None req-9c781107-4ea3-46ed-a901-a8648bf1f050 None None] Loading extension file: security_groups_rules_belongs_to_default_sg.py {{(pid=103389) _load_all_extensions_from_path /opt/stack/neutron/neutron/api/extensions.py:449}}
Jun 26 01:32:25.837311 np0000183025 devstack@neutron-api.service[103391]: DEBUG neutron.api.extensions [None req-c98c376f-f145-4f6f-beac-6988ccf61985 None None] Extended resource: extensions {{(pid=103391) __init__ /opt/stack/neutron/neutron/api/extensions.py:156}}
Jun 26 01:32:25.837398 np0000183025 devstack@neutron-api.service[103388]: DEBUG neutron.api.extensions [None req-f8da56e9-8d9a-4fca-9218-aad26de674de None None] Extended resource: next_providers {{(pid=103388) __init__ /opt/stack/neutron/neutron/api/extensions.py:156}}
Jun 26 01:32:25.837528 np0000183025 devstack@neutron-api.service[103389]: DEBUG neutron.api.extensions [None req-9c781107-4ea3-46ed-a901-a8648bf1f050 None None] Ext name="Security group rule belongs to the project's default security group" alias="security-groups-rules-belongs-to-default-sg" description="Flag to determine if the security group rule belongs to the project's default security group" updated="2023-05-23T10:00:00-00:00" {{(pid=103389) _check_extension /opt/stack/neutron/neutron/api/extensions.py:415}}
Jun 26 01:32:25.837528 np0000183025 devstack@neutron-api.service[103389]: INFO neutron.api.extensions [None req-9c781107-4ea3-46ed-a901-a8648bf1f050 None None] Loaded extension: security-groups-rules-belongs-to-default-sg
Jun 26 01:32:25.837528 np0000183025 devstack@neutron-api.service[103389]: DEBUG neutron.api.extensions [None req-9c781107-4ea3-46ed-a901-a8648bf1f050 None None] Loading extension file: security_groups_shared_filtering.py {{(pid=103389) _load_all_extensions_from_path /opt/stack/neutron/neutron/api/extensions.py:449}}
Jun 26 01:32:25.837528 np0000183025 devstack@neutron-api.service[103389]: DEBUG neutron.api.extensions [None req-9c781107-4ea3-46ed-a901-a8648bf1f050 None None] Ext name="Security group filtering on the shared field" alias="security-groups-shared-filtering" description="Support filtering security groups on the shared field" updated="2021-10-05T09:00:00-00:00" {{(pid=103389) _check_extension /opt/stack/neutron/neutron/api/extensions.py:415}}
Jun 26 01:32:25.837697 np0000183025 devstack@neutron-api.service[103388]: DEBUG neutron.api.extensions [None req-f8da56e9-8d9a-4fca-9218-aad26de674de None None] Extended resource: service_profiles {{(pid=103388) __init__ /opt/stack/neutron/neutron/api/extensions.py:156}}
Jun 26 01:32:25.837903 np0000183025 devstack@neutron-api.service[103389]: INFO neutron.api.extensions [None req-9c781107-4ea3-46ed-a901-a8648bf1f050 None None] Loaded extension: security-groups-shared-filtering
Jun 26 01:32:25.837998 np0000183025 devstack@neutron-api.service[103391]: DEBUG neutron.api.extensions [None req-c98c376f-f145-4f6f-beac-6988ccf61985 None None] Extended resource: address-groups {{(pid=103391) __init__ /opt/stack/neutron/neutron/api/extensions.py:156}}
Jun 26 01:32:25.838127 np0000183025 devstack@neutron-api.service[103389]: DEBUG neutron.api.extensions [None req-9c781107-4ea3-46ed-a901-a8648bf1f050 None None] Loading extension file: securitygroup.py {{(pid=103389) _load_all_extensions_from_path /opt/stack/neutron/neutron/api/extensions.py:449}}
Jun 26 01:32:25.838223 np0000183025 devstack@neutron-api.service[103388]: DEBUG neutron.api.extensions [None req-f8da56e9-8d9a-4fca-9218-aad26de674de None None] Extended resource: floatingip-pools {{(pid=103388) __init__ /opt/stack/neutron/neutron/api/extensions.py:156}}
Jun 26 01:32:25.838330 np0000183025 devstack@neutron-api.service[103391]: DEBUG neutron.api.extensions [None req-c98c376f-f145-4f6f-beac-6988ccf61985 None None] Extended resource: address-scopes {{(pid=103391) __init__ /opt/stack/neutron/neutron/api/extensions.py:156}}
Jun 26 01:32:25.838698 np0000183025 devstack@neutron-api.service[103388]: DEBUG neutron.api.extensions [None req-f8da56e9-8d9a-4fca-9218-aad26de674de None None] Extended resource: routers {{(pid=103388) __init__ /opt/stack/neutron/neutron/api/extensions.py:156}}
Jun 26 01:32:25.838757 np0000183025 devstack@neutron-api.service[103391]: DEBUG neutron.api.extensions [None req-c98c376f-f145-4f6f-beac-6988ccf61985 None None] Extended resource: agents {{(pid=103391) __init__ /opt/stack/neutron/neutron/api/extensions.py:156}}
Jun 26 01:32:25.839296 np0000183025 devstack@neutron-api.service[103391]: DEBUG neutron.api.extensions [None req-c98c376f-f145-4f6f-beac-6988ccf61985 None None] Extended resource: auto-allocated-topology {{(pid=103391) __init__ /opt/stack/neutron/neutron/api/extensions.py:156}}
Jun 26 01:32:25.839472 np0000183025 devstack@neutron-api.service[103389]: DEBUG neutron.api.extensions [None req-9c781107-4ea3-46ed-a901-a8648bf1f050 None None] Ext name="security-group" alias="security-group" description="The security groups extension." updated="2012-10-05T10:00:00-00:00" {{(pid=103389) _check_extension /opt/stack/neutron/neutron/api/extensions.py:415}}
Jun 26 01:32:25.839674 np0000183025 devstack@neutron-api.service[103388]: DEBUG neutron.api.extensions [None req-f8da56e9-8d9a-4fca-9218-aad26de674de None None] Extended resource: floatingips {{(pid=103388) __init__ /opt/stack/neutron/neutron/api/extensions.py:156}}
Jun 26 01:32:25.839758 np0000183025 devstack@neutron-api.service[103389]: INFO neutron.api.extensions [None req-9c781107-4ea3-46ed-a901-a8648bf1f050 None None] Loaded extension: security-group
Jun 26 01:32:25.839758 np0000183025 devstack@neutron-api.service[103389]: DEBUG neutron.api.extensions [None req-9c781107-4ea3-46ed-a901-a8648bf1f050 None None] Loading extension file: segment.py {{(pid=103389) _load_all_extensions_from_path /opt/stack/neutron/neutron/api/extensions.py:449}}
Jun 26 01:32:25.839869 np0000183025 devstack@neutron-api.service[103391]: DEBUG neutron.api.extensions [None req-c98c376f-f145-4f6f-beac-6988ccf61985 None None] Extended resource: availability_zones {{(pid=103391) __init__ /opt/stack/neutron/neutron/api/extensions.py:156}}
Jun 26 01:32:25.840047 np0000183025 devstack@neutron-api.service[103389]: DEBUG neutron.api.extensions [None req-9c781107-4ea3-46ed-a901-a8648bf1f050 None None] Ext name="Segment" alias="segment" description="Segments extension." updated="2016-02-24T17:00:00-00:00" {{(pid=103389) _check_extension /opt/stack/neutron/neutron/api/extensions.py:415}}
Jun 26 01:32:25.840223 np0000183025 devstack@neutron-api.service[103389]: INFO neutron.api.extensions [None req-9c781107-4ea3-46ed-a901-a8648bf1f050 None None] Extension segment not supported by any of loaded plugins
Jun 26 01:32:25.840314 np0000183025 devstack@neutron-api.service[103389]: DEBUG neutron.api.extensions [None req-9c781107-4ea3-46ed-a901-a8648bf1f050 None None] Loading extension file: segments_peer_subnet_host_routes.py {{(pid=103389) _load_all_extensions_from_path /opt/stack/neutron/neutron/api/extensions.py:449}}
Jun 26 01:32:25.840433 np0000183025 devstack@neutron-api.service[103391]: DEBUG neutron.api.extensions [None req-c98c376f-f145-4f6f-beac-6988ccf61985 None None] Extended resource: dhcp-networks {{(pid=103391) __init__ /opt/stack/neutron/neutron/api/extensions.py:156}}
Jun 26 01:32:25.840535 np0000183025 devstack@neutron-api.service[103389]: DEBUG neutron.api.extensions [None req-9c781107-4ea3-46ed-a901-a8648bf1f050 None None] Ext name="Segments peer-subnet host routes" alias="segments-peer-subnet-host-routes" description="Add host routes to subnets on a routed network (segments)" updated="2018-06-12T10:00:00-00:00" {{(pid=103389) _check_extension /opt/stack/neutron/neutron/api/extensions.py:415}}
Jun 26 01:32:25.840881 np0000183025 devstack@neutron-api.service[103389]: INFO neutron.api.extensions [None req-9c781107-4ea3-46ed-a901-a8648bf1f050 None None] Extension segments-peer-subnet-host-routes not supported by any of loaded plugins
Jun 26 01:32:25.841003 np0000183025 devstack@neutron-api.service[103389]: DEBUG neutron.api.extensions [None req-9c781107-4ea3-46ed-a901-a8648bf1f050 None None] Loading extension file: servicetype.py {{(pid=103389) _load_all_extensions_from_path /opt/stack/neutron/neutron/api/extensions.py:449}}
Jun 26 01:32:25.841091 np0000183025 devstack@neutron-api.service[103388]: DEBUG neutron.api.extensions [None req-f8da56e9-8d9a-4fca-9218-aad26de674de None None] Extended resource: l3-routers {{(pid=103388) __init__ /opt/stack/neutron/neutron/api/extensions.py:156}}
Jun 26 01:32:25.841209 np0000183025 devstack@neutron-api.service[103391]: DEBUG neutron.api.extensions [None req-c98c376f-f145-4f6f-beac-6988ccf61985 None None] Extended resource: dhcp-agents {{(pid=103391) __init__ /opt/stack/neutron/neutron/api/extensions.py:156}}
Jun 26 01:32:25.841306 np0000183025 devstack@neutron-api.service[103389]: DEBUG neutron.api.extensions [None req-9c781107-4ea3-46ed-a901-a8648bf1f050 None None] Ext name="Neutron Service Type Management" alias="service-type" description="API for retrieving service providers for Neutron advanced services" updated="2013-01-20T00:00:00-00:00" {{(pid=103389) _check_extension /opt/stack/neutron/neutron/api/extensions.py:415}}
Jun 26 01:32:25.841418 np0000183025 devstack@neutron-api.service[103389]: INFO neutron.api.extensions [None req-9c781107-4ea3-46ed-a901-a8648bf1f050 None None] Loaded extension: service-type
Jun 26 01:32:25.841418 np0000183025 devstack@neutron-api.service[103389]: DEBUG neutron.api.extensions [None req-9c781107-4ea3-46ed-a901-a8648bf1f050 None None] Loading extension file: sorting.py {{(pid=103389) _load_all_extensions_from_path /opt/stack/neutron/neutron/api/extensions.py:449}}
Jun 26 01:32:25.841618 np0000183025 devstack@neutron-api.service[103388]: DEBUG neutron.api.extensions [None req-f8da56e9-8d9a-4fca-9218-aad26de674de None None] Extended resource: l3-agents {{(pid=103388) __init__ /opt/stack/neutron/neutron/api/extensions.py:156}}
Jun 26 01:32:25.841708 np0000183025 devstack@neutron-api.service[103389]: DEBUG neutron.api.extensions [None req-9c781107-4ea3-46ed-a901-a8648bf1f050 None None] Ext name="Sorting support" alias="sorting" description="Extension that indicates that sorting is enabled." updated="2016-06-12T00:00:00-00:00" {{(pid=103389) _check_extension /opt/stack/neutron/neutron/api/extensions.py:415}}
Jun 26 01:32:25.841828 np0000183025 devstack@neutron-api.service[103389]: INFO neutron.api.extensions [None req-9c781107-4ea3-46ed-a901-a8648bf1f050 None None] Loaded extension: sorting
Jun 26 01:32:25.841918 np0000183025 devstack@neutron-api.service[103391]: DEBUG neutron.api.extensions [None req-c98c376f-f145-4f6f-beac-6988ccf61985 None None] Extended resource: routers {{(pid=103391) __init__ /opt/stack/neutron/neutron/api/extensions.py:156}}
Jun 26 01:32:25.842038 np0000183025 devstack@neutron-api.service[103389]: DEBUG neutron.api.extensions [None req-9c781107-4ea3-46ed-a901-a8648bf1f050 None None] Loading extension file: standard_attr_segment.py {{(pid=103389) _load_all_extensions_from_path /opt/stack/neutron/neutron/api/extensions.py:449}}
Jun 26 01:32:25.842136 np0000183025 devstack@neutron-api.service[103389]: DEBUG neutron.api.extensions [None req-9c781107-4ea3-46ed-a901-a8648bf1f050 None None] Ext name="Standard Attribute Segment Extension" alias="standard-attr-segment" description="Add standard attributes to Segment resource" updated="2018-04-09T10:00:00-00:00" {{(pid=103389) _check_extension /opt/stack/neutron/neutron/api/extensions.py:415}}
Jun 26 01:32:25.842262 np0000183025 devstack@neutron-api.service[103389]: INFO neutron.api.extensions [None req-9c781107-4ea3-46ed-a901-a8648bf1f050 None None] Extension standard-attr-segment not supported by any of loaded plugins
Jun 26 01:32:25.842344 np0000183025 devstack@neutron-api.service[103388]: DEBUG neutron.api.extensions [None req-f8da56e9-8d9a-4fca-9218-aad26de674de None None] Extended resource: network-ip-availabilities {{(pid=103388) __init__ /opt/stack/neutron/neutron/api/extensions.py:156}}
Jun 26 01:32:25.842431 np0000183025 devstack@neutron-api.service[103389]: DEBUG neutron.api.extensions [None req-9c781107-4ea3-46ed-a901-a8648bf1f050 None None] Loading extension file: standardattrdescription.py {{(pid=103389) _load_all_extensions_from_path /opt/stack/neutron/neutron/api/extensions.py:449}}
Jun 26 01:32:25.842740 np0000183025 devstack@neutron-api.service[103389]: DEBUG neutron.api.extensions [None req-9c781107-4ea3-46ed-a901-a8648bf1f050 None None] Ext name="standard-attr-description" alias="standard-attr-description" description="Extension to add descriptions to standard attributes" updated="2016-02-10T10:00:00-00:00" {{(pid=103389) _check_extension /opt/stack/neutron/neutron/api/extensions.py:415}}
Jun 26 01:32:25.842846 np0000183025 devstack@neutron-api.service[103391]: DEBUG neutron.api.extensions [None req-c98c376f-f145-4f6f-beac-6988ccf61985 None None] Extended resource: flavors {{(pid=103391) __init__ /opt/stack/neutron/neutron/api/extensions.py:156}}
Jun 26 01:32:25.842946 np0000183025 devstack@neutron-api.service[103389]: INFO neutron.api.extensions [None req-9c781107-4ea3-46ed-a901-a8648bf1f050 None None] Loaded extension: standard-attr-description
Jun 26 01:32:25.843046 np0000183025 devstack@neutron-api.service[103388]: DEBUG neutron.api.extensions [None req-f8da56e9-8d9a-4fca-9218-aad26de674de None None] Extended resource: network-ip-availabilities {{(pid=103388) __init__ /opt/stack/neutron/neutron/api/extensions.py:156}}
Jun 26 01:32:25.843155 np0000183025 devstack@neutron-api.service[103389]: DEBUG neutron.api.extensions [None req-9c781107-4ea3-46ed-a901-a8648bf1f050 None None] Loading extension file: stateful_security_group.py {{(pid=103389) _load_all_extensions_from_path /opt/stack/neutron/neutron/api/extensions.py:449}}
Jun 26 01:32:25.843253 np0000183025 devstack@neutron-api.service[103389]: DEBUG neutron.api.extensions [None req-9c781107-4ea3-46ed-a901-a8648bf1f050 None None] Ext name="Stateful security group" alias="stateful-security-group" description="Indicates if the security group is stateful or not" updated="2019-11-26T09:00:00-00:00" {{(pid=103389) _check_extension /opt/stack/neutron/neutron/api/extensions.py:415}}
Jun 26 01:32:25.843349 np0000183025 devstack@neutron-api.service[103391]: DEBUG neutron.api.extensions [None req-c98c376f-f145-4f6f-beac-6988ccf61985 None None] Extended resource: service_profiles {{(pid=103391) __init__ /opt/stack/neutron/neutron/api/extensions.py:156}}
Jun 26 01:32:25.843437 np0000183025 devstack@neutron-api.service[103389]: INFO neutron.api.extensions [None req-9c781107-4ea3-46ed-a901-a8648bf1f050 None None] Loaded extension: stateful-security-group
Jun 26 01:32:25.843437 np0000183025 devstack@neutron-api.service[103389]: DEBUG neutron.api.extensions [None req-9c781107-4ea3-46ed-a901-a8648bf1f050 None None] Loading extension file: stdattrs_common.py {{(pid=103389) _load_all_extensions_from_path /opt/stack/neutron/neutron/api/extensions.py:449}}
Jun 26 01:32:25.843571 np0000183025 devstack@neutron-api.service[103388]: DEBUG neutron.api.extensions [None req-f8da56e9-8d9a-4fca-9218-aad26de674de None None] Extended resource: bindings {{(pid=103388) __init__ /opt/stack/neutron/neutron/api/extensions.py:156}}
Jun 26 01:32:25.843718 np0000183025 devstack@neutron-api.service[103389]: WARNING neutron.api.extensions [None req-9c781107-4ea3-46ed-a901-a8648bf1f050 None None] Did not find expected name "Stdattrs_common" in /opt/stack/neutron/neutron/extensions/stdattrs_common.py
Jun 26 01:32:25.843817 np0000183025 devstack@neutron-api.service[103389]: DEBUG neutron.api.extensions [None req-9c781107-4ea3-46ed-a901-a8648bf1f050 None None] Loading extension file: subnet_dns_publish_fixed_ip.py {{(pid=103389) _load_all_extensions_from_path /opt/stack/neutron/neutron/api/extensions.py:449}}
Jun 26 01:32:25.843965 np0000183025 devstack@neutron-api.service[103391]: DEBUG neutron.api.extensions [None req-c98c376f-f145-4f6f-beac-6988ccf61985 None None] Extended resource: next_providers {{(pid=103391) __init__ /opt/stack/neutron/neutron/api/extensions.py:156}}
Jun 26 01:32:25.844053 np0000183025 devstack@neutron-api.service[103389]: DEBUG neutron.api.extensions [None req-9c781107-4ea3-46ed-a901-a8648bf1f050 None None] Ext name="Subnet DNS publish fixed IP" alias="subnet-dns-publish-fixed-ip" description="Support choosing to publish DNS records for IPs from a subnet" updated="2019-05-24T10:00:00-00:00" {{(pid=103389) _check_extension /opt/stack/neutron/neutron/api/extensions.py:415}}
Jun 26 01:32:25.844187 np0000183025 devstack@neutron-api.service[103389]: INFO neutron.api.extensions [None req-9c781107-4ea3-46ed-a901-a8648bf1f050 None None] Loaded extension: subnet-dns-publish-fixed-ip
Jun 26 01:32:25.844270 np0000183025 devstack@neutron-api.service[103388]: DEBUG neutron.api.extensions [None req-f8da56e9-8d9a-4fca-9218-aad26de674de None None] Extended resource: quotas {{(pid=103388) __init__ /opt/stack/neutron/neutron/api/extensions.py:156}}
Jun 26 01:32:25.844359 np0000183025 devstack@neutron-api.service[103389]: DEBUG neutron.api.extensions [None req-9c781107-4ea3-46ed-a901-a8648bf1f050 None None] Loading extension file: subnet_external_network.py {{(pid=103389) _load_all_extensions_from_path /opt/stack/neutron/neutron/api/extensions.py:449}}
Jun 26 01:32:25.844502 np0000183025 devstack@neutron-api.service[103389]: DEBUG neutron.api.extensions [None req-9c781107-4ea3-46ed-a901-a8648bf1f050 None None] Ext name="Subnet belongs to an external network" alias="subnet-external-network" description="Informs if the subnet belongs to an external network" updated="2024-02-05T18:00:00-00:00" {{(pid=103389) _check_extension /opt/stack/neutron/neutron/api/extensions.py:415}}
Jun 26 01:32:25.844605 np0000183025 devstack@neutron-api.service[103391]: DEBUG neutron.api.extensions [None req-c98c376f-f145-4f6f-beac-6988ccf61985 None None] Extended resource: service_profiles {{(pid=103391) __init__ /opt/stack/neutron/neutron/api/extensions.py:156}}
Jun 26 01:32:25.844898 np0000183025 devstack@neutron-api.service[103389]: INFO neutron.api.extensions [None req-9c781107-4ea3-46ed-a901-a8648bf1f050 None None] Loaded extension: subnet-external-network
Jun 26 01:32:25.844898 np0000183025 devstack@neutron-api.service[103389]: DEBUG neutron.api.extensions [None req-9c781107-4ea3-46ed-a901-a8648bf1f050 None None] Loading extension file: subnet_onboard.py {{(pid=103389) _load_all_extensions_from_path /opt/stack/neutron/neutron/api/extensions.py:449}}
Jun 26 01:32:25.845005 np0000183025 devstack@neutron-api.service[103388]: DEBUG neutron.api.extensions [None req-f8da56e9-8d9a-4fca-9218-aad26de674de None None] Extended resource: quotas {{(pid=103388) __init__ /opt/stack/neutron/neutron/api/extensions.py:156}}
Jun 26 01:32:25.845086 np0000183025 devstack@neutron-api.service[103389]: DEBUG neutron.api.extensions [None req-9c781107-4ea3-46ed-a901-a8648bf1f050 None None] Ext name="Subnet Onboard" alias="subnet_onboard" description="Provides support for onboarding subnets into subnet pools" updated="2018-12-18T09:00:00-00:00" {{(pid=103389) _check_extension /opt/stack/neutron/neutron/api/extensions.py:415}}
Jun 26 01:32:25.845194 np0000183025 devstack@neutron-api.service[103389]: INFO neutron.api.extensions [None req-9c781107-4ea3-46ed-a901-a8648bf1f050 None None] Loaded extension: subnet_onboard
Jun 26 01:32:25.845278 np0000183025 devstack@neutron-api.service[103391]: DEBUG neutron.api.extensions [None req-c98c376f-f145-4f6f-beac-6988ccf61985 None None] Extended resource: floatingip-pools {{(pid=103391) __init__ /opt/stack/neutron/neutron/api/extensions.py:156}}
Jun 26 01:32:25.845364 np0000183025 devstack@neutron-api.service[103389]: DEBUG neutron.api.extensions [None req-9c781107-4ea3-46ed-a901-a8648bf1f050 None None] Loading extension file: subnet_segmentid_writable.py {{(pid=103389) _load_all_extensions_from_path /opt/stack/neutron/neutron/api/extensions.py:449}}
Jun 26 01:32:25.845477 np0000183025 devstack@neutron-api.service[103389]: DEBUG neutron.api.extensions [None req-9c781107-4ea3-46ed-a901-a8648bf1f050 None None] Ext name="Subnet SegmentID (writable)" alias="subnet-segmentid-writable" description="Provides a writable segment_id attribute for a subnet resource." updated="2018-03-12T00:00:00-00:00" {{(pid=103389) _check_extension /opt/stack/neutron/neutron/api/extensions.py:415}}
Jun 26 01:32:25.845639 np0000183025 devstack@neutron-api.service[103388]: DEBUG neutron.api.extensions [None req-f8da56e9-8d9a-4fca-9218-aad26de674de None None] Extended resource: rbac-policies {{(pid=103388) __init__ /opt/stack/neutron/neutron/api/extensions.py:156}}
Jun 26 01:32:25.845718 np0000183025 devstack@neutron-api.service[103389]: INFO neutron.api.extensions [None req-9c781107-4ea3-46ed-a901-a8648bf1f050 None None] Extension subnet-segmentid-writable not supported by any of loaded plugins
Jun 26 01:32:25.845718 np0000183025 devstack@neutron-api.service[103389]: DEBUG neutron.api.extensions [None req-9c781107-4ea3-46ed-a901-a8648bf1f050 None None] Loading extension file: subnet_service_types.py {{(pid=103389) _load_all_extensions_from_path /opt/stack/neutron/neutron/api/extensions.py:449}}
Jun 26 01:32:25.845826 np0000183025 devstack@neutron-api.service[103391]: DEBUG neutron.api.extensions [None req-c98c376f-f145-4f6f-beac-6988ccf61985 None None] Extended resource: routers {{(pid=103391) __init__ /opt/stack/neutron/neutron/api/extensions.py:156}}
Jun 26 01:32:25.845974 np0000183025 devstack@neutron-api.service[103389]: DEBUG neutron.api.extensions [None req-9c781107-4ea3-46ed-a901-a8648bf1f050 None None] Ext name="Subnet service types" alias="subnet-service-types" description="Provides ability to set the subnet service_types field" updated="2016-03-15T18:00:00-00:00" {{(pid=103389) _check_extension /opt/stack/neutron/neutron/api/extensions.py:415}}
Jun 26 01:32:25.846129 np0000183025 devstack@neutron-api.service[103389]: INFO neutron.api.extensions [None req-9c781107-4ea3-46ed-a901-a8648bf1f050 None None] Loaded extension: subnet-service-types
Jun 26 01:32:25.846214 np0000183025 devstack@neutron-api.service[103388]: DEBUG neutron.api.extensions [None req-f8da56e9-8d9a-4fca-9218-aad26de674de None None] Extended resource: default-security-group-rules {{(pid=103388) __init__ /opt/stack/neutron/neutron/api/extensions.py:156}}
Jun 26 01:32:25.846306 np0000183025 devstack@neutron-api.service[103389]: DEBUG neutron.api.extensions [None req-9c781107-4ea3-46ed-a901-a8648bf1f050 None None] Loading extension file: subnetallocation.py {{(pid=103389) _load_all_extensions_from_path /opt/stack/neutron/neutron/api/extensions.py:449}}
Jun 26 01:32:25.846450 np0000183025 devstack@neutron-api.service[103389]: DEBUG neutron.api.extensions [None req-9c781107-4ea3-46ed-a901-a8648bf1f050 None None] Ext name="Subnet Allocation" alias="subnet_allocation" description="Enables allocation of subnets from a subnet pool" updated="2015-03-30T10:00:00-00:00" {{(pid=103389) _check_extension /opt/stack/neutron/neutron/api/extensions.py:415}}
Jun 26 01:32:25.846620 np0000183025 devstack@neutron-api.service[103389]: INFO neutron.api.extensions [None req-9c781107-4ea3-46ed-a901-a8648bf1f050 None None] Loaded extension: subnet_allocation
Jun 26 01:32:25.846733 np0000183025 devstack@neutron-api.service[103391]: DEBUG neutron.api.extensions [None req-c98c376f-f145-4f6f-beac-6988ccf61985 None None] Extended resource: floatingips {{(pid=103391) __init__ /opt/stack/neutron/neutron/api/extensions.py:156}}
Jun 26 01:32:25.846813 np0000183025 devstack@neutron-api.service[103389]: DEBUG neutron.api.extensions [None req-9c781107-4ea3-46ed-a901-a8648bf1f050 None None] Loading extension file: subnetpool_prefix_ops.py {{(pid=103389) _load_all_extensions_from_path /opt/stack/neutron/neutron/api/extensions.py:449}}
Jun 26 01:32:25.846896 np0000183025 devstack@neutron-api.service[103388]: DEBUG neutron.api.extensions [None req-f8da56e9-8d9a-4fca-9218-aad26de674de None None] Extended resource: security-groups-default-statefulness {{(pid=103388) __init__ /opt/stack/neutron/neutron/api/extensions.py:156}}
Jun 26 01:32:25.846985 np0000183025 devstack@neutron-api.service[103389]: DEBUG neutron.api.extensions [None req-9c781107-4ea3-46ed-a901-a8648bf1f050 None None] Ext name="Subnet Pool Prefix Operations" alias="subnetpool-prefix-ops" description="Provides support for adjusting the prefix list of subnet pools" updated="2019-02-08T10:00:00-00:00" {{(pid=103389) _check_extension /opt/stack/neutron/neutron/api/extensions.py:415}}
Jun 26 01:32:25.847126 np0000183025 devstack@neutron-api.service[103389]: INFO neutron.api.extensions [None req-9c781107-4ea3-46ed-a901-a8648bf1f050 None None] Loaded extension: subnetpool-prefix-ops
Jun 26 01:32:25.847236 np0000183025 devstack@neutron-api.service[103391]: DEBUG neutron.api.extensions [None req-c98c376f-f145-4f6f-beac-6988ccf61985 None None] Extended resource: l3-routers {{(pid=103391) __init__ /opt/stack/neutron/neutron/api/extensions.py:156}}
Jun 26 01:32:25.847318 np0000183025 devstack@neutron-api.service[103389]: DEBUG neutron.api.extensions [None req-9c781107-4ea3-46ed-a901-a8648bf1f050 None None] Loading extension file: tag_creation.py {{(pid=103389) _load_all_extensions_from_path /opt/stack/neutron/neutron/api/extensions.py:449}}
Jun 26 01:32:25.847414 np0000183025 devstack@neutron-api.service[103388]: DEBUG neutron.api.extensions [None req-f8da56e9-8d9a-4fca-9218-aad26de674de None None] Extended resource: security-groups {{(pid=103388) __init__ /opt/stack/neutron/neutron/api/extensions.py:156}}
