Jun 26 01:32:26.225028 np0000183025 devstack@neutron-api.service[103391]: WSGI app 0 (mountpoint='') ready in 7 seconds on interpreter 0x787b73ea3668 pid: 103391 (default app)
Jun 26 01:32:26.231438 np0000183025 devstack@neutron-api.service[103388]: DEBUG oslo_concurrency.processutils [None req-f8da56e9-8d9a-4fca-9218-aad26de674de None None] CMD "ovsdb-client transact ssl:199.204.45.216:6641 --timeout 180 -p /opt/stack/data/CA/int-ca/private/devstack-cert.key -c /opt/stack/data/CA/int-ca/devstack-cert.crt -C /opt/stack/data/CA/int-ca/ca-chain.pem ["OVN_Northbound", {"op": "wait", "timeout": 0, "table": "Port_Group", "where": [["name", "==", "pvlan_pg_drop"]], "until": "==", "rows": []}, {"op": "insert", "table": "ACL", "row": {"action": "drop", "direction": "to-lport", "match": "outport == @pvlan_pg_drop && ip", "priority": 1010}, "uuid-name": "pvlandroptoport"}, {"op": "insert", "table": "ACL", "row": {"action": "drop", "direction": "from-lport", "match": "inport == @pvlan_pg_drop && ip", "priority": 1010}, "uuid-name": "pvlandropfromport"}, {"op": "insert", "table": "Port_Group", "row": {"name": "pvlan_pg_drop", "acls": ["set", [["named-uuid", "pvlandroptoport"], ["named-uuid", "pvlandropfromport"]]]}}]" returned: 0 in 0.036s {{(pid=103388) execute /opt/stack/data/venv/lib/python3.12/site-packages/oslo_concurrency/processutils.py:468}}
Jun 26 01:32:26.234832 np0000183025 devstack@neutron-api.service[103388]: WSGI app 0 (mountpoint='') ready in 7 seconds on interpreter 0x787b73ea3668 pid: 103388 (default app)
Jun 26 01:32:28.428576 np0000183025 devstack@neutron-api.service[103390]: DEBUG neutron.common.ovn.hash_ring_manager [-] Allow caching, nodes 4>=4 {{(pid=103390) _wait_startup_before_caching /opt/stack/neutron/neutron/common/ovn/hash_ring_manager.py:71}}
Jun 26 01:32:28.428871 np0000183025 devstack@neutron-api.service[103390]: DEBUG neutron.plugins.ml2.drivers.ovn.mech_driver.ovsdb.ovsdb_monitor [-] Hash Ring: Node 77990332a0e7517f91c6d8ccbe70fef8 (host: np0000183025) handling event "update" for row a9e2eef9-d6de-4f94-99c0-405b46991013 (table: Connection) {{(pid=103390) notify /opt/stack/neutron/neutron/plugins/ml2/drivers/ovn/mech_driver/ovsdb/ovsdb_monitor.py:1015}}
Jun 26 01:32:30.952946 np0000183025 devstack@neutron-api.service[103390]: DEBUG neutron.plugins.ml2.drivers.ovn.mech_driver.ovsdb.ovsdb_monitor [-] Hash Ring: Node 77990332a0e7517f91c6d8ccbe70fef8 (host: np0000183025) handling event "update" for row a9e2eef9-d6de-4f94-99c0-405b46991013 (table: Connection) {{(pid=103390) notify /opt/stack/neutron/neutron/plugins/ml2/drivers/ovn/mech_driver/ovsdb/ovsdb_monitor.py:1015}}
Jun 26 01:32:32.376850 np0000183025 devstack@neutron-api.service[103390]: DEBUG neutron.api.wsgi [None req-1bf27440-c53d-4d54-a447-fad57292f6e7 admin admin] Missing Content-Type {{(pid=103390) get_content_type /opt/stack/neutron/neutron/api/wsgi.py:80}}
Jun 26 01:32:32.377497 np0000183025 devstack@neutron-api.service[103390]: DEBUG neutron.api.wsgi [None req-1bf27440-c53d-4d54-a447-fad57292f6e7 admin admin] https://199.204.45.216/networking/v2.0/extensions returned with HTTP 200 {{(pid=103390) __call__ /opt/stack/neutron/neutron/api/wsgi.py:540}}
Jun 26 01:32:32.377497 np0000183025 devstack@neutron-api.service[103390]: [pid: 103390|app: 0|req: 2/2] 199.204.45.216 () {64 vars in 1323 bytes} [Fri Jun 26 01:32:31 2026] GET /networking/v2.0/extensions => generated 16171 bytes in 445 msecs (HTTP/1.1 200) 4 headers in 159 bytes (1 switches on core 0)
Jun 26 01:32:32.788777 np0000183025 devstack@neutron-api.service[103389]: DEBUG neutron.api.v2.base [None req-3d430243-5685-4e3c-a4a6-7b573321b47f admin admin] Request body: {'subnetpool': {'shared': True, 'default_prefixlen': 26, 'name': 'shared-default-subnetpool-v4', 'prefixes': ['10.1.0.0/20'], 'is_default': True}} {{(pid=103389) prepare_request_body /opt/stack/neutron/neutron/api/v2/base.py:727}}
Jun 26 01:32:32.994569 np0000183025 devstack@neutron-api.service[103389]: DEBUG neutron.policy [None req-3d430243-5685-4e3c-a4a6-7b573321b47f admin admin] Loaded default policies from ['neutron'] under neutron.policies entry points {{(pid=103389) register_rules /opt/stack/neutron/neutron/policy.py:65}}
Jun 26 01:32:33.145253 np0000183025 devstack@neutron-api.service[103389]: DEBUG neutron_lib.callbacks.manager [None req-3d430243-5685-4e3c-a4a6-7b573321b47f admin admin] Publish callbacks ['neutron.objects.securitygroup.RbacNeutronDbObjectMixin.validate_rbac_policy_change-1734201464603', 'neutron.objects.address_group.RbacNeutronDbObjectMixin.validate_rbac_policy_change-1734201507674', 'neutron.objects.network.RbacNeutronDbObjectMixin.validate_rbac_policy_change-1734201400924', 'neutron.objects.qos.policy.RbacNeutronDbObjectMixin.validate_rbac_policy_change-1734201398107', 'neutron.objects.subnetpool.RbacNeutronDbObjectMixin.validate_rbac_policy_change-1734201377556', 'neutron.objects.address_scope.RbacNeutronDbObjectMixin.validate_rbac_policy_change-1734201397704', 'neutron.plugins.ml2.plugin.External_net_db_mixin._process_ext_policy_create-2064113', 'neutron.plugins.ml2.plugin.NeutronDbPluginV2.validate_network_rbac_policy_change-2043597'] for rbac-policy (None), before_create {{(pid=103389) _notify_loop /opt/stack/data/venv/lib/python3.12/site-packages/neutron_lib/callbacks/manager.py:184}}
Jun 26 01:32:33.197308 np0000183025 devstack@neutron-api.service[103389]: DEBUG neutron_lib.callbacks.manager [None req-3d430243-5685-4e3c-a4a6-7b573321b47f admin admin] Publish callbacks [] for subnetpool (None), before_response {{(pid=103389) _notify_loop /opt/stack/data/venv/lib/python3.12/site-packages/neutron_lib/callbacks/manager.py:184}}
Jun 26 01:32:33.198246 np0000183025 devstack@neutron-api.service[103389]: [pid: 103389|app: 0|req: 1/3] 199.204.45.216 () {68 vars in 1367 bytes} [Fri Jun 26 01:32:32 2026] POST /networking/v2.0/subnetpools => generated 533 bytes in 528 msecs (HTTP/1.1 201) 4 headers in 162 bytes (1 switches on core 0)
Jun 26 01:32:33.531371 np0000183025 devstack@neutron-api.service[103391]: DEBUG neutron.api.v2.base [None req-644cef0f-72d1-418b-9386-fada3b38f0c2 admin admin] Request body: {'subnetpool': {'shared': True, 'default_prefixlen': 64, 'name': 'shared-default-subnetpool-v6', 'prefixes': ['fd02:5cef:330a::/56'], 'is_default': True}} {{(pid=103391) prepare_request_body /opt/stack/neutron/neutron/api/v2/base.py:727}}
Jun 26 01:32:33.710786 np0000183025 devstack@neutron-api.service[103391]: DEBUG neutron.policy [None req-644cef0f-72d1-418b-9386-fada3b38f0c2 admin admin] Loaded default policies from ['neutron'] under neutron.policies entry points {{(pid=103391) register_rules /opt/stack/neutron/neutron/policy.py:65}}
Jun 26 01:32:33.856420 np0000183025 devstack@neutron-api.service[103391]: DEBUG neutron_lib.callbacks.manager [None req-644cef0f-72d1-418b-9386-fada3b38f0c2 admin admin] Publish callbacks ['neutron.objects.securitygroup.RbacNeutronDbObjectMixin.validate_rbac_policy_change-1734201465077', 'neutron.objects.address_group.RbacNeutronDbObjectMixin.validate_rbac_policy_change-1734201557671', 'neutron.objects.network.RbacNeutronDbObjectMixin.validate_rbac_policy_change-1734201433908', 'neutron.objects.qos.policy.RbacNeutronDbObjectMixin.validate_rbac_policy_change-1734201422110', 'neutron.objects.subnetpool.RbacNeutronDbObjectMixin.validate_rbac_policy_change-1734201418943', 'neutron.objects.address_scope.RbacNeutronDbObjectMixin.validate_rbac_policy_change-1734201438434', 'neutron.plugins.ml2.plugin.External_net_db_mixin._process_ext_policy_create-3218826', 'neutron.plugins.ml2.plugin.NeutronDbPluginV2.validate_network_rbac_policy_change-3213926'] for rbac-policy (None), before_create {{(pid=103391) _notify_loop /opt/stack/data/venv/lib/python3.12/site-packages/neutron_lib/callbacks/manager.py:184}}
Jun 26 01:32:33.899437 np0000183025 devstack@neutron-api.service[103391]: DEBUG neutron_lib.callbacks.manager [None req-644cef0f-72d1-418b-9386-fada3b38f0c2 admin admin] Publish callbacks [] for subnetpool (None), before_response {{(pid=103391) _notify_loop /opt/stack/data/venv/lib/python3.12/site-packages/neutron_lib/callbacks/manager.py:184}}
Jun 26 01:32:33.900126 np0000183025 devstack@neutron-api.service[103391]: [pid: 103391|app: 0|req: 1/4] 199.204.45.216 () {68 vars in 1367 bytes} [Fri Jun 26 01:32:33 2026] POST /networking/v2.0/subnetpools => generated 543 bytes in 486 msecs (HTTP/1.1 201) 4 headers in 162 bytes (1 switches on core 0)
Jun 26 01:32:34.320974 np0000183025 devstack@neutron-api.service[103388]: DEBUG neutron.api.v2.base [None req-c902e2f0-3125-47fd-bbe0-6e01ec9f110b admin admin] Request body: {'network': {'admin_state_up': True, 'name': 'private'}} {{(pid=103388) prepare_request_body /opt/stack/neutron/neutron/api/v2/base.py:727}}
Jun 26 01:32:34.355892 np0000183025 devstack@neutron-api.service[103388]: DEBUG neutron.pecan_wsgi.hooks.quota_enforcement [None req-c902e2f0-3125-47fd-bbe0-6e01ec9f110b admin admin] Made reservation on behalf of a57733cb7ae34c4aa605912963d45729 for: {'network': 1} {{(pid=103388) before /opt/stack/neutron/neutron/pecan_wsgi/hooks/quota_enforcement.py:66}}
Jun 26 01:32:34.533117 np0000183025 devstack@neutron-api.service[103388]: DEBUG neutron.policy [None req-c902e2f0-3125-47fd-bbe0-6e01ec9f110b admin admin] Loaded default policies from ['neutron'] under neutron.policies entry points {{(pid=103388) register_rules /opt/stack/neutron/neutron/policy.py:65}}
Jun 26 01:32:34.637392 np0000183025 devstack@neutron-api.service[103388]: DEBUG neutron_lib.callbacks.manager [None req-c902e2f0-3125-47fd-bbe0-6e01ec9f110b admin admin] Publish callbacks ['neutron.plugins.ml2.plugin.SecurityGroupDbMixin._ensure_default_security_group_handler-3380906'] for network (None), before_create {{(pid=103388) _notify_loop /opt/stack/data/venv/lib/python3.12/site-packages/neutron_lib/callbacks/manager.py:184}}
Jun 26 01:32:34.659053 np0000183025 devstack@neutron-api.service[103388]: DEBUG neutron_lib.callbacks.manager [None req-c902e2f0-3125-47fd-bbe0-6e01ec9f110b admin admin] Publish callbacks [] for security_group (None), before_create {{(pid=103388) _notify_loop /opt/stack/data/venv/lib/python3.12/site-packages/neutron_lib/callbacks/manager.py:184}}
Jun 26 01:32:34.761123 np0000183025 devstack@neutron-api.service[103388]: DEBUG neutron_lib.callbacks.manager [None req-c902e2f0-3125-47fd-bbe0-6e01ec9f110b admin admin] Publish callbacks ['neutron.plugins.ml2.drivers.ovn.mech_driver.mech_driver.OVNMechanismDriver._create_security_group_precommit-462158'] for security_group (0086b419-699d-4ea3-9f05-ad261d361678), precommit_create {{(pid=103388) _notify_loop /opt/stack/data/venv/lib/python3.12/site-packages/neutron_lib/callbacks/manager.py:184}}
Jun 26 01:32:34.761277 np0000183025 devstack@neutron-api.service[103388]: DEBUG neutron.db.ovn_revision_numbers_db [None req-c902e2f0-3125-47fd-bbe0-6e01ec9f110b admin admin] create_initial_revision uuid=0086b419-699d-4ea3-9f05-ad261d361678, type=security_groups, rev=-1 {{(pid=103388) create_initial_revision /opt/stack/neutron/neutron/db/ovn_revision_numbers_db.py:98}}
Jun 26 01:32:34.763414 np0000183025 devstack@neutron-api.service[103388]: DEBUG neutron.db.ovn_revision_numbers_db [None req-c902e2f0-3125-47fd-bbe0-6e01ec9f110b admin admin] create_initial_revision uuid=0414c8ad-73da-47fd-894b-29f2946c3fd8, type=security_group_rules, rev=-1 {{(pid=103388) create_initial_revision /opt/stack/neutron/neutron/db/ovn_revision_numbers_db.py:98}}
Jun 26 01:32:34.764587 np0000183025 devstack@neutron-api.service[103388]: DEBUG neutron.db.ovn_revision_numbers_db [None req-c902e2f0-3125-47fd-bbe0-6e01ec9f110b admin admin] create_initial_revision uuid=19d826cb-123e-4703-a855-38ba5fca9533, type=security_group_rules, rev=-1 {{(pid=103388) create_initial_revision /opt/stack/neutron/neutron/db/ovn_revision_numbers_db.py:98}}
Jun 26 01:32:34.765601 np0000183025 devstack@neutron-api.service[103388]: DEBUG neutron.db.ovn_revision_numbers_db [None req-c902e2f0-3125-47fd-bbe0-6e01ec9f110b admin admin] create_initial_revision uuid=6eac0907-c974-4896-996c-523c253bbd97, type=security_group_rules, rev=-1 {{(pid=103388) create_initial_revision /opt/stack/neutron/neutron/db/ovn_revision_numbers_db.py:98}}
Jun 26 01:32:34.766534 np0000183025 devstack@neutron-api.service[103388]: DEBUG neutron.db.ovn_revision_numbers_db [None req-c902e2f0-3125-47fd-bbe0-6e01ec9f110b admin admin] create_initial_revision uuid=96255330-60ad-4166-877b-7f13ef9d468a, type=security_group_rules, rev=-1 {{(pid=103388) create_initial_revision /opt/stack/neutron/neutron/db/ovn_revision_numbers_db.py:98}}
Jun 26 01:32:34.773057 np0000183025 devstack@neutron-api.service[103388]: DEBUG neutron_lib.callbacks.manager [None req-c902e2f0-3125-47fd-bbe0-6e01ec9f110b admin admin] Publish callbacks ['neutron.plugins.ml2.drivers.ovn.mech_driver.mech_driver.OVNMechanismDriver._create_security_group-462516', 'neutron.plugins.ml2.ovo_rpc._ObjectChangeHandler.handle_event-6739054'] for security_group (0086b419-699d-4ea3-9f05-ad261d361678), after_create {{(pid=103388) _notify_loop /opt/stack/data/venv/lib/python3.12/site-packages/neutron_lib/callbacks/manager.py:184}}
Jun 26 01:32:34.774383 np0000183025 devstack@neutron-api.service[103388]: DEBUG ovsdbapp.backend.ovs_idl.transaction [-] Running txn n=1 command(idx=0): PgAddCommand(_result=None, name=pg_0086b419_699d_4ea3_9f05_ad261d361678, may_exist=False, columns={'acls': [], 'external_ids': {'neutron:security_group_id': '0086b419-699d-4ea3-9f05-ad261d361678'}}) {{(pid=103388) do_commit /opt/stack/data/venv/lib/python3.12/site-packages/ovsdbapp/backend/ovs_idl/transaction.py:89}}
Jun 26 01:32:34.776265 np0000183025 devstack@neutron-api.service[103388]: DEBUG ovsdbapp.backend.ovs_idl.transaction [-] Running txn n=1 command(idx=1): PgAclAddCommand(_result=None, entity=pg_0086b419_699d_4ea3_9f05_ad261d361678, direction=to-lport, priority=1002, match=outport == @pg_0086b419_699d_4ea3_9f05_ad261d361678 && ip4 && ip4.src == $pg_0086b419_699d_4ea3_9f05_ad261d361678_ip4, action=allow-related, log=False, may_exist=True, severity=[], name=[], meter=[], external_ids={'neutron:security_group_rule_id': '0414c8ad-73da-47fd-894b-29f2946c3fd8'}) {{(pid=103388) do_commit /opt/stack/data/venv/lib/python3.12/site-packages/ovsdbapp/backend/ovs_idl/transaction.py:89}}
Jun 26 01:32:34.776776 np0000183025 devstack@neutron-api.service[103388]: DEBUG ovsdbapp.backend.ovs_idl.transaction [-] Running txn n=1 command(idx=2): PgAclAddCommand(_result=None, entity=pg_0086b419_699d_4ea3_9f05_ad261d361678, direction=from-lport, priority=1002, match=inport == @pg_0086b419_699d_4ea3_9f05_ad261d361678 && ip4, action=allow-related, log=False, may_exist=True, severity=[], name=[], meter=[], external_ids={'neutron:security_group_rule_id': '19d826cb-123e-4703-a855-38ba5fca9533'}) {{(pid=103388) do_commit /opt/stack/data/venv/lib/python3.12/site-packages/ovsdbapp/backend/ovs_idl/transaction.py:89}}
Jun 26 01:32:34.777149 np0000183025 devstack@neutron-api.service[103388]: DEBUG ovsdbapp.backend.ovs_idl.transaction [-] Running txn n=1 command(idx=3): PgAclAddCommand(_result=None, entity=pg_0086b419_699d_4ea3_9f05_ad261d361678, direction=to-lport, priority=1002, match=outport == @pg_0086b419_699d_4ea3_9f05_ad261d361678 && ip6 && ip6.src == $pg_0086b419_699d_4ea3_9f05_ad261d361678_ip6, action=allow-related, log=False, may_exist=True, severity=[], name=[], meter=[], external_ids={'neutron:security_group_rule_id': '6eac0907-c974-4896-996c-523c253bbd97'}) {{(pid=103388) do_commit /opt/stack/data/venv/lib/python3.12/site-packages/ovsdbapp/backend/ovs_idl/transaction.py:89}}
Jun 26 01:32:34.777451 np0000183025 devstack@neutron-api.service[103388]: DEBUG ovsdbapp.backend.ovs_idl.transaction [-] Running txn n=1 command(idx=4): PgAclAddCommand(_result=None, entity=pg_0086b419_699d_4ea3_9f05_ad261d361678, direction=from-lport, priority=1002, match=inport == @pg_0086b419_699d_4ea3_9f05_ad261d361678 && ip6, action=allow-related, log=False, may_exist=True, severity=[], name=[], meter=[], external_ids={'neutron:security_group_rule_id': '96255330-60ad-4166-877b-7f13ef9d468a'}) {{(pid=103388) do_commit /opt/stack/data/venv/lib/python3.12/site-packages/ovsdbapp/backend/ovs_idl/transaction.py:89}}
Jun 26 01:32:34.786160 np0000183025 devstack@neutron-api.service[103389]: DEBUG neutron.plugins.ml2.drivers.ovn.mech_driver.ovsdb.ovsdb_monitor [-] Hash Ring: Node 2221ff74427f510aa845da870ada2025 (host: np0000183025) handling event "create" for row 311297ec-30b3-4f50-8620-206d66d46109 (table: ACL) {{(pid=103389) notify /opt/stack/neutron/neutron/plugins/ml2/drivers/ovn/mech_driver/ovsdb/ovsdb_monitor.py:1015}}
Jun 26 01:32:34.786524 np0000183025 devstack@neutron-api.service[103389]: DEBUG neutron.plugins.ml2.drivers.ovn.mech_driver.ovsdb.ovsdb_monitor [-] Hash Ring: Node 2221ff74427f510aa845da870ada2025 (host: np0000183025) handling event "create" for row 41bb7a85-f359-4e8f-881a-602cc12017a8 (table: ACL) {{(pid=103389) notify /opt/stack/neutron/neutron/plugins/ml2/drivers/ovn/mech_driver/ovsdb/ovsdb_monitor.py:1015}}
Jun 26 01:32:34.786998 np0000183025 devstack@neutron-api.service[103388]: DEBUG neutron.plugins.ml2.drivers.ovn.mech_driver.ovsdb.ovsdb_monitor [-] Hash Ring: Node 39c4e087034d5026acbef3da7eea05fc (host: np0000183025) handling event "create" for row 6b11e9b5-dd41-45f3-a3a0-78b1c23f0ab4 (table: Port_Group) {{(pid=103388) notify /opt/stack/neutron/neutron/plugins/ml2/drivers/ovn/mech_driver/ovsdb/ovsdb_monitor.py:1015}}
Jun 26 01:32:34.787119 np0000183025 devstack@neutron-api.service[103389]: DEBUG neutron.plugins.ml2.drivers.ovn.mech_driver.ovsdb.ovsdb_monitor [-] Hash Ring: Node 2221ff74427f510aa845da870ada2025 (host: np0000183025) handling event "create" for row ead14c6d-a72e-42ff-bf3c-0334ff20231d (table: ACL) {{(pid=103389) notify /opt/stack/neutron/neutron/plugins/ml2/drivers/ovn/mech_driver/ovsdb/ovsdb_monitor.py:1015}}
Jun 26 01:32:34.792192 np0000183025 devstack@neutron-api.service[103390]: DEBUG neutron.plugins.ml2.drivers.ovn.mech_driver.ovsdb.ovsdb_monitor [-] Hash Ring: Node 77990332a0e7517f91c6d8ccbe70fef8 (host: np0000183025) handling event "create" for row 311297ec-30b3-4f50-8620-206d66d46109 (table: ACL) {{(pid=103390) notify /opt/stack/neutron/neutron/plugins/ml2/drivers/ovn/mech_driver/ovsdb/ovsdb_monitor.py:1015}}
Jun 26 01:32:34.792192 np0000183025 devstack@neutron-api.service[103390]: DEBUG neutron.plugins.ml2.drivers.ovn.mech_driver.ovsdb.ovsdb_monitor [-] Hash Ring: Node 77990332a0e7517f91c6d8ccbe70fef8 (host: np0000183025) handling event "create" for row 41bb7a85-f359-4e8f-881a-602cc12017a8 (table: ACL) {{(pid=103390) notify /opt/stack/neutron/neutron/plugins/ml2/drivers/ovn/mech_driver/ovsdb/ovsdb_monitor.py:1015}}
Jun 26 01:32:34.792192 np0000183025 devstack@neutron-api.service[103390]: DEBUG neutron.plugins.ml2.drivers.ovn.mech_driver.ovsdb.ovsdb_monitor [-] Hash Ring: Node 77990332a0e7517f91c6d8ccbe70fef8 (host: np0000183025) handling event "create" for row 48116a03-314d-429d-ad1c-cc6722e2a409 (table: ACL) {{(pid=103390) notify /opt/stack/neutron/neutron/plugins/ml2/drivers/ovn/mech_driver/ovsdb/ovsdb_monitor.py:1015}}
Jun 26 01:32:34.792609 np0000183025 devstack@neutron-api.service[103390]: DEBUG neutron.plugins.ml2.drivers.ovn.mech_driver.ovsdb.ovsdb_monitor [-] Hash Ring: Node 77990332a0e7517f91c6d8ccbe70fef8 (host: np0000183025) handling event "create" for row ead14c6d-a72e-42ff-bf3c-0334ff20231d (table: ACL) {{(pid=103390) notify /opt/stack/neutron/neutron/plugins/ml2/drivers/ovn/mech_driver/ovsdb/ovsdb_monitor.py:1015}}
Jun 26 01:32:34.793111 np0000183025 devstack@neutron-api.service[103390]: DEBUG neutron.plugins.ml2.drivers.ovn.mech_driver.ovsdb.ovsdb_monitor [-] Hash Ring: Node 77990332a0e7517f91c6d8ccbe70fef8 (host: np0000183025) handling event "create" for row 6b11e9b5-dd41-45f3-a3a0-78b1c23f0ab4 (table: Port_Group) {{(pid=103390) notify /opt/stack/neutron/neutron/plugins/ml2/drivers/ovn/mech_driver/ovsdb/ovsdb_monitor.py:1015}}
Jun 26 01:32:34.822051 np0000183025 devstack@neutron-api.service[103388]: INFO neutron.db.ovn_revision_numbers_db [None req-c902e2f0-3125-47fd-bbe0-6e01ec9f110b admin admin] Successfully bumped revision number for resource 0086b419-699d-4ea3-9f05-ad261d361678 (type: security_groups) to 1
Jun 26 01:32:34.837627 np0000183025 devstack@neutron-api.service[103388]: INFO neutron.db.ovn_revision_numbers_db [None req-c902e2f0-3125-47fd-bbe0-6e01ec9f110b admin admin] Successfully bumped revision number for resource 0414c8ad-73da-47fd-894b-29f2946c3fd8 (type: security_group_rules) to 0
Jun 26 01:32:34.849895 np0000183025 devstack@neutron-api.service[103388]: INFO neutron.db.ovn_revision_numbers_db [None req-c902e2f0-3125-47fd-bbe0-6e01ec9f110b admin admin] Successfully bumped revision number for resource 19d826cb-123e-4703-a855-38ba5fca9533 (type: security_group_rules) to 0
Jun 26 01:32:34.863438 np0000183025 devstack@neutron-api.service[103388]: INFO neutron.db.ovn_revision_numbers_db [None req-c902e2f0-3125-47fd-bbe0-6e01ec9f110b admin admin] Successfully bumped revision number for resource 6eac0907-c974-4896-996c-523c253bbd97 (type: security_group_rules) to 0
Jun 26 01:32:34.876207 np0000183025 devstack@neutron-api.service[103388]: INFO neutron.db.ovn_revision_numbers_db [None req-c902e2f0-3125-47fd-bbe0-6e01ec9f110b admin admin] Successfully bumped revision number for resource 96255330-60ad-4166-877b-7f13ef9d468a (type: security_group_rules) to 0
Jun 26 01:32:34.901971 np0000183025 devstack@neutron-api.service[103388]: DEBUG neutron.api.rpc.handlers.resources_rpc [None req-c902e2f0-3125-47fd-bbe0-6e01ec9f110b admin admin] Pushing event updated for resources: {'SecurityGroup': ['ID=0086b419-699d-4ea3-9f05-ad261d361678,revision_number=1']} {{(pid=103388) push /opt/stack/neutron/neutron/api/rpc/handlers/resources_rpc.py:237}}
Jun 26 01:32:34.910061 np0000183025 devstack@neutron-api.service[103388]: DEBUG ovsdbapp.backend.ovs_idl.transaction [-] Running txn n=1 command(idx=0): CheckLivenessCommand(_result=None) {{(pid=103388) do_commit /opt/stack/data/venv/lib/python3.12/site-packages/ovsdbapp/backend/ovs_idl/transaction.py:89}}
Jun 26 01:32:34.913467 np0000183025 devstack@neutron-api.service[103389]: DEBUG neutron.plugins.ml2.drivers.ovn.mech_driver.ovsdb.ovsdb_monitor [-] Hash Ring: Node 2221ff74427f510aa845da870ada2025 (host: np0000183025) handling event "update" for row 39723da2-5312-4dad-b041-39192ef75da8 (table: NB_Global) {{(pid=103389) notify /opt/stack/neutron/neutron/plugins/ml2/drivers/ovn/mech_driver/ovsdb/ovsdb_monitor.py:1015}}
Jun 26 01:32:34.917039 np0000183025 devstack@neutron-api.service[103390]: DEBUG neutron.plugins.ml2.drivers.ovn.mech_driver.ovsdb.ovsdb_monitor [-] Hash Ring: Node 77990332a0e7517f91c6d8ccbe70fef8 (host: np0000183025) handling event "update" for row 39723da2-5312-4dad-b041-39192ef75da8 (table: NB_Global) {{(pid=103390) notify /opt/stack/neutron/neutron/plugins/ml2/drivers/ovn/mech_driver/ovsdb/ovsdb_monitor.py:1015}}
Jun 26 01:32:34.917307 np0000183025 devstack@neutron-api.service[103388]: DEBUG neutron.api.rpc.callbacks.version_manager [None req-c902e2f0-3125-47fd-bbe0-6e01ec9f110b admin admin] Tracked resource versions report:
Jun 26 01:32:34.917307 np0000183025 devstack@neutron-api.service[103388]: pushed versions:
Jun 26 01:32:34.917307 np0000183025 devstack@neutron-api.service[103388]: { 'AddressGroup': {'1.2'},
Jun 26 01:32:34.917307 np0000183025 devstack@neutron-api.service[103388]: 'Agent': {'1.1'},
Jun 26 01:32:34.917307 np0000183025 devstack@neutron-api.service[103388]: 'ConntrackHelper': {'1.0'},
Jun 26 01:32:34.917307 np0000183025 devstack@neutron-api.service[103388]: 'LocalIPAssociation': {'1.0'},
Jun 26 01:32:34.917307 np0000183025 devstack@neutron-api.service[103388]: 'Log': {'1.0'},
Jun 26 01:32:34.917307 np0000183025 devstack@neutron-api.service[103388]: 'NDPProxy': {'1.0'},
Jun 26 01:32:34.917307 np0000183025 devstack@neutron-api.service[103388]: 'Network': {'1.3'},
Jun 26 01:32:34.917307 np0000183025 devstack@neutron-api.service[103388]: 'Port': {'1.11'},
Jun 26 01:32:34.917307 np0000183025 devstack@neutron-api.service[103388]: 'PortForwarding': {'1.3'},
Jun 26 01:32:34.917307 np0000183025 devstack@neutron-api.service[103388]: 'QosPolicy': {'1.10'},
Jun 26 01:32:34.917307 np0000183025 devstack@neutron-api.service[103388]: 'SecurityGroup': {'1.6'},
Jun 26 01:32:34.917307 np0000183025 devstack@neutron-api.service[103388]: 'SecurityGroupRule': {'1.3'},
Jun 26 01:32:34.917307 np0000183025 devstack@neutron-api.service[103388]: 'SubPort': {'1.0'},
Jun 26 01:32:34.917307 np0000183025 devstack@neutron-api.service[103388]: 'Subnet': {'1.2'},
Jun 26 01:32:34.917307 np0000183025 devstack@neutron-api.service[103388]: 'Trunk': {'1.1'}}
Jun 26 01:32:34.917307 np0000183025 devstack@neutron-api.service[103388]: consumer versions:
Jun 26 01:32:34.917307 np0000183025 devstack@neutron-api.service[103388]: {}
Jun 26 01:32:34.917307 np0000183025 devstack@neutron-api.service[103388]: {{(pid=103388) report /opt/stack/neutron/neutron/api/rpc/callbacks/version_manager.py:183}}
Jun 26 01:32:34.921182 np0000183025 devstack@neutron-api.service[103390]: DEBUG neutron.plugins.ml2.drivers.ovn.mech_driver.ovsdb.ovsdb_monitor [-] Hash Ring: Node 77990332a0e7517f91c6d8ccbe70fef8 (host: np0000183025) handling event "update" for row 39723da2-5312-4dad-b041-39192ef75da8 (table: NB_Global) {{(pid=103390) notify /opt/stack/neutron/neutron/plugins/ml2/drivers/ovn/mech_driver/ovsdb/ovsdb_monitor.py:1015}}
Jun 26 01:32:34.921182 np0000183025 devstack@neutron-api.service[103390]: DEBUG neutron.plugins.ml2.drivers.ovn.mech_driver.ovsdb.ovsdb_monitor [-] ChassisAgentWriteEvent : Matched Chassis_Private, update, None None {{(pid=103390) matches /opt/stack/neutron/neutron/plugins/ml2/drivers/ovn/mech_driver/ovsdb/ovsdb_monitor.py:64}}
Jun 26 01:32:34.922829 np0000183025 devstack@neutron-api.service[103391]: DEBUG neutron.plugins.ml2.drivers.ovn.mech_driver.ovsdb.ovsdb_monitor [-] ChassisAgentWriteEvent : Matched Chassis_Private, update, None None {{(pid=103391) matches /opt/stack/neutron/neutron/plugins/ml2/drivers/ovn/mech_driver/ovsdb/ovsdb_monitor.py:64}}
Jun 26 01:32:34.924824 np0000183025 devstack@neutron-api.service[103388]: DEBUG neutron.plugins.ml2.drivers.ovn.mech_driver.ovsdb.ovsdb_monitor [-] ChassisAgentWriteEvent : Matched Chassis_Private, update, None None {{(pid=103388) matches /opt/stack/neutron/neutron/plugins/ml2/drivers/ovn/mech_driver/ovsdb/ovsdb_monitor.py:64}}
Jun 26 01:32:34.925450 np0000183025 devstack@neutron-api.service[103390]: DEBUG neutron.plugins.ml2.drivers.ovn.mech_driver.ovsdb.ovsdb_monitor [-] Hash Ring: Node 77990332a0e7517f91c6d8ccbe70fef8 (host: np0000183025) handling event "update" for row 39723da2-5312-4dad-b041-39192ef75da8 (table: NB_Global) {{(pid=103390) notify /opt/stack/neutron/neutron/plugins/ml2/drivers/ovn/mech_driver/ovsdb/ovsdb_monitor.py:1015}}
Jun 26 01:32:34.926186 np0000183025 devstack@neutron-api.service[103389]: DEBUG neutron.plugins.ml2.drivers.ovn.mech_driver.ovsdb.ovsdb_monitor [-] Hash Ring: Node 2221ff74427f510aa845da870ada2025 (host: np0000183025) handling event "update" for row 39723da2-5312-4dad-b041-39192ef75da8 (table: NB_Global) {{(pid=103389) notify /opt/stack/neutron/neutron/plugins/ml2/drivers/ovn/mech_driver/ovsdb/ovsdb_monitor.py:1015}}
Jun 26 01:32:34.927330 np0000183025 devstack@neutron-api.service[103389]: DEBUG neutron.plugins.ml2.drivers.ovn.mech_driver.ovsdb.ovsdb_monitor [-] ChassisAgentWriteEvent : Matched Chassis_Private, update, None None {{(pid=103389) matches /opt/stack/neutron/neutron/plugins/ml2/drivers/ovn/mech_driver/ovsdb/ovsdb_monitor.py:64}}
Jun 26 01:32:34.927953 np0000183025 devstack@neutron-api.service[103390]: DEBUG neutron.plugins.ml2.drivers.ovn.mech_driver.ovsdb.ovsdb_monitor [-] Hash Ring: Node 77990332a0e7517f91c6d8ccbe70fef8 (host: np0000183025) handling event "update" for row 39723da2-5312-4dad-b041-39192ef75da8 (table: NB_Global) {{(pid=103390) notify /opt/stack/neutron/neutron/plugins/ml2/drivers/ovn/mech_driver/ovsdb/ovsdb_monitor.py:1015}}
Jun 26 01:32:34.929331 np0000183025 devstack@neutron-api.service[103391]: DEBUG neutron.plugins.ml2.drivers.ovn.mech_driver.ovsdb.ovsdb_monitor [-] ChassisOVNAgentWriteEvent : Matched Chassis_Private, update, None None {{(pid=103391) matches /opt/stack/neutron/neutron/plugins/ml2/drivers/ovn/mech_driver/ovsdb/ovsdb_monitor.py:64}}
Jun 26 01:32:34.929486 np0000183025 devstack@neutron-api.service[103389]: DEBUG neutron.plugins.ml2.drivers.ovn.mech_driver.ovsdb.ovsdb_monitor [-] Hash Ring: Node 2221ff74427f510aa845da870ada2025 (host: np0000183025) handling event "update" for row 206ec8f4-c3da-46f3-892b-bf93b4ce5cf9 (table: Chassis_Private) {{(pid=103389) notify /opt/stack/neutron/neutron/plugins/ml2/drivers/ovn/mech_driver/ovsdb/ovsdb_monitor.py:1015}}
Jun 26 01:32:34.929486 np0000183025 devstack@neutron-api.service[103389]: DEBUG neutron.plugins.ml2.drivers.ovn.mech_driver.ovsdb.ovsdb_monitor [-] Hash Ring: Node 2221ff74427f510aa845da870ada2025 (host: np0000183025) handling event "update" for row 39723da2-5312-4dad-b041-39192ef75da8 (table: NB_Global) {{(pid=103389) notify /opt/stack/neutron/neutron/plugins/ml2/drivers/ovn/mech_driver/ovsdb/ovsdb_monitor.py:1015}}
Jun 26 01:32:34.929700 np0000183025 devstack@neutron-api.service[103390]: DEBUG neutron.common.ovn.hash_ring_manager [-] Allow caching, nodes 4>=4 {{(pid=103390) _wait_startup_before_caching /opt/stack/neutron/neutron/common/ovn/hash_ring_manager.py:71}}
Jun 26 01:32:34.929700 np0000183025 devstack@neutron-api.service[103390]: DEBUG neutron.plugins.ml2.drivers.ovn.mech_driver.ovsdb.ovsdb_monitor [-] Hash Ring: Node 77990332a0e7517f91c6d8ccbe70fef8 (host: np0000183025) handling event "update" for row 206ec8f4-c3da-46f3-892b-bf93b4ce5cf9 (table: Chassis_Private) {{(pid=103390) notify /opt/stack/neutron/neutron/plugins/ml2/drivers/ovn/mech_driver/ovsdb/ovsdb_monitor.py:1015}}
Jun 26 01:32:34.930452 np0000183025 devstack@neutron-api.service[103388]: DEBUG neutron.plugins.ml2.drivers.ovn.mech_driver.ovsdb.ovsdb_monitor [-] ChassisOVNAgentWriteEvent : Matched Chassis_Private, update, None None {{(pid=103388) matches /opt/stack/neutron/neutron/plugins/ml2/drivers/ovn/mech_driver/ovsdb/ovsdb_monitor.py:64}}
Jun 26 01:32:34.930723 np0000183025 devstack@neutron-api.service[103390]: DEBUG neutron.plugins.ml2.drivers.ovn.mech_driver.ovsdb.ovsdb_monitor [-] ChassisOVNAgentWriteEvent : Matched Chassis_Private, update, None None {{(pid=103390) matches /opt/stack/neutron/neutron/plugins/ml2/drivers/ovn/mech_driver/ovsdb/ovsdb_monitor.py:64}}
Jun 26 01:32:34.931414 np0000183025 devstack@neutron-api.service[103390]: DEBUG neutron.plugins.ml2.drivers.ovn.mech_driver.ovsdb.ovsdb_monitor [-] Hash Ring: Node 77990332a0e7517f91c6d8ccbe70fef8 (host: np0000183025) handling event "update" for row 206ec8f4-c3da-46f3-892b-bf93b4ce5cf9 (table: Chassis_Private) {{(pid=103390) notify /opt/stack/neutron/neutron/plugins/ml2/drivers/ovn/mech_driver/ovsdb/ovsdb_monitor.py:1015}}
Jun 26 01:32:34.931526 np0000183025 devstack@neutron-api.service[103389]: DEBUG neutron.plugins.ml2.drivers.ovn.mech_driver.ovsdb.ovsdb_monitor [-] Hash Ring: Node 2221ff74427f510aa845da870ada2025 (host: np0000183025) handling event "update" for row 39723da2-5312-4dad-b041-39192ef75da8 (table: NB_Global) {{(pid=103389) notify /opt/stack/neutron/neutron/plugins/ml2/drivers/ovn/mech_driver/ovsdb/ovsdb_monitor.py:1015}}
Jun 26 01:32:34.932192 np0000183025 devstack@neutron-api.service[103389]: DEBUG neutron.plugins.ml2.drivers.ovn.mech_driver.ovsdb.ovsdb_monitor [-] ChassisOVNAgentWriteEvent : Matched Chassis_Private, update, None None {{(pid=103389) matches /opt/stack/neutron/neutron/plugins/ml2/drivers/ovn/mech_driver/ovsdb/ovsdb_monitor.py:64}}
Jun 26 01:32:34.932192 np0000183025 devstack@neutron-api.service[103389]: DEBUG neutron.plugins.ml2.drivers.ovn.mech_driver.ovsdb.ovsdb_monitor [-] Hash Ring: Node 2221ff74427f510aa845da870ada2025 (host: np0000183025) handling event "update" for row 206ec8f4-c3da-46f3-892b-bf93b4ce5cf9 (table: Chassis_Private) {{(pid=103389) notify /opt/stack/neutron/neutron/plugins/ml2/drivers/ovn/mech_driver/ovsdb/ovsdb_monitor.py:1015}}
Jun 26 01:32:34.983767 np0000183025 devstack@neutron-api.service[103388]: DEBUG neutron.plugins.ml2.drivers.helpers [None req-c902e2f0-3125-47fd-bbe0-6e01ec9f110b admin admin] geneve segment allocate from pool success with {'geneve_vni': 45574} {{(pid=103388) allocate_partially_specified_segment /opt/stack/neutron/neutron/plugins/ml2/drivers/helpers.py:142}}
Jun 26 01:32:35.001181 np0000183025 devstack@neutron-api.service[103388]: DEBUG neutron_lib.callbacks.manager [None req-c902e2f0-3125-47fd-bbe0-6e01ec9f110b admin admin] Publish callbacks ['neutron.services.segments.db._add_segment_host_mapping_for_segment-8279469117190', 'neutron.plugins.ml2.plugin.Ml2Plugin._handle_segment_change-3104182'] for segment (9618e6f6-2d5c-45ad-b33e-6b706d6e737b), precommit_create {{(pid=103388) _notify_loop /opt/stack/data/venv/lib/python3.12/site-packages/neutron_lib/callbacks/manager.py:184}}
Jun 26 01:32:35.001503 np0000183025 devstack@neutron-api.service[103388]: INFO neutron.db.segments_db [None req-c902e2f0-3125-47fd-bbe0-6e01ec9f110b admin admin] Added segment 9618e6f6-2d5c-45ad-b33e-6b706d6e737b of type geneve for network ed7dd2ac-2233-4c24-8bb2-0de27f4cb644
Jun 26 01:32:35.048329 np0000183025 devstack@neutron-api.service[103388]: DEBUG neutron_lib.callbacks.manager [None req-c902e2f0-3125-47fd-bbe0-6e01ec9f110b admin admin] Publish callbacks ['neutron.services.auto_allocate.db._ensure_external_network_default_value_callback-8279466493542'] for network (ed7dd2ac-2233-4c24-8bb2-0de27f4cb644), precommit_create {{(pid=103388) _notify_loop /opt/stack/data/venv/lib/python3.12/site-packages/neutron_lib/callbacks/manager.py:184}}
Jun 26 01:32:35.064068 np0000183025 devstack@neutron-api.service[103388]: DEBUG neutron.plugins.ml2.drivers.ovn.mech_driver.mech_driver [None req-c902e2f0-3125-47fd-bbe0-6e01ec9f110b admin admin] Validating network segment with type geneve, segmentation ID 45574, physical network None {{(pid=103388) _validate_network_segments /opt/stack/neutron/neutron/plugins/ml2/drivers/ovn/mech_driver/mech_driver.py:646}}
Jun 26 01:32:35.064182 np0000183025 devstack@neutron-api.service[103388]: DEBUG neutron.db.ovn_revision_numbers_db [None req-c902e2f0-3125-47fd-bbe0-6e01ec9f110b admin admin] create_initial_revision uuid=ed7dd2ac-2233-4c24-8bb2-0de27f4cb644, type=networks, rev=-1 {{(pid=103388) create_initial_revision /opt/stack/neutron/neutron/db/ovn_revision_numbers_db.py:98}}
Jun 26 01:32:35.084937 np0000183025 devstack@neutron-api.service[103388]: DEBUG neutron_lib.callbacks.manager [None req-c902e2f0-3125-47fd-bbe0-6e01ec9f110b admin admin] Publish callbacks ['neutron.plugins.ml2.ovo_rpc._ObjectChangeHandler.handle_event-6739051'] for network (ed7dd2ac-2233-4c24-8bb2-0de27f4cb644), after_create {{(pid=103388) _notify_loop /opt/stack/data/venv/lib/python3.12/site-packages/neutron_lib/callbacks/manager.py:184}}
Jun 26 01:32:35.133084 np0000183025 devstack@neutron-api.service[103388]: DEBUG neutron.api.rpc.handlers.resources_rpc [None req-c902e2f0-3125-47fd-bbe0-6e01ec9f110b admin admin] Pushing event updated for resources: {'Network': ['ID=ed7dd2ac-2233-4c24-8bb2-0de27f4cb644,revision_number=1']} {{(pid=103388) push /opt/stack/neutron/neutron/api/rpc/handlers/resources_rpc.py:237}}
Jun 26 01:32:35.142548 np0000183025 devstack@neutron-api.service[103388]: DEBUG ovsdbapp.backend.ovs_idl.transaction [-] Running txn n=1 command(idx=0): AddNetworkCommand(_result=None, network_uuid=ed7dd2ac-2233-4c24-8bb2-0de27f4cb644, may_exist=True, columns={'external_ids': {'neutron:network_name': 'private', 'neutron:mtu': '1372', 'neutron:revision_number': '1', 'neutron:availability_zone_hints': '', 'neutron:provnet-network-type': 'geneve'}, 'other_config': {'mcast_snoop': 'false', 'mcast_flood_unregistered': 'false', 'vlan-passthru': 'false'}}) {{(pid=103388) do_commit /opt/stack/data/venv/lib/python3.12/site-packages/ovsdbapp/backend/ovs_idl/transaction.py:89}}
Jun 26 01:32:35.143247 np0000183025 devstack@neutron-api.service[103388]: DEBUG neutron.common.ovn.utils [-] OVS persist_uuid supported=True {{(pid=103388) ovs_persist_uuid_supported /opt/stack/neutron/neutron/common/ovn/utils.py:1544}}
Jun 26 01:32:35.148663 np0000183025 devstack@neutron-api.service[103390]: DEBUG neutron.plugins.ml2.drivers.ovn.mech_driver.ovsdb.ovsdb_monitor [-] Hash Ring: Node 77990332a0e7517f91c6d8ccbe70fef8 (host: np0000183025) handling event "create" for row ed7dd2ac-2233-4c24-8bb2-0de27f4cb644 (table: Logical_Switch) {{(pid=103390) notify /opt/stack/neutron/neutron/plugins/ml2/drivers/ovn/mech_driver/ovsdb/ovsdb_monitor.py:1015}}
Jun 26 01:32:35.156355 np0000183025 devstack@neutron-api.service[103390]: DEBUG neutron.plugins.ml2.drivers.ovn.mech_driver.ovsdb.ovsdb_monitor [-] Hash Ring: Node 77990332a0e7517f91c6d8ccbe70fef8 (host: np0000183025) handling event "create" for row 98f86c5d-e2ca-4f24-8674-182e1f5158ba (table: Datapath_Binding) {{(pid=103390) notify /opt/stack/neutron/neutron/plugins/ml2/drivers/ovn/mech_driver/ovsdb/ovsdb_monitor.py:1015}}
Jun 26 01:32:35.182736 np0000183025 devstack@neutron-api.service[103388]: INFO neutron.db.ovn_revision_numbers_db [None req-c902e2f0-3125-47fd-bbe0-6e01ec9f110b admin admin] Successfully bumped revision number for resource ed7dd2ac-2233-4c24-8bb2-0de27f4cb644 (type: networks) to 1
Jun 26 01:32:35.259678 np0000183025 devstack@neutron-api.service[103388]: DEBUG neutron_lib.callbacks.manager [None req-c902e2f0-3125-47fd-bbe0-6e01ec9f110b admin admin] Publish callbacks ['neutron.plugins.ml2.plugin.SecurityGroupDbMixin._ensure_default_security_group_handler-3380906'] for port (None), before_create {{(pid=103388) _notify_loop /opt/stack/data/venv/lib/python3.12/site-packages/neutron_lib/callbacks/manager.py:184}}
Jun 26 01:32:35.534026 np0000183025 devstack@neutron-api.service[103388]: DEBUG neutron_lib.callbacks.manager [None req-c902e2f0-3125-47fd-bbe0-6e01ec9f110b admin admin] Publish callbacks ['neutron.plugins.ml2.drivers.ovn.mech_driver.mech_driver.OVNMechanismDriver._validate_allowed_address_pairs-462534'] for allowed_address_pair (3590ba27-0d30-4fc7-8e29-b60186ea67b6), before_create {{(pid=103388) _notify_loop /opt/stack/data/venv/lib/python3.12/site-packages/neutron_lib/callbacks/manager.py:184}}
Jun 26 01:32:35.534724 np0000183025 devstack@neutron-api.service[103388]: DEBUG neutron_lib.callbacks.manager [None req-c902e2f0-3125-47fd-bbe0-6e01ec9f110b admin admin] Publish callbacks [] for port (3590ba27-0d30-4fc7-8e29-b60186ea67b6), precommit_create {{(pid=103388) _notify_loop /opt/stack/data/venv/lib/python3.12/site-packages/neutron_lib/callbacks/manager.py:184}}
Jun 26 01:32:35.534964 np0000183025 devstack@neutron-api.service[103388]: DEBUG neutron.plugins.ml2.drivers.ovn.mech_driver.mech_driver [None req-c902e2f0-3125-47fd-bbe0-6e01ec9f110b admin admin] No provisioning block for port 3590ba27-0d30-4fc7-8e29-b60186ea67b6 since it does not have a host {{(pid=103388) _is_port_provisioning_required /opt/stack/neutron/neutron/plugins/ml2/drivers/ovn/mech_driver/mech_driver.py:899}}
Jun 26 01:32:35.535118 np0000183025 devstack@neutron-api.service[103388]: DEBUG neutron.db.ovn_revision_numbers_db [None req-c902e2f0-3125-47fd-bbe0-6e01ec9f110b admin admin] create_initial_revision uuid=3590ba27-0d30-4fc7-8e29-b60186ea67b6, type=ports, rev=-1 {{(pid=103388) create_initial_revision /opt/stack/neutron/neutron/db/ovn_revision_numbers_db.py:98}}
Jun 26 01:32:35.601286 np0000183025 devstack@neutron-api.service[103388]: DEBUG neutron_lib.callbacks.manager [None req-c902e2f0-3125-47fd-bbe0-6e01ec9f110b admin admin] Publish callbacks ['neutron.plugins.ml2.ovo_rpc._ObjectChangeHandler.handle_event-6739354'] for port (3590ba27-0d30-4fc7-8e29-b60186ea67b6), after_create {{(pid=103388) _notify_loop /opt/stack/data/venv/lib/python3.12/site-packages/neutron_lib/callbacks/manager.py:184}}
Jun 26 01:32:35.657399 np0000183025 devstack@neutron-api.service[103388]: DEBUG neutron.api.rpc.handlers.resources_rpc [None req-c902e2f0-3125-47fd-bbe0-6e01ec9f110b admin admin] Pushing event updated for resources: {'Port': ['ID=3590ba27-0d30-4fc7-8e29-b60186ea67b6,revision_number=1']} {{(pid=103388) push /opt/stack/neutron/neutron/api/rpc/handlers/resources_rpc.py:237}}
Jun 26 01:32:35.718167 np0000183025 devstack@neutron-api.service[103388]: DEBUG neutron.plugins.ml2.drivers.ovn.mech_driver.ovsdb.commands [None req-c902e2f0-3125-47fd-bbe0-6e01ec9f110b admin admin] Converting tag [] to a tag_request {{(pid=103388) _tag_column_to_tag_request /opt/stack/neutron/neutron/plugins/ml2/drivers/ovn/mech_driver/ovsdb/commands.py:205}}
Jun 26 01:32:35.719339 np0000183025 devstack@neutron-api.service[103388]: DEBUG ovsdbapp.backend.ovs_idl.transaction [-] Running txn n=1 command(idx=0): AddLSwitchPortCommand(_result=None, lport=3590ba27-0d30-4fc7-8e29-b60186ea67b6, lswitch=neutron-ed7dd2ac-2233-4c24-8bb2-0de27f4cb644, may_exist=True, network_uuid=ed7dd2ac-2233-4c24-8bb2-0de27f4cb644, columns={'addresses': ['fa:16:3e:74:f2:8f'], 'external_ids': {'neutron:port_name': '', 'neutron:device_id': 'ovnmeta-ed7dd2ac-2233-4c24-8bb2-0de27f4cb644', 'neutron:project_id': 'a57733cb7ae34c4aa605912963d45729', 'neutron:cidrs': '', 'neutron:device_owner': 'network:distributed', 'neutron:subnet_pool_addr_scope4': '', 'neutron:subnet_pool_addr_scope6': '', 'neutron:network_name': 'neutron-ed7dd2ac-2233-4c24-8bb2-0de27f4cb644', 'neutron:security_group_ids': '', 'neutron:revision_number': '1', 'neutron:vnic_type': 'normal', 'neutron:port_capabilities': '', 'neutron:mtu': '1372'}, 'parent_name': [], 'enabled': True, 'options': {}, 'type': 'localport', 'port_security': [], 'dhcpv4_options': [], 'dhcpv6_options': [], 'tag_request': []}) {{(pid=103388) do_commit /opt/stack/data/venv/lib/python3.12/site-packages/ovsdbapp/backend/ovs_idl/transaction.py:89}}
Jun 26 01:32:35.720324 np0000183025 devstack@neutron-api.service[103388]: DEBUG ovsdbapp.backend.ovs_idl.transaction [-] Running txn n=1 command(idx=1): QoSDelCommand(_result=None, switch=neutron-ed7dd2ac-2233-4c24-8bb2-0de27f4cb644, conditions=[('direction', '=', 'to-lport'), ('priority', '=', 2002), ('match', '=', 'outport == "3590ba27-0d30-4fc7-8e29-b60186ea67b6"')], if_exists=True) {{(pid=103388) do_commit /opt/stack/data/venv/lib/python3.12/site-packages/ovsdbapp/backend/ovs_idl/transaction.py:89}}
Jun 26 01:32:35.720760 np0000183025 devstack@neutron-api.service[103388]: DEBUG ovsdbapp.backend.ovs_idl.transaction [-] Running txn n=1 command(idx=2): QoSDelCommand(_result=None, switch=neutron-ed7dd2ac-2233-4c24-8bb2-0de27f4cb644, conditions=[('direction', '=', 'from-lport'), ('priority', '=', 2002), ('match', '=', 'inport == "3590ba27-0d30-4fc7-8e29-b60186ea67b6"')], if_exists=True) {{(pid=103388) do_commit /opt/stack/data/venv/lib/python3.12/site-packages/ovsdbapp/backend/ovs_idl/transaction.py:89}}
Jun 26 01:32:35.730342 np0000183025 devstack@neutron-api.service[103390]: DEBUG neutron.plugins.ml2.drivers.ovn.mech_driver.ovsdb.ovsdb_monitor [-] Hash Ring: Node 77990332a0e7517f91c6d8ccbe70fef8 (host: np0000183025) handling event "create" for row ac42a523-29cd-4dc2-9119-d788eef4ea6f (table: Port_Binding) {{(pid=103390) notify /opt/stack/neutron/neutron/plugins/ml2/drivers/ovn/mech_driver/ovsdb/ovsdb_monitor.py:1015}}
Jun 26 01:32:35.730676 np0000183025 devstack@neutron-api.service[103388]: DEBUG neutron.plugins.ml2.drivers.ovn.mech_driver.ovsdb.ovsdb_monitor [-] Hash Ring: Node 39c4e087034d5026acbef3da7eea05fc (host: np0000183025) handling event "create" for row ac42a523-29cd-4dc2-9119-d788eef4ea6f (table: Port_Binding) {{(pid=103388) notify /opt/stack/neutron/neutron/plugins/ml2/drivers/ovn/mech_driver/ovsdb/ovsdb_monitor.py:1015}}
Jun 26 01:32:35.731711 np0000183025 devstack@neutron-api.service[103388]: DEBUG neutron.plugins.ml2.drivers.ovn.mech_driver.ovsdb.ovsdb_monitor [-] Hash Ring: Node 39c4e087034d5026acbef3da7eea05fc (host: np0000183025) handling event "create" for row 4072e583-1bef-40c6-b76a-4db140020c5e (table: Logical_Switch_Port) {{(pid=103388) notify /opt/stack/neutron/neutron/plugins/ml2/drivers/ovn/mech_driver/ovsdb/ovsdb_monitor.py:1015}}
Jun 26 01:32:35.732908 np0000183025 devstack@neutron-api.service[103388]: DEBUG ovsdbapp.backend.ovs_idl.event [-] Matched CREATE: LogicalSwitchPortCreateEvent(events=('create',), table='Logical_Switch_Port', conditions=[], old_conditions=None), priority=20 to row=Logical_Switch_Port(uuid=4072e583-1bef-40c6-b76a-4db140020c5e, addresses=['fa:16:3e:74:f2:8f'], dhcpv4_options=[], dhcpv6_options=[], dynamic_addresses=[], enabled=True, external_ids={'neutron:cidrs': '', 'neutron:device_id': 'ovnmeta-ed7dd2ac-2233-4c24-8bb2-0de27f4cb644', 'neutron:device_owner': 'network:distributed', 'neutron:mtu': '1372', 'neutron:network_name': 'neutron-ed7dd2ac-2233-4c24-8bb2-0de27f4cb644', 'neutron:port_capabilities': '', 'neutron:port_name': '', 'neutron:project_id': 'a57733cb7ae34c4aa605912963d45729', 'neutron:revision_number': '1', 'neutron:security_group_ids': '', 'neutron:subnet_pool_addr_scope4': '', 'neutron:subnet_pool_addr_scope6': '', 'neutron:vnic_type': 'normal'}, ha_chassis_group=[], mirror_rules=[], name='3590ba27-0d30-4fc7-8e29-b60186ea67b6', options={}, parent_name=[], port_security=[], tag=[], tag_request=[], type='localport', up=[]) old= {{(pid=103388) matches /opt/stack/data/venv/lib/python3.12/site-packages/ovsdbapp/backend/ovs_idl/event.py:55}}
Jun 26 01:32:35.734131 np0000183025 devstack@neutron-api.service[103390]: DEBUG neutron.plugins.ml2.drivers.ovn.mech_driver.ovsdb.ovsdb_monitor [-] Hash Ring: Node 77990332a0e7517f91c6d8ccbe70fef8 (host: np0000183025) handling event "update" for row ed7dd2ac-2233-4c24-8bb2-0de27f4cb644 (table: Logical_Switch) {{(pid=103390) notify /opt/stack/neutron/neutron/plugins/ml2/drivers/ovn/mech_driver/ovsdb/ovsdb_monitor.py:1015}}
Jun 26 01:32:35.734621 np0000183025 devstack@neutron-api.service[103390]: DEBUG neutron.plugins.ml2.drivers.ovn.mech_driver.ovsdb.ovsdb_monitor [-] Hash Ring: Node 77990332a0e7517f91c6d8ccbe70fef8 (host: np0000183025) handling event "create" for row 4072e583-1bef-40c6-b76a-4db140020c5e (table: Logical_Switch_Port) {{(pid=103390) notify /opt/stack/neutron/neutron/plugins/ml2/drivers/ovn/mech_driver/ovsdb/ovsdb_monitor.py:1015}}
Jun 26 01:32:35.735928 np0000183025 devstack@neutron-api.service[103390]: DEBUG ovsdbapp.backend.ovs_idl.event [-] Matched CREATE: LogicalSwitchPortCreateEvent(events=('create',), table='Logical_Switch_Port', conditions=[], old_conditions=None), priority=20 to row=Logical_Switch_Port(uuid=4072e583-1bef-40c6-b76a-4db140020c5e, addresses=['fa:16:3e:74:f2:8f'], dhcpv4_options=[], dhcpv6_options=[], dynamic_addresses=[], enabled=True, external_ids={'neutron:cidrs': '', 'neutron:device_id': 'ovnmeta-ed7dd2ac-2233-4c24-8bb2-0de27f4cb644', 'neutron:device_owner': 'network:distributed', 'neutron:mtu': '1372', 'neutron:network_name': 'neutron-ed7dd2ac-2233-4c24-8bb2-0de27f4cb644', 'neutron:port_capabilities': '', 'neutron:port_name': '', 'neutron:project_id': 'a57733cb7ae34c4aa605912963d45729', 'neutron:revision_number': '1', 'neutron:security_group_ids': '', 'neutron:subnet_pool_addr_scope4': '', 'neutron:subnet_pool_addr_scope6': '', 'neutron:vnic_type': 'normal'}, ha_chassis_group=[], mirror_rules=[], name='3590ba27-0d30-4fc7-8e29-b60186ea67b6', options={}, parent_name=[], port_security=[], tag=[], tag_request=[], type='localport', up=[]) old= {{(pid=103390) matches /opt/stack/data/venv/lib/python3.12/site-packages/ovsdbapp/backend/ovs_idl/event.py:55}}
Jun 26 01:32:35.736607 np0000183025 devstack@neutron-api.service[103390]: INFO neutron.plugins.ml2.drivers.ovn.mech_driver.mech_driver [-] OVN reports status down for port: 3590ba27-0d30-4fc7-8e29-b60186ea67b6
Jun 26 01:32:35.738117 np0000183025 devstack@neutron-api.service[103388]: INFO neutron.plugins.ml2.drivers.ovn.mech_driver.mech_driver [-] OVN reports status down for port: 3590ba27-0d30-4fc7-8e29-b60186ea67b6
Jun 26 01:32:35.739344 np0000183025 devstack@neutron-api.service[103388]: DEBUG neutron.plugins.ml2.drivers.ovn.mech_driver.ovsdb.ovsdb_monitor [-] Hash Ring: Node 39c4e087034d5026acbef3da7eea05fc (host: np0000183025) handling event "update" for row 4072e583-1bef-40c6-b76a-4db140020c5e (table: Logical_Switch_Port) {{(pid=103388) notify /opt/stack/neutron/neutron/plugins/ml2/drivers/ovn/mech_driver/ovsdb/ovsdb_monitor.py:1015}}
Jun 26 01:32:35.739443 np0000183025 devstack@neutron-api.service[103390]: DEBUG neutron.plugins.ml2.drivers.ovn.mech_driver.ovsdb.ovsdb_monitor [-] Hash Ring: Node 77990332a0e7517f91c6d8ccbe70fef8 (host: np0000183025) handling event "update" for row 4072e583-1bef-40c6-b76a-4db140020c5e (table: Logical_Switch_Port) {{(pid=103390) notify /opt/stack/neutron/neutron/plugins/ml2/drivers/ovn/mech_driver/ovsdb/ovsdb_monitor.py:1015}}
Jun 26 01:32:35.806684 np0000183025 devstack@neutron-api.service[103390]: DEBUG neutron.db.provisioning_blocks [None req-a6209e38-c6b7-4458-9001-39a8e310f837 None None] Transition to ACTIVE for port object 3590ba27-0d30-4fc7-8e29-b60186ea67b6 will not be triggered until provisioned by entity L2. {{(pid=103390) add_provisioning_component /opt/stack/neutron/neutron/db/provisioning_blocks.py:74}}
Jun 26 01:32:35.812103 np0000183025 devstack@neutron-api.service[103388]: INFO neutron.db.ovn_revision_numbers_db [None req-c902e2f0-3125-47fd-bbe0-6e01ec9f110b admin admin] Successfully bumped revision number for resource 3590ba27-0d30-4fc7-8e29-b60186ea67b6 (type: ports) to 1
