Jun 26 01:36:06.556556 np0000183025 devstack@neutron-api.service[103389]: DEBUG neutron_lib.callbacks.manager [None req-16e2098a-c275-427b-9151-278cf2a57f8e admin admin] Publish callbacks ['neutron.plugins.ml2.plugin.SecurityGroupDbMixin._ensure_default_security_group_handler-1968051', 'neutron.services.ovn_l3.plugin.OVNL3RouterPlugin._port_update-8279467837330', 'neutron.db.l3_db.L3_NAT_dbonly_mixin._prevent_internal_ip_change_for_fip-8279468958864'] for port (972840ef-5398-4406-9328-55c81b807a0f), before_update {{(pid=103389) _notify_loop /opt/stack/data/venv/lib/python3.12/site-packages/neutron_lib/callbacks/manager.py:184}}
Jun 26 01:36:06.652738 np0000183025 devstack@neutron-api.service[103389]: DEBUG neutron.db.db_base_plugin_common [None req-16e2098a-c275-427b-9151-278cf2a57f8e admin admin] Allocated IP 10.2.5.1 (3f44518f-2c03-4105-bc01-de46fb263b78/3aa6f3b4-edd9-41f8-948c-6b1fb01c79c0/972840ef-5398-4406-9328-55c81b807a0f) {{(pid=103389) _store_ip_allocation /opt/stack/neutron/neutron/db/db_base_plugin_common.py:131}}
Jun 26 01:36:06.713654 np0000183025 devstack@neutron-api.service[103389]: DEBUG neutron_lib.callbacks.manager [None req-16e2098a-c275-427b-9151-278cf2a57f8e admin admin] Publish callbacks [] for port (972840ef-5398-4406-9328-55c81b807a0f), precommit_update {{(pid=103389) _notify_loop /opt/stack/data/venv/lib/python3.12/site-packages/neutron_lib/callbacks/manager.py:184}}
Jun 26 01:36:06.713830 np0000183025 devstack@neutron-api.service[103389]: DEBUG neutron.plugins.ml2.drivers.ovn.mech_driver.mech_driver [None req-16e2098a-c275-427b-9151-278cf2a57f8e admin admin] No provisioning block for port 972840ef-5398-4406-9328-55c81b807a0f since it does not have a host {{(pid=103389) _is_port_provisioning_required /opt/stack/neutron/neutron/plugins/ml2/drivers/ovn/mech_driver/mech_driver.py:899}}
Jun 26 01:36:06.725692 np0000183025 devstack@neutron-api.service[103389]: DEBUG neutron_lib.callbacks.manager [None req-16e2098a-c275-427b-9151-278cf2a57f8e admin admin] Publish callbacks ['neutron.plugins.ml2.ovo_rpc._ObjectChangeHandler.handle_event-6695213', 'neutron.services.ovn_l3.plugin.OVNL3RouterPlugin._port_update-8279467837330'] for port (972840ef-5398-4406-9328-55c81b807a0f), after_update {{(pid=103389) _notify_loop /opt/stack/data/venv/lib/python3.12/site-packages/neutron_lib/callbacks/manager.py:184}}
Jun 26 01:36:06.757339 np0000183025 devstack@neutron-api.service[103389]: DEBUG neutron.api.rpc.handlers.resources_rpc [None req-16e2098a-c275-427b-9151-278cf2a57f8e admin admin] Pushing event updated for resources: {'Port': ['ID=972840ef-5398-4406-9328-55c81b807a0f,revision_number=2']} {{(pid=103389) push /opt/stack/neutron/neutron/api/rpc/handlers/resources_rpc.py:237}}
Jun 26 01:36:06.852091 np0000183025 devstack@neutron-api.service[103389]: DEBUG neutron.plugins.ml2.drivers.ovn.mech_driver.ovsdb.commands [None req-16e2098a-c275-427b-9151-278cf2a57f8e admin admin] Converting tag [] to a tag_request {{(pid=103389) _tag_column_to_tag_request /opt/stack/neutron/neutron/plugins/ml2/drivers/ovn/mech_driver/ovsdb/commands.py:205}}
Jun 26 01:36:06.853059 np0000183025 devstack@neutron-api.service[103389]: DEBUG ovsdbapp.backend.ovs_idl.transaction [None req-f98279a8-4fa4-40d4-960c-e28d32938d5a None None] Running txn n=1 command(idx=0): CheckRevisionNumberCommand(_result=None, name=972840ef-5398-4406-9328-55c81b807a0f, resource={'id': '972840ef-5398-4406-9328-55c81b807a0f', 'name': '', 'network_id': '3f44518f-2c03-4105-bc01-de46fb263b78', 'project_id': 'b5902d8f5f5d4236b6b47fccf54a4bc5', 'mac_address': 'fa:16:3e:36:61:c5', 'admin_state_up': True, 'status': 'DOWN', 'device_id': 'ovnmeta-3f44518f-2c03-4105-bc01-de46fb263b78', 'device_owner': 'network:distributed', 'standard_attr_id': 44, 'fixed_ips': [{'subnet_id': '3aa6f3b4-edd9-41f8-948c-6b1fb01c79c0', 'ip_address': '10.2.5.1'}], 'allowed_address_pairs': [], 'extra_dhcp_opts': [], 'security_groups': [], 'description': '', 'binding:vnic_type': 'normal', 'binding:profile': {}, 'binding:host_id': '', 'binding:vif_type': 'unbound', 'binding:vif_details': {}, 'port_security_enabled': False, 'tags': [], 'created_at': '2026-06-26T01:36:05Z', 'updated_at': '2026-06-26T01:36:06Z', 'revision_number': 2, 'tenant_id': 'b5902d8f5f5d4236b6b47fccf54a4bc5', 'network': {'id': '3f44518f-2c03-4105-bc01-de46fb263b78', 'name': 'admin_net', 'tenant_id': 'b5902d8f5f5d4236b6b47fccf54a4bc5', 'project_id': 'b5902d8f5f5d4236b6b47fccf54a4bc5', 'admin_state_up': True, 'mtu': 1372, 'status': 'ACTIVE', 'subnets': ['3aa6f3b4-edd9-41f8-948c-6b1fb01c79c0'], 'standard_attr_id': 42, 'shared': False, 'availability_zone_hints': [], 'availability_zones': [], 'ipv4_address_scope': None, 'ipv6_address_scope': None, 'router:external': False, 'qinq': False, 'vlan_transparent': False, 'description': '', 'port_security_enabled': True, 'tags': [], 'created_at': '2026-06-26T01:36:05Z', 'updated_at': '2026-06-26T01:36:06Z', 'revision_number': 2, 'provider:network_type': 'geneve', 'provider:physical_network': None, 'provider:segmentation_id': 31482}}, resource_type=ports, if_exists=True) {{(pid=103389) do_commit /opt/stack/data/venv/lib/python3.12/site-packages/ovsdbapp/backend/ovs_idl/transaction.py:89}}
Jun 26 01:36:06.853695 np0000183025 devstack@neutron-api.service[103389]: DEBUG ovsdbapp.backend.ovs_idl.transaction [None req-f98279a8-4fa4-40d4-960c-e28d32938d5a None None] Running txn n=1 command(idx=1): AddDHCPOptionsCommand(_result=None, columns={'cidr': '10.2.5.0/24', 'options': {'server_id': '10.2.5.1', 'lease_time': '43200', 'mtu': '1372', 'server_mac': 'fa:16:3e:29:b1:6a', 'dns_server': '{127.0.0.53}', 'classless_static_route': '{169.254.169.254/32,10.2.5.1}'}, 'external_ids': {'subnet_id': '3aa6f3b4-edd9-41f8-948c-6b1fb01c79c0', 'neutron:network_id': '3f44518f-2c03-4105-bc01-de46fb263b78', 'neutron:revision_number': '0'}}, may_exist=True, subnet_id=3aa6f3b4-edd9-41f8-948c-6b1fb01c79c0, port_id=None, new_insert=False) {{(pid=103389) do_commit /opt/stack/data/venv/lib/python3.12/site-packages/ovsdbapp/backend/ovs_idl/transaction.py:89}}
Jun 26 01:36:06.854323 np0000183025 devstack@neutron-api.service[103389]: DEBUG ovsdbapp.backend.ovs_idl.transaction [None req-f98279a8-4fa4-40d4-960c-e28d32938d5a None None] Running txn n=1 command(idx=2): SetLSwitchPortCommand(_result=None, lport=972840ef-5398-4406-9328-55c81b807a0f, external_ids_update=None, columns={'external_ids': {'neutron:port_name': '', 'neutron:device_id': 'ovnmeta-3f44518f-2c03-4105-bc01-de46fb263b78', 'neutron:project_id': 'b5902d8f5f5d4236b6b47fccf54a4bc5', 'neutron:cidrs': '10.2.5.1/24', 'neutron:device_owner': 'network:distributed', 'neutron:subnet_pool_addr_scope4': '', 'neutron:subnet_pool_addr_scope6': '', 'neutron:network_name': 'neutron-3f44518f-2c03-4105-bc01-de46fb263b78', 'neutron:security_group_ids': '', 'neutron:revision_number': '2', 'neutron:vnic_type': 'normal', 'neutron:port_capabilities': '', 'neutron:mtu': '1372'}, 'parent_name': [], 'options': {}, 'enabled': True, 'port_security': [], 'dhcpv4_options': [], 'dhcpv6_options': [], 'type': 'localport', 'addresses': ['fa:16:3e:36:61:c5 10.2.5.1'], 'ha_chassis_group': [], 'tag_request': []}, if_exists=False) {{(pid=103389) do_commit /opt/stack/data/venv/lib/python3.12/site-packages/ovsdbapp/backend/ovs_idl/transaction.py:89}}
Jun 26 01:36:06.856495 np0000183025 devstack@neutron-api.service[103389]: DEBUG ovsdbapp.backend.ovs_idl.transaction [None req-f98279a8-4fa4-40d4-960c-e28d32938d5a None None] Running txn n=1 command(idx=3): PgDelPortCommand(_result=None, port_group=neutron_pg_drop, lsp=['972840ef-5398-4406-9328-55c81b807a0f'], if_exists=False) {{(pid=103389) do_commit /opt/stack/data/venv/lib/python3.12/site-packages/ovsdbapp/backend/ovs_idl/transaction.py:89}}
Jun 26 01:36:06.883652 np0000183025 devstack@neutron-api.service[103389]: DEBUG neutron.plugins.ml2.drivers.ovn.mech_driver.ovsdb.ovsdb_monitor [None req-f98279a8-4fa4-40d4-960c-e28d32938d5a None None] Touching Hash Ring node "2221ff74427f510aa845da870ada2025" from IDL notify handler {{(pid=103389) notify /opt/stack/neutron/neutron/plugins/ml2/drivers/ovn/mech_driver/ovsdb/ovsdb_monitor.py:1007}}
Jun 26 01:36:06.887208 np0000183025 devstack@neutron-api.service[103390]: DEBUG neutron.plugins.ml2.drivers.ovn.mech_driver.ovsdb.ovsdb_monitor [None req-77b13b0b-3364-4b4b-9138-b5ed100970ad None None] Touching Hash Ring node "77990332a0e7517f91c6d8ccbe70fef8" from IDL notify handler {{(pid=103390) notify /opt/stack/neutron/neutron/plugins/ml2/drivers/ovn/mech_driver/ovsdb/ovsdb_monitor.py:1007}}
Jun 26 01:36:06.891943 np0000183025 devstack@neutron-api.service[103389]: DEBUG neutron.plugins.ml2.drivers.ovn.mech_driver.ovsdb.ovsdb_monitor [None req-f98279a8-4fa4-40d4-960c-e28d32938d5a None None] Hash Ring: Node 2221ff74427f510aa845da870ada2025 (host: np0000183025) handling event "create" for row 0bfc5051-69f5-48fb-b57e-17306e37f45d (table: DHCP_Options) {{(pid=103389) notify /opt/stack/neutron/neutron/plugins/ml2/drivers/ovn/mech_driver/ovsdb/ovsdb_monitor.py:1015}}
Jun 26 01:36:06.894412 np0000183025 devstack@neutron-api.service[103391]: DEBUG neutron.plugins.ml2.drivers.ovn.mech_driver.ovsdb.ovsdb_monitor [None req-5b5c4e45-fd85-4e0f-8699-2e47ece9d384 None None] Hash Ring: Node 2e2a52ffaf2e5e088b16b617765fddfa (host: np0000183025) handling event "update" for row bd9ae72f-241f-401f-914a-5395896b59d2 (table: Port_Binding) {{(pid=103391) notify /opt/stack/neutron/neutron/plugins/ml2/drivers/ovn/mech_driver/ovsdb/ovsdb_monitor.py:1015}}
Jun 26 01:36:06.902275 np0000183025 devstack@neutron-api.service[103390]: DEBUG neutron.plugins.ml2.drivers.ovn.mech_driver.ovsdb.ovsdb_monitor [None req-77b13b0b-3364-4b4b-9138-b5ed100970ad None None] Hash Ring: Node 77990332a0e7517f91c6d8ccbe70fef8 (host: np0000183025) handling event "update" for row 9ad5f84e-da02-42c2-8507-e60cf652bafb (table: Logical_Switch_Port) {{(pid=103390) notify /opt/stack/neutron/neutron/plugins/ml2/drivers/ovn/mech_driver/ovsdb/ovsdb_monitor.py:1015}}
Jun 26 01:36:06.920467 np0000183025 devstack@neutron-api.service[103389]: INFO neutron.db.ovn_revision_numbers_db [None req-16e2098a-c275-427b-9151-278cf2a57f8e admin admin] Successfully bumped revision number for resource 972840ef-5398-4406-9328-55c81b807a0f (type: ports) to 2
Jun 26 01:36:06.930410 np0000183025 devstack@neutron-api.service[103389]: DEBUG neutron.plugins.ml2.plugin [None req-16e2098a-c275-427b-9151-278cf2a57f8e admin admin] In _notify_port_updated(), no bound segment for port 972840ef-5398-4406-9328-55c81b807a0f on network 3f44518f-2c03-4105-bc01-de46fb263b78 {{(pid=103389) _notify_port_updated /opt/stack/neutron/neutron/plugins/ml2/plugin.py:1041}}
Jun 26 01:36:06.950356 np0000183025 devstack@neutron-api.service[103389]: INFO neutron.db.ovn_revision_numbers_db [None req-16e2098a-c275-427b-9151-278cf2a57f8e admin admin] Successfully bumped revision number for resource 3aa6f3b4-edd9-41f8-948c-6b1fb01c79c0 (type: subnets) to 0
Jun 26 01:36:06.952329 np0000183025 devstack@neutron-api.service[103389]: DEBUG neutron.pecan_wsgi.hooks.policy_enforcement [None req-16e2098a-c275-427b-9151-278cf2a57f8e admin admin] Attributes excluded by policy engine: ['standard_attr_id', 'shared', 'network'] {{(pid=103389) _exclude_attributes_by_policy /opt/stack/neutron/neutron/pecan_wsgi/hooks/policy_enforcement.py:259}}
Jun 26 01:36:06.952723 np0000183025 devstack@neutron-api.service[103389]: DEBUG neutron_lib.callbacks.manager [None req-16e2098a-c275-427b-9151-278cf2a57f8e admin admin] Publish callbacks [] for subnet (None), before_response {{(pid=103389) _notify_loop /opt/stack/data/venv/lib/python3.12/site-packages/neutron_lib/callbacks/manager.py:184}}
Jun 26 01:36:06.966107 np0000183025 devstack@neutron-api.service[103389]: [pid: 103389|app: 0|req: 25/99] 199.204.45.216 () {68 vars in 1355 bytes} [Fri Jun 26 01:36:06 2026] POST /networking/v2.0/subnets => generated 625 bytes in 562 msecs (HTTP/1.1 201) 4 headers in 162 bytes (1 switches on core 0)
Jun 26 01:36:07.191897 np0000183025 devstack@neutron-api.service[103391]: INFO neutron.pecan_wsgi.hooks.translation [None req-841c141a-b4d1-481d-9a19-a61bb74877b3 admin admin] GET failed (client error): The resource could not be found.
Jun 26 01:36:07.192410 np0000183025 devstack@neutron-api.service[103391]: [pid: 103391|app: 0|req: 25/100] 199.204.45.216 () {64 vars in 1340 bytes} [Fri Jun 26 01:36:07 2026] GET /networking/v2.0/subnets/admin_subnet => generated 112 bytes in 12 msecs (HTTP/1.1 404) 4 headers in 164 bytes (1 switches on core 0)
Jun 26 01:36:07.224546 np0000183025 devstack@neutron-api.service[103388]: DEBUG neutron.pecan_wsgi.hooks.policy_enforcement [None req-bf6ac489-90e6-4f98-9a66-c6ef5b79205b admin admin] Attributes excluded by policy engine: ['standard_attr_id', 'shared'] {{(pid=103388) _exclude_attributes_by_policy /opt/stack/neutron/neutron/pecan_wsgi/hooks/policy_enforcement.py:259}}
Jun 26 01:36:07.226340 np0000183025 devstack@neutron-api.service[103388]: [pid: 103388|app: 0|req: 25/101] 199.204.45.216 () {64 vars in 1349 bytes} [Fri Jun 26 01:36:07 2026] GET /networking/v2.0/subnets?name=admin_subnet => generated 628 bytes in 23 msecs (HTTP/1.1 200) 4 headers in 157 bytes (1 switches on core 0)
Jun 26 01:36:08.263376 np0000183025 devstack@neutron-api.service[103390]: DEBUG neutron.plugins.ml2.drivers.ovn.mech_driver.ovsdb.ovsdb_monitor [None req-32114dac-3480-4824-9a59-b2279324d09b None None] ChassisOVNAgentWriteEvent : Matched Chassis_Private, update, None None {{(pid=103390) matches /opt/stack/neutron/neutron/plugins/ml2/drivers/ovn/mech_driver/ovsdb/ovsdb_monitor.py:64}}
Jun 26 01:36:08.264837 np0000183025 devstack@neutron-api.service[103391]: DEBUG neutron.plugins.ml2.drivers.ovn.mech_driver.ovsdb.ovsdb_monitor [None req-5b5c4e45-fd85-4e0f-8699-2e47ece9d384 None None] ChassisOVNAgentWriteEvent : Matched Chassis_Private, update, None None {{(pid=103391) matches /opt/stack/neutron/neutron/plugins/ml2/drivers/ovn/mech_driver/ovsdb/ovsdb_monitor.py:64}}
Jun 26 01:36:08.266417 np0000183025 devstack@neutron-api.service[103388]: DEBUG neutron.plugins.ml2.drivers.ovn.mech_driver.ovsdb.ovsdb_monitor [None req-733fa630-b9b9-4f47-b194-42b33f43e8ae None None] ChassisOVNAgentWriteEvent : Matched Chassis_Private, update, None None {{(pid=103388) matches /opt/stack/neutron/neutron/plugins/ml2/drivers/ovn/mech_driver/ovsdb/ovsdb_monitor.py:64}}
Jun 26 01:36:08.267212 np0000183025 devstack@neutron-api.service[103389]: DEBUG neutron.plugins.ml2.drivers.ovn.mech_driver.ovsdb.ovsdb_monitor [None req-bb527ef5-7665-4b0c-a515-f2d7b07e26d4 None None] ChassisOVNAgentWriteEvent : Matched Chassis_Private, update, None None {{(pid=103389) matches /opt/stack/neutron/neutron/plugins/ml2/drivers/ovn/mech_driver/ovsdb/ovsdb_monitor.py:64}}
Jun 26 01:36:08.267904 np0000183025 devstack@neutron-api.service[103389]: DEBUG neutron.plugins.ml2.drivers.ovn.mech_driver.ovsdb.ovsdb_monitor [None req-bb527ef5-7665-4b0c-a515-f2d7b07e26d4 None None] Hash Ring: Node 2221ff74427f510aa845da870ada2025 (host: np0000183025) handling event "update" for row 206ec8f4-c3da-46f3-892b-bf93b4ce5cf9 (table: Chassis_Private) {{(pid=103389) notify /opt/stack/neutron/neutron/plugins/ml2/drivers/ovn/mech_driver/ovsdb/ovsdb_monitor.py:1015}}
Jun 26 01:36:10.111074 np0000183025 devstack@neutron-api.service[103390]: DEBUG futurist.periodics [-] Submitting periodic callback 'neutron.plugins.ml2.drivers.ovn.mech_driver.ovsdb.maintenance.HashRingHealthCheckPeriodics.touch_hash_ring_node' {{(pid=103390) _process_scheduled /opt/stack/data/venv/lib/python3.12/site-packages/futurist/periodics.py:784}}
Jun 26 01:36:10.111740 np0000183025 devstack@neutron-api.service[103390]: DEBUG neutron.plugins.ml2.drivers.ovn.mech_driver.ovsdb.maintenance [-] Touching Hash Ring node "77990332a0e7517f91c6d8ccbe70fef8" from periodic health check thread {{(pid=103390) touch_hash_ring_node /opt/stack/neutron/neutron/plugins/ml2/drivers/ovn/mech_driver/ovsdb/maintenance.py:1419}}
Jun 26 01:36:10.955861 np0000183025 devstack@neutron-api.service[103388]: DEBUG futurist.periodics [-] Submitting periodic callback 'neutron.plugins.ml2.drivers.ovn.mech_driver.ovsdb.maintenance.HashRingHealthCheckPeriodics.touch_hash_ring_node' {{(pid=103388) _process_scheduled /opt/stack/data/venv/lib/python3.12/site-packages/futurist/periodics.py:784}}
Jun 26 01:36:10.956410 np0000183025 devstack@neutron-api.service[103388]: DEBUG neutron.plugins.ml2.drivers.ovn.mech_driver.ovsdb.maintenance [-] Touching Hash Ring node "39c4e087034d5026acbef3da7eea05fc" from periodic health check thread {{(pid=103388) touch_hash_ring_node /opt/stack/neutron/neutron/plugins/ml2/drivers/ovn/mech_driver/ovsdb/maintenance.py:1419}}
Jun 26 01:36:10.963672 np0000183025 devstack@neutron-api.service[103391]: DEBUG futurist.periodics [-] Submitting periodic callback 'neutron.plugins.ml2.drivers.ovn.mech_driver.ovsdb.maintenance.HashRingHealthCheckPeriodics.touch_hash_ring_node' {{(pid=103391) _process_scheduled /opt/stack/data/venv/lib/python3.12/site-packages/futurist/periodics.py:784}}
Jun 26 01:36:10.964722 np0000183025 devstack@neutron-api.service[103391]: DEBUG neutron.plugins.ml2.drivers.ovn.mech_driver.ovsdb.maintenance [-] Touching Hash Ring node "2e2a52ffaf2e5e088b16b617765fddfa" from periodic health check thread {{(pid=103391) touch_hash_ring_node /opt/stack/neutron/neutron/plugins/ml2/drivers/ovn/mech_driver/ovsdb/maintenance.py:1419}}
Jun 26 01:36:11.001893 np0000183025 devstack@neutron-api.service[103389]: DEBUG futurist.periodics [-] Submitting periodic callback 'neutron.plugins.ml2.drivers.ovn.mech_driver.ovsdb.maintenance.HashRingHealthCheckPeriodics.touch_hash_ring_node' {{(pid=103389) _process_scheduled /opt/stack/data/venv/lib/python3.12/site-packages/futurist/periodics.py:784}}
Jun 26 01:36:11.002238 np0000183025 devstack@neutron-api.service[103389]: DEBUG neutron.plugins.ml2.drivers.ovn.mech_driver.ovsdb.maintenance [-] Touching Hash Ring node "2221ff74427f510aa845da870ada2025" from periodic health check thread {{(pid=103389) touch_hash_ring_node /opt/stack/neutron/neutron/plugins/ml2/drivers/ovn/mech_driver/ovsdb/maintenance.py:1419}}
Jun 26 01:36:12.094146 np0000183025 devstack@neutron-api.service[103390]: [pid: 103390|app: 0|req: 27/102] 199.204.45.216 () {64 vars in 1369 bytes} [Fri Jun 26 01:36:12 2026] GET /networking/v2.0/ports?device_id=manila-admin-share&binding%3Ahost_id=np0000183025 => generated 12 bytes in 66 msecs (HTTP/1.1 200) 4 headers in 156 bytes (1 switches on core 0)
Jun 26 01:36:12.131660 np0000183025 devstack@neutron-api.service[103389]: DEBUG neutron.api.wsgi [None req-46b16814-c33a-4871-a0b2-ef29e75af903 service neutron] Missing Content-Type {{(pid=103389) get_content_type /opt/stack/neutron/neutron/api/wsgi.py:80}}
Jun 26 01:36:12.132396 np0000183025 devstack@neutron-api.service[103389]: DEBUG neutron.api.wsgi [None req-46b16814-c33a-4871-a0b2-ef29e75af903 service neutron] https://199.204.45.216/networking/v2.0/extensions returned with HTTP 200 {{(pid=103389) __call__ /opt/stack/neutron/neutron/api/wsgi.py:540}}
Jun 26 01:36:12.133064 np0000183025 devstack@neutron-api.service[103389]: [pid: 103389|app: 0|req: 26/103] 199.204.45.216 () {64 vars in 1265 bytes} [Fri Jun 26 01:36:12 2026] GET /networking/v2.0/extensions => generated 16171 bytes in 7 msecs (HTTP/1.1 200) 4 headers in 159 bytes (1 switches on core 0)
Jun 26 01:36:12.169543 np0000183025 devstack@neutron-api.service[103391]: DEBUG neutron.api.v2.base [None req-b8c6f0a4-afe4-401a-aeb8-7b94219de8a1 service neutron] Request body: {'port': {'network_id': '3f44518f-2c03-4105-bc01-de46fb263b78', 'admin_state_up': True, 'tenant_id': 'b5902d8f5f5d4236b6b47fccf54a4bc5', 'port_security_enabled': False, 'binding:host_id': 'np0000183025', 'fixed_ips': [{'subnet_id': '3aa6f3b4-edd9-41f8-948c-6b1fb01c79c0'}], 'device_owner': 'manila:share', 'device_id': 'manila-admin-share'}} {{(pid=103391) prepare_request_body /opt/stack/neutron/neutron/api/v2/base.py:727}}
Jun 26 01:36:12.190043 np0000183025 devstack@neutron-api.service[103391]: DEBUG neutron.pecan_wsgi.hooks.quota_enforcement [None req-b8c6f0a4-afe4-401a-aeb8-7b94219de8a1 service neutron] Made reservation on behalf of b5902d8f5f5d4236b6b47fccf54a4bc5 for: {'port': 1} {{(pid=103391) before /opt/stack/neutron/neutron/pecan_wsgi/hooks/quota_enforcement.py:66}}
Jun 26 01:36:12.195969 np0000183025 devstack@neutron-api.service[103391]: DEBUG neutron_lib.callbacks.manager [None req-b8c6f0a4-afe4-401a-aeb8-7b94219de8a1 service neutron] Publish callbacks ['neutron.plugins.ml2.plugin.SecurityGroupDbMixin._ensure_default_security_group_handler-3147538'] for port (None), before_create {{(pid=103391) _notify_loop /opt/stack/data/venv/lib/python3.12/site-packages/neutron_lib/callbacks/manager.py:184}}
Jun 26 01:36:12.279985 np0000183025 devstack@neutron-api.service[103391]: DEBUG neutron.db.db_base_plugin_common [None req-b8c6f0a4-afe4-401a-aeb8-7b94219de8a1 service neutron] Allocated IP 10.2.5.249 (3f44518f-2c03-4105-bc01-de46fb263b78/3aa6f3b4-edd9-41f8-948c-6b1fb01c79c0/f72939e8-e241-43e9-94e0-9f782f4d5dce) {{(pid=103391) _store_ip_allocation /opt/stack/neutron/neutron/db/db_base_plugin_common.py:131}}
Jun 26 01:36:12.363812 np0000183025 devstack@neutron-api.service[103391]: DEBUG neutron_lib.callbacks.manager [None req-b8c6f0a4-afe4-401a-aeb8-7b94219de8a1 service neutron] Publish callbacks ['neutron.plugins.ml2.drivers.ovn.mech_driver.mech_driver.OVNMechanismDriver._validate_allowed_address_pairs-475196'] for allowed_address_pair (f72939e8-e241-43e9-94e0-9f782f4d5dce), before_create {{(pid=103391) _notify_loop /opt/stack/data/venv/lib/python3.12/site-packages/neutron_lib/callbacks/manager.py:184}}
Jun 26 01:36:12.365441 np0000183025 devstack@neutron-api.service[103391]: DEBUG neutron_lib.callbacks.manager [None req-b8c6f0a4-afe4-401a-aeb8-7b94219de8a1 service neutron] Publish callbacks [] for port (f72939e8-e241-43e9-94e0-9f782f4d5dce), precommit_create {{(pid=103391) _notify_loop /opt/stack/data/venv/lib/python3.12/site-packages/neutron_lib/callbacks/manager.py:184}}
Jun 26 01:36:12.368910 np0000183025 devstack@neutron-api.service[103391]: DEBUG neutron.db.provisioning_blocks [None req-b8c6f0a4-afe4-401a-aeb8-7b94219de8a1 service neutron] Transition to ACTIVE for port object f72939e8-e241-43e9-94e0-9f782f4d5dce will not be triggered until provisioned by entity L2. {{(pid=103391) add_provisioning_component /opt/stack/neutron/neutron/db/provisioning_blocks.py:74}}
Jun 26 01:36:12.369196 np0000183025 devstack@neutron-api.service[103391]: DEBUG neutron.db.ovn_revision_numbers_db [None req-b8c6f0a4-afe4-401a-aeb8-7b94219de8a1 service neutron] create_initial_revision uuid=f72939e8-e241-43e9-94e0-9f782f4d5dce, type=ports, rev=-1 {{(pid=103391) create_initial_revision /opt/stack/neutron/neutron/db/ovn_revision_numbers_db.py:98}}
Jun 26 01:36:12.381804 np0000183025 devstack@neutron-api.service[103391]: DEBUG neutron_lib.callbacks.manager [None req-b8c6f0a4-afe4-401a-aeb8-7b94219de8a1 service neutron] Publish callbacks ['neutron.plugins.ml2.ovo_rpc._ObjectChangeHandler.handle_event-6716863'] for port (f72939e8-e241-43e9-94e0-9f782f4d5dce), after_create {{(pid=103391) _notify_loop /opt/stack/data/venv/lib/python3.12/site-packages/neutron_lib/callbacks/manager.py:184}}
Jun 26 01:36:12.405430 np0000183025 devstack@neutron-api.service[103391]: DEBUG neutron.api.rpc.handlers.resources_rpc [None req-b8c6f0a4-afe4-401a-aeb8-7b94219de8a1 service neutron] Pushing event updated for resources: {'Port': ['ID=f72939e8-e241-43e9-94e0-9f782f4d5dce,revision_number=1']} {{(pid=103391) push /opt/stack/neutron/neutron/api/rpc/handlers/resources_rpc.py:237}}
Jun 26 01:36:12.411278 np0000183025 devstack@neutron-api.service[103391]: DEBUG neutron.api.rpc.callbacks.version_manager [None req-b8c6f0a4-afe4-401a-aeb8-7b94219de8a1 service neutron] Tracked resource versions report:
Jun 26 01:36:12.411278 np0000183025 devstack@neutron-api.service[103391]: pushed versions:
Jun 26 01:36:12.411278 np0000183025 devstack@neutron-api.service[103391]: { 'AddressGroup': {'1.2'},
Jun 26 01:36:12.411278 np0000183025 devstack@neutron-api.service[103391]: 'Agent': {'1.1'},
Jun 26 01:36:12.411278 np0000183025 devstack@neutron-api.service[103391]: 'ConntrackHelper': {'1.0'},
Jun 26 01:36:12.411278 np0000183025 devstack@neutron-api.service[103391]: 'LocalIPAssociation': {'1.0'},
Jun 26 01:36:12.411278 np0000183025 devstack@neutron-api.service[103391]: 'Log': {'1.0'},
Jun 26 01:36:12.411278 np0000183025 devstack@neutron-api.service[103391]: 'NDPProxy': {'1.0'},
Jun 26 01:36:12.411278 np0000183025 devstack@neutron-api.service[103391]: 'Network': {'1.3'},
Jun 26 01:36:12.411278 np0000183025 devstack@neutron-api.service[103391]: 'Port': {'1.11'},
Jun 26 01:36:12.411278 np0000183025 devstack@neutron-api.service[103391]: 'PortForwarding': {'1.3'},
Jun 26 01:36:12.411278 np0000183025 devstack@neutron-api.service[103391]: 'QosPolicy': {'1.10'},
Jun 26 01:36:12.411278 np0000183025 devstack@neutron-api.service[103391]: 'SecurityGroup': {'1.6'},
Jun 26 01:36:12.411278 np0000183025 devstack@neutron-api.service[103391]: 'SecurityGroupRule': {'1.3'},
Jun 26 01:36:12.411278 np0000183025 devstack@neutron-api.service[103391]: 'SubPort': {'1.0'},
Jun 26 01:36:12.411278 np0000183025 devstack@neutron-api.service[103391]: 'Subnet': {'1.2'},
Jun 26 01:36:12.411278 np0000183025 devstack@neutron-api.service[103391]: 'Trunk': {'1.1'}}
Jun 26 01:36:12.411278 np0000183025 devstack@neutron-api.service[103391]: consumer versions:
Jun 26 01:36:12.411278 np0000183025 devstack@neutron-api.service[103391]: { OVN Neutron agent@np0000183025: {},
Jun 26 01:36:12.411278 np0000183025 devstack@neutron-api.service[103391]: OVN Controller Gateway agent@np0000183025: {}}
Jun 26 01:36:12.411278 np0000183025 devstack@neutron-api.service[103391]: {{(pid=103391) report /opt/stack/neutron/neutron/api/rpc/callbacks/version_manager.py:183}}
Jun 26 01:36:12.440617 np0000183025 devstack@neutron-api.service[103391]: DEBUG neutron.plugins.ml2.drivers.ovn.mech_driver.ovsdb.commands [None req-b8c6f0a4-afe4-401a-aeb8-7b94219de8a1 service neutron] Converting tag [] to a tag_request {{(pid=103391) _tag_column_to_tag_request /opt/stack/neutron/neutron/plugins/ml2/drivers/ovn/mech_driver/ovsdb/commands.py:205}}
Jun 26 01:36:12.442027 np0000183025 devstack@neutron-api.service[103391]: DEBUG ovsdbapp.backend.ovs_idl.transaction [None req-95d500e9-66e5-4e1e-82ff-7a6da7babc9b None None] Running txn n=1 command(idx=0): AddLSwitchPortCommand(_result=None, lport=f72939e8-e241-43e9-94e0-9f782f4d5dce, lswitch=neutron-3f44518f-2c03-4105-bc01-de46fb263b78, may_exist=True, network_uuid=3f44518f-2c03-4105-bc01-de46fb263b78, columns={'addresses': ['fa:16:3e:2e:8d:13 10.2.5.249', 'unknown'], 'external_ids': {'neutron:port_name': '', 'neutron:device_id': 'manila-admin-share', 'neutron:project_id': 'b5902d8f5f5d4236b6b47fccf54a4bc5', 'neutron:cidrs': '10.2.5.249/24', 'neutron:device_owner': 'manila:share', 'neutron:subnet_pool_addr_scope4': '', 'neutron:subnet_pool_addr_scope6': '', 'neutron:network_name': 'neutron-3f44518f-2c03-4105-bc01-de46fb263b78', 'neutron:security_group_ids': '', 'neutron:revision_number': '1', 'neutron:vnic_type': 'normal', 'neutron:port_capabilities': '', 'neutron:mtu': ''}, 'parent_name': [], 'enabled': True, 'options': {'requested-chassis': 'np0000183025'}, 'type': '', 'port_security': [], 'dhcpv4_options': [UUID('0bfc5051-69f5-48fb-b57e-17306e37f45d')], 'dhcpv6_options': [], 'tag_request': []}) {{(pid=103391) do_commit /opt/stack/data/venv/lib/python3.12/site-packages/ovsdbapp/backend/ovs_idl/transaction.py:89}}
Jun 26 01:36:12.443123 np0000183025 devstack@neutron-api.service[103391]: DEBUG ovsdbapp.backend.ovs_idl.transaction [None req-95d500e9-66e5-4e1e-82ff-7a6da7babc9b None None] Running txn n=1 command(idx=1): QoSDelCommand(_result=None, switch=neutron-3f44518f-2c03-4105-bc01-de46fb263b78, conditions=[('direction', '=', 'to-lport'), ('priority', '=', 2002), ('match', '=', 'outport == "f72939e8-e241-43e9-94e0-9f782f4d5dce"')], if_exists=True) {{(pid=103391) do_commit /opt/stack/data/venv/lib/python3.12/site-packages/ovsdbapp/backend/ovs_idl/transaction.py:89}}
Jun 26 01:36:12.443561 np0000183025 devstack@neutron-api.service[103391]: DEBUG ovsdbapp.backend.ovs_idl.transaction [None req-95d500e9-66e5-4e1e-82ff-7a6da7babc9b None None] Running txn n=1 command(idx=2): QoSDelCommand(_result=None, switch=neutron-3f44518f-2c03-4105-bc01-de46fb263b78, conditions=[('direction', '=', 'from-lport'), ('priority', '=', 2002), ('match', '=', 'inport == "f72939e8-e241-43e9-94e0-9f782f4d5dce"')], if_exists=True) {{(pid=103391) do_commit /opt/stack/data/venv/lib/python3.12/site-packages/ovsdbapp/backend/ovs_idl/transaction.py:89}}
Jun 26 01:36:12.452206 np0000183025 devstack@neutron-api.service[103391]: DEBUG neutron.plugins.ml2.drivers.ovn.mech_driver.ovsdb.ovsdb_monitor [None req-95d500e9-66e5-4e1e-82ff-7a6da7babc9b None None] Touching Hash Ring node "2e2a52ffaf2e5e088b16b617765fddfa" from IDL notify handler {{(pid=103391) notify /opt/stack/neutron/neutron/plugins/ml2/drivers/ovn/mech_driver/ovsdb/ovsdb_monitor.py:1007}}
Jun 26 01:36:12.460524 np0000183025 devstack@neutron-api.service[103390]: DEBUG neutron.plugins.ml2.drivers.ovn.mech_driver.ovsdb.ovsdb_monitor [None req-32114dac-3480-4824-9a59-b2279324d09b None None] Hash Ring: Node 77990332a0e7517f91c6d8ccbe70fef8 (host: np0000183025) handling event "create" for row cf8c357d-23e3-48a6-bb7c-bbbcd198c0d6 (table: Port_Binding) {{(pid=103390) notify /opt/stack/neutron/neutron/plugins/ml2/drivers/ovn/mech_driver/ovsdb/ovsdb_monitor.py:1015}}
Jun 26 01:36:12.460744 np0000183025 devstack@neutron-api.service[103391]: DEBUG neutron.plugins.ml2.drivers.ovn.mech_driver.ovsdb.ovsdb_monitor [None req-95d500e9-66e5-4e1e-82ff-7a6da7babc9b None None] Hash Ring: Node 2e2a52ffaf2e5e088b16b617765fddfa (host: np0000183025) handling event "create" for row c8951670-a2f4-4fef-bfdd-e0d549782255 (table: Logical_Switch_Port) {{(pid=103391) notify /opt/stack/neutron/neutron/plugins/ml2/drivers/ovn/mech_driver/ovsdb/ovsdb_monitor.py:1015}}
Jun 26 01:36:12.462496 np0000183025 devstack@neutron-api.service[103391]: DEBUG ovsdbapp.backend.ovs_idl.event [None req-95d500e9-66e5-4e1e-82ff-7a6da7babc9b None None] Matched CREATE: LogicalSwitchPortCreateEvent(events=('create',), table='Logical_Switch_Port', conditions=[], old_conditions=None), priority=20 to row=Logical_Switch_Port(uuid=c8951670-a2f4-4fef-bfdd-e0d549782255, addresses=['fa:16:3e:2e:8d:13 10.2.5.249', 'unknown'], dhcpv4_options=0bfc5051-69f5-48fb-b57e-17306e37f45d, dhcpv6_options=[], dynamic_addresses=[], enabled=True, external_ids={'neutron:cidrs': '10.2.5.249/24', 'neutron:device_id': 'manila-admin-share', 'neutron:device_owner': 'manila:share', 'neutron:mtu': '', 'neutron:network_name': 'neutron-3f44518f-2c03-4105-bc01-de46fb263b78', 'neutron:port_capabilities': '', 'neutron:port_name': '', 'neutron:project_id': 'b5902d8f5f5d4236b6b47fccf54a4bc5', 'neutron:revision_number': '1', 'neutron:security_group_ids': '', 'neutron:subnet_pool_addr_scope4': '', 'neutron:subnet_pool_addr_scope6': '', 'neutron:vnic_type': 'normal'}, ha_chassis_group=[], mirror_rules=[], name='f72939e8-e241-43e9-94e0-9f782f4d5dce', options={'requested-chassis': 'np0000183025'}, parent_name=[], port_security=[], tag=[], tag_request=[], type='', up=[]) old= {{(pid=103391) matches /opt/stack/data/venv/lib/python3.12/site-packages/ovsdbapp/backend/ovs_idl/event.py:55}}
Jun 26 01:36:12.463710 np0000183025 devstack@neutron-api.service[103391]: INFO neutron.plugins.ml2.drivers.ovn.mech_driver.mech_driver [None req-efce51b5-ec89-42ea-b993-877a5cf032a9 None None] OVN reports status down for port: f72939e8-e241-43e9-94e0-9f782f4d5dce
Jun 26 01:36:12.464267 np0000183025 devstack@neutron-api.service[103388]: DEBUG neutron.plugins.ml2.drivers.ovn.mech_driver.ovsdb.ovsdb_monitor [None req-40c9e104-5de7-4612-b13f-b971ce01909d None None] Touching Hash Ring node "39c4e087034d5026acbef3da7eea05fc" from IDL notify handler {{(pid=103388) notify /opt/stack/neutron/neutron/plugins/ml2/drivers/ovn/mech_driver/ovsdb/ovsdb_monitor.py:1007}}
Jun 26 01:36:12.466481 np0000183025 devstack@neutron-api.service[103391]: DEBUG neutron.plugins.ml2.drivers.ovn.mech_driver.ovsdb.ovsdb_monitor [None req-95d500e9-66e5-4e1e-82ff-7a6da7babc9b None None] Touching Hash Ring node "2e2a52ffaf2e5e088b16b617765fddfa" from IDL notify handler {{(pid=103391) notify /opt/stack/neutron/neutron/plugins/ml2/drivers/ovn/mech_driver/ovsdb/ovsdb_monitor.py:1007}}
Jun 26 01:36:12.471864 np0000183025 devstack@neutron-api.service[103391]: DEBUG neutron.plugins.ml2.drivers.ovn.mech_driver.ovsdb.ovsdb_monitor [None req-95d500e9-66e5-4e1e-82ff-7a6da7babc9b None None] Hash Ring: Node 2e2a52ffaf2e5e088b16b617765fddfa (host: np0000183025) handling event "update" for row c8951670-a2f4-4fef-bfdd-e0d549782255 (table: Logical_Switch_Port) {{(pid=103391) notify /opt/stack/neutron/neutron/plugins/ml2/drivers/ovn/mech_driver/ovsdb/ovsdb_monitor.py:1015}}
Jun 26 01:36:12.475759 np0000183025 devstack@neutron-api.service[103388]: DEBUG neutron.plugins.ml2.drivers.ovn.mech_driver.ovsdb.ovsdb_monitor [None req-40c9e104-5de7-4612-b13f-b971ce01909d None None] Hash Ring: Node 39c4e087034d5026acbef3da7eea05fc (host: np0000183025) handling event "update" for row 3f44518f-2c03-4105-bc01-de46fb263b78 (table: Logical_Switch) {{(pid=103388) notify /opt/stack/neutron/neutron/plugins/ml2/drivers/ovn/mech_driver/ovsdb/ovsdb_monitor.py:1015}}
Jun 26 01:36:12.524185 np0000183025 devstack@neutron-api.service[103391]: DEBUG neutron.db.provisioning_blocks [None req-efce51b5-ec89-42ea-b993-877a5cf032a9 None None] Ignored duplicate provisioning block setup for port f72939e8-e241-43e9-94e0-9f782f4d5dce by entity L2. {{(pid=103391) add_provisioning_component /opt/stack/neutron/neutron/db/provisioning_blocks.py:69}}
Jun 26 01:36:12.525904 np0000183025 devstack@neutron-api.service[103391]: INFO neutron.db.ovn_revision_numbers_db [None req-b8c6f0a4-afe4-401a-aeb8-7b94219de8a1 service neutron] Successfully bumped revision number for resource f72939e8-e241-43e9-94e0-9f782f4d5dce (type: ports) to 1
Jun 26 01:36:12.561470 np0000183025 devstack@neutron-api.service[103391]: DEBUG neutron.plugins.ml2.managers [None req-b8c6f0a4-afe4-401a-aeb8-7b94219de8a1 service neutron] Attempting to bind port f72939e8-e241-43e9-94e0-9f782f4d5dce on host np0000183025 for vnic_type normal with profile {{(pid=103391) bind_port /opt/stack/neutron/neutron/plugins/ml2/managers.py:865}}
Jun 26 01:36:12.561670 np0000183025 devstack@neutron-api.service[103391]: DEBUG neutron.plugins.ml2.managers [None req-b8c6f0a4-afe4-401a-aeb8-7b94219de8a1 service neutron] Attempting to bind port f72939e8-e241-43e9-94e0-9f782f4d5dce by drivers ovn on host np0000183025 at level 0 using segments [{'id': 'e70f337a-5581-424c-9921-3bb3a3bd3668', 'network_type': 'geneve', 'physical_network': None, 'segmentation_id': 31482, 'network_id': '3f44518f-2c03-4105-bc01-de46fb263b78'}] {{(pid=103391) _bind_port_level /opt/stack/neutron/neutron/plugins/ml2/managers.py:890}}
Jun 26 01:36:12.563082 np0000183025 devstack@neutron-api.service[103391]: DEBUG neutron.plugins.ml2.drivers.ovn.mech_driver.mech_driver [None req-b8c6f0a4-afe4-401a-aeb8-7b94219de8a1 service neutron] Attempting to bind port f72939e8-e241-43e9-94e0-9f782f4d5dce on host np0000183025 for network segment with type geneve, segmentation ID 31482, physical network None {{(pid=103391) bind_port /opt/stack/neutron/neutron/plugins/ml2/drivers/ovn/mech_driver/mech_driver.py:1209}}
Jun 26 01:36:12.563896 np0000183025 devstack@neutron-api.service[103391]: DEBUG neutron.plugins.ml2.managers [None req-b8c6f0a4-afe4-401a-aeb8-7b94219de8a1 service neutron] Bound port: f72939e8-e241-43e9-94e0-9f782f4d5dce, host: np0000183025, vif_type: ovs, vif_details: {"port_filter": true, "connectivity": "l2", "ovs_create_tap": false, "bridge_name": "br-int", "datapath_type": "system"}, binding_levels: [{'bound_driver': 'ovn', 'bound_segment': {'id': 'e70f337a-5581-424c-9921-3bb3a3bd3668', 'network_type': 'geneve', 'physical_network': None, 'segmentation_id': 31482, 'network_id': '3f44518f-2c03-4105-bc01-de46fb263b78'}}] {{(pid=103391) _bind_port_level /opt/stack/neutron/neutron/plugins/ml2/managers.py:1001}}
Jun 26 01:36:12.564525 np0000183025 devstack@neutron-api.service[103391]: DEBUG neutron.plugins.ml2.plugin [None req-efce51b5-ec89-42ea-b993-877a5cf032a9 None None] Current status of the port f72939e8-e241-43e9-94e0-9f782f4d5dce is: DOWN; New status is: DOWN {{(pid=103391) _update_individual_port_db_status /opt/stack/neutron/neutron/plugins/ml2/plugin.py:2473}}
Jun 26 01:36:12.565988 np0000183025 devstack@neutron-api.service[103391]: DEBUG neutron_lib.callbacks.manager [None req-b8c6f0a4-afe4-401a-aeb8-7b94219de8a1 service neutron] Publish callbacks ['neutron.plugins.ml2.plugin.SecurityGroupDbMixin._ensure_default_security_group_handler-3147538', 'neutron.services.ovn_l3.plugin.OVNL3RouterPlugin._port_update-8279467836266', 'neutron.db.l3_db.L3_NAT_dbonly_mixin._prevent_internal_ip_change_for_fip-8279468957890'] for port (f72939e8-e241-43e9-94e0-9f782f4d5dce), before_update {{(pid=103391) _notify_loop /opt/stack/data/venv/lib/python3.12/site-packages/neutron_lib/callbacks/manager.py:184}}
Jun 26 01:36:12.568170 np0000183025 devstack@neutron-api.service[103391]: DEBUG ovsdbapp.backend.ovs_idl.transaction [None req-95d500e9-66e5-4e1e-82ff-7a6da7babc9b None None] Running txn n=1 command(idx=0): DbRemoveCommand(_result=None, table=Logical_Switch_Port, record=f72939e8-e241-43e9-94e0-9f782f4d5dce, column=external_ids, values=('neutron:host_id',), keyvalues={}, if_exists=True) {{(pid=103391) do_commit /opt/stack/data/venv/lib/python3.12/site-packages/ovsdbapp/backend/ovs_idl/transaction.py:89}}
Jun 26 01:36:12.608320 np0000183025 devstack@neutron-api.service[103391]: DEBUG neutron.plugins.ml2.db [None req-b8c6f0a4-afe4-401a-aeb8-7b94219de8a1 service neutron] For port f72939e8-e241-43e9-94e0-9f782f4d5dce, host np0000183025, cleared binding levels {{(pid=103391) clear_binding_levels /opt/stack/neutron/neutron/plugins/ml2/db.py:87}}
Jun 26 01:36:12.610901 np0000183025 devstack@neutron-api.service[103391]: DEBUG neutron.plugins.ml2.db [None req-b8c6f0a4-afe4-401a-aeb8-7b94219de8a1 service neutron] For port f72939e8-e241-43e9-94e0-9f782f4d5dce, host np0000183025, set binding levels [PortBindingLevel(driver='ovn',host='np0000183025',level=0,port_id=f72939e8-e241-43e9-94e0-9f782f4d5dce,segment=NetworkSegment(e70f337a-5581-424c-9921-3bb3a3bd3668),segment_id=e70f337a-5581-424c-9921-3bb3a3bd3668)] {{(pid=103391) set_binding_levels /opt/stack/neutron/neutron/plugins/ml2/db.py:59}}
Jun 26 01:36:12.612085 np0000183025 devstack@neutron-api.service[103391]: DEBUG neutron.plugins.ml2.drivers.ovn.mech_driver.mech_driver [None req-b8c6f0a4-afe4-401a-aeb8-7b94219de8a1 service neutron] No provisioning block for port f72939e8-e241-43e9-94e0-9f782f4d5dce since host unchanged {{(pid=103391) _is_port_provisioning_required /opt/stack/neutron/neutron/plugins/ml2/drivers/ovn/mech_driver/mech_driver.py:904}}
Jun 26 01:36:12.620297 np0000183025 devstack@neutron-api.service[103391]: DEBUG neutron_lib.callbacks.manager [None req-b8c6f0a4-afe4-401a-aeb8-7b94219de8a1 service neutron] Publish callbacks ['neutron.plugins.ml2.ovo_rpc._ObjectChangeHandler.handle_event-6716863', 'neutron.services.ovn_l3.plugin.OVNL3RouterPlugin._port_update-8279467836266'] for port (f72939e8-e241-43e9-94e0-9f782f4d5dce), after_update {{(pid=103391) _notify_loop /opt/stack/data/venv/lib/python3.12/site-packages/neutron_lib/callbacks/manager.py:184}}
Jun 26 01:36:12.656970 np0000183025 devstack@neutron-api.service[103391]: DEBUG neutron.api.rpc.handlers.resources_rpc [None req-b8c6f0a4-afe4-401a-aeb8-7b94219de8a1 service neutron] Pushing event updated for resources: {'Port': ['ID=f72939e8-e241-43e9-94e0-9f782f4d5dce,revision_number=3']} {{(pid=103391) push /opt/stack/neutron/neutron/api/rpc/handlers/resources_rpc.py:237}}
Jun 26 01:36:12.680862 np0000183025 devstack@neutron-api.service[103391]: DEBUG neutron.plugins.ml2.drivers.ovn.mech_driver.ovsdb.commands [None req-b8c6f0a4-afe4-401a-aeb8-7b94219de8a1 service neutron] Converting tag [] to a tag_request {{(pid=103391) _tag_column_to_tag_request /opt/stack/neutron/neutron/plugins/ml2/drivers/ovn/mech_driver/ovsdb/commands.py:205}}
Jun 26 01:36:12.682350 np0000183025 devstack@neutron-api.service[103391]: DEBUG ovsdbapp.backend.ovs_idl.transaction [None req-95d500e9-66e5-4e1e-82ff-7a6da7babc9b None None] Running txn n=1 command(idx=0): CheckRevisionNumberCommand(_result=None, name=f72939e8-e241-43e9-94e0-9f782f4d5dce, resource={'id': 'f72939e8-e241-43e9-94e0-9f782f4d5dce', 'name': '', 'network_id': '3f44518f-2c03-4105-bc01-de46fb263b78', 'project_id': 'b5902d8f5f5d4236b6b47fccf54a4bc5', 'mac_address': 'fa:16:3e:2e:8d:13', 'admin_state_up': True, 'status': 'DOWN', 'device_id': 'manila-admin-share', 'device_owner': 'manila:share', 'standard_attr_id': 46, 'fixed_ips': [{'subnet_id': '3aa6f3b4-edd9-41f8-948c-6b1fb01c79c0', 'ip_address': '10.2.5.249'}], 'allowed_address_pairs': [], 'extra_dhcp_opts': [], 'security_groups': [], 'description': '', 'binding:vnic_type': 'normal', 'binding:profile': {}, 'binding:host_id': 'np0000183025', 'binding:vif_type': 'ovs', 'binding:vif_details': {'port_filter': True, 'connectivity': 'l2', 'ovs_create_tap': False, 'bridge_name': 'br-int', 'datapath_type': 'system', 'bound_drivers': {'0': 'ovn'}}, 'port_security_enabled': False, 'tags': [], 'created_at': '2026-06-26T01:36:12Z', 'updated_at': '2026-06-26T01:36:12Z', 'revision_number': 3, 'tenant_id': 'b5902d8f5f5d4236b6b47fccf54a4bc5', 'network': {'id': '3f44518f-2c03-4105-bc01-de46fb263b78', 'name': 'admin_net', 'tenant_id': 'b5902d8f5f5d4236b6b47fccf54a4bc5', 'project_id': 'b5902d8f5f5d4236b6b47fccf54a4bc5', 'admin_state_up': True, 'mtu': 1372, 'status': 'ACTIVE', 'subnets': ['3aa6f3b4-edd9-41f8-948c-6b1fb01c79c0'], 'standard_attr_id': 42, 'shared': False, 'availability_zone_hints': [], 'availability_zones': [], 'ipv4_address_scope': None, 'ipv6_address_scope': None, 'router:external': False, 'qinq': False, 'vlan_transparent': False, 'description': '', 'port_security_enabled': True, 'tags': [], 'created_at': '2026-06-26T01:36:05Z', 'updated_at': '2026-06-26T01:36:06Z', 'revision_number': 2, 'provider:network_type': 'geneve', 'provider:physical_network': None, 'provider:segmentation_id': 31482}}, resource_type=ports, if_exists=True) {{(pid=103391) do_commit /opt/stack/data/venv/lib/python3.12/site-packages/ovsdbapp/backend/ovs_idl/transaction.py:89}}
Jun 26 01:36:12.683292 np0000183025 devstack@neutron-api.service[103391]: DEBUG ovsdbapp.backend.ovs_idl.transaction [None req-95d500e9-66e5-4e1e-82ff-7a6da7babc9b None None] Running txn n=1 command(idx=1): SetLSwitchPortCommand(_result=None, lport=f72939e8-e241-43e9-94e0-9f782f4d5dce, external_ids_update=None, columns={'external_ids': {'neutron:port_name': '', 'neutron:device_id': 'manila-admin-share', 'neutron:project_id': 'b5902d8f5f5d4236b6b47fccf54a4bc5', 'neutron:cidrs': '10.2.5.249/24', 'neutron:device_owner': 'manila:share', 'neutron:subnet_pool_addr_scope4': '', 'neutron:subnet_pool_addr_scope6': '', 'neutron:network_name': 'neutron-3f44518f-2c03-4105-bc01-de46fb263b78', 'neutron:security_group_ids': '', 'neutron:revision_number': '3', 'neutron:vnic_type': 'normal', 'neutron:port_capabilities': '', 'neutron:mtu': ''}, 'parent_name': [], 'options': {'requested-chassis': 'np0000183025'}, 'enabled': True, 'port_security': [], 'dhcpv4_options': [UUID('0bfc5051-69f5-48fb-b57e-17306e37f45d')], 'dhcpv6_options': [], 'type': '', 'addresses': ['fa:16:3e:2e:8d:13 10.2.5.249', 'unknown'], 'ha_chassis_group': [], 'tag_request': []}, if_exists=False) {{(pid=103391) do_commit /opt/stack/data/venv/lib/python3.12/site-packages/ovsdbapp/backend/ovs_idl/transaction.py:89}}
Jun 26 01:36:12.685074 np0000183025 devstack@neutron-api.service[103391]: DEBUG ovsdbapp.backend.ovs_idl.transaction [None req-95d500e9-66e5-4e1e-82ff-7a6da7babc9b None None] Running txn n=1 command(idx=2): PgDelPortCommand(_result=None, port_group=neutron_pg_drop, lsp=['f72939e8-e241-43e9-94e0-9f782f4d5dce'], if_exists=False) {{(pid=103391) do_commit /opt/stack/data/venv/lib/python3.12/site-packages/ovsdbapp/backend/ovs_idl/transaction.py:89}}
Jun 26 01:36:12.689976 np0000183025 devstack@neutron-api.service[103391]: DEBUG neutron.plugins.ml2.drivers.ovn.mech_driver.ovsdb.ovsdb_monitor [None req-95d500e9-66e5-4e1e-82ff-7a6da7babc9b None None] Touching Hash Ring node "2e2a52ffaf2e5e088b16b617765fddfa" from IDL notify handler {{(pid=103391) notify /opt/stack/neutron/neutron/plugins/ml2/drivers/ovn/mech_driver/ovsdb/ovsdb_monitor.py:1007}}
Jun 26 01:36:12.695977 np0000183025 devstack@neutron-api.service[103390]: DEBUG neutron.plugins.ml2.drivers.ovn.mech_driver.ovsdb.ovsdb_monitor [None req-32114dac-3480-4824-9a59-b2279324d09b None None] Hash Ring: Node 77990332a0e7517f91c6d8ccbe70fef8 (host: np0000183025) handling event "update" for row cf8c357d-23e3-48a6-bb7c-bbbcd198c0d6 (table: Port_Binding) {{(pid=103390) notify /opt/stack/neutron/neutron/plugins/ml2/drivers/ovn/mech_driver/ovsdb/ovsdb_monitor.py:1015}}
Jun 26 01:36:12.704204 np0000183025 devstack@neutron-api.service[103391]: DEBUG neutron.plugins.ml2.drivers.ovn.mech_driver.ovsdb.ovsdb_monitor [None req-95d500e9-66e5-4e1e-82ff-7a6da7babc9b None None] Hash Ring: Node 2e2a52ffaf2e5e088b16b617765fddfa (host: np0000183025) handling event "update" for row c8951670-a2f4-4fef-bfdd-e0d549782255 (table: Logical_Switch_Port) {{(pid=103391) notify /opt/stack/neutron/neutron/plugins/ml2/drivers/ovn/mech_driver/ovsdb/ovsdb_monitor.py:1015}}
Jun 26 01:36:12.749613 np0000183025 devstack@neutron-api.service[103391]: INFO neutron.db.ovn_revision_numbers_db [None req-b8c6f0a4-afe4-401a-aeb8-7b94219de8a1 service neutron] Successfully bumped revision number for resource f72939e8-e241-43e9-94e0-9f782f4d5dce (type: ports) to 3
Jun 26 01:36:12.763919 np0000183025 devstack@neutron-api.service[103391]: DEBUG neutron.pecan_wsgi.hooks.policy_enforcement [None req-b8c6f0a4-afe4-401a-aeb8-7b94219de8a1 service neutron] Attributes excluded by policy engine: ['standard_attr_id'] {{(pid=103391) _exclude_attributes_by_policy /opt/stack/neutron/neutron/pecan_wsgi/hooks/policy_enforcement.py:259}}
Jun 26 01:36:12.764180 np0000183025 devstack@neutron-api.service[103391]: DEBUG neutron_lib.callbacks.manager [None req-b8c6f0a4-afe4-401a-aeb8-7b94219de8a1 service neutron] Publish callbacks ['neutron.notifiers.nova.Notifier._send_nova_notification-427627'] for port (None), before_response {{(pid=103391) _notify_loop /opt/stack/data/venv/lib/python3.12/site-packages/neutron_lib/callbacks/manager.py:184}}
Jun 26 01:36:12.777275 np0000183025 devstack@neutron-api.service[103391]: [pid: 103391|app: 0|req: 26/104] 199.204.45.216 () {68 vars in 1304 bytes} [Fri Jun 26 01:36:12 2026] POST /networking/v2.0/ports => generated 927 bytes in 614 msecs (HTTP/1.1 201) 4 headers in 162 bytes (1 switches on core 0)
Jun 26 01:36:13.200929 np0000183025 devstack@neutron-api.service[103390]: DEBUG neutron.plugins.ml2.drivers.ovn.mech_driver.ovsdb.ovsdb_monitor [None req-32114dac-3480-4824-9a59-b2279324d09b None None] Hash Ring: Node 77990332a0e7517f91c6d8ccbe70fef8 (host: np0000183025) handling event "update" for row cf8c357d-23e3-48a6-bb7c-bbbcd198c0d6 (table: Port_Binding) {{(pid=103390) notify /opt/stack/neutron/neutron/plugins/ml2/drivers/ovn/mech_driver/ovsdb/ovsdb_monitor.py:1015}}
Jun 26 01:36:13.256799 np0000183025 devstack@neutron-api.service[103390]: DEBUG neutron.plugins.ml2.drivers.ovn.mech_driver.ovsdb.ovsdb_monitor [None req-32114dac-3480-4824-9a59-b2279324d09b None None] Hash Ring: Node 77990332a0e7517f91c6d8ccbe70fef8 (host: np0000183025) handling event "update" for row cf8c357d-23e3-48a6-bb7c-bbbcd198c0d6 (table: Port_Binding) {{(pid=103390) notify /opt/stack/neutron/neutron/plugins/ml2/drivers/ovn/mech_driver/ovsdb/ovsdb_monitor.py:1015}}
Jun 26 01:36:13.263339 np0000183025 devstack@neutron-api.service[103391]: DEBUG neutron.plugins.ml2.drivers.ovn.mech_driver.ovsdb.ovsdb_monitor [None req-95d500e9-66e5-4e1e-82ff-7a6da7babc9b None None] Touching Hash Ring node "2e2a52ffaf2e5e088b16b617765fddfa" from IDL notify handler {{(pid=103391) notify /opt/stack/neutron/neutron/plugins/ml2/drivers/ovn/mech_driver/ovsdb/ovsdb_monitor.py:1007}}
Jun 26 01:36:13.268893 np0000183025 devstack@neutron-api.service[103391]: DEBUG neutron.plugins.ml2.drivers.ovn.mech_driver.ovsdb.ovsdb_monitor [None req-95d500e9-66e5-4e1e-82ff-7a6da7babc9b None None] Hash Ring: Node 2e2a52ffaf2e5e088b16b617765fddfa (host: np0000183025) handling event "update" for row c8951670-a2f4-4fef-bfdd-e0d549782255 (table: Logical_Switch_Port) {{(pid=103391) notify /opt/stack/neutron/neutron/plugins/ml2/drivers/ovn/mech_driver/ovsdb/ovsdb_monitor.py:1015}}
