2026-04-27 13:28:10.334 10 WARNING neutron.api.rpc.agentnotifiers.dhcp_rpc_agent_api [None req-76ef3d27-2151-4bb3-8e55-ee9f4a4c7892 f95e7502954e40b0a77807ea59c9af95 c664e31891724dccba2aa7b6efb7f59c - - default default] Unable to schedule network 9d1f1664-92fd-467e-9de8-bea7bbd8b09b: no agents available; will retry on subsequent port and subnet creation events.
2026-04-27 13:28:10.344 9 WARNING neutron.plugins.ml2.drivers.ovn.mech_driver.ovsdb.ovn_client [None req-4261e079-a03f-4b40-b4f5-8319b4584c3c - - - - - -] No port found with ID a4334386-cb89-4179-b15f-d82c091cf1dd: RuntimeError: No port found with ID a4334386-cb89-4179-b15f-d82c091cf1dd
2026-04-27 13:28:10.429 10 INFO neutron.db.ovn_revision_numbers_db [None req-76ef3d27-2151-4bb3-8e55-ee9f4a4c7892 f95e7502954e40b0a77807ea59c9af95 c664e31891724dccba2aa7b6efb7f59c - - default default] Successfully bumped revision number for resource aa6778eb-bbba-498e-b723-c01e89f28eb6 (type: ports) to 1
2026-04-27 13:28:10.463 10 INFO neutron.wsgi [None req-76ef3d27-2151-4bb3-8e55-ee9f4a4c7892 f95e7502954e40b0a77807ea59c9af95 c664e31891724dccba2aa7b6efb7f59c - - default default] 10.0.0.37 "POST /v2.0/networks HTTP/1.1" status: 201 len: 831 time: 1.6543756
2026-04-27 13:28:10.475 10 WARNING neutron_lib.context [None req-f8aa0fce-d34c-48b1-aa40-e45873f14987 f95e7502954e40b0a77807ea59c9af95 c664e31891724dccba2aa7b6efb7f59c - - default default] Method 'is_advsvc' is deprecated since 2023.2 release (neutron-lib 3.8.0) and will be removed once support for the old RBAC API policies will be removed from Neutron. Please use method 'is_service_role' instead.
2026-04-27 13:28:10.483 9 WARNING neutron.scheduler.dhcp_agent_scheduler [None req-d33b2922-5d67-4853-ad67-9fe3bccdb892 58355acad14a44f5af2440e055fc711f d4211e4fa25247e4ba1a605a416e1842 - - default default] No more DHCP agents
2026-04-27 13:28:10.485 9 INFO neutron.services.segments.plugin [-] Segment e39730d0-56c5-46c0-9855-008111e7f8d7 resource provider aggregate not found
2026-04-27 13:28:10.495 9 INFO neutron.services.segments.plugin [-] Segment e39730d0-56c5-46c0-9855-008111e7f8d7 resource provider aggregate not found
2026-04-27 13:28:10.502 9 WARNING neutron.api.rpc.agentnotifiers.dhcp_rpc_agent_api [None req-d33b2922-5d67-4853-ad67-9fe3bccdb892 58355acad14a44f5af2440e055fc711f d4211e4fa25247e4ba1a605a416e1842 - - default default] Unable to schedule network dd5750e4-6186-4102-b145-aaa0aff7f053: no agents available; will retry on subsequent port and subnet creation events.
2026-04-27 13:28:10.509 9 INFO neutron.services.segments.plugin [-] Segment e39730d0-56c5-46c0-9855-008111e7f8d7 resource provider not found; error: Placement Client Error (4xx): {"errors": [{"status": 404, "title": "Not Found", "detail": "The resource could not be found.\n\n No resource provider with uuid e39730d0-56c5-46c0-9855-008111e7f8d7 found for delete ", "request_id": "req-7f65ceae-831e-4237-9427-d21b295eeb0e"}]}
2026-04-27 13:28:10.524 9 INFO neutron.services.segments.plugin [-] Segment e39730d0-56c5-46c0-9855-008111e7f8d7 resource provider not found; error: Placement Client Error (4xx): {"errors": [{"status": 404, "title": "Not Found", "detail": "The resource could not be found.\n\n No resource provider with uuid e39730d0-56c5-46c0-9855-008111e7f8d7 found for delete ", "request_id": "req-32705d2f-a634-4a23-a786-8c5f8a12187d"}]}
2026-04-27 13:28:10.542 10 WARNING neutron.plugins.ml2.drivers.ovn.mech_driver.ovsdb.ovn_client [None req-4f637257-9aab-472a-9b1e-ad903caf13b0 - - - - - -] No port found with ID 180ebc53-6685-4291-a98f-5d09a4b2a70e: RuntimeError: No port found with ID 180ebc53-6685-4291-a98f-5d09a4b2a70e
2026-04-27 13:28:10.579 9 INFO neutron.db.ovn_revision_numbers_db [None req-07623537-0538-4f84-b7b5-acb332ec9d37 16f0fa93e40e4411ab2730c3e4538e4c a41ee1dde33a414c9f55ace20d36663e - - default default] Successfully bumped revision number for resource f263383b-7cd8-43e6-8adc-129daa04c47e (type: security_groups) to 1
2026-04-27 13:28:10.589 9 INFO neutron.wsgi [None req-e4e4c8ee-32fc-4d3a-82cc-507c487c96b5 16f0fa93e40e4411ab2730c3e4538e4c a41ee1dde33a414c9f55ace20d36663e - - default default] 10.0.0.37 "DELETE /v2.0/security-groups/abef13cb-7f51-4c62-a923-7cf1b53b6575 HTTP/1.1" status: 204 len: 168 time: 0.4721408
2026-04-27 13:28:10.597 10 INFO neutron.db.segments_db [None req-f8aa0fce-d34c-48b1-aa40-e45873f14987 f95e7502954e40b0a77807ea59c9af95 c664e31891724dccba2aa7b6efb7f59c - - default default] Added segment f41c967e-c4c5-452b-b41d-f7e522df7b6d of type geneve for network 73e1bd85-34f4-423c-8dba-fb05eb132c08
2026-04-27 13:28:10.623 9 INFO neutron.db.ovn_revision_numbers_db [None req-07623537-0538-4f84-b7b5-acb332ec9d37 16f0fa93e40e4411ab2730c3e4538e4c a41ee1dde33a414c9f55ace20d36663e - - default default] Successfully bumped revision number for resource 11298b7d-394f-4004-bdb3-2d2a5b63c9ab (type: security_group_rules) to 0
2026-04-27 13:28:10.660 9 INFO neutron.db.ovn_revision_numbers_db [None req-07623537-0538-4f84-b7b5-acb332ec9d37 16f0fa93e40e4411ab2730c3e4538e4c a41ee1dde33a414c9f55ace20d36663e - - default default] Successfully bumped revision number for resource 8e362cc0-c7bc-4824-94c7-16246559d5ce (type: security_group_rules) to 0
2026-04-27 13:28:10.694 9 INFO neutron.db.ovn_revision_numbers_db [None req-07623537-0538-4f84-b7b5-acb332ec9d37 16f0fa93e40e4411ab2730c3e4538e4c a41ee1dde33a414c9f55ace20d36663e - - default default] Successfully bumped revision number for resource 97c1caf1-1ecc-4163-85e2-a3b9b7107b4d (type: security_group_rules) to 0
2026-04-27 13:28:10.814 9 INFO neutron.db.ovn_revision_numbers_db [None req-07623537-0538-4f84-b7b5-acb332ec9d37 16f0fa93e40e4411ab2730c3e4538e4c a41ee1dde33a414c9f55ace20d36663e - - default default] Successfully bumped revision number for resource f06930bd-8280-4f67-a3e8-dd503b1228fd (type: security_group_rules) to 0
2026-04-27 13:28:10.848 9 INFO neutron.wsgi [None req-07623537-0538-4f84-b7b5-acb332ec9d37 16f0fa93e40e4411ab2730c3e4538e4c a41ee1dde33a414c9f55ace20d36663e - - default default] 10.0.0.37 "GET /v2.0/security-groups?tenant_id=2d866dfa350741f7bc9ebc61be7ee573&name=default HTTP/1.1" status: 200 len: 2996 time: 0.5565453
2026-04-27 13:28:10.935 10 INFO neutron.db.ovn_revision_numbers_db [None req-f8aa0fce-d34c-48b1-aa40-e45873f14987 f95e7502954e40b0a77807ea59c9af95 c664e31891724dccba2aa7b6efb7f59c - - default default] Successfully bumped revision number for resource 73e1bd85-34f4-423c-8dba-fb05eb132c08 (type: networks) to 1
2026-04-27 13:28:11.155 10 WARNING neutron.scheduler.dhcp_agent_scheduler [None req-f8aa0fce-d34c-48b1-aa40-e45873f14987 f95e7502954e40b0a77807ea59c9af95 c664e31891724dccba2aa7b6efb7f59c - - default default] No more DHCP agents
2026-04-27 13:28:11.158 10 WARNING neutron.api.rpc.agentnotifiers.dhcp_rpc_agent_api [None req-f8aa0fce-d34c-48b1-aa40-e45873f14987 f95e7502954e40b0a77807ea59c9af95 c664e31891724dccba2aa7b6efb7f59c - - default default] Unable to schedule network 73e1bd85-34f4-423c-8dba-fb05eb132c08: no agents available; will retry on subsequent port and subnet creation events.
2026-04-27 13:28:11.333 9 INFO neutron.wsgi [None req-740b461b-5566-4294-9f04-8300eeac5509 16f0fa93e40e4411ab2730c3e4538e4c a41ee1dde33a414c9f55ace20d36663e - - default default] 10.0.0.37 "DELETE /v2.0/security-groups/f263383b-7cd8-43e6-8adc-129daa04c47e HTTP/1.1" status: 204 len: 168 time: 0.4787071
2026-04-27 13:28:11.413 10 INFO neutron.db.ovn_revision_numbers_db [None req-f8aa0fce-d34c-48b1-aa40-e45873f14987 f95e7502954e40b0a77807ea59c9af95 c664e31891724dccba2aa7b6efb7f59c - - default default] Successfully bumped revision number for resource 1532af3a-7b8f-4429-ada8-6d66e49a3367 (type: ports) to 1
2026-04-27 13:28:11.414 9 INFO neutron.db.ovn_revision_numbers_db [None req-d33b2922-5d67-4853-ad67-9fe3bccdb892 58355acad14a44f5af2440e055fc711f d4211e4fa25247e4ba1a605a416e1842 - - default default] Successfully bumped revision number for resource 841c0f6a-0500-47c4-bfc6-fdec23d7b41b (type: ports) to 2
2026-04-27 13:28:11.501 10 INFO neutron.wsgi [None req-f8aa0fce-d34c-48b1-aa40-e45873f14987 f95e7502954e40b0a77807ea59c9af95 c664e31891724dccba2aa7b6efb7f59c - - default default] 10.0.0.37 "POST /v2.0/networks HTTP/1.1" status: 201 len: 830 time: 1.0319283
2026-04-27 13:28:11.503 9 INFO neutron.db.ovn_revision_numbers_db [None req-d33b2922-5d67-4853-ad67-9fe3bccdb892 58355acad14a44f5af2440e055fc711f d4211e4fa25247e4ba1a605a416e1842 - - default default] Successfully bumped revision number for resource 9f7c527e-d8a9-441b-8a9a-972bb83b3224 (type: subnets) to 0
2026-04-27 13:28:11.513 10 WARNING neutron_lib.context [None req-410e58d7-8c28-4767-896a-ecd928b0279e f95e7502954e40b0a77807ea59c9af95 c664e31891724dccba2aa7b6efb7f59c - - default default] Method 'is_advsvc' is deprecated since 2023.2 release (neutron-lib 3.8.0) and will be removed once support for the old RBAC API policies will be removed from Neutron. Please use method 'is_service_role' instead.
2026-04-27 13:28:11.559 9 INFO neutron.wsgi [None req-d33b2922-5d67-4853-ad67-9fe3bccdb892 58355acad14a44f5af2440e055fc711f d4211e4fa25247e4ba1a605a416e1842 - - default default] 10.0.0.37 "POST /v2.0/subnets HTTP/1.1" status: 201 len: 801 time: 1.5304613
2026-04-27 13:28:11.569 9 WARNING neutron_lib.context [None req-e707e2a4-d6c0-432c-87bf-9502854e8746 58355acad14a44f5af2440e055fc711f d4211e4fa25247e4ba1a605a416e1842 - - default default] Method 'is_advsvc' is deprecated since 2023.2 release (neutron-lib 3.8.0) and will be removed once support for the old RBAC API policies will be removed from Neutron. Please use method 'is_service_role' instead.
2026-04-27 13:28:11.747 10 INFO neutron.db.segments_db [None req-410e58d7-8c28-4767-896a-ecd928b0279e f95e7502954e40b0a77807ea59c9af95 c664e31891724dccba2aa7b6efb7f59c - - default default] Added segment 57b40937-f0f4-49b5-9012-c7049096be2d of type geneve for network f92a0d08-e114-4933-abf7-ee6f0402a58c
2026-04-27 13:28:11.808 9 INFO neutron.db.ovn_revision_numbers_db [None req-e707e2a4-d6c0-432c-87bf-9502854e8746 58355acad14a44f5af2440e055fc711f d4211e4fa25247e4ba1a605a416e1842 - - default default] Successfully bumped revision number for resource 4cbf397a-f9b8-4c97-a2a5-d20314b6f16f (type: routers) to 1
2026-04-27 13:28:11.828 9 INFO neutron.wsgi [None req-e707e2a4-d6c0-432c-87bf-9502854e8746 58355acad14a44f5af2440e055fc711f d4211e4fa25247e4ba1a605a416e1842 - - default default] 10.0.0.37 "POST /v2.0/routers HTTP/1.1" status: 201 len: 687 time: 0.2649202
2026-04-27 13:28:11.837 10 WARNING neutron_lib.context [None req-54a14b5f-1a50-4ba3-8960-394f10744a56 58355acad14a44f5af2440e055fc711f d4211e4fa25247e4ba1a605a416e1842 - - default default] Method 'is_advsvc' is deprecated since 2023.2 release (neutron-lib 3.8.0) and will be removed once support for the old RBAC API policies will be removed from Neutron. Please use method 'is_service_role' instead.
2026-04-27 13:28:11.962 10 INFO neutron.db.ovn_revision_numbers_db [None req-410e58d7-8c28-4767-896a-ecd928b0279e f95e7502954e40b0a77807ea59c9af95 c664e31891724dccba2aa7b6efb7f59c - - default default] Successfully bumped revision number for resource f92a0d08-e114-4933-abf7-ee6f0402a58c (type: networks) to 1
2026-04-27 13:28:12.427 10 WARNING neutron.scheduler.dhcp_agent_scheduler [None req-410e58d7-8c28-4767-896a-ecd928b0279e f95e7502954e40b0a77807ea59c9af95 c664e31891724dccba2aa7b6efb7f59c - - default default] No more DHCP agents
2026-04-27 13:28:12.431 10 WARNING neutron.api.rpc.agentnotifiers.dhcp_rpc_agent_api [None req-410e58d7-8c28-4767-896a-ecd928b0279e f95e7502954e40b0a77807ea59c9af95 c664e31891724dccba2aa7b6efb7f59c - - default default] Unable to schedule network f92a0d08-e114-4933-abf7-ee6f0402a58c: no agents available; will retry on subsequent port and subnet creation events.
2026-04-27 13:28:12.509 10 WARNING neutron.scheduler.dhcp_agent_scheduler [None req-54a14b5f-1a50-4ba3-8960-394f10744a56 58355acad14a44f5af2440e055fc711f d4211e4fa25247e4ba1a605a416e1842 - - default default] No more DHCP agents
2026-04-27 13:28:12.514 10 WARNING neutron.api.rpc.agentnotifiers.dhcp_rpc_agent_api [None req-54a14b5f-1a50-4ba3-8960-394f10744a56 58355acad14a44f5af2440e055fc711f d4211e4fa25247e4ba1a605a416e1842 - - default default] Unable to schedule network dd5750e4-6186-4102-b145-aaa0aff7f053: no agents available; will retry on subsequent port and subnet creation events.
2026-04-27 13:28:12.784 10 INFO neutron.db.ovn_revision_numbers_db [None req-410e58d7-8c28-4767-896a-ecd928b0279e f95e7502954e40b0a77807ea59c9af95 c664e31891724dccba2aa7b6efb7f59c - - default default] Successfully bumped revision number for resource 331a1954-6c10-4732-98d6-7c82f619c5b3 (type: ports) to 1
2026-04-27 13:28:13.177 10 INFO neutron.db.ovn_revision_numbers_db [None req-54a14b5f-1a50-4ba3-8960-394f10744a56 58355acad14a44f5af2440e055fc711f d4211e4fa25247e4ba1a605a416e1842 - - default default] Successfully bumped revision number for resource 9f6e5689-2d14-44b4-8ae6-b1223922781e (type: ports) to 1
2026-04-27 13:28:13.248 10 INFO neutron.wsgi [None req-410e58d7-8c28-4767-896a-ecd928b0279e f95e7502954e40b0a77807ea59c9af95 c664e31891724dccba2aa7b6efb7f59c - - default default] 10.0.0.37 "POST /v2.0/networks HTTP/1.1" status: 201 len: 831 time: 1.7396696 /var/lib/openstack/lib/python3.10/site-packages/pycadf/identifier.py:71: UserWarning: Invalid uuid: neutron. To ensure interoperability, identifiers should be a valid uuid. warnings.warn(('Invalid uuid: %s. To ensure interoperability, '
2026-04-27 13:28:13.259 10 WARNING neutron_lib.context [None req-6ec852c5-c25f-49c9-a6a7-af202ecc0f0e f95e7502954e40b0a77807ea59c9af95 c664e31891724dccba2aa7b6efb7f59c - - default default] Method 'is_advsvc' is deprecated since 2023.2 release (neutron-lib 3.8.0) and will be removed once support for the old RBAC API policies will be removed from Neutron. Please use method 'is_service_role' instead.
2026-04-27 13:28:13.544 10 INFO neutron.wsgi [None req-54a14b5f-1a50-4ba3-8960-394f10744a56 58355acad14a44f5af2440e055fc711f d4211e4fa25247e4ba1a605a416e1842 - - default default] 10.0.0.37 "POST /v2.0/ports HTTP/1.1" status: 201 len: 1146 time: 1.7102804
2026-04-27 13:28:13.813 10 INFO neutron.db.segments_db [None req-6ec852c5-c25f-49c9-a6a7-af202ecc0f0e f95e7502954e40b0a77807ea59c9af95 c664e31891724dccba2aa7b6efb7f59c - - default default] Added segment dc289aa0-0f96-43c6-be81-37d742d3bbed of type geneve for network 95f8bdc5-0be8-43df-bff9-a3a655f01306
2026-04-27 13:28:14.104 9 INFO neutron.plugins.ml2.drivers.ovn.mech_driver.mech_driver [None req-4261e079-a03f-4b40-b4f5-8319b4584c3c - - - - - -] OVN reports status up for port: 9f6e5689-2d14-44b4-8ae6-b1223922781e
2026-04-27 13:28:14.113 9 INFO neutron.plugins.ml2.plugin [None req-4261e079-a03f-4b40-b4f5-8319b4584c3c - - - - - -] Attempt 1 to provision port 9f6e5689-2d14-44b4-8ae6-b1223922781e
2026-04-27 13:28:14.124 10 INFO neutron.db.ovn_revision_numbers_db [None req-6ec852c5-c25f-49c9-a6a7-af202ecc0f0e f95e7502954e40b0a77807ea59c9af95 c664e31891724dccba2aa7b6efb7f59c - - default default] Successfully bumped revision number for resource 95f8bdc5-0be8-43df-bff9-a3a655f01306 (type: networks) to 1
2026-04-27 13:28:14.165 10 INFO neutron.db.ovn_revision_numbers_db [None req-47301f6c-3a9e-42cc-adf8-9f0a11b1d840 58355acad14a44f5af2440e055fc711f d4211e4fa25247e4ba1a605a416e1842 - - default default] Successfully bumped revision number for resource 9f6e5689-2d14-44b4-8ae6-b1223922781e (type: router_ports) to 2
2026-04-27 13:28:14.348 10 WARNING neutron.scheduler.dhcp_agent_scheduler [None req-6ec852c5-c25f-49c9-a6a7-af202ecc0f0e f95e7502954e40b0a77807ea59c9af95 c664e31891724dccba2aa7b6efb7f59c - - default default] No more DHCP agents
2026-04-27 13:28:14.351 10 WARNING neutron.api.rpc.agentnotifiers.dhcp_rpc_agent_api [None req-6ec852c5-c25f-49c9-a6a7-af202ecc0f0e f95e7502954e40b0a77807ea59c9af95 c664e31891724dccba2aa7b6efb7f59c - - default default] Unable to schedule network 95f8bdc5-0be8-43df-bff9-a3a655f01306: no agents available; will retry on subsequent port and subnet creation events.
2026-04-27 13:28:14.475 10 INFO neutron.db.ovn_revision_numbers_db [None req-47301f6c-3a9e-42cc-adf8-9f0a11b1d840 58355acad14a44f5af2440e055fc711f d4211e4fa25247e4ba1a605a416e1842 - - default default] Successfully bumped revision number for resource 9f6e5689-2d14-44b4-8ae6-b1223922781e (type: ports) to 2
2026-04-27 13:28:14.497 9 INFO neutron.db.ovn_revision_numbers_db [None req-4261e079-a03f-4b40-b4f5-8319b4584c3c - - - - - -] Successfully bumped revision number for resource 9f6e5689-2d14-44b4-8ae6-b1223922781e (type: ports) to 3
2026-04-27 13:28:14.507 10 INFO neutron.db.ovn_revision_numbers_db [None req-6ec852c5-c25f-49c9-a6a7-af202ecc0f0e f95e7502954e40b0a77807ea59c9af95 c664e31891724dccba2aa7b6efb7f59c - - default default] Successfully bumped revision number for resource 10515093-07eb-4e87-af6d-a23e31910655 (type: ports) to 1
2026-04-27 13:28:14.558 10 INFO neutron.wsgi [None req-6ec852c5-c25f-49c9-a6a7-af202ecc0f0e f95e7502954e40b0a77807ea59c9af95 c664e31891724dccba2aa7b6efb7f59c - - default default] 10.0.0.37 "POST /v2.0/networks HTTP/1.1" status: 201 len: 830 time: 1.3045757 /var/lib/openstack/lib/python3.10/site-packages/pycadf/identifier.py:71: UserWarning: Invalid uuid: neutron. To ensure interoperability, identifiers should be a valid uuid. warnings.warn(('Invalid uuid: %s. To ensure interoperability, '
2026-04-27 13:28:14.569 10 WARNING neutron_lib.context [None req-5624f0b5-3695-452c-97a6-2ce6d8789c42 f95e7502954e40b0a77807ea59c9af95 c664e31891724dccba2aa7b6efb7f59c - - default default] Method 'is_advsvc' is deprecated since 2023.2 release (neutron-lib 3.8.0) and will be removed once support for the old RBAC API policies will be removed from Neutron. Please use method 'is_service_role' instead.
2026-04-27 13:28:14.639 9 INFO neutron.db.ovn_revision_numbers_db [None req-4261e079-a03f-4b40-b4f5-8319b4584c3c - - - - - -] Successfully bumped revision number for resource 9f6e5689-2d14-44b4-8ae6-b1223922781e (type: router_ports) to 3
2026-04-27 13:28:14.737 10 INFO neutron.db.segments_db [None req-5624f0b5-3695-452c-97a6-2ce6d8789c42 f95e7502954e40b0a77807ea59c9af95 c664e31891724dccba2aa7b6efb7f59c - - default default] Added segment 42ada3f0-a703-4c6e-84f4-473b1746745a of type geneve for network 9d80dbf8-7635-42ca-891b-86614788cc2a
2026-04-27 13:28:15.338 10 INFO neutron.db.ovn_revision_numbers_db [None req-5624f0b5-3695-452c-97a6-2ce6d8789c42 f95e7502954e40b0a77807ea59c9af95 c664e31891724dccba2aa7b6efb7f59c - - default default] Successfully bumped revision number for resource 9d80dbf8-7635-42ca-891b-86614788cc2a (type: networks) to 1
2026-04-27 13:28:15.646 9 INFO neutron.wsgi [-] 10.0.0.81 "GET / HTTP/1.1" status: 200 len: 245 time: 0.0026054
2026-04-27 13:28:15.649 9 INFO neutron.wsgi [-] 10.0.0.81 "GET / HTTP/1.1" status: 200 len: 245 time: 0.0013514
2026-04-27 13:28:15.698 10 WARNING neutron.scheduler.dhcp_agent_scheduler [None req-5624f0b5-3695-452c-97a6-2ce6d8789c42 f95e7502954e40b0a77807ea59c9af95 c664e31891724dccba2aa7b6efb7f59c - - default default] No more DHCP agents
2026-04-27 13:28:15.703 10 WARNING neutron.api.rpc.agentnotifiers.dhcp_rpc_agent_api [None req-5624f0b5-3695-452c-97a6-2ce6d8789c42 f95e7502954e40b0a77807ea59c9af95 c664e31891724dccba2aa7b6efb7f59c - - default default] Unable to schedule network 9d80dbf8-7635-42ca-891b-86614788cc2a: no agents available; will retry on subsequent port and subnet creation events.
2026-04-27 13:28:15.797 10 INFO neutron.db.ovn_revision_numbers_db [None req-47301f6c-3a9e-42cc-adf8-9f0a11b1d840 58355acad14a44f5af2440e055fc711f d4211e4fa25247e4ba1a605a416e1842 - - default default] Successfully bumped revision number for resource 9f6e5689-2d14-44b4-8ae6-b1223922781e (type: ports) to 3
2026-04-27 13:28:15.816 10 INFO neutron.db.ovn_revision_numbers_db [None req-5624f0b5-3695-452c-97a6-2ce6d8789c42 f95e7502954e40b0a77807ea59c9af95 c664e31891724dccba2aa7b6efb7f59c - - default default] Successfully bumped revision number for resource 628ec6c8-acc3-4853-8999-4522d23ea84d (type: ports) to 1
2026-04-27 13:28:15.872 10 INFO neutron.wsgi [None req-5624f0b5-3695-452c-97a6-2ce6d8789c42 f95e7502954e40b0a77807ea59c9af95 c664e31891724dccba2aa7b6efb7f59c - - default default] 10.0.0.37 "POST /v2.0/networks HTTP/1.1" status: 201 len: 830 time: 1.3069358 /var/lib/openstack/lib/python3.10/site-packages/pycadf/identifier.py:71: UserWarning: Invalid uuid: neutron. To ensure interoperability, identifiers should be a valid uuid. warnings.warn(('Invalid uuid: %s. To ensure interoperability, '
2026-04-27 13:28:15.905 10 WARNING neutron.scheduler.dhcp_agent_scheduler [None req-47301f6c-3a9e-42cc-adf8-9f0a11b1d840 58355acad14a44f5af2440e055fc711f d4211e4fa25247e4ba1a605a416e1842 - - default default] No more DHCP agents
2026-04-27 13:28:15.906 10 WARNING neutron.api.rpc.agentnotifiers.dhcp_rpc_agent_api [None req-47301f6c-3a9e-42cc-adf8-9f0a11b1d840 58355acad14a44f5af2440e055fc711f d4211e4fa25247e4ba1a605a416e1842 - - default default] Unable to schedule network dd5750e4-6186-4102-b145-aaa0aff7f053: no agents available; will retry on subsequent port and subnet creation events.
2026-04-27 13:28:15.947 9 INFO neutron.wsgi [None req-e56c3881-ec90-42ea-9673-68390a4fa66c f95e7502954e40b0a77807ea59c9af95 c664e31891724dccba2aa7b6efb7f59c - - default default] 10.0.0.37 "PUT /v2.0/networks/9d1f1664-92fd-467e-9de8-bea7bbd8b09b/tags HTTP/1.1" status: 200 len: 210 time: 0.0690858
2026-04-27 13:28:16.037 9 INFO neutron.wsgi [None req-17b660d4-82d7-4a3f-ab6f-cdfa168c3736 f95e7502954e40b0a77807ea59c9af95 c664e31891724dccba2aa7b6efb7f59c - - default default] 10.0.0.37 "PUT /v2.0/networks/73e1bd85-34f4-423c-8dba-fb05eb132c08/tags HTTP/1.1" status: 200 len: 218 time: 0.0789649
2026-04-27 13:28:16.043 10 INFO neutron.db.ovn_revision_numbers_db [None req-47301f6c-3a9e-42cc-adf8-9f0a11b1d840 58355acad14a44f5af2440e055fc711f d4211e4fa25247e4ba1a605a416e1842 - - default default] Successfully bumped revision number for resource 9f6e5689-2d14-44b4-8ae6-b1223922781e (type: router_ports) to 3
2026-04-27 13:28:16.045 10 INFO neutron.wsgi [None req-47301f6c-3a9e-42cc-adf8-9f0a11b1d840 58355acad14a44f5af2440e055fc711f d4211e4fa25247e4ba1a605a416e1842 - - default default] 10.0.0.37 "PUT /v2.0/routers/4cbf397a-f9b8-4c97-a2a5-d20314b6f16f/add_router_interface HTTP/1.1" status: 200 len: 503 time: 2.4958825 /var/lib/openstack/lib/python3.10/site-packages/pycadf/identifier.py:71: UserWarning: Invalid uuid: neutron. To ensure interoperability, identifiers should be a valid uuid. warnings.warn(('Invalid uuid: %s. To ensure interoperability, '
2026-04-27 13:28:16.104 9 INFO neutron.db.ovn_revision_numbers_db [None req-bac664d1-0cf0-471e-80b8-c74d410dba1e 16f0fa93e40e4411ab2730c3e4538e4c a41ee1dde33a414c9f55ace20d36663e - - default default] Successfully bumped revision number for resource 1e03fc72-2bb4-4d0d-af6a-82d305a27d54 (type: security_groups) to 1
2026-04-27 13:28:16.109 9 INFO neutron.wsgi [None req-594d95f8-c53e-4c67-b3f5-94c7b10547c4 f95e7502954e40b0a77807ea59c9af95 c664e31891724dccba2aa7b6efb7f59c - - default default] 10.0.0.37 "PUT /v2.0/networks/f92a0d08-e114-4933-abf7-ee6f0402a58c/tags HTTP/1.1" status: 200 len: 227 time: 0.0671403
2026-04-27 13:28:16.131 9 INFO neutron.db.ovn_revision_numbers_db [None req-bac664d1-0cf0-471e-80b8-c74d410dba1e 16f0fa93e40e4411ab2730c3e4538e4c a41ee1dde33a414c9f55ace20d36663e - - default default] Successfully bumped revision number for resource 3c99d293-c8cd-4048-9f61-b114d8f9c5da (type: security_group_rules) to 0
2026-04-27 13:28:16.146 10 INFO neutron.wsgi [None req-46eb742e-1ddc-414c-9dff-2e2a6cff6c05 58355acad14a44f5af2440e055fc711f d4211e4fa25247e4ba1a605a416e1842 - - default default] 10.0.0.37 "GET /v2.0/ports/9f6e5689-2d14-44b4-8ae6-b1223922781e HTTP/1.1" status: 200 len: 1204 time: 0.0919156
2026-04-27 13:28:16.156 9 INFO neutron.db.ovn_revision_numbers_db [None req-bac664d1-0cf0-471e-80b8-c74d410dba1e 16f0fa93e40e4411ab2730c3e4538e4c a41ee1dde33a414c9f55ace20d36663e - - default default] Successfully bumped revision number for resource 81a70fc4-6321-446a-a910-a68e632a07e8 (type: security_group_rules) to 0
2026-04-27 13:28:16.166 9 INFO neutron.wsgi [None req-5a0d6543-9efd-4c18-8867-10321705b331 f95e7502954e40b0a77807ea59c9af95 c664e31891724dccba2aa7b6efb7f59c - - default default] 10.0.0.37 "PUT /v2.0/networks/95f8bdc5-0be8-43df-bff9-a3a655f01306/tags HTTP/1.1" status: 200 len: 212 time: 0.0516148
2026-04-27 13:28:16.175 9 INFO neutron.db.ovn_revision_numbers_db [None req-bac664d1-0cf0-471e-80b8-c74d410dba1e 16f0fa93e40e4411ab2730c3e4538e4c a41ee1dde33a414c9f55ace20d36663e - - default default] Successfully bumped revision number for resource a392bd8d-ecaa-4ba7-b02e-6f761b124dfe (type: security_group_rules) to 0
2026-04-27 13:28:16.215 9 INFO neutron.db.ovn_revision_numbers_db [None req-bac664d1-0cf0-471e-80b8-c74d410dba1e 16f0fa93e40e4411ab2730c3e4538e4c a41ee1dde33a414c9f55ace20d36663e - - default default] Successfully bumped revision number for resource ce858e49-8aed-4426-8bae-aa4ec3adf693 (type: security_group_rules) to 0
2026-04-27 13:28:16.268 9 INFO neutron.wsgi [None req-ec2c1767-5a03-41ed-91f4-365c019b1d5e f95e7502954e40b0a77807ea59c9af95 c664e31891724dccba2aa7b6efb7f59c - - default default] 10.0.0.37 "GET /v2.0/networks?tags=red HTTP/1.1" status: 200 len: 2069 time: 0.0950141
2026-04-27 13:28:16.273 9 INFO neutron.wsgi [None req-bac664d1-0cf0-471e-80b8-c74d410dba1e 16f0fa93e40e4411ab2730c3e4538e4c a41ee1dde33a414c9f55ace20d36663e - - default default] 10.0.0.37 "GET /v2.0/security-groups?tenant_id=4d66cf4e62a34a268247d14de1032a0f&name=default HTTP/1.1" status: 200 len: 2996 time: 0.6561551 /var/lib/openstack/lib/python3.10/site-packages/pycadf/identifier.py:71: UserWarning: Invalid uuid: neutron. To ensure interoperability, identifiers should be a valid uuid. warnings.warn(('Invalid uuid: %s. To ensure interoperability, '
2026-04-27 13:28:16.376 10 INFO neutron.wsgi [None req-a86bda7b-55c8-4011-b50f-7d0018525d97 f95e7502954e40b0a77807ea59c9af95 c664e31891724dccba2aa7b6efb7f59c - - default default] 10.0.0.37 "GET /v2.0/networks?tags=red%2Cblue HTTP/1.1" status: 200 len: 1456 time: 0.1023521
2026-04-27 13:28:16.382 9 INFO neutron.db.ovn_revision_numbers_db [None req-e13e533c-680c-4150-a86f-7b96690386c1 16f0fa93e40e4411ab2730c3e4538e4c a41ee1dde33a414c9f55ace20d36663e - - default default] Successfully bumped revision number for resource 19565185-7069-4199-9433-76f305f405b5 (type: security_groups) to 1
2026-04-27 13:28:16.430 9 INFO neutron.db.ovn_revision_numbers_db [None req-e13e533c-680c-4150-a86f-7b96690386c1 16f0fa93e40e4411ab2730c3e4538e4c a41ee1dde33a414c9f55ace20d36663e - - default default] Successfully bumped revision number for resource 0ad0dfc9-9b39-47f8-93db-2e7c1122ca0e (type: security_group_rules) to 0
2026-04-27 13:28:16.467 9 INFO neutron.db.ovn_revision_numbers_db [None req-e13e533c-680c-4150-a86f-7b96690386c1 16f0fa93e40e4411ab2730c3e4538e4c a41ee1dde33a414c9f55ace20d36663e - - default default] Successfully bumped revision number for resource 327b8c64-0acf-419e-b4ec-c5e45400869e (type: security_group_rules) to 0
2026-04-27 13:28:16.477 9 INFO neutron.wsgi [None req-3a7ad25c-2259-4c16-b6db-64796187b1f5 f95e7502954e40b0a77807ea59c9af95 c664e31891724dccba2aa7b6efb7f59c - - default default] 10.0.0.37 "GET /v2.0/networks?tags-any=blue HTTP/1.1" status: 200 len: 1456 time: 0.0910521
2026-04-27 13:28:16.774 9 INFO neutron.wsgi [None req-c2b9f779-8bc9-46d2-8d68-c0d625c93cd5 f95e7502954e40b0a77807ea59c9af95 c664e31891724dccba2aa7b6efb7f59c - - default default] 10.0.0.37 "GET /v2.0/networks?tags-any=red%2Cblue HTTP/1.1" status: 200 len: 2069 time: 0.2872841
2026-04-27 13:28:16.834 9 INFO neutron.db.ovn_revision_numbers_db [None req-e13e533c-680c-4150-a86f-7b96690386c1 16f0fa93e40e4411ab2730c3e4538e4c a41ee1dde33a414c9f55ace20d36663e - - default default] Successfully bumped revision number for resource 7e13f150-368a-4f59-9dc6-b57ceb2f6980 (type: security_group_rules) to 0
2026-04-27 13:28:16.864 9 INFO neutron.db.ovn_revision_numbers_db [None req-e13e533c-680c-4150-a86f-7b96690386c1 16f0fa93e40e4411ab2730c3e4538e4c a41ee1dde33a414c9f55ace20d36663e - - default default] Successfully bumped revision number for resource 7ee882bb-bd38-4fb6-9fff-08fc11069771 (type: security_group_rules) to 0
2026-04-27 13:28:16.908 9 INFO neutron.wsgi [None req-e13e533c-680c-4150-a86f-7b96690386c1 16f0fa93e40e4411ab2730c3e4538e4c a41ee1dde33a414c9f55ace20d36663e - - default default] 10.0.0.37 "GET /v2.0/security-groups?tenant_id=d142a8152322475982ec0b428328281f&name=default HTTP/1.1" status: 200 len: 2996 time: 0.8435824 /var/lib/openstack/lib/python3.10/site-packages/pycadf/identifier.py:71: UserWarning: Invalid uuid: neutron. To ensure interoperability, identifiers should be a valid uuid. warnings.warn(('Invalid uuid: %s. To ensure interoperability, '
2026-04-27 13:28:16.926 9 INFO neutron.wsgi [None req-c3fb7f33-70ef-43c0-a960-5851e56f100c f95e7502954e40b0a77807ea59c9af95 c664e31891724dccba2aa7b6efb7f59c - - default default] 10.0.0.37 "GET /v2.0/networks?not-tags=red HTTP/1.1" status: 200 len: 2067 time: 0.1466370
2026-04-27 13:28:16.965 9 INFO neutron.wsgi [None req-6fed7b64-98e3-4ca1-9aa2-8f9ac50594dc 16f0fa93e40e4411ab2730c3e4538e4c a41ee1dde33a414c9f55ace20d36663e - - default default] 10.0.0.37 "DELETE /v2.0/security-groups/1e03fc72-2bb4-4d0d-af6a-82d305a27d54 HTTP/1.1" status: 204 len: 168 time: 0.6877930
2026-04-27 13:28:16.996 10 INFO neutron.wsgi [None req-0b6081e2-e3a2-4924-9c75-8eca8899c1be 58355acad14a44f5af2440e055fc711f d4211e4fa25247e4ba1a605a416e1842 - - default default] 10.0.0.37 "PUT /v2.0/routers/4cbf397a-f9b8-4c97-a2a5-d20314b6f16f/remove_router_interface HTTP/1.1" status: 200 len: 503 time: 0.8426380 /var/lib/openstack/lib/python3.10/site-packages/pycadf/identifier.py:71: UserWarning: Invalid uuid: neutron. To ensure interoperability, identifiers should be a valid uuid. warnings.warn(('Invalid uuid: %s. To ensure interoperability, '
2026-04-27 13:28:17.063 9 INFO neutron.wsgi [None req-7652b9e2-85ed-4ab3-898a-accdcab6cc9d f95e7502954e40b0a77807ea59c9af95 c664e31891724dccba2aa7b6efb7f59c - - default default] 10.0.0.37 "GET /v2.0/networks?not-tags=red%2Cblue HTTP/1.1" status: 200 len: 2680 time: 0.1319716
2026-04-27 13:28:17.082 10 INFO neutron.api.v2.resource [None req-8a0740bf-0336-4849-a3a6-bb6d8a86c267 58355acad14a44f5af2440e055fc711f d4211e4fa25247e4ba1a605a416e1842 - - default default] remove_router_interface failed (client error): The resource could not be found.
2026-04-27 13:28:17.083 10 INFO neutron.wsgi [None req-8a0740bf-0336-4849-a3a6-bb6d8a86c267 58355acad14a44f5af2440e055fc711f d4211e4fa25247e4ba1a605a416e1842 - - default default] 10.0.0.37 "PUT /v2.0/routers/4cbf397a-f9b8-4c97-a2a5-d20314b6f16f/remove_router_interface HTTP/1.1" status: 404 len: 398 time: 0.0806189
2026-04-27 13:28:17.112 10 INFO neutron.wsgi [None req-d2b00ce2-5ec0-41b8-bb3d-ac6b9cd7b29f 58355acad14a44f5af2440e055fc711f d4211e4fa25247e4ba1a605a416e1842 - - default default] 10.0.0.37 "GET /v2.0/ports?device_id=4cbf397a-f9b8-4c97-a2a5-d20314b6f16f HTTP/1.1" status: 200 len: 205 time: 0.0237045
2026-04-27 13:28:17.196 9 INFO neutron.wsgi [None req-6bd52b76-aa48-4f21-aad3-f8e728e54155 f95e7502954e40b0a77807ea59c9af95 c664e31891724dccba2aa7b6efb7f59c - - default default] 10.0.0.37 "GET /v2.0/networks?not-tags-any=blue HTTP/1.1" status: 200 len: 2680 time: 0.1289818
2026-04-27 13:28:17.313 9 INFO neutron.wsgi [None req-643f60d1-752e-4fcd-af18-0cd156f7804b f95e7502954e40b0a77807ea59c9af95 c664e31891724dccba2aa7b6efb7f59c - - default default] 10.0.0.37 "GET /v2.0/networks?not-tags-any=red%2Cblue HTTP/1.1" status: 200 len: 2067 time: 0.1096525
2026-04-27 13:28:17.369 9 INFO neutron.db.ovn_revision_numbers_db [None req-abc30922-3c28-4294-8b87-142d328d0b87 16f0fa93e40e4411ab2730c3e4538e4c a41ee1dde33a414c9f55ace20d36663e - - default default] Successfully bumped revision number for resource 8d9c6ec8-673d-479e-854b-830cc69b0f0b (type: security_groups) to 1
2026-04-27 13:28:17.391 9 INFO neutron.db.ovn_revision_numbers_db [None req-abc30922-3c28-4294-8b87-142d328d0b87 16f0fa93e40e4411ab2730c3e4538e4c a41ee1dde33a414c9f55ace20d36663e - - default default] Successfully bumped revision number for resource 33b39d6e-31b7-4599-8549-8ed10a85708a (type: security_group_rules) to 0
2026-04-27 13:28:17.416 9 INFO neutron.db.ovn_revision_numbers_db [None req-abc30922-3c28-4294-8b87-142d328d0b87 16f0fa93e40e4411ab2730c3e4538e4c a41ee1dde33a414c9f55ace20d36663e - - default default] Successfully bumped revision number for resource 3d676ba1-7bf6-49cd-8489-30f24ca5dbbe (type: security_group_rules) to 0
2026-04-27 13:28:17.439 9 INFO neutron.db.ovn_revision_numbers_db [None req-abc30922-3c28-4294-8b87-142d328d0b87 16f0fa93e40e4411ab2730c3e4538e4c a41ee1dde33a414c9f55ace20d36663e - - default default] Successfully bumped revision number for resource 67f94762-a70c-4005-a748-90c8bb43c0a9 (type: security_group_rules) to 0
2026-04-27 13:28:17.466 9 INFO neutron.db.ovn_revision_numbers_db [None req-abc30922-3c28-4294-8b87-142d328d0b87 16f0fa93e40e4411ab2730c3e4538e4c a41ee1dde33a414c9f55ace20d36663e - - default default] Successfully bumped revision number for resource 8b15d91d-939b-4f49-ab84-a6b90b9e7d17 (type: security_group_rules) to 0
2026-04-27 13:28:17.505 9 INFO neutron.wsgi [None req-abc30922-3c28-4294-8b87-142d328d0b87 16f0fa93e40e4411ab2730c3e4538e4c a41ee1dde33a414c9f55ace20d36663e - - default default] 10.0.0.37 "GET /v2.0/security-groups?tenant_id=4eb450032daf486aa025d173142d42e4&name=default HTTP/1.1" status: 200 len: 2996 time: 0.4091260
2026-04-27 13:28:17.765 9 INFO neutron.services.segments.plugin [-] Segment 25b223f7-4e90-4892-8db1-42c054d773ef resource provider aggregate not found
2026-04-27 13:28:17.781 9 INFO neutron.services.segments.plugin [-] Segment 25b223f7-4e90-4892-8db1-42c054d773ef resource provider aggregate not found
2026-04-27 13:28:17.799 9 INFO neutron.services.segments.plugin [-] Segment 25b223f7-4e90-4892-8db1-42c054d773ef resource provider not found; error: Placement Client Error (4xx): {"errors": [{"status": 404, "title": "Not Found", "detail": "The resource could not be found.\n\n No resource provider with uuid 25b223f7-4e90-4892-8db1-42c054d773ef found for delete ", "request_id": "req-e4c4ed5b-9b39-4c56-b5d3-050a5b933aaf"}]}
2026-04-27 13:28:17.800 9 INFO neutron.services.segments.plugin [-] Segment 25b223f7-4e90-4892-8db1-42c054d773ef resource provider not found; error: Placement Client Error (4xx): {"errors": [{"status": 404, "title": "Not Found", "detail": "The resource could not be found.\n\n No resource provider with uuid 25b223f7-4e90-4892-8db1-42c054d773ef found for delete ", "request_id": "req-1e4c84ff-da36-4d6f-93ef-ff298ea5b4a9"}]}
2026-04-27 13:28:17.820 9 INFO neutron.wsgi [None req-09506e98-38ba-4848-8413-b79ea49bdb9b 16f0fa93e40e4411ab2730c3e4538e4c a41ee1dde33a414c9f55ace20d36663e - - default default] 10.0.0.37 "DELETE /v2.0/security-groups/8d9c6ec8-673d-479e-854b-830cc69b0f0b HTTP/1.1" status: 204 len: 168 time: 0.2965732
2026-04-27 13:28:17.835 9 INFO neutron.wsgi [None req-92857259-131d-40d8-a622-fe0a41f88f37 f95e7502954e40b0a77807ea59c9af95 c664e31891724dccba2aa7b6efb7f59c - - default default] 10.0.0.37 "DELETE /v2.0/networks/9d1f1664-92fd-467e-9de8-bea7bbd8b09b HTTP/1.1" status: 204 len: 168 time: 0.5100012
2026-04-27 13:28:17.868 10 INFO neutron.wsgi [None req-91c3de63-311c-4c41-b3fd-bbdf8b2812ce 58355acad14a44f5af2440e055fc711f d4211e4fa25247e4ba1a605a416e1842 - - default default] 10.0.0.37 "DELETE /v2.0/routers/4cbf397a-f9b8-4c97-a2a5-d20314b6f16f HTTP/1.1" status: 204 len: 168 time: 0.7492206
2026-04-27 13:28:17.874 10 INFO neutron.wsgi [None req-8b198b30-e16b-4ea3-bb73-e2a251461f0b 16f0fa93e40e4411ab2730c3e4538e4c a41ee1dde33a414c9f55ace20d36663e - - default default] 10.0.0.37 "DELETE /v2.0/security-groups/19565185-7069-4199-9433-76f305f405b5 HTTP/1.1" status: 204 len: 168 time: 0.9561911
2026-04-27 13:28:18.127 9 INFO neutron.wsgi [None req-c18d8bee-52c9-4de9-ae9f-5026d6edc037 58355acad14a44f5af2440e055fc711f d4211e4fa25247e4ba1a605a416e1842 - - default default] 10.0.0.37 "DELETE /v2.0/subnets/9f7c527e-d8a9-441b-8a9a-972bb83b3224 HTTP/1.1" status: 204 len: 168 time: 0.2533038
2026-04-27 13:28:18.231 10 INFO neutron.services.segments.plugin [-] Segment f41c967e-c4c5-452b-b41d-f7e522df7b6d resource provider aggregate not found
2026-04-27 13:28:18.235 10 INFO neutron.services.segments.plugin [-] Segment f41c967e-c4c5-452b-b41d-f7e522df7b6d resource provider aggregate not found
2026-04-27 13:28:18.253 10 INFO neutron.services.segments.plugin [-] Segment f41c967e-c4c5-452b-b41d-f7e522df7b6d resource provider not found; error: Placement Client Error (4xx): {"errors": [{"status": 404, "title": "Not Found", "detail": "The resource could not be found.\n\n No resource provider with uuid f41c967e-c4c5-452b-b41d-f7e522df7b6d found for delete ", "request_id": "req-64d032b7-918e-4f25-9cac-82c9e4d8daf4"}]}
2026-04-27 13:28:18.256 10 INFO neutron.services.segments.plugin [-] Segment f41c967e-c4c5-452b-b41d-f7e522df7b6d resource provider not found; error: Placement Client Error (4xx): {"errors": [{"status": 404, "title": "Not Found", "detail": "The resource could not be found.\n\n No resource provider with uuid f41c967e-c4c5-452b-b41d-f7e522df7b6d found for delete ", "request_id": "req-7e3a37b9-af51-47f3-859b-849cf83ad93b"}]}
2026-04-27 13:28:18.356 10 INFO neutron.wsgi [None req-fddd97ef-adc5-46fe-9e90-8b576973b5d6 f95e7502954e40b0a77807ea59c9af95 c664e31891724dccba2aa7b6efb7f59c - - default default] 10.0.0.37 "DELETE /v2.0/networks/73e1bd85-34f4-423c-8dba-fb05eb132c08 HTTP/1.1" status: 204 len: 168 time: 0.5157816
2026-04-27 13:28:18.885 9 INFO neutron.wsgi [None req-7cdbad48-0ad0-4098-ad4a-9706cee58b84 58355acad14a44f5af2440e055fc711f d4211e4fa25247e4ba1a605a416e1842 - - default default] 10.0.0.37 "DELETE /v2.0/networks/dd5750e4-6186-4102-b145-aaa0aff7f053 HTTP/1.1" status: 204 len: 168 time: 0.7507434
2026-04-27 13:28:18.897 10 WARNING neutron_lib.context [None req-8d849645-8455-4af9-8d85-8f2257feb1bc 58355acad14a44f5af2440e055fc711f d4211e4fa25247e4ba1a605a416e1842 - - default default] Method 'is_advsvc' is deprecated since 2023.2 release (neutron-lib 3.8.0) and will be removed once support for the old RBAC API policies will be removed from Neutron. Please use method 'is_service_role' instead.
2026-04-27 13:28:19.040 10 INFO neutron.db.segments_db [None req-8d849645-8455-4af9-8d85-8f2257feb1bc 58355acad14a44f5af2440e055fc711f d4211e4fa25247e4ba1a605a416e1842 - - default default] Added segment 4a70d7b8-3c5c-4782-83c0-2e141828579a of type geneve for network a01331a7-32e5-4a0e-be45-e91b201eb3a2
2026-04-27 13:28:19.125 10 INFO neutron.wsgi [None req-21217ec0-6239-4d13-af9c-9a3c4f7791b8 f95e7502954e40b0a77807ea59c9af95 c664e31891724dccba2aa7b6efb7f59c - - default default] 10.0.0.37 "DELETE /v2.0/networks/f92a0d08-e114-4933-abf7-ee6f0402a58c HTTP/1.1" status: 204 len: 168 time: 0.7616193
2026-04-27 13:28:19.299 10 INFO neutron.db.ovn_revision_numbers_db [None req-8d849645-8455-4af9-8d85-8f2257feb1bc 58355acad14a44f5af2440e055fc711f d4211e4fa25247e4ba1a605a416e1842 - - default default] Successfully bumped revision number for resource a01331a7-32e5-4a0e-be45-e91b201eb3a2 (type: networks) to 1
2026-04-27 13:28:19.599 10 WARNING neutron.scheduler.dhcp_agent_scheduler [None req-8d849645-8455-4af9-8d85-8f2257feb1bc 58355acad14a44f5af2440e055fc711f d4211e4fa25247e4ba1a605a416e1842 - - default default] No more DHCP agents
2026-04-27 13:28:19.601 10 WARNING neutron.api.rpc.agentnotifiers.dhcp_rpc_agent_api [None req-8d849645-8455-4af9-8d85-8f2257feb1bc 58355acad14a44f5af2440e055fc711f d4211e4fa25247e4ba1a605a416e1842 - - default default] Unable to schedule network a01331a7-32e5-4a0e-be45-e91b201eb3a2: no agents available; will retry on subsequent port and subnet creation events.
2026-04-27 13:28:19.717 10 INFO neutron.db.ovn_revision_numbers_db [None req-8d849645-8455-4af9-8d85-8f2257feb1bc 58355acad14a44f5af2440e055fc711f d4211e4fa25247e4ba1a605a416e1842 - - default default] Successfully bumped revision number for resource b11461bf-add3-4bc8-9b86-a3788e974bbb (type: ports) to 1
2026-04-27 13:28:19.836 9 INFO neutron.services.segments.plugin [-] Segment 884a5e66-8d4c-422f-8234-09ab061404d3 resource provider aggregate not found
2026-04-27 13:28:19.842 9 INFO neutron.services.segments.plugin [-] Segment 884a5e66-8d4c-422f-8234-09ab061404d3 resource provider aggregate not found
2026-04-27 13:28:19.862 9 INFO neutron.services.segments.plugin [-] Segment 884a5e66-8d4c-422f-8234-09ab061404d3 resource provider not found; error: Placement Client Error (4xx): {"errors": [{"status": 404, "title": "Not Found", "detail": "The resource could not be found.\n\n No resource provider with uuid 884a5e66-8d4c-422f-8234-09ab061404d3 found for delete ", "request_id": "req-a80809e6-831b-49b1-a7e9-0caf18cd81dc"}]}
2026-04-27 13:28:19.866 10 INFO neutron.wsgi [None req-8d849645-8455-4af9-8d85-8f2257feb1bc 58355acad14a44f5af2440e055fc711f d4211e4fa25247e4ba1a605a416e1842 - - default default] 10.0.0.37 "POST /v2.0/networks HTTP/1.1" status: 201 len: 829 time: 0.9743779
2026-04-27 13:28:19.869 9 INFO neutron.services.segments.plugin [-] Segment 884a5e66-8d4c-422f-8234-09ab061404d3 resource provider not found; error: Placement Client Error (4xx): {"errors": [{"status": 404, "title": "Not Found", "detail": "The resource could not be found.\n\n No resource provider with uuid 884a5e66-8d4c-422f-8234-09ab061404d3 found for delete ", "request_id": "req-101fe29f-4538-43fb-b39f-40e7a69af041"}]}
2026-04-27 13:28:19.877 10 WARNING neutron_lib.context [None req-edfbe6c1-a984-4750-b3a5-2ea218bd3e72 58355acad14a44f5af2440e055fc711f d4211e4fa25247e4ba1a605a416e1842 - - default default] Method 'is_advsvc' is deprecated since 2023.2 release (neutron-lib 3.8.0) and will be removed once support for the old RBAC API policies will be removed from Neutron. Please use method 'is_service_role' instead.
2026-04-27 13:28:19.893 9 INFO neutron.services.segments.plugin [-] Segment dc289aa0-0f96-43c6-be81-37d742d3bbed resource provider aggregate not found
2026-04-27 13:28:19.901 9 INFO neutron.services.segments.plugin [-] Segment dc289aa0-0f96-43c6-be81-37d742d3bbed resource provider aggregate not found
2026-04-27 13:28:19.925 9 INFO neutron.services.segments.plugin [-] Segment dc289aa0-0f96-43c6-be81-37d742d3bbed resource provider not found; error: Placement Client Error (4xx): {"errors": [{"status": 404, "title": "Not Found", "detail": "The resource could not be found.\n\n No resource provider with uuid dc289aa0-0f96-43c6-be81-37d742d3bbed found for delete ", "request_id": "req-79022a1f-7c38-44fc-bb38-ca7045b491eb"}]}
2026-04-27 13:28:19.926 9 INFO neutron.services.segments.plugin [-] Segment dc289aa0-0f96-43c6-be81-37d742d3bbed resource provider not found; error: Placement Client Error (4xx): {"errors": [{"status": 404, "title": "Not Found", "detail": "The resource could not be found.\n\n No resource provider with uuid dc289aa0-0f96-43c6-be81-37d742d3bbed found for delete ", "request_id": "req-e7754205-77cd-4fe2-a7a9-9b33a7d418f8"}]}
2026-04-27 13:28:20.275 10 INFO neutron.services.segments.plugin [-] Segment 57b40937-f0f4-49b5-9012-c7049096be2d resource provider aggregate not found
2026-04-27 13:28:20.286 10 INFO neutron.services.segments.plugin [-] Segment 57b40937-f0f4-49b5-9012-c7049096be2d resource provider aggregate not found
2026-04-27 13:28:20.294 10 INFO neutron.services.segments.plugin [-] Segment 57b40937-f0f4-49b5-9012-c7049096be2d resource provider not found; error: Placement Client Error (4xx): {"errors": [{"status": 404, "title": "Not Found", "detail": "The resource could not be found.\n\n No resource provider with uuid 57b40937-f0f4-49b5-9012-c7049096be2d found for delete ", "request_id": "req-4080e58f-5b5e-48e3-bcd9-3b47c1c514a0"}]}
2026-04-27 13:28:20.314 10 INFO neutron.services.segments.plugin [-] Segment 57b40937-f0f4-49b5-9012-c7049096be2d resource provider not found; error: Placement Client Error (4xx): {"errors": [{"status": 404, "title": "Not Found", "detail": "The resource could not be found.\n\n No resource provider with uuid 57b40937-f0f4-49b5-9012-c7049096be2d found for delete ", "request_id": "req-23e24e9a-6686-4f14-925b-0c403f8798ea"}]}
2026-04-27 13:28:20.328 9 INFO neutron.wsgi [None req-d7a34a59-0354-4f9c-b272-0dc3abb7ec9b f95e7502954e40b0a77807ea59c9af95 c664e31891724dccba2aa7b6efb7f59c - - default default] 10.0.0.37 "DELETE /v2.0/networks/95f8bdc5-0be8-43df-bff9-a3a655f01306 HTTP/1.1" status: 204 len: 168 time: 1.1948342
2026-04-27 13:28:20.486 10 WARNING neutron.scheduler.dhcp_agent_scheduler [None req-edfbe6c1-a984-4750-b3a5-2ea218bd3e72 58355acad14a44f5af2440e055fc711f d4211e4fa25247e4ba1a605a416e1842 - - default default] No more DHCP agents
2026-04-27 13:28:20.490 10 WARNING neutron.api.rpc.agentnotifiers.dhcp_rpc_agent_api [None req-edfbe6c1-a984-4750-b3a5-2ea218bd3e72 58355acad14a44f5af2440e055fc711f d4211e4fa25247e4ba1a605a416e1842 - - default default] Unable to schedule network a01331a7-32e5-4a0e-be45-e91b201eb3a2: no agents available; will retry on subsequent port and subnet creation events.
2026-04-27 13:28:20.585 9 WARNING neutron.plugins.ml2.drivers.ovn.mech_driver.ovsdb.ovn_client [None req-4261e079-a03f-4b40-b4f5-8319b4584c3c - - - - - -] No port found with ID 9f6e5689-2d14-44b4-8ae6-b1223922781e: RuntimeError: No port found with ID 9f6e5689-2d14-44b4-8ae6-b1223922781e
2026-04-27 13:28:21.200 10 INFO neutron.db.ovn_revision_numbers_db [None req-edfbe6c1-a984-4750-b3a5-2ea218bd3e72 58355acad14a44f5af2440e055fc711f d4211e4fa25247e4ba1a605a416e1842 - - default default] Successfully bumped revision number for resource b11461bf-add3-4bc8-9b86-a3788e974bbb (type: ports) to 2
2026-04-27 13:28:21.243 9 INFO neutron.wsgi [None req-120cf20a-5161-4c3e-abf5-c2913aedfe72 f95e7502954e40b0a77807ea59c9af95 c664e31891724dccba2aa7b6efb7f59c - - default default] 10.0.0.37 "DELETE /v2.0/networks/9d80dbf8-7635-42ca-891b-86614788cc2a HTTP/1.1" status: 204 len: 168 time: 0.9085360
2026-04-27 13:28:21.255 10 INFO neutron.db.ovn_revision_numbers_db [None req-edfbe6c1-a984-4750-b3a5-2ea218bd3e72 58355acad14a44f5af2440e055fc711f d4211e4fa25247e4ba1a605a416e1842 - - default default] Successfully bumped revision number for resource 1a71ef80-e43c-4121-bb4e-603feeca09e2 (type: subnets) to 0
2026-04-27 13:28:21.276 10 INFO neutron.wsgi [None req-edfbe6c1-a984-4750-b3a5-2ea218bd3e72 58355acad14a44f5af2440e055fc711f d4211e4fa25247e4ba1a605a416e1842 - - default default] 10.0.0.37 "POST /v2.0/subnets HTTP/1.1" status: 201 len: 801 time: 1.4034045
2026-04-27 13:28:21.286 10 WARNING neutron_lib.context [None req-de4c19a7-5d36-4a4d-86d1-8938077c0c94 58355acad14a44f5af2440e055fc711f d4211e4fa25247e4ba1a605a416e1842 - - default default] Method 'is_advsvc' is deprecated since 2023.2 release (neutron-lib 3.8.0) and will be removed once support for the old RBAC API policies will be removed from Neutron. Please use method 'is_service_role' instead.
2026-04-27 13:28:21.476 10 INFO neutron.db.ovn_revision_numbers_db [None req-de4c19a7-5d36-4a4d-86d1-8938077c0c94 58355acad14a44f5af2440e055fc711f d4211e4fa25247e4ba1a605a416e1842 - - default default] Successfully bumped revision number for resource 423ceab8-2ead-4cbf-975b-bf30f6159b86 (type: routers) to 1
2026-04-27 13:28:21.500 10 INFO neutron.wsgi [None req-de4c19a7-5d36-4a4d-86d1-8938077c0c94 58355acad14a44f5af2440e055fc711f d4211e4fa25247e4ba1a605a416e1842 - - default default] 10.0.0.37 "POST /v2.0/routers HTTP/1.1" status: 201 len: 687 time: 0.2192359
2026-04-27 13:28:21.947 9 INFO neutron.services.segments.plugin [-] Segment 42ada3f0-a703-4c6e-84f4-473b1746745a resource provider aggregate not found
2026-04-27 13:28:21.955 9 INFO neutron.services.segments.plugin [-] Segment 42ada3f0-a703-4c6e-84f4-473b1746745a resource provider aggregate not found
2026-04-27 13:28:21.971 9 INFO neutron.services.segments.plugin [-] Segment 42ada3f0-a703-4c6e-84f4-473b1746745a resource provider not found; error: Placement Client Error (4xx): {"errors": [{"status": 404, "title": "Not Found", "detail": "The resource could not be found.\n\n No resource provider with uuid 42ada3f0-a703-4c6e-84f4-473b1746745a found for delete ", "request_id": "req-6556ee38-7149-4547-ab6f-d4a89b01e2a1"}]}
2026-04-27 13:28:21.974 9 INFO neutron.services.segments.plugin [-] Segment 42ada3f0-a703-4c6e-84f4-473b1746745a resource provider not found; error: Placement Client Error (4xx): {"errors": [{"status": 404, "title": "Not Found", "detail": "The resource could not be found.\n\n No resource provider with uuid 42ada3f0-a703-4c6e-84f4-473b1746745a found for delete ", "request_id": "req-47b1f433-a742-46ea-9820-d9227ce10baf"}]}
2026-04-27 13:28:22.094 10 WARNING neutron.scheduler.dhcp_agent_scheduler [None req-8d021949-a3a7-4e4f-b72a-5ed4a897fa9c 58355acad14a44f5af2440e055fc711f d4211e4fa25247e4ba1a605a416e1842 - - default default] No more DHCP agents
2026-04-27 13:28:22.096 10 WARNING neutron.api.rpc.agentnotifiers.dhcp_rpc_agent_api [None req-8d021949-a3a7-4e4f-b72a-5ed4a897fa9c 58355acad14a44f5af2440e055fc711f d4211e4fa25247e4ba1a605a416e1842 - - default default] Unable to schedule network a01331a7-32e5-4a0e-be45-e91b201eb3a2: no agents available; will retry on subsequent port and subnet creation events.
2026-04-27 13:28:22.315 10 INFO neutron.db.ovn_revision_numbers_db [None req-8d021949-a3a7-4e4f-b72a-5ed4a897fa9c 58355acad14a44f5af2440e055fc711f d4211e4fa25247e4ba1a605a416e1842 - - default default] Successfully bumped revision number for resource 76927a70-5c4b-4bab-9381-4d0afead6687 (type: ports) to 1
2026-04-27 13:28:22.629 9 INFO neutron.db.ovn_revision_numbers_db [None req-83e6b803-6dc1-44bd-a3c3-999c75eac3ff 16f0fa93e40e4411ab2730c3e4538e4c a41ee1dde33a414c9f55ace20d36663e - - default default] Successfully bumped revision number for resource 2f954aea-891c-4138-b650-0bc0aa872f31 (type: security_groups) to 1
