2026-04-27 13:29:31.046 10 INFO neutron.wsgi [None req-510ff556-dbf8-4fd4-bd7f-cdc4b72f91c4 16f0fa93e40e4411ab2730c3e4538e4c a41ee1dde33a414c9f55ace20d36663e - - default default] 10.0.0.37 "DELETE /v2.0/security-groups/be9318c7-ebd7-400d-b7d5-27f3d1d8d52b HTTP/1.1" status: 204 len: 168 time: 0.2155228
2026-04-27 13:29:31.073 9 INFO neutron.wsgi [None req-5c81caa3-71c2-4382-92b7-ecff9b8a022f 003186d90b874e6684d04e1c0fbe22f6 19ec379afb85430c8d5eaa667e013aa0 - - default default] 10.0.0.37 "GET /v2.0/floatingips?floating_network_id=7bfb196b-a5fa-4414-9c90-f4537a7d938f&port_id=6f332c66-072f-4701-8f1f-a659cef518f0 HTTP/1.1" status: 200 len: 1054 time: 0.0735219
2026-04-27 13:29:31.200 9 INFO neutron.wsgi [None req-c03c334d-e94c-4633-a7dc-4bb202ccf788 16f0fa93e40e4411ab2730c3e4538e4c a41ee1dde33a414c9f55ace20d36663e - - default default] 10.0.0.37 "GET /v2.0/security-groups?tenant_id=4d54af8222b2413dac3f632a376e3367&name=default HTTP/1.1" status: 200 len: 3000 time: 0.0483043
2026-04-27 13:29:31.360 10 INFO neutron.wsgi [req-8d47a94a-0fab-466d-810f-d50b8fc72b75 req-a5a5e554-bde1-4ae6-82be-b4617e775b10 d11069f16d2e4336a38dd1c1dbd54436 e2c3e7fbca5b40f087985d81bb1e1c00 - - e3c445c6146e435ea7fb2bee9e8816e3 e3c445c6146e435ea7fb2bee9e8816e3] 10.0.0.87 "GET /v2.0/ports?device_id=8b870373-1700-4a82-a9d5-36d4ada92fc4 HTTP/1.1" status: 200 len: 1448 time: 0.0407734
2026-04-27 13:29:31.409 9 INFO neutron.wsgi [None req-50b4477c-9356-4f30-85de-1baeb90ac6f6 16f0fa93e40e4411ab2730c3e4538e4c a41ee1dde33a414c9f55ace20d36663e - - default default] 10.0.0.37 "DELETE /v2.0/security-groups/49a6820a-9763-43b9-87d1-39ed2c2466b4 HTTP/1.1" status: 204 len: 168 time: 0.2042947
2026-04-27 13:29:31.417 10 INFO neutron.wsgi [req-8d47a94a-0fab-466d-810f-d50b8fc72b75 req-0f3e7ee1-4c44-444b-8c47-d684040bcc4b d11069f16d2e4336a38dd1c1dbd54436 e2c3e7fbca5b40f087985d81bb1e1c00 - - e3c445c6146e435ea7fb2bee9e8816e3 e3c445c6146e435ea7fb2bee9e8816e3] 10.0.0.87 "GET /v2.0/security-groups?id=54e7cf72-556c-4eeb-bca8-f3eca5e9b031&id=ad79e82d-adbe-4915-9638-d2f1827a4ab1&fields=id&fields=name HTTP/1.1" status: 200 len: 405 time: 0.0489786
2026-04-27 13:29:32.272 9 WARNING neutron_lib.context [None req-2ecc9547-c858-4f06-8536-d32b5e3df782 3679414059634f38a0d43fe2b09de356 1fc87efa1600456daffe4d6631f94505 - - default default] Method 'is_advsvc' is deprecated since 2023.2 release (neutron-lib 3.8.0) and will be removed once support for the old RBAC API policies will be removed from Neutron. Please use method 'is_service_role' instead.
2026-04-27 13:29:32.478 9 INFO neutron.db.ovn_revision_numbers_db [None req-2ecc9547-c858-4f06-8536-d32b5e3df782 3679414059634f38a0d43fe2b09de356 1fc87efa1600456daffe4d6631f94505 - - default default] Successfully bumped revision number for resource d4e7e6ec-597d-4225-b40b-1fd8c0105f5c (type: security_groups) to 1
2026-04-27 13:29:32.510 9 INFO neutron.db.ovn_revision_numbers_db [None req-2ecc9547-c858-4f06-8536-d32b5e3df782 3679414059634f38a0d43fe2b09de356 1fc87efa1600456daffe4d6631f94505 - - default default] Successfully bumped revision number for resource 0c8ec138-dbb3-4348-bad9-48e22ab407aa (type: security_group_rules) to 0
2026-04-27 13:29:32.561 9 INFO neutron.db.ovn_revision_numbers_db [None req-2ecc9547-c858-4f06-8536-d32b5e3df782 3679414059634f38a0d43fe2b09de356 1fc87efa1600456daffe4d6631f94505 - - default default] Successfully bumped revision number for resource 3f1c6fd5-4353-41ae-876c-cb27efb82a91 (type: security_group_rules) to 0
2026-04-27 13:29:32.588 9 INFO neutron.db.ovn_revision_numbers_db [None req-2ecc9547-c858-4f06-8536-d32b5e3df782 3679414059634f38a0d43fe2b09de356 1fc87efa1600456daffe4d6631f94505 - - default default] Successfully bumped revision number for resource b41abf53-d4a7-478c-a9f3-d1dc8efc6cd5 (type: security_group_rules) to 0
2026-04-27 13:29:32.613 9 INFO neutron.db.ovn_revision_numbers_db [None req-2ecc9547-c858-4f06-8536-d32b5e3df782 3679414059634f38a0d43fe2b09de356 1fc87efa1600456daffe4d6631f94505 - - default default] Successfully bumped revision number for resource c7048ad9-69bc-472d-9b71-321d82c3202b (type: security_group_rules) to 0
2026-04-27 13:29:32.703 9 INFO neutron.db.ovn_revision_numbers_db [None req-2ecc9547-c858-4f06-8536-d32b5e3df782 3679414059634f38a0d43fe2b09de356 1fc87efa1600456daffe4d6631f94505 - - default default] Successfully bumped revision number for resource c5299368-2a5f-49d0-9d68-2203ad6580bc (type: security_groups) to 1
2026-04-27 13:29:32.718 9 INFO neutron.db.ovn_revision_numbers_db [None req-2ecc9547-c858-4f06-8536-d32b5e3df782 3679414059634f38a0d43fe2b09de356 1fc87efa1600456daffe4d6631f94505 - - default default] Successfully bumped revision number for resource acc98b14-80a6-40d0-ba6f-cfd2079e0259 (type: security_group_rules) to 0
2026-04-27 13:29:32.732 9 INFO neutron.db.ovn_revision_numbers_db [None req-2ecc9547-c858-4f06-8536-d32b5e3df782 3679414059634f38a0d43fe2b09de356 1fc87efa1600456daffe4d6631f94505 - - default default] Successfully bumped revision number for resource d6658bb9-30d3-4536-9af7-6f677fab6d40 (type: security_group_rules) to 0
2026-04-27 13:29:32.751 9 INFO neutron.wsgi [None req-2ecc9547-c858-4f06-8536-d32b5e3df782 3679414059634f38a0d43fe2b09de356 1fc87efa1600456daffe4d6631f94505 - - default default] 10.0.0.37 "POST /v2.0/security-groups HTTP/1.1" status: 201 len: 1739 time: 0.6695983
2026-04-27 13:29:32.763 9 WARNING neutron_lib.context [None req-7245f4ef-1a4e-4de9-b0de-b83deec8dc60 3679414059634f38a0d43fe2b09de356 1fc87efa1600456daffe4d6631f94505 - - default default] Method 'is_advsvc' is deprecated since 2023.2 release (neutron-lib 3.8.0) and will be removed once support for the old RBAC API policies will be removed from Neutron. Please use method 'is_service_role' instead.
2026-04-27 13:29:33.144 9 INFO neutron.db.ovn_revision_numbers_db [None req-7245f4ef-1a4e-4de9-b0de-b83deec8dc60 3679414059634f38a0d43fe2b09de356 1fc87efa1600456daffe4d6631f94505 - - default default] Successfully bumped revision number for resource f70cfb95-d670-45ba-b5e5-11d1f7ca8913 (type: security_groups) to 1
2026-04-27 13:29:33.160 9 INFO neutron.db.ovn_revision_numbers_db [None req-7245f4ef-1a4e-4de9-b0de-b83deec8dc60 3679414059634f38a0d43fe2b09de356 1fc87efa1600456daffe4d6631f94505 - - default default] Successfully bumped revision number for resource f018189c-f221-4e8a-820b-4a70f1cae546 (type: security_group_rules) to 0
2026-04-27 13:29:33.181 9 INFO neutron.db.ovn_revision_numbers_db [None req-7245f4ef-1a4e-4de9-b0de-b83deec8dc60 3679414059634f38a0d43fe2b09de356 1fc87efa1600456daffe4d6631f94505 - - default default] Successfully bumped revision number for resource f1339baf-d3f3-4db0-a447-4929c987b751 (type: security_group_rules) to 0
2026-04-27 13:29:33.200 9 INFO neutron.wsgi [None req-7245f4ef-1a4e-4de9-b0de-b83deec8dc60 3679414059634f38a0d43fe2b09de356 1fc87efa1600456daffe4d6631f94505 - - default default] 10.0.0.37 "POST /v2.0/security-groups HTTP/1.1" status: 201 len: 1739 time: 0.4414620
2026-04-27 13:29:33.209 9 WARNING neutron_lib.context [None req-3c507562-87f8-4bd4-8717-3f39dcb46ef4 3679414059634f38a0d43fe2b09de356 1fc87efa1600456daffe4d6631f94505 - - default default] Method 'is_advsvc' is deprecated since 2023.2 release (neutron-lib 3.8.0) and will be removed once support for the old RBAC API policies will be removed from Neutron. Please use method 'is_service_role' instead.
2026-04-27 13:29:33.333 9 INFO neutron.db.ovn_revision_numbers_db [None req-3c507562-87f8-4bd4-8717-3f39dcb46ef4 3679414059634f38a0d43fe2b09de356 1fc87efa1600456daffe4d6631f94505 - - default default] Successfully bumped revision number for resource ce915573-a059-4c3c-b9d0-531ebcc010ed (type: security_groups) to 1
2026-04-27 13:29:33.347 9 INFO neutron.db.ovn_revision_numbers_db [None req-3c507562-87f8-4bd4-8717-3f39dcb46ef4 3679414059634f38a0d43fe2b09de356 1fc87efa1600456daffe4d6631f94505 - - default default] Successfully bumped revision number for resource ec6fa1a2-5a7b-40a8-a00c-f8fd201f10a8 (type: security_group_rules) to 0
2026-04-27 13:29:33.364 9 INFO neutron.db.ovn_revision_numbers_db [None req-3c507562-87f8-4bd4-8717-3f39dcb46ef4 3679414059634f38a0d43fe2b09de356 1fc87efa1600456daffe4d6631f94505 - - default default] Successfully bumped revision number for resource f87fe214-5faa-40d3-9ca9-5618bb23ceff (type: security_group_rules) to 0
2026-04-27 13:29:33.387 9 INFO neutron.wsgi [None req-3c507562-87f8-4bd4-8717-3f39dcb46ef4 3679414059634f38a0d43fe2b09de356 1fc87efa1600456daffe4d6631f94505 - - default default] 10.0.0.37 "POST /v2.0/security-groups HTTP/1.1" status: 201 len: 1739 time: 0.1816967
2026-04-27 13:29:33.396 9 WARNING neutron_lib.context [None req-bf8841a7-780b-4620-88a1-bfa06308b29f 3679414059634f38a0d43fe2b09de356 1fc87efa1600456daffe4d6631f94505 - - default default] Method 'is_advsvc' is deprecated since 2023.2 release (neutron-lib 3.8.0) and will be removed once support for the old RBAC API policies will be removed from Neutron. Please use method 'is_service_role' instead.
2026-04-27 13:29:33.519 9 INFO neutron.db.ovn_revision_numbers_db [None req-bf8841a7-780b-4620-88a1-bfa06308b29f 3679414059634f38a0d43fe2b09de356 1fc87efa1600456daffe4d6631f94505 - - default default] Successfully bumped revision number for resource ed38b06e-9e4c-4694-b7b0-aa4029c4cd9b (type: security_groups) to 1
2026-04-27 13:29:33.536 9 INFO neutron.db.ovn_revision_numbers_db [None req-bf8841a7-780b-4620-88a1-bfa06308b29f 3679414059634f38a0d43fe2b09de356 1fc87efa1600456daffe4d6631f94505 - - default default] Successfully bumped revision number for resource 5a62c99a-3912-4639-bab1-f8b02ca71a3e (type: security_group_rules) to 0
2026-04-27 13:29:33.567 9 INFO neutron.db.ovn_revision_numbers_db [None req-bf8841a7-780b-4620-88a1-bfa06308b29f 3679414059634f38a0d43fe2b09de356 1fc87efa1600456daffe4d6631f94505 - - default default] Successfully bumped revision number for resource a78a2c88-b4a5-48dc-8f3a-009c21185c8b (type: security_group_rules) to 0
2026-04-27 13:29:33.595 9 INFO neutron.wsgi [None req-bf8841a7-780b-4620-88a1-bfa06308b29f 3679414059634f38a0d43fe2b09de356 1fc87efa1600456daffe4d6631f94505 - - default default] 10.0.0.37 "POST /v2.0/security-groups HTTP/1.1" status: 201 len: 1739 time: 0.2033343
2026-04-27 13:29:33.618 10 WARNING neutron_lib.context [None req-5dbda22a-8f6d-4ee7-aea8-b02de8e5e921 3679414059634f38a0d43fe2b09de356 1fc87efa1600456daffe4d6631f94505 - - default default] Method 'is_advsvc' is deprecated since 2023.2 release (neutron-lib 3.8.0) and will be removed once support for the old RBAC API policies will be removed from Neutron. Please use method 'is_service_role' instead.
2026-04-27 13:29:33.620 9 INFO neutron.plugins.ml2.drivers.ovn.mech_driver.mech_driver [None req-4261e079-a03f-4b40-b4f5-8319b4584c3c - - - - - -] OVN reports status down for port: 6f332c66-072f-4701-8f1f-a659cef518f0
2026-04-27 13:29:33.659 9 INFO neutron.wsgi [req-f5a669a7-bb1b-4a1b-b077-a180535937f7 req-9091031b-4f33-4653-b62b-8002a00a577d 003186d90b874e6684d04e1c0fbe22f6 19ec379afb85430c8d5eaa667e013aa0 - - default default] 10.0.0.127 "GET /v2.0/ports?device_id=8b870373-1700-4a82-a9d5-36d4ada92fc4 HTTP/1.1" status: 200 len: 1210 time: 0.1242065
2026-04-27 13:29:33.725 9 INFO neutron.wsgi [req-f5a669a7-bb1b-4a1b-b077-a180535937f7 req-21a04e16-436a-41a1-a372-228298386337 003186d90b874e6684d04e1c0fbe22f6 19ec379afb85430c8d5eaa667e013aa0 - - default default] 10.0.0.127 "GET /v2.0/security-groups?id=54e7cf72-556c-4eeb-bca8-f3eca5e9b031&id=ad79e82d-adbe-4915-9638-d2f1827a4ab1&fields=id&fields=name HTTP/1.1" status: 200 len: 405 time: 0.0599861
2026-04-27 13:29:33.753 10 INFO neutron.db.ovn_revision_numbers_db [None req-5dbda22a-8f6d-4ee7-aea8-b02de8e5e921 3679414059634f38a0d43fe2b09de356 1fc87efa1600456daffe4d6631f94505 - - default default] Successfully bumped revision number for resource e8a9481e-aee2-4842-bae9-af6fad7a3c25 (type: security_groups) to 1
2026-04-27 13:29:33.768 10 INFO neutron.db.ovn_revision_numbers_db [None req-5dbda22a-8f6d-4ee7-aea8-b02de8e5e921 3679414059634f38a0d43fe2b09de356 1fc87efa1600456daffe4d6631f94505 - - default default] Successfully bumped revision number for resource 3a34f57e-d4c6-4f4b-8cae-f96d1bbe80d4 (type: security_group_rules) to 0
2026-04-27 13:29:33.787 10 INFO neutron.db.ovn_revision_numbers_db [None req-5dbda22a-8f6d-4ee7-aea8-b02de8e5e921 3679414059634f38a0d43fe2b09de356 1fc87efa1600456daffe4d6631f94505 - - default default] Successfully bumped revision number for resource 7db745c6-a0ce-479f-8fca-60595713ea00 (type: security_group_rules) to 0
2026-04-27 13:29:33.794 9 INFO neutron.notifiers.nova [-] Nova event matching ['req-8ad22ed6-ab5b-4f3a-ab87-6aed14610ac2'] response: {'server_uuid': '8b870373-1700-4a82-a9d5-36d4ada92fc4', 'name': 'network-vif-unplugged', 'status': 'completed', 'tag': '6f332c66-072f-4701-8f1f-a659cef518f0', 'code': 200}
2026-04-27 13:29:33.811 10 INFO neutron.wsgi [None req-5dbda22a-8f6d-4ee7-aea8-b02de8e5e921 3679414059634f38a0d43fe2b09de356 1fc87efa1600456daffe4d6631f94505 - - default default] 10.0.0.37 "POST /v2.0/security-groups HTTP/1.1" status: 201 len: 1739 time: 0.2040589
2026-04-27 13:29:33.863 9 INFO neutron.wsgi [None req-40fcd4b1-324d-4ab9-9bdc-e38845ba3f6b 3679414059634f38a0d43fe2b09de356 1fc87efa1600456daffe4d6631f94505 - - default default] 10.0.0.37 "PUT /v2.0/security-groups/c5299368-2a5f-49d0-9d68-2203ad6580bc/tags HTTP/1.1" status: 200 len: 210 time: 0.0462625
2026-04-27 13:29:33.901 10 INFO neutron.wsgi [None req-8a775dc8-ec9c-4c4c-b2ba-d760bfb6ae71 3679414059634f38a0d43fe2b09de356 1fc87efa1600456daffe4d6631f94505 - - default default] 10.0.0.37 "PUT /v2.0/security-groups/f70cfb95-d670-45ba-b5e5-11d1f7ca8913/tags HTTP/1.1" status: 200 len: 218 time: 0.0321436
2026-04-27 13:29:33.928 9 INFO neutron.wsgi [req-64a2233d-967f-4a61-beff-a7d6d33a4b89 req-6a2c9d45-105d-420c-aebe-0d285e74c802 003186d90b874e6684d04e1c0fbe22f6 19ec379afb85430c8d5eaa667e013aa0 - - default default] 199.19.213.212 "GET /v2.0/ports?device_id=8b870373-1700-4a82-a9d5-36d4ada92fc4 HTTP/1.1" status: 200 len: 1208 time: 0.0690022
2026-04-27 13:29:33.941 10 INFO neutron.wsgi [None req-26001e41-5f3a-4892-8eb1-09d220b4f798 3679414059634f38a0d43fe2b09de356 1fc87efa1600456daffe4d6631f94505 - - default default] 10.0.0.37 "PUT /v2.0/security-groups/ce915573-a059-4c3c-b9d0-531ebcc010ed/tags HTTP/1.1" status: 200 len: 227 time: 0.0344017
2026-04-27 13:29:33.998 10 INFO neutron.wsgi [None req-6850d763-4452-4793-9c69-936e89626826 3679414059634f38a0d43fe2b09de356 1fc87efa1600456daffe4d6631f94505 - - default default] 10.0.0.37 "PUT /v2.0/security-groups/ed38b06e-9e4c-4694-b7b0-aa4029c4cd9b/tags HTTP/1.1" status: 200 len: 212 time: 0.0504212
2026-04-27 13:29:34.019 9 INFO neutron.db.ovn_revision_numbers_db [None req-4261e079-a03f-4b40-b4f5-8319b4584c3c - - - - - -] Successfully bumped revision number for resource 6f332c66-072f-4701-8f1f-a659cef518f0 (type: ports) to 5
2026-04-27 13:29:34.056 10 INFO neutron.wsgi [None req-eb8db400-4413-4f49-9ce9-951141051744 3679414059634f38a0d43fe2b09de356 1fc87efa1600456daffe4d6631f94505 - - default default] 10.0.0.37 "GET /v2.0/security-groups?tags=red HTTP/1.1" status: 200 len: 4819 time: 0.0536511
2026-04-27 13:29:34.114 10 INFO neutron.wsgi [None req-dc5218e8-7bf8-491b-acc3-153fd5dd9ffa 3679414059634f38a0d43fe2b09de356 1fc87efa1600456daffe4d6631f94505 - - default default] 10.0.0.37 "GET /v2.0/security-groups?tags=red%2Cblue HTTP/1.1" status: 200 len: 3293 time: 0.0520327
2026-04-27 13:29:34.170 10 INFO neutron.wsgi [None req-d13d9638-7ef6-46ed-8e0c-5937962ae603 3679414059634f38a0d43fe2b09de356 1fc87efa1600456daffe4d6631f94505 - - default default] 10.0.0.37 "GET /v2.0/security-groups?tags-any=blue HTTP/1.1" status: 200 len: 3293 time: 0.0480900 /var/lib/openstack/lib/python3.10/site-packages/pycadf/identifier.py:71: UserWarning: Invalid uuid: neutron. To ensure interoperability, identifiers should be a valid uuid. warnings.warn(('Invalid uuid: %s. To ensure interoperability, '
2026-04-27 13:29:34.261 9 INFO neutron.wsgi [None req-5b675c3f-4d18-4e4b-b2c7-5182e3cfb90b 3679414059634f38a0d43fe2b09de356 1fc87efa1600456daffe4d6631f94505 - - default default] 10.0.0.37 "GET /v2.0/security-groups?tags-any=red%2Cblue HTTP/1.1" status: 200 len: 4819 time: 0.0855649
2026-04-27 13:29:34.360 9 INFO neutron.wsgi [None req-908db95d-89c2-4f85-b492-3a88ccddb275 3679414059634f38a0d43fe2b09de356 1fc87efa1600456daffe4d6631f94505 - - default default] 10.0.0.37 "GET /v2.0/security-groups?not-tags=red HTTP/1.1" status: 200 len: 6049 time: 0.0905809
2026-04-27 13:29:34.377 9 INFO neutron.db.l3_db [req-64a2233d-967f-4a61-beff-a7d6d33a4b89 req-7e06cbd9-8860-42c3-a214-be5e4bc3a327 003186d90b874e6684d04e1c0fbe22f6 19ec379afb85430c8d5eaa667e013aa0 - - default default] Floating IP 7691a489-f09c-4fc7-8ace-f2b91800c8a6 disassociated. External IP: 10.96.250.203, port: 6f332c66-072f-4701-8f1f-a659cef518f0.
2026-04-27 13:29:34.480 9 INFO neutron.wsgi [None req-b0d0d572-f8fb-47b6-a592-096aaf2fb4fb 3679414059634f38a0d43fe2b09de356 1fc87efa1600456daffe4d6631f94505 - - default default] 10.0.0.37 "GET /v2.0/security-groups?not-tags=red%2Cblue HTTP/1.1" status: 200 len: 7575 time: 0.1143658
2026-04-27 13:29:34.542 10 INFO neutron.wsgi [None req-28058208-a898-46d7-bed7-67e5ad7cf13e 3679414059634f38a0d43fe2b09de356 1fc87efa1600456daffe4d6631f94505 - - default default] 10.0.0.37 "GET /v2.0/security-groups?not-tags-any=blue HTTP/1.1" status: 200 len: 7575 time: 0.0568311
2026-04-27 13:29:34.593 10 INFO neutron.wsgi [None req-3758ba4f-5362-4995-a6b8-13e8066db42c 3679414059634f38a0d43fe2b09de356 1fc87efa1600456daffe4d6631f94505 - - default default] 10.0.0.37 "GET /v2.0/security-groups?not-tags-any=red%2Cblue HTTP/1.1" status: 200 len: 6049 time: 0.0445895
2026-04-27 13:29:34.620 9 INFO neutron.wsgi [req-64a2233d-967f-4a61-beff-a7d6d33a4b89 req-7e06cbd9-8860-42c3-a214-be5e4bc3a327 003186d90b874e6684d04e1c0fbe22f6 19ec379afb85430c8d5eaa667e013aa0 - - default default] 199.19.213.212 "DELETE /v2.0/ports/6f332c66-072f-4701-8f1f-a659cef518f0 HTTP/1.1" status: 204 len: 173 time: 0.6879616
2026-04-27 13:29:34.723 10 INFO neutron.wsgi [None req-c840641c-7fa2-4ba7-9b86-1b3305d8f81f 3679414059634f38a0d43fe2b09de356 1fc87efa1600456daffe4d6631f94505 - - default default] 10.0.0.37 "DELETE /v2.0/security-groups/c5299368-2a5f-49d0-9d68-2203ad6580bc HTTP/1.1" status: 204 len: 168 time: 0.1241069 /var/lib/openstack/lib/python3.10/site-packages/pycadf/identifier.py:71: UserWarning: Invalid uuid: neutron. To ensure interoperability, identifiers should be a valid uuid. warnings.warn(('Invalid uuid: %s. To ensure interoperability, '
2026-04-27 13:29:34.820 9 INFO neutron.wsgi [req-649f685f-8e60-4fbc-82db-f426991e246f req-ad115e58-8457-4fc3-a51e-f09b2334d0a7 16f0fa93e40e4411ab2730c3e4538e4c a41ee1dde33a414c9f55ace20d36663e - - default default] 10.0.0.127 "GET /v2.0/security-groups?id=6e6fde75-6edd-44c9-b1e4-b2f3dc611aed&fields=id HTTP/1.1" status: 200 len: 267 time: 0.0421798
2026-04-27 13:29:34.832 10 INFO neutron.wsgi [req-000515d3-6ccf-4734-ac20-2e679acdbbbd req-9f5e7aa6-8a69-4326-8e8f-677dd4f38b49 003186d90b874e6684d04e1c0fbe22f6 19ec379afb85430c8d5eaa667e013aa0 - - default default] 10.0.0.127 "GET /v2.0/ports?device_id=8b870373-1700-4a82-a9d5-36d4ada92fc4 HTTP/1.1" status: 200 len: 210 time: 0.0296605
2026-04-27 13:29:34.884 9 INFO neutron.wsgi [None req-e760e233-54b7-4cf2-b87d-567b67161477 3679414059634f38a0d43fe2b09de356 1fc87efa1600456daffe4d6631f94505 - - default default] 10.0.0.37 "DELETE /v2.0/security-groups/f70cfb95-d670-45ba-b5e5-11d1f7ca8913 HTTP/1.1" status: 204 len: 168 time: 0.1554062
2026-04-27 13:29:34.904 9 INFO neutron.wsgi [req-649f685f-8e60-4fbc-82db-f426991e246f req-85c49bc4-7124-45b7-8822-694db6ba1747 16f0fa93e40e4411ab2730c3e4538e4c a41ee1dde33a414c9f55ace20d36663e - - default default] 10.0.0.127 "GET /v2.0/networks?id=90adcb21-464d-4680-b6c7-9b9b57fd81ea HTTP/1.1" status: 200 len: 937 time: 0.0725958
2026-04-27 13:29:34.927 9 INFO neutron.wsgi [req-649f685f-8e60-4fbc-82db-f426991e246f req-edbd3464-bcba-49a2-a305-ee095e7e213e 16f0fa93e40e4411ab2730c3e4538e4c a41ee1dde33a414c9f55ace20d36663e - - default default] 10.0.0.127 "GET /v2.0/quotas/a41ee1dde33a414c9f55ace20d36663e HTTP/1.1" status: 200 len: 385 time: 0.0141726
2026-04-27 13:29:34.987 9 INFO neutron.wsgi [req-649f685f-8e60-4fbc-82db-f426991e246f req-f94b7636-45da-4ae7-abe2-867f8c78c016 16f0fa93e40e4411ab2730c3e4538e4c a41ee1dde33a414c9f55ace20d36663e - - default default] 10.0.0.127 "GET /v2.0/ports?tenant_id=a41ee1dde33a414c9f55ace20d36663e&fields=id HTTP/1.1" status: 200 len: 348 time: 0.0544655
2026-04-27 13:29:35.012 10 INFO neutron.wsgi [None req-45f892ce-b27e-476f-a2fe-650959b3593e 3679414059634f38a0d43fe2b09de356 1fc87efa1600456daffe4d6631f94505 - - default default] 10.0.0.37 "DELETE /v2.0/security-groups/ce915573-a059-4c3c-b9d0-531ebcc010ed HTTP/1.1" status: 204 len: 168 time: 0.1215324
2026-04-27 13:29:35.080 9 INFO neutron.wsgi [req-649f685f-8e60-4fbc-82db-f426991e246f req-97ced99c-371b-44a7-aa75-cdba1c35a720 d11069f16d2e4336a38dd1c1dbd54436 e2c3e7fbca5b40f087985d81bb1e1c00 - - e3c445c6146e435ea7fb2bee9e8816e3 e3c445c6146e435ea7fb2bee9e8816e3] 10.0.0.127 "GET /v2.0/networks/90adcb21-464d-4680-b6c7-9b9b57fd81ea?fields=segments HTTP/1.1" status: 200 len: 212 time: 0.0755496
2026-04-27 13:29:35.149 9 INFO neutron.wsgi [req-649f685f-8e60-4fbc-82db-f426991e246f req-18d1e28c-8262-45ac-a202-3479c3e318af d11069f16d2e4336a38dd1c1dbd54436 e2c3e7fbca5b40f087985d81bb1e1c00 - - e3c445c6146e435ea7fb2bee9e8816e3 e3c445c6146e435ea7fb2bee9e8816e3] 10.0.0.127 "GET /v2.0/networks/90adcb21-464d-4680-b6c7-9b9b57fd81ea?fields=provider%3Aphysical_network&fields=provider%3Anetwork_type HTTP/1.1" status: 200 len: 277 time: 0.0613897
2026-04-27 13:29:35.162 9 INFO neutron.wsgi [None req-a362350f-f914-45e5-88fb-6cf6c6d5db27 3679414059634f38a0d43fe2b09de356 1fc87efa1600456daffe4d6631f94505 - - default default] 10.0.0.37 "DELETE /v2.0/security-groups/ed38b06e-9e4c-4694-b7b0-aa4029c4cd9b HTTP/1.1" status: 204 len: 168 time: 0.1449354
2026-04-27 13:29:35.304 9 INFO neutron.wsgi [None req-fc20b089-7e73-4cdb-94bd-bd761045ad70 3679414059634f38a0d43fe2b09de356 1fc87efa1600456daffe4d6631f94505 - - default default] 10.0.0.37 "DELETE /v2.0/security-groups/e8a9481e-aee2-4842-bae9-af6fad7a3c25 HTTP/1.1" status: 204 len: 168 time: 0.1357183
2026-04-27 13:29:35.659 10 INFO neutron.wsgi [req-3671c39d-37ff-4b1b-a8dc-da3fab394a83 req-c0263d8d-7e75-4399-a6b7-ea2f614b94ec 16f0fa93e40e4411ab2730c3e4538e4c a41ee1dde33a414c9f55ace20d36663e - - default default] 10.0.0.127 "GET /v2.0/ports?device_id=d5bf2fcb-349c-4be1-98c8-9fe3a7785866 HTTP/1.1" status: 200 len: 210 time: 0.0228181
2026-04-27 13:29:35.732 9 INFO neutron.wsgi [req-b065ebec-04b4-4551-92cf-0840b0801217 req-fd928542-dc42-43c1-9c2c-2ca001c3d3e6 16f0fa93e40e4411ab2730c3e4538e4c a41ee1dde33a414c9f55ace20d36663e - - default default] 10.0.0.127 "GET /v2.0/ports?device_id=d5bf2fcb-349c-4be1-98c8-9fe3a7785866 HTTP/1.1" status: 200 len: 210 time: 0.0257361
2026-04-27 13:29:35.834 9 INFO neutron.notifiers.nova [-] Nova event matching ['req-7e2d86fc-ff7b-4146-8eb7-41e1754de0bd'] response: {'server_uuid': '8b870373-1700-4a82-a9d5-36d4ada92fc4', 'name': 'network-vif-plugged', 'status': 'completed', 'tag': '6f332c66-072f-4701-8f1f-a659cef518f0', 'code': 200}
2026-04-27 13:29:35.834 9 INFO neutron.notifiers.nova [-] Nova event matching ['req-7e2d86fc-ff7b-4146-8eb7-41e1754de0bd'] response: {'server_uuid': '8b870373-1700-4a82-a9d5-36d4ada92fc4', 'name': 'network-vif-deleted', 'tag': '6f332c66-072f-4701-8f1f-a659cef518f0', 'status': 'completed', 'code': 200}
2026-04-27 13:29:36.200 9 INFO neutron.wsgi [None req-56fc15ba-00ee-4e8b-83f1-60401825b707 003186d90b874e6684d04e1c0fbe22f6 19ec379afb85430c8d5eaa667e013aa0 - - default default] 10.0.0.37 "DELETE /v2.0/security-groups/54e7cf72-556c-4eeb-bca8-f3eca5e9b031 HTTP/1.1" status: 204 len: 168 time: 0.2161541
2026-04-27 13:29:36.225 9 INFO neutron.api.v2.resource [None req-ebd5ee5b-6729-4819-955d-3f48342ef359 003186d90b874e6684d04e1c0fbe22f6 19ec379afb85430c8d5eaa667e013aa0 - - default default] show failed (client error): The resource could not be found.
2026-04-27 13:29:36.226 9 INFO neutron.wsgi [None req-ebd5ee5b-6729-4819-955d-3f48342ef359 003186d90b874e6684d04e1c0fbe22f6 19ec379afb85430c8d5eaa667e013aa0 - - default default] 10.0.0.37 "GET /v2.0/security-groups/54e7cf72-556c-4eeb-bca8-f3eca5e9b031 HTTP/1.1" status: 404 len: 347 time: 0.0206153
2026-04-27 13:29:36.294 9 INFO neutron.wsgi [req-649f685f-8e60-4fbc-82db-f426991e246f req-625e3d0a-9fc7-4352-96fc-50275d27ceb4 16f0fa93e40e4411ab2730c3e4538e4c a41ee1dde33a414c9f55ace20d36663e - - default default] 199.19.213.212 "GET /v2.0/networks?id=90adcb21-464d-4680-b6c7-9b9b57fd81ea HTTP/1.1" status: 200 len: 937 time: 0.0761845
2026-04-27 13:29:36.357 9 INFO neutron.wsgi [req-649f685f-8e60-4fbc-82db-f426991e246f req-aa163c0c-f83e-4b91-b14d-6be0f11c31f3 16f0fa93e40e4411ab2730c3e4538e4c a41ee1dde33a414c9f55ace20d36663e - - default default] 199.19.213.212 "GET /v2.0/security-groups?fields=id&fields=name&tenant_id=a41ee1dde33a414c9f55ace20d36663e HTTP/1.1" status: 200 len: 542 time: 0.0556581
2026-04-27 13:29:36.363 10 INFO neutron.wsgi [None req-cace381c-3ba9-446a-beca-f068219a3201 16f0fa93e40e4411ab2730c3e4538e4c a41ee1dde33a414c9f55ace20d36663e - - default default] 10.0.0.37 "GET /v2.0/security-groups?tenant_id=1fc87efa1600456daffe4d6631f94505&name=default HTTP/1.1" status: 200 len: 3000 time: 0.2368011
2026-04-27 13:29:36.667 10 INFO neutron.wsgi [None req-df532eb8-d8ed-46c9-9210-aef6047b5bc5 003186d90b874e6684d04e1c0fbe22f6 19ec379afb85430c8d5eaa667e013aa0 - - default default] 10.0.0.37 "DELETE /v2.0/floatingips/7691a489-f09c-4fc7-8ace-f2b91800c8a6 HTTP/1.1" status: 204 len: 168 time: 0.4339764
2026-04-27 13:29:36.722 9 WARNING neutron.scheduler.dhcp_agent_scheduler [req-649f685f-8e60-4fbc-82db-f426991e246f req-fc5f463c-9dcc-4daa-a117-34d7fd7b147b 16f0fa93e40e4411ab2730c3e4538e4c a41ee1dde33a414c9f55ace20d36663e - - default default] No more DHCP agents
2026-04-27 13:29:36.727 9 WARNING neutron.api.rpc.agentnotifiers.dhcp_rpc_agent_api [req-649f685f-8e60-4fbc-82db-f426991e246f req-fc5f463c-9dcc-4daa-a117-34d7fd7b147b 16f0fa93e40e4411ab2730c3e4538e4c a41ee1dde33a414c9f55ace20d36663e - - default default] Unable to schedule network 90adcb21-464d-4680-b6c7-9b9b57fd81ea: no agents available; will retry on subsequent port and subnet creation events.
2026-04-27 13:29:36.775 9 INFO neutron.wsgi [None req-2f23a03a-daed-4893-bdec-d457e7bd02ef 16f0fa93e40e4411ab2730c3e4538e4c a41ee1dde33a414c9f55ace20d36663e - - default default] 10.0.0.37 "DELETE /v2.0/security-groups/d4e7e6ec-597d-4225-b40b-1fd8c0105f5c HTTP/1.1" status: 204 len: 168 time: 0.4077408
2026-04-27 13:29:36.878 10 INFO neutron.wsgi [None req-daad0029-39b6-413a-b135-6f6e98d7645d 003186d90b874e6684d04e1c0fbe22f6 19ec379afb85430c8d5eaa667e013aa0 - - default default] 10.0.0.37 "DELETE /v2.0/security-groups/ad79e82d-adbe-4915-9638-d2f1827a4ab1 HTTP/1.1" status: 204 len: 168 time: 0.2058654 /var/lib/openstack/lib/python3.10/site-packages/pycadf/identifier.py:71: UserWarning: Invalid uuid: neutron. To ensure interoperability, identifiers should be a valid uuid. warnings.warn(('Invalid uuid: %s. To ensure interoperability, '
2026-04-27 13:29:36.947 9 INFO neutron.db.ovn_revision_numbers_db [req-649f685f-8e60-4fbc-82db-f426991e246f req-fc5f463c-9dcc-4daa-a117-34d7fd7b147b 16f0fa93e40e4411ab2730c3e4538e4c a41ee1dde33a414c9f55ace20d36663e - - default default] Successfully bumped revision number for resource 71097acf-b91f-47fb-ab6c-da0c2f4df0b0 (type: ports) to 1
2026-04-27 13:29:37.013 9 INFO neutron.wsgi [req-649f685f-8e60-4fbc-82db-f426991e246f req-fc5f463c-9dcc-4daa-a117-34d7fd7b147b 16f0fa93e40e4411ab2730c3e4538e4c a41ee1dde33a414c9f55ace20d36663e - - default default] 199.19.213.212 "POST /v2.0/ports HTTP/1.1" status: 201 len: 1283 time: 0.6528945
2026-04-27 13:29:37.098 10 INFO neutron.db.ovn_revision_numbers_db [None req-9114b6a1-b59d-4d70-ac64-35faf38d4e82 16f0fa93e40e4411ab2730c3e4538e4c a41ee1dde33a414c9f55ace20d36663e - - default default] Successfully bumped revision number for resource b4dc5130-19b2-448e-876d-37bbc0d1d63e (type: security_groups) to 1
2026-04-27 13:29:37.114 10 INFO neutron.db.ovn_revision_numbers_db [None req-9114b6a1-b59d-4d70-ac64-35faf38d4e82 16f0fa93e40e4411ab2730c3e4538e4c a41ee1dde33a414c9f55ace20d36663e - - default default] Successfully bumped revision number for resource 06221590-6621-4cfc-83d1-a1eb3b11967f (type: security_group_rules) to 0
2026-04-27 13:29:37.143 10 INFO neutron.db.ovn_revision_numbers_db [None req-9114b6a1-b59d-4d70-ac64-35faf38d4e82 16f0fa93e40e4411ab2730c3e4538e4c a41ee1dde33a414c9f55ace20d36663e - - default default] Successfully bumped revision number for resource 5a52b55d-ffad-47de-b098-c75b8cefb6a8 (type: security_group_rules) to 0
2026-04-27 13:29:37.164 10 INFO neutron.db.ovn_revision_numbers_db [None req-9114b6a1-b59d-4d70-ac64-35faf38d4e82 16f0fa93e40e4411ab2730c3e4538e4c a41ee1dde33a414c9f55ace20d36663e - - default default] Successfully bumped revision number for resource c1ea96f4-bc3f-489f-b957-4eeae7777ca5 (type: security_group_rules) to 0
2026-04-27 13:29:37.180 10 INFO neutron.db.ovn_revision_numbers_db [None req-9114b6a1-b59d-4d70-ac64-35faf38d4e82 16f0fa93e40e4411ab2730c3e4538e4c a41ee1dde33a414c9f55ace20d36663e - - default default] Successfully bumped revision number for resource ffdbacd6-7cb1-4750-ba44-e2cdbce6f22f (type: security_group_rules) to 0
2026-04-27 13:29:37.206 10 INFO neutron.wsgi [None req-9114b6a1-b59d-4d70-ac64-35faf38d4e82 16f0fa93e40e4411ab2730c3e4538e4c a41ee1dde33a414c9f55ace20d36663e - - default default] 10.0.0.37 "GET /v2.0/security-groups?tenant_id=642503ff5f894e0c9a7abd9d0a825b91&name=default HTTP/1.1" status: 200 len: 3000 time: 0.2476845
2026-04-27 13:29:37.418 10 INFO neutron.wsgi [None req-0de5348a-2dfa-4bf3-9d6b-1f51702a2734 16f0fa93e40e4411ab2730c3e4538e4c a41ee1dde33a414c9f55ace20d36663e - - default default] 10.0.0.37 "DELETE /v2.0/security-groups/b4dc5130-19b2-448e-876d-37bbc0d1d63e HTTP/1.1" status: 204 len: 168 time: 0.2065234
2026-04-27 13:29:37.653 9 INFO neutron.wsgi [None req-2bdf79dd-99bd-4372-9f18-90ee8f03d126 16f0fa93e40e4411ab2730c3e4538e4c a41ee1dde33a414c9f55ace20d36663e - - default default] 10.0.0.128 "GET /v2.0/routers HTTP/1.1" status: 200 len: 2191 time: 0.4242167
2026-04-27 13:29:37.658 10 INFO neutron.db.ovn_revision_numbers_db [None req-31d10f54-d92e-49da-8891-aba2428acd8b 16f0fa93e40e4411ab2730c3e4538e4c a41ee1dde33a414c9f55ace20d36663e - - default default] Successfully bumped revision number for resource 188afd0b-592b-4b06-bfe6-613777491472 (type: security_groups) to 1
2026-04-27 13:29:37.678 9 INFO neutron.wsgi [None req-e8c6551d-cf81-4e88-a6d2-592f4885478a 16f0fa93e40e4411ab2730c3e4538e4c a41ee1dde33a414c9f55ace20d36663e - - default default] 10.0.0.128 "GET /v2.0/agents?binary=ovn-controller HTTP/1.1" status: 200 len: 591 time: 0.0216544
2026-04-27 13:29:37.684 10 INFO neutron.db.ovn_revision_numbers_db [None req-31d10f54-d92e-49da-8891-aba2428acd8b 16f0fa93e40e4411ab2730c3e4538e4c a41ee1dde33a414c9f55ace20d36663e - - default default] Successfully bumped revision number for resource 55956e26-5cb0-4401-82ef-068ee3bc3ac3 (type: security_group_rules) to 0
2026-04-27 13:29:37.700 10 INFO neutron.db.ovn_revision_numbers_db [None req-31d10f54-d92e-49da-8891-aba2428acd8b 16f0fa93e40e4411ab2730c3e4538e4c a41ee1dde33a414c9f55ace20d36663e - - default default] Successfully bumped revision number for resource 6389ac73-54f6-4218-9c94-b9154eeb2e9d (type: security_group_rules) to 0
2026-04-27 13:29:37.700 9 INFO neutron.wsgi [None req-141c9b7e-4366-4aca-9448-01a01ce9e8dd 16f0fa93e40e4411ab2730c3e4538e4c a41ee1dde33a414c9f55ace20d36663e - - default default] 10.0.0.128 "GET /v2.0/agents HTTP/1.1" status: 200 len: 997 time: 0.0185807
2026-04-27 13:29:37.720 10 INFO neutron.db.ovn_revision_numbers_db [None req-31d10f54-d92e-49da-8891-aba2428acd8b 16f0fa93e40e4411ab2730c3e4538e4c a41ee1dde33a414c9f55ace20d36663e - - default default] Successfully bumped revision number for resource 945d97b3-3994-41cd-b668-5a59d963028e (type: security_group_rules) to 0
2026-04-27 13:29:37.738 10 INFO neutron.db.ovn_revision_numbers_db [None req-31d10f54-d92e-49da-8891-aba2428acd8b 16f0fa93e40e4411ab2730c3e4538e4c a41ee1dde33a414c9f55ace20d36663e - - default default] Successfully bumped revision number for resource a67edbc7-6c6e-44fc-a338-fb8c13336aa9 (type: security_group_rules) to 0
2026-04-27 13:29:37.766 10 INFO neutron.wsgi [None req-31d10f54-d92e-49da-8891-aba2428acd8b 16f0fa93e40e4411ab2730c3e4538e4c a41ee1dde33a414c9f55ace20d36663e - - default default] 10.0.0.37 "GET /v2.0/security-groups?tenant_id=c288b35361664baab3ce787bb51fb823&name=default HTTP/1.1" status: 200 len: 3000 time: 0.2327964
2026-04-27 13:29:37.781 9 INFO neutron.wsgi [None req-19ad930e-6587-41a4-aa02-823a1ea170a7 16f0fa93e40e4411ab2730c3e4538e4c a41ee1dde33a414c9f55ace20d36663e - - default default] 10.0.0.128 "GET /v2.0/subnets HTTP/1.1" status: 200 len: 6804 time: 0.0765924
2026-04-27 13:29:37.907 9 INFO neutron.wsgi [None req-b5ba9c6f-dcbb-4ab5-8af0-82b725151471 16f0fa93e40e4411ab2730c3e4538e4c a41ee1dde33a414c9f55ace20d36663e - - default default] 10.0.0.128 "GET /v2.0/ports HTTP/1.1" status: 200 len: 26227 time: 0.1214709
2026-04-27 13:29:37.970 9 INFO neutron.wsgi [None req-66a03479-93e5-4150-8a2a-912b286dcc89 16f0fa93e40e4411ab2730c3e4538e4c a41ee1dde33a414c9f55ace20d36663e - - default default] 10.0.0.128 "GET /v2.0/network-ip-availabilities HTTP/1.1" status: 200 len: 4306 time: 0.0402095 /var/lib/openstack/lib/python3.10/site-packages/pycadf/identifier.py:71: UserWarning: Invalid uuid: neutron. To ensure interoperability, identifiers should be a valid uuid. warnings.warn(('Invalid uuid: %s. To ensure interoperability, '
2026-04-27 13:29:38.008 10 INFO neutron.wsgi [None req-c7aca8ef-7d00-4fa1-a0fb-4864f0f3b751 16f0fa93e40e4411ab2730c3e4538e4c a41ee1dde33a414c9f55ace20d36663e - - default default] 10.0.0.37 "DELETE /v2.0/security-groups/188afd0b-592b-4b06-bfe6-613777491472 HTTP/1.1" status: 204 len: 168 time: 0.2380207
2026-04-27 13:29:38.160 9 INFO neutron.wsgi [None req-dda9a118-3cd8-48f7-bf26-ca217d30ecf4 16f0fa93e40e4411ab2730c3e4538e4c a41ee1dde33a414c9f55ace20d36663e - - default default] 10.0.0.128 "GET /v2.0/networks HTTP/1.1" status: 200 len: 6236 time: 0.1864793
2026-04-27 13:29:38.302 9 INFO neutron.wsgi [None req-639d23b1-0626-4dd4-9e3b-403679bf4bd1 16f0fa93e40e4411ab2730c3e4538e4c a41ee1dde33a414c9f55ace20d36663e - - default default] 10.0.0.128 "GET /v2.0/security-groups HTTP/1.1" status: 200 len: 34631 time: 0.1357160
2026-04-27 13:29:38.344 9 INFO neutron.db.ovn_revision_numbers_db [req-649f685f-8e60-4fbc-82db-f426991e246f req-2b3c2382-dd9b-4ed3-a17b-b0f19abc0c77 d11069f16d2e4336a38dd1c1dbd54436 e2c3e7fbca5b40f087985d81bb1e1c00 - - e3c445c6146e435ea7fb2bee9e8816e3 e3c445c6146e435ea7fb2bee9e8816e3] Successfully bumped revision number for resource 71097acf-b91f-47fb-ab6c-da0c2f4df0b0 (type: ports) to 2
2026-04-27 13:29:38.368 9 INFO neutron.wsgi [None req-568a2a14-c570-4ec7-ae23-c786ea7de086 16f0fa93e40e4411ab2730c3e4538e4c a41ee1dde33a414c9f55ace20d36663e - - default default] 10.0.0.128 "GET /v2.0/subnets HTTP/1.1" status: 200 len: 6804 time: 0.0577807
2026-04-27 13:29:38.394 9 INFO neutron.wsgi [None req-a3c752c2-fae1-4412-a761-f7e7791b0af4 16f0fa93e40e4411ab2730c3e4538e4c a41ee1dde33a414c9f55ace20d36663e - - default default] 10.0.0.128 "GET /v2.0/subnetpools HTTP/1.1" status: 200 len: 193 time: 0.0215023
2026-04-27 13:29:38.497 9 INFO neutron.wsgi [None req-a76bab50-077e-403c-8bfc-4cba47c5ed99 16f0fa93e40e4411ab2730c3e4538e4c a41ee1dde33a414c9f55ace20d36663e - - default default] 10.0.0.128 "GET /v2.0/floatingips HTTP/1.1" status: 200 len: 1878 time: 0.1013649
2026-04-27 13:29:38.666 9 INFO neutron.wsgi [req-a22e546a-7d13-428a-a47c-d43b90af7f20 req-def3c624-2a1d-488d-a711-1067651ad251 16f0fa93e40e4411ab2730c3e4538e4c a41ee1dde33a414c9f55ace20d36663e - - default default] 10.0.0.127 "GET /v2.0/ports?device_id=d5bf2fcb-349c-4be1-98c8-9fe3a7785866 HTTP/1.1" status: 200 len: 1411 time: 0.0841258 /var/lib/openstack/lib/python3.10/site-packages/pycadf/identifier.py:71: UserWarning: Invalid uuid: neutron. To ensure interoperability, identifiers should be a valid uuid. warnings.warn(('Invalid uuid: %s. To ensure interoperability, '
2026-04-27 13:29:39.008 9 INFO neutron.wsgi [req-a22e546a-7d13-428a-a47c-d43b90af7f20 req-f0e6a7ec-c1d0-4c30-aa6f-fe6ede646174 16f0fa93e40e4411ab2730c3e4538e4c a41ee1dde33a414c9f55ace20d36663e - - default default] 10.0.0.127 "GET /v2.0/security-groups?id=6e6fde75-6edd-44c9-b1e4-b2f3dc611aed&fields=id&fields=name HTTP/1.1" status: 200 len: 294 time: 0.3279834
2026-04-27 13:29:39.053 9 INFO neutron.db.ovn_revision_numbers_db [req-649f685f-8e60-4fbc-82db-f426991e246f req-2b3c2382-dd9b-4ed3-a17b-b0f19abc0c77 d11069f16d2e4336a38dd1c1dbd54436 e2c3e7fbca5b40f087985d81bb1e1c00 - - e3c445c6146e435ea7fb2bee9e8816e3 e3c445c6146e435ea7fb2bee9e8816e3] Successfully bumped revision number for resource 71097acf-b91f-47fb-ab6c-da0c2f4df0b0 (type: ports) to 2
2026-04-27 13:29:39.077 9 INFO neutron.wsgi [req-649f685f-8e60-4fbc-82db-f426991e246f req-2b3c2382-dd9b-4ed3-a17b-b0f19abc0c77 d11069f16d2e4336a38dd1c1dbd54436 e2c3e7fbca5b40f087985d81bb1e1c00 - - e3c445c6146e435ea7fb2bee9e8816e3 e3c445c6146e435ea7fb2bee9e8816e3] 199.19.213.212 "PUT /v2.0/ports/71097acf-b91f-47fb-ab6c-da0c2f4df0b0 HTTP/1.1" status: 200 len: 1380 time: 2.0561585
2026-04-27 13:29:39.121 9 INFO neutron.notifiers.nova [-] Nova event matching ['req-4386d389-69b1-41fd-af0d-509c98daaacb'] response: {'name': 'network-changed', 'server_uuid': 'd5bf2fcb-349c-4be1-98c8-9fe3a7785866', 'tag': '71097acf-b91f-47fb-ab6c-da0c2f4df0b0', 'status': 'completed', 'code': 200}
2026-04-27 13:29:39.125 10 INFO neutron.wsgi [req-b86a1499-b6f6-4aa1-85a8-6e109c8a750f req-ade2680a-ba15-46fa-bb05-6424ce2eee36 16f0fa93e40e4411ab2730c3e4538e4c a41ee1dde33a414c9f55ace20d36663e - - default default] 10.0.0.127 "GET /v2.0/ports?device_id=d5bf2fcb-349c-4be1-98c8-9fe3a7785866 HTTP/1.1" status: 200 len: 1411 time: 0.0486925
2026-04-27 13:29:39.195 9 INFO neutron.wsgi [req-649f685f-8e60-4fbc-82db-f426991e246f req-f841c264-c204-4df2-8f1a-11d5169fae59 d11069f16d2e4336a38dd1c1dbd54436 e2c3e7fbca5b40f087985d81bb1e1c00 - - e3c445c6146e435ea7fb2bee9e8816e3 e3c445c6146e435ea7fb2bee9e8816e3] 199.19.213.212 "GET /v2.0/ports?tenant_id=a41ee1dde33a414c9f55ace20d36663e&device_id=d5bf2fcb-349c-4be1-98c8-9fe3a7785866 HTTP/1.1" status: 200 len: 1411 time: 0.0639532
2026-04-27 13:29:39.230 9 INFO neutron.wsgi [req-649f685f-8e60-4fbc-82db-f426991e246f req-b8955025-c0c1-4fd6-af74-467af3b99dd2 d11069f16d2e4336a38dd1c1dbd54436 e2c3e7fbca5b40f087985d81bb1e1c00 - - e3c445c6146e435ea7fb2bee9e8816e3 e3c445c6146e435ea7fb2bee9e8816e3] 199.19.213.212 "GET /v2.0/floatingips?fixed_ip_address=172.24.0.18&port_id=71097acf-b91f-47fb-ab6c-da0c2f4df0b0 HTTP/1.1" status: 200 len: 217 time: 0.0249276
2026-04-27 13:29:39.289 9 INFO neutron.wsgi [req-649f685f-8e60-4fbc-82db-f426991e246f req-d49763e2-8798-4514-8928-ec7a47be84ea d11069f16d2e4336a38dd1c1dbd54436 e2c3e7fbca5b40f087985d81bb1e1c00 - - e3c445c6146e435ea7fb2bee9e8816e3 e3c445c6146e435ea7fb2bee9e8816e3] 199.19.213.212 "GET /v2.0/subnets?id=e16d43f5-75f1-42e3-93e4-b56bbc0d8dfb HTTP/1.1" status: 200 len: 829 time: 0.0467551
2026-04-27 13:29:39.323 9 INFO neutron.wsgi [req-649f685f-8e60-4fbc-82db-f426991e246f req-39622d5d-aa95-4774-a31b-70d240b1a0e0 d11069f16d2e4336a38dd1c1dbd54436 e2c3e7fbca5b40f087985d81bb1e1c00 - - e3c445c6146e435ea7fb2bee9e8816e3 e3c445c6146e435ea7fb2bee9e8816e3] 199.19.213.212 "GET /v2.0/ports?network_id=90adcb21-464d-4680-b6c7-9b9b57fd81ea&device_owner=network%3Adhcp HTTP/1.1" status: 200 len: 210 time: 0.0236735
2026-04-27 13:29:39.406 9 INFO neutron.wsgi [req-649f685f-8e60-4fbc-82db-f426991e246f req-df7a904f-d19b-459b-b73d-bbfd0d9e359d d11069f16d2e4336a38dd1c1dbd54436 e2c3e7fbca5b40f087985d81bb1e1c00 - - e3c445c6146e435ea7fb2bee9e8816e3 e3c445c6146e435ea7fb2bee9e8816e3] 199.19.213.212 "GET /v2.0/networks/90adcb21-464d-4680-b6c7-9b9b57fd81ea?fields=segments HTTP/1.1" status: 200 len: 212 time: 0.0626867
2026-04-27 13:29:39.495 9 INFO neutron.wsgi [req-649f685f-8e60-4fbc-82db-f426991e246f req-967f7194-ae0c-4b9e-b166-2ccca9299459 d11069f16d2e4336a38dd1c1dbd54436 e2c3e7fbca5b40f087985d81bb1e1c00 - - e3c445c6146e435ea7fb2bee9e8816e3 e3c445c6146e435ea7fb2bee9e8816e3] 199.19.213.212 "GET /v2.0/networks/90adcb21-464d-4680-b6c7-9b9b57fd81ea?fields=provider%3Aphysical_network&fields=provider%3Anetwork_type HTTP/1.1" status: 200 len: 277 time: 0.0667958
2026-04-27 13:29:39.700 9 INFO neutron.wsgi [req-744034fe-949a-4142-8761-6083422a936c req-953815a7-1dd5-4a09-866a-b58c02ab19f0 d11069f16d2e4336a38dd1c1dbd54436 e2c3e7fbca5b40f087985d81bb1e1c00 - - e3c445c6146e435ea7fb2bee9e8816e3 e3c445c6146e435ea7fb2bee9e8816e3] 199.19.213.212 "GET /v2.0/ports?tenant_id=a41ee1dde33a414c9f55ace20d36663e&device_id=d5bf2fcb-349c-4be1-98c8-9fe3a7785866 HTTP/1.1" status: 200 len: 1411 time: 0.0654001
2026-04-27 13:29:39.708 9 INFO neutron.wsgi [None req-f66c3b1c-5642-4411-975a-6d1ca58709ec 16f0fa93e40e4411ab2730c3e4538e4c a41ee1dde33a414c9f55ace20d36663e - - default default] 10.0.0.37 "PUT /v2.0/routers/2a5be486-12d0-4b9f-8e5d-ee44ca25b97f/remove_router_interface HTTP/1.1" status: 200 len: 503 time: 2.7703855 /var/lib/openstack/lib/python3.10/site-packages/pycadf/identifier.py:71: UserWarning: Invalid uuid: neutron. To ensure interoperability, identifiers should be a valid uuid. warnings.warn(('Invalid uuid: %s. To ensure interoperability, '
2026-04-27 13:29:39.776 9 INFO neutron.wsgi [req-744034fe-949a-4142-8761-6083422a936c req-dfa855c0-82f1-4af1-b12c-9b6f642d5551 d11069f16d2e4336a38dd1c1dbd54436 e2c3e7fbca5b40f087985d81bb1e1c00 - - e3c445c6146e435ea7fb2bee9e8816e3 e3c445c6146e435ea7fb2bee9e8816e3] 199.19.213.212 "GET /v2.0/networks?id=90adcb21-464d-4680-b6c7-9b9b57fd81ea HTTP/1.1" status: 200 len: 937 time: 0.0701733
2026-04-27 13:29:39.806 9 INFO neutron.wsgi [req-744034fe-949a-4142-8761-6083422a936c req-bacdd224-96c6-4f4d-82dc-1a664bc7c68b d11069f16d2e4336a38dd1c1dbd54436 e2c3e7fbca5b40f087985d81bb1e1c00 - - e3c445c6146e435ea7fb2bee9e8816e3 e3c445c6146e435ea7fb2bee9e8816e3] 199.19.213.212 "GET /v2.0/floatingips?fixed_ip_address=172.24.0.18&port_id=71097acf-b91f-47fb-ab6c-da0c2f4df0b0 HTTP/1.1" status: 200 len: 217 time: 0.0241766
2026-04-27 13:29:39.860 9 INFO neutron.wsgi [req-744034fe-949a-4142-8761-6083422a936c req-e9e470b7-67a6-4286-aaff-c31e4d86fdc2 d11069f16d2e4336a38dd1c1dbd54436 e2c3e7fbca5b40f087985d81bb1e1c00 - - e3c445c6146e435ea7fb2bee9e8816e3 e3c445c6146e435ea7fb2bee9e8816e3] 199.19.213.212 "GET /v2.0/subnets?id=e16d43f5-75f1-42e3-93e4-b56bbc0d8dfb HTTP/1.1" status: 200 len: 829 time: 0.0487275
2026-04-27 13:29:39.880 9 INFO neutron.wsgi [req-6b35b849-c555-4ebf-b175-a66c4eb181a4 req-6becd53b-5648-493e-a455-49c177be2f12 d11069f16d2e4336a38dd1c1dbd54436 e2c3e7fbca5b40f087985d81bb1e1c00 - - e3c445c6146e435ea7fb2bee9e8816e3 e3c445c6146e435ea7fb2bee9e8816e3] 199.19.213.212 "GET /v2.0/ports?device_id=d5bf2fcb-349c-4be1-98c8-9fe3a7785866 HTTP/1.1" status: 200 len: 1411 time: 0.0524516
2026-04-27 13:29:39.892 9 INFO neutron.wsgi [req-744034fe-949a-4142-8761-6083422a936c req-a83ef858-7307-4114-aa2d-fc588e62eab9 d11069f16d2e4336a38dd1c1dbd54436 e2c3e7fbca5b40f087985d81bb1e1c00 - - e3c445c6146e435ea7fb2bee9e8816e3 e3c445c6146e435ea7fb2bee9e8816e3] 199.19.213.212 "GET /v2.0/ports?network_id=90adcb21-464d-4680-b6c7-9b9b57fd81ea&device_owner=network%3Adhcp HTTP/1.1" status: 200 len: 210 time: 0.0277760
2026-04-27 13:29:39.941 9 INFO neutron.wsgi [req-6b35b849-c555-4ebf-b175-a66c4eb181a4 req-32cd35bc-cf6a-4e12-b5a9-d853a55587a8 d11069f16d2e4336a38dd1c1dbd54436 e2c3e7fbca5b40f087985d81bb1e1c00 - - e3c445c6146e435ea7fb2bee9e8816e3 e3c445c6146e435ea7fb2bee9e8816e3] 199.19.213.212 "GET /v2.0/security-groups?id=6e6fde75-6edd-44c9-b1e4-b2f3dc611aed&fields=id&fields=name HTTP/1.1" status: 200 len: 294 time: 0.0519753
2026-04-27 13:29:39.958 9 INFO neutron.wsgi [req-744034fe-949a-4142-8761-6083422a936c req-a75aa50b-d790-46c1-be47-7e77a26b3853 d11069f16d2e4336a38dd1c1dbd54436 e2c3e7fbca5b40f087985d81bb1e1c00 - - e3c445c6146e435ea7fb2bee9e8816e3 e3c445c6146e435ea7fb2bee9e8816e3] 199.19.213.212 "GET /v2.0/networks/90adcb21-464d-4680-b6c7-9b9b57fd81ea?fields=segments HTTP/1.1" status: 200 len: 212 time: 0.0618365
2026-04-27 13:29:40.042 9 INFO neutron.wsgi [req-744034fe-949a-4142-8761-6083422a936c req-ea2f834b-f48b-4d8c-8729-cc0300a8c55e d11069f16d2e4336a38dd1c1dbd54436 e2c3e7fbca5b40f087985d81bb1e1c00 - - e3c445c6146e435ea7fb2bee9e8816e3 e3c445c6146e435ea7fb2bee9e8816e3] 199.19.213.212 "GET /v2.0/networks/90adcb21-464d-4680-b6c7-9b9b57fd81ea?fields=provider%3Aphysical_network&fields=provider%3Anetwork_type HTTP/1.1" status: 200 len: 277 time: 0.0729308
2026-04-27 13:29:40.079 10 INFO neutron.plugins.ml2.drivers.ovn.mech_driver.mech_driver [None req-4f637257-9aab-472a-9b1e-ad903caf13b0 - - - - - -] OVN reports status up for port: 71097acf-b91f-47fb-ab6c-da0c2f4df0b0
2026-04-27 13:29:40.149 10 INFO neutron.plugins.ml2.plugin [None req-4f637257-9aab-472a-9b1e-ad903caf13b0 - - - - - -] Attempt 1 to provision port 71097acf-b91f-47fb-ab6c-da0c2f4df0b0
2026-04-27 13:29:40.290 10 INFO neutron.notifiers.nova [-] Nova event matching ['req-c2416d4d-bae2-4a8e-9080-a08947d01c7f'] response: {'server_uuid': 'd5bf2fcb-349c-4be1-98c8-9fe3a7785866', 'name': 'network-vif-plugged', 'status': 'completed', 'tag': '71097acf-b91f-47fb-ab6c-da0c2f4df0b0', 'code': 200}
2026-04-27 13:29:40.614 10 INFO neutron.db.ovn_revision_numbers_db [None req-4f637257-9aab-472a-9b1e-ad903caf13b0 - - - - - -] Successfully bumped revision number for resource 71097acf-b91f-47fb-ab6c-da0c2f4df0b0 (type: ports) to 4
2026-04-27 13:29:41.004 10 INFO neutron.wsgi [None req-6ca9692c-125e-4bdb-b8fb-ce3da4a0145d 16f0fa93e40e4411ab2730c3e4538e4c a41ee1dde33a414c9f55ace20d36663e - - default default] 10.0.0.37 "DELETE /v2.0/routers/2a5be486-12d0-4b9f-8e5d-ee44ca25b97f HTTP/1.1" status: 204 len: 168 time: 1.2886012 /var/lib/openstack/lib/python3.10/site-packages/pycadf/identifier.py:71: UserWarning: Invalid uuid: neutron. To ensure interoperability, identifiers should be a valid uuid. warnings.warn(('Invalid uuid: %s. To ensure interoperability, '
2026-04-27 13:29:41.494 10 INFO neutron.wsgi [None req-804e3786-d122-4b87-bc14-4efd88582c66 16f0fa93e40e4411ab2730c3e4538e4c a41ee1dde33a414c9f55ace20d36663e - - default default] 10.0.0.37 "DELETE /v2.0/subnets/616de07b-32a6-441e-b1b5-2a9adaa5d5c7 HTTP/1.1" status: 204 len: 168 time: 0.4797931
2026-04-27 13:29:41.943 9 INFO neutron.wsgi [None req-8943d1c1-5ce0-4335-9a10-9a3a81f18ca9 b2eaf8ecbc5d47fb8e7d26c11367ea4d be7cef39d7c94d43a7b9720670ade179 - - default default] 10.0.0.37 "POST /v2.0/qos/policies HTTP/1.1" status: 201 len: 558 time: 0.3252301
2026-04-27 13:29:42.003 10 INFO neutron.wsgi [None req-042547c3-55c4-4bda-a4a3-eed41010daf3 b2eaf8ecbc5d47fb8e7d26c11367ea4d be7cef39d7c94d43a7b9720670ade179 - - default default] 10.0.0.37 "PUT /v2.0/policies/81a7e925-ed7c-46db-9c04-73d2e2905366/tags HTTP/1.1" status: 200 len: 218 time: 0.0523746
2026-04-27 13:29:42.039 10 INFO neutron.wsgi [None req-7568807f-86bc-4e09-b754-b378e9a5ae49 b2eaf8ecbc5d47fb8e7d26c11367ea4d be7cef39d7c94d43a7b9720670ade179 - - default default] 10.0.0.37 "GET /v2.0/policies/81a7e925-ed7c-46db-9c04-73d2e2905366/tags HTTP/1.1" status: 200 len: 218 time: 0.0305495
2026-04-27 13:29:42.047 9 INFO neutron.services.segments.plugin [-] Segment 3c38e23f-4987-418d-bcaa-a7523f7133be resource provider aggregate not found
2026-04-27 13:29:42.054 9 INFO neutron.services.segments.plugin [-] Segment 3c38e23f-4987-418d-bcaa-a7523f7133be resource provider aggregate not found
2026-04-27 13:29:42.069 9 INFO neutron.services.segments.plugin [-] Segment 3c38e23f-4987-418d-bcaa-a7523f7133be resource provider not found; error: Placement Client Error (4xx): {"errors": [{"status": 404, "title": "Not Found", "detail": "The resource could not be found.\n\n No resource provider with uuid 3c38e23f-4987-418d-bcaa-a7523f7133be found for delete ", "request_id": "req-e8149306-4665-4607-be92-b95cc0091e8a"}]}
2026-04-27 13:29:42.074 9 INFO neutron.services.segments.plugin [-] Segment 3c38e23f-4987-418d-bcaa-a7523f7133be resource provider not found; error: Placement Client Error (4xx): {"errors": [{"status": 404, "title": "Not Found", "detail": "The resource could not be found.\n\n No resource provider with uuid 3c38e23f-4987-418d-bcaa-a7523f7133be found for delete ", "request_id": "req-8c65c1ae-f6e5-4a1a-9f9c-eb10311d3d40"}]}
2026-04-27 13:29:42.113 10 INFO neutron.wsgi [None req-44443f1e-a024-42aa-a87f-52f1f816a431 b2eaf8ecbc5d47fb8e7d26c11367ea4d be7cef39d7c94d43a7b9720670ade179 - - default default] 10.0.0.37 "PUT /v2.0/policies/81a7e925-ed7c-46db-9c04-73d2e2905366/tags/green HTTP/1.1" status: 201 len: 201 time: 0.0692317
2026-04-27 13:29:42.134 9 INFO neutron.wsgi [None req-95b382c0-8d49-4aab-b6c3-473bcc902cff 16f0fa93e40e4411ab2730c3e4538e4c a41ee1dde33a414c9f55ace20d36663e - - default default] 10.0.0.37 "DELETE /v2.0/networks/c203f5e9-5dc7-4a21-a921-0c3addfc856f HTTP/1.1" status: 204 len: 168 time: 0.6250873
2026-04-27 13:29:42.200 10 INFO neutron.wsgi [None req-2b4a5066-0349-4510-b54e-6dd69c49bf15 b2eaf8ecbc5d47fb8e7d26c11367ea4d be7cef39d7c94d43a7b9720670ade179 - - default default] 10.0.0.37 "GET /v2.0/policies/81a7e925-ed7c-46db-9c04-73d2e2905366/tags HTTP/1.1" status: 200 len: 227 time: 0.0665147
2026-04-27 13:29:42.226 9 INFO neutron.wsgi [None req-c249a131-dff1-4252-9aa1-7ce11e62efc8 b2eaf8ecbc5d47fb8e7d26c11367ea4d be7cef39d7c94d43a7b9720670ade179 - - default default] 10.0.0.37 "PUT /v2.0/policies/81a7e925-ed7c-46db-9c04-73d2e2905366/tags/red HTTP/1.1" status: 201 len: 201 time: 0.0212030
