2026-04-27 13:27:42.543 10 INFO neutron.wsgi [None req-fc6be62c-19c4-493b-866c-95d44ddcea92 c0b09d18e90b4718942423aca5dcc0c3 b71993b7a590453a8312dfab2da6aae5 - - default default] 10.0.0.37 "DELETE /v2.0/trunks/59e0a6c7-3091-4ba1-b11f-3a51d387db7f HTTP/1.1" status: 204 len: 168 time: 0.1317730
2026-04-27 13:27:42.547 10 INFO neutron.wsgi [None req-b00b39ba-977c-496e-bd06-edf67fc35609 041541afc30a483eb847aff13061b239 770d0526d35647d59e47074f7dbfd41f - - default default] 10.0.0.37 "POST /v2.0/networks HTTP/1.1" status: 201 len: 849 time: 0.9076629
2026-04-27 13:27:42.564 9 WARNING neutron_lib.context [None req-60cec56c-15f1-4452-947d-8df7047cf9ef 041541afc30a483eb847aff13061b239 770d0526d35647d59e47074f7dbfd41f - - default default] Method 'is_advsvc' is deprecated since 2023.2 release (neutron-lib 3.8.0) and will be removed once support for the old RBAC API policies will be removed from Neutron. Please use method 'is_service_role' instead.
2026-04-27 13:27:42.574 10 INFO neutron.wsgi [None req-ae072917-a4ce-4bd2-9972-ab2575f53da5 c0b09d18e90b4718942423aca5dcc0c3 b71993b7a590453a8312dfab2da6aae5 - - default default] 10.0.0.37 "GET /v2.0/trunks/34dc1359-65c1-48a7-a0e0-9281f285da58 HTTP/1.1" status: 200 len: 625 time: 0.0249522
2026-04-27 13:27:42.687 9 INFO neutron.wsgi [req-41819cf2-9f99-44e4-bdce-bca151dcc6a6 req-66eb1dbe-fcde-4b16-9ec2-e07e938cdea6 d11069f16d2e4336a38dd1c1dbd54436 e2c3e7fbca5b40f087985d81bb1e1c00 - - e3c445c6146e435ea7fb2bee9e8816e3 e3c445c6146e435ea7fb2bee9e8816e3] 199.19.213.212 "GET /v2.0/networks/4469ac32-7b5e-435f-a840-b5b562b71bf4?fields=provider%3Aphysical_network&fields=provider%3Anetwork_type HTTP/1.1" status: 200 len: 277 time: 0.2024128
2026-04-27 13:27:42.693 9 INFO neutron.wsgi [None req-4ecfc604-4496-4692-a156-4b699101dff7 745f59b92cc24ccba3c0aa88566cd96b b5662a5eeb114e15862c7b2e1820bd12 - - default default] 10.0.0.37 "PUT /v2.0/routers/250c267d-cb19-4ab9-ad8f-125d164b6710/remove_router_interface HTTP/1.1" status: 200 len: 503 time: 1.6670842
2026-04-27 13:27:42.695 9 WARNING neutron_lib.context [None req-60cec56c-15f1-4452-947d-8df7047cf9ef 041541afc30a483eb847aff13061b239 770d0526d35647d59e47074f7dbfd41f - - default default] Method 'is_advsvc' is deprecated since 2023.2 release (neutron-lib 3.8.0) and will be removed once support for the old RBAC API policies will be removed from Neutron. Please use method 'is_service_role' instead.
2026-04-27 13:27:42.696 10 INFO neutron.wsgi [None req-3c93205f-988c-4762-a72c-2bf44fb86026 c0b09d18e90b4718942423aca5dcc0c3 b71993b7a590453a8312dfab2da6aae5 - - default default] 10.0.0.37 "GET /v2.0/ports/72954161-9c6c-4454-adc0-583f80e6873c HTTP/1.1" status: 200 len: 1020 time: 0.1156497
2026-04-27 13:27:42.730 10 INFO neutron.wsgi [None req-bfdf473e-2487-4f60-a6df-334e1f4ef944 745f59b92cc24ccba3c0aa88566cd96b b5662a5eeb114e15862c7b2e1820bd12 - - default default] 10.0.0.37 "GET /v2.0/ports?device_id=250c267d-cb19-4ab9-ad8f-125d164b6710 HTTP/1.1" status: 200 len: 205 time: 0.0317402
2026-04-27 13:27:43.242 9 WARNING neutron.scheduler.dhcp_agent_scheduler [None req-60cec56c-15f1-4452-947d-8df7047cf9ef 041541afc30a483eb847aff13061b239 770d0526d35647d59e47074f7dbfd41f - - default default] No more DHCP agents
2026-04-27 13:27:43.248 9 WARNING neutron.api.rpc.agentnotifiers.dhcp_rpc_agent_api [None req-60cec56c-15f1-4452-947d-8df7047cf9ef 041541afc30a483eb847aff13061b239 770d0526d35647d59e47074f7dbfd41f - - default default] Unable to schedule network 64bc2581-011b-43bc-ad77-3784b1057eab: no agents available; will retry on subsequent port and subnet creation events.
2026-04-27 13:27:43.374 9 INFO neutron.db.ovn_revision_numbers_db [None req-60cec56c-15f1-4452-947d-8df7047cf9ef 041541afc30a483eb847aff13061b239 770d0526d35647d59e47074f7dbfd41f - - default default] Successfully bumped revision number for resource 66220dea-60e9-49d2-8602-d8afa8074c8c (type: ports) to 1
2026-04-27 13:27:43.424 9 WARNING neutron.scheduler.dhcp_agent_scheduler [None req-60cec56c-15f1-4452-947d-8df7047cf9ef 041541afc30a483eb847aff13061b239 770d0526d35647d59e47074f7dbfd41f - - default default] No more DHCP agents
2026-04-27 13:27:43.426 9 WARNING neutron.api.rpc.agentnotifiers.dhcp_rpc_agent_api [None req-60cec56c-15f1-4452-947d-8df7047cf9ef 041541afc30a483eb847aff13061b239 770d0526d35647d59e47074f7dbfd41f - - default default] Unable to schedule network 29036016-2792-4944-8181-3c9ed95a68aa: no agents available; will retry on subsequent port and subnet creation events.
2026-04-27 13:27:43.472 10 INFO neutron.wsgi [None req-08a38d79-af86-4ebc-ba8e-2dfb01e1e6ed c0b09d18e90b4718942423aca5dcc0c3 b71993b7a590453a8312dfab2da6aae5 - - default default] 10.0.0.37 "DELETE /v2.0/trunks/34dc1359-65c1-48a7-a0e0-9281f285da58 HTTP/1.1" status: 204 len: 168 time: 0.7514532 /var/lib/openstack/lib/python3.10/site-packages/pycadf/identifier.py:71: UserWarning: Invalid uuid: neutron. To ensure interoperability, identifiers should be a valid uuid. warnings.warn(('Invalid uuid: %s. To ensure interoperability, '
2026-04-27 13:27:43.515 9 INFO neutron.wsgi [None req-b84b9232-b2df-4c38-9f9e-f04a2f891055 c0b09d18e90b4718942423aca5dcc0c3 b71993b7a590453a8312dfab2da6aae5 - - default default] 10.0.0.37 "GET /v2.0/trunks/fc7d49ec-1c40-4c2a-a64a-7d4354af6784 HTTP/1.1" status: 200 len: 610 time: 0.0358884
2026-04-27 13:27:43.557 9 INFO neutron.db.ovn_revision_numbers_db [None req-60cec56c-15f1-4452-947d-8df7047cf9ef 041541afc30a483eb847aff13061b239 770d0526d35647d59e47074f7dbfd41f - - default default] Successfully bumped revision number for resource c663482a-e68f-45a4-8176-5e6ea4f539fb (type: ports) to 1
2026-04-27 13:27:43.607 9 INFO neutron.wsgi [None req-60cec56c-15f1-4452-947d-8df7047cf9ef 041541afc30a483eb847aff13061b239 770d0526d35647d59e47074f7dbfd41f - - default default] 10.0.0.37 "POST /v2.0/ports HTTP/1.1" status: 201 len: 1705 time: 1.0508621
2026-04-27 13:27:43.638 10 INFO neutron.wsgi [None req-0db88aa0-cf9a-40d8-a540-40076e576d76 745f59b92cc24ccba3c0aa88566cd96b b5662a5eeb114e15862c7b2e1820bd12 - - default default] 10.0.0.37 "DELETE /v2.0/routers/250c267d-cb19-4ab9-ad8f-125d164b6710 HTTP/1.1" status: 204 len: 168 time: 0.9032993
2026-04-27 13:27:43.669 9 INFO neutron.wsgi [None req-98bbeac3-b613-4c09-80fa-c4002483a849 c0b09d18e90b4718942423aca5dcc0c3 b71993b7a590453a8312dfab2da6aae5 - - default default] 10.0.0.37 "GET /v2.0/ports/251bd9d2-3fae-4f72-b304-aff8c804b003 HTTP/1.1" status: 200 len: 1020 time: 0.1446748
2026-04-27 13:27:43.764 9 INFO neutron.wsgi [None req-fc4a24c9-02d1-44ec-89ea-60aa3725053f 041541afc30a483eb847aff13061b239 770d0526d35647d59e47074f7dbfd41f - - default default] 10.0.0.37 "GET /v2.0/ports HTTP/1.1" status: 200 len: 3212 time: 0.1521070
2026-04-27 13:27:43.818 10 INFO neutron.wsgi [None req-0b1f31af-b386-42dc-a7d5-d569a9688a79 c0b09d18e90b4718942423aca5dcc0c3 b71993b7a590453a8312dfab2da6aae5 - - default default] 10.0.0.37 "DELETE /v2.0/trunks/fc7d49ec-1c40-4c2a-a64a-7d4354af6784 HTTP/1.1" status: 204 len: 168 time: 0.1444666
2026-04-27 13:27:43.850 10 INFO neutron.wsgi [None req-2b909acc-9c74-4851-b922-f713e9b36c54 c0b09d18e90b4718942423aca5dcc0c3 b71993b7a590453a8312dfab2da6aae5 - - default default] 10.0.0.37 "GET /v2.0/trunks/0d39a63c-0342-4f58-b1e0-c379dafe36ca HTTP/1.1" status: 200 len: 603 time: 0.0275965
2026-04-27 13:27:43.942 10 INFO neutron.wsgi [None req-0a818875-af58-40da-9b8f-999afc57886e 745f59b92cc24ccba3c0aa88566cd96b b5662a5eeb114e15862c7b2e1820bd12 - - default default] 10.0.0.37 "DELETE /v2.0/subnets/3998ac47-1543-4ccf-974a-985b558b8ec8 HTTP/1.1" status: 204 len: 168 time: 0.2948678
2026-04-27 13:27:44.002 9 INFO neutron.wsgi [None req-61091b82-8efb-4a4e-b063-fcb1432a2d91 c0b09d18e90b4718942423aca5dcc0c3 b71993b7a590453a8312dfab2da6aae5 - - default default] 10.0.0.37 "GET /v2.0/ports/2125aef3-ded2-414c-b96d-8adee275eefe HTTP/1.1" status: 200 len: 1020 time: 0.1460481
2026-04-27 13:27:44.114 9 INFO neutron.wsgi [None req-f7654d93-4d82-44f5-83b0-fead5457b535 041541afc30a483eb847aff13061b239 770d0526d35647d59e47074f7dbfd41f - - default default] 10.0.0.37 "DELETE /v2.0/ports/66220dea-60e9-49d2-8602-d8afa8074c8c HTTP/1.1" status: 204 len: 168 time: 0.3420620
2026-04-27 13:27:44.148 10 INFO neutron.wsgi [None req-3f821cda-22aa-4984-bf3b-033fc86dd574 c0b09d18e90b4718942423aca5dcc0c3 b71993b7a590453a8312dfab2da6aae5 - - default default] 10.0.0.37 "DELETE /v2.0/trunks/0d39a63c-0342-4f58-b1e0-c379dafe36ca HTTP/1.1" status: 204 len: 168 time: 0.1406395
2026-04-27 13:27:44.209 10 INFO neutron.wsgi [None req-de78087e-b61c-4211-8c1b-e79a0eff77d9 745f59b92cc24ccba3c0aa88566cd96b b5662a5eeb114e15862c7b2e1820bd12 - - default default] 10.0.0.37 "DELETE /v2.0/subnets/372ba490-8af6-420c-b2b2-544bdcf150c1 HTTP/1.1" status: 204 len: 168 time: 0.2604561
2026-04-27 13:27:44.432 9 INFO neutron.wsgi [None req-5294f07d-1322-412a-8409-0e8e34cd0948 041541afc30a483eb847aff13061b239 770d0526d35647d59e47074f7dbfd41f - - default default] 10.0.0.37 "DELETE /v2.0/ports/c663482a-e68f-45a4-8176-5e6ea4f539fb HTTP/1.1" status: 204 len: 168 time: 0.3122246
2026-04-27 13:27:44.460 9 INFO neutron.wsgi [None req-3b19222d-8a79-4259-858d-1d2cf4bf20a6 c0b09d18e90b4718942423aca5dcc0c3 b71993b7a590453a8312dfab2da6aae5 - - default default] 10.0.0.37 "DELETE /v2.0/ports/5b716091-ed1e-49e8-aa2c-d79e205d85c9 HTTP/1.1" status: 204 len: 168 time: 0.3059175
2026-04-27 13:27:44.604 10 INFO neutron.wsgi [None req-9a863e56-6518-4276-aca4-965867ac10b8 041541afc30a483eb847aff13061b239 770d0526d35647d59e47074f7dbfd41f - - default default] 10.0.0.37 "GET /v2.0/ports HTTP/1.1" status: 200 len: 1718 time: 0.1668320
2026-04-27 13:27:44.615 10 WARNING neutron_lib.context [None req-6f2a674b-a1b1-45cf-861e-f045f412b390 041541afc30a483eb847aff13061b239 770d0526d35647d59e47074f7dbfd41f - - default default] Method 'is_advsvc' is deprecated since 2023.2 release (neutron-lib 3.8.0) and will be removed once support for the old RBAC API policies will be removed from Neutron. Please use method 'is_service_role' instead.
2026-04-27 13:27:44.704 10 INFO neutron.services.segments.plugin [-] Segment 5284b943-6532-44c1-ab02-5f29e3af21b6 resource provider aggregate not found
2026-04-27 13:27:44.706 9 INFO neutron.wsgi [None req-901b830c-14b7-412e-96e8-b77abe15dd7e c0b09d18e90b4718942423aca5dcc0c3 b71993b7a590453a8312dfab2da6aae5 - - default default] 10.0.0.37 "DELETE /v2.0/ports/0ff1e698-48e4-42de-8829-cae025be3878 HTTP/1.1" status: 204 len: 168 time: 0.2414262
2026-04-27 13:27:44.739 10 INFO neutron.services.segments.plugin [-] Segment 5284b943-6532-44c1-ab02-5f29e3af21b6 resource provider aggregate not found
2026-04-27 13:27:44.754 10 INFO neutron.services.segments.plugin [-] Segment 5284b943-6532-44c1-ab02-5f29e3af21b6 resource provider not found; error: Placement Client Error (4xx): {"errors": [{"status": 404, "title": "Not Found", "detail": "The resource could not be found.\n\n No resource provider with uuid 5284b943-6532-44c1-ab02-5f29e3af21b6 found for delete ", "request_id": "req-a18631a0-c0cc-4bf4-871a-9c6cd5930a7b"}]}
2026-04-27 13:27:44.768 10 INFO neutron.services.segments.plugin [-] Segment 5284b943-6532-44c1-ab02-5f29e3af21b6 resource provider not found; error: Placement Client Error (4xx): {"errors": [{"status": 404, "title": "Not Found", "detail": "The resource could not be found.\n\n No resource provider with uuid 5284b943-6532-44c1-ab02-5f29e3af21b6 found for delete ", "request_id": "req-0522108a-0c1e-478b-a78d-200d993ed054"}]}
2026-04-27 13:27:44.791 10 INFO neutron.wsgi [None req-6c2d60af-47ec-44df-99d8-b77cb04bac4b 745f59b92cc24ccba3c0aa88566cd96b b5662a5eeb114e15862c7b2e1820bd12 - - default default] 10.0.0.37 "DELETE /v2.0/networks/c07c08f4-01ce-48ca-9f75-fd51879f380d HTTP/1.1" status: 204 len: 168 time: 0.5770907
2026-04-27 13:27:44.801 10 INFO neutron.db.segments_db [None req-6f2a674b-a1b1-45cf-861e-f045f412b390 041541afc30a483eb847aff13061b239 770d0526d35647d59e47074f7dbfd41f - - default default] Added segment d089d854-c425-4a20-907c-7a37612c578b of type geneve for network 89b54b06-ff29-4d17-a7c7-489c2ba199a5
2026-04-27 13:27:45.077 10 INFO neutron.db.ovn_revision_numbers_db [None req-6f2a674b-a1b1-45cf-861e-f045f412b390 041541afc30a483eb847aff13061b239 770d0526d35647d59e47074f7dbfd41f - - default default] Successfully bumped revision number for resource 89b54b06-ff29-4d17-a7c7-489c2ba199a5 (type: networks) to 1
2026-04-27 13:27:45.168 9 INFO neutron.wsgi [None req-e30da210-1b84-4a2c-9c50-026cd387c9ac c0b09d18e90b4718942423aca5dcc0c3 b71993b7a590453a8312dfab2da6aae5 - - default default] 10.0.0.37 "DELETE /v2.0/ports/72954161-9c6c-4454-adc0-583f80e6873c HTTP/1.1" status: 204 len: 168 time: 0.4439580
2026-04-27 13:27:45.240 10 WARNING neutron.plugins.ml2.drivers.ovn.mech_driver.ovsdb.ovn_client [None req-4f637257-9aab-472a-9b1e-ad903caf13b0 - - - - - -] No port found with ID 6accde8c-58c9-4b9c-a841-ea99a08c89fa: RuntimeError: No port found with ID 6accde8c-58c9-4b9c-a841-ea99a08c89fa
2026-04-27 13:27:45.309 9 INFO neutron.services.segments.plugin [-] Segment 060b6410-897c-45ea-ac9c-533deb65a390 resource provider aggregate not found
2026-04-27 13:27:45.316 9 INFO neutron.services.segments.plugin [-] Segment 060b6410-897c-45ea-ac9c-533deb65a390 resource provider aggregate not found
2026-04-27 13:27:45.331 9 INFO neutron.services.segments.plugin [-] Segment 060b6410-897c-45ea-ac9c-533deb65a390 resource provider not found; error: Placement Client Error (4xx): {"errors": [{"status": 404, "title": "Not Found", "detail": "The resource could not be found.\n\n No resource provider with uuid 060b6410-897c-45ea-ac9c-533deb65a390 found for delete ", "request_id": "req-f3d175a9-de3f-445c-b7e4-1f715b9512e3"}]}
2026-04-27 13:27:45.338 10 WARNING neutron.scheduler.dhcp_agent_scheduler [None req-6f2a674b-a1b1-45cf-861e-f045f412b390 041541afc30a483eb847aff13061b239 770d0526d35647d59e47074f7dbfd41f - - default default] No more DHCP agents
2026-04-27 13:27:45.339 10 WARNING neutron.api.rpc.agentnotifiers.dhcp_rpc_agent_api [None req-6f2a674b-a1b1-45cf-861e-f045f412b390 041541afc30a483eb847aff13061b239 770d0526d35647d59e47074f7dbfd41f - - default default] Unable to schedule network 89b54b06-ff29-4d17-a7c7-489c2ba199a5: no agents available; will retry on subsequent port and subnet creation events.
2026-04-27 13:27:45.346 9 INFO neutron.services.segments.plugin [-] Segment 060b6410-897c-45ea-ac9c-533deb65a390 resource provider not found; error: Placement Client Error (4xx): {"errors": [{"status": 404, "title": "Not Found", "detail": "The resource could not be found.\n\n No resource provider with uuid 060b6410-897c-45ea-ac9c-533deb65a390 found for delete ", "request_id": "req-d23ce9ba-9c2d-4aa7-975d-4e59725acbb2"}]}
2026-04-27 13:27:45.389 9 INFO neutron.wsgi [None req-d517bc68-8da7-4114-aab6-3cb7349bee9c 745f59b92cc24ccba3c0aa88566cd96b b5662a5eeb114e15862c7b2e1820bd12 - - default default] 10.0.0.37 "DELETE /v2.0/networks/c00753cc-d4b1-4702-9035-cfc9b0c38a19 HTTP/1.1" status: 204 len: 168 time: 0.5926619 /var/lib/openstack/lib/python3.10/site-packages/pycadf/identifier.py:71: UserWarning: Invalid uuid: neutron. To ensure interoperability, identifiers should be a valid uuid. warnings.warn(('Invalid uuid: %s. To ensure interoperability, '
2026-04-27 13:27:45.412 10 WARNING neutron_lib.context [None req-40650536-463c-4ce5-8a9e-7368cb01e755 745f59b92cc24ccba3c0aa88566cd96b b5662a5eeb114e15862c7b2e1820bd12 - - default default] Method 'is_advsvc' is deprecated since 2023.2 release (neutron-lib 3.8.0) and will be removed once support for the old RBAC API policies will be removed from Neutron. Please use method 'is_service_role' instead.
2026-04-27 13:27:45.474 10 INFO neutron.db.ovn_revision_numbers_db [None req-6f2a674b-a1b1-45cf-861e-f045f412b390 041541afc30a483eb847aff13061b239 770d0526d35647d59e47074f7dbfd41f - - default default] Successfully bumped revision number for resource 9e51d00e-cd70-49dc-b23c-ad5676cbab99 (type: ports) to 1
2026-04-27 13:27:45.520 10 INFO neutron.wsgi [None req-6f2a674b-a1b1-45cf-861e-f045f412b390 041541afc30a483eb847aff13061b239 770d0526d35647d59e47074f7dbfd41f - - default default] 10.0.0.37 "POST /v2.0/networks HTTP/1.1" status: 201 len: 848 time: 0.9105358
2026-04-27 13:27:45.537 9 WARNING neutron_lib.context [None req-13f0ee06-5a1e-43a3-9a1e-ac80dde43596 041541afc30a483eb847aff13061b239 770d0526d35647d59e47074f7dbfd41f - - default default] Method 'is_advsvc' is deprecated since 2023.2 release (neutron-lib 3.8.0) and will be removed once support for the old RBAC API policies will be removed from Neutron. Please use method 'is_service_role' instead.
2026-04-27 13:27:45.557 10 INFO neutron.db.segments_db [None req-40650536-463c-4ce5-8a9e-7368cb01e755 745f59b92cc24ccba3c0aa88566cd96b b5662a5eeb114e15862c7b2e1820bd12 - - default default] Added segment 74e64645-f966-470c-a4f1-58caefc3634d of type geneve for network 968ffdc6-864e-43cf-9f6a-7dfab3f53664
2026-04-27 13:27:45.604 9 INFO neutron.wsgi [None req-9af40bcb-085f-4c65-87b6-400768981304 c0b09d18e90b4718942423aca5dcc0c3 b71993b7a590453a8312dfab2da6aae5 - - default default] 10.0.0.37 "DELETE /v2.0/ports/251bd9d2-3fae-4f72-b304-aff8c804b003 HTTP/1.1" status: 204 len: 168 time: 0.4295852
2026-04-27 13:27:45.647 10 INFO neutron.wsgi [-] 10.0.0.81 "GET / HTTP/1.1" status: 200 len: 245 time: 0.0026810
2026-04-27 13:27:45.650 10 INFO neutron.wsgi [-] 10.0.0.81 "GET / HTTP/1.1" status: 200 len: 245 time: 0.0020480
2026-04-27 13:27:45.693 9 INFO neutron.db.segments_db [None req-13f0ee06-5a1e-43a3-9a1e-ac80dde43596 041541afc30a483eb847aff13061b239 770d0526d35647d59e47074f7dbfd41f - - default default] Added segment bdc71360-5ea5-453a-ba29-5f20f82b2f3b of type geneve for network cdb93d9b-3d8d-4336-885c-9b9b877ea4ba
2026-04-27 13:27:45.719 10 INFO neutron.db.ovn_revision_numbers_db [None req-40650536-463c-4ce5-8a9e-7368cb01e755 745f59b92cc24ccba3c0aa88566cd96b b5662a5eeb114e15862c7b2e1820bd12 - - default default] Successfully bumped revision number for resource 968ffdc6-864e-43cf-9f6a-7dfab3f53664 (type: networks) to 1
2026-04-27 13:27:45.934 9 INFO neutron.db.ovn_revision_numbers_db [None req-13f0ee06-5a1e-43a3-9a1e-ac80dde43596 041541afc30a483eb847aff13061b239 770d0526d35647d59e47074f7dbfd41f - - default default] Successfully bumped revision number for resource cdb93d9b-3d8d-4336-885c-9b9b877ea4ba (type: networks) to 1
2026-04-27 13:27:45.954 10 WARNING neutron.scheduler.dhcp_agent_scheduler [None req-40650536-463c-4ce5-8a9e-7368cb01e755 745f59b92cc24ccba3c0aa88566cd96b b5662a5eeb114e15862c7b2e1820bd12 - - default default] No more DHCP agents
2026-04-27 13:27:45.957 10 WARNING neutron.api.rpc.agentnotifiers.dhcp_rpc_agent_api [None req-40650536-463c-4ce5-8a9e-7368cb01e755 745f59b92cc24ccba3c0aa88566cd96b b5662a5eeb114e15862c7b2e1820bd12 - - default default] Unable to schedule network 968ffdc6-864e-43cf-9f6a-7dfab3f53664: no agents available; will retry on subsequent port and subnet creation events.
2026-04-27 13:27:45.992 9 INFO neutron.wsgi [None req-e7bb7ce0-33a4-4d66-b919-7749e9f1a9f5 c0b09d18e90b4718942423aca5dcc0c3 b71993b7a590453a8312dfab2da6aae5 - - default default] 10.0.0.37 "DELETE /v2.0/ports/2125aef3-ded2-414c-b96d-8adee275eefe HTTP/1.1" status: 204 len: 168 time: 0.3800936
2026-04-27 13:27:46.070 10 INFO neutron.db.ovn_revision_numbers_db [None req-40650536-463c-4ce5-8a9e-7368cb01e755 745f59b92cc24ccba3c0aa88566cd96b b5662a5eeb114e15862c7b2e1820bd12 - - default default] Successfully bumped revision number for resource 78e0664b-a2d4-4ae2-86e9-1f9ab836e6ad (type: ports) to 1
2026-04-27 13:27:46.102 10 INFO neutron.wsgi [None req-40650536-463c-4ce5-8a9e-7368cb01e755 745f59b92cc24ccba3c0aa88566cd96b b5662a5eeb114e15862c7b2e1820bd12 - - default default] 10.0.0.37 "POST /v2.0/networks HTTP/1.1" status: 201 len: 833 time: 0.6966081
2026-04-27 13:27:46.114 10 WARNING neutron_lib.context [None req-71616240-cf93-4a84-89e8-e9e130fc7761 745f59b92cc24ccba3c0aa88566cd96b b5662a5eeb114e15862c7b2e1820bd12 - - default default] Method 'is_advsvc' is deprecated since 2023.2 release (neutron-lib 3.8.0) and will be removed once support for the old RBAC API policies will be removed from Neutron. Please use method 'is_service_role' instead.
2026-04-27 13:27:46.167 9 WARNING neutron.scheduler.dhcp_agent_scheduler [None req-13f0ee06-5a1e-43a3-9a1e-ac80dde43596 041541afc30a483eb847aff13061b239 770d0526d35647d59e47074f7dbfd41f - - default default] No more DHCP agents
2026-04-27 13:27:46.171 9 WARNING neutron.api.rpc.agentnotifiers.dhcp_rpc_agent_api [None req-13f0ee06-5a1e-43a3-9a1e-ac80dde43596 041541afc30a483eb847aff13061b239 770d0526d35647d59e47074f7dbfd41f - - default default] Unable to schedule network cdb93d9b-3d8d-4336-885c-9b9b877ea4ba: no agents available; will retry on subsequent port and subnet creation events.
2026-04-27 13:27:46.272 9 INFO neutron.db.ovn_revision_numbers_db [None req-13f0ee06-5a1e-43a3-9a1e-ac80dde43596 041541afc30a483eb847aff13061b239 770d0526d35647d59e47074f7dbfd41f - - default default] Successfully bumped revision number for resource 3785822a-104e-4e97-b957-6ba38ebd872a (type: ports) to 1
2026-04-27 13:27:46.313 9 INFO neutron.wsgi [None req-13f0ee06-5a1e-43a3-9a1e-ac80dde43596 041541afc30a483eb847aff13061b239 770d0526d35647d59e47074f7dbfd41f - - default default] 10.0.0.37 "POST /v2.0/networks HTTP/1.1" status: 201 len: 846 time: 0.7842743
2026-04-27 13:27:46.356 9 WARNING neutron_lib.context [None req-65d8bfc3-f70d-4581-bbce-48cd60e6532f 041541afc30a483eb847aff13061b239 770d0526d35647d59e47074f7dbfd41f - - default default] Method 'is_advsvc' is deprecated since 2023.2 release (neutron-lib 3.8.0) and will be removed once support for the old RBAC API policies will be removed from Neutron. Please use method 'is_service_role' instead.
2026-04-27 13:27:46.408 9 WARNING neutron_lib.context [None req-65d8bfc3-f70d-4581-bbce-48cd60e6532f 041541afc30a483eb847aff13061b239 770d0526d35647d59e47074f7dbfd41f - - default default] Method 'is_advsvc' is deprecated since 2023.2 release (neutron-lib 3.8.0) and will be removed once support for the old RBAC API policies will be removed from Neutron. Please use method 'is_service_role' instead.
2026-04-27 13:27:46.459 10 WARNING neutron.scheduler.dhcp_agent_scheduler [None req-71616240-cf93-4a84-89e8-e9e130fc7761 745f59b92cc24ccba3c0aa88566cd96b b5662a5eeb114e15862c7b2e1820bd12 - - default default] No more DHCP agents
2026-04-27 13:27:46.463 10 WARNING neutron.api.rpc.agentnotifiers.dhcp_rpc_agent_api [None req-71616240-cf93-4a84-89e8-e9e130fc7761 745f59b92cc24ccba3c0aa88566cd96b b5662a5eeb114e15862c7b2e1820bd12 - - default default] Unable to schedule network 968ffdc6-864e-43cf-9f6a-7dfab3f53664: no agents available; will retry on subsequent port and subnet creation events.
2026-04-27 13:27:46.516 10 INFO neutron.db.ovn_revision_numbers_db [None req-71616240-cf93-4a84-89e8-e9e130fc7761 745f59b92cc24ccba3c0aa88566cd96b b5662a5eeb114e15862c7b2e1820bd12 - - default default] Successfully bumped revision number for resource a3e086f3-7c09-485d-b66c-db1625dd0e1d (type: subnets) to 0
2026-04-27 13:27:46.544 10 INFO neutron.wsgi [None req-ccfdc0ad-ed26-482a-a191-566ba715e48f c0b09d18e90b4718942423aca5dcc0c3 b71993b7a590453a8312dfab2da6aae5 - - default default] 10.0.0.37 "DELETE /v2.0/networks/e2b11e15-d65e-4233-b9ea-21666fb8caf7 HTTP/1.1" status: 204 len: 168 time: 0.5446990
2026-04-27 13:27:46.547 10 INFO neutron.wsgi [None req-71616240-cf93-4a84-89e8-e9e130fc7761 745f59b92cc24ccba3c0aa88566cd96b b5662a5eeb114e15862c7b2e1820bd12 - - default default] 10.0.0.37 "POST /v2.0/subnets HTTP/1.1" status: 201 len: 821 time: 0.4380677
2026-04-27 13:27:46.559 10 WARNING neutron_lib.context [None req-7d9c25f0-9edf-4d96-ae7b-d945862905a1 745f59b92cc24ccba3c0aa88566cd96b b5662a5eeb114e15862c7b2e1820bd12 - - default default] Method 'is_advsvc' is deprecated since 2023.2 release (neutron-lib 3.8.0) and will be removed once support for the old RBAC API policies will be removed from Neutron. Please use method 'is_service_role' instead.
2026-04-27 13:27:46.775 10 INFO neutron.db.ovn_revision_numbers_db [None req-7d9c25f0-9edf-4d96-ae7b-d945862905a1 745f59b92cc24ccba3c0aa88566cd96b b5662a5eeb114e15862c7b2e1820bd12 - - default default] Successfully bumped revision number for resource d4eb928d-f007-4fbe-83be-1a10654611b0 (type: routers) to 1
2026-04-27 13:27:46.778 10 INFO neutron.services.segments.plugin [-] Segment 5720e8ea-f17b-470b-9bee-ac90d81c54a8 resource provider aggregate not found
2026-04-27 13:27:46.788 10 INFO neutron.services.segments.plugin [-] Segment 5720e8ea-f17b-470b-9bee-ac90d81c54a8 resource provider aggregate not found
2026-04-27 13:27:46.796 10 INFO neutron.services.segments.plugin [-] Segment 5720e8ea-f17b-470b-9bee-ac90d81c54a8 resource provider not found; error: Placement Client Error (4xx): {"errors": [{"status": 404, "title": "Not Found", "detail": "The resource could not be found.\n\n No resource provider with uuid 5720e8ea-f17b-470b-9bee-ac90d81c54a8 found for delete ", "request_id": "req-55fed645-8aa4-4bbe-bf90-71bf70c51f7a"}]}
2026-04-27 13:27:46.802 10 INFO neutron.wsgi [None req-7d9c25f0-9edf-4d96-ae7b-d945862905a1 745f59b92cc24ccba3c0aa88566cd96b b5662a5eeb114e15862c7b2e1820bd12 - - default default] 10.0.0.37 "POST /v2.0/routers HTTP/1.1" status: 201 len: 691 time: 0.2466707
2026-04-27 13:27:46.803 10 INFO neutron.services.segments.plugin [-] Segment 5720e8ea-f17b-470b-9bee-ac90d81c54a8 resource provider not found; error: Placement Client Error (4xx): {"errors": [{"status": 404, "title": "Not Found", "detail": "The resource could not be found.\n\n No resource provider with uuid 5720e8ea-f17b-470b-9bee-ac90d81c54a8 found for delete ", "request_id": "req-247957e1-6d0a-4ca1-8c25-fadf03bb2fef"}]}
2026-04-27 13:27:46.811 10 WARNING neutron_lib.context [None req-9c2c84b5-c890-4fa6-ad7d-a81ffd210abc 745f59b92cc24ccba3c0aa88566cd96b b5662a5eeb114e15862c7b2e1820bd12 - - default default] Method 'is_advsvc' is deprecated since 2023.2 release (neutron-lib 3.8.0) and will be removed once support for the old RBAC API policies will be removed from Neutron. Please use method 'is_service_role' instead.
2026-04-27 13:27:47.186 10 WARNING neutron.scheduler.dhcp_agent_scheduler [None req-9c2c84b5-c890-4fa6-ad7d-a81ffd210abc 745f59b92cc24ccba3c0aa88566cd96b b5662a5eeb114e15862c7b2e1820bd12 - - default default] No more DHCP agents
2026-04-27 13:27:47.188 10 WARNING neutron.api.rpc.agentnotifiers.dhcp_rpc_agent_api [None req-9c2c84b5-c890-4fa6-ad7d-a81ffd210abc 745f59b92cc24ccba3c0aa88566cd96b b5662a5eeb114e15862c7b2e1820bd12 - - default default] Unable to schedule network 968ffdc6-864e-43cf-9f6a-7dfab3f53664: no agents available; will retry on subsequent port and subnet creation events.
2026-04-27 13:27:47.255 9 WARNING neutron.scheduler.dhcp_agent_scheduler [None req-65d8bfc3-f70d-4581-bbce-48cd60e6532f 041541afc30a483eb847aff13061b239 770d0526d35647d59e47074f7dbfd41f - - default default] No more DHCP agents
2026-04-27 13:27:47.262 9 WARNING neutron.api.rpc.agentnotifiers.dhcp_rpc_agent_api [None req-65d8bfc3-f70d-4581-bbce-48cd60e6532f 041541afc30a483eb847aff13061b239 770d0526d35647d59e47074f7dbfd41f - - default default] Unable to schedule network 89b54b06-ff29-4d17-a7c7-489c2ba199a5: no agents available; will retry on subsequent port and subnet creation events.
2026-04-27 13:27:47.425 9 INFO neutron.services.segments.plugin [-] Segment c4146988-0b3a-4fe7-904c-45818ec508d9 resource provider aggregate not found
2026-04-27 13:27:47.430 9 INFO neutron.services.segments.plugin [-] Segment c4146988-0b3a-4fe7-904c-45818ec508d9 resource provider aggregate not found
2026-04-27 13:27:47.448 9 INFO neutron.services.segments.plugin [-] Segment c4146988-0b3a-4fe7-904c-45818ec508d9 resource provider not found; error: Placement Client Error (4xx): {"errors": [{"status": 404, "title": "Not Found", "detail": "The resource could not be found.\n\n No resource provider with uuid c4146988-0b3a-4fe7-904c-45818ec508d9 found for delete ", "request_id": "req-f37acae0-a692-42f1-aa4b-94b3130ade82"}]}
2026-04-27 13:27:47.453 9 INFO neutron.services.segments.plugin [-] Segment c4146988-0b3a-4fe7-904c-45818ec508d9 resource provider not found; error: Placement Client Error (4xx): {"errors": [{"status": 404, "title": "Not Found", "detail": "The resource could not be found.\n\n No resource provider with uuid c4146988-0b3a-4fe7-904c-45818ec508d9 found for delete ", "request_id": "req-8ca1fdea-a04f-4af1-b70c-66cbd308873d"}]}
2026-04-27 13:27:47.458 10 INFO neutron.db.ovn_revision_numbers_db [None req-9c2c84b5-c890-4fa6-ad7d-a81ffd210abc 745f59b92cc24ccba3c0aa88566cd96b b5662a5eeb114e15862c7b2e1820bd12 - - default default] Successfully bumped revision number for resource 8c58bc80-6690-46c1-935d-33433c50bfa6 (type: ports) to 1
2026-04-27 13:27:47.484 10 INFO neutron.wsgi [None req-9c2c84b5-c890-4fa6-ad7d-a81ffd210abc 745f59b92cc24ccba3c0aa88566cd96b b5662a5eeb114e15862c7b2e1820bd12 - - default default] 10.0.0.37 "POST /v2.0/ports HTTP/1.1" status: 201 len: 1159 time: 0.6777675
2026-04-27 13:27:47.519 9 INFO neutron.wsgi [None req-5a6b162d-16b3-42a8-914a-8bdaec8764f4 c0b09d18e90b4718942423aca5dcc0c3 b71993b7a590453a8312dfab2da6aae5 - - default default] 10.0.0.37 "DELETE /v2.0/networks/a6ffb551-f978-4913-a917-9b3a4499f1d3 HTTP/1.1" status: 204 len: 168 time: 0.9693165 /var/lib/openstack/lib/python3.10/site-packages/pycadf/identifier.py:71: UserWarning: Invalid uuid: neutron. To ensure interoperability, identifiers should be a valid uuid. warnings.warn(('Invalid uuid: %s. To ensure interoperability, '
2026-04-27 13:27:48.103 9 INFO neutron.db.ovn_revision_numbers_db [None req-28649cc9-8c62-4344-8d1c-903c3c675e91 745f59b92cc24ccba3c0aa88566cd96b b5662a5eeb114e15862c7b2e1820bd12 - - default default] Successfully bumped revision number for resource 8c58bc80-6690-46c1-935d-33433c50bfa6 (type: router_ports) to 2
2026-04-27 13:27:48.124 10 INFO neutron.plugins.ml2.drivers.ovn.mech_driver.mech_driver [None req-4f637257-9aab-472a-9b1e-ad903caf13b0 - - - - - -] OVN reports status up for port: 8c58bc80-6690-46c1-935d-33433c50bfa6
2026-04-27 13:27:48.132 10 INFO neutron.plugins.ml2.plugin [None req-4f637257-9aab-472a-9b1e-ad903caf13b0 - - - - - -] Attempt 1 to provision port 8c58bc80-6690-46c1-935d-33433c50bfa6
2026-04-27 13:27:48.140 9 INFO neutron.db.ovn_revision_numbers_db [None req-65d8bfc3-f70d-4581-bbce-48cd60e6532f 041541afc30a483eb847aff13061b239 770d0526d35647d59e47074f7dbfd41f - - default default] Successfully bumped revision number for resource 9e51d00e-cd70-49dc-b23c-ad5676cbab99 (type: ports) to 2
2026-04-27 13:27:48.163 10 INFO neutron.wsgi [None req-f1d67682-f4e3-479b-8ed4-5c40cfa410cd c0b09d18e90b4718942423aca5dcc0c3 b71993b7a590453a8312dfab2da6aae5 - - default default] 10.0.0.37 "DELETE /v2.0/networks/f4c0b850-656e-41f7-9080-ffe10824e4e1 HTTP/1.1" status: 204 len: 168 time: 0.6388042
2026-04-27 13:27:48.200 9 INFO neutron.db.ovn_revision_numbers_db [None req-65d8bfc3-f70d-4581-bbce-48cd60e6532f 041541afc30a483eb847aff13061b239 770d0526d35647d59e47074f7dbfd41f - - default default] Successfully bumped revision number for resource 3ec1a016-d8ae-457f-9c15-e2c4f028d3f2 (type: subnets) to 0
2026-04-27 13:27:48.272 9 WARNING neutron.scheduler.dhcp_agent_scheduler [None req-65d8bfc3-f70d-4581-bbce-48cd60e6532f 041541afc30a483eb847aff13061b239 770d0526d35647d59e47074f7dbfd41f - - default default] No more DHCP agents
2026-04-27 13:27:48.295 9 WARNING neutron.api.rpc.agentnotifiers.dhcp_rpc_agent_api [None req-65d8bfc3-f70d-4581-bbce-48cd60e6532f 041541afc30a483eb847aff13061b239 770d0526d35647d59e47074f7dbfd41f - - default default] Unable to schedule network cdb93d9b-3d8d-4336-885c-9b9b877ea4ba: no agents available; will retry on subsequent port and subnet creation events.
2026-04-27 13:27:48.401 9 INFO neutron.db.ovn_revision_numbers_db [None req-28649cc9-8c62-4344-8d1c-903c3c675e91 745f59b92cc24ccba3c0aa88566cd96b b5662a5eeb114e15862c7b2e1820bd12 - - default default] Successfully bumped revision number for resource 8c58bc80-6690-46c1-935d-33433c50bfa6 (type: ports) to 2
2026-04-27 13:27:48.571 10 INFO neutron.db.ovn_revision_numbers_db [None req-4f637257-9aab-472a-9b1e-ad903caf13b0 - - - - - -] Successfully bumped revision number for resource 8c58bc80-6690-46c1-935d-33433c50bfa6 (type: ports) to 3
2026-04-27 13:27:48.683 10 INFO neutron.db.ovn_revision_numbers_db [None req-4f637257-9aab-472a-9b1e-ad903caf13b0 - - - - - -] Successfully bumped revision number for resource 8c58bc80-6690-46c1-935d-33433c50bfa6 (type: router_ports) to 3
2026-04-27 13:27:48.716 10 INFO neutron.wsgi [None req-f6c3d1e0-7f34-4eb0-931a-928b019cf30e c0b09d18e90b4718942423aca5dcc0c3 b71993b7a590453a8312dfab2da6aae5 - - default default] 10.0.0.37 "DELETE /v2.0/networks/ed9df309-9a78-462e-9c44-0fb943910aaf HTTP/1.1" status: 204 len: 168 time: 0.5456791 /var/lib/openstack/lib/python3.10/site-packages/pycadf/identifier.py:71: UserWarning: Invalid uuid: neutron. To ensure interoperability, identifiers should be a valid uuid. warnings.warn(('Invalid uuid: %s. To ensure interoperability, '
2026-04-27 13:27:48.821 10 INFO neutron.services.segments.plugin [-] Segment 265c6575-a4b2-4a17-88e1-5bd53bc9ce7a resource provider aggregate not found
2026-04-27 13:27:48.826 10 INFO neutron.services.segments.plugin [-] Segment 265c6575-a4b2-4a17-88e1-5bd53bc9ce7a resource provider aggregate not found
2026-04-27 13:27:48.843 10 INFO neutron.services.segments.plugin [-] Segment 265c6575-a4b2-4a17-88e1-5bd53bc9ce7a resource provider not found; error: Placement Client Error (4xx): {"errors": [{"status": 404, "title": "Not Found", "detail": "The resource could not be found.\n\n No resource provider with uuid 265c6575-a4b2-4a17-88e1-5bd53bc9ce7a found for delete ", "request_id": "req-96ed4a14-1944-46b0-99a7-2aee75cfbe48"}]}
2026-04-27 13:27:48.857 10 INFO neutron.services.segments.plugin [-] Segment 265c6575-a4b2-4a17-88e1-5bd53bc9ce7a resource provider not found; error: Placement Client Error (4xx): {"errors": [{"status": 404, "title": "Not Found", "detail": "The resource could not be found.\n\n No resource provider with uuid 265c6575-a4b2-4a17-88e1-5bd53bc9ce7a found for delete ", "request_id": "req-955662c3-a15f-4f6e-9b56-26c27966c9c7"}]}
2026-04-27 13:27:48.861 10 INFO neutron.services.segments.plugin [-] Segment bd5f0b55-0fab-4443-aeab-b438f0005c6f resource provider aggregate not found
2026-04-27 13:27:48.878 10 INFO neutron.services.segments.plugin [-] Segment bd5f0b55-0fab-4443-aeab-b438f0005c6f resource provider not found; error: Placement Client Error (4xx): {"errors": [{"status": 404, "title": "Not Found", "detail": "The resource could not be found.\n\n No resource provider with uuid bd5f0b55-0fab-4443-aeab-b438f0005c6f found for delete ", "request_id": "req-f14bfed8-598e-4eec-b36e-1a32b3e41153"}]}
2026-04-27 13:27:48.882 10 INFO neutron.services.segments.plugin [-] Segment bd5f0b55-0fab-4443-aeab-b438f0005c6f resource provider aggregate not found
2026-04-27 13:27:48.903 10 INFO neutron.services.segments.plugin [-] Segment bd5f0b55-0fab-4443-aeab-b438f0005c6f resource provider not found; error: Placement Client Error (4xx): {"errors": [{"status": 404, "title": "Not Found", "detail": "The resource could not be found.\n\n No resource provider with uuid bd5f0b55-0fab-4443-aeab-b438f0005c6f found for delete ", "request_id": "req-479cac59-ab0f-4416-8076-ab5b7009812c"}]}
2026-04-27 13:27:49.107 9 INFO neutron.db.ovn_revision_numbers_db [None req-65d8bfc3-f70d-4581-bbce-48cd60e6532f 041541afc30a483eb847aff13061b239 770d0526d35647d59e47074f7dbfd41f - - default default] Successfully bumped revision number for resource 3785822a-104e-4e97-b957-6ba38ebd872a (type: ports) to 2
2026-04-27 13:27:49.149 10 INFO neutron.wsgi [None req-2108efdf-8e6f-4bc1-aeb0-943011c8f7d8 c0b09d18e90b4718942423aca5dcc0c3 b71993b7a590453a8312dfab2da6aae5 - - default default] 10.0.0.37 "DELETE /v2.0/networks/a1a4ca05-3966-4e85-8383-9e46359a4513 HTTP/1.1" status: 204 len: 168 time: 0.4270084
2026-04-27 13:27:49.156 9 INFO neutron.db.ovn_revision_numbers_db [None req-65d8bfc3-f70d-4581-bbce-48cd60e6532f 041541afc30a483eb847aff13061b239 770d0526d35647d59e47074f7dbfd41f - - default default] Successfully bumped revision number for resource f026fb24-f8bd-49a1-8822-134e79b1e9f4 (type: subnets) to 0
2026-04-27 13:27:49.169 9 INFO neutron.db.ovn_revision_numbers_db [None req-28649cc9-8c62-4344-8d1c-903c3c675e91 745f59b92cc24ccba3c0aa88566cd96b b5662a5eeb114e15862c7b2e1820bd12 - - default default] Successfully bumped revision number for resource 8c58bc80-6690-46c1-935d-33433c50bfa6 (type: ports) to 3
2026-04-27 13:27:49.177 9 INFO neutron.wsgi [None req-65d8bfc3-f70d-4581-bbce-48cd60e6532f 041541afc30a483eb847aff13061b239 770d0526d35647d59e47074f7dbfd41f - - default default] 10.0.0.37 "POST /v2.0/subnets HTTP/1.1" status: 201 len: 1426 time: 2.8296411
2026-04-27 13:27:49.232 9 WARNING neutron.scheduler.dhcp_agent_scheduler [None req-28649cc9-8c62-4344-8d1c-903c3c675e91 745f59b92cc24ccba3c0aa88566cd96b b5662a5eeb114e15862c7b2e1820bd12 - - default default] No more DHCP agents
2026-04-27 13:27:49.234 9 WARNING neutron.api.rpc.agentnotifiers.dhcp_rpc_agent_api [None req-28649cc9-8c62-4344-8d1c-903c3c675e91 745f59b92cc24ccba3c0aa88566cd96b b5662a5eeb114e15862c7b2e1820bd12 - - default default] Unable to schedule network 968ffdc6-864e-43cf-9f6a-7dfab3f53664: no agents available; will retry on subsequent port and subnet creation events.
2026-04-27 13:27:49.241 10 INFO neutron.wsgi [None req-89040415-6dfd-4a97-9d41-2f80af33e736 041541afc30a483eb847aff13061b239 770d0526d35647d59e47074f7dbfd41f - - default default] 10.0.0.37 "GET /v2.0/subnets HTTP/1.1" status: 200 len: 2034 time: 0.0586636
2026-04-27 13:27:49.391 9 INFO neutron.db.ovn_revision_numbers_db [None req-28649cc9-8c62-4344-8d1c-903c3c675e91 745f59b92cc24ccba3c0aa88566cd96b b5662a5eeb114e15862c7b2e1820bd12 - - default default] Successfully bumped revision number for resource 8c58bc80-6690-46c1-935d-33433c50bfa6 (type: router_ports) to 3
2026-04-27 13:27:49.394 9 INFO neutron.wsgi [None req-28649cc9-8c62-4344-8d1c-903c3c675e91 745f59b92cc24ccba3c0aa88566cd96b b5662a5eeb114e15862c7b2e1820bd12 - - default default] 10.0.0.37 "PUT /v2.0/routers/d4eb928d-f007-4fbe-83be-1a10654611b0/add_router_interface HTTP/1.1" status: 200 len: 503 time: 1.8966436 /var/lib/openstack/lib/python3.10/site-packages/pycadf/identifier.py:71: UserWarning: Invalid uuid: neutron. To ensure interoperability, identifiers should be a valid uuid. warnings.warn(('Invalid uuid: %s. To ensure interoperability, '
2026-04-27 13:27:49.468 10 INFO neutron.wsgi [req-ba8d9577-53cd-43c3-8886-fc14875e68d6 req-8cb22a01-910b-41dc-ac30-a122d749cee2 d11069f16d2e4336a38dd1c1dbd54436 e2c3e7fbca5b40f087985d81bb1e1c00 - - e3c445c6146e435ea7fb2bee9e8816e3 e3c445c6146e435ea7fb2bee9e8816e3] 10.0.0.87 "GET /v2.0/ports?device_id=ff9cbc6c-97cc-49f2-9037-986bfd7edb74 HTTP/1.1" status: 200 len: 1409 time: 0.0467300
2026-04-27 13:27:49.520 9 INFO neutron.wsgi [None req-9bf3e1fc-691a-4843-a8a3-16494a9a9980 745f59b92cc24ccba3c0aa88566cd96b b5662a5eeb114e15862c7b2e1820bd12 - - default default] 10.0.0.37 "GET /v2.0/ports/8c58bc80-6690-46c1-935d-33433c50bfa6 HTTP/1.1" status: 200 len: 1217 time: 0.1181192
2026-04-27 13:27:49.542 10 INFO neutron.wsgi [None req-79c2f5b4-5bd5-4dfc-b366-739de5865b1d 041541afc30a483eb847aff13061b239 770d0526d35647d59e47074f7dbfd41f - - default default] 10.0.0.37 "DELETE /v2.0/subnets/3ec1a016-d8ae-457f-9c15-e2c4f028d3f2 HTTP/1.1" status: 204 len: 168 time: 0.2939525
2026-04-27 13:27:49.546 10 INFO neutron.wsgi [req-ba8d9577-53cd-43c3-8886-fc14875e68d6 req-1c8b30b8-ccb7-4575-9d1f-91e4a4256b72 d11069f16d2e4336a38dd1c1dbd54436 e2c3e7fbca5b40f087985d81bb1e1c00 - - e3c445c6146e435ea7fb2bee9e8816e3 e3c445c6146e435ea7fb2bee9e8816e3] 10.0.0.87 "GET /v2.0/security-groups?id=52f6cc1e-f354-4097-beda-bff1bc10e873&fields=id&fields=name HTTP/1.1" status: 200 len: 312 time: 0.0700257
2026-04-27 13:27:49.801 10 INFO neutron.wsgi [None req-ea26e381-5ad2-4b66-8ceb-d1f09f1af3fc 041541afc30a483eb847aff13061b239 770d0526d35647d59e47074f7dbfd41f - - default default] 10.0.0.37 "DELETE /v2.0/subnets/f026fb24-f8bd-49a1-8822-134e79b1e9f4 HTTP/1.1" status: 204 len: 168 time: 0.2505703
2026-04-27 13:27:49.849 10 INFO neutron.wsgi [None req-4d7f7d0e-e19f-43cc-b4a4-a9b7f914b039 041541afc30a483eb847aff13061b239 770d0526d35647d59e47074f7dbfd41f - - default default] 10.0.0.37 "GET /v2.0/subnets HTTP/1.1" status: 200 len: 820 time: 0.0425525 /var/lib/openstack/lib/python3.10/site-packages/pycadf/identifier.py:71: UserWarning: Invalid uuid: neutron. To ensure interoperability, identifiers should be a valid uuid. warnings.warn(('Invalid uuid: %s. To ensure interoperability, '
2026-04-27 13:27:50.430 10 INFO neutron.db.ovn_revision_numbers_db [None req-5c355722-cc86-4830-88c0-fba04153586f 16f0fa93e40e4411ab2730c3e4538e4c a41ee1dde33a414c9f55ace20d36663e - - default default] Successfully bumped revision number for resource ce6eae25-4e95-40a5-867b-cc2b663b2ebe (type: security_groups) to 1
2026-04-27 13:27:50.465 10 INFO neutron.db.ovn_revision_numbers_db [None req-5c355722-cc86-4830-88c0-fba04153586f 16f0fa93e40e4411ab2730c3e4538e4c a41ee1dde33a414c9f55ace20d36663e - - default default] Successfully bumped revision number for resource 319756e9-4871-4422-b54c-fdd36c7a8fc4 (type: security_group_rules) to 0
2026-04-27 13:27:50.481 10 INFO neutron.db.ovn_revision_numbers_db [None req-5c355722-cc86-4830-88c0-fba04153586f 16f0fa93e40e4411ab2730c3e4538e4c a41ee1dde33a414c9f55ace20d36663e - - default default] Successfully bumped revision number for resource 3d0b0b93-3530-4d0e-9272-16219ee7a73b (type: security_group_rules) to 0
2026-04-27 13:27:50.499 10 INFO neutron.db.ovn_revision_numbers_db [None req-5c355722-cc86-4830-88c0-fba04153586f 16f0fa93e40e4411ab2730c3e4538e4c a41ee1dde33a414c9f55ace20d36663e - - default default] Successfully bumped revision number for resource 71582a0a-305a-4cfb-a2fe-5b2bdd37b7ae (type: security_group_rules) to 0
2026-04-27 13:27:50.520 10 INFO neutron.db.ovn_revision_numbers_db [None req-5c355722-cc86-4830-88c0-fba04153586f 16f0fa93e40e4411ab2730c3e4538e4c a41ee1dde33a414c9f55ace20d36663e - - default default] Successfully bumped revision number for resource 8ddece9d-acc7-44d4-ab33-9b14fe2a8c66 (type: security_group_rules) to 0
2026-04-27 13:27:50.548 10 INFO neutron.wsgi [None req-5c355722-cc86-4830-88c0-fba04153586f 16f0fa93e40e4411ab2730c3e4538e4c a41ee1dde33a414c9f55ace20d36663e - - default default] 10.0.0.37 "GET /v2.0/security-groups?tenant_id=7eafea9628e8484ebed494f3a9a5935c&name=default HTTP/1.1" status: 200 len: 2996 time: 0.4849603
2026-04-27 13:27:50.648 9 INFO neutron.services.segments.plugin [-] Segment bdc71360-5ea5-453a-ba29-5f20f82b2f3b resource provider aggregate not found
2026-04-27 13:27:50.653 9 INFO neutron.services.segments.plugin [-] Segment bdc71360-5ea5-453a-ba29-5f20f82b2f3b resource provider aggregate not found
2026-04-27 13:27:50.690 9 INFO neutron.services.segments.plugin [-] Segment bdc71360-5ea5-453a-ba29-5f20f82b2f3b resource provider not found; error: Placement Client Error (4xx): {"errors": [{"status": 404, "title": "Not Found", "detail": "The resource could not be found.\n\n No resource provider with uuid bdc71360-5ea5-453a-ba29-5f20f82b2f3b found for delete ", "request_id": "req-a8d55c61-c6b8-4c5f-9318-4f686ce9c621"}]}
2026-04-27 13:27:50.691 9 INFO neutron.services.segments.plugin [-] Segment bdc71360-5ea5-453a-ba29-5f20f82b2f3b resource provider not found; error: Placement Client Error (4xx): {"errors": [{"status": 404, "title": "Not Found", "detail": "The resource could not be found.\n\n No resource provider with uuid bdc71360-5ea5-453a-ba29-5f20f82b2f3b found for delete ", "request_id": "req-eae8ba51-432d-4966-add3-e4ebc6b2b373"}]}
2026-04-27 13:27:50.699 9 INFO neutron.wsgi [None req-fa7bd3fe-7439-40fe-b778-5c64abbdab6d 745f59b92cc24ccba3c0aa88566cd96b b5662a5eeb114e15862c7b2e1820bd12 - - default default] 10.0.0.37 "PUT /v2.0/routers/d4eb928d-f007-4fbe-83be-1a10654611b0/remove_router_interface HTTP/1.1" status: 200 len: 503 time: 1.1669176
2026-04-27 13:27:50.731 9 INFO neutron.wsgi [None req-8b68f756-6453-4be4-83e2-33224bd631fb 041541afc30a483eb847aff13061b239 770d0526d35647d59e47074f7dbfd41f - - default default] 10.0.0.37 "DELETE /v2.0/networks/cdb93d9b-3d8d-4336-885c-9b9b877ea4ba HTTP/1.1" status: 204 len: 168 time: 0.8721361 /var/lib/openstack/lib/python3.10/site-packages/pycadf/identifier.py:71: UserWarning: Invalid uuid: neutron. To ensure interoperability, identifiers should be a valid uuid. warnings.warn(('Invalid uuid: %s. To ensure interoperability, '
2026-04-27 13:27:50.784 10 INFO neutron.api.v2.resource [None req-6bb130d0-b441-4ed0-bbd0-b535e83c90ee 745f59b92cc24ccba3c0aa88566cd96b b5662a5eeb114e15862c7b2e1820bd12 - - default default] remove_router_interface failed (client error): The resource could not be found.
2026-04-27 13:27:50.785 10 INFO neutron.wsgi [None req-6bb130d0-b441-4ed0-bbd0-b535e83c90ee 745f59b92cc24ccba3c0aa88566cd96b b5662a5eeb114e15862c7b2e1820bd12 - - default default] 10.0.0.37 "PUT /v2.0/routers/d4eb928d-f007-4fbe-83be-1a10654611b0/remove_router_interface HTTP/1.1" status: 404 len: 398 time: 0.0775201
2026-04-27 13:27:50.813 10 INFO neutron.wsgi [None req-6d42b05f-0b6e-4090-8f3d-a3d6f3bcee53 745f59b92cc24ccba3c0aa88566cd96b b5662a5eeb114e15862c7b2e1820bd12 - - default default] 10.0.0.37 "GET /v2.0/ports?device_id=d4eb928d-f007-4fbe-83be-1a10654611b0 HTTP/1.1" status: 200 len: 205 time: 0.0221329
2026-04-27 13:27:50.860 10 INFO neutron.wsgi [None req-285bc399-c264-4121-8714-a3914eadcf93 16f0fa93e40e4411ab2730c3e4538e4c a41ee1dde33a414c9f55ace20d36663e - - default default] 10.0.0.37 "DELETE /v2.0/security-groups/ce6eae25-4e95-40a5-867b-cc2b663b2ebe HTTP/1.1" status: 204 len: 168 time: 0.3067091
2026-04-27 13:27:50.899 10 INFO neutron.services.segments.plugin [-] Segment 9a67de3f-8101-4772-8c29-1f7e2a0d691b resource provider aggregate not found
2026-04-27 13:27:50.931 10 INFO neutron.services.segments.plugin [-] Segment 9a67de3f-8101-4772-8c29-1f7e2a0d691b resource provider aggregate not found
2026-04-27 13:27:50.935 10 INFO neutron.services.segments.plugin [-] Segment 9a67de3f-8101-4772-8c29-1f7e2a0d691b resource provider not found; error: Placement Client Error (4xx): {"errors": [{"status": 404, "title": "Not Found", "detail": "The resource could not be found.\n\n No resource provider with uuid 9a67de3f-8101-4772-8c29-1f7e2a0d691b found for delete ", "request_id": "req-438e2031-8651-4fe3-adf2-d627d6b711c7"}]}
2026-04-27 13:27:50.959 10 INFO neutron.services.segments.plugin [-] Segment 9a67de3f-8101-4772-8c29-1f7e2a0d691b resource provider not found; error: Placement Client Error (4xx): {"errors": [{"status": 404, "title": "Not Found", "detail": "The resource could not be found.\n\n No resource provider with uuid 9a67de3f-8101-4772-8c29-1f7e2a0d691b found for delete ", "request_id": "req-730754c4-fc1f-4516-ae8a-e47b7d7d8c14"}]}
2026-04-27 13:27:51.135 10 INFO neutron.wsgi [None req-a83b09e0-8ebe-4a8b-860a-334ac7a64ddc 745f59b92cc24ccba3c0aa88566cd96b b5662a5eeb114e15862c7b2e1820bd12 - - default default] 10.0.0.37 "DELETE /v2.0/routers/d4eb928d-f007-4fbe-83be-1a10654611b0 HTTP/1.1" status: 204 len: 168 time: 0.3177869
2026-04-27 13:27:51.169 9 INFO neutron.db.ovn_revision_numbers_db [None req-00ebb8e8-1835-4be5-90ab-067240cdd180 16f0fa93e40e4411ab2730c3e4538e4c a41ee1dde33a414c9f55ace20d36663e - - default default] Successfully bumped revision number for resource 9684c29f-1e26-4b10-8926-0d9db03cecb3 (type: security_groups) to 1
2026-04-27 13:27:51.195 9 INFO neutron.wsgi [None req-d6f494dc-f0a6-4d14-9e3d-e3fced48ca0f 041541afc30a483eb847aff13061b239 770d0526d35647d59e47074f7dbfd41f - - default default] 10.0.0.37 "DELETE /v2.0/networks/89b54b06-ff29-4d17-a7c7-489c2ba199a5 HTTP/1.1" status: 204 len: 168 time: 0.4585841
2026-04-27 13:27:51.196 9 INFO neutron.db.ovn_revision_numbers_db [None req-00ebb8e8-1835-4be5-90ab-067240cdd180 16f0fa93e40e4411ab2730c3e4538e4c a41ee1dde33a414c9f55ace20d36663e - - default default] Successfully bumped revision number for resource 58799e04-9d41-4f4b-9e59-05394f6e3b01 (type: security_group_rules) to 0
2026-04-27 13:27:51.216 9 INFO neutron.db.ovn_revision_numbers_db [None req-00ebb8e8-1835-4be5-90ab-067240cdd180 16f0fa93e40e4411ab2730c3e4538e4c a41ee1dde33a414c9f55ace20d36663e - - default default] Successfully bumped revision number for resource 6820ac3b-2e13-42e4-8a87-e3ca18a45976 (type: security_group_rules) to 0
2026-04-27 13:27:51.232 9 INFO neutron.db.ovn_revision_numbers_db [None req-00ebb8e8-1835-4be5-90ab-067240cdd180 16f0fa93e40e4411ab2730c3e4538e4c a41ee1dde33a414c9f55ace20d36663e - - default default] Successfully bumped revision number for resource de6ce57e-6df0-47b1-b4ee-4fd1c7f5a712 (type: security_group_rules) to 0
2026-04-27 13:27:51.246 9 INFO neutron.db.ovn_revision_numbers_db [None req-00ebb8e8-1835-4be5-90ab-067240cdd180 16f0fa93e40e4411ab2730c3e4538e4c a41ee1dde33a414c9f55ace20d36663e - - default default] Successfully bumped revision number for resource f2899530-2534-41ec-b882-6f726f092b03 (type: security_group_rules) to 0
2026-04-27 13:27:51.273 9 INFO neutron.wsgi [None req-00ebb8e8-1835-4be5-90ab-067240cdd180 16f0fa93e40e4411ab2730c3e4538e4c a41ee1dde33a414c9f55ace20d36663e - - default default] 10.0.0.37 "GET /v2.0/security-groups?tenant_id=d054d89610754bf990d765ba28ce7f3d&name=default HTTP/1.1" status: 200 len: 2996 time: 0.2965937
2026-04-27 13:27:51.379 10 INFO neutron.wsgi [None req-8462f1f1-35ab-4685-8a13-f5c51b4384e4 745f59b92cc24ccba3c0aa88566cd96b b5662a5eeb114e15862c7b2e1820bd12 - - default default] 10.0.0.37 "DELETE /v2.0/subnets/a3e086f3-7c09-485d-b66c-db1625dd0e1d HTTP/1.1" status: 204 len: 168 time: 0.2331500
