2026-04-27 13:25:44.944 10 INFO neutron.db.ovn_revision_numbers_db [None req-6f89f13e-fe98-4241-afdc-5cf89c0e2e31 16f0fa93e40e4411ab2730c3e4538e4c a41ee1dde33a414c9f55ace20d36663e - - default default] Successfully bumped revision number for resource 1fe62352-6234-40dc-be90-4a05d3eb48f5 (type: security_groups) to 1
2026-04-27 13:25:44.951 9 INFO neutron.wsgi [req-b4e6d98b-72ab-4e85-b789-09a4f325a98a req-9ec27cf6-ebea-4628-b7cf-4264dfd79ac8 d11069f16d2e4336a38dd1c1dbd54436 e2c3e7fbca5b40f087985d81bb1e1c00 - - e3c445c6146e435ea7fb2bee9e8816e3 e3c445c6146e435ea7fb2bee9e8816e3] 199.19.213.212 "GET /v2.0/networks/8c13a927-7164-4c2b-a049-5675dc5aced7?fields=segments HTTP/1.1" status: 200 len: 212 time: 0.0732672
2026-04-27 13:25:44.977 10 INFO neutron.db.ovn_revision_numbers_db [None req-6f89f13e-fe98-4241-afdc-5cf89c0e2e31 16f0fa93e40e4411ab2730c3e4538e4c a41ee1dde33a414c9f55ace20d36663e - - default default] Successfully bumped revision number for resource b8990349-2b6f-4f58-8234-2e94d0495f6a (type: security_group_rules) to 0
2026-04-27 13:25:44.993 10 INFO neutron.db.ovn_revision_numbers_db [None req-6f89f13e-fe98-4241-afdc-5cf89c0e2e31 16f0fa93e40e4411ab2730c3e4538e4c a41ee1dde33a414c9f55ace20d36663e - - default default] Successfully bumped revision number for resource ba6e70f7-0801-40c1-8be9-792d66ef3f70 (type: security_group_rules) to 0
2026-04-27 13:25:45.010 10 INFO neutron.db.ovn_revision_numbers_db [None req-6f89f13e-fe98-4241-afdc-5cf89c0e2e31 16f0fa93e40e4411ab2730c3e4538e4c a41ee1dde33a414c9f55ace20d36663e - - default default] Successfully bumped revision number for resource ccc54492-9764-4029-a532-a7017c891457 (type: security_group_rules) to 0
2026-04-27 13:25:45.020 9 INFO neutron.wsgi [req-b4e6d98b-72ab-4e85-b789-09a4f325a98a req-5dd0dd62-a3ac-47e8-9d4a-bea108b5a40e d11069f16d2e4336a38dd1c1dbd54436 e2c3e7fbca5b40f087985d81bb1e1c00 - - e3c445c6146e435ea7fb2bee9e8816e3 e3c445c6146e435ea7fb2bee9e8816e3] 199.19.213.212 "GET /v2.0/networks/8c13a927-7164-4c2b-a049-5675dc5aced7?fields=provider%3Aphysical_network&fields=provider%3Anetwork_type HTTP/1.1" status: 200 len: 277 time: 0.0614283
2026-04-27 13:25:45.025 10 INFO neutron.db.ovn_revision_numbers_db [None req-6f89f13e-fe98-4241-afdc-5cf89c0e2e31 16f0fa93e40e4411ab2730c3e4538e4c a41ee1dde33a414c9f55ace20d36663e - - default default] Successfully bumped revision number for resource cda43a67-60f4-4c88-bdde-5e86be9e9256 (type: security_group_rules) to 0
2026-04-27 13:25:45.047 10 INFO neutron.wsgi [None req-6f89f13e-fe98-4241-afdc-5cf89c0e2e31 16f0fa93e40e4411ab2730c3e4538e4c a41ee1dde33a414c9f55ace20d36663e - - default default] 10.0.0.37 "GET /v2.0/security-groups?tenant_id=370a91a6ff2f4ed09d368efee6bcee99&name=default HTTP/1.1" status: 200 len: 2996 time: 0.3861384
2026-04-27 13:25:45.206 9 INFO neutron.plugins.ml2.drivers.ovn.mech_driver.mech_driver [None req-4261e079-a03f-4b40-b4f5-8319b4584c3c - - - - - -] OVN reports status up for port: fefdffe5-5262-48c6-bf92-7a12f4f1cd8f
2026-04-27 13:25:45.237 9 INFO neutron.plugins.ml2.plugin [None req-4261e079-a03f-4b40-b4f5-8319b4584c3c - - - - - -] Attempt 1 to provision port fefdffe5-5262-48c6-bf92-7a12f4f1cd8f
2026-04-27 13:25:45.322 10 INFO neutron.wsgi [None req-c824c568-43af-416a-8956-ac27e84de6dc 16f0fa93e40e4411ab2730c3e4538e4c a41ee1dde33a414c9f55ace20d36663e - - default default] 10.0.0.37 "DELETE /v2.0/security-groups/1fe62352-6234-40dc-be90-4a05d3eb48f5 HTTP/1.1" status: 204 len: 168 time: 0.2691481
2026-04-27 13:25:45.403 10 INFO neutron.wsgi [None req-81f1d518-7bab-4496-bfcb-c2813e71c17b 8e71ccb0ffd6494fa2be12fc0f94a9c2 7611b0a2215c4a7380cd134f665fe2cf - - default default] 10.0.0.37 "DELETE /v2.0/security-groups/089ebc97-81a8-452e-af69-afd9ec60b2d8 HTTP/1.1" status: 204 len: 168 time: 0.1545365
2026-04-27 13:25:45.430 9 INFO neutron.api.v2.resource [None req-c20bd4e2-38e3-414f-abcd-abda9482f191 8e71ccb0ffd6494fa2be12fc0f94a9c2 7611b0a2215c4a7380cd134f665fe2cf - - default default] show failed (client error): The resource could not be found.
2026-04-27 13:25:45.432 9 INFO neutron.wsgi [None req-c20bd4e2-38e3-414f-abcd-abda9482f191 8e71ccb0ffd6494fa2be12fc0f94a9c2 7611b0a2215c4a7380cd134f665fe2cf - - default default] 10.0.0.37 "GET /v2.0/security-groups/089ebc97-81a8-452e-af69-afd9ec60b2d8 HTTP/1.1" status: 404 len: 347 time: 0.0144517
2026-04-27 13:25:45.637 9 INFO neutron.db.ovn_revision_numbers_db [None req-4261e079-a03f-4b40-b4f5-8319b4584c3c - - - - - -] Successfully bumped revision number for resource fefdffe5-5262-48c6-bf92-7a12f4f1cd8f (type: ports) to 4
2026-04-27 13:25:45.647 9 INFO neutron.wsgi [-] 10.0.0.81 "GET / HTTP/1.1" status: 200 len: 245 time: 0.0017145
2026-04-27 13:25:45.650 9 INFO neutron.wsgi [-] 10.0.0.81 "GET / HTTP/1.1" status: 200 len: 245 time: 0.0016401
2026-04-27 13:25:45.867 10 INFO neutron.wsgi [req-eb2204ab-7974-44e9-a48f-5bee97ee4a64 req-4cd78885-4b46-4e1c-b1d9-fd1fa4723acf a66a044f8c084192b8f829f110d690d8 4bd9b262f41c45b289933608d8670c52 - - default default] 10.0.0.127 "GET /v2.0/ports?device_id=f1a79681-42ed-4f87-b4b9-5175cbc78b3b HTTP/1.1" status: 200 len: 1170 time: 0.1298969
2026-04-27 13:25:45.940 10 INFO neutron.wsgi [req-eb2204ab-7974-44e9-a48f-5bee97ee4a64 req-16df0ece-a22f-403f-abd8-cac1f92f4e5a a66a044f8c084192b8f829f110d690d8 4bd9b262f41c45b289933608d8670c52 - - default default] 10.0.0.127 "GET /v2.0/security-groups?id=bb56e082-8144-4569-921e-756d47fe0622&fields=id&fields=name HTTP/1.1" status: 200 len: 286 time: 0.0638518
2026-04-27 13:25:46.037 9 INFO neutron.notifiers.nova [-] Nova event matching ['req-66ab039d-51e3-4216-8a4c-66aabb62bcfa'] response: {'name': 'network-changed', 'server_uuid': 'f1a79681-42ed-4f87-b4b9-5175cbc78b3b', 'tag': 'fefdffe5-5262-48c6-bf92-7a12f4f1cd8f', 'status': 'completed', 'code': 200}
2026-04-27 13:25:46.038 9 INFO neutron.notifiers.nova [-] Nova event matching ['req-66ab039d-51e3-4216-8a4c-66aabb62bcfa'] response: {'server_uuid': 'f1a79681-42ed-4f87-b4b9-5175cbc78b3b', 'name': 'network-vif-plugged', 'status': 'completed', 'tag': 'fefdffe5-5262-48c6-bf92-7a12f4f1cd8f', 'code': 200}
2026-04-27 13:25:46.038 9 INFO neutron.notifiers.nova [-] Nova event matching ['req-66ab039d-51e3-4216-8a4c-66aabb62bcfa'] response: {'server_uuid': 'f1a79681-42ed-4f87-b4b9-5175cbc78b3b', 'name': 'network-vif-plugged', 'status': 'completed', 'tag': 'fefdffe5-5262-48c6-bf92-7a12f4f1cd8f', 'code': 200} /var/lib/openstack/lib/python3.10/site-packages/pycadf/identifier.py:71: UserWarning: Invalid uuid: neutron. To ensure interoperability, identifiers should be a valid uuid. warnings.warn(('Invalid uuid: %s. To ensure interoperability, '
2026-04-27 13:25:46.077 10 INFO neutron.wsgi [None req-bbfcb853-6d4a-447a-8bd7-69e87caa5219 8e71ccb0ffd6494fa2be12fc0f94a9c2 7611b0a2215c4a7380cd134f665fe2cf - - default default] 10.0.0.37 "DELETE /v2.0/floatingips/a5803b68-3374-4b52-ab59-0f0c01eb0b27 HTTP/1.1" status: 204 len: 168 time: 0.6383278
2026-04-27 13:25:46.091 9 INFO neutron.wsgi [req-b27c78e0-285d-4777-952c-18ac7e628080 req-55061c8c-8bd5-4a89-8ace-fb662b315ae7 d11069f16d2e4336a38dd1c1dbd54436 e2c3e7fbca5b40f087985d81bb1e1c00 - - e3c445c6146e435ea7fb2bee9e8816e3 e3c445c6146e435ea7fb2bee9e8816e3] 199.19.213.212 "GET /v2.0/ports?tenant_id=4bd9b262f41c45b289933608d8670c52&device_id=f1a79681-42ed-4f87-b4b9-5175cbc78b3b HTTP/1.1" status: 200 len: 1409 time: 0.0366216
2026-04-27 13:25:46.223 9 INFO neutron.wsgi [req-b27c78e0-285d-4777-952c-18ac7e628080 req-5f6a4f4f-e584-4208-9fb2-e9a577f5bdd1 d11069f16d2e4336a38dd1c1dbd54436 e2c3e7fbca5b40f087985d81bb1e1c00 - - e3c445c6146e435ea7fb2bee9e8816e3 e3c445c6146e435ea7fb2bee9e8816e3] 199.19.213.212 "GET /v2.0/networks?id=8c13a927-7164-4c2b-a049-5675dc5aced7 HTTP/1.1" status: 200 len: 973 time: 0.1212029
2026-04-27 13:25:46.256 9 INFO neutron.wsgi [req-b27c78e0-285d-4777-952c-18ac7e628080 req-9352c638-6ee1-448a-bfde-0b589d720275 d11069f16d2e4336a38dd1c1dbd54436 e2c3e7fbca5b40f087985d81bb1e1c00 - - e3c445c6146e435ea7fb2bee9e8816e3 e3c445c6146e435ea7fb2bee9e8816e3] 199.19.213.212 "GET /v2.0/floatingips?fixed_ip_address=10.100.0.8&port_id=fefdffe5-5262-48c6-bf92-7a12f4f1cd8f HTTP/1.1" status: 200 len: 217 time: 0.0249062
2026-04-27 13:25:46.310 9 INFO neutron.wsgi [req-b27c78e0-285d-4777-952c-18ac7e628080 req-184a14e8-8a4d-425e-8272-d6406d0a7c9c d11069f16d2e4336a38dd1c1dbd54436 e2c3e7fbca5b40f087985d81bb1e1c00 - - e3c445c6146e435ea7fb2bee9e8816e3 e3c445c6146e435ea7fb2bee9e8816e3] 199.19.213.212 "GET /v2.0/subnets?id=33503e1e-d910-482a-802d-40e9dcec049d HTTP/1.1" status: 200 len: 870 time: 0.0503552
2026-04-27 13:25:46.343 9 INFO neutron.wsgi [req-b27c78e0-285d-4777-952c-18ac7e628080 req-2e34c866-0a20-43fc-ab2b-a8dfe9e8b9e2 d11069f16d2e4336a38dd1c1dbd54436 e2c3e7fbca5b40f087985d81bb1e1c00 - - e3c445c6146e435ea7fb2bee9e8816e3 e3c445c6146e435ea7fb2bee9e8816e3] 199.19.213.212 "GET /v2.0/ports?network_id=8c13a927-7164-4c2b-a049-5675dc5aced7&device_owner=network%3Adhcp HTTP/1.1" status: 200 len: 210 time: 0.0205824
2026-04-27 13:25:46.453 9 INFO neutron.wsgi [req-b27c78e0-285d-4777-952c-18ac7e628080 req-07b92a57-76a6-49c0-bd8a-277801040dfa d11069f16d2e4336a38dd1c1dbd54436 e2c3e7fbca5b40f087985d81bb1e1c00 - - e3c445c6146e435ea7fb2bee9e8816e3 e3c445c6146e435ea7fb2bee9e8816e3] 199.19.213.212 "GET /v2.0/networks/8c13a927-7164-4c2b-a049-5675dc5aced7?fields=segments HTTP/1.1" status: 200 len: 212 time: 0.0966680
2026-04-27 13:25:46.551 9 INFO neutron.wsgi [req-b27c78e0-285d-4777-952c-18ac7e628080 req-2a062192-db5e-4012-b9d9-ce3d9d9ce875 d11069f16d2e4336a38dd1c1dbd54436 e2c3e7fbca5b40f087985d81bb1e1c00 - - e3c445c6146e435ea7fb2bee9e8816e3 e3c445c6146e435ea7fb2bee9e8816e3] 199.19.213.212 "GET /v2.0/networks/8c13a927-7164-4c2b-a049-5675dc5aced7?fields=provider%3Aphysical_network&fields=provider%3Anetwork_type HTTP/1.1" status: 200 len: 277 time: 0.0890028
2026-04-27 13:25:47.052 10 INFO neutron.wsgi [req-afe9c377-7864-4c6c-841d-90149e4c8235 req-04d40629-7423-4f9d-a978-a975bfa453d9 a66a044f8c084192b8f829f110d690d8 4bd9b262f41c45b289933608d8670c52 - - default default] 10.0.0.127 "GET /v2.0/ports?device_id=f1a79681-42ed-4f87-b4b9-5175cbc78b3b HTTP/1.1" status: 200 len: 1170 time: 0.0368505
2026-04-27 13:25:47.097 10 INFO neutron.wsgi [req-afe9c377-7864-4c6c-841d-90149e4c8235 req-e7a56180-fad0-4d1a-8e7e-e7680bec75e2 a66a044f8c084192b8f829f110d690d8 4bd9b262f41c45b289933608d8670c52 - - default default] 10.0.0.127 "GET /v2.0/security-groups?id=bb56e082-8144-4569-921e-756d47fe0622&fields=id&fields=name HTTP/1.1" status: 200 len: 286 time: 0.0358582
2026-04-27 13:25:47.464 9 WARNING neutron_lib.context [None req-09796ccc-ea90-438b-a911-b8d9a13078cc 069b517cb03d434ba308e6792c5b71b7 d7e8ffff9a284b59bfeace1202fe46c7 - - default default] Method 'is_advsvc' is deprecated since 2023.2 release (neutron-lib 3.8.0) and will be removed once support for the old RBAC API policies will be removed from Neutron. Please use method 'is_service_role' instead.
2026-04-27 13:25:47.488 9 INFO neutron.plugins.ml2.drivers.ovn.mech_driver.mech_driver [None req-4261e079-a03f-4b40-b4f5-8319b4584c3c - - - - - -] OVN reports status down for port: fefdffe5-5262-48c6-bf92-7a12f4f1cd8f
2026-04-27 13:25:47.619 9 INFO neutron.wsgi [req-833cee44-2569-40fe-a0fd-c9fba83c871b req-ed282576-0822-4751-b3e0-d1c7bdcbbe32 a66a044f8c084192b8f829f110d690d8 4bd9b262f41c45b289933608d8670c52 - - default default] 10.0.0.127 "GET /v2.0/ports?device_id=f1a79681-42ed-4f87-b4b9-5175cbc78b3b HTTP/1.1" status: 200 len: 1170 time: 0.1815350
2026-04-27 13:25:47.646 10 WARNING neutron.plugins.ml2.drivers.ovn.mech_driver.ovsdb.ovn_client [None req-4f637257-9aab-472a-9b1e-ad903caf13b0 - - - - - -] No hosting information found for port bee77755-092e-4039-98ad-59d8959d6b8e: RuntimeError: No hosting information found for port bee77755-092e-4039-98ad-59d8959d6b8e
2026-04-27 13:25:47.646 10 INFO neutron.plugins.ml2.drivers.ovn.mech_driver.mech_driver [None req-4f637257-9aab-472a-9b1e-ad903caf13b0 - - - - - -] OVN reports status down for port: e7b91ab1-bdeb-428d-9a0a-9866fd790a7a
2026-04-27 13:25:47.739 9 INFO neutron.wsgi [req-833cee44-2569-40fe-a0fd-c9fba83c871b req-38bb2713-362a-4770-915c-f798afd92001 a66a044f8c084192b8f829f110d690d8 4bd9b262f41c45b289933608d8670c52 - - default default] 10.0.0.127 "GET /v2.0/security-groups?id=bb56e082-8144-4569-921e-756d47fe0622&fields=id&fields=name HTTP/1.1" status: 200 len: 286 time: 0.1095002
2026-04-27 13:25:47.745 9 INFO neutron.wsgi [None req-22578fdd-58e2-433a-a231-1145f41cad21 16f0fa93e40e4411ab2730c3e4538e4c a41ee1dde33a414c9f55ace20d36663e - - default default] 10.0.0.37 "PUT /v2.0/routers/fe32a845-c370-4a4f-b7ba-ede5262aab82/remove_router_interface HTTP/1.1" status: 200 len: 503 time: 1.5852342 /var/lib/openstack/lib/python3.10/site-packages/pycadf/identifier.py:71: UserWarning: Invalid uuid: neutron. To ensure interoperability, identifiers should be a valid uuid. warnings.warn(('Invalid uuid: %s. To ensure interoperability, '
2026-04-27 13:25:47.825 9 INFO neutron.wsgi [req-4eb2d6be-50a1-4f5e-90a8-76198eda01de req-8b55708f-4c92-459c-b109-e3c5f1004d9b a66a044f8c084192b8f829f110d690d8 4bd9b262f41c45b289933608d8670c52 - - default default] 199.19.213.212 "GET /v2.0/ports?device_id=f1a79681-42ed-4f87-b4b9-5175cbc78b3b HTTP/1.1" status: 200 len: 1168 time: 0.0626712
2026-04-27 13:25:47.855 9 INFO neutron.db.ovn_revision_numbers_db [None req-09796ccc-ea90-438b-a911-b8d9a13078cc 069b517cb03d434ba308e6792c5b71b7 d7e8ffff9a284b59bfeace1202fe46c7 - - default default] Successfully bumped revision number for resource 40f3f254-4724-45aa-9083-e3abc4cce909 (type: security_groups) to 1
2026-04-27 13:25:47.879 9 INFO neutron.db.ovn_revision_numbers_db [None req-09796ccc-ea90-438b-a911-b8d9a13078cc 069b517cb03d434ba308e6792c5b71b7 d7e8ffff9a284b59bfeace1202fe46c7 - - default default] Successfully bumped revision number for resource 233bc506-f188-4940-8c3b-e8d7b62dde09 (type: security_group_rules) to 0
2026-04-27 13:25:47.910 9 INFO neutron.db.ovn_revision_numbers_db [None req-09796ccc-ea90-438b-a911-b8d9a13078cc 069b517cb03d434ba308e6792c5b71b7 d7e8ffff9a284b59bfeace1202fe46c7 - - default default] Successfully bumped revision number for resource 700f571f-371c-4e5c-979b-3c35f1e57fd2 (type: security_group_rules) to 0
2026-04-27 13:25:47.931 9 INFO neutron.db.ovn_revision_numbers_db [None req-09796ccc-ea90-438b-a911-b8d9a13078cc 069b517cb03d434ba308e6792c5b71b7 d7e8ffff9a284b59bfeace1202fe46c7 - - default default] Successfully bumped revision number for resource ada94aed-8c5f-436d-8f51-81082dd6a314 (type: security_group_rules) to 0
2026-04-27 13:25:47.958 9 INFO neutron.db.ovn_revision_numbers_db [None req-09796ccc-ea90-438b-a911-b8d9a13078cc 069b517cb03d434ba308e6792c5b71b7 d7e8ffff9a284b59bfeace1202fe46c7 - - default default] Successfully bumped revision number for resource d5dbc411-e693-42d7-8467-f29e11f47c07 (type: security_group_rules) to 0
2026-04-27 13:25:48.036 9 INFO neutron.db.segments_db [None req-09796ccc-ea90-438b-a911-b8d9a13078cc 069b517cb03d434ba308e6792c5b71b7 d7e8ffff9a284b59bfeace1202fe46c7 - - default default] Added segment 04e899eb-6400-4a9a-8154-0e4b9ff45286 of type geneve for network 0405deee-662e-40cc-a215-064b2885a9b5
2026-04-27 13:25:48.079 9 INFO neutron.notifiers.nova [-] Nova event matching ['req-525366b8-27f1-4111-a9d0-8adaf51a6988'] response: {'server_uuid': 'f1a79681-42ed-4f87-b4b9-5175cbc78b3b', 'name': 'network-vif-unplugged', 'status': 'completed', 'tag': 'fefdffe5-5262-48c6-bf92-7a12f4f1cd8f', 'code': 200}
2026-04-27 13:25:48.082 9 INFO neutron.db.ovn_revision_numbers_db [None req-4261e079-a03f-4b40-b4f5-8319b4584c3c - - - - - -] Successfully bumped revision number for resource fefdffe5-5262-48c6-bf92-7a12f4f1cd8f (type: ports) to 5
2026-04-27 13:25:48.497 9 INFO neutron.db.ovn_revision_numbers_db [None req-09796ccc-ea90-438b-a911-b8d9a13078cc 069b517cb03d434ba308e6792c5b71b7 d7e8ffff9a284b59bfeace1202fe46c7 - - default default] Successfully bumped revision number for resource 0405deee-662e-40cc-a215-064b2885a9b5 (type: networks) to 1
2026-04-27 13:25:48.533 9 INFO neutron.wsgi [req-4eb2d6be-50a1-4f5e-90a8-76198eda01de req-750873f8-8301-44ab-908a-ca4cdd40776c a66a044f8c084192b8f829f110d690d8 4bd9b262f41c45b289933608d8670c52 - - default default] 199.19.213.212 "DELETE /v2.0/ports/fefdffe5-5262-48c6-bf92-7a12f4f1cd8f HTTP/1.1" status: 204 len: 173 time: 0.7013724
2026-04-27 13:25:48.648 10 INFO neutron.wsgi [None req-4fcf8013-879d-484f-ba33-142fd4556647 16f0fa93e40e4411ab2730c3e4538e4c a41ee1dde33a414c9f55ace20d36663e - - default default] 10.0.0.37 "DELETE /v2.0/routers/fe32a845-c370-4a4f-b7ba-ede5262aab82 HTTP/1.1" status: 204 len: 168 time: 0.8934829 /var/lib/openstack/lib/python3.10/site-packages/pycadf/identifier.py:71: UserWarning: Invalid uuid: neutron. To ensure interoperability, identifiers should be a valid uuid. warnings.warn(('Invalid uuid: %s. To ensure interoperability, '
2026-04-27 13:25:48.738 9 WARNING neutron.scheduler.dhcp_agent_scheduler [None req-09796ccc-ea90-438b-a911-b8d9a13078cc 069b517cb03d434ba308e6792c5b71b7 d7e8ffff9a284b59bfeace1202fe46c7 - - default default] No more DHCP agents
2026-04-27 13:25:48.743 9 WARNING neutron.api.rpc.agentnotifiers.dhcp_rpc_agent_api [None req-09796ccc-ea90-438b-a911-b8d9a13078cc 069b517cb03d434ba308e6792c5b71b7 d7e8ffff9a284b59bfeace1202fe46c7 - - default default] Unable to schedule network 0405deee-662e-40cc-a215-064b2885a9b5: no agents available; will retry on subsequent port and subnet creation events.
2026-04-27 13:25:48.865 9 INFO neutron.wsgi [req-ba51978d-ad48-4ff4-9abe-da5432713e89 req-3be760f2-c6ce-43d6-b7db-2359156ef8d1 a66a044f8c084192b8f829f110d690d8 4bd9b262f41c45b289933608d8670c52 - - default default] 10.0.0.127 "GET /v2.0/ports?device_id=f1a79681-42ed-4f87-b4b9-5175cbc78b3b HTTP/1.1" status: 200 len: 210 time: 0.0372915
2026-04-27 13:25:48.892 9 INFO neutron.db.ovn_revision_numbers_db [None req-09796ccc-ea90-438b-a911-b8d9a13078cc 069b517cb03d434ba308e6792c5b71b7 d7e8ffff9a284b59bfeace1202fe46c7 - - default default] Successfully bumped revision number for resource 23568fdd-6bb8-413d-8b8e-e146eb6f1c86 (type: ports) to 1
2026-04-27 13:25:48.929 9 INFO neutron.wsgi [None req-09796ccc-ea90-438b-a911-b8d9a13078cc 069b517cb03d434ba308e6792c5b71b7 d7e8ffff9a284b59bfeace1202fe46c7 - - default default] 10.0.0.37 "POST /v2.0/networks HTTP/1.1" status: 201 len: 847 time: 1.6744080
2026-04-27 13:25:48.941 10 WARNING neutron_lib.context [None req-66fb1d0d-5c28-44f9-8c54-1e13a0111bc3 069b517cb03d434ba308e6792c5b71b7 d7e8ffff9a284b59bfeace1202fe46c7 - - default default] Method 'is_advsvc' is deprecated since 2023.2 release (neutron-lib 3.8.0) and will be removed once support for the old RBAC API policies will be removed from Neutron. Please use method 'is_service_role' instead.
2026-04-27 13:25:48.971 9 INFO neutron.wsgi [None req-ecdd691a-70dd-4223-b50a-b5bb0254bc66 16f0fa93e40e4411ab2730c3e4538e4c a41ee1dde33a414c9f55ace20d36663e - - default default] 10.0.0.37 "DELETE /v2.0/subnets/79ac350c-c87d-4b1d-a766-bcde6fc70bf6 HTTP/1.1" status: 204 len: 168 time: 0.3161447
2026-04-27 13:25:49.004 10 INFO neutron.wsgi [req-e99310fc-b84b-4ffb-a2b4-dfa7fbb7daeb req-c73c8695-adf5-4da9-9f3e-fb005a4bdaef d11069f16d2e4336a38dd1c1dbd54436 e2c3e7fbca5b40f087985d81bb1e1c00 - - e3c445c6146e435ea7fb2bee9e8816e3 e3c445c6146e435ea7fb2bee9e8816e3] 10.0.0.87 "GET /v2.0/ports?device_id=039865d7-b46b-4d9e-bc3f-08f3065a2b5a HTTP/1.1" status: 200 len: 1413 time: 0.0447316
2026-04-27 13:25:49.053 10 INFO neutron.wsgi [req-e99310fc-b84b-4ffb-a2b4-dfa7fbb7daeb req-9ce35f3f-21fd-48a8-8323-0c22232336e5 d11069f16d2e4336a38dd1c1dbd54436 e2c3e7fbca5b40f087985d81bb1e1c00 - - e3c445c6146e435ea7fb2bee9e8816e3 e3c445c6146e435ea7fb2bee9e8816e3] 10.0.0.87 "GET /v2.0/security-groups?id=d4329291-a1c3-4190-8d25-d0a27103e2c0&fields=id&fields=name HTTP/1.1" status: 200 len: 312 time: 0.0402765
2026-04-27 13:25:49.274 10 WARNING neutron.scheduler.dhcp_agent_scheduler [None req-66fb1d0d-5c28-44f9-8c54-1e13a0111bc3 069b517cb03d434ba308e6792c5b71b7 d7e8ffff9a284b59bfeace1202fe46c7 - - default default] No more DHCP agents
2026-04-27 13:25:49.278 10 WARNING neutron.api.rpc.agentnotifiers.dhcp_rpc_agent_api [None req-66fb1d0d-5c28-44f9-8c54-1e13a0111bc3 069b517cb03d434ba308e6792c5b71b7 d7e8ffff9a284b59bfeace1202fe46c7 - - default default] Unable to schedule network 0405deee-662e-40cc-a215-064b2885a9b5: no agents available; will retry on subsequent port and subnet creation events.
2026-04-27 13:25:49.340 9 INFO neutron.services.segments.plugin [-] Segment 77c157a3-30ad-4658-bc91-d94ea9284926 resource provider aggregate not found
2026-04-27 13:25:49.349 9 INFO neutron.services.segments.plugin [-] Segment 77c157a3-30ad-4658-bc91-d94ea9284926 resource provider aggregate not found
2026-04-27 13:25:49.367 9 INFO neutron.services.segments.plugin [-] Segment 77c157a3-30ad-4658-bc91-d94ea9284926 resource provider not found; error: Placement Client Error (4xx): {"errors": [{"status": 404, "title": "Not Found", "detail": "The resource could not be found.\n\n No resource provider with uuid 77c157a3-30ad-4658-bc91-d94ea9284926 found for delete ", "request_id": "req-40560bad-9049-4bf4-91af-9e61a45cf123"}]}
2026-04-27 13:25:49.372 9 INFO neutron.services.segments.plugin [-] Segment 77c157a3-30ad-4658-bc91-d94ea9284926 resource provider not found; error: Placement Client Error (4xx): {"errors": [{"status": 404, "title": "Not Found", "detail": "The resource could not be found.\n\n No resource provider with uuid 77c157a3-30ad-4658-bc91-d94ea9284926 found for delete ", "request_id": "req-d83c3dd5-4945-46a3-92ea-23c9288105a1"}]}
2026-04-27 13:25:49.379 10 INFO neutron.db.ovn_revision_numbers_db [None req-66fb1d0d-5c28-44f9-8c54-1e13a0111bc3 069b517cb03d434ba308e6792c5b71b7 d7e8ffff9a284b59bfeace1202fe46c7 - - default default] Successfully bumped revision number for resource 0920ee9d-6eb9-47b4-92dd-f11c9b55b50f (type: ports) to 1
2026-04-27 13:25:49.397 9 INFO neutron.wsgi [None req-86eaf844-0e29-40ab-a8a2-8807363a30c1 16f0fa93e40e4411ab2730c3e4538e4c a41ee1dde33a414c9f55ace20d36663e - - default default] 10.0.0.37 "DELETE /v2.0/networks/f864909b-009a-469d-9f50-bc9d50ec3dd6 HTTP/1.1" status: 204 len: 168 time: 0.4202261
2026-04-27 13:25:49.406 10 INFO neutron.wsgi [None req-66fb1d0d-5c28-44f9-8c54-1e13a0111bc3 069b517cb03d434ba308e6792c5b71b7 d7e8ffff9a284b59bfeace1202fe46c7 - - default default] 10.0.0.37 "POST /v2.0/ports HTTP/1.1" status: 201 len: 978 time: 0.4713705
2026-04-27 13:25:49.420 9 WARNING neutron_lib.context [None req-42dd06d7-e9ed-4e65-a358-a991521f0132 069b517cb03d434ba308e6792c5b71b7 d7e8ffff9a284b59bfeace1202fe46c7 - - default default] Method 'is_advsvc' is deprecated since 2023.2 release (neutron-lib 3.8.0) and will be removed once support for the old RBAC API policies will be removed from Neutron. Please use method 'is_service_role' instead.
2026-04-27 13:25:49.520 9 INFO neutron.db.segments_db [None req-42dd06d7-e9ed-4e65-a358-a991521f0132 069b517cb03d434ba308e6792c5b71b7 d7e8ffff9a284b59bfeace1202fe46c7 - - default default] Added segment 6baf76da-d3b7-43a2-a823-3ed06292ead7 of type geneve for network 8a57e6ab-7766-4a4e-8c16-9928dbff6ca4
2026-04-27 13:25:49.644 9 INFO neutron.wsgi [None req-84059b6c-2da2-40cb-8e67-b82b899367e1 16f0fa93e40e4411ab2730c3e4538e4c a41ee1dde33a414c9f55ace20d36663e - - default default] 10.0.0.37 "GET /v2.0/security-groups?tenant_id=7611b0a2215c4a7380cd134f665fe2cf&name=default HTTP/1.1" status: 200 len: 2992 time: 0.0450478 /var/lib/openstack/lib/python3.10/site-packages/pycadf/identifier.py:71: UserWarning: Invalid uuid: neutron. To ensure interoperability, identifiers should be a valid uuid. warnings.warn(('Invalid uuid: %s. To ensure interoperability, '
2026-04-27 13:25:49.697 9 INFO neutron.db.ovn_revision_numbers_db [None req-42dd06d7-e9ed-4e65-a358-a991521f0132 069b517cb03d434ba308e6792c5b71b7 d7e8ffff9a284b59bfeace1202fe46c7 - - default default] Successfully bumped revision number for resource 8a57e6ab-7766-4a4e-8c16-9928dbff6ca4 (type: networks) to 1
2026-04-27 13:25:49.883 10 INFO neutron.wsgi [None req-0a02fdd4-db53-4a7b-a1d5-7a7ed84b3e85 16f0fa93e40e4411ab2730c3e4538e4c a41ee1dde33a414c9f55ace20d36663e - - default default] 10.0.0.37 "DELETE /v2.0/security-groups/71f5eb78-cb08-4861-86f6-2e5b8a155105 HTTP/1.1" status: 204 len: 168 time: 0.2302170
2026-04-27 13:25:49.884 9 WARNING neutron.scheduler.dhcp_agent_scheduler [None req-42dd06d7-e9ed-4e65-a358-a991521f0132 069b517cb03d434ba308e6792c5b71b7 d7e8ffff9a284b59bfeace1202fe46c7 - - default default] No more DHCP agents
2026-04-27 13:25:49.886 9 WARNING neutron.api.rpc.agentnotifiers.dhcp_rpc_agent_api [None req-42dd06d7-e9ed-4e65-a358-a991521f0132 069b517cb03d434ba308e6792c5b71b7 d7e8ffff9a284b59bfeace1202fe46c7 - - default default] Unable to schedule network 8a57e6ab-7766-4a4e-8c16-9928dbff6ca4: no agents available; will retry on subsequent port and subnet creation events.
2026-04-27 13:25:50.031 9 INFO neutron.db.ovn_revision_numbers_db [None req-42dd06d7-e9ed-4e65-a358-a991521f0132 069b517cb03d434ba308e6792c5b71b7 d7e8ffff9a284b59bfeace1202fe46c7 - - default default] Successfully bumped revision number for resource cd254e8f-b7ef-49b3-812a-e1c857cf2131 (type: ports) to 1
2026-04-27 13:25:50.073 9 INFO neutron.wsgi [None req-42dd06d7-e9ed-4e65-a358-a991521f0132 069b517cb03d434ba308e6792c5b71b7 d7e8ffff9a284b59bfeace1202fe46c7 - - default default] 10.0.0.37 "POST /v2.0/networks HTTP/1.1" status: 201 len: 835 time: 0.6601081
2026-04-27 13:25:50.087 10 WARNING neutron_lib.context [None req-f652b312-df60-4f42-b281-97879c1c2be4 069b517cb03d434ba308e6792c5b71b7 d7e8ffff9a284b59bfeace1202fe46c7 - - default default] Method 'is_advsvc' is deprecated since 2023.2 release (neutron-lib 3.8.0) and will be removed once support for the old RBAC API policies will be removed from Neutron. Please use method 'is_service_role' instead.
2026-04-27 13:25:50.136 9 INFO neutron.notifiers.nova [-] Nova event matching ['req-697a28f5-99a6-4e77-88d0-0b6a2deb4391'] response: {'server_uuid': 'f1a79681-42ed-4f87-b4b9-5175cbc78b3b', 'name': 'network-vif-plugged', 'status': 'completed', 'tag': 'fefdffe5-5262-48c6-bf92-7a12f4f1cd8f', 'code': 200}
2026-04-27 13:25:50.136 9 INFO neutron.notifiers.nova [-] Nova event matching ['req-697a28f5-99a6-4e77-88d0-0b6a2deb4391'] response: {'server_uuid': 'f1a79681-42ed-4f87-b4b9-5175cbc78b3b', 'name': 'network-vif-deleted', 'tag': 'fefdffe5-5262-48c6-bf92-7a12f4f1cd8f', 'status': 'completed', 'code': 200}
2026-04-27 13:25:50.334 10 WARNING neutron.scheduler.dhcp_agent_scheduler [None req-f652b312-df60-4f42-b281-97879c1c2be4 069b517cb03d434ba308e6792c5b71b7 d7e8ffff9a284b59bfeace1202fe46c7 - - default default] No more DHCP agents
2026-04-27 13:25:50.336 10 WARNING neutron.api.rpc.agentnotifiers.dhcp_rpc_agent_api [None req-f652b312-df60-4f42-b281-97879c1c2be4 069b517cb03d434ba308e6792c5b71b7 d7e8ffff9a284b59bfeace1202fe46c7 - - default default] Unable to schedule network 8a57e6ab-7766-4a4e-8c16-9928dbff6ca4: no agents available; will retry on subsequent port and subnet creation events.
2026-04-27 13:25:50.369 10 INFO neutron.db.ovn_revision_numbers_db [None req-f652b312-df60-4f42-b281-97879c1c2be4 069b517cb03d434ba308e6792c5b71b7 d7e8ffff9a284b59bfeace1202fe46c7 - - default default] Successfully bumped revision number for resource aeb8fa8c-ae50-466b-ad28-9dc137a7b76d (type: subnets) to 0
2026-04-27 13:25:50.388 10 INFO neutron.wsgi [None req-f652b312-df60-4f42-b281-97879c1c2be4 069b517cb03d434ba308e6792c5b71b7 d7e8ffff9a284b59bfeace1202fe46c7 - - default default] 10.0.0.37 "POST /v2.0/subnets HTTP/1.1" status: 201 len: 821 time: 0.3082969
2026-04-27 13:25:50.399 10 WARNING neutron_lib.context [None req-900cc2cc-4fc3-41d0-bf4e-58785cd1d268 069b517cb03d434ba308e6792c5b71b7 d7e8ffff9a284b59bfeace1202fe46c7 - - default default] Method 'is_advsvc' is deprecated since 2023.2 release (neutron-lib 3.8.0) and will be removed once support for the old RBAC API policies will be removed from Neutron. Please use method 'is_service_role' instead.
2026-04-27 13:25:50.751 10 WARNING neutron.scheduler.dhcp_agent_scheduler [None req-900cc2cc-4fc3-41d0-bf4e-58785cd1d268 069b517cb03d434ba308e6792c5b71b7 d7e8ffff9a284b59bfeace1202fe46c7 - - default default] No more DHCP agents
2026-04-27 13:25:50.755 10 WARNING neutron.api.rpc.agentnotifiers.dhcp_rpc_agent_api [None req-900cc2cc-4fc3-41d0-bf4e-58785cd1d268 069b517cb03d434ba308e6792c5b71b7 d7e8ffff9a284b59bfeace1202fe46c7 - - default default] Unable to schedule network 8a57e6ab-7766-4a4e-8c16-9928dbff6ca4: no agents available; will retry on subsequent port and subnet creation events.
2026-04-27 13:25:50.897 10 INFO neutron.db.ovn_revision_numbers_db [None req-900cc2cc-4fc3-41d0-bf4e-58785cd1d268 069b517cb03d434ba308e6792c5b71b7 d7e8ffff9a284b59bfeace1202fe46c7 - - default default] Successfully bumped revision number for resource b3792bea-4f9e-4226-812f-a9d01a2c0743 (type: ports) to 1
2026-04-27 13:25:50.924 10 INFO neutron.wsgi [None req-900cc2cc-4fc3-41d0-bf4e-58785cd1d268 069b517cb03d434ba308e6792c5b71b7 d7e8ffff9a284b59bfeace1202fe46c7 - - default default] 10.0.0.37 "POST /v2.0/ports HTTP/1.1" status: 201 len: 1164 time: 0.5305727 /var/lib/openstack/lib/python3.10/site-packages/pycadf/identifier.py:71: UserWarning: Invalid uuid: neutron. To ensure interoperability, identifiers should be a valid uuid. warnings.warn(('Invalid uuid: %s. To ensure interoperability, '
2026-04-27 13:25:51.038 9 INFO neutron.wsgi [None req-ad60832e-c7bb-4525-a7c3-2ba004713d95 16f0fa93e40e4411ab2730c3e4538e4c a41ee1dde33a414c9f55ace20d36663e - - default default] 10.0.0.37 "PUT /v2.0/routers/f71628ba-deca-44d3-9ccd-c8fe08898180/remove_router_interface HTTP/1.1" status: 200 len: 503 time: 1.1123123 /var/lib/openstack/lib/python3.10/site-packages/pycadf/identifier.py:71: UserWarning: Invalid uuid: neutron. To ensure interoperability, identifiers should be a valid uuid. warnings.warn(('Invalid uuid: %s. To ensure interoperability, '
2026-04-27 13:25:51.452 10 INFO neutron.wsgi [None req-16f364de-ba77-496a-9219-ae7bc853e6cd 069b517cb03d434ba308e6792c5b71b7 d7e8ffff9a284b59bfeace1202fe46c7 - - default default] 10.0.0.37 "DELETE /v2.0/ports/b3792bea-4f9e-4226-812f-a9d01a2c0743 HTTP/1.1" status: 204 len: 168 time: 0.5231197
2026-04-27 13:25:51.488 9 INFO neutron.pecan_wsgi.hooks.translation [None req-ea39e8f3-fd35-46b4-a596-7b4ab2e010a0 069b517cb03d434ba308e6792c5b71b7 d7e8ffff9a284b59bfeace1202fe46c7 - - default default] DELETE failed (client error): The resource could not be found.
2026-04-27 13:25:51.490 9 INFO neutron.wsgi [None req-ea39e8f3-fd35-46b4-a596-7b4ab2e010a0 069b517cb03d434ba308e6792c5b71b7 d7e8ffff9a284b59bfeace1202fe46c7 - - default default] 10.0.0.37 "DELETE /v2.0/ports/b3792bea-4f9e-4226-812f-a9d01a2c0743 HTTP/1.1" status: 404 len: 333 time: 0.0338221
2026-04-27 13:25:51.517 10 INFO neutron.pecan_wsgi.hooks.translation [None req-b5fa4c03-a48a-4858-a4ce-48e37ff1b1cc 069b517cb03d434ba308e6792c5b71b7 d7e8ffff9a284b59bfeace1202fe46c7 - - default default] GET failed (client error): The resource could not be found.
2026-04-27 13:25:51.519 10 INFO neutron.wsgi [None req-b5fa4c03-a48a-4858-a4ce-48e37ff1b1cc 069b517cb03d434ba308e6792c5b71b7 d7e8ffff9a284b59bfeace1202fe46c7 - - default default] 10.0.0.37 "GET /v2.0/ports/b3792bea-4f9e-4226-812f-a9d01a2c0743 HTTP/1.1" status: 404 len: 333 time: 0.0229392
2026-04-27 13:25:51.604 9 INFO neutron.wsgi [req-c04fe10c-b05a-43c4-a23f-879eb78ed2c2 req-3ffd569b-d181-478f-b0cb-98d692143df8 2e58a9716cbb45f2bff0df3090343795 244784a7877b4d1dbfbd40a4116ad181 - - default default] 10.0.0.127 "GET /v2.0/ports?device_id=039865d7-b46b-4d9e-bc3f-08f3065a2b5a HTTP/1.1" status: 200 len: 1174 time: 0.1222513
2026-04-27 13:25:51.666 9 INFO neutron.wsgi [req-c04fe10c-b05a-43c4-a23f-879eb78ed2c2 req-f4bb6189-64b0-4e6f-a7a1-a30b15fa5478 2e58a9716cbb45f2bff0df3090343795 244784a7877b4d1dbfbd40a4116ad181 - - default default] 10.0.0.127 "GET /v2.0/security-groups?id=d4329291-a1c3-4190-8d25-d0a27103e2c0&fields=id&fields=name HTTP/1.1" status: 200 len: 312 time: 0.0569680
2026-04-27 13:25:51.712 10 INFO neutron.wsgi [None req-de5d49e5-df61-4c11-a40d-cca43ddf0207 069b517cb03d434ba308e6792c5b71b7 d7e8ffff9a284b59bfeace1202fe46c7 - - default default] 10.0.0.37 "DELETE /v2.0/subnets/aeb8fa8c-ae50-466b-ad28-9dc137a7b76d HTTP/1.1" status: 204 len: 168 time: 0.1869764
2026-04-27 13:25:51.877 10 INFO neutron.wsgi [req-0218a0c6-5982-44d8-9a97-ca7b94dc0570 req-74287b0e-962d-42d9-a2d2-ac8199105cd4 2e58a9716cbb45f2bff0df3090343795 244784a7877b4d1dbfbd40a4116ad181 - - default default] 10.0.0.127 "GET /v2.0/ports?device_id=039865d7-b46b-4d9e-bc3f-08f3065a2b5a HTTP/1.1" status: 200 len: 1174 time: 0.1111927
2026-04-27 13:25:51.974 10 INFO neutron.wsgi [req-0218a0c6-5982-44d8-9a97-ca7b94dc0570 req-b125bab5-881a-47fe-86c6-7467a56b48f7 2e58a9716cbb45f2bff0df3090343795 244784a7877b4d1dbfbd40a4116ad181 - - default default] 10.0.0.127 "GET /v2.0/security-groups?id=d4329291-a1c3-4190-8d25-d0a27103e2c0&fields=id&fields=name HTTP/1.1" status: 200 len: 312 time: 0.0882785
2026-04-27 13:25:52.077 9 INFO neutron.wsgi [None req-39b85d7f-9868-4bb0-bb2a-e7e3d0e1b5c5 16f0fa93e40e4411ab2730c3e4538e4c a41ee1dde33a414c9f55ace20d36663e - - default default] 10.0.0.37 "DELETE /v2.0/routers/f71628ba-deca-44d3-9ccd-c8fe08898180 HTTP/1.1" status: 204 len: 168 time: 1.0327096
2026-04-27 13:25:52.173 10 INFO neutron.services.segments.plugin [-] Segment 6baf76da-d3b7-43a2-a823-3ed06292ead7 resource provider aggregate not found
2026-04-27 13:25:52.185 10 INFO neutron.services.segments.plugin [-] Segment 6baf76da-d3b7-43a2-a823-3ed06292ead7 resource provider aggregate not found
2026-04-27 13:25:52.195 10 INFO neutron.services.segments.plugin [-] Segment 6baf76da-d3b7-43a2-a823-3ed06292ead7 resource provider not found; error: Placement Client Error (4xx): {"errors": [{"status": 404, "title": "Not Found", "detail": "The resource could not be found.\n\n No resource provider with uuid 6baf76da-d3b7-43a2-a823-3ed06292ead7 found for delete ", "request_id": "req-05be7c8d-700e-46f3-a69b-f8d29213468c"}]}
2026-04-27 13:25:52.208 10 INFO neutron.services.segments.plugin [-] Segment 6baf76da-d3b7-43a2-a823-3ed06292ead7 resource provider not found; error: Placement Client Error (4xx): {"errors": [{"status": 404, "title": "Not Found", "detail": "The resource could not be found.\n\n No resource provider with uuid 6baf76da-d3b7-43a2-a823-3ed06292ead7 found for delete ", "request_id": "req-2adf40c8-e0b3-4fda-9ec3-3af313b110a3"}]}
2026-04-27 13:25:52.229 10 INFO neutron.wsgi [None req-b6bea536-4263-428e-bff9-10eaf0cf0195 069b517cb03d434ba308e6792c5b71b7 d7e8ffff9a284b59bfeace1202fe46c7 - - default default] 10.0.0.37 "DELETE /v2.0/networks/8a57e6ab-7766-4a4e-8c16-9928dbff6ca4 HTTP/1.1" status: 204 len: 168 time: 0.5106845
2026-04-27 13:25:52.238 9 WARNING neutron_lib.context [None req-f1f7c9f9-d282-44da-9098-bb29d1d9372d 069b517cb03d434ba308e6792c5b71b7 d7e8ffff9a284b59bfeace1202fe46c7 - - default default] Method 'is_advsvc' is deprecated since 2023.2 release (neutron-lib 3.8.0) and will be removed once support for the old RBAC API policies will be removed from Neutron. Please use method 'is_service_role' instead.
2026-04-27 13:25:52.313 10 INFO neutron.db.ovn_revision_numbers_db [None req-2ac6dcfe-e8db-408c-a0b8-4c477f9f16ee 16f0fa93e40e4411ab2730c3e4538e4c a41ee1dde33a414c9f55ace20d36663e - - default default] Successfully bumped revision number for resource a106609d-f32a-4d63-9b51-15c1ac35d998 (type: security_groups) to 1
2026-04-27 13:25:52.319 9 INFO neutron.wsgi [None req-7e33481a-190d-4d80-a844-32587b487b23 16f0fa93e40e4411ab2730c3e4538e4c a41ee1dde33a414c9f55ace20d36663e - - default default] 10.0.0.37 "DELETE /v2.0/subnets/33503e1e-d910-482a-802d-40e9dcec049d HTTP/1.1" status: 204 len: 168 time: 0.2329493
2026-04-27 13:25:52.328 10 INFO neutron.db.ovn_revision_numbers_db [None req-2ac6dcfe-e8db-408c-a0b8-4c477f9f16ee 16f0fa93e40e4411ab2730c3e4538e4c a41ee1dde33a414c9f55ace20d36663e - - default default] Successfully bumped revision number for resource 3451a5fb-33de-4cca-bac5-a614ebac31dc (type: security_group_rules) to 0
2026-04-27 13:25:52.354 9 INFO neutron.db.segments_db [None req-f1f7c9f9-d282-44da-9098-bb29d1d9372d 069b517cb03d434ba308e6792c5b71b7 d7e8ffff9a284b59bfeace1202fe46c7 - - default default] Added segment 79a31881-9785-428e-a971-b72b0a688a24 of type geneve for network 9a0ac3bc-48aa-4225-9edf-0c6d312be4b5
2026-04-27 13:25:52.362 10 INFO neutron.db.ovn_revision_numbers_db [None req-2ac6dcfe-e8db-408c-a0b8-4c477f9f16ee 16f0fa93e40e4411ab2730c3e4538e4c a41ee1dde33a414c9f55ace20d36663e - - default default] Successfully bumped revision number for resource 34969132-d80b-458a-9de8-f25fa2dde766 (type: security_group_rules) to 0
2026-04-27 13:25:52.382 10 INFO neutron.wsgi [req-b1bc673e-83e6-4b3f-b58e-0ba1e9d46339 req-d5991eae-8370-48c9-b631-3e63c38e8ae9 2e58a9716cbb45f2bff0df3090343795 244784a7877b4d1dbfbd40a4116ad181 - - default default] 10.0.0.127 "GET /v2.0/ports?device_id=039865d7-b46b-4d9e-bc3f-08f3065a2b5a HTTP/1.1" status: 200 len: 1174 time: 0.0450826
2026-04-27 13:25:52.383 10 INFO neutron.db.ovn_revision_numbers_db [None req-2ac6dcfe-e8db-408c-a0b8-4c477f9f16ee 16f0fa93e40e4411ab2730c3e4538e4c a41ee1dde33a414c9f55ace20d36663e - - default default] Successfully bumped revision number for resource 7a3a5120-d74a-40c9-a36a-7b4111f49820 (type: security_group_rules) to 0
2026-04-27 13:25:52.403 10 INFO neutron.db.ovn_revision_numbers_db [None req-2ac6dcfe-e8db-408c-a0b8-4c477f9f16ee 16f0fa93e40e4411ab2730c3e4538e4c a41ee1dde33a414c9f55ace20d36663e - - default default] Successfully bumped revision number for resource 937ca3ca-f7b0-438f-a506-0b986130faf4 (type: security_group_rules) to 0
2026-04-27 13:25:52.428 10 INFO neutron.wsgi [req-b1bc673e-83e6-4b3f-b58e-0ba1e9d46339 req-89dce0a9-8360-4c26-97af-7a9893603f55 2e58a9716cbb45f2bff0df3090343795 244784a7877b4d1dbfbd40a4116ad181 - - default default] 10.0.0.127 "GET /v2.0/security-groups?id=d4329291-a1c3-4190-8d25-d0a27103e2c0&fields=id&fields=name HTTP/1.1" status: 200 len: 312 time: 0.0393717
2026-04-27 13:25:52.464 10 INFO neutron.db.segments_db [None req-2ac6dcfe-e8db-408c-a0b8-4c477f9f16ee 16f0fa93e40e4411ab2730c3e4538e4c a41ee1dde33a414c9f55ace20d36663e - - default default] Added segment aefcb8ee-ac3b-4c76-ab71-f04204f724a7 of type geneve for network 136ac564-99c1-4f7f-bbc2-8eb9dca46a7a
2026-04-27 13:25:52.609 10 INFO neutron.db.ovn_revision_numbers_db [None req-2ac6dcfe-e8db-408c-a0b8-4c477f9f16ee 16f0fa93e40e4411ab2730c3e4538e4c a41ee1dde33a414c9f55ace20d36663e - - default default] Successfully bumped revision number for resource 136ac564-99c1-4f7f-bbc2-8eb9dca46a7a (type: networks) to 1
2026-04-27 13:25:52.688 9 INFO neutron.wsgi [req-9394b211-8b91-4cb8-b5ce-22bd7a170530 req-6d29e383-c0e9-4bb0-82f5-ca8e601582cd d11069f16d2e4336a38dd1c1dbd54436 e2c3e7fbca5b40f087985d81bb1e1c00 - - e3c445c6146e435ea7fb2bee9e8816e3 e3c445c6146e435ea7fb2bee9e8816e3] 199.19.213.212 "GET /v2.0/ports?tenant_id=244784a7877b4d1dbfbd40a4116ad181&device_id=039865d7-b46b-4d9e-bc3f-08f3065a2b5a HTTP/1.1" status: 200 len: 1413 time: 0.0584264
2026-04-27 13:25:52.793 10 WARNING neutron.scheduler.dhcp_agent_scheduler [None req-2ac6dcfe-e8db-408c-a0b8-4c477f9f16ee 16f0fa93e40e4411ab2730c3e4538e4c a41ee1dde33a414c9f55ace20d36663e - - default default] No more DHCP agents
2026-04-27 13:25:52.796 10 WARNING neutron.api.rpc.agentnotifiers.dhcp_rpc_agent_api [None req-2ac6dcfe-e8db-408c-a0b8-4c477f9f16ee 16f0fa93e40e4411ab2730c3e4538e4c a41ee1dde33a414c9f55ace20d36663e - - default default] Unable to schedule network 136ac564-99c1-4f7f-bbc2-8eb9dca46a7a: no agents available; will retry on subsequent port and subnet creation events.
2026-04-27 13:25:52.869 9 INFO neutron.wsgi [req-9394b211-8b91-4cb8-b5ce-22bd7a170530 req-f3a405ba-af40-4ea7-a1f8-d2990daf023a d11069f16d2e4336a38dd1c1dbd54436 e2c3e7fbca5b40f087985d81bb1e1c00 - - e3c445c6146e435ea7fb2bee9e8816e3 e3c445c6146e435ea7fb2bee9e8816e3] 199.19.213.212 "GET /v2.0/networks?id=85aed5bf-4888-4e49-9101-aa0b962ed958 HTTP/1.1" status: 200 len: 974 time: 0.1637058
2026-04-27 13:25:52.893 10 INFO neutron.db.ovn_revision_numbers_db [None req-2ac6dcfe-e8db-408c-a0b8-4c477f9f16ee 16f0fa93e40e4411ab2730c3e4538e4c a41ee1dde33a414c9f55ace20d36663e - - default default] Successfully bumped revision number for resource 6653dea2-d97a-4a40-a9d6-f2cc5c78c063 (type: ports) to 1
2026-04-27 13:25:52.907 9 INFO neutron.db.ovn_revision_numbers_db [None req-f1f7c9f9-d282-44da-9098-bb29d1d9372d 069b517cb03d434ba308e6792c5b71b7 d7e8ffff9a284b59bfeace1202fe46c7 - - default default] Successfully bumped revision number for resource 9a0ac3bc-48aa-4225-9edf-0c6d312be4b5 (type: networks) to 1
2026-04-27 13:25:52.921 10 INFO neutron.wsgi [None req-2ac6dcfe-e8db-408c-a0b8-4c477f9f16ee 16f0fa93e40e4411ab2730c3e4538e4c a41ee1dde33a414c9f55ace20d36663e - - default default] 10.0.0.37 "POST /v2.0/networks HTTP/1.1" status: 201 len: 948 time: 1.0147514
2026-04-27 13:25:52.939 9 INFO neutron.wsgi [req-9394b211-8b91-4cb8-b5ce-22bd7a170530 req-29de8d0e-379a-4289-9e02-43f9b95e5935 d11069f16d2e4336a38dd1c1dbd54436 e2c3e7fbca5b40f087985d81bb1e1c00 - - e3c445c6146e435ea7fb2bee9e8816e3 e3c445c6146e435ea7fb2bee9e8816e3] 199.19.213.212 "GET /v2.0/floatingips?fixed_ip_address=10.100.0.12&port_id=4e7d8d38-32c9-44e0-9224-e5f03eda8c3f HTTP/1.1" status: 200 len: 1060 time: 0.0538647
2026-04-27 13:25:53.026 9 INFO neutron.wsgi [req-9394b211-8b91-4cb8-b5ce-22bd7a170530 req-7a39a5d5-f710-4123-acf0-45b806317548 d11069f16d2e4336a38dd1c1dbd54436 e2c3e7fbca5b40f087985d81bb1e1c00 - - e3c445c6146e435ea7fb2bee9e8816e3 e3c445c6146e435ea7fb2bee9e8816e3] 199.19.213.212 "GET /v2.0/subnets?id=5ff6e540-2df9-4dee-b685-76c1e76fe5dc HTTP/1.1" status: 200 len: 869 time: 0.0790920
2026-04-27 13:25:53.066 9 INFO neutron.wsgi [req-9394b211-8b91-4cb8-b5ce-22bd7a170530 req-bd63d095-7fa5-48f3-8d16-80d2b6013d17 d11069f16d2e4336a38dd1c1dbd54436 e2c3e7fbca5b40f087985d81bb1e1c00 - - e3c445c6146e435ea7fb2bee9e8816e3 e3c445c6146e435ea7fb2bee9e8816e3] 199.19.213.212 "GET /v2.0/ports?network_id=85aed5bf-4888-4e49-9101-aa0b962ed958&device_owner=network%3Adhcp HTTP/1.1" status: 200 len: 210 time: 0.0311282
2026-04-27 13:25:53.082 10 WARNING neutron.scheduler.dhcp_agent_scheduler [None req-ad045e0b-ec95-4406-ae73-9ef2f2643e7b 16f0fa93e40e4411ab2730c3e4538e4c a41ee1dde33a414c9f55ace20d36663e - - default default] No more DHCP agents
2026-04-27 13:25:53.085 10 WARNING neutron.api.rpc.agentnotifiers.dhcp_rpc_agent_api [None req-ad045e0b-ec95-4406-ae73-9ef2f2643e7b 16f0fa93e40e4411ab2730c3e4538e4c a41ee1dde33a414c9f55ace20d36663e - - default default] Unable to schedule network 136ac564-99c1-4f7f-bbc2-8eb9dca46a7a: no agents available; will retry on subsequent port and subnet creation events.
2026-04-27 13:25:53.200 9 INFO neutron.wsgi [req-9394b211-8b91-4cb8-b5ce-22bd7a170530 req-33fac481-2fc2-4d3f-890d-c26ec8b8ad8c d11069f16d2e4336a38dd1c1dbd54436 e2c3e7fbca5b40f087985d81bb1e1c00 - - e3c445c6146e435ea7fb2bee9e8816e3 e3c445c6146e435ea7fb2bee9e8816e3] 199.19.213.212 "GET /v2.0/networks/85aed5bf-4888-4e49-9101-aa0b962ed958?fields=segments HTTP/1.1" status: 200 len: 212 time: 0.1245337
2026-04-27 13:25:53.227 9 WARNING neutron.scheduler.dhcp_agent_scheduler [None req-f1f7c9f9-d282-44da-9098-bb29d1d9372d 069b517cb03d434ba308e6792c5b71b7 d7e8ffff9a284b59bfeace1202fe46c7 - - default default] No more DHCP agents
2026-04-27 13:25:53.233 9 WARNING neutron.api.rpc.agentnotifiers.dhcp_rpc_agent_api [None req-f1f7c9f9-d282-44da-9098-bb29d1d9372d 069b517cb03d434ba308e6792c5b71b7 d7e8ffff9a284b59bfeace1202fe46c7 - - default default] Unable to schedule network 9a0ac3bc-48aa-4225-9edf-0c6d312be4b5: no agents available; will retry on subsequent port and subnet creation events.
2026-04-27 13:25:53.276 9 INFO neutron.services.segments.plugin [-] Segment 997cfa93-0587-4e9e-82c8-a144a5e3eb60 resource provider aggregate not found
2026-04-27 13:25:53.282 9 INFO neutron.services.segments.plugin [-] Segment 997cfa93-0587-4e9e-82c8-a144a5e3eb60 resource provider aggregate not found
2026-04-27 13:25:53.313 9 INFO neutron.services.segments.plugin [-] Segment 997cfa93-0587-4e9e-82c8-a144a5e3eb60 resource provider not found; error: Placement Client Error (4xx): {"errors": [{"status": 404, "title": "Not Found", "detail": "The resource could not be found.\n\n No resource provider with uuid 997cfa93-0587-4e9e-82c8-a144a5e3eb60 found for delete ", "request_id": "req-7b180c4e-3504-42df-bec5-85375b45af74"}]}
2026-04-27 13:25:53.314 9 INFO neutron.services.segments.plugin [-] Segment 997cfa93-0587-4e9e-82c8-a144a5e3eb60 resource provider not found; error: Placement Client Error (4xx): {"errors": [{"status": 404, "title": "Not Found", "detail": "The resource could not be found.\n\n No resource provider with uuid 997cfa93-0587-4e9e-82c8-a144a5e3eb60 found for delete ", "request_id": "req-75d40a8d-ebea-4ca0-ac8e-de187d9d60fa"}]}
2026-04-27 13:25:53.357 9 INFO neutron.wsgi [req-9394b211-8b91-4cb8-b5ce-22bd7a170530 req-b46db0f3-aab5-4089-954c-d2280f502411 d11069f16d2e4336a38dd1c1dbd54436 e2c3e7fbca5b40f087985d81bb1e1c00 - - e3c445c6146e435ea7fb2bee9e8816e3 e3c445c6146e435ea7fb2bee9e8816e3] 199.19.213.212 "GET /v2.0/networks/85aed5bf-4888-4e49-9101-aa0b962ed958?fields=provider%3Aphysical_network&fields=provider%3Anetwork_type HTTP/1.1" status: 200 len: 277 time: 0.1463325
2026-04-27 13:25:53.361 9 INFO neutron.wsgi [None req-6d71e968-1fc9-44a8-ae04-c2b1bffa6056 16f0fa93e40e4411ab2730c3e4538e4c a41ee1dde33a414c9f55ace20d36663e - - default default] 10.0.0.37 "DELETE /v2.0/networks/8c13a927-7164-4c2b-a049-5675dc5aced7 HTTP/1.1" status: 204 len: 168 time: 1.0372913
2026-04-27 13:25:53.398 9 INFO neutron.db.ovn_revision_numbers_db [None req-f1f7c9f9-d282-44da-9098-bb29d1d9372d 069b517cb03d434ba308e6792c5b71b7 d7e8ffff9a284b59bfeace1202fe46c7 - - default default] Successfully bumped revision number for resource 7dbd9bf9-c3bc-4206-bc3f-fa6377f53877 (type: ports) to 1
2026-04-27 13:25:53.418 9 INFO neutron.wsgi [None req-f1f7c9f9-d282-44da-9098-bb29d1d9372d 069b517cb03d434ba308e6792c5b71b7 d7e8ffff9a284b59bfeace1202fe46c7 - - default default] 10.0.0.37 "POST /v2.0/networks HTTP/1.1" status: 201 len: 834 time: 1.1835537
2026-04-27 13:25:53.427 9 WARNING neutron_lib.context [None req-f4392a92-6397-4eb1-8fda-43d73857951f 069b517cb03d434ba308e6792c5b71b7 d7e8ffff9a284b59bfeace1202fe46c7 - - default default] Method 'is_advsvc' is deprecated since 2023.2 release (neutron-lib 3.8.0) and will be removed once support for the old RBAC API policies will be removed from Neutron. Please use method 'is_service_role' instead.
2026-04-27 13:25:53.569 9 INFO neutron.wsgi [req-1006db05-1977-4ea1-b83f-df3ee6605363 req-331f6998-0d96-4149-bb34-c02c334a91df 2e58a9716cbb45f2bff0df3090343795 244784a7877b4d1dbfbd40a4116ad181 - - default default] 10.0.0.127 "GET /v2.0/ports?device_id=039865d7-b46b-4d9e-bc3f-08f3065a2b5a HTTP/1.1" status: 200 len: 1174 time: 0.0668466
2026-04-27 13:25:53.574 10 INFO neutron.plugins.ml2.drivers.ovn.mech_driver.mech_driver [None req-4f637257-9aab-472a-9b1e-ad903caf13b0 - - - - - -] OVN reports status down for port: 4e7d8d38-32c9-44e0-9224-e5f03eda8c3f
2026-04-27 13:25:53.575 9 INFO neutron.wsgi [None req-5922b3a7-16c4-4041-af9c-bff9ce4c8dca 16f0fa93e40e4411ab2730c3e4538e4c a41ee1dde33a414c9f55ace20d36663e - - default default] 10.0.0.37 "GET /v2.0/security-groups?tenant_id=4bd9b262f41c45b289933608d8670c52&name=default HTTP/1.1" status: 200 len: 2996 time: 0.0856755
2026-04-27 13:25:53.630 9 INFO neutron.wsgi [req-1006db05-1977-4ea1-b83f-df3ee6605363 req-1bbfc7cc-ca9f-4d25-849d-c662f97c5b02 2e58a9716cbb45f2bff0df3090343795 244784a7877b4d1dbfbd40a4116ad181 - - default default] 10.0.0.127 "GET /v2.0/security-groups?id=d4329291-a1c3-4190-8d25-d0a27103e2c0&fields=id&fields=name HTTP/1.1" status: 200 len: 312 time: 0.0410461
2026-04-27 13:25:53.687 10 INFO neutron.db.ovn_revision_numbers_db [None req-ad045e0b-ec95-4406-ae73-9ef2f2643e7b 16f0fa93e40e4411ab2730c3e4538e4c a41ee1dde33a414c9f55ace20d36663e - - default default] Successfully bumped revision number for resource 6653dea2-d97a-4a40-a9d6-f2cc5c78c063 (type: ports) to 2
2026-04-27 13:25:53.739 9 WARNING neutron.scheduler.dhcp_agent_scheduler [None req-f4392a92-6397-4eb1-8fda-43d73857951f 069b517cb03d434ba308e6792c5b71b7 d7e8ffff9a284b59bfeace1202fe46c7 - - default default] No more DHCP agents
2026-04-27 13:25:53.743 9 WARNING neutron.api.rpc.agentnotifiers.dhcp_rpc_agent_api [None req-f4392a92-6397-4eb1-8fda-43d73857951f 069b517cb03d434ba308e6792c5b71b7 d7e8ffff9a284b59bfeace1202fe46c7 - - default default] Unable to schedule network 9a0ac3bc-48aa-4225-9edf-0c6d312be4b5: no agents available; will retry on subsequent port and subnet creation events.
2026-04-27 13:25:53.780 10 INFO neutron.db.ovn_revision_numbers_db [None req-ad045e0b-ec95-4406-ae73-9ef2f2643e7b 16f0fa93e40e4411ab2730c3e4538e4c a41ee1dde33a414c9f55ace20d36663e - - default default] Successfully bumped revision number for resource dd63dead-c51b-4c59-af2b-f121730add5f (type: subnets) to 0
2026-04-27 13:25:53.793 9 INFO neutron.db.ovn_revision_numbers_db [None req-f4392a92-6397-4eb1-8fda-43d73857951f 069b517cb03d434ba308e6792c5b71b7 d7e8ffff9a284b59bfeace1202fe46c7 - - default default] Successfully bumped revision number for resource aeceb657-96bf-4b15-aa19-27280e6ad68c (type: subnets) to 0
2026-04-27 13:25:53.802 10 INFO neutron.notifiers.nova [-] Nova event matching ['req-fbca5d1c-2f5a-4d7c-831d-8b61bef07fcc'] response: {'server_uuid': '039865d7-b46b-4d9e-bc3f-08f3065a2b5a', 'name': 'network-vif-unplugged', 'status': 'completed', 'tag': '4e7d8d38-32c9-44e0-9224-e5f03eda8c3f', 'code': 200}
2026-04-27 13:25:53.808 10 INFO neutron.wsgi [None req-ad045e0b-ec95-4406-ae73-9ef2f2643e7b 16f0fa93e40e4411ab2730c3e4538e4c a41ee1dde33a414c9f55ace20d36663e - - default default] 10.0.0.37 "POST /v2.0/subnets HTTP/1.1" status: 201 len: 868 time: 0.8833914
