2026-04-27 13:29:12.485 9 WARNING neutron_lib.context [None req-8e975e17-ce36-455a-8029-bde8f9211104 003186d90b874e6684d04e1c0fbe22f6 19ec379afb85430c8d5eaa667e013aa0 - - default default] Method 'is_advsvc' is deprecated since 2023.2 release (neutron-lib 3.8.0) and will be removed once support for the old RBAC API policies will be removed from Neutron. Please use method 'is_service_role' instead.
2026-04-27 13:29:12.513 9 INFO neutron.db.securitygroups_db [None req-8e975e17-ce36-455a-8029-bde8f9211104 003186d90b874e6684d04e1c0fbe22f6 19ec379afb85430c8d5eaa667e013aa0 - - default default] Project 19ec379afb85430c8d5eaa667e013aa0 added a security group rule with legacy IPv6 ICMP protocol name icmp, ipv6-icmp should be used instead. It was automatically converted.
2026-04-27 13:29:12.603 9 INFO neutron.db.ovn_revision_numbers_db [None req-8e975e17-ce36-455a-8029-bde8f9211104 003186d90b874e6684d04e1c0fbe22f6 19ec379afb85430c8d5eaa667e013aa0 - - default default] Successfully bumped revision number for resource 233e0cdb-3d78-4dad-9f69-1cee10784f8a (type: security_group_rules) to 0
2026-04-27 13:29:12.637 9 INFO neutron.wsgi [None req-8e975e17-ce36-455a-8029-bde8f9211104 003186d90b874e6684d04e1c0fbe22f6 19ec379afb85430c8d5eaa667e013aa0 - - default default] 10.0.0.37 "POST /v2.0/security-group-rules HTTP/1.1" status: 201 len: 774 time: 0.1567469
2026-04-27 13:29:12.648 9 WARNING neutron_lib.context [None req-276f1624-e22b-45a7-928d-f820b1cc0f52 003186d90b874e6684d04e1c0fbe22f6 19ec379afb85430c8d5eaa667e013aa0 - - default default] Method 'is_advsvc' is deprecated since 2023.2 release (neutron-lib 3.8.0) and will be removed once support for the old RBAC API policies will be removed from Neutron. Please use method 'is_service_role' instead.
2026-04-27 13:29:12.665 9 INFO neutron.db.securitygroups_db [None req-276f1624-e22b-45a7-928d-f820b1cc0f52 003186d90b874e6684d04e1c0fbe22f6 19ec379afb85430c8d5eaa667e013aa0 - - default default] Project 19ec379afb85430c8d5eaa667e013aa0 added a security group rule with legacy IPv6 ICMP protocol name icmp, ipv6-icmp should be used instead. It was automatically converted.
2026-04-27 13:29:12.773 9 INFO neutron.db.ovn_revision_numbers_db [None req-276f1624-e22b-45a7-928d-f820b1cc0f52 003186d90b874e6684d04e1c0fbe22f6 19ec379afb85430c8d5eaa667e013aa0 - - default default] Successfully bumped revision number for resource 6fa63016-69c4-4f33-bed1-10fb324dc02c (type: security_group_rules) to 0
2026-04-27 13:29:12.803 9 INFO neutron.wsgi [None req-276f1624-e22b-45a7-928d-f820b1cc0f52 003186d90b874e6684d04e1c0fbe22f6 19ec379afb85430c8d5eaa667e013aa0 - - default default] 10.0.0.37 "POST /v2.0/security-group-rules HTTP/1.1" status: 201 len: 773 time: 0.1604793
2026-04-27 13:29:13.290 10 WARNING neutron_lib.context [None req-2964d309-e380-4b31-a1cd-6342851f3e3f 003186d90b874e6684d04e1c0fbe22f6 19ec379afb85430c8d5eaa667e013aa0 - - default default] Method 'is_advsvc' is deprecated since 2023.2 release (neutron-lib 3.8.0) and will be removed once support for the old RBAC API policies will be removed from Neutron. Please use method 'is_service_role' instead.
2026-04-27 13:29:13.420 10 INFO neutron.db.ovn_revision_numbers_db [None req-2964d309-e380-4b31-a1cd-6342851f3e3f 003186d90b874e6684d04e1c0fbe22f6 19ec379afb85430c8d5eaa667e013aa0 - - default default] Successfully bumped revision number for resource 54e7cf72-556c-4eeb-bca8-f3eca5e9b031 (type: security_groups) to 1
2026-04-27 13:29:13.440 10 INFO neutron.db.ovn_revision_numbers_db [None req-2964d309-e380-4b31-a1cd-6342851f3e3f 003186d90b874e6684d04e1c0fbe22f6 19ec379afb85430c8d5eaa667e013aa0 - - default default] Successfully bumped revision number for resource 3c48769a-7f7b-4a62-aeed-03bb240a3654 (type: security_group_rules) to 0
2026-04-27 13:29:13.489 10 INFO neutron.db.ovn_revision_numbers_db [None req-2964d309-e380-4b31-a1cd-6342851f3e3f 003186d90b874e6684d04e1c0fbe22f6 19ec379afb85430c8d5eaa667e013aa0 - - default default] Successfully bumped revision number for resource 424430a6-7b92-4e0a-84fe-d4d4b1f60688 (type: security_group_rules) to 0
2026-04-27 13:29:13.536 10 INFO neutron.wsgi [None req-2964d309-e380-4b31-a1cd-6342851f3e3f 003186d90b874e6684d04e1c0fbe22f6 19ec379afb85430c8d5eaa667e013aa0 - - default default] 10.0.0.37 "POST /v2.0/security-groups HTTP/1.1" status: 201 len: 1797 time: 0.2496572
2026-04-27 13:29:13.548 10 WARNING neutron_lib.context [None req-7158072e-5699-484c-a78d-1e3625535c7a 003186d90b874e6684d04e1c0fbe22f6 19ec379afb85430c8d5eaa667e013aa0 - - default default] Method 'is_advsvc' is deprecated since 2023.2 release (neutron-lib 3.8.0) and will be removed once support for the old RBAC API policies will be removed from Neutron. Please use method 'is_service_role' instead.
2026-04-27 13:29:13.694 10 INFO neutron.db.ovn_revision_numbers_db [None req-7158072e-5699-484c-a78d-1e3625535c7a 003186d90b874e6684d04e1c0fbe22f6 19ec379afb85430c8d5eaa667e013aa0 - - default default] Successfully bumped revision number for resource 3a592bdd-2463-408f-89a5-f8d087acd2ff (type: security_group_rules) to 0
2026-04-27 13:29:13.719 10 INFO neutron.wsgi [None req-7158072e-5699-484c-a78d-1e3625535c7a 003186d90b874e6684d04e1c0fbe22f6 19ec379afb85430c8d5eaa667e013aa0 - - default default] 10.0.0.37 "POST /v2.0/security-group-rules HTTP/1.1" status: 201 len: 764 time: 0.1767621
2026-04-27 13:29:13.735 10 WARNING neutron_lib.context [None req-eb28ebb5-1a92-443b-baa9-bcfb74a5a76c 003186d90b874e6684d04e1c0fbe22f6 19ec379afb85430c8d5eaa667e013aa0 - - default default] Method 'is_advsvc' is deprecated since 2023.2 release (neutron-lib 3.8.0) and will be removed once support for the old RBAC API policies will be removed from Neutron. Please use method 'is_service_role' instead.
2026-04-27 13:29:13.892 10 INFO neutron.db.ovn_revision_numbers_db [None req-eb28ebb5-1a92-443b-baa9-bcfb74a5a76c 003186d90b874e6684d04e1c0fbe22f6 19ec379afb85430c8d5eaa667e013aa0 - - default default] Successfully bumped revision number for resource 89acd62d-cbd6-4f27-957e-279cfaae4a3b (type: security_group_rules) to 0
2026-04-27 13:29:13.922 10 INFO neutron.wsgi [None req-eb28ebb5-1a92-443b-baa9-bcfb74a5a76c 003186d90b874e6684d04e1c0fbe22f6 19ec379afb85430c8d5eaa667e013aa0 - - default default] 10.0.0.37 "POST /v2.0/security-group-rules HTTP/1.1" status: 201 len: 769 time: 0.1945603
2026-04-27 13:29:13.931 10 WARNING neutron_lib.context [None req-2c735c3b-9d41-4ca2-8375-28a66b62ef63 003186d90b874e6684d04e1c0fbe22f6 19ec379afb85430c8d5eaa667e013aa0 - - default default] Method 'is_advsvc' is deprecated since 2023.2 release (neutron-lib 3.8.0) and will be removed once support for the old RBAC API policies will be removed from Neutron. Please use method 'is_service_role' instead.
2026-04-27 13:29:14.179 10 WARNING neutron.scheduler.dhcp_agent_scheduler [None req-2c735c3b-9d41-4ca2-8375-28a66b62ef63 003186d90b874e6684d04e1c0fbe22f6 19ec379afb85430c8d5eaa667e013aa0 - - default default] No more DHCP agents
2026-04-27 13:29:14.181 10 WARNING neutron.api.rpc.agentnotifiers.dhcp_rpc_agent_api [None req-2c735c3b-9d41-4ca2-8375-28a66b62ef63 003186d90b874e6684d04e1c0fbe22f6 19ec379afb85430c8d5eaa667e013aa0 - - default default] Unable to schedule network 7bfb196b-a5fa-4414-9c90-f4537a7d938f: no agents available; will retry on subsequent port and subnet creation events.
2026-04-27 13:29:14.456 10 WARNING neutron.plugins.ml2.drivers.ovn.mech_driver.ovsdb.ovn_client [None req-4f637257-9aab-472a-9b1e-ad903caf13b0 - - - - - -] No hosting information found for port 070ca5f7-f446-4dd5-a0f6-04ad76a8eceb: RuntimeError: No hosting information found for port 070ca5f7-f446-4dd5-a0f6-04ad76a8eceb
2026-04-27 13:29:14.541 10 INFO neutron.db.ovn_revision_numbers_db [None req-2c735c3b-9d41-4ca2-8375-28a66b62ef63 003186d90b874e6684d04e1c0fbe22f6 19ec379afb85430c8d5eaa667e013aa0 - - default default] Successfully bumped revision number for resource 7691a489-f09c-4fc7-8ace-f2b91800c8a6 (type: floatingips) to 0
2026-04-27 13:29:14.560 10 INFO neutron.wsgi [None req-2c735c3b-9d41-4ca2-8375-28a66b62ef63 003186d90b874e6684d04e1c0fbe22f6 19ec379afb85430c8d5eaa667e013aa0 - - default default] 10.0.0.37 "POST /v2.0/floatingips HTTP/1.1" status: 201 len: 751 time: 0.6334174
2026-04-27 13:29:14.699 9 INFO neutron.wsgi [req-c5cede10-0bea-4f2c-acff-079a91c22cae req-b41e5ac4-d049-453c-bcce-b677a9099bc6 003186d90b874e6684d04e1c0fbe22f6 19ec379afb85430c8d5eaa667e013aa0 - - default default] 10.0.0.127 "GET /v2.0/security-groups?name=tempest-secgroup-smoke-249522394&fields=id&tenant_id=19ec379afb85430c8d5eaa667e013aa0 HTTP/1.1" status: 200 len: 267 time: 0.0387650
2026-04-27 13:29:14.745 9 INFO neutron.wsgi [req-c5cede10-0bea-4f2c-acff-079a91c22cae req-e1009c8a-ac4f-4aee-a59c-302d4d6db208 003186d90b874e6684d04e1c0fbe22f6 19ec379afb85430c8d5eaa667e013aa0 - - default default] 10.0.0.127 "GET /v2.0/security-groups?name=tempest-securitygroup--1024216336&fields=id&tenant_id=19ec379afb85430c8d5eaa667e013aa0 HTTP/1.1" status: 200 len: 267 time: 0.0392058
2026-04-27 13:29:14.827 9 INFO neutron.wsgi [req-c5cede10-0bea-4f2c-acff-079a91c22cae req-b5e68985-46c6-4fff-8247-8bac5679f064 003186d90b874e6684d04e1c0fbe22f6 19ec379afb85430c8d5eaa667e013aa0 - - default default] 10.0.0.127 "GET /v2.0/networks?id=c203f5e9-5dc7-4a21-a921-0c3addfc856f HTTP/1.1" status: 200 len: 872 time: 0.0755990
2026-04-27 13:29:14.844 9 INFO neutron.wsgi [req-c5cede10-0bea-4f2c-acff-079a91c22cae req-0c9922a7-6d0f-452c-8164-15acbebadc5c 003186d90b874e6684d04e1c0fbe22f6 19ec379afb85430c8d5eaa667e013aa0 - - default default] 10.0.0.127 "GET /v2.0/quotas/19ec379afb85430c8d5eaa667e013aa0 HTTP/1.1" status: 200 len: 386 time: 0.0109251
2026-04-27 13:29:14.965 9 INFO neutron.wsgi [req-c5cede10-0bea-4f2c-acff-079a91c22cae req-3234259b-5294-4278-b426-297a95478ae1 003186d90b874e6684d04e1c0fbe22f6 19ec379afb85430c8d5eaa667e013aa0 - - default default] 10.0.0.127 "GET /v2.0/ports?tenant_id=19ec379afb85430c8d5eaa667e013aa0&fields=id HTTP/1.1" status: 200 len: 302 time: 0.1131313
2026-04-27 13:29:15.044 9 INFO neutron.wsgi [req-c5cede10-0bea-4f2c-acff-079a91c22cae req-89d6150b-57e5-4649-b76f-b882ac794b35 d11069f16d2e4336a38dd1c1dbd54436 e2c3e7fbca5b40f087985d81bb1e1c00 - - e3c445c6146e435ea7fb2bee9e8816e3 e3c445c6146e435ea7fb2bee9e8816e3] 10.0.0.127 "GET /v2.0/networks/c203f5e9-5dc7-4a21-a921-0c3addfc856f?fields=segments HTTP/1.1" status: 200 len: 212 time: 0.0666633
2026-04-27 13:29:15.111 9 INFO neutron.wsgi [req-c5cede10-0bea-4f2c-acff-079a91c22cae req-689045cf-dada-4907-a954-dd87040835a7 d11069f16d2e4336a38dd1c1dbd54436 e2c3e7fbca5b40f087985d81bb1e1c00 - - e3c445c6146e435ea7fb2bee9e8816e3 e3c445c6146e435ea7fb2bee9e8816e3] 10.0.0.127 "GET /v2.0/networks/c203f5e9-5dc7-4a21-a921-0c3addfc856f?fields=provider%3Aphysical_network&fields=provider%3Anetwork_type HTTP/1.1" status: 200 len: 277 time: 0.0595145
2026-04-27 13:29:15.281 10 INFO neutron.wsgi [req-afbf70a3-0b8f-47a1-bf56-6a27c7813215 req-63ec44f7-0aa7-4aa0-b133-bb41cfdf902c 003186d90b874e6684d04e1c0fbe22f6 19ec379afb85430c8d5eaa667e013aa0 - - default default] 10.0.0.127 "GET /v2.0/ports?device_id=8b870373-1700-4a82-a9d5-36d4ada92fc4 HTTP/1.1" status: 200 len: 210 time: 0.0266716
2026-04-27 13:29:15.647 9 INFO neutron.wsgi [-] 10.0.0.81 "GET / HTTP/1.1" status: 200 len: 245 time: 0.0020843
2026-04-27 13:29:15.649 10 INFO neutron.wsgi [-] 10.0.0.81 "GET / HTTP/1.1" status: 200 len: 245 time: 0.0030434
2026-04-27 13:29:15.890 10 WARNING neutron_lib.context [None req-0f8d48c7-759e-4a8d-8fb1-2aa4ad2fca99 4e0d02b8ace042d199aa81d3a1e0d392 d84b66a07c0f4b9fa719110e759ec4ee - - default default] Method 'is_advsvc' is deprecated since 2023.2 release (neutron-lib 3.8.0) and will be removed once support for the old RBAC API policies will be removed from Neutron. Please use method 'is_service_role' instead.
2026-04-27 13:29:16.059 10 WARNING neutron_lib.context [None req-431b033e-91c4-4650-9925-26e17b0708b6 68baba6bd77848cf8088c33d6d0111bb 3a23543ed40f4ce6851e33ef51e984ee - - default default] Method 'is_advsvc' is deprecated since 2023.2 release (neutron-lib 3.8.0) and will be removed once support for the old RBAC API policies will be removed from Neutron. Please use method 'is_service_role' instead.
2026-04-27 13:29:16.070 10 INFO neutron.db.ovn_revision_numbers_db [None req-0f8d48c7-759e-4a8d-8fb1-2aa4ad2fca99 4e0d02b8ace042d199aa81d3a1e0d392 d84b66a07c0f4b9fa719110e759ec4ee - - default default] Successfully bumped revision number for resource 058212eb-a972-41be-8258-08847c0a932a (type: security_groups) to 1
2026-04-27 13:29:16.088 10 INFO neutron.db.ovn_revision_numbers_db [None req-0f8d48c7-759e-4a8d-8fb1-2aa4ad2fca99 4e0d02b8ace042d199aa81d3a1e0d392 d84b66a07c0f4b9fa719110e759ec4ee - - default default] Successfully bumped revision number for resource 52bb4938-3c71-4019-b9a9-11aed3a6a11d (type: security_group_rules) to 0
2026-04-27 13:29:16.121 10 INFO neutron.db.ovn_revision_numbers_db [None req-0f8d48c7-759e-4a8d-8fb1-2aa4ad2fca99 4e0d02b8ace042d199aa81d3a1e0d392 d84b66a07c0f4b9fa719110e759ec4ee - - default default] Successfully bumped revision number for resource 72ef2ac1-d5c5-4f50-bc8d-9c49398967f3 (type: security_group_rules) to 0
2026-04-27 13:29:16.159 10 INFO neutron.db.ovn_revision_numbers_db [None req-0f8d48c7-759e-4a8d-8fb1-2aa4ad2fca99 4e0d02b8ace042d199aa81d3a1e0d392 d84b66a07c0f4b9fa719110e759ec4ee - - default default] Successfully bumped revision number for resource f0eaccd4-bb19-4fd3-9ffe-c096174aab43 (type: security_group_rules) to 0
2026-04-27 13:29:16.184 10 INFO neutron.db.ovn_revision_numbers_db [None req-0f8d48c7-759e-4a8d-8fb1-2aa4ad2fca99 4e0d02b8ace042d199aa81d3a1e0d392 d84b66a07c0f4b9fa719110e759ec4ee - - default default] Successfully bumped revision number for resource f681b463-4468-479d-8247-7214d274d6c9 (type: security_group_rules) to 0
2026-04-27 13:29:16.226 10 INFO neutron.db.ovn_revision_numbers_db [None req-431b033e-91c4-4650-9925-26e17b0708b6 68baba6bd77848cf8088c33d6d0111bb 3a23543ed40f4ce6851e33ef51e984ee - - default default] Successfully bumped revision number for resource 36f8fbd2-a86a-41eb-b67e-049d0b4faca0 (type: routers) to 1
2026-04-27 13:29:16.236 10 INFO neutron.db.segments_db [None req-0f8d48c7-759e-4a8d-8fb1-2aa4ad2fca99 4e0d02b8ace042d199aa81d3a1e0d392 d84b66a07c0f4b9fa719110e759ec4ee - - default default] Added segment ce321a1d-f156-48f9-8a37-a02708243bb4 of type geneve for network 645af9b4-7c0f-432a-8078-69f4f0ddd923
2026-04-27 13:29:16.243 9 INFO neutron.wsgi [req-c5cede10-0bea-4f2c-acff-079a91c22cae req-df8d7cd3-b1f2-4870-8cc5-de2e9d223706 003186d90b874e6684d04e1c0fbe22f6 19ec379afb85430c8d5eaa667e013aa0 - - default default] 199.19.213.212 "GET /v2.0/networks?id=c203f5e9-5dc7-4a21-a921-0c3addfc856f HTTP/1.1" status: 200 len: 872 time: 0.0920789
2026-04-27 13:29:16.249 10 INFO neutron.wsgi [None req-431b033e-91c4-4650-9925-26e17b0708b6 68baba6bd77848cf8088c33d6d0111bb 3a23543ed40f4ce6851e33ef51e984ee - - default default] 10.0.0.37 "POST /v2.0/routers HTTP/1.1" status: 201 len: 654 time: 0.2403362
2026-04-27 13:29:16.264 9 WARNING neutron_lib.context [None req-ebd9ea3b-f24f-4acf-831d-e3c883d21974 68baba6bd77848cf8088c33d6d0111bb 3a23543ed40f4ce6851e33ef51e984ee - - default default] Method 'is_advsvc' is deprecated since 2023.2 release (neutron-lib 3.8.0) and will be removed once support for the old RBAC API policies will be removed from Neutron. Please use method 'is_service_role' instead.
2026-04-27 13:29:16.320 9 INFO neutron.wsgi [req-c5cede10-0bea-4f2c-acff-079a91c22cae req-de56abc3-f712-4c63-a324-24f53fc517cc 003186d90b874e6684d04e1c0fbe22f6 19ec379afb85430c8d5eaa667e013aa0 - - default default] 199.19.213.212 "GET /v2.0/security-groups?fields=id&fields=name&tenant_id=19ec379afb85430c8d5eaa667e013aa0 HTTP/1.1" status: 200 len: 472 time: 0.0662534
2026-04-27 13:29:16.352 9 WARNING neutron_lib.context [req-c5cede10-0bea-4f2c-acff-079a91c22cae req-2c059da1-57b1-4fa1-be41-4b69972f9bed 003186d90b874e6684d04e1c0fbe22f6 19ec379afb85430c8d5eaa667e013aa0 - - default default] Method 'is_advsvc' is deprecated since 2023.2 release (neutron-lib 3.8.0) and will be removed once support for the old RBAC API policies will be removed from Neutron. Please use method 'is_service_role' instead.
2026-04-27 13:29:16.394 10 INFO neutron.db.ovn_revision_numbers_db [None req-0f8d48c7-759e-4a8d-8fb1-2aa4ad2fca99 4e0d02b8ace042d199aa81d3a1e0d392 d84b66a07c0f4b9fa719110e759ec4ee - - default default] Successfully bumped revision number for resource 645af9b4-7c0f-432a-8078-69f4f0ddd923 (type: networks) to 1
2026-04-27 13:29:16.406 9 INFO neutron.wsgi [req-77e87671-b24b-4523-953c-4c5de2bc7476 req-55ed4c93-008e-4178-a948-48526c061c28 003186d90b874e6684d04e1c0fbe22f6 19ec379afb85430c8d5eaa667e013aa0 - - default default] 10.0.0.127 "GET /v2.0/ports?device_id=8b870373-1700-4a82-a9d5-36d4ada92fc4 HTTP/1.1" status: 200 len: 210 time: 0.0642302
2026-04-27 13:29:16.496 9 INFO neutron.db.ovn_revision_numbers_db [None req-ebd9ea3b-f24f-4acf-831d-e3c883d21974 68baba6bd77848cf8088c33d6d0111bb 3a23543ed40f4ce6851e33ef51e984ee - - default default] Successfully bumped revision number for resource 3b94ac8d-f6e6-49ac-97ff-6e87d5321fa1 (type: routers) to 1
2026-04-27 13:29:16.519 9 INFO neutron.wsgi [None req-ebd9ea3b-f24f-4acf-831d-e3c883d21974 68baba6bd77848cf8088c33d6d0111bb 3a23543ed40f4ce6851e33ef51e984ee - - default default] 10.0.0.37 "POST /v2.0/routers HTTP/1.1" status: 201 len: 654 time: 0.2625005
2026-04-27 13:29:16.530 10 WARNING neutron_lib.context [None req-675a59f0-43ae-4ff3-a594-f846654e823f 68baba6bd77848cf8088c33d6d0111bb 3a23543ed40f4ce6851e33ef51e984ee - - default default] Method 'is_advsvc' is deprecated since 2023.2 release (neutron-lib 3.8.0) and will be removed once support for the old RBAC API policies will be removed from Neutron. Please use method 'is_service_role' instead.
2026-04-27 13:29:16.618 10 WARNING neutron.scheduler.dhcp_agent_scheduler [None req-0f8d48c7-759e-4a8d-8fb1-2aa4ad2fca99 4e0d02b8ace042d199aa81d3a1e0d392 d84b66a07c0f4b9fa719110e759ec4ee - - default default] No more DHCP agents
2026-04-27 13:29:16.633 10 WARNING neutron.api.rpc.agentnotifiers.dhcp_rpc_agent_api [None req-0f8d48c7-759e-4a8d-8fb1-2aa4ad2fca99 4e0d02b8ace042d199aa81d3a1e0d392 d84b66a07c0f4b9fa719110e759ec4ee - - default default] Unable to schedule network 645af9b4-7c0f-432a-8078-69f4f0ddd923: no agents available; will retry on subsequent port and subnet creation events.
2026-04-27 13:29:16.718 10 INFO neutron.db.ovn_revision_numbers_db [None req-675a59f0-43ae-4ff3-a594-f846654e823f 68baba6bd77848cf8088c33d6d0111bb 3a23543ed40f4ce6851e33ef51e984ee - - default default] Successfully bumped revision number for resource f48f956a-ba29-4a23-8bf7-12f3f800799b (type: routers) to 1
2026-04-27 13:29:16.740 10 INFO neutron.wsgi [None req-675a59f0-43ae-4ff3-a594-f846654e823f 68baba6bd77848cf8088c33d6d0111bb 3a23543ed40f4ce6851e33ef51e984ee - - default default] 10.0.0.37 "POST /v2.0/routers HTTP/1.1" status: 201 len: 654 time: 0.2155383
2026-04-27 13:29:16.753 10 WARNING neutron_lib.context [None req-e8243c50-af56-4bf5-9a73-e91e5298c1f8 68baba6bd77848cf8088c33d6d0111bb 3a23543ed40f4ce6851e33ef51e984ee - - default default] Method 'is_advsvc' is deprecated since 2023.2 release (neutron-lib 3.8.0) and will be removed once support for the old RBAC API policies will be removed from Neutron. Please use method 'is_service_role' instead.
2026-04-27 13:29:16.762 10 INFO neutron.db.ovn_revision_numbers_db [None req-0f8d48c7-759e-4a8d-8fb1-2aa4ad2fca99 4e0d02b8ace042d199aa81d3a1e0d392 d84b66a07c0f4b9fa719110e759ec4ee - - default default] Successfully bumped revision number for resource 8b04912c-edfa-4867-9c99-fb10f06c1c29 (type: ports) to 1
2026-04-27 13:29:16.783 10 INFO neutron.wsgi [None req-0f8d48c7-759e-4a8d-8fb1-2aa4ad2fca99 4e0d02b8ace042d199aa81d3a1e0d392 d84b66a07c0f4b9fa719110e759ec4ee - - default default] 10.0.0.37 "POST /v2.0/networks HTTP/1.1" status: 201 len: 831 time: 1.0438452 /var/lib/openstack/lib/python3.10/site-packages/pycadf/identifier.py:71: UserWarning: Invalid uuid: neutron. To ensure interoperability, identifiers should be a valid uuid. warnings.warn(('Invalid uuid: %s. To ensure interoperability, '
2026-04-27 13:29:16.799 9 WARNING neutron_lib.context [None req-7e3713ca-7013-4898-ad11-de0c231a1f4e 4e0d02b8ace042d199aa81d3a1e0d392 d84b66a07c0f4b9fa719110e759ec4ee - - default default] Method 'is_advsvc' is deprecated since 2023.2 release (neutron-lib 3.8.0) and will be removed once support for the old RBAC API policies will be removed from Neutron. Please use method 'is_service_role' instead.
2026-04-27 13:29:16.813 9 WARNING neutron.scheduler.dhcp_agent_scheduler [req-c5cede10-0bea-4f2c-acff-079a91c22cae req-2c059da1-57b1-4fa1-be41-4b69972f9bed 003186d90b874e6684d04e1c0fbe22f6 19ec379afb85430c8d5eaa667e013aa0 - - default default] No more DHCP agents
2026-04-27 13:29:16.826 9 WARNING neutron.api.rpc.agentnotifiers.dhcp_rpc_agent_api [req-c5cede10-0bea-4f2c-acff-079a91c22cae req-2c059da1-57b1-4fa1-be41-4b69972f9bed 003186d90b874e6684d04e1c0fbe22f6 19ec379afb85430c8d5eaa667e013aa0 - - default default] Unable to schedule network c203f5e9-5dc7-4a21-a921-0c3addfc856f: no agents available; will retry on subsequent port and subnet creation events.
2026-04-27 13:29:16.890 10 INFO neutron.db.ovn_revision_numbers_db [None req-e8243c50-af56-4bf5-9a73-e91e5298c1f8 68baba6bd77848cf8088c33d6d0111bb 3a23543ed40f4ce6851e33ef51e984ee - - default default] Successfully bumped revision number for resource 03d8d6f0-3ee8-4baf-8606-381ea39a5451 (type: routers) to 1
2026-04-27 13:29:16.905 10 INFO neutron.wsgi [None req-e8243c50-af56-4bf5-9a73-e91e5298c1f8 68baba6bd77848cf8088c33d6d0111bb 3a23543ed40f4ce6851e33ef51e984ee - - default default] 10.0.0.37 "POST /v2.0/routers HTTP/1.1" status: 201 len: 654 time: 0.1572258
2026-04-27 13:29:16.916 10 WARNING neutron_lib.context [None req-59f46e43-ceb9-4e60-9129-624f7a902f1a 68baba6bd77848cf8088c33d6d0111bb 3a23543ed40f4ce6851e33ef51e984ee - - default default] Method 'is_advsvc' is deprecated since 2023.2 release (neutron-lib 3.8.0) and will be removed once support for the old RBAC API policies will be removed from Neutron. Please use method 'is_service_role' instead.
2026-04-27 13:29:17.068 9 INFO neutron.db.ovn_revision_numbers_db [req-c5cede10-0bea-4f2c-acff-079a91c22cae req-2c059da1-57b1-4fa1-be41-4b69972f9bed 003186d90b874e6684d04e1c0fbe22f6 19ec379afb85430c8d5eaa667e013aa0 - - default default] Successfully bumped revision number for resource 6f332c66-072f-4701-8f1f-a659cef518f0 (type: ports) to 1
2026-04-27 13:29:17.096 10 INFO neutron.wsgi [req-b1c6e4c7-1a4b-4339-8fb3-e8f6917c926c req-463d6a98-4377-4453-9e5e-b08a04cee161 d11069f16d2e4336a38dd1c1dbd54436 e2c3e7fbca5b40f087985d81bb1e1c00 - - e3c445c6146e435ea7fb2bee9e8816e3 e3c445c6146e435ea7fb2bee9e8816e3] 10.0.0.87 "GET /v2.0/ports?device_id=27486564-2856-4c36-b1d5-24da7a16a52d HTTP/1.1" status: 200 len: 1638 time: 0.0587916
2026-04-27 13:29:17.098 9 INFO neutron.wsgi [req-c5cede10-0bea-4f2c-acff-079a91c22cae req-2c059da1-57b1-4fa1-be41-4b69972f9bed 003186d90b874e6684d04e1c0fbe22f6 19ec379afb85430c8d5eaa667e013aa0 - - default default] 199.19.213.212 "POST /v2.0/ports HTTP/1.1" status: 201 len: 1197 time: 0.7552402
2026-04-27 13:29:17.100 10 INFO neutron.db.ovn_revision_numbers_db [None req-59f46e43-ceb9-4e60-9129-624f7a902f1a 68baba6bd77848cf8088c33d6d0111bb 3a23543ed40f4ce6851e33ef51e984ee - - default default] Successfully bumped revision number for resource 85027747-ee91-4cc0-8faf-453da0d0377e (type: routers) to 1 /var/lib/openstack/lib/python3.10/site-packages/pycadf/identifier.py:71: UserWarning: Invalid uuid: neutron. To ensure interoperability, identifiers should be a valid uuid. warnings.warn(('Invalid uuid: %s. To ensure interoperability, '
2026-04-27 13:29:17.123 10 INFO neutron.wsgi [None req-59f46e43-ceb9-4e60-9129-624f7a902f1a 68baba6bd77848cf8088c33d6d0111bb 3a23543ed40f4ce6851e33ef51e984ee - - default default] 10.0.0.37 "POST /v2.0/routers HTTP/1.1" status: 201 len: 654 time: 0.2118590
2026-04-27 13:29:17.142 9 WARNING neutron.scheduler.dhcp_agent_scheduler [None req-7e3713ca-7013-4898-ad11-de0c231a1f4e 4e0d02b8ace042d199aa81d3a1e0d392 d84b66a07c0f4b9fa719110e759ec4ee - - default default] No more DHCP agents
2026-04-27 13:29:17.147 9 WARNING neutron.api.rpc.agentnotifiers.dhcp_rpc_agent_api [None req-7e3713ca-7013-4898-ad11-de0c231a1f4e 4e0d02b8ace042d199aa81d3a1e0d392 d84b66a07c0f4b9fa719110e759ec4ee - - default default] Unable to schedule network 645af9b4-7c0f-432a-8078-69f4f0ddd923: no agents available; will retry on subsequent port and subnet creation events.
2026-04-27 13:29:17.167 10 INFO neutron.wsgi [req-b1c6e4c7-1a4b-4339-8fb3-e8f6917c926c req-5028892c-a18c-4dfc-a769-f12f5d5deb4b d11069f16d2e4336a38dd1c1dbd54436 e2c3e7fbca5b40f087985d81bb1e1c00 - - e3c445c6146e435ea7fb2bee9e8816e3 e3c445c6146e435ea7fb2bee9e8816e3] 10.0.0.87 "GET /v2.0/security-groups?id=5ed73ff1-2be1-49bd-9c03-a5bac18fe62f&fields=id&fields=name HTTP/1.1" status: 200 len: 311 time: 0.0631049
2026-04-27 13:29:17.195 10 INFO neutron.wsgi [None req-6b51f17b-b2b2-4b34-bd84-90adf9c42782 68baba6bd77848cf8088c33d6d0111bb 3a23543ed40f4ce6851e33ef51e984ee - - default default] 10.0.0.37 "PUT /v2.0/routers/36f8fbd2-a86a-41eb-b67e-049d0b4faca0/tags HTTP/1.1" status: 200 len: 210 time: 0.0657678
2026-04-27 13:29:17.269 9 INFO neutron.db.ovn_revision_numbers_db [None req-7e3713ca-7013-4898-ad11-de0c231a1f4e 4e0d02b8ace042d199aa81d3a1e0d392 d84b66a07c0f4b9fa719110e759ec4ee - - default default] Successfully bumped revision number for resource a7843a76-69e6-408c-9067-57c2ab2247d2 (type: ports) to 1
2026-04-27 13:29:17.303 9 INFO neutron.wsgi [None req-7e3713ca-7013-4898-ad11-de0c231a1f4e 4e0d02b8ace042d199aa81d3a1e0d392 d84b66a07c0f4b9fa719110e759ec4ee - - default default] 10.0.0.37 "POST /v2.0/ports HTTP/1.1" status: 201 len: 942 time: 0.5111587 /var/lib/openstack/lib/python3.10/site-packages/pycadf/identifier.py:71: UserWarning: Invalid uuid: neutron. To ensure interoperability, identifiers should be a valid uuid. warnings.warn(('Invalid uuid: %s. To ensure interoperability, '
2026-04-27 13:29:17.315 9 WARNING neutron_lib.context [None req-a4ebf23b-b2da-4a2f-9a20-8ea135646646 4e0d02b8ace042d199aa81d3a1e0d392 d84b66a07c0f4b9fa719110e759ec4ee - - default default] Method 'is_advsvc' is deprecated since 2023.2 release (neutron-lib 3.8.0) and will be removed once support for the old RBAC API policies will be removed from Neutron. Please use method 'is_service_role' instead.
2026-04-27 13:29:17.453 10 INFO neutron.wsgi [None req-883cde2c-636c-4f9b-8bcf-ea1086b35d99 68baba6bd77848cf8088c33d6d0111bb 3a23543ed40f4ce6851e33ef51e984ee - - default default] 10.0.0.37 "PUT /v2.0/routers/3b94ac8d-f6e6-49ac-97ff-6e87d5321fa1/tags HTTP/1.1" status: 200 len: 218 time: 0.2534657
2026-04-27 13:29:17.571 10 INFO neutron.wsgi [req-0ef23f0a-490e-428d-9dc6-d30a84997c2d req-e58ffeba-2fe5-4684-9667-8a66fbe6f1b9 003186d90b874e6684d04e1c0fbe22f6 19ec379afb85430c8d5eaa667e013aa0 - - default default] 10.0.0.127 "GET /v2.0/ports?device_id=8b870373-1700-4a82-a9d5-36d4ada92fc4 HTTP/1.1" status: 200 len: 1208 time: 0.0782452
2026-04-27 13:29:17.617 10 INFO neutron.wsgi [req-0ef23f0a-490e-428d-9dc6-d30a84997c2d req-2f334b02-bb75-4b13-8deb-f12ccc2af128 003186d90b874e6684d04e1c0fbe22f6 19ec379afb85430c8d5eaa667e013aa0 - - default default] 10.0.0.127 "GET /v2.0/security-groups?id=54e7cf72-556c-4eeb-bca8-f3eca5e9b031&id=ad79e82d-adbe-4915-9638-d2f1827a4ab1&fields=id&fields=name HTTP/1.1" status: 200 len: 405 time: 0.0383930
2026-04-27 13:29:17.823 9 INFO neutron.wsgi [None req-54140393-54d0-4b94-a799-e59cff92857a 68baba6bd77848cf8088c33d6d0111bb 3a23543ed40f4ce6851e33ef51e984ee - - default default] 10.0.0.37 "PUT /v2.0/routers/f48f956a-ba29-4a23-8bf7-12f3f800799b/tags HTTP/1.1" status: 200 len: 227 time: 0.3652363
2026-04-27 13:29:17.894 10 INFO neutron.wsgi [None req-80811a3f-2ffc-4c44-a8bf-b074246c7997 68baba6bd77848cf8088c33d6d0111bb 3a23543ed40f4ce6851e33ef51e984ee - - default default] 10.0.0.37 "PUT /v2.0/routers/03d8d6f0-3ee8-4baf-8606-381ea39a5451/tags HTTP/1.1" status: 200 len: 212 time: 0.0652509
2026-04-27 13:29:17.904 9 INFO neutron.wsgi [None req-a4ebf23b-b2da-4a2f-9a20-8ea135646646 4e0d02b8ace042d199aa81d3a1e0d392 d84b66a07c0f4b9fa719110e759ec4ee - - default default] 10.0.0.37 "POST /v2.0/trunks HTTP/1.1" status: 201 len: 608 time: 0.5957115 /var/lib/openstack/lib/python3.10/site-packages/pycadf/identifier.py:71: UserWarning: Invalid uuid: neutron. To ensure interoperability, identifiers should be a valid uuid. warnings.warn(('Invalid uuid: %s. To ensure interoperability, '
2026-04-27 13:29:17.957 9 INFO neutron.wsgi [None req-fe83e697-3c11-4d70-8c40-46a8acca1aed 4e0d02b8ace042d199aa81d3a1e0d392 d84b66a07c0f4b9fa719110e759ec4ee - - default default] 10.0.0.37 "PUT /v2.0/trunks/b9865eeb-ac34-4407-ae36-69d22b3a1784/tags HTTP/1.1" status: 200 len: 218 time: 0.0469837
2026-04-27 13:29:17.983 9 INFO neutron.db.ovn_revision_numbers_db [req-c5cede10-0bea-4f2c-acff-079a91c22cae req-f2821118-3765-4b4b-8bd2-7f39eb8708b8 d11069f16d2e4336a38dd1c1dbd54436 e2c3e7fbca5b40f087985d81bb1e1c00 - - e3c445c6146e435ea7fb2bee9e8816e3 e3c445c6146e435ea7fb2bee9e8816e3] Successfully bumped revision number for resource 6f332c66-072f-4701-8f1f-a659cef518f0 (type: ports) to 2
2026-04-27 13:29:17.984 10 INFO neutron.wsgi [None req-e3b1dea5-9a1b-437a-ab0e-8bd5fc0bb3ac 68baba6bd77848cf8088c33d6d0111bb 3a23543ed40f4ce6851e33ef51e984ee - - default default] 10.0.0.37 "GET /v2.0/routers?tags=red HTTP/1.1" status: 200 len: 1601 time: 0.0838249
2026-04-27 13:29:17.985 9 INFO neutron.wsgi [None req-aa77fe1d-a32f-4e0f-88c0-8e8bd0466ba7 4e0d02b8ace042d199aa81d3a1e0d392 d84b66a07c0f4b9fa719110e759ec4ee - - default default] 10.0.0.37 "GET /v2.0/trunks/b9865eeb-ac34-4407-ae36-69d22b3a1784/tags HTTP/1.1" status: 200 len: 218 time: 0.0235434
2026-04-27 13:29:18.038 9 INFO neutron.wsgi [None req-4a588794-376b-4e25-a428-9b4de1450774 4e0d02b8ace042d199aa81d3a1e0d392 d84b66a07c0f4b9fa719110e759ec4ee - - default default] 10.0.0.37 "PUT /v2.0/trunks/b9865eeb-ac34-4407-ae36-69d22b3a1784/tags/green HTTP/1.1" status: 201 len: 201 time: 0.0458250
2026-04-27 13:29:18.067 10 INFO neutron.wsgi [None req-9830e305-5311-4470-902e-c16a0c865386 68baba6bd77848cf8088c33d6d0111bb 3a23543ed40f4ce6851e33ef51e984ee - - default default] 10.0.0.37 "GET /v2.0/routers?tags=red%2Cblue HTTP/1.1" status: 200 len: 1144 time: 0.0774457
2026-04-27 13:29:18.070 9 INFO neutron.wsgi [None req-bfaf5583-590d-4887-815e-5c3dcacd45fd 4e0d02b8ace042d199aa81d3a1e0d392 d84b66a07c0f4b9fa719110e759ec4ee - - default default] 10.0.0.37 "GET /v2.0/trunks/b9865eeb-ac34-4407-ae36-69d22b3a1784/tags HTTP/1.1" status: 200 len: 227 time: 0.0251994
2026-04-27 13:29:18.183 10 INFO neutron.wsgi [None req-67017008-c973-447e-8945-481c2b0c1c97 68baba6bd77848cf8088c33d6d0111bb 3a23543ed40f4ce6851e33ef51e984ee - - default default] 10.0.0.37 "GET /v2.0/routers?tags-any=blue HTTP/1.1" status: 200 len: 1144 time: 0.1097362
2026-04-27 13:29:18.187 10 INFO neutron.wsgi [None req-7ab68e8e-c75c-4450-8eb6-e9963ff7168a 4e0d02b8ace042d199aa81d3a1e0d392 d84b66a07c0f4b9fa719110e759ec4ee - - default default] 10.0.0.37 "PUT /v2.0/trunks/b9865eeb-ac34-4407-ae36-69d22b3a1784/tags/red HTTP/1.1" status: 201 len: 201 time: 0.1126809
2026-04-27 13:29:18.213 9 INFO neutron.db.ovn_revision_numbers_db [req-c5cede10-0bea-4f2c-acff-079a91c22cae req-f2821118-3765-4b4b-8bd2-7f39eb8708b8 d11069f16d2e4336a38dd1c1dbd54436 e2c3e7fbca5b40f087985d81bb1e1c00 - - e3c445c6146e435ea7fb2bee9e8816e3 e3c445c6146e435ea7fb2bee9e8816e3] Successfully bumped revision number for resource 6f332c66-072f-4701-8f1f-a659cef518f0 (type: ports) to 2
2026-04-27 13:29:18.214 10 INFO neutron.wsgi [None req-b2f1e21e-6110-411f-a7fb-43162a77bc87 4e0d02b8ace042d199aa81d3a1e0d392 d84b66a07c0f4b9fa719110e759ec4ee - - default default] 10.0.0.37 "GET /v2.0/trunks/b9865eeb-ac34-4407-ae36-69d22b3a1784/tags HTTP/1.1" status: 200 len: 227 time: 0.0224893 /var/lib/openstack/lib/python3.10/site-packages/pycadf/identifier.py:71: UserWarning: Invalid uuid: neutron. To ensure interoperability, identifiers should be a valid uuid. warnings.warn(('Invalid uuid: %s. To ensure interoperability, '
2026-04-27 13:29:18.239 9 INFO neutron.wsgi [req-c5cede10-0bea-4f2c-acff-079a91c22cae req-f2821118-3765-4b4b-8bd2-7f39eb8708b8 d11069f16d2e4336a38dd1c1dbd54436 e2c3e7fbca5b40f087985d81bb1e1c00 - - e3c445c6146e435ea7fb2bee9e8816e3 e3c445c6146e435ea7fb2bee9e8816e3] 199.19.213.212 "PUT /v2.0/ports/6f332c66-072f-4701-8f1f-a659cef518f0 HTTP/1.1" status: 200 len: 1415 time: 1.1310358
2026-04-27 13:29:18.261 10 INFO neutron.wsgi [None req-fe749dd0-00b5-4974-ac76-ba1b0cc3498b 68baba6bd77848cf8088c33d6d0111bb 3a23543ed40f4ce6851e33ef51e984ee - - default default] 10.0.0.37 "GET /v2.0/routers?tags-any=red%2Cblue HTTP/1.1" status: 200 len: 1601 time: 0.0685689
2026-04-27 13:29:18.261 9 INFO neutron.wsgi [None req-941cc481-30b9-4385-9f54-0890badef568 4e0d02b8ace042d199aa81d3a1e0d392 d84b66a07c0f4b9fa719110e759ec4ee - - default default] 10.0.0.37 "PUT /v2.0/trunks/b9865eeb-ac34-4407-ae36-69d22b3a1784/tags/black.or.white HTTP/1.1" status: 201 len: 201 time: 0.0397589
2026-04-27 13:29:18.287 9 INFO neutron.notifiers.nova [-] Nova event matching ['req-c6cd6b32-f03c-414c-a2cd-c2267f358695'] response: {'name': 'network-changed', 'server_uuid': '8b870373-1700-4a82-a9d5-36d4ada92fc4', 'tag': '6f332c66-072f-4701-8f1f-a659cef518f0', 'status': 'completed', 'code': 200}
2026-04-27 13:29:18.291 10 INFO neutron.wsgi [None req-5c361ed4-fc3f-4259-aa24-248463f38e7b 4e0d02b8ace042d199aa81d3a1e0d392 d84b66a07c0f4b9fa719110e759ec4ee - - default default] 10.0.0.37 "GET /v2.0/trunks/b9865eeb-ac34-4407-ae36-69d22b3a1784/tags HTTP/1.1" status: 200 len: 245 time: 0.0223784
2026-04-27 13:29:18.338 10 INFO neutron.wsgi [None req-87ee8201-cdf7-4fb3-a5b5-8adb95dabc8f 4e0d02b8ace042d199aa81d3a1e0d392 d84b66a07c0f4b9fa719110e759ec4ee - - default default] 10.0.0.37 "PUT /v2.0/trunks/b9865eeb-ac34-4407-ae36-69d22b3a1784/tags HTTP/1.1" status: 200 len: 230 time: 0.0394461
2026-04-27 13:29:18.353 9 INFO neutron.wsgi [None req-871872ad-408e-4656-ab37-6cd848eb934d 68baba6bd77848cf8088c33d6d0111bb 3a23543ed40f4ce6851e33ef51e984ee - - default default] 10.0.0.37 "GET /v2.0/routers?not-tags=red HTTP/1.1" status: 200 len: 1116 time: 0.0854247
2026-04-27 13:29:18.361 9 INFO neutron.wsgi [req-c5cede10-0bea-4f2c-acff-079a91c22cae req-032e916a-74e0-4094-ad39-fd3eff7f2f3e d11069f16d2e4336a38dd1c1dbd54436 e2c3e7fbca5b40f087985d81bb1e1c00 - - e3c445c6146e435ea7fb2bee9e8816e3 e3c445c6146e435ea7fb2bee9e8816e3] 199.19.213.212 "GET /v2.0/ports?tenant_id=19ec379afb85430c8d5eaa667e013aa0&device_id=8b870373-1700-4a82-a9d5-36d4ada92fc4 HTTP/1.1" status: 200 len: 1446 time: 0.0737998
2026-04-27 13:29:18.374 10 INFO neutron.wsgi [None req-c71aab4b-3a63-4391-9b35-9e62c7cecdc8 4e0d02b8ace042d199aa81d3a1e0d392 d84b66a07c0f4b9fa719110e759ec4ee - - default default] 10.0.0.37 "GET /v2.0/trunks/b9865eeb-ac34-4407-ae36-69d22b3a1784/tags HTTP/1.1" status: 200 len: 230 time: 0.0311875
2026-04-27 13:29:18.393 9 INFO neutron.wsgi [req-c5cede10-0bea-4f2c-acff-079a91c22cae req-6f787464-6fae-4843-9be6-d4719462a843 d11069f16d2e4336a38dd1c1dbd54436 e2c3e7fbca5b40f087985d81bb1e1c00 - - e3c445c6146e435ea7fb2bee9e8816e3 e3c445c6146e435ea7fb2bee9e8816e3] 199.19.213.212 "GET /v2.0/floatingips?fixed_ip_address=10.100.0.8&port_id=6f332c66-072f-4701-8f1f-a659cef518f0 HTTP/1.1" status: 200 len: 217 time: 0.0250504
2026-04-27 13:29:18.419 9 INFO neutron.wsgi [None req-458b4e0b-50b1-4d8a-9313-0d41da44b45e 4e0d02b8ace042d199aa81d3a1e0d392 d84b66a07c0f4b9fa719110e759ec4ee - - default default] 10.0.0.37 "GET /v2.0/trunks/b9865eeb-ac34-4407-ae36-69d22b3a1784/tags/red HTTP/1.1" status: 204 len: 168 time: 0.0315704
2026-04-27 13:29:18.430 10 INFO neutron.wsgi [None req-75ee183c-21bc-4591-81a9-161a295fad52 68baba6bd77848cf8088c33d6d0111bb 3a23543ed40f4ce6851e33ef51e984ee - - default default] 10.0.0.37 "GET /v2.0/routers?not-tags=red%2Cblue HTTP/1.1" status: 200 len: 1573 time: 0.0718112
2026-04-27 13:29:18.443 9 INFO neutron.wsgi [req-c5cede10-0bea-4f2c-acff-079a91c22cae req-4965b4cd-2d02-4f91-a8d6-830eb2ced1bf d11069f16d2e4336a38dd1c1dbd54436 e2c3e7fbca5b40f087985d81bb1e1c00 - - e3c445c6146e435ea7fb2bee9e8816e3 e3c445c6146e435ea7fb2bee9e8816e3] 199.19.213.212 "GET /v2.0/subnets?id=616de07b-32a6-441e-b1b5-2a9adaa5d5c7 HTTP/1.1" status: 200 len: 866 time: 0.0433137
2026-04-27 13:29:18.463 9 INFO neutron.api.v2.resource [None req-0eac5afd-38bf-44f0-968c-2e7a70b96073 4e0d02b8ace042d199aa81d3a1e0d392 d84b66a07c0f4b9fa719110e759ec4ee - - default default] show failed (client error): The resource could not be found.
2026-04-27 13:29:18.464 9 INFO neutron.wsgi [None req-0eac5afd-38bf-44f0-968c-2e7a70b96073 4e0d02b8ace042d199aa81d3a1e0d392 d84b66a07c0f4b9fa719110e759ec4ee - - default default] 10.0.0.37 "GET /v2.0/trunks/b9865eeb-ac34-4407-ae36-69d22b3a1784/tags/green HTTP/1.1" status: 404 len: 299 time: 0.0388818
2026-04-27 13:29:18.481 9 INFO neutron.wsgi [req-c5cede10-0bea-4f2c-acff-079a91c22cae req-c0afeb0d-c45b-4b88-882d-d16f027a9a6a d11069f16d2e4336a38dd1c1dbd54436 e2c3e7fbca5b40f087985d81bb1e1c00 - - e3c445c6146e435ea7fb2bee9e8816e3 e3c445c6146e435ea7fb2bee9e8816e3] 199.19.213.212 "GET /v2.0/ports?network_id=c203f5e9-5dc7-4a21-a921-0c3addfc856f&device_owner=network%3Adhcp HTTP/1.1" status: 200 len: 210 time: 0.0283356
2026-04-27 13:29:18.516 10 INFO neutron.wsgi [None req-4d8fd174-9592-4821-9abf-71718268fcea 68baba6bd77848cf8088c33d6d0111bb 3a23543ed40f4ce6851e33ef51e984ee - - default default] 10.0.0.37 "GET /v2.0/routers?not-tags-any=blue HTTP/1.1" status: 200 len: 1573 time: 0.0773439
2026-04-27 13:29:18.525 9 INFO neutron.wsgi [None req-688d4e98-c45e-408c-a637-2a20f788a271 4e0d02b8ace042d199aa81d3a1e0d392 d84b66a07c0f4b9fa719110e759ec4ee - - default default] 10.0.0.37 "DELETE /v2.0/trunks/b9865eeb-ac34-4407-ae36-69d22b3a1784/tags/red HTTP/1.1" status: 204 len: 168 time: 0.0510836
2026-04-27 13:29:18.561 9 INFO neutron.wsgi [req-c5cede10-0bea-4f2c-acff-079a91c22cae req-bbead48d-402f-43ae-b376-519e089a9e58 d11069f16d2e4336a38dd1c1dbd54436 e2c3e7fbca5b40f087985d81bb1e1c00 - - e3c445c6146e435ea7fb2bee9e8816e3 e3c445c6146e435ea7fb2bee9e8816e3] 199.19.213.212 "GET /v2.0/networks/c203f5e9-5dc7-4a21-a921-0c3addfc856f?fields=segments HTTP/1.1" status: 200 len: 212 time: 0.0740101
2026-04-27 13:29:18.564 9 INFO neutron.wsgi [None req-0c6d2d36-1557-4fc7-9f81-6753968ff8ee 4e0d02b8ace042d199aa81d3a1e0d392 d84b66a07c0f4b9fa719110e759ec4ee - - default default] 10.0.0.37 "GET /v2.0/trunks/b9865eeb-ac34-4407-ae36-69d22b3a1784/tags HTTP/1.1" status: 200 len: 223 time: 0.0358243
2026-04-27 13:29:18.580 10 INFO neutron.wsgi [None req-427377c7-00d0-4aa6-8584-6e74db9a4a27 68baba6bd77848cf8088c33d6d0111bb 3a23543ed40f4ce6851e33ef51e984ee - - default default] 10.0.0.37 "GET /v2.0/routers?not-tags-any=red%2Cblue HTTP/1.1" status: 200 len: 1116 time: 0.0585134
2026-04-27 13:29:18.609 9 INFO neutron.api.v2.resource [None req-e3c2bc3c-3442-4260-bdd3-8e840e33e7fd 4e0d02b8ace042d199aa81d3a1e0d392 d84b66a07c0f4b9fa719110e759ec4ee - - default default] delete failed (client error): The resource could not be found.
2026-04-27 13:29:18.610 9 INFO neutron.wsgi [None req-e3c2bc3c-3442-4260-bdd3-8e840e33e7fd 4e0d02b8ace042d199aa81d3a1e0d392 d84b66a07c0f4b9fa719110e759ec4ee - - default default] 10.0.0.37 "DELETE /v2.0/trunks/b9865eeb-ac34-4407-ae36-69d22b3a1784/tags/green HTTP/1.1" status: 404 len: 299 time: 0.0412083
2026-04-27 13:29:18.630 9 INFO neutron.wsgi [req-c5cede10-0bea-4f2c-acff-079a91c22cae req-2203f28a-e325-43dd-8516-1b7f6ffae4af d11069f16d2e4336a38dd1c1dbd54436 e2c3e7fbca5b40f087985d81bb1e1c00 - - e3c445c6146e435ea7fb2bee9e8816e3 e3c445c6146e435ea7fb2bee9e8816e3] 199.19.213.212 "GET /v2.0/networks/c203f5e9-5dc7-4a21-a921-0c3addfc856f?fields=provider%3Aphysical_network&fields=provider%3Anetwork_type HTTP/1.1" status: 200 len: 277 time: 0.0561886
2026-04-27 13:29:18.641 10 INFO neutron.wsgi [None req-7e7b85da-6b65-4b78-a400-4cab5de8d337 68baba6bd77848cf8088c33d6d0111bb 3a23543ed40f4ce6851e33ef51e984ee - - default default] 10.0.0.37 "GET /v2.0/routers/36f8fbd2-a86a-41eb-b67e-049d0b4faca0 HTTP/1.1" status: 200 len: 660 time: 0.0542326
2026-04-27 13:29:18.684 10 INFO neutron.wsgi [None req-e52d0476-b108-4fbc-8d70-82deb0a02d2f 4e0d02b8ace042d199aa81d3a1e0d392 d84b66a07c0f4b9fa719110e759ec4ee - - default default] 10.0.0.37 "DELETE /v2.0/trunks/b9865eeb-ac34-4407-ae36-69d22b3a1784/tags HTTP/1.1" status: 204 len: 168 time: 0.0672824
2026-04-27 13:29:18.739 10 INFO neutron.wsgi [None req-43161b05-f4d3-4f27-837f-74d02fc96df6 4e0d02b8ace042d199aa81d3a1e0d392 d84b66a07c0f4b9fa719110e759ec4ee - - default default] 10.0.0.37 "GET /v2.0/trunks/b9865eeb-ac34-4407-ae36-69d22b3a1784/tags HTTP/1.1" status: 200 len: 205 time: 0.0487416
2026-04-27 13:29:18.750 10 INFO neutron.wsgi [req-2cf0a190-4215-4bca-aa20-d89413c2a73a req-eece9376-ff82-42ec-bbf1-6826f271fd3a 003186d90b874e6684d04e1c0fbe22f6 19ec379afb85430c8d5eaa667e013aa0 - - default default] 10.0.0.127 "GET /v2.0/ports?device_id=8b870373-1700-4a82-a9d5-36d4ada92fc4 HTTP/1.1" status: 200 len: 1208 time: 0.0503049
2026-04-27 13:29:18.776 9 INFO neutron.wsgi [req-2a83b4ed-27b8-4351-81c7-888d4aa8bdc5 req-e634cb23-2ae1-4ade-925e-23a3dc57d4f3 d11069f16d2e4336a38dd1c1dbd54436 e2c3e7fbca5b40f087985d81bb1e1c00 - - e3c445c6146e435ea7fb2bee9e8816e3 e3c445c6146e435ea7fb2bee9e8816e3] 199.19.213.212 "GET /v2.0/ports?tenant_id=19ec379afb85430c8d5eaa667e013aa0&device_id=8b870373-1700-4a82-a9d5-36d4ada92fc4 HTTP/1.1" status: 200 len: 1446 time: 0.0756595
2026-04-27 13:29:18.808 10 INFO neutron.wsgi [None req-48a846ad-7251-449f-998e-63c67eef8bea 4e0d02b8ace042d199aa81d3a1e0d392 d84b66a07c0f4b9fa719110e759ec4ee - - default default] 10.0.0.37 "GET /v2.0/trunks/b9865eeb-ac34-4407-ae36-69d22b3a1784 HTTP/1.1" status: 200 len: 603 time: 0.0573001
2026-04-27 13:29:18.863 10 INFO neutron.wsgi [req-2cf0a190-4215-4bca-aa20-d89413c2a73a req-94b45482-fe17-4057-b4fb-ecd587297200 003186d90b874e6684d04e1c0fbe22f6 19ec379afb85430c8d5eaa667e013aa0 - - default default] 10.0.0.127 "GET /v2.0/security-groups?id=54e7cf72-556c-4eeb-bca8-f3eca5e9b031&id=ad79e82d-adbe-4915-9638-d2f1827a4ab1&fields=id&fields=name HTTP/1.1" status: 200 len: 405 time: 0.1045091
2026-04-27 13:29:18.917 9 INFO neutron.wsgi [req-6221c9ce-7a1d-477c-b5af-9807043e9c83 req-62795a44-cd82-41cd-832a-4746b5e7d8ce d11069f16d2e4336a38dd1c1dbd54436 e2c3e7fbca5b40f087985d81bb1e1c00 - - e3c445c6146e435ea7fb2bee9e8816e3 e3c445c6146e435ea7fb2bee9e8816e3] 199.19.213.212 "GET /v2.0/ports?device_id=8b870373-1700-4a82-a9d5-36d4ada92fc4 HTTP/1.1" status: 200 len: 1446 time: 0.0708299
2026-04-27 13:29:18.982 10 INFO neutron.wsgi [None req-e090994f-790b-4274-948d-2c1b209ba2a8 4e0d02b8ace042d199aa81d3a1e0d392 d84b66a07c0f4b9fa719110e759ec4ee - - default default] 10.0.0.37 "GET /v2.0/ports/a7843a76-69e6-408c-9067-57c2ab2247d2 HTTP/1.1" status: 200 len: 1020 time: 0.1692212
2026-04-27 13:29:18.988 9 INFO neutron.wsgi [req-2a83b4ed-27b8-4351-81c7-888d4aa8bdc5 req-1808051e-a671-4a63-93f0-4c7e1e0a02f7 d11069f16d2e4336a38dd1c1dbd54436 e2c3e7fbca5b40f087985d81bb1e1c00 - - e3c445c6146e435ea7fb2bee9e8816e3 e3c445c6146e435ea7fb2bee9e8816e3] 199.19.213.212 "GET /v2.0/networks?id=c203f5e9-5dc7-4a21-a921-0c3addfc856f HTTP/1.1" status: 200 len: 971 time: 0.2062888
2026-04-27 13:29:19.021 9 INFO neutron.wsgi [req-6221c9ce-7a1d-477c-b5af-9807043e9c83 req-30872490-c5ae-4a20-a264-6304b06a2543 d11069f16d2e4336a38dd1c1dbd54436 e2c3e7fbca5b40f087985d81bb1e1c00 - - e3c445c6146e435ea7fb2bee9e8816e3 e3c445c6146e435ea7fb2bee9e8816e3] 199.19.213.212 "GET /v2.0/security-groups?id=54e7cf72-556c-4eeb-bca8-f3eca5e9b031&id=ad79e82d-adbe-4915-9638-d2f1827a4ab1&fields=id&fields=name HTTP/1.1" status: 200 len: 405 time: 0.0841253
2026-04-27 13:29:19.041 9 INFO neutron.wsgi [req-2a83b4ed-27b8-4351-81c7-888d4aa8bdc5 req-4ef80f78-ad37-4f79-9899-42da60f35554 d11069f16d2e4336a38dd1c1dbd54436 e2c3e7fbca5b40f087985d81bb1e1c00 - - e3c445c6146e435ea7fb2bee9e8816e3 e3c445c6146e435ea7fb2bee9e8816e3] 199.19.213.212 "GET /v2.0/floatingips?fixed_ip_address=10.100.0.8&port_id=6f332c66-072f-4701-8f1f-a659cef518f0 HTTP/1.1" status: 200 len: 217 time: 0.0432281
2026-04-27 13:29:19.125 9 INFO neutron.wsgi [req-2a83b4ed-27b8-4351-81c7-888d4aa8bdc5 req-0e8d288d-ec81-458f-aef0-7c1f44dc3235 d11069f16d2e4336a38dd1c1dbd54436 e2c3e7fbca5b40f087985d81bb1e1c00 - - e3c445c6146e435ea7fb2bee9e8816e3 e3c445c6146e435ea7fb2bee9e8816e3] 199.19.213.212 "GET /v2.0/subnets?id=616de07b-32a6-441e-b1b5-2a9adaa5d5c7 HTTP/1.1" status: 200 len: 866 time: 0.0659702
2026-04-27 13:29:19.159 9 INFO neutron.plugins.ml2.drivers.ovn.mech_driver.mech_driver [None req-4261e079-a03f-4b40-b4f5-8319b4584c3c - - - - - -] OVN reports status up for port: 6f332c66-072f-4701-8f1f-a659cef518f0
2026-04-27 13:29:19.162 9 INFO neutron.wsgi [req-2a83b4ed-27b8-4351-81c7-888d4aa8bdc5 req-35e673bb-82a0-44eb-8f8f-2e8c477b366d d11069f16d2e4336a38dd1c1dbd54436 e2c3e7fbca5b40f087985d81bb1e1c00 - - e3c445c6146e435ea7fb2bee9e8816e3 e3c445c6146e435ea7fb2bee9e8816e3] 199.19.213.212 "GET /v2.0/ports?network_id=c203f5e9-5dc7-4a21-a921-0c3addfc856f&device_owner=network%3Adhcp HTTP/1.1" status: 200 len: 210 time: 0.0295122
2026-04-27 13:29:19.270 9 INFO neutron.wsgi [req-2a83b4ed-27b8-4351-81c7-888d4aa8bdc5 req-689822c7-d916-4eaa-909a-9cf2e07e98e3 d11069f16d2e4336a38dd1c1dbd54436 e2c3e7fbca5b40f087985d81bb1e1c00 - - e3c445c6146e435ea7fb2bee9e8816e3 e3c445c6146e435ea7fb2bee9e8816e3] 199.19.213.212 "GET /v2.0/networks/c203f5e9-5dc7-4a21-a921-0c3addfc856f?fields=segments HTTP/1.1" status: 200 len: 212 time: 0.0995355
2026-04-27 13:29:19.563 9 INFO neutron.plugins.ml2.plugin [None req-4261e079-a03f-4b40-b4f5-8319b4584c3c - - - - - -] Attempt 1 to provision port 6f332c66-072f-4701-8f1f-a659cef518f0
2026-04-27 13:29:19.566 9 INFO neutron.wsgi [None req-7e561420-0acf-4784-8653-51b0e33cd5c1 4e0d02b8ace042d199aa81d3a1e0d392 d84b66a07c0f4b9fa719110e759ec4ee - - default default] 10.0.0.37 "DELETE /v2.0/trunks/b9865eeb-ac34-4407-ae36-69d22b3a1784 HTTP/1.1" status: 204 len: 168 time: 0.5752695
2026-04-27 13:29:19.621 9 INFO neutron.wsgi [req-2a83b4ed-27b8-4351-81c7-888d4aa8bdc5 req-5323d9ae-b857-438a-bc08-ecbb68122299 d11069f16d2e4336a38dd1c1dbd54436 e2c3e7fbca5b40f087985d81bb1e1c00 - - e3c445c6146e435ea7fb2bee9e8816e3 e3c445c6146e435ea7fb2bee9e8816e3] 199.19.213.212 "GET /v2.0/networks/c203f5e9-5dc7-4a21-a921-0c3addfc856f?fields=provider%3Aphysical_network&fields=provider%3Anetwork_type HTTP/1.1" status: 200 len: 277 time: 0.3419766
2026-04-27 13:29:19.710 9 INFO neutron.db.ovn_revision_numbers_db [None req-36b4edf2-6813-4b7a-a1ac-5f9b5c2aff0d 68baba6bd77848cf8088c33d6d0111bb 3a23543ed40f4ce6851e33ef51e984ee - - default default] Successfully bumped revision number for resource 36f8fbd2-a86a-41eb-b67e-049d0b4faca0 (type: routers) to 2
2026-04-27 13:29:19.714 9 INFO neutron.wsgi [None req-36b4edf2-6813-4b7a-a1ac-5f9b5c2aff0d 68baba6bd77848cf8088c33d6d0111bb 3a23543ed40f4ce6851e33ef51e984ee - - default default] 10.0.0.37 "PUT /v2.0/routers/36f8fbd2-a86a-41eb-b67e-049d0b4faca0 HTTP/1.1" status: 200 len: 660 time: 1.0654569
2026-04-27 13:29:19.745 10 INFO neutron.wsgi [None req-26dc631c-0e1a-483b-8353-6321bc1ef179 68baba6bd77848cf8088c33d6d0111bb 3a23543ed40f4ce6851e33ef51e984ee - - default default] 10.0.0.37 "GET /v2.0/ports?device_id=36f8fbd2-a86a-41eb-b67e-049d0b4faca0 HTTP/1.1" status: 200 len: 205 time: 0.0253503
2026-04-27 13:29:19.907 10 INFO neutron.wsgi [None req-679bd886-8fae-4906-b6b3-4f2949b3f9a3 4e0d02b8ace042d199aa81d3a1e0d392 d84b66a07c0f4b9fa719110e759ec4ee - - default default] 10.0.0.37 "DELETE /v2.0/ports/a7843a76-69e6-408c-9067-57c2ab2247d2 HTTP/1.1" status: 204 len: 168 time: 0.3366432
2026-04-27 13:29:20.142 9 INFO neutron.wsgi [None req-f26db770-b69b-4586-824a-96e4c38527d9 68baba6bd77848cf8088c33d6d0111bb 3a23543ed40f4ce6851e33ef51e984ee - - default default] 10.0.0.37 "DELETE /v2.0/routers/36f8fbd2-a86a-41eb-b67e-049d0b4faca0 HTTP/1.1" status: 204 len: 168 time: 0.3893256
2026-04-27 13:29:20.164 9 INFO neutron.wsgi [req-3521bd18-4d32-4c67-8885-62b210e1fb94 req-ee26a04a-f8cc-4441-be9c-4d0fbd5dda6f 003186d90b874e6684d04e1c0fbe22f6 19ec379afb85430c8d5eaa667e013aa0 - - default default] 10.0.0.127 "GET /v2.0/ports?device_id=8b870373-1700-4a82-a9d5-36d4ada92fc4 HTTP/1.1" status: 200 len: 1210 time: 0.2016294
2026-04-27 13:29:20.169 9 INFO neutron.db.ovn_revision_numbers_db [None req-4261e079-a03f-4b40-b4f5-8319b4584c3c - - - - - -] Successfully bumped revision number for resource 6f332c66-072f-4701-8f1f-a659cef518f0 (type: ports) to 4
2026-04-27 13:29:20.198 10 INFO neutron.wsgi [None req-096e2947-0401-4e17-8a54-c96bd6f5269f 68baba6bd77848cf8088c33d6d0111bb 3a23543ed40f4ce6851e33ef51e984ee - - default default] 10.0.0.37 "GET /v2.0/routers/3b94ac8d-f6e6-49ac-97ff-6e87d5321fa1 HTTP/1.1" status: 200 len: 668 time: 0.0497372
2026-04-27 13:29:20.246 9 INFO neutron.wsgi [req-3521bd18-4d32-4c67-8885-62b210e1fb94 req-229d6357-0ca3-47bd-8d72-072f25f77d23 003186d90b874e6684d04e1c0fbe22f6 19ec379afb85430c8d5eaa667e013aa0 - - default default] 10.0.0.127 "GET /v2.0/security-groups?id=54e7cf72-556c-4eeb-bca8-f3eca5e9b031&id=ad79e82d-adbe-4915-9638-d2f1827a4ab1&fields=id&fields=name HTTP/1.1" status: 200 len: 405 time: 0.0718875
2026-04-27 13:29:20.324 9 INFO neutron.notifiers.nova [-] Nova event matching ['req-69205855-b9b7-416a-97fb-1f57e2ba3c5e'] response: {'server_uuid': '8b870373-1700-4a82-a9d5-36d4ada92fc4', 'name': 'network-vif-plugged', 'status': 'completed', 'tag': '6f332c66-072f-4701-8f1f-a659cef518f0', 'code': 200}
