2026-04-27 13:28:00.288 9 INFO neutron.wsgi [None req-f4a76405-91cb-4482-bef7-0ea04ad15d0b 58355acad14a44f5af2440e055fc711f d4211e4fa25247e4ba1a605a416e1842 - - default default] 10.0.0.37 "POST /v2.0/subnets HTTP/1.1" status: 201 len: 801 time: 1.2406936
2026-04-27 13:28:00.299 9 WARNING neutron_lib.context [None req-1193536d-0d2c-455f-9442-a3f53c0142bb 58355acad14a44f5af2440e055fc711f d4211e4fa25247e4ba1a605a416e1842 - - default default] Method 'is_advsvc' is deprecated since 2023.2 release (neutron-lib 3.8.0) and will be removed once support for the old RBAC API policies will be removed from Neutron. Please use method 'is_service_role' instead.
2026-04-27 13:28:00.362 10 INFO neutron.wsgi [None req-4ee075bf-6950-4630-a26e-4c26d6c069a4 745f59b92cc24ccba3c0aa88566cd96b b5662a5eeb114e15862c7b2e1820bd12 - - default default] 10.0.0.37 "GET /v2.0/routers/58c303eb-fc08-4c67-85c3-5b246a5ae823 HTTP/1.1" status: 200 len: 880 time: 0.2915256
2026-04-27 13:28:00.393 10 INFO neutron.wsgi [None req-33f0569c-bc4e-43d5-8812-f63be09b9d91 745f59b92cc24ccba3c0aa88566cd96b b5662a5eeb114e15862c7b2e1820bd12 - - default default] 10.0.0.37 "GET /v2.0/ports?device_id=58c303eb-fc08-4c67-85c3-5b246a5ae823 HTTP/1.1" status: 200 len: 205 time: 0.0251987
2026-04-27 13:28:00.513 9 INFO neutron.db.ovn_revision_numbers_db [None req-1193536d-0d2c-455f-9442-a3f53c0142bb 58355acad14a44f5af2440e055fc711f d4211e4fa25247e4ba1a605a416e1842 - - default default] Successfully bumped revision number for resource 79665d95-5946-411f-a83a-ef7f229827a6 (type: routers) to 1
2026-04-27 13:28:00.549 9 INFO neutron.wsgi [None req-1193536d-0d2c-455f-9442-a3f53c0142bb 58355acad14a44f5af2440e055fc711f d4211e4fa25247e4ba1a605a416e1842 - - default default] 10.0.0.37 "POST /v2.0/routers HTTP/1.1" status: 201 len: 686 time: 0.2557955
2026-04-27 13:28:00.560 10 INFO neutron.wsgi [None req-3b7bae60-8045-4463-afeb-ecf0ca672ca4 559610f68dc2489d9a57387d4c9cb8cd 22e206025b42406c83a20a22d5419621 - - default default] 10.0.0.37 "PUT /v2.0/routers/4c1a104d-b507-4963-84a5-4b7573bace25/remove_router_interface HTTP/1.1" status: 200 len: 503 time: 1.2883632 /var/lib/openstack/lib/python3.10/site-packages/pycadf/identifier.py:71: UserWarning: Invalid uuid: neutron. To ensure interoperability, identifiers should be a valid uuid. warnings.warn(('Invalid uuid: %s. To ensure interoperability, '
2026-04-27 13:28:00.579 9 INFO neutron.db.ovn_revision_numbers_db [None req-b8f37bbf-8e96-434a-a70b-edf107068acc 16f0fa93e40e4411ab2730c3e4538e4c a41ee1dde33a414c9f55ace20d36663e - - default default] Successfully bumped revision number for resource ca940c0f-d412-4bf6-bdf3-f74ee77d87e2 (type: security_groups) to 1
2026-04-27 13:28:00.625 9 INFO neutron.db.ovn_revision_numbers_db [None req-b8f37bbf-8e96-434a-a70b-edf107068acc 16f0fa93e40e4411ab2730c3e4538e4c a41ee1dde33a414c9f55ace20d36663e - - default default] Successfully bumped revision number for resource 1abf07d3-c8df-4994-a624-476d76ab891e (type: security_group_rules) to 0
2026-04-27 13:28:00.646 9 INFO neutron.wsgi [-] 10.0.0.81 "GET / HTTP/1.1" status: 200 len: 245 time: 0.0012803
2026-04-27 13:28:00.647 9 INFO neutron.wsgi [-] 10.0.0.81 "GET / HTTP/1.1" status: 200 len: 245 time: 0.0008729
2026-04-27 13:28:00.668 9 INFO neutron.db.ovn_revision_numbers_db [None req-b8f37bbf-8e96-434a-a70b-edf107068acc 16f0fa93e40e4411ab2730c3e4538e4c a41ee1dde33a414c9f55ace20d36663e - - default default] Successfully bumped revision number for resource 34bc0b96-60f3-452d-a4bc-1fb35b6be38c (type: security_group_rules) to 0
2026-04-27 13:28:00.718 9 INFO neutron.db.ovn_revision_numbers_db [None req-b8f37bbf-8e96-434a-a70b-edf107068acc 16f0fa93e40e4411ab2730c3e4538e4c a41ee1dde33a414c9f55ace20d36663e - - default default] Successfully bumped revision number for resource 8abd54f5-3a7a-4686-b565-9c0c8bd811f7 (type: security_group_rules) to 0
2026-04-27 13:28:00.744 9 INFO neutron.db.ovn_revision_numbers_db [None req-b8f37bbf-8e96-434a-a70b-edf107068acc 16f0fa93e40e4411ab2730c3e4538e4c a41ee1dde33a414c9f55ace20d36663e - - default default] Successfully bumped revision number for resource bd49c3b0-92a8-4bac-90a0-3ccdccdb9a0f (type: security_group_rules) to 0
2026-04-27 13:28:00.762 10 INFO neutron.wsgi [None req-541c8748-7f17-4a59-83b7-41727e7b6a2e 559610f68dc2489d9a57387d4c9cb8cd 22e206025b42406c83a20a22d5419621 - - default default] 10.0.0.37 "DELETE /v2.0/subnets/a43fa048-56df-4ac5-83d3-71415cfc08bb HTTP/1.1" status: 204 len: 168 time: 0.1988230
2026-04-27 13:28:00.804 9 INFO neutron.wsgi [None req-b8f37bbf-8e96-434a-a70b-edf107068acc 16f0fa93e40e4411ab2730c3e4538e4c a41ee1dde33a414c9f55ace20d36663e - - default default] 10.0.0.37 "GET /v2.0/security-groups?tenant_id=73305fd1e82b428c91ddf9697e95df63&name=default HTTP/1.1" status: 200 len: 2996 time: 0.5011859
2026-04-27 13:28:01.109 10 INFO neutron.wsgi [None req-cf60773c-e4dd-457f-ae54-51d415642fb0 16f0fa93e40e4411ab2730c3e4538e4c a41ee1dde33a414c9f55ace20d36663e - - default default] 10.0.0.37 "DELETE /v2.0/security-groups/ca940c0f-d412-4bf6-bdf3-f74ee77d87e2 HTTP/1.1" status: 204 len: 168 time: 0.2986636
2026-04-27 13:28:01.154 9 WARNING neutron.scheduler.dhcp_agent_scheduler [None req-8cdc721a-60fd-4220-9264-1d7ca7f2ff5a 58355acad14a44f5af2440e055fc711f d4211e4fa25247e4ba1a605a416e1842 - - default default] No more DHCP agents
2026-04-27 13:28:01.158 9 WARNING neutron.api.rpc.agentnotifiers.dhcp_rpc_agent_api [None req-8cdc721a-60fd-4220-9264-1d7ca7f2ff5a 58355acad14a44f5af2440e055fc711f d4211e4fa25247e4ba1a605a416e1842 - - default default] Unable to schedule network c37eada0-4b4d-4749-82e2-a0f36a99a905: no agents available; will retry on subsequent port and subnet creation events.
2026-04-27 13:28:01.415 9 INFO neutron.db.ovn_revision_numbers_db [None req-8cdc721a-60fd-4220-9264-1d7ca7f2ff5a 58355acad14a44f5af2440e055fc711f d4211e4fa25247e4ba1a605a416e1842 - - default default] Successfully bumped revision number for resource 180ebc53-6685-4291-a98f-5d09a4b2a70e (type: ports) to 1
2026-04-27 13:28:01.821 10 INFO neutron.wsgi [None req-047209b7-46d0-4d93-a2e9-2f3317e29b7b 559610f68dc2489d9a57387d4c9cb8cd 22e206025b42406c83a20a22d5419621 - - default default] 10.0.0.37 "DELETE /v2.0/routers/4c1a104d-b507-4963-84a5-4b7573bace25 HTTP/1.1" status: 204 len: 168 time: 1.0546331
2026-04-27 13:28:01.965 9 INFO neutron.wsgi [None req-644647d9-6355-4328-b8c2-19391eac4e31 745f59b92cc24ccba3c0aa88566cd96b b5662a5eeb114e15862c7b2e1820bd12 - - default default] 10.0.0.37 "DELETE /v2.0/routers/58c303eb-fc08-4c67-85c3-5b246a5ae823 HTTP/1.1" status: 204 len: 168 time: 1.5640590
2026-04-27 13:28:01.998 9 INFO neutron.wsgi [None req-db6cbc1c-a550-4dc8-8436-43c723525210 745f59b92cc24ccba3c0aa88566cd96b b5662a5eeb114e15862c7b2e1820bd12 - - default default] 10.0.0.37 "GET /v2.0/ports?device_id=58c303eb-fc08-4c67-85c3-5b246a5ae823 HTTP/1.1" status: 200 len: 205 time: 0.0253844
2026-04-27 13:28:02.038 9 INFO neutron.api.v2.resource [None req-576d386b-dffd-4120-b4f6-1479a499855e 745f59b92cc24ccba3c0aa88566cd96b b5662a5eeb114e15862c7b2e1820bd12 - - default default] delete failed (client error): The resource could not be found.
2026-04-27 13:28:02.039 9 INFO neutron.wsgi [None req-576d386b-dffd-4120-b4f6-1479a499855e 745f59b92cc24ccba3c0aa88566cd96b b5662a5eeb114e15862c7b2e1820bd12 - - default default] 10.0.0.37 "DELETE /v2.0/routers/58c303eb-fc08-4c67-85c3-5b246a5ae823 HTTP/1.1" status: 404 len: 336 time: 0.0333498
2026-04-27 13:28:02.081 10 INFO neutron.wsgi [None req-2a3b276f-179d-4abb-89da-641e92175bc5 745f59b92cc24ccba3c0aa88566cd96b b5662a5eeb114e15862c7b2e1820bd12 - - default default] 10.0.0.37 "GET /v2.0/ports?device_id=cac59224-9ad8-4567-821a-de24ffe4afc8 HTTP/1.1" status: 200 len: 205 time: 0.0331361
2026-04-27 13:28:02.111 9 INFO neutron.api.v2.resource [None req-7272b212-9ea8-4b56-84ff-26fdc556ecc3 745f59b92cc24ccba3c0aa88566cd96b b5662a5eeb114e15862c7b2e1820bd12 - - default default] delete failed (client error): The resource could not be found.
2026-04-27 13:28:02.112 9 INFO neutron.wsgi [None req-7272b212-9ea8-4b56-84ff-26fdc556ecc3 745f59b92cc24ccba3c0aa88566cd96b b5662a5eeb114e15862c7b2e1820bd12 - - default default] 10.0.0.37 "DELETE /v2.0/routers/cac59224-9ad8-4567-821a-de24ffe4afc8 HTTP/1.1" status: 404 len: 336 time: 0.0256288
2026-04-27 13:28:02.136 9 INFO neutron.pecan_wsgi.hooks.translation [None req-8c0edbe0-baae-4cf3-9239-d015676ef2f9 745f59b92cc24ccba3c0aa88566cd96b b5662a5eeb114e15862c7b2e1820bd12 - - default default] DELETE failed (client error): The resource could not be found.
2026-04-27 13:28:02.138 9 INFO neutron.wsgi [None req-8c0edbe0-baae-4cf3-9239-d015676ef2f9 745f59b92cc24ccba3c0aa88566cd96b b5662a5eeb114e15862c7b2e1820bd12 - - default default] 10.0.0.37 "DELETE /v2.0/subnets/45c2fc63-7f86-4a36-abd2-ce655a3d36e3 HTTP/1.1" status: 404 len: 337 time: 0.0214760
2026-04-27 13:28:02.168 10 INFO neutron.wsgi [None req-bb523d19-5985-4e77-ac6b-808069a6690d 745f59b92cc24ccba3c0aa88566cd96b b5662a5eeb114e15862c7b2e1820bd12 - - default default] 10.0.0.37 "GET /v2.0/ports?device_id=d4eb928d-f007-4fbe-83be-1a10654611b0 HTTP/1.1" status: 200 len: 205 time: 0.0199761
2026-04-27 13:28:02.196 9 INFO neutron.db.ovn_revision_numbers_db [None req-8cdc721a-60fd-4220-9264-1d7ca7f2ff5a 58355acad14a44f5af2440e055fc711f d4211e4fa25247e4ba1a605a416e1842 - - default default] Successfully bumped revision number for resource 180ebc53-6685-4291-a98f-5d09a4b2a70e (type: router_ports) to 1
2026-04-27 13:28:02.203 10 INFO neutron.api.v2.resource [None req-6dcdc8c5-f6a3-44bf-8a94-187f7d623720 745f59b92cc24ccba3c0aa88566cd96b b5662a5eeb114e15862c7b2e1820bd12 - - default default] delete failed (client error): The resource could not be found.
2026-04-27 13:28:02.205 10 INFO neutron.wsgi [None req-6dcdc8c5-f6a3-44bf-8a94-187f7d623720 745f59b92cc24ccba3c0aa88566cd96b b5662a5eeb114e15862c7b2e1820bd12 - - default default] 10.0.0.37 "DELETE /v2.0/routers/d4eb928d-f007-4fbe-83be-1a10654611b0 HTTP/1.1" status: 404 len: 336 time: 0.0275769
2026-04-27 13:28:02.233 10 INFO neutron.pecan_wsgi.hooks.translation [None req-22dbb6e7-4c89-4b1f-b6f2-7b3b49b534dc 745f59b92cc24ccba3c0aa88566cd96b b5662a5eeb114e15862c7b2e1820bd12 - - default default] DELETE failed (client error): The resource could not be found.
2026-04-27 13:28:02.237 10 INFO neutron.wsgi [None req-22dbb6e7-4c89-4b1f-b6f2-7b3b49b534dc 745f59b92cc24ccba3c0aa88566cd96b b5662a5eeb114e15862c7b2e1820bd12 - - default default] 10.0.0.37 "DELETE /v2.0/subnets/a3e086f3-7c09-485d-b66c-db1625dd0e1d HTTP/1.1" status: 404 len: 337 time: 0.0274470
2026-04-27 13:28:02.263 9 INFO neutron.wsgi [None req-f28b6561-b17f-4636-8ac3-7632c5a4dad2 745f59b92cc24ccba3c0aa88566cd96b b5662a5eeb114e15862c7b2e1820bd12 - - default default] 10.0.0.37 "GET /v2.0/ports?device_id=250c267d-cb19-4ab9-ad8f-125d164b6710 HTTP/1.1" status: 200 len: 205 time: 0.0206223
2026-04-27 13:28:02.290 10 INFO neutron.services.segments.plugin [-] Segment 58da2fb9-935a-4b58-9103-130ed58d0a3e resource provider aggregate not found
2026-04-27 13:28:02.294 9 INFO neutron.api.v2.resource [None req-7a96f835-f976-4225-8a10-a7788750792f 745f59b92cc24ccba3c0aa88566cd96b b5662a5eeb114e15862c7b2e1820bd12 - - default default] delete failed (client error): The resource could not be found.
2026-04-27 13:28:02.295 9 INFO neutron.wsgi [None req-7a96f835-f976-4225-8a10-a7788750792f 745f59b92cc24ccba3c0aa88566cd96b b5662a5eeb114e15862c7b2e1820bd12 - - default default] 10.0.0.37 "DELETE /v2.0/routers/250c267d-cb19-4ab9-ad8f-125d164b6710 HTTP/1.1" status: 404 len: 336 time: 0.0275364
2026-04-27 13:28:02.296 10 INFO neutron.services.segments.plugin [-] Segment 58da2fb9-935a-4b58-9103-130ed58d0a3e resource provider aggregate not found
2026-04-27 13:28:02.311 10 INFO neutron.services.segments.plugin [-] Segment 58da2fb9-935a-4b58-9103-130ed58d0a3e resource provider not found; error: Placement Client Error (4xx): {"errors": [{"status": 404, "title": "Not Found", "detail": "The resource could not be found.\n\n No resource provider with uuid 58da2fb9-935a-4b58-9103-130ed58d0a3e found for delete ", "request_id": "req-dcfe0218-ce5d-43d8-b801-cb55c1e1086c"}]}
2026-04-27 13:28:02.312 10 INFO neutron.services.segments.plugin [-] Segment 58da2fb9-935a-4b58-9103-130ed58d0a3e resource provider not found; error: Placement Client Error (4xx): {"errors": [{"status": 404, "title": "Not Found", "detail": "The resource could not be found.\n\n No resource provider with uuid 58da2fb9-935a-4b58-9103-130ed58d0a3e found for delete ", "request_id": "req-5f61bd3a-a3ce-4e80-93b2-c9554fac8a69"}]}
2026-04-27 13:28:02.328 9 INFO neutron.pecan_wsgi.hooks.translation [None req-0fd24ad6-8f13-4227-b97d-4797e1f70ade 745f59b92cc24ccba3c0aa88566cd96b b5662a5eeb114e15862c7b2e1820bd12 - - default default] DELETE failed (client error): The resource could not be found.
2026-04-27 13:28:02.331 9 INFO neutron.wsgi [None req-0fd24ad6-8f13-4227-b97d-4797e1f70ade 745f59b92cc24ccba3c0aa88566cd96b b5662a5eeb114e15862c7b2e1820bd12 - - default default] 10.0.0.37 "DELETE /v2.0/subnets/3998ac47-1543-4ccf-974a-985b558b8ec8 HTTP/1.1" status: 404 len: 337 time: 0.0318265
2026-04-27 13:28:02.357 10 INFO neutron.wsgi [None req-570322db-a35e-433f-897b-27d1ae5d207a 559610f68dc2489d9a57387d4c9cb8cd 22e206025b42406c83a20a22d5419621 - - default default] 10.0.0.37 "DELETE /v2.0/networks/4469ac32-7b5e-435f-a840-b5b562b71bf4 HTTP/1.1" status: 204 len: 168 time: 0.5300980
2026-04-27 13:28:02.358 10 INFO neutron.pecan_wsgi.hooks.translation [None req-4dc6c47d-b236-44ab-91c5-aa271fe23922 745f59b92cc24ccba3c0aa88566cd96b b5662a5eeb114e15862c7b2e1820bd12 - - default default] DELETE failed (client error): The resource could not be found.
2026-04-27 13:28:02.360 10 INFO neutron.wsgi [None req-4dc6c47d-b236-44ab-91c5-aa271fe23922 745f59b92cc24ccba3c0aa88566cd96b b5662a5eeb114e15862c7b2e1820bd12 - - default default] 10.0.0.37 "DELETE /v2.0/subnets/372ba490-8af6-420c-b2b2-544bdcf150c1 HTTP/1.1" status: 404 len: 337 time: 0.0229809
2026-04-27 13:28:02.409 9 INFO neutron.db.ovn_revision_numbers_db [None req-8cdc721a-60fd-4220-9264-1d7ca7f2ff5a 58355acad14a44f5af2440e055fc711f d4211e4fa25247e4ba1a605a416e1842 - - default default] Successfully bumped revision number for resource 180ebc53-6685-4291-a98f-5d09a4b2a70e (type: ports) to 1
2026-04-27 13:28:02.476 9 WARNING neutron.scheduler.dhcp_agent_scheduler [None req-8cdc721a-60fd-4220-9264-1d7ca7f2ff5a 58355acad14a44f5af2440e055fc711f d4211e4fa25247e4ba1a605a416e1842 - - default default] No more DHCP agents
2026-04-27 13:28:02.477 9 WARNING neutron.api.rpc.agentnotifiers.dhcp_rpc_agent_api [None req-8cdc721a-60fd-4220-9264-1d7ca7f2ff5a 58355acad14a44f5af2440e055fc711f d4211e4fa25247e4ba1a605a416e1842 - - default default] Unable to schedule network c37eada0-4b4d-4749-82e2-a0f36a99a905: no agents available; will retry on subsequent port and subnet creation events.
2026-04-27 13:28:02.603 9 INFO neutron.db.ovn_revision_numbers_db [None req-8cdc721a-60fd-4220-9264-1d7ca7f2ff5a 58355acad14a44f5af2440e055fc711f d4211e4fa25247e4ba1a605a416e1842 - - default default] Successfully bumped revision number for resource 180ebc53-6685-4291-a98f-5d09a4b2a70e (type: router_ports) to 1
2026-04-27 13:28:02.606 9 INFO neutron.wsgi [None req-8cdc721a-60fd-4220-9264-1d7ca7f2ff5a 58355acad14a44f5af2440e055fc711f d4211e4fa25247e4ba1a605a416e1842 - - default default] 10.0.0.37 "PUT /v2.0/routers/79665d95-5946-411f-a83a-ef7f229827a6/add_router_interface HTTP/1.1" status: 200 len: 503 time: 2.0455298
2026-04-27 13:28:02.690 9 INFO neutron.wsgi [None req-b5314439-f7a2-4058-a42f-d2bd85dc7c2e 58355acad14a44f5af2440e055fc711f d4211e4fa25247e4ba1a605a416e1842 - - default default] 10.0.0.37 "GET /v2.0/ports/180ebc53-6685-4291-a98f-5d09a4b2a70e HTTP/1.1" status: 200 len: 1135 time: 0.0800457
2026-04-27 13:28:03.028 9 INFO neutron.wsgi [None req-a7b5cb01-add0-4f42-b87a-4d144953d613 16f0fa93e40e4411ab2730c3e4538e4c a41ee1dde33a414c9f55ace20d36663e - - default default] 10.0.0.37 "GET /v2.0/security-groups?tenant_id=b5662a5eeb114e15862c7b2e1820bd12&name=default HTTP/1.1" status: 200 len: 2996 time: 0.1652668
2026-04-27 13:28:03.219 9 WARNING neutron.scheduler.dhcp_agent_scheduler [None req-e3b4b1a8-60b4-48e8-b351-2b26a7aaa3c3 58355acad14a44f5af2440e055fc711f d4211e4fa25247e4ba1a605a416e1842 - - default default] No more DHCP agents
2026-04-27 13:28:03.222 9 WARNING neutron.api.rpc.agentnotifiers.dhcp_rpc_agent_api [None req-e3b4b1a8-60b4-48e8-b351-2b26a7aaa3c3 58355acad14a44f5af2440e055fc711f d4211e4fa25247e4ba1a605a416e1842 - - default default] Unable to schedule network 60acb824-2cbf-4687-89e6-fe18023ac5c0: no agents available; will retry on subsequent port and subnet creation events.
2026-04-27 13:28:03.383 9 INFO neutron.db.ovn_revision_numbers_db [None req-7325286b-991f-4914-89e9-aca0cedafe7b 16f0fa93e40e4411ab2730c3e4538e4c a41ee1dde33a414c9f55ace20d36663e - - default default] Successfully bumped revision number for resource 3c4de01b-78b6-4b1b-a145-80d0bcc083ee (type: security_groups) to 1
2026-04-27 13:28:03.394 9 INFO neutron.db.ovn_revision_numbers_db [None req-e3b4b1a8-60b4-48e8-b351-2b26a7aaa3c3 58355acad14a44f5af2440e055fc711f d4211e4fa25247e4ba1a605a416e1842 - - default default] Successfully bumped revision number for resource a4334386-cb89-4179-b15f-d82c091cf1dd (type: ports) to 1
2026-04-27 13:28:03.398 9 INFO neutron.db.ovn_revision_numbers_db [None req-7325286b-991f-4914-89e9-aca0cedafe7b 16f0fa93e40e4411ab2730c3e4538e4c a41ee1dde33a414c9f55ace20d36663e - - default default] Successfully bumped revision number for resource 11e718e7-5767-4b13-af36-941ba2c8631e (type: security_group_rules) to 0
2026-04-27 13:28:03.408 10 INFO neutron.wsgi [None req-4ae1c6fd-aa6c-4154-94d4-432839e126b3 16f0fa93e40e4411ab2730c3e4538e4c a41ee1dde33a414c9f55ace20d36663e - - default default] 10.0.0.37 "DELETE /v2.0/security-groups/c0d36df3-28ac-486d-82da-516c929f0447 HTTP/1.1" status: 204 len: 168 time: 0.3740549
2026-04-27 13:28:03.453 9 INFO neutron.db.ovn_revision_numbers_db [None req-7325286b-991f-4914-89e9-aca0cedafe7b 16f0fa93e40e4411ab2730c3e4538e4c a41ee1dde33a414c9f55ace20d36663e - - default default] Successfully bumped revision number for resource 56803fc7-4aa8-44b5-ab27-0731f221aab4 (type: security_group_rules) to 0
2026-04-27 13:28:03.482 9 INFO neutron.db.ovn_revision_numbers_db [None req-7325286b-991f-4914-89e9-aca0cedafe7b 16f0fa93e40e4411ab2730c3e4538e4c a41ee1dde33a414c9f55ace20d36663e - - default default] Successfully bumped revision number for resource 761e5b35-c19f-4453-b70f-85cf8bd74aae (type: security_group_rules) to 0
2026-04-27 13:28:03.511 9 INFO neutron.db.ovn_revision_numbers_db [None req-7325286b-991f-4914-89e9-aca0cedafe7b 16f0fa93e40e4411ab2730c3e4538e4c a41ee1dde33a414c9f55ace20d36663e - - default default] Successfully bumped revision number for resource c4c835be-f39b-462e-84dd-499205a9119b (type: security_group_rules) to 0
2026-04-27 13:28:03.539 9 INFO neutron.wsgi [None req-7325286b-991f-4914-89e9-aca0cedafe7b 16f0fa93e40e4411ab2730c3e4538e4c a41ee1dde33a414c9f55ace20d36663e - - default default] 10.0.0.37 "GET /v2.0/security-groups?tenant_id=80baddd8d1924164bf20c8546b90ada5&name=default HTTP/1.1" status: 200 len: 2996 time: 0.5066605
2026-04-27 13:28:03.915 9 INFO neutron.plugins.ml2.drivers.ovn.mech_driver.mech_driver [None req-4261e079-a03f-4b40-b4f5-8319b4584c3c - - - - - -] OVN reports status up for port: a4334386-cb89-4179-b15f-d82c091cf1dd
2026-04-27 13:28:03.946 9 INFO neutron.plugins.ml2.plugin [None req-4261e079-a03f-4b40-b4f5-8319b4584c3c - - - - - -] Attempt 1 to provision port a4334386-cb89-4179-b15f-d82c091cf1dd
2026-04-27 13:28:03.953 9 INFO neutron.wsgi [None req-77528f9e-e793-4959-9c0d-bab46b6fe9a9 16f0fa93e40e4411ab2730c3e4538e4c a41ee1dde33a414c9f55ace20d36663e - - default default] 10.0.0.37 "DELETE /v2.0/security-groups/3c4de01b-78b6-4b1b-a145-80d0bcc083ee HTTP/1.1" status: 204 len: 168 time: 0.4073267
2026-04-27 13:28:04.001 9 INFO neutron.db.ovn_revision_numbers_db [None req-e3b4b1a8-60b4-48e8-b351-2b26a7aaa3c3 58355acad14a44f5af2440e055fc711f d4211e4fa25247e4ba1a605a416e1842 - - default default] Successfully bumped revision number for resource a4334386-cb89-4179-b15f-d82c091cf1dd (type: router_ports) to 1
2026-04-27 13:28:04.131 10 INFO neutron.wsgi [None req-557d9061-dc7d-4801-8ea0-c46921edf698 16f0fa93e40e4411ab2730c3e4538e4c a41ee1dde33a414c9f55ace20d36663e - - default default] 10.0.0.37 "GET /v2.0/security-groups?tenant_id=22e206025b42406c83a20a22d5419621&name=default HTTP/1.1" status: 200 len: 2996 time: 0.0392890
2026-04-27 13:28:04.205 9 INFO neutron.db.ovn_revision_numbers_db [None req-e3b4b1a8-60b4-48e8-b351-2b26a7aaa3c3 58355acad14a44f5af2440e055fc711f d4211e4fa25247e4ba1a605a416e1842 - - default default] Successfully bumped revision number for resource a4334386-cb89-4179-b15f-d82c091cf1dd (type: ports) to 1
2026-04-27 13:28:04.312 9 WARNING neutron.scheduler.dhcp_agent_scheduler [None req-e3b4b1a8-60b4-48e8-b351-2b26a7aaa3c3 58355acad14a44f5af2440e055fc711f d4211e4fa25247e4ba1a605a416e1842 - - default default] No more DHCP agents
2026-04-27 13:28:04.315 9 WARNING neutron.api.rpc.agentnotifiers.dhcp_rpc_agent_api [None req-e3b4b1a8-60b4-48e8-b351-2b26a7aaa3c3 58355acad14a44f5af2440e055fc711f d4211e4fa25247e4ba1a605a416e1842 - - default default] Unable to schedule network 60acb824-2cbf-4687-89e6-fe18023ac5c0: no agents available; will retry on subsequent port and subnet creation events.
2026-04-27 13:28:04.320 9 INFO neutron.db.ovn_revision_numbers_db [None req-4261e079-a03f-4b40-b4f5-8319b4584c3c - - - - - -] Successfully bumped revision number for resource a4334386-cb89-4179-b15f-d82c091cf1dd (type: ports) to 2
2026-04-27 13:28:04.366 10 INFO neutron.wsgi [None req-13dc456c-9ef8-4c9e-9f8e-cb1fcf4cd69e 16f0fa93e40e4411ab2730c3e4538e4c a41ee1dde33a414c9f55ace20d36663e - - default default] 10.0.0.37 "DELETE /v2.0/security-groups/05266756-e2a6-4e04-a799-2f46732677ae HTTP/1.1" status: 204 len: 168 time: 0.2292435
2026-04-27 13:28:04.451 9 INFO neutron.db.ovn_revision_numbers_db [None req-4261e079-a03f-4b40-b4f5-8319b4584c3c - - - - - -] Successfully bumped revision number for resource a4334386-cb89-4179-b15f-d82c091cf1dd (type: router_ports) to 2
2026-04-27 13:28:04.498 9 INFO neutron.db.ovn_revision_numbers_db [None req-e3b4b1a8-60b4-48e8-b351-2b26a7aaa3c3 58355acad14a44f5af2440e055fc711f d4211e4fa25247e4ba1a605a416e1842 - - default default] Successfully bumped revision number for resource a4334386-cb89-4179-b15f-d82c091cf1dd (type: router_ports) to 2
2026-04-27 13:28:04.500 9 INFO neutron.wsgi [None req-e3b4b1a8-60b4-48e8-b351-2b26a7aaa3c3 58355acad14a44f5af2440e055fc711f d4211e4fa25247e4ba1a605a416e1842 - - default default] 10.0.0.37 "PUT /v2.0/routers/79665d95-5946-411f-a83a-ef7f229827a6/add_router_interface HTTP/1.1" status: 200 len: 503 time: 1.8045814
2026-04-27 13:28:04.624 10 INFO neutron.wsgi [None req-2230c977-325f-4f9a-acec-f69c94738226 58355acad14a44f5af2440e055fc711f d4211e4fa25247e4ba1a605a416e1842 - - default default] 10.0.0.37 "GET /v2.0/ports/a4334386-cb89-4179-b15f-d82c091cf1dd HTTP/1.1" status: 200 len: 1137 time: 0.1185284
2026-04-27 13:28:04.671 10 INFO neutron.wsgi [None req-aaecf2b4-4241-4dc8-9a93-99110ede5ef4 58355acad14a44f5af2440e055fc711f d4211e4fa25247e4ba1a605a416e1842 - - default default] 10.0.0.37 "GET /v2.0/ports/a4334386-cb89-4179-b15f-d82c091cf1dd HTTP/1.1" status: 200 len: 1137 time: 0.0398564
2026-04-27 13:28:04.755 10 WARNING neutron.plugins.ml2.drivers.ovn.mech_driver.ovsdb.ovn_client [None req-4f637257-9aab-472a-9b1e-ad903caf13b0 - - - - - -] No port found with ID a0eff4cd-f12b-42f4-8649-88eb56b332ac: RuntimeError: No port found with ID a0eff4cd-f12b-42f4-8649-88eb56b332ac
2026-04-27 13:28:04.756 10 INFO neutron.plugins.ml2.drivers.ovn.mech_driver.mech_driver [None req-4f637257-9aab-472a-9b1e-ad903caf13b0 - - - - - -] OVN reports status up for port: 180ebc53-6685-4291-a98f-5d09a4b2a70e
2026-04-27 13:28:04.763 10 WARNING neutron_lib.context [None req-48d99ba2-9da5-4f8e-8f0b-7a8c3f6f3544 22ddd1d2657c4e21835be351547381f8 d8806cfc7f304edeb7d3a46f580b36f8 - - default default] Method 'is_advsvc' is deprecated since 2023.2 release (neutron-lib 3.8.0) and will be removed once support for the old RBAC API policies will be removed from Neutron. Please use method 'is_service_role' instead.
2026-04-27 13:28:04.778 10 INFO neutron.plugins.ml2.plugin [None req-4f637257-9aab-472a-9b1e-ad903caf13b0 - - - - - -] Attempt 1 to provision port 180ebc53-6685-4291-a98f-5d09a4b2a70e
2026-04-27 13:28:05.025 10 INFO neutron.db.ovn_revision_numbers_db [None req-48d99ba2-9da5-4f8e-8f0b-7a8c3f6f3544 22ddd1d2657c4e21835be351547381f8 d8806cfc7f304edeb7d3a46f580b36f8 - - default default] Successfully bumped revision number for resource abef13cb-7f51-4c62-a923-7cf1b53b6575 (type: security_groups) to 1
2026-04-27 13:28:05.055 10 INFO neutron.db.ovn_revision_numbers_db [None req-48d99ba2-9da5-4f8e-8f0b-7a8c3f6f3544 22ddd1d2657c4e21835be351547381f8 d8806cfc7f304edeb7d3a46f580b36f8 - - default default] Successfully bumped revision number for resource 01386d67-f2a7-4ef9-a6a9-9357de3607ee (type: security_group_rules) to 0
2026-04-27 13:28:05.100 10 INFO neutron.db.ovn_revision_numbers_db [None req-48d99ba2-9da5-4f8e-8f0b-7a8c3f6f3544 22ddd1d2657c4e21835be351547381f8 d8806cfc7f304edeb7d3a46f580b36f8 - - default default] Successfully bumped revision number for resource 52f31d88-fe30-43d4-ba46-1b2cc6f047a1 (type: security_group_rules) to 0
2026-04-27 13:28:05.129 10 INFO neutron.db.ovn_revision_numbers_db [None req-48d99ba2-9da5-4f8e-8f0b-7a8c3f6f3544 22ddd1d2657c4e21835be351547381f8 d8806cfc7f304edeb7d3a46f580b36f8 - - default default] Successfully bumped revision number for resource 71cf1e58-d7bf-4c74-b0e9-286063288aca (type: security_group_rules) to 0
2026-04-27 13:28:05.167 10 INFO neutron.db.ovn_revision_numbers_db [None req-48d99ba2-9da5-4f8e-8f0b-7a8c3f6f3544 22ddd1d2657c4e21835be351547381f8 d8806cfc7f304edeb7d3a46f580b36f8 - - default default] Successfully bumped revision number for resource a3336893-79c7-4fe7-b325-92e4d75b6e3f (type: security_group_rules) to 0
2026-04-27 13:28:05.211 10 INFO neutron.db.ovn_revision_numbers_db [None req-4f637257-9aab-472a-9b1e-ad903caf13b0 - - - - - -] Successfully bumped revision number for resource 180ebc53-6685-4291-a98f-5d09a4b2a70e (type: ports) to 2
2026-04-27 13:28:05.234 10 INFO neutron.db.segments_db [None req-48d99ba2-9da5-4f8e-8f0b-7a8c3f6f3544 22ddd1d2657c4e21835be351547381f8 d8806cfc7f304edeb7d3a46f580b36f8 - - default default] Added segment 971541b7-19e3-481d-a1d9-134a6d061fe0 of type geneve for network f37a0c4d-c5ee-4977-b7fb-59b99d44b7d4
2026-04-27 13:28:05.635 10 INFO neutron.db.ovn_revision_numbers_db [None req-4f637257-9aab-472a-9b1e-ad903caf13b0 - - - - - -] Successfully bumped revision number for resource 180ebc53-6685-4291-a98f-5d09a4b2a70e (type: router_ports) to 2
2026-04-27 13:28:05.760 10 INFO neutron.db.ovn_revision_numbers_db [None req-48d99ba2-9da5-4f8e-8f0b-7a8c3f6f3544 22ddd1d2657c4e21835be351547381f8 d8806cfc7f304edeb7d3a46f580b36f8 - - default default] Successfully bumped revision number for resource f37a0c4d-c5ee-4977-b7fb-59b99d44b7d4 (type: networks) to 1
2026-04-27 13:28:06.061 10 WARNING neutron.scheduler.dhcp_agent_scheduler [None req-48d99ba2-9da5-4f8e-8f0b-7a8c3f6f3544 22ddd1d2657c4e21835be351547381f8 d8806cfc7f304edeb7d3a46f580b36f8 - - default default] No more DHCP agents
2026-04-27 13:28:06.069 10 WARNING neutron.api.rpc.agentnotifiers.dhcp_rpc_agent_api [None req-48d99ba2-9da5-4f8e-8f0b-7a8c3f6f3544 22ddd1d2657c4e21835be351547381f8 d8806cfc7f304edeb7d3a46f580b36f8 - - default default] Unable to schedule network f37a0c4d-c5ee-4977-b7fb-59b99d44b7d4: no agents available; will retry on subsequent port and subnet creation events.
2026-04-27 13:28:06.084 10 INFO neutron.wsgi [None req-de7b3fe0-f683-4436-b53e-38f59348bdc1 58355acad14a44f5af2440e055fc711f d4211e4fa25247e4ba1a605a416e1842 - - default default] 10.0.0.37 "PUT /v2.0/routers/79665d95-5946-411f-a83a-ef7f229827a6/remove_router_interface HTTP/1.1" status: 200 len: 503 time: 1.4072094
2026-04-27 13:28:06.133 9 INFO neutron.wsgi [None req-07c601af-edd2-4241-ad70-72703ecdf6d3 58355acad14a44f5af2440e055fc711f d4211e4fa25247e4ba1a605a416e1842 - - default default] 10.0.0.37 "GET /v2.0/ports/180ebc53-6685-4291-a98f-5d09a4b2a70e HTTP/1.1" status: 200 len: 1137 time: 0.0435245 /var/lib/openstack/lib/python3.10/site-packages/pycadf/identifier.py:71: UserWarning: Invalid uuid: neutron. To ensure interoperability, identifiers should be a valid uuid. warnings.warn(('Invalid uuid: %s. To ensure interoperability, '
2026-04-27 13:28:06.229 10 INFO neutron.db.ovn_revision_numbers_db [None req-48d99ba2-9da5-4f8e-8f0b-7a8c3f6f3544 22ddd1d2657c4e21835be351547381f8 d8806cfc7f304edeb7d3a46f580b36f8 - - default default] Successfully bumped revision number for resource 5ed5ac78-9fb7-47e3-9e18-b43d0a83281d (type: ports) to 1
2026-04-27 13:28:06.262 10 INFO neutron.wsgi [None req-48d99ba2-9da5-4f8e-8f0b-7a8c3f6f3544 22ddd1d2657c4e21835be351547381f8 d8806cfc7f304edeb7d3a46f580b36f8 - - default default] 10.0.0.37 "POST /v2.0/networks HTTP/1.1" status: 201 len: 831 time: 1.6062562
2026-04-27 13:28:06.368 10 INFO neutron.wsgi [None req-4f1b3ef2-d8d0-4ade-860f-e54b6d168602 22ddd1d2657c4e21835be351547381f8 d8806cfc7f304edeb7d3a46f580b36f8 - - default default] 10.0.0.37 "PUT /v2.0/networks/f37a0c4d-c5ee-4977-b7fb-59b99d44b7d4/tags HTTP/1.1" status: 200 len: 218 time: 0.1001630
2026-04-27 13:28:06.432 10 INFO neutron.wsgi [None req-b3bbf30c-8926-49dc-99d7-c6a0397925e5 22ddd1d2657c4e21835be351547381f8 d8806cfc7f304edeb7d3a46f580b36f8 - - default default] 10.0.0.37 "GET /v2.0/networks/f37a0c4d-c5ee-4977-b7fb-59b99d44b7d4/tags HTTP/1.1" status: 200 len: 218 time: 0.0602105
2026-04-27 13:28:06.497 9 INFO neutron.wsgi [None req-3fb67478-c839-4fab-9b42-6b105a1ace99 22ddd1d2657c4e21835be351547381f8 d8806cfc7f304edeb7d3a46f580b36f8 - - default default] 10.0.0.37 "PUT /v2.0/networks/f37a0c4d-c5ee-4977-b7fb-59b99d44b7d4/tags/green HTTP/1.1" status: 201 len: 201 time: 0.0593381
2026-04-27 13:28:06.540 9 INFO neutron.wsgi [None req-8dbb0266-7dde-4b27-801c-c9b32860075b 22ddd1d2657c4e21835be351547381f8 d8806cfc7f304edeb7d3a46f580b36f8 - - default default] 10.0.0.37 "GET /v2.0/networks/f37a0c4d-c5ee-4977-b7fb-59b99d44b7d4/tags HTTP/1.1" status: 200 len: 227 time: 0.0388072
2026-04-27 13:28:06.840 9 INFO neutron.wsgi [None req-6351b546-3dfb-40f7-a401-6dcfce6bda87 22ddd1d2657c4e21835be351547381f8 d8806cfc7f304edeb7d3a46f580b36f8 - - default default] 10.0.0.37 "PUT /v2.0/networks/f37a0c4d-c5ee-4977-b7fb-59b99d44b7d4/tags/red HTTP/1.1" status: 201 len: 201 time: 0.2947578
2026-04-27 13:28:06.884 9 INFO neutron.wsgi [None req-9cc93409-ade2-464e-b6ea-b3d243389c8e 22ddd1d2657c4e21835be351547381f8 d8806cfc7f304edeb7d3a46f580b36f8 - - default default] 10.0.0.37 "GET /v2.0/networks/f37a0c4d-c5ee-4977-b7fb-59b99d44b7d4/tags HTTP/1.1" status: 200 len: 227 time: 0.0404332
2026-04-27 13:28:06.921 10 INFO neutron.wsgi [None req-9541b03b-f851-4a6f-ade3-317e5e98bf66 58355acad14a44f5af2440e055fc711f d4211e4fa25247e4ba1a605a416e1842 - - default default] 10.0.0.37 "PUT /v2.0/routers/79665d95-5946-411f-a83a-ef7f229827a6/remove_router_interface HTTP/1.1" status: 200 len: 503 time: 0.7814727 /var/lib/openstack/lib/python3.10/site-packages/pycadf/identifier.py:71: UserWarning: Invalid uuid: neutron. To ensure interoperability, identifiers should be a valid uuid. warnings.warn(('Invalid uuid: %s. To ensure interoperability, '
2026-04-27 13:28:06.951 10 INFO neutron.wsgi [None req-054e7a3a-7919-48a3-9444-39834ab75598 58355acad14a44f5af2440e055fc711f d4211e4fa25247e4ba1a605a416e1842 - - default default] 10.0.0.37 "GET /v2.0/ports?device_id=79665d95-5946-411f-a83a-ef7f229827a6 HTTP/1.1" status: 200 len: 205 time: 0.0257320
2026-04-27 13:28:06.953 9 INFO neutron.wsgi [None req-a7d808da-44a3-4124-a213-13de8108c91f 22ddd1d2657c4e21835be351547381f8 d8806cfc7f304edeb7d3a46f580b36f8 - - default default] 10.0.0.37 "PUT /v2.0/networks/f37a0c4d-c5ee-4977-b7fb-59b99d44b7d4/tags/black.or.white HTTP/1.1" status: 201 len: 201 time: 0.0639639
2026-04-27 13:28:07.005 9 INFO neutron.wsgi [None req-cd1517c9-9e4e-4789-a957-03a29090c605 22ddd1d2657c4e21835be351547381f8 d8806cfc7f304edeb7d3a46f580b36f8 - - default default] 10.0.0.37 "GET /v2.0/networks/f37a0c4d-c5ee-4977-b7fb-59b99d44b7d4/tags HTTP/1.1" status: 200 len: 245 time: 0.0457573
2026-04-27 13:28:07.188 10 INFO neutron.wsgi [None req-1e052710-b4a6-4914-a82e-69780e792e94 22ddd1d2657c4e21835be351547381f8 d8806cfc7f304edeb7d3a46f580b36f8 - - default default] 10.0.0.37 "PUT /v2.0/networks/f37a0c4d-c5ee-4977-b7fb-59b99d44b7d4/tags HTTP/1.1" status: 200 len: 230 time: 0.1788547
2026-04-27 13:28:07.331 10 INFO neutron.wsgi [None req-29877f79-70da-4934-b9b8-46223b147976 22ddd1d2657c4e21835be351547381f8 d8806cfc7f304edeb7d3a46f580b36f8 - - default default] 10.0.0.37 "GET /v2.0/networks/f37a0c4d-c5ee-4977-b7fb-59b99d44b7d4/tags HTTP/1.1" status: 200 len: 230 time: 0.1382577
2026-04-27 13:28:07.411 10 INFO neutron.wsgi [None req-1806d541-1c65-4fdb-a9f4-dcacfcbd1d7d 22ddd1d2657c4e21835be351547381f8 d8806cfc7f304edeb7d3a46f580b36f8 - - default default] 10.0.0.37 "GET /v2.0/networks/f37a0c4d-c5ee-4977-b7fb-59b99d44b7d4/tags/red HTTP/1.1" status: 204 len: 168 time: 0.0752389
2026-04-27 13:28:07.415 10 INFO neutron.wsgi [None req-b68ce760-d797-4179-91bb-77259a68043f 58355acad14a44f5af2440e055fc711f d4211e4fa25247e4ba1a605a416e1842 - - default default] 10.0.0.37 "DELETE /v2.0/routers/79665d95-5946-411f-a83a-ef7f229827a6 HTTP/1.1" status: 204 len: 168 time: 0.4575067
2026-04-27 13:28:07.457 10 INFO neutron.api.v2.resource [None req-ecf9cd29-fdd6-4f27-bb05-cd61d53dc21f 22ddd1d2657c4e21835be351547381f8 d8806cfc7f304edeb7d3a46f580b36f8 - - default default] show failed (client error): The resource could not be found.
2026-04-27 13:28:07.459 10 INFO neutron.wsgi [None req-ecf9cd29-fdd6-4f27-bb05-cd61d53dc21f 22ddd1d2657c4e21835be351547381f8 d8806cfc7f304edeb7d3a46f580b36f8 - - default default] 10.0.0.37 "GET /v2.0/networks/f37a0c4d-c5ee-4977-b7fb-59b99d44b7d4/tags/green HTTP/1.1" status: 404 len: 299 time: 0.0423181
2026-04-27 13:28:07.525 10 INFO neutron.wsgi [None req-69915bd3-fe2a-4fff-bde2-d69496385ebc 22ddd1d2657c4e21835be351547381f8 d8806cfc7f304edeb7d3a46f580b36f8 - - default default] 10.0.0.37 "DELETE /v2.0/networks/f37a0c4d-c5ee-4977-b7fb-59b99d44b7d4/tags/red HTTP/1.1" status: 204 len: 168 time: 0.0611763
2026-04-27 13:28:07.577 10 INFO neutron.wsgi [None req-5ab7eb2d-9aee-41fa-a0f4-42812bf242e7 22ddd1d2657c4e21835be351547381f8 d8806cfc7f304edeb7d3a46f580b36f8 - - default default] 10.0.0.37 "GET /v2.0/networks/f37a0c4d-c5ee-4977-b7fb-59b99d44b7d4/tags HTTP/1.1" status: 200 len: 223 time: 0.0471861
2026-04-27 13:28:07.637 10 INFO neutron.api.v2.resource [None req-a2fa8eab-b8ad-49c0-ab9d-cd42d1ebeadf 22ddd1d2657c4e21835be351547381f8 d8806cfc7f304edeb7d3a46f580b36f8 - - default default] delete failed (client error): The resource could not be found.
2026-04-27 13:28:07.639 10 INFO neutron.wsgi [None req-a2fa8eab-b8ad-49c0-ab9d-cd42d1ebeadf 22ddd1d2657c4e21835be351547381f8 d8806cfc7f304edeb7d3a46f580b36f8 - - default default] 10.0.0.37 "DELETE /v2.0/networks/f37a0c4d-c5ee-4977-b7fb-59b99d44b7d4/tags/green HTTP/1.1" status: 404 len: 299 time: 0.0559137
2026-04-27 13:28:07.713 9 INFO neutron.wsgi [None req-23aa570a-8f70-4363-86a9-58753e722662 22ddd1d2657c4e21835be351547381f8 d8806cfc7f304edeb7d3a46f580b36f8 - - default default] 10.0.0.37 "DELETE /v2.0/networks/f37a0c4d-c5ee-4977-b7fb-59b99d44b7d4/tags HTTP/1.1" status: 204 len: 168 time: 0.0666668
2026-04-27 13:28:07.729 9 INFO neutron.wsgi [None req-c3856bf3-b9fc-40da-ad20-5fda6c24b370 58355acad14a44f5af2440e055fc711f d4211e4fa25247e4ba1a605a416e1842 - - default default] 10.0.0.37 "DELETE /v2.0/subnets/4feaced3-5504-4055-a95e-32f28b8b2604 HTTP/1.1" status: 204 len: 168 time: 0.3098135
2026-04-27 13:28:07.787 10 INFO neutron.wsgi [None req-7bcfd3c2-3eda-46e0-ba6e-ca9fbb38e479 22ddd1d2657c4e21835be351547381f8 d8806cfc7f304edeb7d3a46f580b36f8 - - default default] 10.0.0.37 "GET /v2.0/networks/f37a0c4d-c5ee-4977-b7fb-59b99d44b7d4/tags HTTP/1.1" status: 200 len: 205 time: 0.0676498
2026-04-27 13:28:07.966 9 INFO neutron.wsgi [None req-5929cbf8-268b-4331-bcf0-69c909b2598f 58355acad14a44f5af2440e055fc711f d4211e4fa25247e4ba1a605a416e1842 - - default default] 10.0.0.37 "DELETE /v2.0/subnets/4a8afe0f-7287-4b44-8d0c-ab2b58fbdcc2 HTTP/1.1" status: 204 len: 168 time: 0.2326901
2026-04-27 13:28:08.246 10 INFO neutron.services.segments.plugin [-] Segment 971541b7-19e3-481d-a1d9-134a6d061fe0 resource provider aggregate not found
2026-04-27 13:28:08.251 10 INFO neutron.services.segments.plugin [-] Segment 971541b7-19e3-481d-a1d9-134a6d061fe0 resource provider aggregate not found
2026-04-27 13:28:08.275 10 INFO neutron.services.segments.plugin [-] Segment 971541b7-19e3-481d-a1d9-134a6d061fe0 resource provider not found; error: Placement Client Error (4xx): {"errors": [{"status": 404, "title": "Not Found", "detail": "The resource could not be found.\n\n No resource provider with uuid 971541b7-19e3-481d-a1d9-134a6d061fe0 found for delete ", "request_id": "req-96f46f7d-ebf0-4fc5-927a-0340d30a7d9a"}]}
2026-04-27 13:28:08.276 10 INFO neutron.services.segments.plugin [-] Segment 971541b7-19e3-481d-a1d9-134a6d061fe0 resource provider not found; error: Placement Client Error (4xx): {"errors": [{"status": 404, "title": "Not Found", "detail": "The resource could not be found.\n\n No resource provider with uuid 971541b7-19e3-481d-a1d9-134a6d061fe0 found for delete ", "request_id": "req-6302c958-dd74-40a2-8a9f-627cb1529352"}]}
2026-04-27 13:28:08.300 10 INFO neutron.wsgi [None req-877f83d0-ddf5-4c0b-9fbe-2d1da1de9a9d 22ddd1d2657c4e21835be351547381f8 d8806cfc7f304edeb7d3a46f580b36f8 - - default default] 10.0.0.37 "DELETE /v2.0/networks/f37a0c4d-c5ee-4977-b7fb-59b99d44b7d4 HTTP/1.1" status: 204 len: 168 time: 0.5041478
2026-04-27 13:28:08.422 9 INFO neutron.services.segments.plugin [-] Segment 861b30a3-05fe-4f50-b10d-64ee716abe28 resource provider aggregate not found
2026-04-27 13:28:08.433 9 INFO neutron.services.segments.plugin [-] Segment 861b30a3-05fe-4f50-b10d-64ee716abe28 resource provider aggregate not found
2026-04-27 13:28:08.457 9 INFO neutron.services.segments.plugin [-] Segment 861b30a3-05fe-4f50-b10d-64ee716abe28 resource provider not found; error: Placement Client Error (4xx): {"errors": [{"status": 404, "title": "Not Found", "detail": "The resource could not be found.\n\n No resource provider with uuid 861b30a3-05fe-4f50-b10d-64ee716abe28 found for delete ", "request_id": "req-a2aec6db-b9cd-407c-b723-4a5cd17b4e0a"}]}
2026-04-27 13:28:08.472 9 INFO neutron.services.segments.plugin [-] Segment 861b30a3-05fe-4f50-b10d-64ee716abe28 resource provider not found; error: Placement Client Error (4xx): {"errors": [{"status": 404, "title": "Not Found", "detail": "The resource could not be found.\n\n No resource provider with uuid 861b30a3-05fe-4f50-b10d-64ee716abe28 found for delete ", "request_id": "req-3526a03e-1b16-4d45-9955-2f8a25f419c3"}]}
2026-04-27 13:28:08.507 9 INFO neutron.wsgi [None req-94fe972f-7a4f-48e4-a6d7-3e7594f392ac 58355acad14a44f5af2440e055fc711f d4211e4fa25247e4ba1a605a416e1842 - - default default] 10.0.0.37 "DELETE /v2.0/networks/60acb824-2cbf-4687-89e6-fe18023ac5c0 HTTP/1.1" status: 204 len: 168 time: 0.5349383
2026-04-27 13:28:08.959 9 INFO neutron.wsgi [None req-975bc935-825e-45df-884b-023beeb3fdd2 58355acad14a44f5af2440e055fc711f d4211e4fa25247e4ba1a605a416e1842 - - default default] 10.0.0.37 "DELETE /v2.0/networks/c37eada0-4b4d-4749-82e2-a0f36a99a905 HTTP/1.1" status: 204 len: 168 time: 0.4439442
2026-04-27 13:28:08.980 10 WARNING neutron_lib.context [None req-556850f0-c836-4620-a2f8-a37103156016 58355acad14a44f5af2440e055fc711f d4211e4fa25247e4ba1a605a416e1842 - - default default] Method 'is_advsvc' is deprecated since 2023.2 release (neutron-lib 3.8.0) and will be removed once support for the old RBAC API policies will be removed from Neutron. Please use method 'is_service_role' instead.
2026-04-27 13:28:09.091 10 INFO neutron.db.segments_db [None req-556850f0-c836-4620-a2f8-a37103156016 58355acad14a44f5af2440e055fc711f d4211e4fa25247e4ba1a605a416e1842 - - default default] Added segment 884a5e66-8d4c-422f-8234-09ab061404d3 of type geneve for network dd5750e4-6186-4102-b145-aaa0aff7f053
2026-04-27 13:28:09.121 10 WARNING neutron_lib.context [None req-76ef3d27-2151-4bb3-8e55-ee9f4a4c7892 f95e7502954e40b0a77807ea59c9af95 c664e31891724dccba2aa7b6efb7f59c - - default default] Method 'is_advsvc' is deprecated since 2023.2 release (neutron-lib 3.8.0) and will be removed once support for the old RBAC API policies will be removed from Neutron. Please use method 'is_service_role' instead.
2026-04-27 13:28:09.311 10 INFO neutron.db.ovn_revision_numbers_db [None req-556850f0-c836-4620-a2f8-a37103156016 58355acad14a44f5af2440e055fc711f d4211e4fa25247e4ba1a605a416e1842 - - default default] Successfully bumped revision number for resource dd5750e4-6186-4102-b145-aaa0aff7f053 (type: networks) to 1
2026-04-27 13:28:09.458 9 INFO neutron.db.ovn_revision_numbers_db [None req-ed553ce6-9612-4ac5-81fa-64c771a492df 16f0fa93e40e4411ab2730c3e4538e4c a41ee1dde33a414c9f55ace20d36663e - - default default] Successfully bumped revision number for resource 45afeb19-4221-4c7b-9913-d3376fbf29e3 (type: security_groups) to 1
2026-04-27 13:28:09.480 9 INFO neutron.db.ovn_revision_numbers_db [None req-ed553ce6-9612-4ac5-81fa-64c771a492df 16f0fa93e40e4411ab2730c3e4538e4c a41ee1dde33a414c9f55ace20d36663e - - default default] Successfully bumped revision number for resource 70ca2f01-c178-4a71-ac89-7a3e0bc3c5b2 (type: security_group_rules) to 0
2026-04-27 13:28:09.506 9 INFO neutron.db.ovn_revision_numbers_db [None req-ed553ce6-9612-4ac5-81fa-64c771a492df 16f0fa93e40e4411ab2730c3e4538e4c a41ee1dde33a414c9f55ace20d36663e - - default default] Successfully bumped revision number for resource 7623dffc-fdb3-4f41-933b-a8188f046fc6 (type: security_group_rules) to 0
2026-04-27 13:28:09.528 9 INFO neutron.db.ovn_revision_numbers_db [None req-ed553ce6-9612-4ac5-81fa-64c771a492df 16f0fa93e40e4411ab2730c3e4538e4c a41ee1dde33a414c9f55ace20d36663e - - default default] Successfully bumped revision number for resource b1f82890-22bf-48dd-9e5b-d98cca64d097 (type: security_group_rules) to 0
2026-04-27 13:28:09.546 9 INFO neutron.db.ovn_revision_numbers_db [None req-ed553ce6-9612-4ac5-81fa-64c771a492df 16f0fa93e40e4411ab2730c3e4538e4c a41ee1dde33a414c9f55ace20d36663e - - default default] Successfully bumped revision number for resource f82f4ef8-27ea-49cf-ae9c-8e1373ee2d2e (type: security_group_rules) to 0
2026-04-27 13:28:09.585 9 INFO neutron.wsgi [None req-ed553ce6-9612-4ac5-81fa-64c771a492df 16f0fa93e40e4411ab2730c3e4538e4c a41ee1dde33a414c9f55ace20d36663e - - default default] 10.0.0.37 "GET /v2.0/security-groups?tenant_id=3f1bd2695e0d4af3b4f33bba02bffda8&name=default HTTP/1.1" status: 200 len: 2996 time: 0.3928871
2026-04-27 13:28:09.653 10 INFO neutron.db.ovn_revision_numbers_db [None req-76ef3d27-2151-4bb3-8e55-ee9f4a4c7892 f95e7502954e40b0a77807ea59c9af95 c664e31891724dccba2aa7b6efb7f59c - - default default] Successfully bumped revision number for resource 2f65fe7b-665d-4db1-aa2c-3d944dce9dfd (type: security_groups) to 1
2026-04-27 13:28:09.671 9 INFO neutron.db.ovn_revision_numbers_db [None req-3061bbc1-bf48-45b6-b86e-8c0175567a9e 16f0fa93e40e4411ab2730c3e4538e4c a41ee1dde33a414c9f55ace20d36663e - - default default] Successfully bumped revision number for resource 69a82687-f795-4b3c-96f6-104e31cd9022 (type: security_groups) to 1
2026-04-27 13:28:09.675 10 INFO neutron.db.ovn_revision_numbers_db [None req-76ef3d27-2151-4bb3-8e55-ee9f4a4c7892 f95e7502954e40b0a77807ea59c9af95 c664e31891724dccba2aa7b6efb7f59c - - default default] Successfully bumped revision number for resource 141f72d5-1899-4bb4-a2d6-32cd8b5bbb66 (type: security_group_rules) to 0
2026-04-27 13:28:09.694 9 INFO neutron.db.ovn_revision_numbers_db [None req-3061bbc1-bf48-45b6-b86e-8c0175567a9e 16f0fa93e40e4411ab2730c3e4538e4c a41ee1dde33a414c9f55ace20d36663e - - default default] Successfully bumped revision number for resource 2ddf5be4-8fe2-4e77-9ec8-46d53535c9a8 (type: security_group_rules) to 0
2026-04-27 13:28:09.709 10 INFO neutron.db.ovn_revision_numbers_db [None req-76ef3d27-2151-4bb3-8e55-ee9f4a4c7892 f95e7502954e40b0a77807ea59c9af95 c664e31891724dccba2aa7b6efb7f59c - - default default] Successfully bumped revision number for resource 4b669564-d06d-44dc-a038-1a6bf272ae32 (type: security_group_rules) to 0
2026-04-27 13:28:09.715 9 INFO neutron.db.ovn_revision_numbers_db [None req-3061bbc1-bf48-45b6-b86e-8c0175567a9e 16f0fa93e40e4411ab2730c3e4538e4c a41ee1dde33a414c9f55ace20d36663e - - default default] Successfully bumped revision number for resource 8378e7ea-7443-43db-8bef-e5a6fbd63dd0 (type: security_group_rules) to 0
2026-04-27 13:28:09.734 9 INFO neutron.db.ovn_revision_numbers_db [None req-3061bbc1-bf48-45b6-b86e-8c0175567a9e 16f0fa93e40e4411ab2730c3e4538e4c a41ee1dde33a414c9f55ace20d36663e - - default default] Successfully bumped revision number for resource 9a2ead19-234f-4316-9d34-0652d84cca32 (type: security_group_rules) to 0
2026-04-27 13:28:09.737 10 INFO neutron.db.ovn_revision_numbers_db [None req-76ef3d27-2151-4bb3-8e55-ee9f4a4c7892 f95e7502954e40b0a77807ea59c9af95 c664e31891724dccba2aa7b6efb7f59c - - default default] Successfully bumped revision number for resource 9b9956d5-ed1b-46d8-85a2-7a9e13c2a648 (type: security_group_rules) to 0
2026-04-27 13:28:09.754 10 INFO neutron.db.ovn_revision_numbers_db [None req-76ef3d27-2151-4bb3-8e55-ee9f4a4c7892 f95e7502954e40b0a77807ea59c9af95 c664e31891724dccba2aa7b6efb7f59c - - default default] Successfully bumped revision number for resource a07e227b-e0f1-4cd3-9d57-275e8f7cd0a9 (type: security_group_rules) to 0
2026-04-27 13:28:09.761 9 INFO neutron.db.ovn_revision_numbers_db [None req-3061bbc1-bf48-45b6-b86e-8c0175567a9e 16f0fa93e40e4411ab2730c3e4538e4c a41ee1dde33a414c9f55ace20d36663e - - default default] Successfully bumped revision number for resource c36c54c4-ba30-4bcc-a1a2-4da269cfc62b (type: security_group_rules) to 0
2026-04-27 13:28:09.789 9 INFO neutron.wsgi [None req-3061bbc1-bf48-45b6-b86e-8c0175567a9e 16f0fa93e40e4411ab2730c3e4538e4c a41ee1dde33a414c9f55ace20d36663e - - default default] 10.0.0.37 "GET /v2.0/security-groups?tenant_id=83ad41c2feab47a3b72ec44c1edd60b2&name=default HTTP/1.1" status: 200 len: 2996 time: 0.3899674
2026-04-27 13:28:09.798 10 WARNING neutron.scheduler.dhcp_agent_scheduler [None req-556850f0-c836-4620-a2f8-a37103156016 58355acad14a44f5af2440e055fc711f d4211e4fa25247e4ba1a605a416e1842 - - default default] No more DHCP agents
2026-04-27 13:28:09.802 10 WARNING neutron.api.rpc.agentnotifiers.dhcp_rpc_agent_api [None req-556850f0-c836-4620-a2f8-a37103156016 58355acad14a44f5af2440e055fc711f d4211e4fa25247e4ba1a605a416e1842 - - default default] Unable to schedule network dd5750e4-6186-4102-b145-aaa0aff7f053: no agents available; will retry on subsequent port and subnet creation events.
2026-04-27 13:28:09.813 10 INFO neutron.db.segments_db [None req-76ef3d27-2151-4bb3-8e55-ee9f4a4c7892 f95e7502954e40b0a77807ea59c9af95 c664e31891724dccba2aa7b6efb7f59c - - default default] Added segment 25b223f7-4e90-4892-8db1-42c054d773ef of type geneve for network 9d1f1664-92fd-467e-9de8-bea7bbd8b09b
2026-04-27 13:28:09.902 9 INFO neutron.wsgi [None req-870a97da-8323-4523-b4e9-e2502fc3f928 16f0fa93e40e4411ab2730c3e4538e4c a41ee1dde33a414c9f55ace20d36663e - - default default] 10.0.0.37 "DELETE /v2.0/security-groups/45afeb19-4221-4c7b-9913-d3376fbf29e3 HTTP/1.1" status: 204 len: 168 time: 0.3112173
2026-04-27 13:28:09.951 10 INFO neutron.db.ovn_revision_numbers_db [None req-556850f0-c836-4620-a2f8-a37103156016 58355acad14a44f5af2440e055fc711f d4211e4fa25247e4ba1a605a416e1842 - - default default] Successfully bumped revision number for resource 841c0f6a-0500-47c4-bfc6-fdec23d7b41b (type: ports) to 1
2026-04-27 13:28:10.021 10 INFO neutron.wsgi [None req-556850f0-c836-4620-a2f8-a37103156016 58355acad14a44f5af2440e055fc711f d4211e4fa25247e4ba1a605a416e1842 - - default default] 10.0.0.37 "POST /v2.0/networks HTTP/1.1" status: 201 len: 828 time: 1.0456142
2026-04-27 13:28:10.035 9 WARNING neutron_lib.context [None req-d33b2922-5d67-4853-ad67-9fe3bccdb892 58355acad14a44f5af2440e055fc711f d4211e4fa25247e4ba1a605a416e1842 - - default default] Method 'is_advsvc' is deprecated since 2023.2 release (neutron-lib 3.8.0) and will be removed once support for the old RBAC API policies will be removed from Neutron. Please use method 'is_service_role' instead.
2026-04-27 13:28:10.051 10 INFO neutron.db.ovn_revision_numbers_db [None req-76ef3d27-2151-4bb3-8e55-ee9f4a4c7892 f95e7502954e40b0a77807ea59c9af95 c664e31891724dccba2aa7b6efb7f59c - - default default] Successfully bumped revision number for resource 9d1f1664-92fd-467e-9de8-bea7bbd8b09b (type: networks) to 1
2026-04-27 13:28:10.066 9 INFO neutron.wsgi [None req-c751963e-f3cf-470f-a604-0b220924143f 16f0fa93e40e4411ab2730c3e4538e4c a41ee1dde33a414c9f55ace20d36663e - - default default] 10.0.0.37 "DELETE /v2.0/security-groups/69a82687-f795-4b3c-96f6-104e31cd9022 HTTP/1.1" status: 204 len: 168 time: 0.2687559
2026-04-27 13:28:10.103 9 INFO neutron.wsgi [None req-831d3313-c8e9-40aa-80c9-238908fafe53 16f0fa93e40e4411ab2730c3e4538e4c a41ee1dde33a414c9f55ace20d36663e - - default default] 10.0.0.37 "GET /v2.0/security-groups?tenant_id=d8806cfc7f304edeb7d3a46f580b36f8&name=default HTTP/1.1" status: 200 len: 2996 time: 0.0730929
2026-04-27 13:28:10.329 10 WARNING neutron.scheduler.dhcp_agent_scheduler [None req-76ef3d27-2151-4bb3-8e55-ee9f4a4c7892 f95e7502954e40b0a77807ea59c9af95 c664e31891724dccba2aa7b6efb7f59c - - default default] No more DHCP agents
