2026-04-27 13:26:44.047 10 WARNING neutron.api.rpc.agentnotifiers.dhcp_rpc_agent_api [None req-59e5b041-111c-4633-a6d8-b0b0ce9efec6 16f0fa93e40e4411ab2730c3e4538e4c a41ee1dde33a414c9f55ace20d36663e - - default default] Unable to schedule network b62bdfcb-44ea-48e7-afca-2f8dde90a06b: no agents available; will retry on subsequent port and subnet creation events.
2026-04-27 13:26:44.306 10 INFO neutron.db.ovn_revision_numbers_db [None req-59e5b041-111c-4633-a6d8-b0b0ce9efec6 16f0fa93e40e4411ab2730c3e4538e4c a41ee1dde33a414c9f55ace20d36663e - - default default] Successfully bumped revision number for resource eabe0a21-a17a-4d8b-b126-35dd6443085c (type: ports) to 1
2026-04-27 13:26:44.331 10 INFO neutron.wsgi [None req-59e5b041-111c-4633-a6d8-b0b0ce9efec6 16f0fa93e40e4411ab2730c3e4538e4c a41ee1dde33a414c9f55ace20d36663e - - default default] 10.0.0.37 "POST /v2.0/networks HTTP/1.1" status: 201 len: 943 time: 1.3404253
2026-04-27 13:26:44.352 15 INFO neutron.plugins.ml2.drivers.ovn.mech_driver.ovsdb.maintenance [None req-10eb8e09-87d0-4db4-8a73-b705bdbda7ed - - - - - -] Maintenance task: Synchronization finished (took 1.71 seconds)
2026-04-27 13:26:44.371 9 INFO neutron.db.ovn_revision_numbers_db [None req-ff27d5d1-3993-47dd-9593-4a6c6da2aa88 16f0fa93e40e4411ab2730c3e4538e4c a41ee1dde33a414c9f55ace20d36663e - - default default] Successfully bumped revision number for resource e9ac0770-bae2-448b-9b1d-36e39f2cdfb3 (type: security_groups) to 1
2026-04-27 13:26:44.390 9 INFO neutron.db.ovn_revision_numbers_db [None req-ff27d5d1-3993-47dd-9593-4a6c6da2aa88 16f0fa93e40e4411ab2730c3e4538e4c a41ee1dde33a414c9f55ace20d36663e - - default default] Successfully bumped revision number for resource 1904f13d-f3ad-4595-90d0-289f2daa5357 (type: security_group_rules) to 0
2026-04-27 13:26:44.427 9 INFO neutron.db.ovn_revision_numbers_db [None req-ff27d5d1-3993-47dd-9593-4a6c6da2aa88 16f0fa93e40e4411ab2730c3e4538e4c a41ee1dde33a414c9f55ace20d36663e - - default default] Successfully bumped revision number for resource 412c10c5-21cc-462d-bb27-84c94ee5b946 (type: security_group_rules) to 0
2026-04-27 13:26:44.448 9 INFO neutron.db.ovn_revision_numbers_db [req-773f0b6e-daf4-4a89-b2f4-d7b4a2cfb183 req-298bf026-e7d3-4439-8ef4-3aae3a1d4c36 d11069f16d2e4336a38dd1c1dbd54436 e2c3e7fbca5b40f087985d81bb1e1c00 - - e3c445c6146e435ea7fb2bee9e8816e3 e3c445c6146e435ea7fb2bee9e8816e3] Successfully bumped revision number for resource d49ab2c1-a269-4ea0-9b9d-01c063ee3dcc (type: ports) to 2
2026-04-27 13:26:44.450 9 INFO neutron.db.ovn_revision_numbers_db [None req-ff27d5d1-3993-47dd-9593-4a6c6da2aa88 16f0fa93e40e4411ab2730c3e4538e4c a41ee1dde33a414c9f55ace20d36663e - - default default] Successfully bumped revision number for resource 68512d43-11c9-4b7e-b862-1978a2c44ee3 (type: security_group_rules) to 0
2026-04-27 13:26:44.468 9 INFO neutron.wsgi [req-773f0b6e-daf4-4a89-b2f4-d7b4a2cfb183 req-298bf026-e7d3-4439-8ef4-3aae3a1d4c36 d11069f16d2e4336a38dd1c1dbd54436 e2c3e7fbca5b40f087985d81bb1e1c00 - - e3c445c6146e435ea7fb2bee9e8816e3 e3c445c6146e435ea7fb2bee9e8816e3] 199.19.213.212 "PUT /v2.0/ports/d49ab2c1-a269-4ea0-9b9d-01c063ee3dcc HTTP/1.1" status: 200 len: 1380 time: 0.9799807
2026-04-27 13:26:44.479 9 INFO neutron.db.ovn_revision_numbers_db [None req-ff27d5d1-3993-47dd-9593-4a6c6da2aa88 16f0fa93e40e4411ab2730c3e4538e4c a41ee1dde33a414c9f55ace20d36663e - - default default] Successfully bumped revision number for resource 78f8fd90-274c-424d-a1a1-df4fbb7f3656 (type: security_group_rules) to 0
2026-04-27 13:26:44.514 9 INFO neutron.wsgi [None req-ff27d5d1-3993-47dd-9593-4a6c6da2aa88 16f0fa93e40e4411ab2730c3e4538e4c a41ee1dde33a414c9f55ace20d36663e - - default default] 10.0.0.37 "GET /v2.0/security-groups?tenant_id=66791db3ffa2431c8c664fc0c447bf09&name=default HTTP/1.1" status: 200 len: 2996 time: 0.6775770
2026-04-27 13:26:44.517 9 INFO neutron.notifiers.nova [-] Nova event matching ['req-a6bc9151-23e9-4332-b0c0-96d5c7f74db9'] response: {'name': 'network-changed', 'server_uuid': 'a63566f6-0957-404a-9673-d7f2d3cb6f14', 'tag': 'd49ab2c1-a269-4ea0-9b9d-01c063ee3dcc', 'status': 'completed', 'code': 200} /var/lib/openstack/lib/python3.10/site-packages/pycadf/identifier.py:71: UserWarning: Invalid uuid: neutron. To ensure interoperability, identifiers should be a valid uuid. warnings.warn(('Invalid uuid: %s. To ensure interoperability, '
2026-04-27 13:26:44.561 9 INFO neutron.wsgi [req-773f0b6e-daf4-4a89-b2f4-d7b4a2cfb183 req-bc3ee17d-a8d0-40a2-b1a1-ddd085653d7b d11069f16d2e4336a38dd1c1dbd54436 e2c3e7fbca5b40f087985d81bb1e1c00 - - e3c445c6146e435ea7fb2bee9e8816e3 e3c445c6146e435ea7fb2bee9e8816e3] 199.19.213.212 "GET /v2.0/ports?tenant_id=b1ed6b1654524f229cc79bf7be82e889&device_id=a63566f6-0957-404a-9673-d7f2d3cb6f14 HTTP/1.1" status: 200 len: 1411 time: 0.0352330
2026-04-27 13:26:44.600 9 INFO neutron.wsgi [req-773f0b6e-daf4-4a89-b2f4-d7b4a2cfb183 req-4d885458-18a0-427e-8fa1-3ba76412c421 d11069f16d2e4336a38dd1c1dbd54436 e2c3e7fbca5b40f087985d81bb1e1c00 - - e3c445c6146e435ea7fb2bee9e8816e3 e3c445c6146e435ea7fb2bee9e8816e3] 199.19.213.212 "GET /v2.0/floatingips?fixed_ip_address=10.100.0.13&port_id=d49ab2c1-a269-4ea0-9b9d-01c063ee3dcc HTTP/1.1" status: 200 len: 217 time: 0.0285006
2026-04-27 13:26:44.612 10 INFO neutron.wsgi [req-186a0017-1875-4fb2-97ec-148a0ff30df4 req-773c7c51-fe2f-4bc6-8fbf-fcbf0531700a e88b2d5d490b489f9acba8f5e8c381c5 b1ed6b1654524f229cc79bf7be82e889 - - default default] 10.0.0.127 "GET /v2.0/ports?device_id=a63566f6-0957-404a-9673-d7f2d3cb6f14 HTTP/1.1" status: 200 len: 1172 time: 0.1621668
2026-04-27 13:26:44.612 10 WARNING neutron.scheduler.dhcp_agent_scheduler [None req-d7558b6a-0dc6-48ac-80c2-2011c6e5f777 16f0fa93e40e4411ab2730c3e4538e4c a41ee1dde33a414c9f55ace20d36663e - - default default] No more DHCP agents
2026-04-27 13:26:44.616 10 WARNING neutron.api.rpc.agentnotifiers.dhcp_rpc_agent_api [None req-d7558b6a-0dc6-48ac-80c2-2011c6e5f777 16f0fa93e40e4411ab2730c3e4538e4c a41ee1dde33a414c9f55ace20d36663e - - default default] Unable to schedule network b62bdfcb-44ea-48e7-afca-2f8dde90a06b: no agents available; will retry on subsequent port and subnet creation events.
2026-04-27 13:26:44.646 9 INFO neutron.wsgi [req-773f0b6e-daf4-4a89-b2f4-d7b4a2cfb183 req-6d40a3b4-226b-4d18-82ec-136d047e113e d11069f16d2e4336a38dd1c1dbd54436 e2c3e7fbca5b40f087985d81bb1e1c00 - - e3c445c6146e435ea7fb2bee9e8816e3 e3c445c6146e435ea7fb2bee9e8816e3] 199.19.213.212 "GET /v2.0/subnets?id=84e69d90-50ce-445f-89ce-5aa2b28ce650 HTTP/1.1" status: 200 len: 862 time: 0.0409515
2026-04-27 13:26:44.680 9 INFO neutron.wsgi [req-773f0b6e-daf4-4a89-b2f4-d7b4a2cfb183 req-47e633db-f186-4358-853b-3179bbd0a4f7 d11069f16d2e4336a38dd1c1dbd54436 e2c3e7fbca5b40f087985d81bb1e1c00 - - e3c445c6146e435ea7fb2bee9e8816e3 e3c445c6146e435ea7fb2bee9e8816e3] 199.19.213.212 "GET /v2.0/ports?network_id=5683feb3-9bec-465c-8b04-20b523236878&device_owner=network%3Adhcp HTTP/1.1" status: 200 len: 210 time: 0.0274618
2026-04-27 13:26:44.769 9 INFO neutron.wsgi [req-773f0b6e-daf4-4a89-b2f4-d7b4a2cfb183 req-699d645d-253e-42f4-8061-850c4e292c80 d11069f16d2e4336a38dd1c1dbd54436 e2c3e7fbca5b40f087985d81bb1e1c00 - - e3c445c6146e435ea7fb2bee9e8816e3 e3c445c6146e435ea7fb2bee9e8816e3] 199.19.213.212 "GET /v2.0/networks/5683feb3-9bec-465c-8b04-20b523236878?fields=segments HTTP/1.1" status: 200 len: 212 time: 0.0800252
2026-04-27 13:26:44.841 9 INFO neutron.wsgi [req-773f0b6e-daf4-4a89-b2f4-d7b4a2cfb183 req-251ea1ff-4575-454c-9039-ddfab7babee1 d11069f16d2e4336a38dd1c1dbd54436 e2c3e7fbca5b40f087985d81bb1e1c00 - - e3c445c6146e435ea7fb2bee9e8816e3 e3c445c6146e435ea7fb2bee9e8816e3] 199.19.213.212 "GET /v2.0/networks/5683feb3-9bec-465c-8b04-20b523236878?fields=provider%3Aphysical_network&fields=provider%3Anetwork_type HTTP/1.1" status: 200 len: 277 time: 0.0646684
2026-04-27 13:26:44.877 10 INFO neutron.wsgi [req-186a0017-1875-4fb2-97ec-148a0ff30df4 req-d4d00936-649c-4785-a763-6666ce85f032 e88b2d5d490b489f9acba8f5e8c381c5 b1ed6b1654524f229cc79bf7be82e889 - - default default] 10.0.0.127 "GET /v2.0/security-groups?id=7c056bb0-62b5-40ca-873f-3411721aeca8&fields=id&fields=name HTTP/1.1" status: 200 len: 313 time: 0.2566712
2026-04-27 13:26:44.938 9 INFO neutron.wsgi [req-68c84c64-b1c3-44fd-8adc-cbddb00c9b38 req-a8f81705-f88e-4fc3-a3c0-007d247de100 d11069f16d2e4336a38dd1c1dbd54436 e2c3e7fbca5b40f087985d81bb1e1c00 - - e3c445c6146e435ea7fb2bee9e8816e3 e3c445c6146e435ea7fb2bee9e8816e3] 199.19.213.212 "GET /v2.0/ports?tenant_id=b1ed6b1654524f229cc79bf7be82e889&device_id=a63566f6-0957-404a-9673-d7f2d3cb6f14 HTTP/1.1" status: 200 len: 1411 time: 0.0377574
2026-04-27 13:26:45.019 9 INFO neutron.wsgi [req-68c84c64-b1c3-44fd-8adc-cbddb00c9b38 req-decafe3a-b93a-41cb-bd2c-212efd341b76 d11069f16d2e4336a38dd1c1dbd54436 e2c3e7fbca5b40f087985d81bb1e1c00 - - e3c445c6146e435ea7fb2bee9e8816e3 e3c445c6146e435ea7fb2bee9e8816e3] 199.19.213.212 "GET /v2.0/networks?id=5683feb3-9bec-465c-8b04-20b523236878 HTTP/1.1" status: 200 len: 967 time: 0.0708222
2026-04-27 13:26:45.050 9 INFO neutron.wsgi [req-68c84c64-b1c3-44fd-8adc-cbddb00c9b38 req-50cbda23-0947-4b71-af8e-2aa5a7f39dd5 d11069f16d2e4336a38dd1c1dbd54436 e2c3e7fbca5b40f087985d81bb1e1c00 - - e3c445c6146e435ea7fb2bee9e8816e3 e3c445c6146e435ea7fb2bee9e8816e3] 199.19.213.212 "GET /v2.0/floatingips?fixed_ip_address=10.100.0.13&port_id=d49ab2c1-a269-4ea0-9b9d-01c063ee3dcc HTTP/1.1" status: 200 len: 217 time: 0.0258718
2026-04-27 13:26:45.088 9 INFO neutron.wsgi [req-68c84c64-b1c3-44fd-8adc-cbddb00c9b38 req-ed3e9934-1ebe-4ef0-aa95-e0711eb983c6 d11069f16d2e4336a38dd1c1dbd54436 e2c3e7fbca5b40f087985d81bb1e1c00 - - e3c445c6146e435ea7fb2bee9e8816e3 e3c445c6146e435ea7fb2bee9e8816e3] 199.19.213.212 "GET /v2.0/subnets?id=84e69d90-50ce-445f-89ce-5aa2b28ce650 HTTP/1.1" status: 200 len: 862 time: 0.0295324
2026-04-27 13:26:45.111 9 INFO neutron.wsgi [req-68c84c64-b1c3-44fd-8adc-cbddb00c9b38 req-63abf79b-7055-4f64-a39b-1d473f43c677 d11069f16d2e4336a38dd1c1dbd54436 e2c3e7fbca5b40f087985d81bb1e1c00 - - e3c445c6146e435ea7fb2bee9e8816e3 e3c445c6146e435ea7fb2bee9e8816e3] 199.19.213.212 "GET /v2.0/ports?network_id=5683feb3-9bec-465c-8b04-20b523236878&device_owner=network%3Adhcp HTTP/1.1" status: 200 len: 210 time: 0.0175614
2026-04-27 13:26:45.217 9 INFO neutron.wsgi [req-68c84c64-b1c3-44fd-8adc-cbddb00c9b38 req-9b695de9-67d5-42f9-a801-23460f5b9e86 d11069f16d2e4336a38dd1c1dbd54436 e2c3e7fbca5b40f087985d81bb1e1c00 - - e3c445c6146e435ea7fb2bee9e8816e3 e3c445c6146e435ea7fb2bee9e8816e3] 199.19.213.212 "GET /v2.0/networks/5683feb3-9bec-465c-8b04-20b523236878?fields=segments HTTP/1.1" status: 200 len: 212 time: 0.1019578
2026-04-27 13:26:45.264 9 INFO neutron.db.ovn_revision_numbers_db [None req-e227a3bc-8684-48e1-ba65-e5660b2a1435 16f0fa93e40e4411ab2730c3e4538e4c a41ee1dde33a414c9f55ace20d36663e - - default default] Successfully bumped revision number for resource 66d221be-6f2b-4ae7-8e66-fec80ee37ae7 (type: security_groups) to 1
2026-04-27 13:26:45.287 9 INFO neutron.plugins.ml2.drivers.ovn.mech_driver.mech_driver [None req-4261e079-a03f-4b40-b4f5-8319b4584c3c - - - - - -] OVN reports status up for port: d49ab2c1-a269-4ea0-9b9d-01c063ee3dcc
2026-04-27 13:26:45.309 9 INFO neutron.wsgi [req-68c84c64-b1c3-44fd-8adc-cbddb00c9b38 req-cd016277-cb94-42c3-8383-8931c7dd69b8 d11069f16d2e4336a38dd1c1dbd54436 e2c3e7fbca5b40f087985d81bb1e1c00 - - e3c445c6146e435ea7fb2bee9e8816e3 e3c445c6146e435ea7fb2bee9e8816e3] 199.19.213.212 "GET /v2.0/networks/5683feb3-9bec-465c-8b04-20b523236878?fields=provider%3Aphysical_network&fields=provider%3Anetwork_type HTTP/1.1" status: 200 len: 277 time: 0.0861971
2026-04-27 13:26:45.310 10 INFO neutron.wsgi [None req-af9365a7-b7d9-4c78-85d5-3999f65d9d9d 16f0fa93e40e4411ab2730c3e4538e4c a41ee1dde33a414c9f55ace20d36663e - - default default] 10.0.0.37 "DELETE /v2.0/security-groups/e9ac0770-bae2-448b-9b1d-36e39f2cdfb3 HTTP/1.1" status: 204 len: 168 time: 0.7757854
2026-04-27 13:26:45.397 9 INFO neutron.db.ovn_revision_numbers_db [None req-e227a3bc-8684-48e1-ba65-e5660b2a1435 16f0fa93e40e4411ab2730c3e4538e4c a41ee1dde33a414c9f55ace20d36663e - - default default] Successfully bumped revision number for resource 06aa32ae-cdaf-49eb-9c47-562b7cb8ee1e (type: security_group_rules) to 0
2026-04-27 13:26:45.403 9 INFO neutron.plugins.ml2.plugin [None req-4261e079-a03f-4b40-b4f5-8319b4584c3c - - - - - -] Attempt 1 to provision port d49ab2c1-a269-4ea0-9b9d-01c063ee3dcc
2026-04-27 13:26:45.435 9 INFO neutron.db.ovn_revision_numbers_db [None req-e227a3bc-8684-48e1-ba65-e5660b2a1435 16f0fa93e40e4411ab2730c3e4538e4c a41ee1dde33a414c9f55ace20d36663e - - default default] Successfully bumped revision number for resource 5080a4a2-69cc-4ae5-a860-2d05c4ce33b4 (type: security_group_rules) to 0
2026-04-27 13:26:45.473 9 INFO neutron.db.ovn_revision_numbers_db [None req-e227a3bc-8684-48e1-ba65-e5660b2a1435 16f0fa93e40e4411ab2730c3e4538e4c a41ee1dde33a414c9f55ace20d36663e - - default default] Successfully bumped revision number for resource 6d153823-4e14-4c0d-b92d-3070e64efbe5 (type: security_group_rules) to 0
2026-04-27 13:26:45.509 9 INFO neutron.db.ovn_revision_numbers_db [None req-e227a3bc-8684-48e1-ba65-e5660b2a1435 16f0fa93e40e4411ab2730c3e4538e4c a41ee1dde33a414c9f55ace20d36663e - - default default] Successfully bumped revision number for resource 807747e5-2322-4d22-858f-e3090ced6eaf (type: security_group_rules) to 0
2026-04-27 13:26:45.548 9 INFO neutron.wsgi [None req-e227a3bc-8684-48e1-ba65-e5660b2a1435 16f0fa93e40e4411ab2730c3e4538e4c a41ee1dde33a414c9f55ace20d36663e - - default default] 10.0.0.37 "GET /v2.0/security-groups?tenant_id=b1a88cdb3ed849f4812177855428e90e&name=default HTTP/1.1" status: 200 len: 2996 time: 0.8362498
2026-04-27 13:26:45.569 10 INFO neutron.db.ovn_revision_numbers_db [None req-d7558b6a-0dc6-48ac-80c2-2011c6e5f777 16f0fa93e40e4411ab2730c3e4538e4c a41ee1dde33a414c9f55ace20d36663e - - default default] Successfully bumped revision number for resource eabe0a21-a17a-4d8b-b126-35dd6443085c (type: ports) to 2
2026-04-27 13:26:45.647 10 INFO neutron.wsgi [-] 10.0.0.81 "GET / HTTP/1.1" status: 200 len: 245 time: 0.0022118
2026-04-27 13:26:45.650 9 INFO neutron.wsgi [-] 10.0.0.81 "GET / HTTP/1.1" status: 200 len: 245 time: 0.0017905
2026-04-27 13:26:45.660 10 INFO neutron.db.ovn_revision_numbers_db [None req-d7558b6a-0dc6-48ac-80c2-2011c6e5f777 16f0fa93e40e4411ab2730c3e4538e4c a41ee1dde33a414c9f55ace20d36663e - - default default] Successfully bumped revision number for resource 9fc3d1f1-5bda-406c-bef3-a898d074c181 (type: subnets) to 0
2026-04-27 13:26:45.715 10 INFO neutron.wsgi [None req-d7558b6a-0dc6-48ac-80c2-2011c6e5f777 16f0fa93e40e4411ab2730c3e4538e4c a41ee1dde33a414c9f55ace20d36663e - - default default] 10.0.0.37 "POST /v2.0/subnets HTTP/1.1" status: 201 len: 863 time: 1.3792131
2026-04-27 13:26:45.895 9 INFO neutron.db.ovn_revision_numbers_db [None req-4261e079-a03f-4b40-b4f5-8319b4584c3c - - - - - -] Successfully bumped revision number for resource d49ab2c1-a269-4ea0-9b9d-01c063ee3dcc (type: ports) to 4
2026-04-27 13:26:45.897 9 INFO neutron.db.ovn_revision_numbers_db [None req-df840afe-7058-41d9-9f0e-5ad508e215ee 16f0fa93e40e4411ab2730c3e4538e4c a41ee1dde33a414c9f55ace20d36663e - - default default] Successfully bumped revision number for resource 6e3f61fd-7c3b-4aa3-8d31-b3facdcd52e2 (type: security_groups) to 1
2026-04-27 13:26:45.929 9 INFO neutron.db.ovn_revision_numbers_db [None req-df840afe-7058-41d9-9f0e-5ad508e215ee 16f0fa93e40e4411ab2730c3e4538e4c a41ee1dde33a414c9f55ace20d36663e - - default default] Successfully bumped revision number for resource 1287e2ce-de9c-4360-8fa5-e4196dccbbde (type: security_group_rules) to 0 /var/lib/openstack/lib/python3.10/site-packages/pycadf/identifier.py:71: UserWarning: Invalid uuid: neutron. To ensure interoperability, identifiers should be a valid uuid. warnings.warn(('Invalid uuid: %s. To ensure interoperability, '
2026-04-27 13:26:45.977 9 INFO neutron.db.ovn_revision_numbers_db [None req-df840afe-7058-41d9-9f0e-5ad508e215ee 16f0fa93e40e4411ab2730c3e4538e4c a41ee1dde33a414c9f55ace20d36663e - - default default] Successfully bumped revision number for resource 214e1e23-6f5e-4341-9947-7da5e6ec914e (type: security_group_rules) to 0
2026-04-27 13:26:46.001 9 INFO neutron.db.ovn_revision_numbers_db [None req-df840afe-7058-41d9-9f0e-5ad508e215ee 16f0fa93e40e4411ab2730c3e4538e4c a41ee1dde33a414c9f55ace20d36663e - - default default] Successfully bumped revision number for resource 64113f4a-efb3-484e-b21b-59c5225a6a10 (type: security_group_rules) to 0
2026-04-27 13:26:46.034 9 INFO neutron.db.ovn_revision_numbers_db [None req-df840afe-7058-41d9-9f0e-5ad508e215ee 16f0fa93e40e4411ab2730c3e4538e4c a41ee1dde33a414c9f55ace20d36663e - - default default] Successfully bumped revision number for resource d12ccd3b-7cb5-4c31-8f29-71a1a65f47f1 (type: security_group_rules) to 0
2026-04-27 13:26:46.259 9 INFO neutron.wsgi [None req-f9d2a179-0784-4399-aacd-68217076ae88 16f0fa93e40e4411ab2730c3e4538e4c a41ee1dde33a414c9f55ace20d36663e - - default default] 10.0.0.37 "DELETE /v2.0/security-groups/66d221be-6f2b-4ae7-8e66-fec80ee37ae7 HTTP/1.1" status: 204 len: 168 time: 0.7020831
2026-04-27 13:26:46.269 9 INFO neutron.wsgi [None req-df840afe-7058-41d9-9f0e-5ad508e215ee 16f0fa93e40e4411ab2730c3e4538e4c a41ee1dde33a414c9f55ace20d36663e - - default default] 10.0.0.37 "GET /v2.0/security-groups?tenant_id=10c1a9179216457aacaadb67d481f6cf&name=default HTTP/1.1" status: 200 len: 2996 time: 0.7138989
2026-04-27 13:26:46.287 9 INFO neutron.wsgi [req-82b08947-aab0-4e2b-941d-604ea8013576 req-38350c93-4cd5-4db5-a1d3-9fe056396da0 e88b2d5d490b489f9acba8f5e8c381c5 b1ed6b1654524f229cc79bf7be82e889 - - default default] 10.0.0.127 "GET /v2.0/ports?device_id=a63566f6-0957-404a-9673-d7f2d3cb6f14 HTTP/1.1" status: 200 len: 1174 time: 0.3236754
2026-04-27 13:26:46.307 10 WARNING neutron.scheduler.dhcp_agent_scheduler [None req-32620764-ecf5-4328-bc09-a3ed0a1d06be 16f0fa93e40e4411ab2730c3e4538e4c a41ee1dde33a414c9f55ace20d36663e - - default default] No more DHCP agents
2026-04-27 13:26:46.310 10 WARNING neutron.api.rpc.agentnotifiers.dhcp_rpc_agent_api [None req-32620764-ecf5-4328-bc09-a3ed0a1d06be 16f0fa93e40e4411ab2730c3e4538e4c a41ee1dde33a414c9f55ace20d36663e - - default default] Unable to schedule network 7bfb196b-a5fa-4414-9c90-f4537a7d938f: no agents available; will retry on subsequent port and subnet creation events.
2026-04-27 13:26:46.337 9 INFO neutron.wsgi [req-82b08947-aab0-4e2b-941d-604ea8013576 req-1b4c84ed-8ec8-4da1-ac7f-26876639cd7d e88b2d5d490b489f9acba8f5e8c381c5 b1ed6b1654524f229cc79bf7be82e889 - - default default] 10.0.0.127 "GET /v2.0/security-groups?id=7c056bb0-62b5-40ca-873f-3411721aeca8&fields=id&fields=name HTTP/1.1" status: 200 len: 313 time: 0.0437453
2026-04-27 13:26:46.555 9 INFO neutron.notifiers.nova [-] Nova event matching ['req-301b4acc-b24e-454b-8eb3-92fcf60e82cf'] response: {'server_uuid': 'a63566f6-0957-404a-9673-d7f2d3cb6f14', 'name': 'network-vif-plugged', 'status': 'completed', 'tag': 'd49ab2c1-a269-4ea0-9b9d-01c063ee3dcc', 'code': 200}
2026-04-27 13:26:46.556 9 INFO neutron.notifiers.nova [-] Nova event matching ['req-301b4acc-b24e-454b-8eb3-92fcf60e82cf'] response: {'server_uuid': 'a63566f6-0957-404a-9673-d7f2d3cb6f14', 'name': 'network-vif-plugged', 'status': 'completed', 'tag': 'd49ab2c1-a269-4ea0-9b9d-01c063ee3dcc', 'code': 200}
2026-04-27 13:26:46.559 10 INFO neutron.db.ovn_revision_numbers_db [None req-32620764-ecf5-4328-bc09-a3ed0a1d06be 16f0fa93e40e4411ab2730c3e4538e4c a41ee1dde33a414c9f55ace20d36663e - - default default] Successfully bumped revision number for resource 8c6f472b-d5cf-4866-8bd2-225669fb8361 (type: ports) to 1
2026-04-27 13:26:46.650 9 INFO neutron.wsgi [None req-a2a72e4d-029f-4231-ab0f-8881554ab68c 16f0fa93e40e4411ab2730c3e4538e4c a41ee1dde33a414c9f55ace20d36663e - - default default] 10.0.0.37 "DELETE /v2.0/security-groups/6e3f61fd-7c3b-4aa3-8d31-b3facdcd52e2 HTTP/1.1" status: 204 len: 168 time: 0.3752038
2026-04-27 13:26:46.731 10 INFO neutron.db.ovn_revision_numbers_db [None req-bef6a1c3-ebfe-4abb-b8c7-72a178b7c455 16f0fa93e40e4411ab2730c3e4538e4c a41ee1dde33a414c9f55ace20d36663e - - default default] Successfully bumped revision number for resource bb2389cd-8cc4-4dd5-b15d-6f9d5c57601f (type: security_groups) to 1
2026-04-27 13:26:46.835 10 INFO neutron.db.ovn_revision_numbers_db [None req-bef6a1c3-ebfe-4abb-b8c7-72a178b7c455 16f0fa93e40e4411ab2730c3e4538e4c a41ee1dde33a414c9f55ace20d36663e - - default default] Successfully bumped revision number for resource 3efc7492-fa67-47ea-8d72-92f758271586 (type: security_group_rules) to 0
2026-04-27 13:26:46.914 10 INFO neutron.db.ovn_revision_numbers_db [None req-bef6a1c3-ebfe-4abb-b8c7-72a178b7c455 16f0fa93e40e4411ab2730c3e4538e4c a41ee1dde33a414c9f55ace20d36663e - - default default] Successfully bumped revision number for resource 800a1b21-a014-446a-bc2b-2e7cc103e2fb (type: security_group_rules) to 0
2026-04-27 13:26:46.941 10 INFO neutron.db.ovn_revision_numbers_db [None req-bef6a1c3-ebfe-4abb-b8c7-72a178b7c455 16f0fa93e40e4411ab2730c3e4538e4c a41ee1dde33a414c9f55ace20d36663e - - default default] Successfully bumped revision number for resource 805b77b4-46b2-4707-b03c-88245f150508 (type: security_group_rules) to 0
2026-04-27 13:26:47.006 10 INFO neutron.db.ovn_revision_numbers_db [None req-bef6a1c3-ebfe-4abb-b8c7-72a178b7c455 16f0fa93e40e4411ab2730c3e4538e4c a41ee1dde33a414c9f55ace20d36663e - - default default] Successfully bumped revision number for resource fa0ab7b5-2952-40f6-8714-bb0b5d7ac32b (type: security_group_rules) to 0
2026-04-27 13:26:47.034 10 INFO neutron.wsgi [None req-bef6a1c3-ebfe-4abb-b8c7-72a178b7c455 16f0fa93e40e4411ab2730c3e4538e4c a41ee1dde33a414c9f55ace20d36663e - - default default] 10.0.0.37 "GET /v2.0/security-groups?tenant_id=06c9bbd5c29843ba86fbf42cb260c51f&name=default HTTP/1.1" status: 200 len: 2996 time: 0.5326312
2026-04-27 13:26:47.227 10 INFO neutron.plugins.ml2.drivers.ovn.mech_driver.mech_driver [None req-4f637257-9aab-472a-9b1e-ad903caf13b0 - - - - - -] OVN reports status up for port: 8c6f472b-d5cf-4866-8bd2-225669fb8361
2026-04-27 13:26:47.241 9 INFO neutron.plugins.ml2.drivers.ovn.mech_driver.ovsdb.ovsdb_monitor [None req-6b854402-57b6-4d13-bfec-5509c7f588b8 - - - - - -] Router a162b2ef-600b-4548-930c-642b5e234954 is bound to host instance
2026-04-27 13:26:47.248 10 INFO neutron.plugins.ml2.plugin [None req-4f637257-9aab-472a-9b1e-ad903caf13b0 - - - - - -] Attempt 1 to provision port 8c6f472b-d5cf-4866-8bd2-225669fb8361
2026-04-27 13:26:47.287 10 INFO neutron.db.ovn_revision_numbers_db [None req-32620764-ecf5-4328-bc09-a3ed0a1d06be 16f0fa93e40e4411ab2730c3e4538e4c a41ee1dde33a414c9f55ace20d36663e - - default default] Successfully bumped revision number for resource 8c6f472b-d5cf-4866-8bd2-225669fb8361 (type: router_ports) to 1
2026-04-27 13:26:47.383 9 INFO neutron.wsgi [None req-7829dd01-92b7-4337-843c-2d17ae06c339 16f0fa93e40e4411ab2730c3e4538e4c a41ee1dde33a414c9f55ace20d36663e - - default default] 10.0.0.37 "DELETE /v2.0/security-groups/bb2389cd-8cc4-4dd5-b15d-6f9d5c57601f HTTP/1.1" status: 204 len: 168 time: 0.3439460
2026-04-27 13:26:47.396 10 INFO neutron.db.ovn_revision_numbers_db [None req-32620764-ecf5-4328-bc09-a3ed0a1d06be 16f0fa93e40e4411ab2730c3e4538e4c a41ee1dde33a414c9f55ace20d36663e - - default default] Successfully bumped revision number for resource a162b2ef-600b-4548-930c-642b5e234954 (type: routers) to 2
2026-04-27 13:26:47.428 10 INFO neutron.wsgi [None req-32620764-ecf5-4328-bc09-a3ed0a1d06be 16f0fa93e40e4411ab2730c3e4538e4c a41ee1dde33a414c9f55ace20d36663e - - default default] 10.0.0.37 "POST /v2.0/routers HTTP/1.1" status: 201 len: 874 time: 1.7073107
2026-04-27 13:26:47.479 9 INFO neutron.wsgi [req-c1ab919b-3464-41ba-b030-eab831346852 req-df44b508-27ea-439e-bc38-bd11cf70c485 e88b2d5d490b489f9acba8f5e8c381c5 b1ed6b1654524f229cc79bf7be82e889 - - default default] 10.0.0.127 "GET /v2.0/ports?device_id=a63566f6-0957-404a-9673-d7f2d3cb6f14 HTTP/1.1" status: 200 len: 1174 time: 0.0660489
2026-04-27 13:26:47.536 9 INFO neutron.wsgi [req-c1ab919b-3464-41ba-b030-eab831346852 req-39b53231-4fc2-4ca9-9739-201a5a191436 e88b2d5d490b489f9acba8f5e8c381c5 b1ed6b1654524f229cc79bf7be82e889 - - default default] 10.0.0.127 "GET /v2.0/security-groups?id=7c056bb0-62b5-40ca-873f-3411721aeca8&fields=id&fields=name HTTP/1.1" status: 200 len: 313 time: 0.0504477
2026-04-27 13:26:47.668 10 INFO neutron.wsgi [req-b158a51f-488e-4f24-9681-1d7a82ff59bf req-fb2ec335-cfc0-4836-97f1-3afee71a8e78 e88b2d5d490b489f9acba8f5e8c381c5 b1ed6b1654524f229cc79bf7be82e889 - - default default] 10.0.0.127 "GET /v2.0/ports?device_id=a63566f6-0957-404a-9673-d7f2d3cb6f14 HTTP/1.1" status: 200 len: 1174 time: 0.0450363
2026-04-27 13:26:47.869 9 INFO neutron.db.ovn_revision_numbers_db [None req-6b854402-57b6-4d13-bfec-5509c7f588b8 - - - - - -] Successfully bumped revision number for resource 8c6f472b-d5cf-4866-8bd2-225669fb8361 (type: ports) to 1
2026-04-27 13:26:48.137 9 INFO neutron.db.ovn_revision_numbers_db [None req-6b854402-57b6-4d13-bfec-5509c7f588b8 - - - - - -] Successfully bumped revision number for resource 8c6f472b-d5cf-4866-8bd2-225669fb8361 (type: router_ports) to 3
2026-04-27 13:26:48.192 10 INFO neutron.db.l3_db [None req-833f7b70-40c9-41ae-a71b-a282435da9a2 e88b2d5d490b489f9acba8f5e8c381c5 b1ed6b1654524f229cc79bf7be82e889 - - default default] Floating IP 5918af02-2fe6-4970-aec2-862076bc3c05 associated. External IP: 10.96.250.206, port: d49ab2c1-a269-4ea0-9b9d-01c063ee3dcc.
2026-04-27 13:26:48.313 10 WARNING neutron.scheduler.dhcp_agent_scheduler [None req-8782f5c3-337d-4d64-bcf8-85f280de0fe0 16f0fa93e40e4411ab2730c3e4538e4c a41ee1dde33a414c9f55ace20d36663e - - default default] No more DHCP agents
2026-04-27 13:26:48.321 10 WARNING neutron.api.rpc.agentnotifiers.dhcp_rpc_agent_api [None req-8782f5c3-337d-4d64-bcf8-85f280de0fe0 16f0fa93e40e4411ab2730c3e4538e4c a41ee1dde33a414c9f55ace20d36663e - - default default] Unable to schedule network b62bdfcb-44ea-48e7-afca-2f8dde90a06b: no agents available; will retry on subsequent port and subnet creation events.
2026-04-27 13:26:48.346 9 INFO neutron.db.ovn_revision_numbers_db [None req-6b854402-57b6-4d13-bfec-5509c7f588b8 - - - - - -] Successfully bumped revision number for resource 8c6f472b-d5cf-4866-8bd2-225669fb8361 (type: ports) to 2
2026-04-27 13:26:48.495 10 INFO neutron.db.ovn_revision_numbers_db [None req-833f7b70-40c9-41ae-a71b-a282435da9a2 e88b2d5d490b489f9acba8f5e8c381c5 b1ed6b1654524f229cc79bf7be82e889 - - default default] Successfully bumped revision number for resource 5918af02-2fe6-4970-aec2-862076bc3c05 (type: floatingips) to 1
2026-04-27 13:26:48.638 10 INFO neutron.db.ovn_revision_numbers_db [None req-8782f5c3-337d-4d64-bcf8-85f280de0fe0 16f0fa93e40e4411ab2730c3e4538e4c a41ee1dde33a414c9f55ace20d36663e - - default default] Successfully bumped revision number for resource 0ac4db1e-a2c1-423c-9bd4-eca6491fd6ce (type: ports) to 1
2026-04-27 13:26:48.699 9 INFO neutron.db.ovn_revision_numbers_db [None req-6b854402-57b6-4d13-bfec-5509c7f588b8 - - - - - -] Successfully bumped revision number for resource 8c6f472b-d5cf-4866-8bd2-225669fb8361 (type: ports) to 4
2026-04-27 13:26:48.711 10 INFO neutron.db.ovn_revision_numbers_db [None req-833f7b70-40c9-41ae-a71b-a282435da9a2 e88b2d5d490b489f9acba8f5e8c381c5 b1ed6b1654524f229cc79bf7be82e889 - - default default] Successfully bumped revision number for resource 5918af02-2fe6-4970-aec2-862076bc3c05 (type: floatingips) to 2
2026-04-27 13:26:48.738 10 INFO neutron.wsgi [None req-833f7b70-40c9-41ae-a71b-a282435da9a2 e88b2d5d490b489f9acba8f5e8c381c5 b1ed6b1654524f229cc79bf7be82e889 - - default default] 10.0.0.37 "PUT /v2.0/floatingips/5918af02-2fe6-4970-aec2-862076bc3c05 HTTP/1.1" status: 200 len: 1050 time: 1.0503302
2026-04-27 13:26:48.770 10 INFO neutron.notifiers.nova [-] Nova event matching ['req-eccb02f5-d368-41d1-bda7-241d3f233a26'] response: {'name': 'network-changed', 'server_uuid': 'a63566f6-0957-404a-9673-d7f2d3cb6f14', 'tag': 'd49ab2c1-a269-4ea0-9b9d-01c063ee3dcc', 'status': 'completed', 'code': 200} /var/lib/openstack/lib/python3.10/site-packages/pycadf/identifier.py:71: UserWarning: Invalid uuid: neutron. To ensure interoperability, identifiers should be a valid uuid. warnings.warn(('Invalid uuid: %s. To ensure interoperability, '
2026-04-27 13:26:48.844 9 INFO neutron.wsgi [req-8cf04d0b-1442-4c1d-bf15-7bfbce6f47dd req-89b1562a-5c16-4574-920f-778fc4110725 d11069f16d2e4336a38dd1c1dbd54436 e2c3e7fbca5b40f087985d81bb1e1c00 - - e3c445c6146e435ea7fb2bee9e8816e3 e3c445c6146e435ea7fb2bee9e8816e3] 199.19.213.212 "GET /v2.0/ports?tenant_id=b1ed6b1654524f229cc79bf7be82e889&device_id=a63566f6-0957-404a-9673-d7f2d3cb6f14 HTTP/1.1" status: 200 len: 1413 time: 0.0555956
2026-04-27 13:26:48.878 9 INFO neutron.wsgi [req-a5ff142b-a0a2-4a75-a3d6-6fc30cf0cd7d req-684ed002-4e63-415f-9635-2b497220e527 e88b2d5d490b489f9acba8f5e8c381c5 b1ed6b1654524f229cc79bf7be82e889 - - default default] 10.0.0.127 "GET /v2.0/ports?device_id=a63566f6-0957-404a-9673-d7f2d3cb6f14 HTTP/1.1" status: 200 len: 1174 time: 0.0637379
2026-04-27 13:26:48.958 9 INFO neutron.wsgi [req-a5ff142b-a0a2-4a75-a3d6-6fc30cf0cd7d req-931f7e45-cd55-4716-b6af-c9a5cf386e45 e88b2d5d490b489f9acba8f5e8c381c5 b1ed6b1654524f229cc79bf7be82e889 - - default default] 10.0.0.127 "GET /v2.0/security-groups?id=7c056bb0-62b5-40ca-873f-3411721aeca8&fields=id&fields=name HTTP/1.1" status: 200 len: 313 time: 0.0700257
2026-04-27 13:26:48.980 9 INFO neutron.wsgi [req-8cf04d0b-1442-4c1d-bf15-7bfbce6f47dd req-1eb5d199-1529-45aa-a78a-eaa2b45b8d3d d11069f16d2e4336a38dd1c1dbd54436 e2c3e7fbca5b40f087985d81bb1e1c00 - - e3c445c6146e435ea7fb2bee9e8816e3 e3c445c6146e435ea7fb2bee9e8816e3] 199.19.213.212 "GET /v2.0/networks?id=5683feb3-9bec-465c-8b04-20b523236878 HTTP/1.1" status: 200 len: 967 time: 0.1283045
2026-04-27 13:26:49.033 9 INFO neutron.wsgi [req-8cf04d0b-1442-4c1d-bf15-7bfbce6f47dd req-50f289f8-0679-4599-952a-ac4f6f763ffb d11069f16d2e4336a38dd1c1dbd54436 e2c3e7fbca5b40f087985d81bb1e1c00 - - e3c445c6146e435ea7fb2bee9e8816e3 e3c445c6146e435ea7fb2bee9e8816e3] 199.19.213.212 "GET /v2.0/floatingips?fixed_ip_address=10.100.0.13&port_id=d49ab2c1-a269-4ea0-9b9d-01c063ee3dcc HTTP/1.1" status: 200 len: 1060 time: 0.0397770
2026-04-27 13:26:49.061 9 INFO neutron.db.ovn_revision_numbers_db [None req-6b854402-57b6-4d13-bfec-5509c7f588b8 - - - - - -] Successfully bumped revision number for resource 8c6f472b-d5cf-4866-8bd2-225669fb8361 (type: router_ports) to 4
2026-04-27 13:26:49.090 9 INFO neutron.wsgi [req-8cf04d0b-1442-4c1d-bf15-7bfbce6f47dd req-c8776e2d-3bb5-4466-a8cd-5438ca5e0b84 d11069f16d2e4336a38dd1c1dbd54436 e2c3e7fbca5b40f087985d81bb1e1c00 - - e3c445c6146e435ea7fb2bee9e8816e3 e3c445c6146e435ea7fb2bee9e8816e3] 199.19.213.212 "GET /v2.0/subnets?id=84e69d90-50ce-445f-89ce-5aa2b28ce650 HTTP/1.1" status: 200 len: 862 time: 0.0520275
2026-04-27 13:26:49.107 9 INFO neutron.plugins.ml2.drivers.ovn.mech_driver.mech_driver [None req-4261e079-a03f-4b40-b4f5-8319b4584c3c - - - - - -] OVN reports status up for port: 0ac4db1e-a2c1-423c-9bd4-eca6491fd6ce
2026-04-27 13:26:49.128 10 INFO neutron.db.ovn_revision_numbers_db [None req-8782f5c3-337d-4d64-bcf8-85f280de0fe0 16f0fa93e40e4411ab2730c3e4538e4c a41ee1dde33a414c9f55ace20d36663e - - default default] Successfully bumped revision number for resource 0ac4db1e-a2c1-423c-9bd4-eca6491fd6ce (type: router_ports) to 1
2026-04-27 13:26:49.132 9 INFO neutron.plugins.ml2.plugin [None req-4261e079-a03f-4b40-b4f5-8319b4584c3c - - - - - -] Attempt 1 to provision port 0ac4db1e-a2c1-423c-9bd4-eca6491fd6ce
2026-04-27 13:26:49.135 9 INFO neutron.wsgi [req-8cf04d0b-1442-4c1d-bf15-7bfbce6f47dd req-9fe64818-4fa4-45d6-9e98-eac735b4f684 d11069f16d2e4336a38dd1c1dbd54436 e2c3e7fbca5b40f087985d81bb1e1c00 - - e3c445c6146e435ea7fb2bee9e8816e3 e3c445c6146e435ea7fb2bee9e8816e3] 199.19.213.212 "GET /v2.0/ports?network_id=5683feb3-9bec-465c-8b04-20b523236878&device_owner=network%3Adhcp HTTP/1.1" status: 200 len: 210 time: 0.0355170
2026-04-27 13:26:49.230 9 INFO neutron.wsgi [req-8cf04d0b-1442-4c1d-bf15-7bfbce6f47dd req-c6fabc87-dfb0-45bb-aef8-fa02d44ed556 d11069f16d2e4336a38dd1c1dbd54436 e2c3e7fbca5b40f087985d81bb1e1c00 - - e3c445c6146e435ea7fb2bee9e8816e3 e3c445c6146e435ea7fb2bee9e8816e3] 199.19.213.212 "GET /v2.0/networks/5683feb3-9bec-465c-8b04-20b523236878?fields=segments HTTP/1.1" status: 200 len: 212 time: 0.0858445
2026-04-27 13:26:49.287 10 INFO neutron.db.ovn_revision_numbers_db [None req-8782f5c3-337d-4d64-bcf8-85f280de0fe0 16f0fa93e40e4411ab2730c3e4538e4c a41ee1dde33a414c9f55ace20d36663e - - default default] Successfully bumped revision number for resource 0ac4db1e-a2c1-423c-9bd4-eca6491fd6ce (type: ports) to 1
2026-04-27 13:26:49.292 10 INFO neutron.wsgi [req-b5206937-2fc9-45f2-828f-4b26ad9ecafb req-d2eff0a7-7b70-43c3-8921-11edaca9a722 e88b2d5d490b489f9acba8f5e8c381c5 b1ed6b1654524f229cc79bf7be82e889 - - default default] 10.0.0.127 "GET /v2.0/ports?device_id=a63566f6-0957-404a-9673-d7f2d3cb6f14 HTTP/1.1" status: 200 len: 1174 time: 0.0512037
2026-04-27 13:26:49.326 9 INFO neutron.wsgi [req-8cf04d0b-1442-4c1d-bf15-7bfbce6f47dd req-666ac462-f639-4a72-8caa-5ddf77dbd0ec d11069f16d2e4336a38dd1c1dbd54436 e2c3e7fbca5b40f087985d81bb1e1c00 - - e3c445c6146e435ea7fb2bee9e8816e3 e3c445c6146e435ea7fb2bee9e8816e3] 199.19.213.212 "GET /v2.0/networks/5683feb3-9bec-465c-8b04-20b523236878?fields=provider%3Aphysical_network&fields=provider%3Anetwork_type HTTP/1.1" status: 200 len: 277 time: 0.0897813
2026-04-27 13:26:49.351 10 INFO neutron.wsgi [req-b5206937-2fc9-45f2-828f-4b26ad9ecafb req-57efb446-4537-4d10-b83b-55b9654a290d e88b2d5d490b489f9acba8f5e8c381c5 b1ed6b1654524f229cc79bf7be82e889 - - default default] 10.0.0.127 "GET /v2.0/security-groups?id=7c056bb0-62b5-40ca-873f-3411721aeca8&fields=id&fields=name HTTP/1.1" status: 200 len: 313 time: 0.0528259
2026-04-27 13:26:49.371 10 WARNING neutron.scheduler.dhcp_agent_scheduler [None req-8782f5c3-337d-4d64-bcf8-85f280de0fe0 16f0fa93e40e4411ab2730c3e4538e4c a41ee1dde33a414c9f55ace20d36663e - - default default] No more DHCP agents
2026-04-27 13:26:49.372 10 WARNING neutron.api.rpc.agentnotifiers.dhcp_rpc_agent_api [None req-8782f5c3-337d-4d64-bcf8-85f280de0fe0 16f0fa93e40e4411ab2730c3e4538e4c a41ee1dde33a414c9f55ace20d36663e - - default default] Unable to schedule network b62bdfcb-44ea-48e7-afca-2f8dde90a06b: no agents available; will retry on subsequent port and subnet creation events.
2026-04-27 13:26:49.532 9 INFO neutron.db.ovn_revision_numbers_db [None req-4261e079-a03f-4b40-b4f5-8319b4584c3c - - - - - -] Successfully bumped revision number for resource 0ac4db1e-a2c1-423c-9bd4-eca6491fd6ce (type: ports) to 2
2026-04-27 13:26:49.646 9 INFO neutron.db.ovn_revision_numbers_db [None req-4261e079-a03f-4b40-b4f5-8319b4584c3c - - - - - -] Successfully bumped revision number for resource 0ac4db1e-a2c1-423c-9bd4-eca6491fd6ce (type: router_ports) to 2
2026-04-27 13:26:49.672 9 INFO neutron.wsgi [req-e9eebb8a-8e4a-4e54-a89b-1c51c52ff5b2 req-132486bb-223e-41c3-8425-9e4e96dd2ab9 e88b2d5d490b489f9acba8f5e8c381c5 b1ed6b1654524f229cc79bf7be82e889 - - default default] 199.19.213.212 "GET /v2.0/ports?device_id=a63566f6-0957-404a-9673-d7f2d3cb6f14 HTTP/1.1" status: 200 len: 1174 time: 0.0489671
2026-04-27 13:26:49.999 10 INFO neutron.db.ovn_revision_numbers_db [None req-8782f5c3-337d-4d64-bcf8-85f280de0fe0 16f0fa93e40e4411ab2730c3e4538e4c a41ee1dde33a414c9f55ace20d36663e - - default default] Successfully bumped revision number for resource 0ac4db1e-a2c1-423c-9bd4-eca6491fd6ce (type: router_ports) to 2
2026-04-27 13:26:50.002 10 INFO neutron.wsgi [None req-8782f5c3-337d-4d64-bcf8-85f280de0fe0 16f0fa93e40e4411ab2730c3e4538e4c a41ee1dde33a414c9f55ace20d36663e - - default default] 10.0.0.37 "PUT /v2.0/routers/a162b2ef-600b-4548-930c-642b5e234954/add_router_interface HTTP/1.1" status: 200 len: 503 time: 2.5685167
2026-04-27 13:26:50.025 9 INFO neutron.db.ovn_revision_numbers_db [None req-640e8242-1059-4b95-abe9-32d7f0ec5b33 16f0fa93e40e4411ab2730c3e4538e4c a41ee1dde33a414c9f55ace20d36663e - - default default] Successfully bumped revision number for resource 819e3980-099c-49de-8250-6c5a5b01b64c (type: security_groups) to 1
2026-04-27 13:26:50.052 9 INFO neutron.db.ovn_revision_numbers_db [None req-640e8242-1059-4b95-abe9-32d7f0ec5b33 16f0fa93e40e4411ab2730c3e4538e4c a41ee1dde33a414c9f55ace20d36663e - - default default] Successfully bumped revision number for resource 2f1b6de1-548d-4ca5-ba52-62250e396ed4 (type: security_group_rules) to 0
2026-04-27 13:26:50.071 9 INFO neutron.db.l3_db [req-e9eebb8a-8e4a-4e54-a89b-1c51c52ff5b2 req-b331f747-749e-4572-a0da-f13ca970d726 e88b2d5d490b489f9acba8f5e8c381c5 b1ed6b1654524f229cc79bf7be82e889 - - default default] Floating IP 5918af02-2fe6-4970-aec2-862076bc3c05 disassociated. External IP: 10.96.250.206, port: d49ab2c1-a269-4ea0-9b9d-01c063ee3dcc.
2026-04-27 13:26:50.094 9 INFO neutron.db.ovn_revision_numbers_db [None req-640e8242-1059-4b95-abe9-32d7f0ec5b33 16f0fa93e40e4411ab2730c3e4538e4c a41ee1dde33a414c9f55ace20d36663e - - default default] Successfully bumped revision number for resource 545131f6-db77-4db1-9229-753ed18d34ab (type: security_group_rules) to 0
2026-04-27 13:26:50.126 9 INFO neutron.db.ovn_revision_numbers_db [None req-640e8242-1059-4b95-abe9-32d7f0ec5b33 16f0fa93e40e4411ab2730c3e4538e4c a41ee1dde33a414c9f55ace20d36663e - - default default] Successfully bumped revision number for resource 9f97f27a-1be5-4994-8787-120a1925cf39 (type: security_group_rules) to 0
2026-04-27 13:26:50.156 9 INFO neutron.db.ovn_revision_numbers_db [None req-640e8242-1059-4b95-abe9-32d7f0ec5b33 16f0fa93e40e4411ab2730c3e4538e4c a41ee1dde33a414c9f55ace20d36663e - - default default] Successfully bumped revision number for resource a4f16a29-b793-4018-8d5e-4687a4f2f25f (type: security_group_rules) to 0
2026-04-27 13:26:50.191 9 INFO neutron.wsgi [None req-640e8242-1059-4b95-abe9-32d7f0ec5b33 16f0fa93e40e4411ab2730c3e4538e4c a41ee1dde33a414c9f55ace20d36663e - - default default] 10.0.0.37 "GET /v2.0/security-groups?tenant_id=058562741af74c8a8588836ac5a55da7&name=default HTTP/1.1" status: 200 len: 2996 time: 0.5807359
2026-04-27 13:26:50.295 9 INFO neutron.wsgi [req-e9eebb8a-8e4a-4e54-a89b-1c51c52ff5b2 req-b331f747-749e-4572-a0da-f13ca970d726 e88b2d5d490b489f9acba8f5e8c381c5 b1ed6b1654524f229cc79bf7be82e889 - - default default] 199.19.213.212 "DELETE /v2.0/ports/d49ab2c1-a269-4ea0-9b9d-01c063ee3dcc HTTP/1.1" status: 204 len: 173 time: 0.6190145
2026-04-27 13:26:50.332 9 INFO neutron.notifiers.nova [-] Nova event matching ['req-4cfd78e5-d5c6-4f56-ac21-fd2ec4bfbaf1'] response: {'server_uuid': 'a63566f6-0957-404a-9673-d7f2d3cb6f14', 'name': 'network-vif-deleted', 'tag': 'd49ab2c1-a269-4ea0-9b9d-01c063ee3dcc', 'status': 'completed', 'code': 200}
2026-04-27 13:26:50.460 9 INFO neutron.wsgi [req-3fae0a7b-3979-456b-a112-14b2ce2c6b1b req-a55d36c8-6ac7-48f7-bef0-d507d7f10b33 e88b2d5d490b489f9acba8f5e8c381c5 b1ed6b1654524f229cc79bf7be82e889 - - default default] 10.0.0.127 "GET /v2.0/ports?device_id=a63566f6-0957-404a-9673-d7f2d3cb6f14 HTTP/1.1" status: 200 len: 210 time: 0.0227048
2026-04-27 13:26:50.462 10 INFO neutron.db.ovn_revision_numbers_db [None req-24bd0775-07e1-4157-99cb-069cd0338872 16f0fa93e40e4411ab2730c3e4538e4c a41ee1dde33a414c9f55ace20d36663e - - default default] Successfully bumped revision number for resource c771b33c-6676-4e16-9719-172d79b858e8 (type: security_groups) to 1
2026-04-27 13:26:50.479 10 INFO neutron.wsgi [None req-75f12501-19aa-4d6c-9775-1b7f64e3df12 16f0fa93e40e4411ab2730c3e4538e4c a41ee1dde33a414c9f55ace20d36663e - - default default] 10.0.0.37 "DELETE /v2.0/security-groups/819e3980-099c-49de-8250-6c5a5b01b64c HTTP/1.1" status: 204 len: 168 time: 0.2834518
2026-04-27 13:26:50.485 10 INFO neutron.db.ovn_revision_numbers_db [None req-24bd0775-07e1-4157-99cb-069cd0338872 16f0fa93e40e4411ab2730c3e4538e4c a41ee1dde33a414c9f55ace20d36663e - - default default] Successfully bumped revision number for resource 25e72086-58a5-4525-93b5-ba495439fd91 (type: security_group_rules) to 0
2026-04-27 13:26:50.503 10 INFO neutron.db.ovn_revision_numbers_db [None req-24bd0775-07e1-4157-99cb-069cd0338872 16f0fa93e40e4411ab2730c3e4538e4c a41ee1dde33a414c9f55ace20d36663e - - default default] Successfully bumped revision number for resource a50cb351-b2a0-412d-a7f6-f40522cdd8ed (type: security_group_rules) to 0
2026-04-27 13:26:50.525 10 INFO neutron.db.ovn_revision_numbers_db [None req-24bd0775-07e1-4157-99cb-069cd0338872 16f0fa93e40e4411ab2730c3e4538e4c a41ee1dde33a414c9f55ace20d36663e - - default default] Successfully bumped revision number for resource d611fe24-39f3-4511-8e9f-17c83e1d2fe5 (type: security_group_rules) to 0
2026-04-27 13:26:50.546 10 INFO neutron.db.ovn_revision_numbers_db [None req-24bd0775-07e1-4157-99cb-069cd0338872 16f0fa93e40e4411ab2730c3e4538e4c a41ee1dde33a414c9f55ace20d36663e - - default default] Successfully bumped revision number for resource fee038e4-d030-4f4c-937f-72f2307cca56 (type: security_group_rules) to 0
2026-04-27 13:26:50.579 10 INFO neutron.wsgi [None req-24bd0775-07e1-4157-99cb-069cd0338872 16f0fa93e40e4411ab2730c3e4538e4c a41ee1dde33a414c9f55ace20d36663e - - default default] 10.0.0.37 "GET /v2.0/security-groups?tenant_id=4bbda74f77484cfc82fa4f19fea48539&name=default HTTP/1.1" status: 200 len: 2996 time: 0.4089277
2026-04-27 13:26:50.802 9 INFO neutron.wsgi [None req-78f994c2-240c-4968-9877-38851b5593e4 16f0fa93e40e4411ab2730c3e4538e4c a41ee1dde33a414c9f55ace20d36663e - - default default] 10.0.0.37 "DELETE /v2.0/security-groups/c771b33c-6676-4e16-9719-172d79b858e8 HTTP/1.1" status: 204 len: 168 time: 0.2168093
2026-04-27 13:26:51.731 10 INFO neutron.wsgi [None req-039524f0-9b53-418b-8ee8-3957dfdb4db0 e88b2d5d490b489f9acba8f5e8c381c5 b1ed6b1654524f229cc79bf7be82e889 - - default default] 10.0.0.37 "DELETE /v2.0/security-groups/7c056bb0-62b5-40ca-873f-3411721aeca8 HTTP/1.1" status: 204 len: 168 time: 0.1465111
2026-04-27 13:26:51.744 10 INFO neutron.api.v2.resource [None req-0001c7c3-95c8-4422-8a1d-68da03eb3e86 e88b2d5d490b489f9acba8f5e8c381c5 b1ed6b1654524f229cc79bf7be82e889 - - default default] show failed (client error): The resource could not be found.
2026-04-27 13:26:51.745 10 INFO neutron.wsgi [None req-0001c7c3-95c8-4422-8a1d-68da03eb3e86 e88b2d5d490b489f9acba8f5e8c381c5 b1ed6b1654524f229cc79bf7be82e889 - - default default] 10.0.0.37 "GET /v2.0/security-groups/7c056bb0-62b5-40ca-873f-3411721aeca8 HTTP/1.1" status: 404 len: 347 time: 0.0092263
2026-04-27 13:26:52.200 10 INFO neutron.wsgi [None req-abb5103a-e6d1-498c-a582-65bedd51dbf9 e88b2d5d490b489f9acba8f5e8c381c5 b1ed6b1654524f229cc79bf7be82e889 - - default default] 10.0.0.37 "DELETE /v2.0/floatingips/5918af02-2fe6-4970-aec2-862076bc3c05 HTTP/1.1" status: 204 len: 168 time: 0.4506702
2026-04-27 13:26:52.531 10 INFO neutron.wsgi [req-4f93aaaf-5b9c-444b-837c-5960af9c080c req-88834860-46e4-4e26-bb95-67b59ad18851 0e27f42a63694aefbfe9016896009952 0c0b44b1f6614e4b93b3e2ac13125e94 - - default default] 10.0.0.127 "GET /v2.0/networks?id=b62bdfcb-44ea-48e7-afca-2f8dde90a06b HTTP/1.1" status: 200 len: 872 time: 0.0797565
2026-04-27 13:26:52.553 10 INFO neutron.wsgi [req-4f93aaaf-5b9c-444b-837c-5960af9c080c req-e8d7a678-3034-42de-af4e-6536f216adbc 0e27f42a63694aefbfe9016896009952 0c0b44b1f6614e4b93b3e2ac13125e94 - - default default] 10.0.0.127 "GET /v2.0/quotas/0c0b44b1f6614e4b93b3e2ac13125e94 HTTP/1.1" status: 200 len: 386 time: 0.0137591
2026-04-27 13:26:52.676 10 INFO neutron.wsgi [req-4f93aaaf-5b9c-444b-837c-5960af9c080c req-0a0d9fb4-4f7f-48d7-8251-fc1c54df029a 0e27f42a63694aefbfe9016896009952 0c0b44b1f6614e4b93b3e2ac13125e94 - - default default] 10.0.0.127 "GET /v2.0/ports?tenant_id=0c0b44b1f6614e4b93b3e2ac13125e94&fields=id HTTP/1.1" status: 200 len: 302 time: 0.1136372
2026-04-27 13:26:52.758 10 INFO neutron.wsgi [req-4f93aaaf-5b9c-444b-837c-5960af9c080c req-1affda0e-a178-431d-bb11-9e02969dd864 d11069f16d2e4336a38dd1c1dbd54436 e2c3e7fbca5b40f087985d81bb1e1c00 - - e3c445c6146e435ea7fb2bee9e8816e3 e3c445c6146e435ea7fb2bee9e8816e3] 10.0.0.127 "GET /v2.0/networks/b62bdfcb-44ea-48e7-afca-2f8dde90a06b?fields=segments HTTP/1.1" status: 200 len: 212 time: 0.0731647
2026-04-27 13:26:52.849 10 INFO neutron.wsgi [req-4f93aaaf-5b9c-444b-837c-5960af9c080c req-d0fb016b-52f6-4912-9db2-a05e8565ef6a d11069f16d2e4336a38dd1c1dbd54436 e2c3e7fbca5b40f087985d81bb1e1c00 - - e3c445c6146e435ea7fb2bee9e8816e3 e3c445c6146e435ea7fb2bee9e8816e3] 10.0.0.127 "GET /v2.0/networks/b62bdfcb-44ea-48e7-afca-2f8dde90a06b?fields=provider%3Aphysical_network&fields=provider%3Anetwork_type HTTP/1.1" status: 200 len: 277 time: 0.0797517
2026-04-27 13:26:52.962 10 WARNING neutron_lib.context [None req-a7cdd753-8eb8-4766-9d76-726755b55309 2ab0c1a3731949d3b3d8507c88ec7b8b 6c8f2d5ca4104e259d46c67e637e47d6 - - default default] Method 'is_advsvc' is deprecated since 2023.2 release (neutron-lib 3.8.0) and will be removed once support for the old RBAC API policies will be removed from Neutron. Please use method 'is_service_role' instead.
2026-04-27 13:26:53.019 9 INFO neutron.wsgi [req-2a8d147f-44f5-457a-b9fe-a58355f4a3e9 req-e50e42f6-1c43-4db1-a78c-d1d8c1b360fe 0e27f42a63694aefbfe9016896009952 0c0b44b1f6614e4b93b3e2ac13125e94 - - default default] 10.0.0.127 "GET /v2.0/ports?device_id=95222008-14ac-4aee-a0d4-b03a59790c19 HTTP/1.1" status: 200 len: 210 time: 0.0356405
2026-04-27 13:26:53.497 10 INFO neutron.db.ovn_revision_numbers_db [None req-a7cdd753-8eb8-4766-9d76-726755b55309 2ab0c1a3731949d3b3d8507c88ec7b8b 6c8f2d5ca4104e259d46c67e637e47d6 - - default default] Successfully bumped revision number for resource 5040ccde-827f-4eb2-b581-0e63fd066e6b (type: security_groups) to 1
2026-04-27 13:26:53.534 10 INFO neutron.db.ovn_revision_numbers_db [None req-a7cdd753-8eb8-4766-9d76-726755b55309 2ab0c1a3731949d3b3d8507c88ec7b8b 6c8f2d5ca4104e259d46c67e637e47d6 - - default default] Successfully bumped revision number for resource 0b612d4d-1e02-482a-a0b1-1896500cba68 (type: security_group_rules) to 0
2026-04-27 13:26:53.557 10 INFO neutron.db.ovn_revision_numbers_db [None req-a7cdd753-8eb8-4766-9d76-726755b55309 2ab0c1a3731949d3b3d8507c88ec7b8b 6c8f2d5ca4104e259d46c67e637e47d6 - - default default] Successfully bumped revision number for resource 0ec3d094-043d-4678-b3d5-d15de01011ac (type: security_group_rules) to 0
2026-04-27 13:26:53.581 10 INFO neutron.db.ovn_revision_numbers_db [None req-a7cdd753-8eb8-4766-9d76-726755b55309 2ab0c1a3731949d3b3d8507c88ec7b8b 6c8f2d5ca4104e259d46c67e637e47d6 - - default default] Successfully bumped revision number for resource 400847a7-5008-48ae-b5da-13d98c639685 (type: security_group_rules) to 0
2026-04-27 13:26:53.607 10 INFO neutron.db.ovn_revision_numbers_db [None req-a7cdd753-8eb8-4766-9d76-726755b55309 2ab0c1a3731949d3b3d8507c88ec7b8b 6c8f2d5ca4104e259d46c67e637e47d6 - - default default] Successfully bumped revision number for resource a0084cd3-61c9-479d-beef-d0f7f0c29dfb (type: security_group_rules) to 0
2026-04-27 13:26:53.668 10 INFO neutron.db.segments_db [None req-a7cdd753-8eb8-4766-9d76-726755b55309 2ab0c1a3731949d3b3d8507c88ec7b8b 6c8f2d5ca4104e259d46c67e637e47d6 - - default default] Added segment db351fe0-d1a9-4d67-a28f-bceb9ab21ea5 of type geneve for network b72fa682-8674-4359-838a-5745daef5fb5
2026-04-27 13:26:53.767 10 INFO neutron.wsgi [None req-627ccf23-fdb9-43c0-a3c9-f47de55d1a43 16f0fa93e40e4411ab2730c3e4538e4c a41ee1dde33a414c9f55ace20d36663e - - default default] 10.0.0.37 "PUT /v2.0/routers/9aff78fd-449a-4dc0-b435-c21f7303b24e/remove_router_interface HTTP/1.1" status: 200 len: 503 time: 1.5619936
2026-04-27 13:26:53.883 10 INFO neutron.db.ovn_revision_numbers_db [None req-a7cdd753-8eb8-4766-9d76-726755b55309 2ab0c1a3731949d3b3d8507c88ec7b8b 6c8f2d5ca4104e259d46c67e637e47d6 - - default default] Successfully bumped revision number for resource b72fa682-8674-4359-838a-5745daef5fb5 (type: networks) to 1
2026-04-27 13:26:54.053 9 WARNING neutron_lib.context [None req-80f446dd-2fed-4037-ac6e-3108956227fa 559610f68dc2489d9a57387d4c9cb8cd 22e206025b42406c83a20a22d5419621 - - default default] Method 'is_advsvc' is deprecated since 2023.2 release (neutron-lib 3.8.0) and will be removed once support for the old RBAC API policies will be removed from Neutron. Please use method 'is_service_role' instead. /var/lib/openstack/lib/python3.10/site-packages/pycadf/identifier.py:71: UserWarning: Invalid uuid: neutron. To ensure interoperability, identifiers should be a valid uuid.
2026-04-27 13:26:54.140 9 INFO neutron.wsgi [req-4f93aaaf-5b9c-444b-837c-5960af9c080c req-a3798165-af03-45f4-b75d-50f322e945ec 0e27f42a63694aefbfe9016896009952 0c0b44b1f6614e4b93b3e2ac13125e94 - - default default] 199.19.213.212 "GET /v2.0/networks?id=b62bdfcb-44ea-48e7-afca-2f8dde90a06b HTTP/1.1" status: 200 len: 872 time: 0.3404386 warnings.warn(('Invalid uuid: %s. To ensure interoperability, '
2026-04-27 13:26:54.145 10 INFO neutron.wsgi [req-b1d0eee4-4740-4db8-a9aa-4e9df2b6fe09 req-5b230e38-8844-4c27-bf55-c3417a4f8ff8 0e27f42a63694aefbfe9016896009952 0c0b44b1f6614e4b93b3e2ac13125e94 - - default default] 10.0.0.127 "GET /v2.0/ports?device_id=95222008-14ac-4aee-a0d4-b03a59790c19 HTTP/1.1" status: 200 len: 210 time: 0.0254452
2026-04-27 13:26:54.184 9 WARNING neutron_lib.context [req-4f93aaaf-5b9c-444b-837c-5960af9c080c req-de8e7e51-1be2-4c0f-83c6-06446f6c8a1b 0e27f42a63694aefbfe9016896009952 0c0b44b1f6614e4b93b3e2ac13125e94 - - default default] Method 'is_advsvc' is deprecated since 2023.2 release (neutron-lib 3.8.0) and will be removed once support for the old RBAC API policies will be removed from Neutron. Please use method 'is_service_role' instead.
2026-04-27 13:26:54.284 10 WARNING neutron.scheduler.dhcp_agent_scheduler [None req-a7cdd753-8eb8-4766-9d76-726755b55309 2ab0c1a3731949d3b3d8507c88ec7b8b 6c8f2d5ca4104e259d46c67e637e47d6 - - default default] No more DHCP agents
