2026-04-27 13:31:31.196 9 ERROR ovsdbapp.event lsp = self.api.lookup('Logical_Switch_Port', self.port)
2026-04-27 13:31:31.196 9 ERROR ovsdbapp.event
File "/var/lib/openstack/lib/python3.10/site-packages/ovsdbapp/backend/ovs_idl/__init__.py", line 184, in lookup
2026-04-27 13:31:31.196 9 ERROR ovsdbapp.event return self._lookup(table, record)
2026-04-27 13:31:31.196 9 ERROR ovsdbapp.event
File "/var/lib/openstack/lib/python3.10/site-packages/ovsdbapp/backend/ovs_idl/__init__.py", line 235, in _lookup
2026-04-27 13:31:31.196 9 ERROR ovsdbapp.event row = idlutils.row_by_value(self, rl.table, rl.column, record)
2026-04-27 13:31:31.196 9 ERROR ovsdbapp.event
File "/var/lib/openstack/lib/python3.10/site-packages/ovsdbapp/backend/ovs_idl/idlutils.py", line 114, in row_by_value
2026-04-27 13:31:31.196 9 ERROR ovsdbapp.event raise RowNotFound(table=table, col=column, match=match)
2026-04-27 13:31:31.196 9 ERROR ovsdbapp.event ovsdbapp.backend.ovs_idl.idlutils.RowNotFound: Cannot find Logical_Switch_Port with name=4376d559-6975-497a-a74b-ab6d08ca0b7f
2026-04-27 13:31:31.196 9 ERROR ovsdbapp.event 
2026-04-27 13:31:31.225 9 INFO neutron.wsgi [req-78beb429-091e-4d32-acaf-977c1bebd2c1 req-07c1f4a7-e124-43f1-aa74-a8b63876d2b0 16f0fa93e40e4411ab2730c3e4538e4c a41ee1dde33a414c9f55ace20d36663e - - default default] 199.19.213.212 "DELETE /v2.0/ports/4376d559-6975-497a-a74b-ab6d08ca0b7f HTTP/1.1" status: 204 len: 173 time: 0.3806779
2026-04-27 13:31:31.330 9 INFO neutron.wsgi [req-78beb429-091e-4d32-acaf-977c1bebd2c1 req-2f58cc03-8b5c-4e87-8e32-af2c0661500f d11069f16d2e4336a38dd1c1dbd54436 e2c3e7fbca5b40f087985d81bb1e1c00 - - e3c445c6146e435ea7fb2bee9e8816e3 e3c445c6146e435ea7fb2bee9e8816e3] 199.19.213.212 "GET /v2.0/ports?tenant_id=a41ee1dde33a414c9f55ace20d36663e&device_id=d5bf2fcb-349c-4be1-98c8-9fe3a7785866 HTTP/1.1" status: 200 len: 2724 time: 0.0529613
2026-04-27 13:31:31.428 9 INFO neutron.wsgi [req-78beb429-091e-4d32-acaf-977c1bebd2c1 req-d5320ed8-8cd5-436c-b83e-034775bdf8db d11069f16d2e4336a38dd1c1dbd54436 e2c3e7fbca5b40f087985d81bb1e1c00 - - e3c445c6146e435ea7fb2bee9e8816e3 e3c445c6146e435ea7fb2bee9e8816e3] 199.19.213.212 "GET /v2.0/networks?id=90adcb21-464d-4680-b6c7-9b9b57fd81ea&id=a5da6d22-ec47-4831-a4ce-2ecacab1f8ee&id=3523f24f-7990-4aa9-b2b1-9b944d8eb6dc HTTP/1.1" status: 200 len: 2519 time: 0.0912404
2026-04-27 13:31:31.459 9 INFO neutron.wsgi [req-78beb429-091e-4d32-acaf-977c1bebd2c1 req-0ce9d5f9-d960-49f5-bfc8-7823a7e2655e d11069f16d2e4336a38dd1c1dbd54436 e2c3e7fbca5b40f087985d81bb1e1c00 - - e3c445c6146e435ea7fb2bee9e8816e3 e3c445c6146e435ea7fb2bee9e8816e3] 199.19.213.212 "GET /v2.0/floatingips?fixed_ip_address=172.24.0.18&port_id=71097acf-b91f-47fb-ab6c-da0c2f4df0b0 HTTP/1.1" status: 200 len: 217 time: 0.0251079
2026-04-27 13:31:31.514 9 INFO neutron.wsgi [req-78beb429-091e-4d32-acaf-977c1bebd2c1 req-f1441769-8683-4506-8991-d0b1b9b93528 d11069f16d2e4336a38dd1c1dbd54436 e2c3e7fbca5b40f087985d81bb1e1c00 - - e3c445c6146e435ea7fb2bee9e8816e3 e3c445c6146e435ea7fb2bee9e8816e3] 199.19.213.212 "GET /v2.0/subnets?id=e16d43f5-75f1-42e3-93e4-b56bbc0d8dfb HTTP/1.1" status: 200 len: 829 time: 0.0496454
2026-04-27 13:31:31.546 9 INFO neutron.wsgi [req-78beb429-091e-4d32-acaf-977c1bebd2c1 req-aea859d3-97ff-4b77-91dd-6540729028de d11069f16d2e4336a38dd1c1dbd54436 e2c3e7fbca5b40f087985d81bb1e1c00 - - e3c445c6146e435ea7fb2bee9e8816e3 e3c445c6146e435ea7fb2bee9e8816e3] 199.19.213.212 "GET /v2.0/ports?network_id=90adcb21-464d-4680-b6c7-9b9b57fd81ea&device_owner=network%3Adhcp HTTP/1.1" status: 200 len: 210 time: 0.0245306
2026-04-27 13:31:31.580 10 INFO neutron.wsgi [None req-85f40440-ec7d-4a2d-9720-de3721776e27 16f0fa93e40e4411ab2730c3e4538e4c a41ee1dde33a414c9f55ace20d36663e - - default default] 199.19.213.212 "GET /v2.0/ports?device_id=d5bf2fcb-349c-4be1-98c8-9fe3a7785866 HTTP/1.1" status: 200 len: 2724 time: 0.0595384
2026-04-27 13:31:31.613 10 INFO neutron.pecan_wsgi.hooks.translation [None req-18f441df-3ee7-4aa9-9b8c-116e4c69d706 16f0fa93e40e4411ab2730c3e4538e4c a41ee1dde33a414c9f55ace20d36663e - - default default] DELETE failed (client error): The resource could not be found.
2026-04-27 13:31:31.616 10 INFO neutron.wsgi [None req-18f441df-3ee7-4aa9-9b8c-116e4c69d706 16f0fa93e40e4411ab2730c3e4538e4c a41ee1dde33a414c9f55ace20d36663e - - default default] 199.19.213.212 "DELETE /v2.0/ports/4376d559-6975-497a-a74b-ab6d08ca0b7f HTTP/1.1" status: 404 len: 338 time: 0.0248408
2026-04-27 13:31:31.618 9 INFO neutron.wsgi [req-78beb429-091e-4d32-acaf-977c1bebd2c1 req-1e6ce05c-2b97-4ebb-9e89-7942d6dcf546 d11069f16d2e4336a38dd1c1dbd54436 e2c3e7fbca5b40f087985d81bb1e1c00 - - e3c445c6146e435ea7fb2bee9e8816e3 e3c445c6146e435ea7fb2bee9e8816e3] 199.19.213.212 "GET /v2.0/networks/90adcb21-464d-4680-b6c7-9b9b57fd81ea?fields=segments HTTP/1.1" status: 200 len: 212 time: 0.0650141
2026-04-27 13:31:31.719 9 INFO neutron.wsgi [req-78beb429-091e-4d32-acaf-977c1bebd2c1 req-98d8c2c7-6f69-43ae-923f-46a465f01a97 d11069f16d2e4336a38dd1c1dbd54436 e2c3e7fbca5b40f087985d81bb1e1c00 - - e3c445c6146e435ea7fb2bee9e8816e3 e3c445c6146e435ea7fb2bee9e8816e3] 199.19.213.212 "GET /v2.0/networks/90adcb21-464d-4680-b6c7-9b9b57fd81ea?fields=provider%3Aphysical_network&fields=provider%3Anetwork_type HTTP/1.1" status: 200 len: 277 time: 0.0922766
2026-04-27 13:31:31.747 10 INFO neutron.wsgi [None req-9e6f7fe2-9b33-485c-a99a-80ef09eec0a0 16f0fa93e40e4411ab2730c3e4538e4c a41ee1dde33a414c9f55ace20d36663e - - default default] 199.19.213.212 "GET /v2.0/extensions/security-group HTTP/1.1" status: 200 len: 369 time: 0.0081186
2026-04-27 13:31:31.751 9 INFO neutron.wsgi [req-78beb429-091e-4d32-acaf-977c1bebd2c1 req-42f2ebb8-d6ac-4473-9516-fee7c15f6792 d11069f16d2e4336a38dd1c1dbd54436 e2c3e7fbca5b40f087985d81bb1e1c00 - - e3c445c6146e435ea7fb2bee9e8816e3 e3c445c6146e435ea7fb2bee9e8816e3] 199.19.213.212 "GET /v2.0/floatingips?fixed_ip_address=10.1.1.219&port_id=c07950d5-21b2-454e-bde4-78c3db2837b5 HTTP/1.1" status: 200 len: 217 time: 0.0247142
2026-04-27 13:31:31.758 10 INFO neutron.wsgi [None req-41e1eb05-ab9d-4940-a189-bd502f3f66b0 16f0fa93e40e4411ab2730c3e4538e4c a41ee1dde33a414c9f55ace20d36663e - - default default] 199.19.213.212 "GET /v2.0/extensions/dns-integration HTTP/1.1" status: 200 len: 371 time: 0.0059648
2026-04-27 13:31:31.768 10 INFO neutron.wsgi [None req-75c2771b-aa80-4138-a13e-4903abad497c 16f0fa93e40e4411ab2730c3e4538e4c a41ee1dde33a414c9f55ace20d36663e - - default default] 199.19.213.212 "GET /v2.0/extensions/qos HTTP/1.1" status: 200 len: 365 time: 0.0047731
2026-04-27 13:31:31.779 10 INFO neutron.wsgi [None req-589466d9-1fe7-43d3-b80e-d7c55a0d9f37 16f0fa93e40e4411ab2730c3e4538e4c a41ee1dde33a414c9f55ace20d36663e - - default default] 199.19.213.212 "GET /v2.0/extensions/allowed-address-pairs HTTP/1.1" status: 200 len: 383 time: 0.0059588
2026-04-27 13:31:31.794 9 INFO neutron.wsgi [req-78beb429-091e-4d32-acaf-977c1bebd2c1 req-f1d00d9f-4eac-4717-9515-b2c065d0802c d11069f16d2e4336a38dd1c1dbd54436 e2c3e7fbca5b40f087985d81bb1e1c00 - - e3c445c6146e435ea7fb2bee9e8816e3 e3c445c6146e435ea7fb2bee9e8816e3] 199.19.213.212 "GET /v2.0/subnets?id=af146582-a8f3-4985-99b9-31c083982616 HTTP/1.1" status: 200 len: 854 time: 0.0363710
2026-04-27 13:31:31.833 9 INFO neutron.wsgi [req-78beb429-091e-4d32-acaf-977c1bebd2c1 req-f5e2621b-08ea-43bf-90ad-ab7fc3a56e3d d11069f16d2e4336a38dd1c1dbd54436 e2c3e7fbca5b40f087985d81bb1e1c00 - - e3c445c6146e435ea7fb2bee9e8816e3 e3c445c6146e435ea7fb2bee9e8816e3] 199.19.213.212 "GET /v2.0/ports?network_id=a5da6d22-ec47-4831-a4ce-2ecacab1f8ee&device_owner=network%3Adhcp HTTP/1.1" status: 200 len: 210 time: 0.0316105
2026-04-27 13:31:31.833 10 INFO neutron.wsgi [None req-b388d4b5-f766-4bad-ac6f-28cebf3fdb1c 16f0fa93e40e4411ab2730c3e4538e4c a41ee1dde33a414c9f55ace20d36663e - - default default] 199.19.213.212 "GET /v2.0/subnets/af146582-a8f3-4985-99b9-31c083982616 HTTP/1.1" status: 200 len: 851 time: 0.0475230
2026-04-27 13:31:31.880 10 INFO neutron.wsgi [None req-0d73765d-410d-44bb-85e4-8088a370b963 16f0fa93e40e4411ab2730c3e4538e4c a41ee1dde33a414c9f55ace20d36663e - - default default] 199.19.213.212 "GET /v2.0/ports/51ffcce2-0ca0-4da4-bea3-f4ff55e142aa HTTP/1.1" status: 200 len: 1340 time: 0.0403869
2026-04-27 13:31:31.911 9 INFO neutron.wsgi [req-78beb429-091e-4d32-acaf-977c1bebd2c1 req-d4cf9e35-e7d9-4b6f-bc49-8664dde6d611 d11069f16d2e4336a38dd1c1dbd54436 e2c3e7fbca5b40f087985d81bb1e1c00 - - e3c445c6146e435ea7fb2bee9e8816e3 e3c445c6146e435ea7fb2bee9e8816e3] 199.19.213.212 "GET /v2.0/networks/a5da6d22-ec47-4831-a4ce-2ecacab1f8ee?fields=segments HTTP/1.1" status: 200 len: 212 time: 0.0720608
2026-04-27 13:31:31.935 10 INFO neutron.wsgi [None req-af0a6e9c-3d12-4aaf-9090-391687d629f7 16f0fa93e40e4411ab2730c3e4538e4c a41ee1dde33a414c9f55ace20d36663e - - default default] 199.19.213.212 "GET /v2.0/ports/c07950d5-21b2-454e-bde4-78c3db2837b5 HTTP/1.1" status: 200 len: 1519 time: 0.0457447
2026-04-27 13:31:31.981 10 INFO neutron.wsgi [None req-f6b58639-29a1-4b80-86c6-b8ef1a36d180 16f0fa93e40e4411ab2730c3e4538e4c a41ee1dde33a414c9f55ace20d36663e - - default default] 199.19.213.212 "GET /v2.0/subnets/af146582-a8f3-4985-99b9-31c083982616 HTTP/1.1" status: 200 len: 851 time: 0.0353346
2026-04-27 13:31:31.988 9 INFO neutron.wsgi [req-78beb429-091e-4d32-acaf-977c1bebd2c1 req-36cbe5cd-8bf0-4ccd-a509-9ad4bd3d484d d11069f16d2e4336a38dd1c1dbd54436 e2c3e7fbca5b40f087985d81bb1e1c00 - - e3c445c6146e435ea7fb2bee9e8816e3 e3c445c6146e435ea7fb2bee9e8816e3] 199.19.213.212 "GET /v2.0/networks/a5da6d22-ec47-4831-a4ce-2ecacab1f8ee?fields=provider%3Aphysical_network&fields=provider%3Anetwork_type HTTP/1.1" status: 200 len: 277 time: 0.0728354
2026-04-27 13:31:32.071 10 INFO neutron.wsgi [None req-7c5d5326-ce60-40c9-b858-c6460aa86408 16f0fa93e40e4411ab2730c3e4538e4c a41ee1dde33a414c9f55ace20d36663e - - default default] 199.19.213.212 "GET /v2.0/networks/a5da6d22-ec47-4831-a4ce-2ecacab1f8ee HTTP/1.1" status: 200 len: 1002 time: 0.0813217
2026-04-27 13:31:32.118 10 INFO neutron.wsgi [None req-61c0b741-a268-4bd1-86aa-d918eb4bb8bc 16f0fa93e40e4411ab2730c3e4538e4c a41ee1dde33a414c9f55ace20d36663e - - default default] 199.19.213.212 "GET /v2.0/ports/51ffcce2-0ca0-4da4-bea3-f4ff55e142aa HTTP/1.1" status: 200 len: 1340 time: 0.0329103
2026-04-27 13:31:32.155 10 INFO neutron.wsgi [None req-97dba8c7-50de-4c9e-b13d-c97cf995a5b2 16f0fa93e40e4411ab2730c3e4538e4c a41ee1dde33a414c9f55ace20d36663e - - default default] 199.19.213.212 "GET /v2.0/subnets/af146582-a8f3-4985-99b9-31c083982616 HTTP/1.1" status: 200 len: 851 time: 0.0304549
2026-04-27 13:31:32.999 9 INFO neutron.notifiers.nova [-] Nova event matching ['req-0563dd21-e1cc-4bcd-ab7c-bb8213cbda14'] response: {'server_uuid': 'd5bf2fcb-349c-4be1-98c8-9fe3a7785866', 'name': 'network-vif-plugged', 'status': 'completed', 'tag': '4376d559-6975-497a-a74b-ab6d08ca0b7f', 'code': 200}
2026-04-27 13:31:33.000 9 INFO neutron.notifiers.nova [-] Nova event matching ['req-0563dd21-e1cc-4bcd-ab7c-bb8213cbda14'] response: {'server_uuid': 'd5bf2fcb-349c-4be1-98c8-9fe3a7785866', 'name': 'network-vif-deleted', 'tag': '4376d559-6975-497a-a74b-ab6d08ca0b7f', 'status': 'completed', 'code': 200}
2026-04-27 13:31:37.269 9 INFO neutron.wsgi [None req-5c904ef3-9850-4bd0-bb52-58a37a21b063 16f0fa93e40e4411ab2730c3e4538e4c a41ee1dde33a414c9f55ace20d36663e - - default default] 10.0.0.128 "GET /v2.0/security-groups HTTP/1.1" status: 200 len: 30235 time: 0.1167998
2026-04-27 13:31:37.331 9 INFO neutron.wsgi [None req-c361e94d-59a5-4c76-b378-71b362cd13ab 16f0fa93e40e4411ab2730c3e4538e4c a41ee1dde33a414c9f55ace20d36663e - - default default] 10.0.0.128 "GET /v2.0/subnets HTTP/1.1" status: 200 len: 5497 time: 0.0514724
2026-04-27 13:31:37.375 9 INFO neutron.wsgi [None req-cad343f2-af45-4f75-bfe3-45d5a2b8437d 16f0fa93e40e4411ab2730c3e4538e4c a41ee1dde33a414c9f55ace20d36663e - - default default] 10.0.0.128 "GET /v2.0/subnets HTTP/1.1" status: 200 len: 5497 time: 0.0428760
2026-04-27 13:31:37.387 9 INFO neutron.wsgi [None req-8d981589-0cda-43a7-a7b5-ad2ebeb5dea1 16f0fa93e40e4411ab2730c3e4538e4c a41ee1dde33a414c9f55ace20d36663e - - default default] 10.0.0.128 "GET /v2.0/subnetpools HTTP/1.1" status: 200 len: 193 time: 0.0091853
2026-04-27 13:31:37.469 9 INFO neutron.wsgi [None req-b2d1c9ce-fac0-4a5a-9c9c-f76f5ed56dd7 16f0fa93e40e4411ab2730c3e4538e4c a41ee1dde33a414c9f55ace20d36663e - - default default] 10.0.0.128 "GET /v2.0/networks HTTP/1.1" status: 200 len: 4721 time: 0.0812893
2026-04-27 13:31:37.569 9 INFO neutron.wsgi [None req-315f8b5d-de79-4c41-9dd2-4a8f4d11c03a 16f0fa93e40e4411ab2730c3e4538e4c a41ee1dde33a414c9f55ace20d36663e - - default default] 10.0.0.128 "GET /v2.0/ports HTTP/1.1" status: 200 len: 22222 time: 0.0952809
2026-04-27 13:31:37.643 9 INFO neutron.wsgi [None req-101ae672-df9a-44c0-b8c0-0b84502a2eb1 16f0fa93e40e4411ab2730c3e4538e4c a41ee1dde33a414c9f55ace20d36663e - - default default] 10.0.0.128 "GET /v2.0/routers HTTP/1.1" status: 200 len: 849 time: 0.0614426
2026-04-27 13:31:37.659 9 INFO neutron.wsgi [None req-b974d853-5444-4ef8-85c3-906583087528 16f0fa93e40e4411ab2730c3e4538e4c a41ee1dde33a414c9f55ace20d36663e - - default default] 10.0.0.128 "GET /v2.0/agents?binary=ovn-controller HTTP/1.1" status: 200 len: 591 time: 0.0141890
2026-04-27 13:31:37.704 9 INFO neutron.wsgi [None req-7b41a32b-0fd9-4d6d-9074-92ee340dc949 16f0fa93e40e4411ab2730c3e4538e4c a41ee1dde33a414c9f55ace20d36663e - - default default] 10.0.0.128 "GET /v2.0/floatingips HTTP/1.1" status: 200 len: 2765 time: 0.0426745
2026-04-27 13:31:37.721 9 INFO neutron.wsgi [None req-521e4906-936a-4d58-a4c8-7b5524df4e27 16f0fa93e40e4411ab2730c3e4538e4c a41ee1dde33a414c9f55ace20d36663e - - default default] 10.0.0.128 "GET /v2.0/agents HTTP/1.1" status: 200 len: 997 time: 0.0148931
2026-04-27 13:31:37.740 9 INFO neutron.wsgi [None req-f1e0f1c2-6686-4664-bbea-be4b38aaa3b2 16f0fa93e40e4411ab2730c3e4538e4c a41ee1dde33a414c9f55ace20d36663e - - default default] 10.0.0.128 "GET /v2.0/network-ip-availabilities HTTP/1.1" status: 200 len: 3364 time: 0.0177934
2026-04-27 13:31:40.538 10 INFO neutron.wsgi [None req-fee9c7b1-fcf6-4b43-9788-c3f1d260895e 16f0fa93e40e4411ab2730c3e4538e4c a41ee1dde33a414c9f55ace20d36663e - - default default] 199.19.213.212 "GET /v2.0/extensions/security-group HTTP/1.1" status: 200 len: 369 time: 0.0067852
2026-04-27 13:31:40.549 10 INFO neutron.wsgi [None req-9b350c95-3a33-43c8-8f24-915f468b9dd9 16f0fa93e40e4411ab2730c3e4538e4c a41ee1dde33a414c9f55ace20d36663e - - default default] 199.19.213.212 "GET /v2.0/extensions/dns-integration HTTP/1.1" status: 200 len: 371 time: 0.0061054
2026-04-27 13:31:40.559 10 INFO neutron.wsgi [None req-e9e48b48-97e5-489c-b939-9463414b8c71 16f0fa93e40e4411ab2730c3e4538e4c a41ee1dde33a414c9f55ace20d36663e - - default default] 199.19.213.212 "GET /v2.0/extensions/qos HTTP/1.1" status: 200 len: 365 time: 0.0056798
2026-04-27 13:31:40.569 10 INFO neutron.wsgi [None req-ee2a9c3b-69ce-4767-a015-f5de29a62690 16f0fa93e40e4411ab2730c3e4538e4c a41ee1dde33a414c9f55ace20d36663e - - default default] 199.19.213.212 "GET /v2.0/extensions/allowed-address-pairs HTTP/1.1" status: 200 len: 383 time: 0.0053174
2026-04-27 13:31:40.583 10 INFO neutron.api.v2.resource [None req-c2b4271b-8fb3-4b56-ad79-c6562bf130cb 16f0fa93e40e4411ab2730c3e4538e4c a41ee1dde33a414c9f55ace20d36663e - - default default] show failed (client error): The resource could not be found.
2026-04-27 13:31:40.584 10 INFO neutron.wsgi [None req-c2b4271b-8fb3-4b56-ad79-c6562bf130cb 16f0fa93e40e4411ab2730c3e4538e4c a41ee1dde33a414c9f55ace20d36663e - - default default] 199.19.213.212 "GET /v2.0/security-groups/lb-ca354a23-f284-455c-97c4-c29baf4fd105 HTTP/1.1" status: 404 len: 355 time: 0.0108507
2026-04-27 13:31:40.630 10 INFO neutron.wsgi [None req-725263ee-e035-404e-954d-d16b5dd15a4b 16f0fa93e40e4411ab2730c3e4538e4c a41ee1dde33a414c9f55ace20d36663e - - default default] 199.19.213.212 "GET /v2.0/security-groups?name=lb-ca354a23-f284-455c-97c4-c29baf4fd105 HTTP/1.1" status: 200 len: 2941 time: 0.0424650
2026-04-27 13:31:40.663 10 INFO neutron.wsgi [None req-5962e45c-9456-442c-a74e-973b547a98e1 16f0fa93e40e4411ab2730c3e4538e4c a41ee1dde33a414c9f55ace20d36663e - - default default] 199.19.213.212 "GET /v2.0/security-group-rules?security_group_id=588798f7-ca18-49d0-b3f6-907dde915b7a HTTP/1.1" status: 200 len: 2406 time: 0.0296748
2026-04-27 13:31:40.800 10 INFO neutron.wsgi [None req-227a5268-662a-4668-b6a4-b73d2ca7ddda 16f0fa93e40e4411ab2730c3e4538e4c a41ee1dde33a414c9f55ace20d36663e - - default default] 199.19.213.212 "DELETE /v2.0/security-group-rules/381a92d4-8f4f-4e16-bd4a-128f97cc97b9 HTTP/1.1" status: 204 len: 173 time: 0.1219704
2026-04-27 13:31:40.930 10 INFO neutron.wsgi [None req-b9e05271-043c-49ca-9bf5-907315c840a8 16f0fa93e40e4411ab2730c3e4538e4c a41ee1dde33a414c9f55ace20d36663e - - default default] 199.19.213.212 "DELETE /v2.0/security-group-rules/d04567e1-d2d9-445c-95b4-4fc85f84b4f7 HTTP/1.1" status: 204 len: 173 time: 0.1221085
2026-04-27 13:31:42.748 15 INFO neutron.db.ovn_revision_numbers_db [None req-10eb8e09-87d0-4db4-8a73-b705bdbda7ed - - - - - -] Successfully bumped revision number for resource a5da6d22-ec47-4831-a4ce-2ecacab1f8ee (type: networks) to 3
2026-04-27 13:31:42.881 15 INFO neutron.db.ovn_revision_numbers_db [None req-10eb8e09-87d0-4db4-8a73-b705bdbda7ed - - - - - -] Successfully bumped revision number for resource 3523f24f-7990-4aa9-b2b1-9b944d8eb6dc (type: networks) to 3
2026-04-27 13:31:43.007 15 INFO neutron.db.ovn_revision_numbers_db [None req-10eb8e09-87d0-4db4-8a73-b705bdbda7ed - - - - - -] Successfully bumped revision number for resource ca839a58-67c0-46c9-9aa7-52055ba2b516 (type: networks) to 3
2026-04-27 13:31:43.064 15 INFO neutron.db.ovn_revision_numbers_db [None req-10eb8e09-87d0-4db4-8a73-b705bdbda7ed - - - - - -] Successfully bumped revision number for resource 5ed73ff1-2be1-49bd-9c03-a5bac18fe62f (type: security_groups) to 12
2026-04-27 13:31:43.112 15 INFO neutron.db.ovn_revision_numbers_db [None req-10eb8e09-87d0-4db4-8a73-b705bdbda7ed - - - - - -] Successfully bumped revision number for resource 588798f7-ca18-49d0-b3f6-907dde915b7a (type: security_groups) to 5
2026-04-27 13:31:43.551 15 INFO neutron.db.ovn_revision_numbers_db [None req-10eb8e09-87d0-4db4-8a73-b705bdbda7ed - - - - - -] Successfully bumped revision number for resource fa826f5d-cdaf-4bfa-85ed-28ba9cd85f15 (type: routers) to 5
2026-04-27 13:31:44.697 10 INFO neutron.db.l3_db [None req-568724c5-b4d8-4fa0-9021-334a02e82e27 598e8d429db245c4b11acd7edfdda96d 501c5f62aeaf4d02b9c24ae5a92d2710 - - default default] Floating IP cdb2bb06-d9d9-4def-a694-88e6c66886de disassociated (deleted). External IP: 10.96.250.206, port: 51ffcce2-0ca0-4da4-bea3-f4ff55e142aa.
2026-04-27 13:31:44.750 10 INFO neutron.wsgi [None req-568724c5-b4d8-4fa0-9021-334a02e82e27 598e8d429db245c4b11acd7edfdda96d 501c5f62aeaf4d02b9c24ae5a92d2710 - - default default] 10.0.0.37 "DELETE /v2.0/floatingips/cdb2bb06-d9d9-4def-a694-88e6c66886de HTTP/1.1" status: 204 len: 168 time: 0.4539897
2026-04-27 13:31:44.775 10 INFO neutron.api.v2.resource [None req-2e0946fc-2a95-48f4-8569-3eef2d31c066 598e8d429db245c4b11acd7edfdda96d 501c5f62aeaf4d02b9c24ae5a92d2710 - - default default] show failed (client error): The resource could not be found.
2026-04-27 13:31:44.777 10 INFO neutron.wsgi [None req-2e0946fc-2a95-48f4-8569-3eef2d31c066 598e8d429db245c4b11acd7edfdda96d 501c5f62aeaf4d02b9c24ae5a92d2710 - - default default] 10.0.0.37 "GET /v2.0/floatingips/cdb2bb06-d9d9-4def-a694-88e6c66886de HTTP/1.1" status: 404 len: 345 time: 0.0211134
2026-04-27 13:31:45.336 15 INFO neutron.plugins.ml2.drivers.ovn.mech_driver.ovsdb.maintenance [None req-10eb8e09-87d0-4db4-8a73-b705bdbda7ed - - - - - -] Maintenance task: Synchronization finished (took 2.70 seconds)
2026-04-27 13:31:45.532 10 INFO neutron.wsgi [None req-67cacbca-90d7-4eb1-a0f3-40c629a7d5a3 16f0fa93e40e4411ab2730c3e4538e4c a41ee1dde33a414c9f55ace20d36663e - - default default] 199.19.213.212 "GET /v2.0/extensions/security-group HTTP/1.1" status: 200 len: 369 time: 0.0072608
2026-04-27 13:31:45.551 10 INFO neutron.wsgi [None req-d376eb40-1f42-4298-bbad-171cc3f249c8 16f0fa93e40e4411ab2730c3e4538e4c a41ee1dde33a414c9f55ace20d36663e - - default default] 199.19.213.212 "GET /v2.0/extensions/dns-integration HTTP/1.1" status: 200 len: 371 time: 0.0082972
2026-04-27 13:31:45.565 10 INFO neutron.wsgi [None req-352e446a-8a97-4be7-8aea-b9a431c81052 16f0fa93e40e4411ab2730c3e4538e4c a41ee1dde33a414c9f55ace20d36663e - - default default] 199.19.213.212 "GET /v2.0/extensions/qos HTTP/1.1" status: 200 len: 365 time: 0.0061731
2026-04-27 13:31:45.586 10 INFO neutron.wsgi [None req-8540a9b3-8379-4cf1-b274-471ab5c954cd 16f0fa93e40e4411ab2730c3e4538e4c a41ee1dde33a414c9f55ace20d36663e - - default default] 199.19.213.212 "GET /v2.0/extensions/allowed-address-pairs HTTP/1.1" status: 200 len: 383 time: 0.0072567
2026-04-27 13:31:45.623 10 INFO neutron.wsgi [None req-4f870ee4-0b20-4ad5-a7c3-df29d72fa163 16f0fa93e40e4411ab2730c3e4538e4c a41ee1dde33a414c9f55ace20d36663e - - default default] 199.19.213.212 "GET /v2.0/subnets/af146582-a8f3-4985-99b9-31c083982616 HTTP/1.1" status: 200 len: 851 time: 0.0312939
2026-04-27 13:31:45.645 10 INFO neutron.wsgi [-] 10.0.0.81 "GET / HTTP/1.1" status: 200 len: 245 time: 0.0012257
2026-04-27 13:31:45.649 9 INFO neutron.wsgi [-] 10.0.0.81 "GET / HTTP/1.1" status: 200 len: 245 time: 0.0041320
2026-04-27 13:31:45.670 10 INFO neutron.wsgi [None req-b13450b7-3db6-4ece-b09a-9061f91f8b74 16f0fa93e40e4411ab2730c3e4538e4c a41ee1dde33a414c9f55ace20d36663e - - default default] 199.19.213.212 "GET /v2.0/ports?device_id=d5bf2fcb-349c-4be1-98c8-9fe3a7785866 HTTP/1.1" status: 200 len: 2724 time: 0.0430703
2026-04-27 13:31:45.726 10 INFO neutron.wsgi [None req-26d25eca-c65f-43b9-9387-51a489cbf022 16f0fa93e40e4411ab2730c3e4538e4c a41ee1dde33a414c9f55ace20d36663e - - default default] 199.19.213.212 "GET /v2.0/ports?device_id=d5bf2fcb-349c-4be1-98c8-9fe3a7785866 HTTP/1.1" status: 200 len: 2724 time: 0.0425894
2026-04-27 13:31:45.990 10 INFO neutron.wsgi [None req-b8dcb872-0956-4f52-b4e2-a0b634b8bddb 16f0fa93e40e4411ab2730c3e4538e4c a41ee1dde33a414c9f55ace20d36663e - - default default] 199.19.213.212 "GET /v2.0/ports?device_id=d5bf2fcb-349c-4be1-98c8-9fe3a7785866 HTTP/1.1" status: 200 len: 2724 time: 0.0444024
2026-04-27 13:31:46.281 9 INFO neutron.plugins.ml2.drivers.ovn.mech_driver.mech_driver [None req-4261e079-a03f-4b40-b4f5-8319b4584c3c - - - - - -] OVN reports status down for port: 51ffcce2-0ca0-4da4-bea3-f4ff55e142aa /var/lib/openstack/lib/python3.10/site-packages/pycadf/identifier.py:71: UserWarning: Invalid uuid: neutron. To ensure interoperability, identifiers should be a valid uuid. warnings.warn(('Invalid uuid: %s. To ensure interoperability, '
2026-04-27 13:31:46.367 9 INFO neutron.wsgi [req-324d0a9b-0f43-4d6f-a249-5ba0cef94d94 req-c9df242f-f104-467e-9454-e94ec1df692a d11069f16d2e4336a38dd1c1dbd54436 e2c3e7fbca5b40f087985d81bb1e1c00 - - e3c445c6146e435ea7fb2bee9e8816e3 e3c445c6146e435ea7fb2bee9e8816e3] 199.19.213.212 "GET /v2.0/ports/c07950d5-21b2-454e-bde4-78c3db2837b5 HTTP/1.1" status: 200 len: 1519 time: 0.0514560
2026-04-27 13:31:46.423 9 INFO neutron.wsgi [req-324d0a9b-0f43-4d6f-a249-5ba0cef94d94 req-004c8809-bf14-497e-90b3-5acc4b98ab0b 16f0fa93e40e4411ab2730c3e4538e4c a41ee1dde33a414c9f55ace20d36663e - - default default] 199.19.213.212 "GET /v2.0/ports/c07950d5-21b2-454e-bde4-78c3db2837b5?fields=binding%3Aprofile&fields=network_id HTTP/1.1" status: 200 len: 281 time: 0.0463006
2026-04-27 13:31:46.472 9 INFO neutron.plugins.ml2.drivers.ovn.mech_driver.mech_driver [None req-4261e079-a03f-4b40-b4f5-8319b4584c3c - - - - - -] OVN reports status down for port: c07950d5-21b2-454e-bde4-78c3db2837b5
2026-04-27 13:31:46.513 9 INFO neutron.db.ovn_revision_numbers_db [None req-6b854402-57b6-4d13-bfec-5509c7f588b8 - - - - - -] Successfully bumped revision number for resource 51ffcce2-0ca0-4da4-bea3-f4ff55e142aa (type: ports) to 6
2026-04-27 13:31:46.526 9 INFO neutron.wsgi [req-324d0a9b-0f43-4d6f-a249-5ba0cef94d94 req-95d3b8c6-b689-4964-b3c5-e174d331d9bc 16f0fa93e40e4411ab2730c3e4538e4c a41ee1dde33a414c9f55ace20d36663e - - default default] 199.19.213.212 "GET /v2.0/networks/a5da6d22-ec47-4831-a4ce-2ecacab1f8ee?fields=dns_domain HTTP/1.1" status: 200 len: 227 time: 0.0944347
2026-04-27 13:31:46.655 9 INFO neutron.notifiers.nova [-] Nova event matching ['req-694bda3e-52bf-445a-993d-026f5b2a4768'] response: {'server_uuid': 'd5bf2fcb-349c-4be1-98c8-9fe3a7785866', 'name': 'network-vif-unplugged', 'status': 'completed', 'tag': 'c07950d5-21b2-454e-bde4-78c3db2837b5', 'code': 200}
2026-04-27 13:31:46.851 9 INFO neutron.db.ovn_revision_numbers_db [None req-4261e079-a03f-4b40-b4f5-8319b4584c3c - - - - - -] Successfully bumped revision number for resource c07950d5-21b2-454e-bde4-78c3db2837b5 (type: ports) to 7
2026-04-27 13:31:47.054 10 INFO neutron.wsgi [None req-182b3ef3-f183-4033-8af2-3c18314373b6 16f0fa93e40e4411ab2730c3e4538e4c a41ee1dde33a414c9f55ace20d36663e - - default default] 199.19.213.212 "GET /v2.0/ports?device_id=d5bf2fcb-349c-4be1-98c8-9fe3a7785866 HTTP/1.1" status: 200 len: 2722 time: 0.0518677
2026-04-27 13:31:47.582 9 INFO neutron.db.ovn_revision_numbers_db [req-324d0a9b-0f43-4d6f-a249-5ba0cef94d94 req-1a0339c1-fa98-4a36-8d90-bf48046db3e5 d11069f16d2e4336a38dd1c1dbd54436 e2c3e7fbca5b40f087985d81bb1e1c00 - - e3c445c6146e435ea7fb2bee9e8816e3 e3c445c6146e435ea7fb2bee9e8816e3] Successfully bumped revision number for resource c07950d5-21b2-454e-bde4-78c3db2837b5 (type: ports) to 8
2026-04-27 13:31:47.601 9 INFO neutron.wsgi [req-324d0a9b-0f43-4d6f-a249-5ba0cef94d94 req-1a0339c1-fa98-4a36-8d90-bf48046db3e5 d11069f16d2e4336a38dd1c1dbd54436 e2c3e7fbca5b40f087985d81bb1e1c00 - - e3c445c6146e435ea7fb2bee9e8816e3 e3c445c6146e435ea7fb2bee9e8816e3] 199.19.213.212 "PUT /v2.0/ports/c07950d5-21b2-454e-bde4-78c3db2837b5 HTTP/1.1" status: 200 len: 1351 time: 1.0679007 /var/lib/openstack/lib/python3.10/site-packages/pycadf/identifier.py:71: UserWarning: Invalid uuid: neutron. To ensure interoperability, identifiers should be a valid uuid. warnings.warn(('Invalid uuid: %s. To ensure interoperability, '
2026-04-27 13:31:47.814 9 INFO neutron.wsgi [req-324d0a9b-0f43-4d6f-a249-5ba0cef94d94 req-7654bd33-f812-416c-bb6d-baef86033bbe d11069f16d2e4336a38dd1c1dbd54436 e2c3e7fbca5b40f087985d81bb1e1c00 - - e3c445c6146e435ea7fb2bee9e8816e3 e3c445c6146e435ea7fb2bee9e8816e3] 199.19.213.212 "GET /v2.0/ports?tenant_id=a41ee1dde33a414c9f55ace20d36663e&device_id=d5bf2fcb-349c-4be1-98c8-9fe3a7785866 HTTP/1.1" status: 200 len: 1413 time: 0.0492225
2026-04-27 13:31:47.894 9 INFO neutron.wsgi [req-324d0a9b-0f43-4d6f-a249-5ba0cef94d94 req-a74a2cd1-62e4-429f-ae1b-937a9778c998 d11069f16d2e4336a38dd1c1dbd54436 e2c3e7fbca5b40f087985d81bb1e1c00 - - e3c445c6146e435ea7fb2bee9e8816e3 e3c445c6146e435ea7fb2bee9e8816e3] 199.19.213.212 "GET /v2.0/networks?id=90adcb21-464d-4680-b6c7-9b9b57fd81ea&id=a5da6d22-ec47-4831-a4ce-2ecacab1f8ee HTTP/1.1" status: 200 len: 1730 time: 0.0724547
2026-04-27 13:31:47.926 9 INFO neutron.wsgi [req-324d0a9b-0f43-4d6f-a249-5ba0cef94d94 req-54c6fc2b-c4e6-49fa-badb-3c75c331fe31 d11069f16d2e4336a38dd1c1dbd54436 e2c3e7fbca5b40f087985d81bb1e1c00 - - e3c445c6146e435ea7fb2bee9e8816e3 e3c445c6146e435ea7fb2bee9e8816e3] 199.19.213.212 "GET /v2.0/floatingips?fixed_ip_address=172.24.0.18&port_id=71097acf-b91f-47fb-ab6c-da0c2f4df0b0 HTTP/1.1" status: 200 len: 217 time: 0.0265756
2026-04-27 13:31:47.966 9 INFO neutron.wsgi [req-324d0a9b-0f43-4d6f-a249-5ba0cef94d94 req-0bbafcb2-8ff9-446a-a623-55d846787523 d11069f16d2e4336a38dd1c1dbd54436 e2c3e7fbca5b40f087985d81bb1e1c00 - - e3c445c6146e435ea7fb2bee9e8816e3 e3c445c6146e435ea7fb2bee9e8816e3] 199.19.213.212 "GET /v2.0/subnets?id=e16d43f5-75f1-42e3-93e4-b56bbc0d8dfb HTTP/1.1" status: 200 len: 829 time: 0.0348122
2026-04-27 13:31:47.996 9 INFO neutron.wsgi [req-324d0a9b-0f43-4d6f-a249-5ba0cef94d94 req-0050e26f-c4fd-4d5c-b5b4-1fdce461bb2a d11069f16d2e4336a38dd1c1dbd54436 e2c3e7fbca5b40f087985d81bb1e1c00 - - e3c445c6146e435ea7fb2bee9e8816e3 e3c445c6146e435ea7fb2bee9e8816e3] 199.19.213.212 "GET /v2.0/ports?network_id=90adcb21-464d-4680-b6c7-9b9b57fd81ea&device_owner=network%3Adhcp HTTP/1.1" status: 200 len: 210 time: 0.0224843
2026-04-27 13:31:48.072 9 INFO neutron.wsgi [req-324d0a9b-0f43-4d6f-a249-5ba0cef94d94 req-7bfda001-2755-4606-95c4-4fc87554be52 d11069f16d2e4336a38dd1c1dbd54436 e2c3e7fbca5b40f087985d81bb1e1c00 - - e3c445c6146e435ea7fb2bee9e8816e3 e3c445c6146e435ea7fb2bee9e8816e3] 199.19.213.212 "GET /v2.0/networks/90adcb21-464d-4680-b6c7-9b9b57fd81ea?fields=segments HTTP/1.1" status: 200 len: 212 time: 0.0693500
2026-04-27 13:31:48.106 10 INFO neutron.wsgi [None req-65740428-4e87-4d8b-ac72-77e56d27321d 16f0fa93e40e4411ab2730c3e4538e4c a41ee1dde33a414c9f55ace20d36663e - - default default] 199.19.213.212 "GET /v2.0/ports?device_id=d5bf2fcb-349c-4be1-98c8-9fe3a7785866 HTTP/1.1" status: 200 len: 1413 time: 0.0430171
2026-04-27 13:31:48.139 9 INFO neutron.wsgi [req-324d0a9b-0f43-4d6f-a249-5ba0cef94d94 req-de3849b2-fa3d-416f-8bff-6287ae0ae68e d11069f16d2e4336a38dd1c1dbd54436 e2c3e7fbca5b40f087985d81bb1e1c00 - - e3c445c6146e435ea7fb2bee9e8816e3 e3c445c6146e435ea7fb2bee9e8816e3] 199.19.213.212 "GET /v2.0/networks/90adcb21-464d-4680-b6c7-9b9b57fd81ea?fields=provider%3Aphysical_network&fields=provider%3Anetwork_type HTTP/1.1" status: 200 len: 277 time: 0.0617344
2026-04-27 13:31:48.498 10 INFO neutron.db.ovn_revision_numbers_db [None req-e675ded6-3c56-4000-9cdd-376ce6e1ffdc 16f0fa93e40e4411ab2730c3e4538e4c a41ee1dde33a414c9f55ace20d36663e - - default default] Successfully bumped revision number for resource c07950d5-21b2-454e-bde4-78c3db2837b5 (type: ports) to 9
2026-04-27 13:31:48.515 10 INFO neutron.wsgi [None req-e675ded6-3c56-4000-9cdd-376ce6e1ffdc 16f0fa93e40e4411ab2730c3e4538e4c a41ee1dde33a414c9f55ace20d36663e - - default default] 199.19.213.212 "PUT /v2.0/ports/c07950d5-21b2-454e-bde4-78c3db2837b5 HTTP/1.1" status: 200 len: 1290 time: 0.4012582 /var/lib/openstack/lib/python3.10/site-packages/pycadf/identifier.py:71: UserWarning: Invalid uuid: neutron. To ensure interoperability, identifiers should be a valid uuid. warnings.warn(('Invalid uuid: %s. To ensure interoperability, '
2026-04-27 13:31:48.560 10 INFO neutron.wsgi [None req-1564f4af-9927-455c-8cb4-c8c95591b4fb 16f0fa93e40e4411ab2730c3e4538e4c a41ee1dde33a414c9f55ace20d36663e - - default default] 199.19.213.212 "GET /v2.0/ports/c07950d5-21b2-454e-bde4-78c3db2837b5 HTTP/1.1" status: 200 len: 1290 time: 0.0364840
2026-04-27 13:31:48.596 9 INFO neutron.db.ovn_revision_numbers_db [None req-6b854402-57b6-4d13-bfec-5509c7f588b8 - - - - - -] Successfully bumped revision number for resource 51ffcce2-0ca0-4da4-bea3-f4ff55e142aa (type: ports) to 8
2026-04-27 13:31:48.698 9 INFO neutron.notifiers.nova [-] Nova event matching ['req-92110dcb-a57c-4590-9629-8158896ecfbe'] response: {'server_uuid': 'd5bf2fcb-349c-4be1-98c8-9fe3a7785866', 'name': 'network-vif-plugged', 'status': 'completed', 'tag': 'c07950d5-21b2-454e-bde4-78c3db2837b5', 'code': 200}
2026-04-27 13:31:49.094 10 INFO neutron.wsgi [None req-0b1cdb24-77f3-403e-90bd-968ba99af357 16f0fa93e40e4411ab2730c3e4538e4c a41ee1dde33a414c9f55ace20d36663e - - default default] 199.19.213.212 "DELETE /v2.0/ports/c07950d5-21b2-454e-bde4-78c3db2837b5 HTTP/1.1" status: 204 len: 173 time: 0.5256548
2026-04-27 13:31:49.190 10 INFO neutron.wsgi [None req-5199af3c-9db3-4c7d-8c85-4b1c9f9bbceb 16f0fa93e40e4411ab2730c3e4538e4c a41ee1dde33a414c9f55ace20d36663e - - default default] 199.19.213.212 "GET /v2.0/extensions/security-group HTTP/1.1" status: 200 len: 369 time: 0.0081639
2026-04-27 13:31:49.199 10 INFO neutron.wsgi [None req-c0bd7997-b2de-4004-9730-39d45995db28 16f0fa93e40e4411ab2730c3e4538e4c a41ee1dde33a414c9f55ace20d36663e - - default default] 199.19.213.212 "GET /v2.0/extensions/dns-integration HTTP/1.1" status: 200 len: 371 time: 0.0046167
2026-04-27 13:31:49.208 10 INFO neutron.wsgi [None req-2c06cd83-aa94-4d69-8a9b-09ab07e5069f 16f0fa93e40e4411ab2730c3e4538e4c a41ee1dde33a414c9f55ace20d36663e - - default default] 199.19.213.212 "GET /v2.0/extensions/qos HTTP/1.1" status: 200 len: 365 time: 0.0052352
2026-04-27 13:31:49.222 10 INFO neutron.wsgi [None req-3e642efe-dc00-4337-8632-818c6945cf53 16f0fa93e40e4411ab2730c3e4538e4c a41ee1dde33a414c9f55ace20d36663e - - default default] 199.19.213.212 "GET /v2.0/extensions/allowed-address-pairs HTTP/1.1" status: 200 len: 383 time: 0.0084805
2026-04-27 13:31:49.243 10 INFO neutron.pecan_wsgi.hooks.translation [None req-7591759e-0349-46d0-949c-c760af29f02a 16f0fa93e40e4411ab2730c3e4538e4c a41ee1dde33a414c9f55ace20d36663e - - default default] DELETE failed (client error): The resource could not be found.
2026-04-27 13:31:49.245 10 INFO neutron.wsgi [None req-7591759e-0349-46d0-949c-c760af29f02a 16f0fa93e40e4411ab2730c3e4538e4c a41ee1dde33a414c9f55ace20d36663e - - default default] 199.19.213.212 "DELETE /v2.0/ports/c07950d5-21b2-454e-bde4-78c3db2837b5 HTTP/1.1" status: 404 len: 338 time: 0.0184343
2026-04-27 13:31:49.288 10 INFO neutron.wsgi [None req-c8011b1d-673c-4877-aee7-4d77e4398a62 16f0fa93e40e4411ab2730c3e4538e4c a41ee1dde33a414c9f55ace20d36663e - - default default] 199.19.213.212 "GET /v2.0/ports/51ffcce2-0ca0-4da4-bea3-f4ff55e142aa HTTP/1.1" status: 200 len: 1332 time: 0.0372732
2026-04-27 13:31:49.308 10 INFO neutron.api.v2.resource [None req-19446a66-ca0a-42e9-980d-8de8a5481116 16f0fa93e40e4411ab2730c3e4538e4c a41ee1dde33a414c9f55ace20d36663e - - default default] show failed (client error): The resource could not be found.
2026-04-27 13:31:49.311 10 INFO neutron.wsgi [None req-19446a66-ca0a-42e9-980d-8de8a5481116 16f0fa93e40e4411ab2730c3e4538e4c a41ee1dde33a414c9f55ace20d36663e - - default default] 199.19.213.212 "GET /v2.0/security-groups/lb-ca354a23-f284-455c-97c4-c29baf4fd105 HTTP/1.1" status: 404 len: 355 time: 0.0125313
2026-04-27 13:31:49.351 10 INFO neutron.wsgi [None req-b85e19bc-7471-44c9-9bae-6357510aae2d 16f0fa93e40e4411ab2730c3e4538e4c a41ee1dde33a414c9f55ace20d36663e - - default default] 199.19.213.212 "GET /v2.0/security-groups?name=lb-ca354a23-f284-455c-97c4-c29baf4fd105 HTTP/1.1" status: 200 len: 1777 time: 0.0355484
2026-04-27 13:31:49.398 10 INFO neutron.wsgi [None req-7161425f-ee5c-4566-9842-2470799a4774 16f0fa93e40e4411ab2730c3e4538e4c a41ee1dde33a414c9f55ace20d36663e - - default default] 199.19.213.212 "GET /v2.0/ports/51ffcce2-0ca0-4da4-bea3-f4ff55e142aa HTTP/1.1" status: 200 len: 1332 time: 0.0388172
2026-04-27 13:31:49.792 10 INFO neutron.db.ovn_revision_numbers_db [None req-d7ac2bb5-a8ff-445f-aa73-c3234a0bcc0a 16f0fa93e40e4411ab2730c3e4538e4c a41ee1dde33a414c9f55ace20d36663e - - default default] Successfully bumped revision number for resource 51ffcce2-0ca0-4da4-bea3-f4ff55e142aa (type: ports) to 9
2026-04-27 13:31:49.816 10 INFO neutron.wsgi [None req-d7ac2bb5-a8ff-445f-aa73-c3234a0bcc0a 16f0fa93e40e4411ab2730c3e4538e4c a41ee1dde33a414c9f55ace20d36663e - - default default] 199.19.213.212 "PUT /v2.0/ports/51ffcce2-0ca0-4da4-bea3-f4ff55e142aa HTTP/1.1" status: 200 len: 1294 time: 0.4114671
2026-04-27 13:31:49.934 10 INFO neutron.wsgi [None req-2d1322c7-9e73-44ca-b63a-049245ac06a8 16f0fa93e40e4411ab2730c3e4538e4c a41ee1dde33a414c9f55ace20d36663e - - default default] 199.19.213.212 "DELETE /v2.0/security-groups/588798f7-ca18-49d0-b3f6-907dde915b7a HTTP/1.1" status: 204 len: 173 time: 0.1087329
2026-04-27 13:31:50.374 10 INFO neutron.wsgi [None req-8305f289-7b99-4363-b8ae-d47aecb50e45 16f0fa93e40e4411ab2730c3e4538e4c a41ee1dde33a414c9f55ace20d36663e - - default default] 199.19.213.212 "DELETE /v2.0/ports/51ffcce2-0ca0-4da4-bea3-f4ff55e142aa HTTP/1.1" status: 204 len: 173 time: 0.4358828
2026-04-27 13:31:50.733 10 INFO neutron.plugins.ml2.drivers.ovn.mech_driver.mech_driver [None req-4f637257-9aab-472a-9b1e-ad903caf13b0 - - - - - -] OVN reports status down for port: 71097acf-b91f-47fb-ab6c-da0c2f4df0b0
2026-04-27 13:31:50.909 10 INFO neutron.notifiers.nova [-] Nova event matching ['req-c41f27bc-2da1-4873-8172-dd5fa9fc487c'] response: {'server_uuid': 'd5bf2fcb-349c-4be1-98c8-9fe3a7785866', 'name': 'network-vif-unplugged', 'status': 'completed', 'tag': '71097acf-b91f-47fb-ab6c-da0c2f4df0b0', 'code': 200}
2026-04-27 13:31:51.040 9 INFO neutron.wsgi [req-5623922b-c62a-4723-bbee-a201b44aa99c req-aa00b3e8-9600-4028-9813-3acd02e0800f 16f0fa93e40e4411ab2730c3e4538e4c a41ee1dde33a414c9f55ace20d36663e - - default default] 199.19.213.212 "GET /v2.0/ports?device_id=d5bf2fcb-349c-4be1-98c8-9fe3a7785866 HTTP/1.1" status: 200 len: 1411 time: 0.0477626
2026-04-27 13:31:51.146 10 INFO neutron.db.ovn_revision_numbers_db [None req-4f637257-9aab-472a-9b1e-ad903caf13b0 - - - - - -] Successfully bumped revision number for resource 71097acf-b91f-47fb-ab6c-da0c2f4df0b0 (type: ports) to 5
2026-04-27 13:31:51.419 9 INFO neutron.wsgi [req-5623922b-c62a-4723-bbee-a201b44aa99c req-6742af36-e39b-4d58-9bdc-de3f87f2392a 16f0fa93e40e4411ab2730c3e4538e4c a41ee1dde33a414c9f55ace20d36663e - - default default] 199.19.213.212 "DELETE /v2.0/ports/71097acf-b91f-47fb-ab6c-da0c2f4df0b0 HTTP/1.1" status: 204 len: 173 time: 0.3738155
2026-04-27 13:31:51.461 9 INFO neutron.notifiers.nova [-] Nova event matching ['req-76850276-a01a-41a9-aeb7-47bad2d8aa30'] response: {'server_uuid': 'd5bf2fcb-349c-4be1-98c8-9fe3a7785866', 'name': 'network-vif-deleted', 'tag': '71097acf-b91f-47fb-ab6c-da0c2f4df0b0', 'status': 'completed', 'code': 200}
2026-04-27 13:31:52.944 10 INFO neutron.notifiers.nova [-] Nova event matching ['req-551c3aa4-e632-4277-84e8-ad8aa0c252d1'] response: {'server_uuid': 'd5bf2fcb-349c-4be1-98c8-9fe3a7785866', 'name': 'network-vif-plugged', 'status': 'completed', 'tag': '71097acf-b91f-47fb-ab6c-da0c2f4df0b0', 'code': 200} /var/lib/openstack/lib/python3.10/site-packages/pycadf/identifier.py:71: UserWarning: Invalid uuid: neutron. To ensure interoperability, identifiers should be a valid uuid. warnings.warn(('Invalid uuid: %s. To ensure interoperability, '
2026-04-27 13:31:55.043 9 INFO neutron.wsgi [req-2524a405-e595-445e-839b-488afdc352a2 req-f0ad6c4f-27ef-44f8-a840-fdcfe503cadd 16f0fa93e40e4411ab2730c3e4538e4c a41ee1dde33a414c9f55ace20d36663e - - default default] 10.0.0.127 "GET /v2.0/ports?device_id=27486564-2856-4c36-b1d5-24da7a16a52d&device_id=6e8e8010-0f8e-4c57-a8dc-d82cf3b30dbe HTTP/1.1" status: 200 len: 3065 time: 0.0548739
2026-04-27 13:31:55.381 10 INFO neutron.db.l3_db [None req-54b4a86d-093b-4ee3-a0f5-f8755e9c27a7 598e8d429db245c4b11acd7edfdda96d 501c5f62aeaf4d02b9c24ae5a92d2710 - - default default] Floating IP 38b977c9-b3af-4749-92bd-2f401b245544 disassociated (deleted). External IP: 10.96.250.220, port: e9b79e8a-e9b3-4309-9cc7-73761b7ff5cb.
2026-04-27 13:31:55.448 9 INFO neutron.wsgi [req-2524a405-e595-445e-839b-488afdc352a2 req-6595ad8e-df70-4588-8c1e-0990b3ee740d 16f0fa93e40e4411ab2730c3e4538e4c a41ee1dde33a414c9f55ace20d36663e - - default default] 10.0.0.127 "GET /v2.0/security-groups?id=5ed73ff1-2be1-49bd-9c03-a5bac18fe62f&fields=id&fields=name HTTP/1.1" status: 200 len: 311 time: 0.3973565
2026-04-27 13:31:55.449 10 INFO neutron.wsgi [None req-54b4a86d-093b-4ee3-a0f5-f8755e9c27a7 598e8d429db245c4b11acd7edfdda96d 501c5f62aeaf4d02b9c24ae5a92d2710 - - default default] 10.0.0.37 "DELETE /v2.0/floatingips/38b977c9-b3af-4749-92bd-2f401b245544 HTTP/1.1" status: 204 len: 168 time: 0.4466691 /var/lib/openstack/lib/python3.10/site-packages/pycadf/identifier.py:71: UserWarning: Invalid uuid: neutron. To ensure interoperability, identifiers should be a valid uuid. warnings.warn(('Invalid uuid: %s. To ensure interoperability, '
2026-04-27 13:31:55.474 9 INFO neutron.api.v2.resource [None req-e94599f9-026b-4903-a028-8237e377c6a9 598e8d429db245c4b11acd7edfdda96d 501c5f62aeaf4d02b9c24ae5a92d2710 - - default default] show failed (client error): The resource could not be found.
2026-04-27 13:31:55.476 9 INFO neutron.wsgi [None req-e94599f9-026b-4903-a028-8237e377c6a9 598e8d429db245c4b11acd7edfdda96d 501c5f62aeaf4d02b9c24ae5a92d2710 - - default default] 10.0.0.37 "GET /v2.0/floatingips/38b977c9-b3af-4749-92bd-2f401b245544 HTTP/1.1" status: 404 len: 345 time: 0.0212712
2026-04-27 13:31:55.480 10 INFO neutron.notifiers.nova [-] Nova event matching ['req-1fd03081-f52f-41b6-bff4-7cf617a728b5'] response: {'name': 'network-changed', 'server_uuid': '27486564-2856-4c36-b1d5-24da7a16a52d', 'tag': 'e9b79e8a-e9b3-4309-9cc7-73761b7ff5cb', 'status': 'completed', 'code': 200}
2026-04-27 13:31:55.547 9 INFO neutron.wsgi [req-aa179bad-7d58-4fa1-9d16-dc4e9eddd9f6 req-044dac4f-bd01-4603-9a76-4040008a7536 d11069f16d2e4336a38dd1c1dbd54436 e2c3e7fbca5b40f087985d81bb1e1c00 - - e3c445c6146e435ea7fb2bee9e8816e3 e3c445c6146e435ea7fb2bee9e8816e3] 199.19.213.212 "GET /v2.0/ports?tenant_id=501c5f62aeaf4d02b9c24ae5a92d2710&device_id=27486564-2856-4c36-b1d5-24da7a16a52d HTTP/1.1" status: 200 len: 1638 time: 0.0425289
2026-04-27 13:31:55.643 9 INFO neutron.wsgi [req-aa179bad-7d58-4fa1-9d16-dc4e9eddd9f6 req-419a8f75-bc10-4510-be58-52793f4f7386 d11069f16d2e4336a38dd1c1dbd54436 e2c3e7fbca5b40f087985d81bb1e1c00 - - e3c445c6146e435ea7fb2bee9e8816e3 e3c445c6146e435ea7fb2bee9e8816e3] 199.19.213.212 "GET /v2.0/networks?id=ca839a58-67c0-46c9-9aa7-52055ba2b516 HTTP/1.1" status: 200 len: 1003 time: 0.0864465
2026-04-27 13:31:55.655 10 INFO neutron.plugins.ml2.drivers.ovn.mech_driver.mech_driver [None req-4f637257-9aab-472a-9b1e-ad903caf13b0 - - - - - -] OVN reports status down for port: e9b79e8a-e9b3-4309-9cc7-73761b7ff5cb
2026-04-27 13:31:55.696 9 INFO neutron.wsgi [req-aa179bad-7d58-4fa1-9d16-dc4e9eddd9f6 req-1918d071-6837-4076-9303-dfb5949ef3e7 d11069f16d2e4336a38dd1c1dbd54436 e2c3e7fbca5b40f087985d81bb1e1c00 - - e3c445c6146e435ea7fb2bee9e8816e3 e3c445c6146e435ea7fb2bee9e8816e3] 199.19.213.212 "GET /v2.0/floatingips?fixed_ip_address=10.2.2.38&port_id=e9b79e8a-e9b3-4309-9cc7-73761b7ff5cb HTTP/1.1" status: 200 len: 217 time: 0.0324247
2026-04-27 13:31:55.731 9 INFO neutron.wsgi [req-aa179bad-7d58-4fa1-9d16-dc4e9eddd9f6 req-879b7bb7-d52b-459e-b24b-b3a1447d9dae d11069f16d2e4336a38dd1c1dbd54436 e2c3e7fbca5b40f087985d81bb1e1c00 - - e3c445c6146e435ea7fb2bee9e8816e3 e3c445c6146e435ea7fb2bee9e8816e3] 199.19.213.212 "GET /v2.0/floatingips?fixed_ip_address=fd77%3A1457%3A4cf0%3A26a8%3A%3A2a8&port_id=e9b79e8a-e9b3-4309-9cc7-73761b7ff5cb HTTP/1.1" status: 200 len: 217 time: 0.0250089
2026-04-27 13:31:55.768 9 INFO neutron.wsgi [req-e0252cc4-a841-4739-b06f-aafdeabe78c1 req-e5fd7b5f-ab86-4868-9675-0b07b6f522cf 598e8d429db245c4b11acd7edfdda96d 501c5f62aeaf4d02b9c24ae5a92d2710 - - default default] 10.0.0.127 "GET /v2.0/ports?device_id=27486564-2856-4c36-b1d5-24da7a16a52d HTTP/1.1" status: 200 len: 1400 time: 0.1734583
2026-04-27 13:31:55.799 9 INFO neutron.wsgi [req-aa179bad-7d58-4fa1-9d16-dc4e9eddd9f6 req-f94ea359-b488-4bda-b797-43137650aa37 d11069f16d2e4336a38dd1c1dbd54436 e2c3e7fbca5b40f087985d81bb1e1c00 - - e3c445c6146e435ea7fb2bee9e8816e3 e3c445c6146e435ea7fb2bee9e8816e3] 199.19.213.212 "GET /v2.0/subnets?id=b4a7429d-3175-4c42-ba50-5d2770c2f5eb&id=e829b2b1-0a5a-4c6e-8fa6-fae058510502 HTTP/1.1" status: 200 len: 1566 time: 0.0599566
2026-04-27 13:31:55.821 10 INFO neutron.wsgi [req-10d798fd-1f89-47bf-ba22-8ab4dbea2b7f req-df2cf4df-1d1b-4258-8c62-b7910a2eba2f 16f0fa93e40e4411ab2730c3e4538e4c a41ee1dde33a414c9f55ace20d36663e - - default default] 10.0.0.127 "GET /v2.0/ports?device_id=27486564-2856-4c36-b1d5-24da7a16a52d&device_id=6e8e8010-0f8e-4c57-a8dc-d82cf3b30dbe HTTP/1.1" status: 200 len: 3065 time: 0.0877082
2026-04-27 13:31:55.831 9 INFO neutron.wsgi [req-aa179bad-7d58-4fa1-9d16-dc4e9eddd9f6 req-a8a046b8-a1a9-4118-a8c4-ca7f5749757e d11069f16d2e4336a38dd1c1dbd54436 e2c3e7fbca5b40f087985d81bb1e1c00 - - e3c445c6146e435ea7fb2bee9e8816e3 e3c445c6146e435ea7fb2bee9e8816e3] 199.19.213.212 "GET /v2.0/ports?network_id=ca839a58-67c0-46c9-9aa7-52055ba2b516&device_owner=network%3Adhcp HTTP/1.1" status: 200 len: 210 time: 0.0251443
2026-04-27 13:31:55.861 9 INFO neutron.wsgi [req-aa179bad-7d58-4fa1-9d16-dc4e9eddd9f6 req-f808d41c-167f-435e-9150-403f29232a00 d11069f16d2e4336a38dd1c1dbd54436 e2c3e7fbca5b40f087985d81bb1e1c00 - - e3c445c6146e435ea7fb2bee9e8816e3 e3c445c6146e435ea7fb2bee9e8816e3] 199.19.213.212 "GET /v2.0/ports?network_id=ca839a58-67c0-46c9-9aa7-52055ba2b516&device_owner=network%3Adhcp HTTP/1.1" status: 200 len: 210 time: 0.0217905
2026-04-27 13:31:55.864 9 INFO neutron.wsgi [req-e0252cc4-a841-4739-b06f-aafdeabe78c1 req-b1e423ec-597c-4b9a-a6ba-add9044265df 598e8d429db245c4b11acd7edfdda96d 501c5f62aeaf4d02b9c24ae5a92d2710 - - default default] 10.0.0.127 "GET /v2.0/security-groups?id=5ed73ff1-2be1-49bd-9c03-a5bac18fe62f&fields=id&fields=name HTTP/1.1" status: 200 len: 311 time: 0.0873976
2026-04-27 13:31:55.921 10 INFO neutron.wsgi [req-10d798fd-1f89-47bf-ba22-8ab4dbea2b7f req-92c55360-26da-4a4e-9c5f-27c8eecfce81 16f0fa93e40e4411ab2730c3e4538e4c a41ee1dde33a414c9f55ace20d36663e - - default default] 10.0.0.127 "GET /v2.0/security-groups?id=5ed73ff1-2be1-49bd-9c03-a5bac18fe62f&fields=id&fields=name HTTP/1.1" status: 200 len: 311 time: 0.0912778
2026-04-27 13:31:55.932 9 INFO neutron.wsgi [req-aa179bad-7d58-4fa1-9d16-dc4e9eddd9f6 req-bc5827e3-1fb1-4183-a62f-96992fdb9573 d11069f16d2e4336a38dd1c1dbd54436 e2c3e7fbca5b40f087985d81bb1e1c00 - - e3c445c6146e435ea7fb2bee9e8816e3 e3c445c6146e435ea7fb2bee9e8816e3] 199.19.213.212 "GET /v2.0/networks/ca839a58-67c0-46c9-9aa7-52055ba2b516?fields=segments HTTP/1.1" status: 200 len: 212 time: 0.0625455
2026-04-27 13:31:56.016 9 INFO neutron.wsgi [req-4ace99b3-1429-4226-a99f-11fb2ebc67ca req-1bdb7149-4e26-4482-b19c-8a17ebc5dc62 598e8d429db245c4b11acd7edfdda96d 501c5f62aeaf4d02b9c24ae5a92d2710 - - default default] 199.19.213.212 "GET /v2.0/ports?device_id=27486564-2856-4c36-b1d5-24da7a16a52d HTTP/1.1" status: 200 len: 1398 time: 0.0571063
2026-04-27 13:31:56.032 9 INFO neutron.wsgi [req-aa179bad-7d58-4fa1-9d16-dc4e9eddd9f6 req-7d1e2170-c6c3-4216-b266-2c7f22e4cf56 d11069f16d2e4336a38dd1c1dbd54436 e2c3e7fbca5b40f087985d81bb1e1c00 - - e3c445c6146e435ea7fb2bee9e8816e3 e3c445c6146e435ea7fb2bee9e8816e3] 199.19.213.212 "GET /v2.0/networks/ca839a58-67c0-46c9-9aa7-52055ba2b516?fields=provider%3Aphysical_network&fields=provider%3Anetwork_type HTTP/1.1" status: 200 len: 277 time: 0.0844963
2026-04-27 13:31:56.256 10 INFO neutron.db.ovn_revision_numbers_db [None req-4f637257-9aab-472a-9b1e-ad903caf13b0 - - - - - -] Successfully bumped revision number for resource e9b79e8a-e9b3-4309-9cc7-73761b7ff5cb (type: ports) to 5
2026-04-27 13:31:56.410 9 INFO neutron.wsgi [req-4ace99b3-1429-4226-a99f-11fb2ebc67ca req-ea98ddfe-f12d-4f68-985f-40868149f675 598e8d429db245c4b11acd7edfdda96d 501c5f62aeaf4d02b9c24ae5a92d2710 - - default default] 199.19.213.212 "DELETE /v2.0/ports/e9b79e8a-e9b3-4309-9cc7-73761b7ff5cb HTTP/1.1" status: 204 len: 173 time: 0.3885801
2026-04-27 13:31:56.452 9 INFO neutron.notifiers.nova [-] Nova event matching ['req-99ca5170-42d5-476d-bde7-d14164125375'] response: {'server_uuid': '27486564-2856-4c36-b1d5-24da7a16a52d', 'name': 'network-vif-deleted', 'tag': 'e9b79e8a-e9b3-4309-9cc7-73761b7ff5cb', 'status': 'completed', 'code': 200}
2026-04-27 13:31:57.523 10 INFO neutron.notifiers.nova [-] Nova event matching ['req-9dc10db1-a976-4dcc-a94c-fe3da807312d'] response: {'server_uuid': '27486564-2856-4c36-b1d5-24da7a16a52d', 'name': 'network-vif-unplugged', 'status': 'completed', 'tag': 'e9b79e8a-e9b3-4309-9cc7-73761b7ff5cb', 'code': 200}
2026-04-27 13:31:57.523 10 INFO neutron.notifiers.nova [-] Nova event matching ['req-9dc10db1-a976-4dcc-a94c-fe3da807312d'] response: {'server_uuid': '27486564-2856-4c36-b1d5-24da7a16a52d', 'name': 'network-vif-plugged', 'status': 'completed', 'tag': 'e9b79e8a-e9b3-4309-9cc7-73761b7ff5cb', 'code': 200}
2026-04-27 13:32:00.647 9 INFO neutron.wsgi [-] 10.0.0.81 "GET / HTTP/1.1" status: 200 len: 245 time: 0.0027153
2026-04-27 13:32:00.648 10 INFO neutron.wsgi [-] 10.0.0.81 "GET / HTTP/1.1" status: 200 len: 245 time: 0.0032210 /var/lib/openstack/lib/python3.10/site-packages/pycadf/identifier.py:71: UserWarning: Invalid uuid: neutron. To ensure interoperability, identifiers should be a valid uuid. warnings.warn(('Invalid uuid: %s. To ensure interoperability, '
2026-04-27 13:32:01.304 10 INFO neutron.db.l3_db [None req-565230e0-3ffc-445e-b785-6b66f26770aa 598e8d429db245c4b11acd7edfdda96d 501c5f62aeaf4d02b9c24ae5a92d2710 - - default default] Floating IP 64e9ca39-989a-4676-9d7b-08dd473d6fec disassociated (deleted). External IP: 10.96.250.213, port: 472c7fac-5447-4501-9dbe-0bd42f02cd5a.
2026-04-27 13:32:01.369 10 INFO neutron.wsgi [None req-565230e0-3ffc-445e-b785-6b66f26770aa 598e8d429db245c4b11acd7edfdda96d 501c5f62aeaf4d02b9c24ae5a92d2710 - - default default] 10.0.0.37 "DELETE /v2.0/floatingips/64e9ca39-989a-4676-9d7b-08dd473d6fec HTTP/1.1" status: 204 len: 168 time: 0.4479952 /var/lib/openstack/lib/python3.10/site-packages/pycadf/identifier.py:71: UserWarning: Invalid uuid: neutron. To ensure interoperability, identifiers should be a valid uuid. warnings.warn(('Invalid uuid: %s. To ensure interoperability, '
2026-04-27 13:32:01.413 9 INFO neutron.api.v2.resource [None req-195e1c6c-cd07-4872-8546-94c618a3abd3 598e8d429db245c4b11acd7edfdda96d 501c5f62aeaf4d02b9c24ae5a92d2710 - - default default] show failed (client error): The resource could not be found.
2026-04-27 13:32:01.415 9 INFO neutron.wsgi [None req-195e1c6c-cd07-4872-8546-94c618a3abd3 598e8d429db245c4b11acd7edfdda96d 501c5f62aeaf4d02b9c24ae5a92d2710 - - default default] 10.0.0.37 "GET /v2.0/floatingips/64e9ca39-989a-4676-9d7b-08dd473d6fec HTTP/1.1" status: 404 len: 345 time: 0.0383306
2026-04-27 13:32:01.419 10 INFO neutron.notifiers.nova [-] Nova event matching ['req-ecb5012f-0348-4ca6-a15d-881726e7d0e8'] response: {'name': 'network-changed', 'server_uuid': '6e8e8010-0f8e-4c57-a8dc-d82cf3b30dbe', 'tag': '472c7fac-5447-4501-9dbe-0bd42f02cd5a', 'status': 'completed', 'code': 200}
