2026-04-27 13:25:35.119 10 WARNING neutron.api.rpc.agentnotifiers.dhcp_rpc_agent_api [None req-b0235dd8-5f0c-4ccd-b27c-81d4e6a3b4f0 16f0fa93e40e4411ab2730c3e4538e4c a41ee1dde33a414c9f55ace20d36663e - - default default] Unable to schedule network 7bfb196b-a5fa-4414-9c90-f4537a7d938f: no agents available; will retry on subsequent port and subnet creation events.
2026-04-27 13:25:35.151 10 INFO neutron.wsgi [req-cce0d1ad-673f-42ea-9497-fc202c4b3607 req-c1feed5a-e8a4-4dd1-9a84-71eb4712e32b 2e58a9716cbb45f2bff0df3090343795 244784a7877b4d1dbfbd40a4116ad181 - - default default] 10.0.0.127 "GET /v2.0/security-groups?id=d4329291-a1c3-4190-8d25-d0a27103e2c0&fields=id&fields=name HTTP/1.1" status: 200 len: 312 time: 0.0656571
2026-04-27 13:25:35.266 9 INFO neutron.wsgi [req-72ba4a3b-f073-4db0-a129-c1a4a31c9af8 req-3ddd9fe5-112a-487a-88d2-c21fd8949f5a 2e58a9716cbb45f2bff0df3090343795 244784a7877b4d1dbfbd40a4116ad181 - - default default] 10.0.0.127 "GET /v2.0/ports?device_id=039865d7-b46b-4d9e-bc3f-08f3065a2b5a HTTP/1.1" status: 200 len: 1174 time: 0.0468011
2026-04-27 13:25:35.332 10 INFO neutron.notifiers.nova [-] Nova event matching ['req-be3f7034-d882-477e-964a-1be44d512072'] response: {'server_uuid': '039865d7-b46b-4d9e-bc3f-08f3065a2b5a', 'name': 'network-vif-plugged', 'status': 'completed', 'tag': '4e7d8d38-32c9-44e0-9224-e5f03eda8c3f', 'code': 200}
2026-04-27 13:25:35.357 10 INFO neutron.db.ovn_revision_numbers_db [None req-b0235dd8-5f0c-4ccd-b27c-81d4e6a3b4f0 16f0fa93e40e4411ab2730c3e4538e4c a41ee1dde33a414c9f55ace20d36663e - - default default] Successfully bumped revision number for resource ab060f27-342e-4c3d-ac60-47382044e328 (type: ports) to 1
2026-04-27 13:25:35.561 9 INFO neutron.db.l3_db [None req-4ec785f7-0b8f-4818-832f-2bb9ad4905a5 2e58a9716cbb45f2bff0df3090343795 244784a7877b4d1dbfbd40a4116ad181 - - default default] Floating IP baa47d57-b59d-4a70-956d-d154f1bbdcfa associated. External IP: 10.96.250.211, port: 4e7d8d38-32c9-44e0-9224-e5f03eda8c3f.
2026-04-27 13:25:35.741 9 INFO neutron.db.ovn_revision_numbers_db [None req-4ec785f7-0b8f-4818-832f-2bb9ad4905a5 2e58a9716cbb45f2bff0df3090343795 244784a7877b4d1dbfbd40a4116ad181 - - default default] Successfully bumped revision number for resource baa47d57-b59d-4a70-956d-d154f1bbdcfa (type: floatingips) to 1
2026-04-27 13:25:35.874 9 INFO neutron.db.ovn_revision_numbers_db [None req-4ec785f7-0b8f-4818-832f-2bb9ad4905a5 2e58a9716cbb45f2bff0df3090343795 244784a7877b4d1dbfbd40a4116ad181 - - default default] Successfully bumped revision number for resource baa47d57-b59d-4a70-956d-d154f1bbdcfa (type: floatingips) to 2
2026-04-27 13:25:35.888 10 INFO neutron.db.ovn_revision_numbers_db [None req-b4daa44c-aaed-429f-b73e-8d1b7341e334 16f0fa93e40e4411ab2730c3e4538e4c a41ee1dde33a414c9f55ace20d36663e - - default default] Successfully bumped revision number for resource e3ad76ab-dfab-4bd4-9130-f4bb904248ba (type: security_groups) to 1
2026-04-27 13:25:35.897 9 INFO neutron.wsgi [None req-4ec785f7-0b8f-4818-832f-2bb9ad4905a5 2e58a9716cbb45f2bff0df3090343795 244784a7877b4d1dbfbd40a4116ad181 - - default default] 10.0.0.37 "PUT /v2.0/floatingips/baa47d57-b59d-4a70-956d-d154f1bbdcfa HTTP/1.1" status: 200 len: 1050 time: 0.6160259
2026-04-27 13:25:35.918 10 INFO neutron.db.ovn_revision_numbers_db [None req-b4daa44c-aaed-429f-b73e-8d1b7341e334 16f0fa93e40e4411ab2730c3e4538e4c a41ee1dde33a414c9f55ace20d36663e - - default default] Successfully bumped revision number for resource 32268139-c7da-4ae3-af73-cd003159146b (type: security_group_rules) to 0
2026-04-27 13:25:35.937 9 INFO neutron.notifiers.nova [-] Nova event matching ['req-70ce6660-13ab-43b2-be3c-aeb9ca02e3ba'] response: {'name': 'network-changed', 'server_uuid': '039865d7-b46b-4d9e-bc3f-08f3065a2b5a', 'tag': '4e7d8d38-32c9-44e0-9224-e5f03eda8c3f', 'status': 'completed', 'code': 200}
2026-04-27 13:25:35.941 10 INFO neutron.db.ovn_revision_numbers_db [None req-b4daa44c-aaed-429f-b73e-8d1b7341e334 16f0fa93e40e4411ab2730c3e4538e4c a41ee1dde33a414c9f55ace20d36663e - - default default] Successfully bumped revision number for resource b9f419b1-c2aa-4ba9-bdbd-2f9198403ec2 (type: security_group_rules) to 0
2026-04-27 13:25:35.974 10 INFO neutron.db.ovn_revision_numbers_db [None req-b4daa44c-aaed-429f-b73e-8d1b7341e334 16f0fa93e40e4411ab2730c3e4538e4c a41ee1dde33a414c9f55ace20d36663e - - default default] Successfully bumped revision number for resource c816ac1e-55cc-45ee-9f7c-6319cc00b2bb (type: security_group_rules) to 0
2026-04-27 13:25:36.003 10 INFO neutron.db.ovn_revision_numbers_db [None req-b4daa44c-aaed-429f-b73e-8d1b7341e334 16f0fa93e40e4411ab2730c3e4538e4c a41ee1dde33a414c9f55ace20d36663e - - default default] Successfully bumped revision number for resource c97b9492-6f93-4dec-9b35-a24ecaf58b37 (type: security_group_rules) to 0
2026-04-27 13:25:36.005 9 INFO neutron.wsgi [req-0e719ef2-d251-44fc-bf1f-877b52f98177 req-3dc772ed-6dfb-488f-9b3f-0153412aa48f d11069f16d2e4336a38dd1c1dbd54436 e2c3e7fbca5b40f087985d81bb1e1c00 - - e3c445c6146e435ea7fb2bee9e8816e3 e3c445c6146e435ea7fb2bee9e8816e3] 199.19.213.212 "GET /v2.0/ports?tenant_id=244784a7877b4d1dbfbd40a4116ad181&device_id=039865d7-b46b-4d9e-bc3f-08f3065a2b5a HTTP/1.1" status: 200 len: 1413 time: 0.0443652
2026-04-27 13:25:36.071 10 INFO neutron.wsgi [None req-b4daa44c-aaed-429f-b73e-8d1b7341e334 16f0fa93e40e4411ab2730c3e4538e4c a41ee1dde33a414c9f55ace20d36663e - - default default] 10.0.0.37 "GET /v2.0/security-groups?tenant_id=0e1c7ec85726400aa68fdb95874e8da4&name=default HTTP/1.1" status: 200 len: 2996 time: 0.7240298
2026-04-27 13:25:36.123 9 INFO neutron.wsgi [req-0e719ef2-d251-44fc-bf1f-877b52f98177 req-03cd9e5c-874e-4e3e-ab36-1573e7a9ff9c d11069f16d2e4336a38dd1c1dbd54436 e2c3e7fbca5b40f087985d81bb1e1c00 - - e3c445c6146e435ea7fb2bee9e8816e3 e3c445c6146e435ea7fb2bee9e8816e3] 199.19.213.212 "GET /v2.0/networks?id=85aed5bf-4888-4e49-9101-aa0b962ed958 HTTP/1.1" status: 200 len: 974 time: 0.1092124
2026-04-27 13:25:36.173 9 INFO neutron.wsgi [req-0e719ef2-d251-44fc-bf1f-877b52f98177 req-f4edf33e-1873-4670-86a3-88885cebee7b d11069f16d2e4336a38dd1c1dbd54436 e2c3e7fbca5b40f087985d81bb1e1c00 - - e3c445c6146e435ea7fb2bee9e8816e3 e3c445c6146e435ea7fb2bee9e8816e3] 199.19.213.212 "GET /v2.0/floatingips?fixed_ip_address=10.100.0.12&port_id=4e7d8d38-32c9-44e0-9224-e5f03eda8c3f HTTP/1.1" status: 200 len: 1060 time: 0.0409708
2026-04-27 13:25:36.230 10 INFO neutron.plugins.ml2.drivers.ovn.mech_driver.mech_driver [None req-4f637257-9aab-472a-9b1e-ad903caf13b0 - - - - - -] OVN reports status up for port: ab060f27-342e-4c3d-ac60-47382044e328
2026-04-27 13:25:36.252 10 INFO neutron.plugins.ml2.plugin [None req-4f637257-9aab-472a-9b1e-ad903caf13b0 - - - - - -] Attempt 1 to provision port ab060f27-342e-4c3d-ac60-47382044e328
2026-04-27 13:25:36.279 9 INFO neutron.wsgi [req-0e719ef2-d251-44fc-bf1f-877b52f98177 req-c246588f-25b8-4120-8812-c08476592e65 d11069f16d2e4336a38dd1c1dbd54436 e2c3e7fbca5b40f087985d81bb1e1c00 - - e3c445c6146e435ea7fb2bee9e8816e3 e3c445c6146e435ea7fb2bee9e8816e3] 199.19.213.212 "GET /v2.0/subnets?id=5ff6e540-2df9-4dee-b685-76c1e76fe5dc HTTP/1.1" status: 200 len: 869 time: 0.0980542
2026-04-27 13:25:36.358 10 INFO neutron.db.ovn_revision_numbers_db [None req-b0235dd8-5f0c-4ccd-b27c-81d4e6a3b4f0 16f0fa93e40e4411ab2730c3e4538e4c a41ee1dde33a414c9f55ace20d36663e - - default default] Successfully bumped revision number for resource ab060f27-342e-4c3d-ac60-47382044e328 (type: router_ports) to 1
2026-04-27 13:25:36.369 9 INFO neutron.wsgi [req-0e719ef2-d251-44fc-bf1f-877b52f98177 req-87a8ef78-ca18-40bf-a896-c77db7f3baf1 d11069f16d2e4336a38dd1c1dbd54436 e2c3e7fbca5b40f087985d81bb1e1c00 - - e3c445c6146e435ea7fb2bee9e8816e3 e3c445c6146e435ea7fb2bee9e8816e3] 199.19.213.212 "GET /v2.0/ports?network_id=85aed5bf-4888-4e49-9101-aa0b962ed958&device_owner=network%3Adhcp HTTP/1.1" status: 200 len: 210 time: 0.0684121
2026-04-27 13:25:36.460 9 INFO neutron.wsgi [req-0e719ef2-d251-44fc-bf1f-877b52f98177 req-4e0b1711-c5a3-4288-a142-03a139501495 d11069f16d2e4336a38dd1c1dbd54436 e2c3e7fbca5b40f087985d81bb1e1c00 - - e3c445c6146e435ea7fb2bee9e8816e3 e3c445c6146e435ea7fb2bee9e8816e3] 199.19.213.212 "GET /v2.0/networks/85aed5bf-4888-4e49-9101-aa0b962ed958?fields=segments HTTP/1.1" status: 200 len: 212 time: 0.0831244
2026-04-27 13:25:36.485 10 INFO neutron.db.ovn_revision_numbers_db [None req-b0235dd8-5f0c-4ccd-b27c-81d4e6a3b4f0 16f0fa93e40e4411ab2730c3e4538e4c a41ee1dde33a414c9f55ace20d36663e - - default default] Successfully bumped revision number for resource f71628ba-deca-44d3-9ccd-c8fe08898180 (type: routers) to 2
2026-04-27 13:25:36.528 10 INFO neutron.wsgi [None req-b0235dd8-5f0c-4ccd-b27c-81d4e6a3b4f0 16f0fa93e40e4411ab2730c3e4538e4c a41ee1dde33a414c9f55ace20d36663e - - default default] 10.0.0.37 "POST /v2.0/routers HTTP/1.1" status: 201 len: 878 time: 1.9395249
2026-04-27 13:25:36.533 9 INFO neutron.wsgi [req-0e719ef2-d251-44fc-bf1f-877b52f98177 req-7dd52d77-5fbb-4ddc-8b8b-88e19a65d581 d11069f16d2e4336a38dd1c1dbd54436 e2c3e7fbca5b40f087985d81bb1e1c00 - - e3c445c6146e435ea7fb2bee9e8816e3 e3c445c6146e435ea7fb2bee9e8816e3] 199.19.213.212 "GET /v2.0/networks/85aed5bf-4888-4e49-9101-aa0b962ed958?fields=provider%3Aphysical_network&fields=provider%3Anetwork_type HTTP/1.1" status: 200 len: 277 time: 0.0655048 /var/lib/openstack/lib/python3.10/site-packages/pycadf/identifier.py:71: UserWarning: Invalid uuid: neutron. To ensure interoperability, identifiers should be a valid uuid. warnings.warn(('Invalid uuid: %s. To ensure interoperability, '
2026-04-27 13:25:36.689 9 INFO neutron.wsgi [None req-b41827d6-e5dc-459a-b118-1c415a19ee63 16f0fa93e40e4411ab2730c3e4538e4c a41ee1dde33a414c9f55ace20d36663e - - default default] 10.0.0.37 "DELETE /v2.0/security-groups/e3ad76ab-dfab-4bd4-9130-f4bb904248ba HTTP/1.1" status: 204 len: 168 time: 0.6114900
2026-04-27 13:25:36.781 10 INFO neutron.wsgi [req-58fbcfae-12d6-413c-9bec-fbfa56493283 req-10d3e631-f2ea-4ede-83b7-1f48973c72a0 8e71ccb0ffd6494fa2be12fc0f94a9c2 7611b0a2215c4a7380cd134f665fe2cf - - default default] 10.0.0.127 "GET /v2.0/ports?device_id=159cf2c6-1e61-4359-877d-33fa4b00e715 HTTP/1.1" status: 200 len: 1174 time: 0.1198533
2026-04-27 13:25:36.982 9 INFO neutron.wsgi [req-3175e2c2-ad8c-4f86-8456-183e3b4fc9e0 req-120d6945-89b2-49e1-aa8d-83e8e50d04e1 8e71ccb0ffd6494fa2be12fc0f94a9c2 7611b0a2215c4a7380cd134f665fe2cf - - default default] 10.0.0.127 "GET /v2.0/ports/e7b91ab1-bdeb-428d-9a0a-9866fd790a7a HTTP/1.1" status: 200 len: 1171 time: 0.1248655
2026-04-27 13:25:37.062 9 INFO neutron.db.ovn_revision_numbers_db [None req-db47fdae-7291-4083-9a3b-767fbc36a692 16f0fa93e40e4411ab2730c3e4538e4c a41ee1dde33a414c9f55ace20d36663e - - default default] Successfully bumped revision number for resource bbe20ff0-d024-4a6d-9ef1-84f3b89fcbac (type: security_groups) to 1
2026-04-27 13:25:37.091 9 INFO neutron.db.ovn_revision_numbers_db [None req-db47fdae-7291-4083-9a3b-767fbc36a692 16f0fa93e40e4411ab2730c3e4538e4c a41ee1dde33a414c9f55ace20d36663e - - default default] Successfully bumped revision number for resource 33ce7c6e-dcdd-4ace-a0e8-90b1b257c278 (type: security_group_rules) to 0
2026-04-27 13:25:37.121 9 INFO neutron.db.ovn_revision_numbers_db [None req-db47fdae-7291-4083-9a3b-767fbc36a692 16f0fa93e40e4411ab2730c3e4538e4c a41ee1dde33a414c9f55ace20d36663e - - default default] Successfully bumped revision number for resource 9f956cad-cd66-4857-8dc6-f672035098a3 (type: security_group_rules) to 0
2026-04-27 13:25:37.169 9 INFO neutron.db.ovn_revision_numbers_db [None req-db47fdae-7291-4083-9a3b-767fbc36a692 16f0fa93e40e4411ab2730c3e4538e4c a41ee1dde33a414c9f55ace20d36663e - - default default] Successfully bumped revision number for resource d202698f-c91c-47d8-bb27-dad02a0bbecd (type: security_group_rules) to 0
2026-04-27 13:25:37.172 10 WARNING neutron.scheduler.dhcp_agent_scheduler [None req-206298f4-6cab-45d7-b323-3c8b0c34d5ad 16f0fa93e40e4411ab2730c3e4538e4c a41ee1dde33a414c9f55ace20d36663e - - default default] No more DHCP agents
2026-04-27 13:25:37.178 10 WARNING neutron.api.rpc.agentnotifiers.dhcp_rpc_agent_api [None req-206298f4-6cab-45d7-b323-3c8b0c34d5ad 16f0fa93e40e4411ab2730c3e4538e4c a41ee1dde33a414c9f55ace20d36663e - - default default] Unable to schedule network 8c13a927-7164-4c2b-a049-5675dc5aced7: no agents available; will retry on subsequent port and subnet creation events.
2026-04-27 13:25:37.193 9 INFO neutron.wsgi [req-ba746f32-0018-416e-abee-89dda57f0061 req-2489fab8-2ce7-41ed-b752-ae2eac8dff2e 8e71ccb0ffd6494fa2be12fc0f94a9c2 7611b0a2215c4a7380cd134f665fe2cf - - default default] 199.19.213.212 "GET /v2.0/subnets?network_id=f864909b-009a-469d-9f50-bc9d50ec3dd6 HTTP/1.1" status: 200 len: 859 time: 0.0614159
2026-04-27 13:25:37.243 9 INFO neutron.db.ovn_revision_numbers_db [None req-db47fdae-7291-4083-9a3b-767fbc36a692 16f0fa93e40e4411ab2730c3e4538e4c a41ee1dde33a414c9f55ace20d36663e - - default default] Successfully bumped revision number for resource d4d9ead5-9ac3-45ed-81cb-de76b7e7bff1 (type: security_group_rules) to 0
2026-04-27 13:25:37.271 9 INFO neutron.wsgi [req-ba746f32-0018-416e-abee-89dda57f0061 req-a20d52e9-ddf1-4f8e-b69a-1c4986fbcb3c 8e71ccb0ffd6494fa2be12fc0f94a9c2 7611b0a2215c4a7380cd134f665fe2cf - - default default] 199.19.213.212 "GET /v2.0/ports?device_id=159cf2c6-1e61-4359-877d-33fa4b00e715&device_owner=compute%3Anova&network_id=f864909b-009a-469d-9f50-bc9d50ec3dd6 HTTP/1.1" status: 200 len: 1174 time: 0.0719316
2026-04-27 13:25:37.277 9 INFO neutron.wsgi [None req-db47fdae-7291-4083-9a3b-767fbc36a692 16f0fa93e40e4411ab2730c3e4538e4c a41ee1dde33a414c9f55ace20d36663e - - default default] 10.0.0.37 "GET /v2.0/security-groups?tenant_id=5fb36fee6f7b432d87f363f54b9ce3cf&name=default HTTP/1.1" status: 200 len: 2996 time: 0.3987544
2026-04-27 13:25:37.392 10 INFO neutron.db.ovn_revision_numbers_db [None req-206298f4-6cab-45d7-b323-3c8b0c34d5ad 16f0fa93e40e4411ab2730c3e4538e4c a41ee1dde33a414c9f55ace20d36663e - - default default] Successfully bumped revision number for resource bee77755-092e-4039-98ad-59d8959d6b8e (type: ports) to 1
2026-04-27 13:25:37.503 9 INFO neutron.wsgi [None req-682249cb-0420-4fdf-acbf-a2c5ae26279e 16f0fa93e40e4411ab2730c3e4538e4c a41ee1dde33a414c9f55ace20d36663e - - default default] 10.0.0.128 "GET /v2.0/subnets HTTP/1.1" status: 200 len: 3417 time: 0.2062211
2026-04-27 13:25:37.673 9 INFO neutron.wsgi [None req-4f2d45d2-4fb3-49a3-b54b-d5016e49e4a9 16f0fa93e40e4411ab2730c3e4538e4c a41ee1dde33a414c9f55ace20d36663e - - default default] 10.0.0.128 "GET /v2.0/routers HTTP/1.1" status: 200 len: 2220 time: 0.1649728
2026-04-27 13:25:37.761 9 INFO neutron.wsgi [None req-4f06f188-5996-4ed2-8796-2dd00995814c 16f0fa93e40e4411ab2730c3e4538e4c a41ee1dde33a414c9f55ace20d36663e - - default default] 10.0.0.128 "GET /v2.0/agents?binary=ovn-controller HTTP/1.1" status: 200 len: 591 time: 0.0846753
2026-04-27 13:25:37.810 9 INFO neutron.wsgi [None req-a831f401-f638-4417-9a53-3996011b02a6 16f0fa93e40e4411ab2730c3e4538e4c a41ee1dde33a414c9f55ace20d36663e - - default default] 10.0.0.128 "GET /v2.0/subnets HTTP/1.1" status: 200 len: 3417 time: 0.0459883
2026-04-27 13:25:37.832 9 INFO neutron.wsgi [None req-f1ccf1b6-a15b-4674-82af-6cbb750b1ae2 16f0fa93e40e4411ab2730c3e4538e4c a41ee1dde33a414c9f55ace20d36663e - - default default] 10.0.0.37 "DELETE /v2.0/security-groups/bbe20ff0-d024-4a6d-9ef1-84f3b89fcbac HTTP/1.1" status: 204 len: 168 time: 0.5449209
2026-04-27 13:25:37.835 9 INFO neutron.wsgi [None req-fe47485d-a6b7-41fc-8dbd-d407b259e9c9 16f0fa93e40e4411ab2730c3e4538e4c a41ee1dde33a414c9f55ace20d36663e - - default default] 10.0.0.128 "GET /v2.0/subnetpools HTTP/1.1" status: 200 len: 193 time: 0.0186706
2026-04-27 13:25:37.943 9 INFO neutron.wsgi [None req-040a2e20-f2dc-40e5-818a-637ed2092863 16f0fa93e40e4411ab2730c3e4538e4c a41ee1dde33a414c9f55ace20d36663e - - default default] 10.0.0.128 "GET /v2.0/ports HTTP/1.1" status: 200 len: 19297 time: 0.1069939
2026-04-27 13:25:38.007 10 INFO neutron.db.ovn_revision_numbers_db [None req-206298f4-6cab-45d7-b323-3c8b0c34d5ad 16f0fa93e40e4411ab2730c3e4538e4c a41ee1dde33a414c9f55ace20d36663e - - default default] Successfully bumped revision number for resource bee77755-092e-4039-98ad-59d8959d6b8e (type: router_ports) to 1
2026-04-27 13:25:38.060 9 INFO neutron.wsgi [None req-16a5b784-a9d5-4c71-b28a-5b3e67ef653a 16f0fa93e40e4411ab2730c3e4538e4c a41ee1dde33a414c9f55ace20d36663e - - default default] 10.0.0.128 "GET /v2.0/security-groups HTTP/1.1" status: 200 len: 30619 time: 0.0969682 /var/lib/openstack/lib/python3.10/site-packages/pycadf/identifier.py:71: UserWarning: Invalid uuid: neutron. To ensure interoperability, identifiers should be a valid uuid. warnings.warn(('Invalid uuid: %s. To ensure interoperability, '
2026-04-27 13:25:38.094 9 INFO neutron.wsgi [None req-623b259d-d930-4bc8-9640-84b5271fddff 16f0fa93e40e4411ab2730c3e4538e4c a41ee1dde33a414c9f55ace20d36663e - - default default] 10.0.0.128 "GET /v2.0/network-ip-availabilities HTTP/1.1" status: 200 len: 2732 time: 0.0240793
2026-04-27 13:25:38.192 10 INFO neutron.db.ovn_revision_numbers_db [None req-206298f4-6cab-45d7-b323-3c8b0c34d5ad 16f0fa93e40e4411ab2730c3e4538e4c a41ee1dde33a414c9f55ace20d36663e - - default default] Successfully bumped revision number for resource bee77755-092e-4039-98ad-59d8959d6b8e (type: ports) to 1
2026-04-27 13:25:38.264 10 WARNING neutron.scheduler.dhcp_agent_scheduler [None req-206298f4-6cab-45d7-b323-3c8b0c34d5ad 16f0fa93e40e4411ab2730c3e4538e4c a41ee1dde33a414c9f55ace20d36663e - - default default] No more DHCP agents
2026-04-27 13:25:38.266 10 WARNING neutron.api.rpc.agentnotifiers.dhcp_rpc_agent_api [None req-206298f4-6cab-45d7-b323-3c8b0c34d5ad 16f0fa93e40e4411ab2730c3e4538e4c a41ee1dde33a414c9f55ace20d36663e - - default default] Unable to schedule network 8c13a927-7164-4c2b-a049-5675dc5aced7: no agents available; will retry on subsequent port and subnet creation events.
2026-04-27 13:25:38.365 9 INFO neutron.wsgi [None req-2c01a0cf-5c43-42aa-9644-0067fa016ca9 16f0fa93e40e4411ab2730c3e4538e4c a41ee1dde33a414c9f55ace20d36663e - - default default] 10.0.0.128 "GET /v2.0/floatingips HTTP/1.1" status: 200 len: 1881 time: 0.2546601
2026-04-27 13:25:38.433 9 INFO neutron.wsgi [None req-ffd9c9a2-fcef-4aef-adda-b0d45bf06ad9 16f0fa93e40e4411ab2730c3e4538e4c a41ee1dde33a414c9f55ace20d36663e - - default default] 10.0.0.128 "GET /v2.0/networks HTTP/1.1" status: 200 len: 4640 time: 0.0664027
2026-04-27 13:25:38.448 9 INFO neutron.wsgi [None req-d4159d2a-2bd5-4a17-abd0-804836abd795 16f0fa93e40e4411ab2730c3e4538e4c a41ee1dde33a414c9f55ace20d36663e - - default default] 10.0.0.128 "GET /v2.0/agents HTTP/1.1" status: 200 len: 997 time: 0.0113897
2026-04-27 13:25:38.487 9 INFO neutron.db.ovn_revision_numbers_db [req-ba746f32-0018-416e-abee-89dda57f0061 req-65546561-7efd-49f7-bdd4-51c460f03518 8e71ccb0ffd6494fa2be12fc0f94a9c2 7611b0a2215c4a7380cd134f665fe2cf - - default default] Successfully bumped revision number for resource e7b91ab1-bdeb-428d-9a0a-9866fd790a7a (type: ports) to 5
2026-04-27 13:25:38.502 9 INFO neutron.wsgi [req-ba746f32-0018-416e-abee-89dda57f0061 req-65546561-7efd-49f7-bdd4-51c460f03518 8e71ccb0ffd6494fa2be12fc0f94a9c2 7611b0a2215c4a7380cd134f665fe2cf - - default default] 199.19.213.212 "PUT /v2.0/ports/e7b91ab1-bdeb-428d-9a0a-9866fd790a7a HTTP/1.1" status: 200 len: 1353 time: 1.2236845
2026-04-27 13:25:38.537 9 INFO neutron.notifiers.nova [-] Nova event matching ['req-a33c9d38-a69e-4a54-beaf-90e4ea12836a'] response: {'name': 'network-changed', 'server_uuid': '159cf2c6-1e61-4359-877d-33fa4b00e715', 'tag': 'e7b91ab1-bdeb-428d-9a0a-9866fd790a7a', 'status': 'completed', 'code': 200}
2026-04-27 13:25:38.574 9 INFO neutron.wsgi [req-ba746f32-0018-416e-abee-89dda57f0061 req-38e9b11a-eb64-448b-aaba-257adaa5cbaa d11069f16d2e4336a38dd1c1dbd54436 e2c3e7fbca5b40f087985d81bb1e1c00 - - e3c445c6146e435ea7fb2bee9e8816e3 e3c445c6146e435ea7fb2bee9e8816e3] 199.19.213.212 "GET /v2.0/ports?tenant_id=7611b0a2215c4a7380cd134f665fe2cf&device_id=159cf2c6-1e61-4359-877d-33fa4b00e715 HTTP/1.1" status: 200 len: 1594 time: 0.0477784
2026-04-27 13:25:38.643 9 INFO neutron.wsgi [req-ba746f32-0018-416e-abee-89dda57f0061 req-e709f65f-9016-4113-8d6b-4c8cf219b52f d11069f16d2e4336a38dd1c1dbd54436 e2c3e7fbca5b40f087985d81bb1e1c00 - - e3c445c6146e435ea7fb2bee9e8816e3 e3c445c6146e435ea7fb2bee9e8816e3] 199.19.213.212 "GET /v2.0/networks?id=f864909b-009a-469d-9f50-bc9d50ec3dd6 HTTP/1.1" status: 200 len: 982 time: 0.0648665
2026-04-27 13:25:38.687 9 INFO neutron.wsgi [req-ba746f32-0018-416e-abee-89dda57f0061 req-3c0f141f-8edd-4c17-9650-d18d36b5874a d11069f16d2e4336a38dd1c1dbd54436 e2c3e7fbca5b40f087985d81bb1e1c00 - - e3c445c6146e435ea7fb2bee9e8816e3 e3c445c6146e435ea7fb2bee9e8816e3] 199.19.213.212 "GET /v2.0/floatingips?fixed_ip_address=10.100.0.10&port_id=e7b91ab1-bdeb-428d-9a0a-9866fd790a7a HTTP/1.1" status: 200 len: 1060 time: 0.0402539
2026-04-27 13:25:38.717 9 INFO neutron.wsgi [req-ba746f32-0018-416e-abee-89dda57f0061 req-8bf5a0c7-920a-495e-a3ac-1a446c523ad7 d11069f16d2e4336a38dd1c1dbd54436 e2c3e7fbca5b40f087985d81bb1e1c00 - - e3c445c6146e435ea7fb2bee9e8816e3 e3c445c6146e435ea7fb2bee9e8816e3] 199.19.213.212 "GET /v2.0/floatingips?fixed_ip_address=10.100.0.14&port_id=e7b91ab1-bdeb-428d-9a0a-9866fd790a7a HTTP/1.1" status: 200 len: 217 time: 0.0265272
2026-04-27 13:25:38.755 9 INFO neutron.wsgi [req-ba746f32-0018-416e-abee-89dda57f0061 req-19b49cb3-92e5-4974-8414-eb679ecebcd0 d11069f16d2e4336a38dd1c1dbd54436 e2c3e7fbca5b40f087985d81bb1e1c00 - - e3c445c6146e435ea7fb2bee9e8816e3 e3c445c6146e435ea7fb2bee9e8816e3] 199.19.213.212 "GET /v2.0/subnets?id=79ac350c-c87d-4b1d-a766-bcde6fc70bf6 HTTP/1.1" status: 200 len: 877 time: 0.0319014
2026-04-27 13:25:38.784 9 INFO neutron.wsgi [req-ba746f32-0018-416e-abee-89dda57f0061 req-97d20e64-0b63-45a2-a507-6f9f0227f8d9 d11069f16d2e4336a38dd1c1dbd54436 e2c3e7fbca5b40f087985d81bb1e1c00 - - e3c445c6146e435ea7fb2bee9e8816e3 e3c445c6146e435ea7fb2bee9e8816e3] 199.19.213.212 "GET /v2.0/ports?network_id=f864909b-009a-469d-9f50-bc9d50ec3dd6&device_owner=network%3Adhcp HTTP/1.1" status: 200 len: 210 time: 0.0232012
2026-04-27 13:25:38.850 9 INFO neutron.wsgi [req-ba746f32-0018-416e-abee-89dda57f0061 req-973eb23d-a5b4-42e0-abe2-7105759518f3 d11069f16d2e4336a38dd1c1dbd54436 e2c3e7fbca5b40f087985d81bb1e1c00 - - e3c445c6146e435ea7fb2bee9e8816e3 e3c445c6146e435ea7fb2bee9e8816e3] 199.19.213.212 "GET /v2.0/networks/f864909b-009a-469d-9f50-bc9d50ec3dd6?fields=segments HTTP/1.1" status: 200 len: 212 time: 0.0591729
2026-04-27 13:25:38.924 9 INFO neutron.wsgi [req-ba746f32-0018-416e-abee-89dda57f0061 req-7b10fb41-9286-45dd-95dd-ddd2006c927e d11069f16d2e4336a38dd1c1dbd54436 e2c3e7fbca5b40f087985d81bb1e1c00 - - e3c445c6146e435ea7fb2bee9e8816e3 e3c445c6146e435ea7fb2bee9e8816e3] 199.19.213.212 "GET /v2.0/networks/f864909b-009a-469d-9f50-bc9d50ec3dd6?fields=provider%3Aphysical_network&fields=provider%3Anetwork_type HTTP/1.1" status: 200 len: 277 time: 0.0700533
2026-04-27 13:25:39.004 10 INFO neutron.db.ovn_revision_numbers_db [None req-206298f4-6cab-45d7-b323-3c8b0c34d5ad 16f0fa93e40e4411ab2730c3e4538e4c a41ee1dde33a414c9f55ace20d36663e - - default default] Successfully bumped revision number for resource bee77755-092e-4039-98ad-59d8959d6b8e (type: router_ports) to 1
2026-04-27 13:25:39.007 10 INFO neutron.wsgi [None req-206298f4-6cab-45d7-b323-3c8b0c34d5ad 16f0fa93e40e4411ab2730c3e4538e4c a41ee1dde33a414c9f55ace20d36663e - - default default] 10.0.0.37 "PUT /v2.0/routers/f71628ba-deca-44d3-9ccd-c8fe08898180/add_router_interface HTTP/1.1" status: 200 len: 503 time: 2.4733310
2026-04-27 13:25:39.890 9 INFO neutron.wsgi [req-28a59e0a-dd27-4c64-8c05-0b28f390cea4 req-1cfd97c5-24f4-4a21-8daa-871c6def77c7 d11069f16d2e4336a38dd1c1dbd54436 e2c3e7fbca5b40f087985d81bb1e1c00 - - e3c445c6146e435ea7fb2bee9e8816e3 e3c445c6146e435ea7fb2bee9e8816e3] 199.19.213.212 "GET /v2.0/ports?tenant_id=7611b0a2215c4a7380cd134f665fe2cf&device_id=159cf2c6-1e61-4359-877d-33fa4b00e715 HTTP/1.1" status: 200 len: 1594 time: 0.0432169
2026-04-27 13:25:39.951 9 INFO neutron.wsgi [req-28a59e0a-dd27-4c64-8c05-0b28f390cea4 req-fa3c04ca-1b6c-43b6-9527-c941c7274cb9 d11069f16d2e4336a38dd1c1dbd54436 e2c3e7fbca5b40f087985d81bb1e1c00 - - e3c445c6146e435ea7fb2bee9e8816e3 e3c445c6146e435ea7fb2bee9e8816e3] 199.19.213.212 "GET /v2.0/networks?id=f864909b-009a-469d-9f50-bc9d50ec3dd6 HTTP/1.1" status: 200 len: 982 time: 0.0550117
2026-04-27 13:25:40.003 9 INFO neutron.wsgi [req-28a59e0a-dd27-4c64-8c05-0b28f390cea4 req-738c52a1-34ef-4ada-87bd-6088c4fe81c2 d11069f16d2e4336a38dd1c1dbd54436 e2c3e7fbca5b40f087985d81bb1e1c00 - - e3c445c6146e435ea7fb2bee9e8816e3 e3c445c6146e435ea7fb2bee9e8816e3] 199.19.213.212 "GET /v2.0/floatingips?fixed_ip_address=10.100.0.10&port_id=e7b91ab1-bdeb-428d-9a0a-9866fd790a7a HTTP/1.1" status: 200 len: 1060 time: 0.0446727
2026-04-27 13:25:40.031 9 INFO neutron.wsgi [req-28a59e0a-dd27-4c64-8c05-0b28f390cea4 req-57d8c492-0b37-40f9-9e2e-1942eff97b7f d11069f16d2e4336a38dd1c1dbd54436 e2c3e7fbca5b40f087985d81bb1e1c00 - - e3c445c6146e435ea7fb2bee9e8816e3 e3c445c6146e435ea7fb2bee9e8816e3] 199.19.213.212 "GET /v2.0/floatingips?fixed_ip_address=10.100.0.14&port_id=e7b91ab1-bdeb-428d-9a0a-9866fd790a7a HTTP/1.1" status: 200 len: 217 time: 0.0233176
2026-04-27 13:25:40.091 9 INFO neutron.wsgi [req-28a59e0a-dd27-4c64-8c05-0b28f390cea4 req-7067ed13-3c5b-445b-9dde-ef8e3f1b51bb d11069f16d2e4336a38dd1c1dbd54436 e2c3e7fbca5b40f087985d81bb1e1c00 - - e3c445c6146e435ea7fb2bee9e8816e3 e3c445c6146e435ea7fb2bee9e8816e3] 199.19.213.212 "GET /v2.0/subnets?id=79ac350c-c87d-4b1d-a766-bcde6fc70bf6 HTTP/1.1" status: 200 len: 877 time: 0.0559180
2026-04-27 13:25:40.122 9 INFO neutron.wsgi [req-28a59e0a-dd27-4c64-8c05-0b28f390cea4 req-34b25dbb-d31b-4a44-8d36-574360ffdfd1 d11069f16d2e4336a38dd1c1dbd54436 e2c3e7fbca5b40f087985d81bb1e1c00 - - e3c445c6146e435ea7fb2bee9e8816e3 e3c445c6146e435ea7fb2bee9e8816e3] 199.19.213.212 "GET /v2.0/ports?network_id=f864909b-009a-469d-9f50-bc9d50ec3dd6&device_owner=network%3Adhcp HTTP/1.1" status: 200 len: 210 time: 0.0242589
2026-04-27 13:25:40.192 9 INFO neutron.wsgi [req-28a59e0a-dd27-4c64-8c05-0b28f390cea4 req-b5cf10cb-8089-4e03-9d2a-4964d86bdffb d11069f16d2e4336a38dd1c1dbd54436 e2c3e7fbca5b40f087985d81bb1e1c00 - - e3c445c6146e435ea7fb2bee9e8816e3 e3c445c6146e435ea7fb2bee9e8816e3] 199.19.213.212 "GET /v2.0/networks/f864909b-009a-469d-9f50-bc9d50ec3dd6?fields=segments HTTP/1.1" status: 200 len: 212 time: 0.0603361
2026-04-27 13:25:40.275 9 INFO neutron.wsgi [req-28a59e0a-dd27-4c64-8c05-0b28f390cea4 req-7913a2d7-60ed-408c-853a-04be791c7438 d11069f16d2e4336a38dd1c1dbd54436 e2c3e7fbca5b40f087985d81bb1e1c00 - - e3c445c6146e435ea7fb2bee9e8816e3 e3c445c6146e435ea7fb2bee9e8816e3] 199.19.213.212 "GET /v2.0/networks/f864909b-009a-469d-9f50-bc9d50ec3dd6?fields=provider%3Aphysical_network&fields=provider%3Anetwork_type HTTP/1.1" status: 200 len: 277 time: 0.0753317
2026-04-27 13:25:40.354 9 INFO neutron.wsgi [req-d588ef02-e3e2-4965-841f-5040e4cee227 req-5321ae89-e3b4-4723-800e-db792d8bdd0b 8e71ccb0ffd6494fa2be12fc0f94a9c2 7611b0a2215c4a7380cd134f665fe2cf - - default default] 10.0.0.127 "GET /v2.0/ports?device_id=159cf2c6-1e61-4359-877d-33fa4b00e715 HTTP/1.1" status: 200 len: 1356 time: 0.0493073
2026-04-27 13:25:40.400 9 INFO neutron.wsgi [req-d588ef02-e3e2-4965-841f-5040e4cee227 req-42bf7673-782c-4f48-8c42-8637efa138f2 8e71ccb0ffd6494fa2be12fc0f94a9c2 7611b0a2215c4a7380cd134f665fe2cf - - default default] 10.0.0.127 "GET /v2.0/security-groups?id=089ebc97-81a8-452e-af69-afd9ec60b2d8&fields=id&fields=name HTTP/1.1" status: 200 len: 313 time: 0.0390370
2026-04-27 13:25:40.586 9 INFO neutron.wsgi [req-05263066-3b6b-47a4-8cb0-24bc4e021859 req-c24d28bb-f2a2-4858-8773-5c1f3883be6d 8e71ccb0ffd6494fa2be12fc0f94a9c2 7611b0a2215c4a7380cd134f665fe2cf - - default default] 199.19.213.212 "GET /v2.0/ports?device_id=159cf2c6-1e61-4359-877d-33fa4b00e715&device_owner=compute%3Anova&fixed_ips=ip_address%3D10.100.0.14 HTTP/1.1" status: 200 len: 1356 time: 0.0604017
2026-04-27 13:25:40.920 9 INFO neutron.wsgi [req-b4e6d98b-72ab-4e85-b789-09a4f325a98a req-061e7d91-7a27-4758-b8c3-b4aeb884b6bd a66a044f8c084192b8f829f110d690d8 4bd9b262f41c45b289933608d8670c52 - - default default] 10.0.0.127 "GET /v2.0/networks?id=8c13a927-7164-4c2b-a049-5675dc5aced7 HTTP/1.1" status: 200 len: 876 time: 0.0814753
2026-04-27 13:25:40.939 9 INFO neutron.wsgi [req-b4e6d98b-72ab-4e85-b789-09a4f325a98a req-3bb92a78-b4c4-43a3-b273-6fb7ff8b5246 a66a044f8c084192b8f829f110d690d8 4bd9b262f41c45b289933608d8670c52 - - default default] 10.0.0.127 "GET /v2.0/quotas/4bd9b262f41c45b289933608d8670c52 HTTP/1.1" status: 200 len: 386 time: 0.0120797
2026-04-27 13:25:41.065 9 INFO neutron.wsgi [req-b4e6d98b-72ab-4e85-b789-09a4f325a98a req-fd58fc11-383b-4868-b877-cf226534b833 a66a044f8c084192b8f829f110d690d8 4bd9b262f41c45b289933608d8670c52 - - default default] 10.0.0.127 "GET /v2.0/ports?tenant_id=4bd9b262f41c45b289933608d8670c52&fields=id HTTP/1.1" status: 200 len: 302 time: 0.1186211
2026-04-27 13:25:41.211 9 INFO neutron.db.ovn_revision_numbers_db [req-05263066-3b6b-47a4-8cb0-24bc4e021859 req-c6845a25-c46a-4698-953f-8a7986dc75bd 8e71ccb0ffd6494fa2be12fc0f94a9c2 7611b0a2215c4a7380cd134f665fe2cf - - default default] Successfully bumped revision number for resource e7b91ab1-bdeb-428d-9a0a-9866fd790a7a (type: ports) to 6
2026-04-27 13:25:41.224 9 INFO neutron.wsgi [req-05263066-3b6b-47a4-8cb0-24bc4e021859 req-c6845a25-c46a-4698-953f-8a7986dc75bd 8e71ccb0ffd6494fa2be12fc0f94a9c2 7611b0a2215c4a7380cd134f665fe2cf - - default default] 199.19.213.212 "PUT /v2.0/ports/e7b91ab1-bdeb-428d-9a0a-9866fd790a7a HTTP/1.1" status: 200 len: 1171 time: 0.6298475 /var/lib/openstack/lib/python3.10/site-packages/pycadf/identifier.py:71: UserWarning: Invalid uuid: neutron. To ensure interoperability, identifiers should be a valid uuid. warnings.warn(('Invalid uuid: %s. To ensure interoperability, '
2026-04-27 13:25:41.269 9 INFO neutron.notifiers.nova [-] Nova event matching ['req-ea10f55d-7458-4a29-a3c6-9f424b973aeb'] response: {'name': 'network-changed', 'server_uuid': '159cf2c6-1e61-4359-877d-33fa4b00e715', 'tag': 'e7b91ab1-bdeb-428d-9a0a-9866fd790a7a', 'status': 'completed', 'code': 200}
2026-04-27 13:25:41.283 9 INFO neutron.wsgi [req-05263066-3b6b-47a4-8cb0-24bc4e021859 req-0b87af86-3dd5-4a4a-a595-dc719a6edd79 d11069f16d2e4336a38dd1c1dbd54436 e2c3e7fbca5b40f087985d81bb1e1c00 - - e3c445c6146e435ea7fb2bee9e8816e3 e3c445c6146e435ea7fb2bee9e8816e3] 199.19.213.212 "GET /v2.0/ports?tenant_id=7611b0a2215c4a7380cd134f665fe2cf&device_id=159cf2c6-1e61-4359-877d-33fa4b00e715 HTTP/1.1" status: 200 len: 1413 time: 0.0373712
2026-04-27 13:25:41.345 9 INFO neutron.wsgi [req-05263066-3b6b-47a4-8cb0-24bc4e021859 req-608643e2-d33e-4ba3-8941-282319fb6ab7 d11069f16d2e4336a38dd1c1dbd54436 e2c3e7fbca5b40f087985d81bb1e1c00 - - e3c445c6146e435ea7fb2bee9e8816e3 e3c445c6146e435ea7fb2bee9e8816e3] 199.19.213.212 "GET /v2.0/networks?id=f864909b-009a-469d-9f50-bc9d50ec3dd6 HTTP/1.1" status: 200 len: 982 time: 0.0575695
2026-04-27 13:25:41.401 9 INFO neutron.wsgi [req-05263066-3b6b-47a4-8cb0-24bc4e021859 req-2b432bee-d9ff-477c-ad35-b3fe7ca3652a d11069f16d2e4336a38dd1c1dbd54436 e2c3e7fbca5b40f087985d81bb1e1c00 - - e3c445c6146e435ea7fb2bee9e8816e3 e3c445c6146e435ea7fb2bee9e8816e3] 199.19.213.212 "GET /v2.0/floatingips?fixed_ip_address=10.100.0.10&port_id=e7b91ab1-bdeb-428d-9a0a-9866fd790a7a HTTP/1.1" status: 200 len: 1060 time: 0.0515196
2026-04-27 13:25:41.446 9 INFO neutron.wsgi [req-05263066-3b6b-47a4-8cb0-24bc4e021859 req-eeb08b68-f971-4429-ae10-07e6859f59a2 d11069f16d2e4336a38dd1c1dbd54436 e2c3e7fbca5b40f087985d81bb1e1c00 - - e3c445c6146e435ea7fb2bee9e8816e3 e3c445c6146e435ea7fb2bee9e8816e3] 199.19.213.212 "GET /v2.0/subnets?id=79ac350c-c87d-4b1d-a766-bcde6fc70bf6 HTTP/1.1" status: 200 len: 877 time: 0.0397031
2026-04-27 13:25:41.483 9 INFO neutron.wsgi [req-05263066-3b6b-47a4-8cb0-24bc4e021859 req-34eea770-eb97-4b19-b704-251e7b0116b4 d11069f16d2e4336a38dd1c1dbd54436 e2c3e7fbca5b40f087985d81bb1e1c00 - - e3c445c6146e435ea7fb2bee9e8816e3 e3c445c6146e435ea7fb2bee9e8816e3] 199.19.213.212 "GET /v2.0/ports?network_id=f864909b-009a-469d-9f50-bc9d50ec3dd6&device_owner=network%3Adhcp HTTP/1.1" status: 200 len: 210 time: 0.0210164
2026-04-27 13:25:41.512 9 INFO neutron.wsgi [req-b4e6d98b-72ab-4e85-b789-09a4f325a98a req-43f1bf3c-42d1-418d-871f-03b9f0de406d d11069f16d2e4336a38dd1c1dbd54436 e2c3e7fbca5b40f087985d81bb1e1c00 - - e3c445c6146e435ea7fb2bee9e8816e3 e3c445c6146e435ea7fb2bee9e8816e3] 10.0.0.127 "GET /v2.0/extensions HTTP/1.1" status: 200 len: 16980 time: 0.0750272
2026-04-27 13:25:41.548 10 WARNING neutron.plugins.ml2.drivers.ovn.mech_driver.ovsdb.ovn_client [None req-4f637257-9aab-472a-9b1e-ad903caf13b0 - - - - - -] No hosting information found for port ab060f27-342e-4c3d-ac60-47382044e328: RuntimeError: No hosting information found for port ab060f27-342e-4c3d-ac60-47382044e328
2026-04-27 13:25:41.549 10 INFO neutron.plugins.ml2.drivers.ovn.mech_driver.mech_driver [None req-4f637257-9aab-472a-9b1e-ad903caf13b0 - - - - - -] OVN reports status up for port: bee77755-092e-4039-98ad-59d8959d6b8e
2026-04-27 13:25:41.565 10 INFO neutron.plugins.ml2.plugin [None req-4f637257-9aab-472a-9b1e-ad903caf13b0 - - - - - -] Attempt 1 to provision port bee77755-092e-4039-98ad-59d8959d6b8e
2026-04-27 13:25:41.611 9 INFO neutron.wsgi [req-05263066-3b6b-47a4-8cb0-24bc4e021859 req-b950e1d1-2057-4642-bd33-3b05e4047ac4 d11069f16d2e4336a38dd1c1dbd54436 e2c3e7fbca5b40f087985d81bb1e1c00 - - e3c445c6146e435ea7fb2bee9e8816e3 e3c445c6146e435ea7fb2bee9e8816e3] 199.19.213.212 "GET /v2.0/networks/f864909b-009a-469d-9f50-bc9d50ec3dd6?fields=segments HTTP/1.1" status: 200 len: 212 time: 0.1221166
2026-04-27 13:25:41.618 9 INFO neutron.wsgi [req-b4e6d98b-72ab-4e85-b789-09a4f325a98a req-797f6607-2528-4dd3-ba93-d957bc47c0e1 d11069f16d2e4336a38dd1c1dbd54436 e2c3e7fbca5b40f087985d81bb1e1c00 - - e3c445c6146e435ea7fb2bee9e8816e3 e3c445c6146e435ea7fb2bee9e8816e3] 10.0.0.127 "GET /v2.0/networks/8c13a927-7164-4c2b-a049-5675dc5aced7?fields=segments HTTP/1.1" status: 200 len: 212 time: 0.0974324
2026-04-27 13:25:41.724 9 INFO neutron.wsgi [req-05263066-3b6b-47a4-8cb0-24bc4e021859 req-88620b36-f3f2-4f7a-aab6-e1d64513b28f d11069f16d2e4336a38dd1c1dbd54436 e2c3e7fbca5b40f087985d81bb1e1c00 - - e3c445c6146e435ea7fb2bee9e8816e3 e3c445c6146e435ea7fb2bee9e8816e3] 199.19.213.212 "GET /v2.0/networks/f864909b-009a-469d-9f50-bc9d50ec3dd6?fields=provider%3Aphysical_network&fields=provider%3Anetwork_type HTTP/1.1" status: 200 len: 277 time: 0.1044943
2026-04-27 13:25:41.727 9 INFO neutron.wsgi [req-b4e6d98b-72ab-4e85-b789-09a4f325a98a req-95cc4a74-1314-4ee8-9331-5597ebd8ad16 d11069f16d2e4336a38dd1c1dbd54436 e2c3e7fbca5b40f087985d81bb1e1c00 - - e3c445c6146e435ea7fb2bee9e8816e3 e3c445c6146e435ea7fb2bee9e8816e3] 10.0.0.127 "GET /v2.0/networks/8c13a927-7164-4c2b-a049-5675dc5aced7?fields=provider%3Aphysical_network&fields=provider%3Anetwork_type HTTP/1.1" status: 200 len: 277 time: 0.0985694
2026-04-27 13:25:41.760 9 INFO neutron.db.ovn_revision_numbers_db [None req-2e7649e1-7f76-4a93-aeec-753281ee7b9c 16f0fa93e40e4411ab2730c3e4538e4c a41ee1dde33a414c9f55ace20d36663e - - default default] Successfully bumped revision number for resource ba5a0e82-c97f-4a16-833b-ee4a101eef38 (type: security_groups) to 1
2026-04-27 13:25:41.776 9 INFO neutron.db.ovn_revision_numbers_db [None req-2e7649e1-7f76-4a93-aeec-753281ee7b9c 16f0fa93e40e4411ab2730c3e4538e4c a41ee1dde33a414c9f55ace20d36663e - - default default] Successfully bumped revision number for resource 1356ab90-15b0-4014-ba5f-3aaee200b484 (type: security_group_rules) to 0
2026-04-27 13:25:41.806 9 INFO neutron.db.ovn_revision_numbers_db [None req-2e7649e1-7f76-4a93-aeec-753281ee7b9c 16f0fa93e40e4411ab2730c3e4538e4c a41ee1dde33a414c9f55ace20d36663e - - default default] Successfully bumped revision number for resource 5c1cdd9d-d536-4a03-adf7-0d57936a0640 (type: security_group_rules) to 0
2026-04-27 13:25:41.823 9 INFO neutron.wsgi [req-2c1c22e3-8947-4406-a8fb-7ac14a456ace req-0d2e83e6-e372-4551-aa80-7b28d9dd3fec d11069f16d2e4336a38dd1c1dbd54436 e2c3e7fbca5b40f087985d81bb1e1c00 - - e3c445c6146e435ea7fb2bee9e8816e3 e3c445c6146e435ea7fb2bee9e8816e3] 199.19.213.212 "GET /v2.0/ports?tenant_id=7611b0a2215c4a7380cd134f665fe2cf&device_id=159cf2c6-1e61-4359-877d-33fa4b00e715 HTTP/1.1" status: 200 len: 1413 time: 0.0399318
2026-04-27 13:25:41.863 9 INFO neutron.db.ovn_revision_numbers_db [None req-2e7649e1-7f76-4a93-aeec-753281ee7b9c 16f0fa93e40e4411ab2730c3e4538e4c a41ee1dde33a414c9f55ace20d36663e - - default default] Successfully bumped revision number for resource 6881dd71-4a8c-4840-a5e1-98ace3173858 (type: security_group_rules) to 0
2026-04-27 13:25:41.919 9 INFO neutron.wsgi [req-2c1c22e3-8947-4406-a8fb-7ac14a456ace req-6bf02717-4b4c-4c76-80a2-0815251d5d97 d11069f16d2e4336a38dd1c1dbd54436 e2c3e7fbca5b40f087985d81bb1e1c00 - - e3c445c6146e435ea7fb2bee9e8816e3 e3c445c6146e435ea7fb2bee9e8816e3] 199.19.213.212 "GET /v2.0/networks?id=f864909b-009a-469d-9f50-bc9d50ec3dd6 HTTP/1.1" status: 200 len: 982 time: 0.0907526
2026-04-27 13:25:41.954 9 INFO neutron.db.ovn_revision_numbers_db [None req-2e7649e1-7f76-4a93-aeec-753281ee7b9c 16f0fa93e40e4411ab2730c3e4538e4c a41ee1dde33a414c9f55ace20d36663e - - default default] Successfully bumped revision number for resource d431ae24-8075-472b-95cf-2dd43cf9e760 (type: security_group_rules) to 0
2026-04-27 13:25:41.954 10 INFO neutron.db.ovn_revision_numbers_db [None req-4f637257-9aab-472a-9b1e-ad903caf13b0 - - - - - -] Successfully bumped revision number for resource bee77755-092e-4039-98ad-59d8959d6b8e (type: ports) to 2
2026-04-27 13:25:41.985 9 INFO neutron.wsgi [None req-2e7649e1-7f76-4a93-aeec-753281ee7b9c 16f0fa93e40e4411ab2730c3e4538e4c a41ee1dde33a414c9f55ace20d36663e - - default default] 10.0.0.37 "GET /v2.0/security-groups?tenant_id=bdfc871fa3ae4b7f8c62bdecdbef90e4&name=default HTTP/1.1" status: 200 len: 2996 time: 0.5263088
2026-04-27 13:25:41.989 9 INFO neutron.wsgi [req-2c1c22e3-8947-4406-a8fb-7ac14a456ace req-5ecb3b27-344f-4cfd-a920-d4936c6a5f6e d11069f16d2e4336a38dd1c1dbd54436 e2c3e7fbca5b40f087985d81bb1e1c00 - - e3c445c6146e435ea7fb2bee9e8816e3 e3c445c6146e435ea7fb2bee9e8816e3] 199.19.213.212 "GET /v2.0/floatingips?fixed_ip_address=10.100.0.10&port_id=e7b91ab1-bdeb-428d-9a0a-9866fd790a7a HTTP/1.1" status: 200 len: 1060 time: 0.0619314
2026-04-27 13:25:42.049 9 INFO neutron.wsgi [req-2c1c22e3-8947-4406-a8fb-7ac14a456ace req-a7e00b75-a144-438e-9054-9b4beff24bbf d11069f16d2e4336a38dd1c1dbd54436 e2c3e7fbca5b40f087985d81bb1e1c00 - - e3c445c6146e435ea7fb2bee9e8816e3 e3c445c6146e435ea7fb2bee9e8816e3] 199.19.213.212 "GET /v2.0/subnets?id=79ac350c-c87d-4b1d-a766-bcde6fc70bf6 HTTP/1.1" status: 200 len: 877 time: 0.0523589
2026-04-27 13:25:42.063 10 INFO neutron.wsgi [req-aced7533-10f6-4bde-a443-4c746f29bf9d req-3615f6bb-ffeb-4c82-848b-a6f7ce1ea051 a66a044f8c084192b8f829f110d690d8 4bd9b262f41c45b289933608d8670c52 - - default default] 10.0.0.127 "GET /v2.0/ports?device_id=f1a79681-42ed-4f87-b4b9-5175cbc78b3b HTTP/1.1" status: 200 len: 210 time: 0.0495644
2026-04-27 13:25:42.081 9 INFO neutron.wsgi [req-2c1c22e3-8947-4406-a8fb-7ac14a456ace req-826732b3-ec23-4572-bc85-903c49aaece2 d11069f16d2e4336a38dd1c1dbd54436 e2c3e7fbca5b40f087985d81bb1e1c00 - - e3c445c6146e435ea7fb2bee9e8816e3 e3c445c6146e435ea7fb2bee9e8816e3] 199.19.213.212 "GET /v2.0/ports?network_id=f864909b-009a-469d-9f50-bc9d50ec3dd6&device_owner=network%3Adhcp HTTP/1.1" status: 200 len: 210 time: 0.0265057
2026-04-27 13:25:42.118 10 INFO neutron.db.ovn_revision_numbers_db [None req-4f637257-9aab-472a-9b1e-ad903caf13b0 - - - - - -] Successfully bumped revision number for resource bee77755-092e-4039-98ad-59d8959d6b8e (type: router_ports) to 2
2026-04-27 13:25:42.182 9 INFO neutron.wsgi [req-2c1c22e3-8947-4406-a8fb-7ac14a456ace req-01283122-233a-4dbd-80a4-b83380e1e894 d11069f16d2e4336a38dd1c1dbd54436 e2c3e7fbca5b40f087985d81bb1e1c00 - - e3c445c6146e435ea7fb2bee9e8816e3 e3c445c6146e435ea7fb2bee9e8816e3] 199.19.213.212 "GET /v2.0/networks/f864909b-009a-469d-9f50-bc9d50ec3dd6?fields=segments HTTP/1.1" status: 200 len: 212 time: 0.0849154
2026-04-27 13:25:42.256 9 INFO neutron.wsgi [req-2c1c22e3-8947-4406-a8fb-7ac14a456ace req-473216f8-e741-484d-b032-efd5eb5c64d3 d11069f16d2e4336a38dd1c1dbd54436 e2c3e7fbca5b40f087985d81bb1e1c00 - - e3c445c6146e435ea7fb2bee9e8816e3 e3c445c6146e435ea7fb2bee9e8816e3] 199.19.213.212 "GET /v2.0/networks/f864909b-009a-469d-9f50-bc9d50ec3dd6?fields=provider%3Aphysical_network&fields=provider%3Anetwork_type HTTP/1.1" status: 200 len: 277 time: 0.0688968
2026-04-27 13:25:42.324 9 INFO neutron.wsgi [None req-644b3ad9-8d89-4b20-8607-085d22e25b78 16f0fa93e40e4411ab2730c3e4538e4c a41ee1dde33a414c9f55ace20d36663e - - default default] 10.0.0.37 "DELETE /v2.0/security-groups/ba5a0e82-c97f-4a16-833b-ee4a101eef38 HTTP/1.1" status: 204 len: 168 time: 0.3343005
2026-04-27 13:25:42.892 9 INFO neutron.wsgi [req-b4e6d98b-72ab-4e85-b789-09a4f325a98a req-eace63e0-82e6-4fd2-9662-63f3279b2ed8 a66a044f8c084192b8f829f110d690d8 4bd9b262f41c45b289933608d8670c52 - - default default] 199.19.213.212 "GET /v2.0/networks?id=8c13a927-7164-4c2b-a049-5675dc5aced7 HTTP/1.1" status: 200 len: 876 time: 0.1019909
2026-04-27 13:25:42.905 9 WARNING neutron_lib.context [req-b4e6d98b-72ab-4e85-b789-09a4f325a98a req-579ba143-1135-4399-b77a-ecc507365b93 a66a044f8c084192b8f829f110d690d8 4bd9b262f41c45b289933608d8670c52 - - default default] Method 'is_advsvc' is deprecated since 2023.2 release (neutron-lib 3.8.0) and will be removed once support for the old RBAC API policies will be removed from Neutron. Please use method 'is_service_role' instead.
2026-04-27 13:25:42.933 9 INFO neutron.wsgi [req-28c44769-136f-4309-b720-04fd2faea81f req-67793172-7ad4-4dba-b74f-41593f6bef76 8e71ccb0ffd6494fa2be12fc0f94a9c2 7611b0a2215c4a7380cd134f665fe2cf - - default default] 10.0.0.127 "GET /v2.0/ports?device_id=159cf2c6-1e61-4359-877d-33fa4b00e715 HTTP/1.1" status: 200 len: 1174 time: 0.1315179
2026-04-27 13:25:43.010 9 INFO neutron.wsgi [req-28c44769-136f-4309-b720-04fd2faea81f req-08111abc-cb08-4f95-94b7-206e7c07d2d0 8e71ccb0ffd6494fa2be12fc0f94a9c2 7611b0a2215c4a7380cd134f665fe2cf - - default default] 10.0.0.127 "GET /v2.0/security-groups?id=089ebc97-81a8-452e-af69-afd9ec60b2d8&fields=id&fields=name HTTP/1.1" status: 200 len: 313 time: 0.0625148
2026-04-27 13:25:43.170 10 INFO neutron.wsgi [req-fc598c66-9150-4408-8ef8-8585f9a9f182 req-b6311281-c0c7-4279-9238-4ee343ead82f a66a044f8c084192b8f829f110d690d8 4bd9b262f41c45b289933608d8670c52 - - default default] 10.0.0.127 "GET /v2.0/ports?device_id=f1a79681-42ed-4f87-b4b9-5175cbc78b3b HTTP/1.1" status: 200 len: 210 time: 0.0217268
2026-04-27 13:25:43.243 9 INFO neutron.wsgi [req-ab9a6da7-eedc-4e5e-ab7d-1359d895298a req-90668edc-1c57-405b-9b16-f6f2224e1b90 8e71ccb0ffd6494fa2be12fc0f94a9c2 7611b0a2215c4a7380cd134f665fe2cf - - default default] 199.19.213.212 "GET /v2.0/ports?device_id=159cf2c6-1e61-4359-877d-33fa4b00e715 HTTP/1.1" status: 200 len: 1174 time: 0.0582631
2026-04-27 13:25:43.366 9 WARNING neutron.scheduler.dhcp_agent_scheduler [req-b4e6d98b-72ab-4e85-b789-09a4f325a98a req-579ba143-1135-4399-b77a-ecc507365b93 a66a044f8c084192b8f829f110d690d8 4bd9b262f41c45b289933608d8670c52 - - default default] No more DHCP agents
2026-04-27 13:25:43.370 9 WARNING neutron.api.rpc.agentnotifiers.dhcp_rpc_agent_api [req-b4e6d98b-72ab-4e85-b789-09a4f325a98a req-579ba143-1135-4399-b77a-ecc507365b93 a66a044f8c084192b8f829f110d690d8 4bd9b262f41c45b289933608d8670c52 - - default default] Unable to schedule network 8c13a927-7164-4c2b-a049-5675dc5aced7: no agents available; will retry on subsequent port and subnet creation events.
2026-04-27 13:25:43.701 9 INFO neutron.db.ovn_revision_numbers_db [req-b4e6d98b-72ab-4e85-b789-09a4f325a98a req-579ba143-1135-4399-b77a-ecc507365b93 a66a044f8c084192b8f829f110d690d8 4bd9b262f41c45b289933608d8670c52 - - default default] Successfully bumped revision number for resource fefdffe5-5262-48c6-bf92-7a12f4f1cd8f (type: ports) to 1
2026-04-27 13:25:43.708 9 INFO neutron.db.l3_db [req-ab9a6da7-eedc-4e5e-ab7d-1359d895298a req-cd769dbf-e043-4b9a-af46-a3738383e89a 8e71ccb0ffd6494fa2be12fc0f94a9c2 7611b0a2215c4a7380cd134f665fe2cf - - default default] Floating IP a5803b68-3374-4b52-ab59-0f0c01eb0b27 disassociated. External IP: 10.96.250.218, port: e7b91ab1-bdeb-428d-9a0a-9866fd790a7a.
2026-04-27 13:25:43.789 9 INFO neutron.wsgi [req-b4e6d98b-72ab-4e85-b789-09a4f325a98a req-579ba143-1135-4399-b77a-ecc507365b93 a66a044f8c084192b8f829f110d690d8 4bd9b262f41c45b289933608d8670c52 - - default default] 199.19.213.212 "POST /v2.0/ports HTTP/1.1" status: 201 len: 1158 time: 0.8912990 /var/lib/openstack/lib/python3.10/site-packages/pycadf/identifier.py:71: UserWarning: Invalid uuid: neutron. To ensure interoperability, identifiers should be a valid uuid. warnings.warn(('Invalid uuid: %s. To ensure interoperability, '
2026-04-27 13:25:43.959 9 INFO neutron.wsgi [req-ab9a6da7-eedc-4e5e-ab7d-1359d895298a req-cd769dbf-e043-4b9a-af46-a3738383e89a 8e71ccb0ffd6494fa2be12fc0f94a9c2 7611b0a2215c4a7380cd134f665fe2cf - - default default] 199.19.213.212 "DELETE /v2.0/ports/e7b91ab1-bdeb-428d-9a0a-9866fd790a7a HTTP/1.1" status: 204 len: 173 time: 0.7079978
2026-04-27 13:25:43.997 9 INFO neutron.notifiers.nova [-] Nova event matching ['req-b970a644-0b00-4227-8aca-15397cf1b5a8'] response: {'server_uuid': '159cf2c6-1e61-4359-877d-33fa4b00e715', 'name': 'network-vif-deleted', 'tag': 'e7b91ab1-bdeb-428d-9a0a-9866fd790a7a', 'status': 'completed', 'code': 200}
2026-04-27 13:25:44.121 10 INFO neutron.wsgi [req-c08bef77-09ae-4c37-9b84-96079bb61bd2 req-3e327350-7db3-4bdb-bf1d-a93464556583 8e71ccb0ffd6494fa2be12fc0f94a9c2 7611b0a2215c4a7380cd134f665fe2cf - - default default] 10.0.0.127 "GET /v2.0/ports?device_id=159cf2c6-1e61-4359-877d-33fa4b00e715 HTTP/1.1" status: 200 len: 210 time: 0.0294318 /var/lib/openstack/lib/python3.10/site-packages/pycadf/identifier.py:71: UserWarning: Invalid uuid: neutron. To ensure interoperability, identifiers should be a valid uuid. warnings.warn(('Invalid uuid: %s. To ensure interoperability, '
2026-04-27 13:25:44.413 9 INFO neutron.wsgi [req-7d98e97c-64ef-4f63-8274-3d58167ef4fd req-aadc8545-e153-499d-a22b-8d7566d49b89 a66a044f8c084192b8f829f110d690d8 4bd9b262f41c45b289933608d8670c52 - - default default] 10.0.0.127 "GET /v2.0/ports?device_id=f1a79681-42ed-4f87-b4b9-5175cbc78b3b HTTP/1.1" status: 200 len: 1168 time: 0.0386763
2026-04-27 13:25:44.462 9 INFO neutron.wsgi [req-7d98e97c-64ef-4f63-8274-3d58167ef4fd req-32771b65-6162-48ad-91dc-fd64b7f51ad5 a66a044f8c084192b8f829f110d690d8 4bd9b262f41c45b289933608d8670c52 - - default default] 10.0.0.127 "GET /v2.0/security-groups?id=bb56e082-8144-4569-921e-756d47fe0622&fields=id&fields=name HTTP/1.1" status: 200 len: 286 time: 0.0407152
2026-04-27 13:25:44.462 9 INFO neutron.db.ovn_revision_numbers_db [req-b4e6d98b-72ab-4e85-b789-09a4f325a98a req-d6d14862-a93d-4f6f-8757-318787dcfaae d11069f16d2e4336a38dd1c1dbd54436 e2c3e7fbca5b40f087985d81bb1e1c00 - - e3c445c6146e435ea7fb2bee9e8816e3 e3c445c6146e435ea7fb2bee9e8816e3] Successfully bumped revision number for resource fefdffe5-5262-48c6-bf92-7a12f4f1cd8f (type: ports) to 2
2026-04-27 13:25:44.684 9 INFO neutron.db.ovn_revision_numbers_db [req-b4e6d98b-72ab-4e85-b789-09a4f325a98a req-d6d14862-a93d-4f6f-8757-318787dcfaae d11069f16d2e4336a38dd1c1dbd54436 e2c3e7fbca5b40f087985d81bb1e1c00 - - e3c445c6146e435ea7fb2bee9e8816e3 e3c445c6146e435ea7fb2bee9e8816e3] Successfully bumped revision number for resource fefdffe5-5262-48c6-bf92-7a12f4f1cd8f (type: ports) to 2
2026-04-27 13:25:44.700 9 INFO neutron.wsgi [req-b4e6d98b-72ab-4e85-b789-09a4f325a98a req-d6d14862-a93d-4f6f-8757-318787dcfaae d11069f16d2e4336a38dd1c1dbd54436 e2c3e7fbca5b40f087985d81bb1e1c00 - - e3c445c6146e435ea7fb2bee9e8816e3 e3c445c6146e435ea7fb2bee9e8816e3] 199.19.213.212 "PUT /v2.0/ports/fefdffe5-5262-48c6-bf92-7a12f4f1cd8f HTTP/1.1" status: 200 len: 1376 time: 0.9039383 /var/lib/openstack/lib/python3.10/site-packages/pycadf/identifier.py:71: UserWarning: Invalid uuid: neutron. To ensure interoperability, identifiers should be a valid uuid. warnings.warn(('Invalid uuid: %s. To ensure interoperability, '
2026-04-27 13:25:44.773 9 INFO neutron.wsgi [req-b4e6d98b-72ab-4e85-b789-09a4f325a98a req-a8593d51-dd2c-45f8-b33c-981710bea4f5 d11069f16d2e4336a38dd1c1dbd54436 e2c3e7fbca5b40f087985d81bb1e1c00 - - e3c445c6146e435ea7fb2bee9e8816e3 e3c445c6146e435ea7fb2bee9e8816e3] 199.19.213.212 "GET /v2.0/ports?tenant_id=4bd9b262f41c45b289933608d8670c52&device_id=f1a79681-42ed-4f87-b4b9-5175cbc78b3b HTTP/1.1" status: 200 len: 1407 time: 0.0389915
2026-04-27 13:25:44.800 9 INFO neutron.wsgi [req-b4e6d98b-72ab-4e85-b789-09a4f325a98a req-5def8482-74ef-4003-b034-dcd3bd888004 d11069f16d2e4336a38dd1c1dbd54436 e2c3e7fbca5b40f087985d81bb1e1c00 - - e3c445c6146e435ea7fb2bee9e8816e3 e3c445c6146e435ea7fb2bee9e8816e3] 199.19.213.212 "GET /v2.0/floatingips?fixed_ip_address=10.100.0.8&port_id=fefdffe5-5262-48c6-bf92-7a12f4f1cd8f HTTP/1.1" status: 200 len: 217 time: 0.0209932
2026-04-27 13:25:44.840 9 INFO neutron.wsgi [req-b4e6d98b-72ab-4e85-b789-09a4f325a98a req-5b64a05e-684f-4842-baa8-cf80a3211083 d11069f16d2e4336a38dd1c1dbd54436 e2c3e7fbca5b40f087985d81bb1e1c00 - - e3c445c6146e435ea7fb2bee9e8816e3 e3c445c6146e435ea7fb2bee9e8816e3] 199.19.213.212 "GET /v2.0/subnets?id=33503e1e-d910-482a-802d-40e9dcec049d HTTP/1.1" status: 200 len: 870 time: 0.0331740
2026-04-27 13:25:44.868 9 INFO neutron.wsgi [req-b4e6d98b-72ab-4e85-b789-09a4f325a98a req-84980724-9400-4100-874d-28719b4da66d d11069f16d2e4336a38dd1c1dbd54436 e2c3e7fbca5b40f087985d81bb1e1c00 - - e3c445c6146e435ea7fb2bee9e8816e3 e3c445c6146e435ea7fb2bee9e8816e3] 199.19.213.212 "GET /v2.0/ports?network_id=8c13a927-7164-4c2b-a049-5675dc5aced7&device_owner=network%3Adhcp HTTP/1.1" status: 200 len: 210 time: 0.0202909
