2026-08-10 23:41:45.768 7 INFO placement.requestlog [req-88511558-e24d-4cef-a45d-331910af31d1 req-8a3fe6d4-b101-426d-9d1c-6c215e1f7e5c 69a6e40448074b5ab44bc6ab14e0a21a 2d04b7b3c00d4de79dffaa3259138925 - - 22d39aef87aa407091bcadb4d635d80f 22d39aef87aa407091bcadb4d635d80f] 199.204.45.177 "GET /resource_providers/afe9b85b-a195-4815-8d45-07b4c56f85ab/allocations" status: 200 len: 54 microversion: 1.0 [pid: 7|app: 0|req: 287/573] 199.204.45.177 () {32 vars in 857 bytes} [Mon Aug 10 23:41:45 2026] GET /resource_providers/afe9b85b-a195-4815-8d45-07b4c56f85ab/allocations => generated 54 bytes in 14 msecs (HTTP/1.1 200) 6 headers in 223 bytes (1 switches on core 0)
2026-08-10 23:41:48.956 7 INFO placement.requestlog [None req-2cfc89ee-a7ec-4ff2-b44a-d4d3b99fa88f - - - - - -] 10.0.0.143 "GET /" status: 200 len: 136 microversion: 1.0
2026-08-10 23:41:48.956 8 INFO placement.requestlog [None req-bc402f9d-3716-4b37-9341-cb38e7eff190 - - - - - -] 10.0.0.143 "GET /" status: 200 len: 136 microversion: 1.0
2026-08-10 23:41:58.956 7 INFO placement.requestlog [None req-478d573d-d8dd-46dd-afba-78172798f41e - - - - - -] 10.0.0.143 "GET /" status: 200 len: 136 microversion: 1.0
2026-08-10 23:41:58.956 8 INFO placement.requestlog [None req-933a48f9-9b76-49b6-bedf-16c624d3ccc6 - - - - - -] 10.0.0.143 "GET /" status: 200 len: 136 microversion: 1.0
2026-08-10 23:42:08.955 7 INFO placement.requestlog [None req-b6281355-be2c-40c9-93ef-36e608d2bf33 - - - - - -] 10.0.0.143 "GET /" status: 200 len: 136 microversion: 1.0
2026-08-10 23:42:08.956 8 INFO placement.requestlog [None req-53d9d83b-99fe-44cc-b96d-e9f85ec2486e - - - - - -] 10.0.0.143 "GET /" status: 200 len: 136 microversion: 1.0
2026-08-10 23:42:18.956 8 INFO placement.requestlog [None req-2948a815-8f3e-441a-a9c3-0ed90f14a9ae - - - - - -] 10.0.0.143 "GET /" status: 200 len: 136 microversion: 1.0
2026-08-10 23:42:18.956 7 INFO placement.requestlog [None req-b745c3fe-38c0-4a83-9852-bed25a4e3f30 - - - - - -] 10.0.0.143 "GET /" status: 200 len: 136 microversion: 1.0
2026-08-10 23:42:28.957 8 INFO placement.requestlog [None req-f468cd69-5932-4d73-8190-0303ed7d3924 - - - - - -] 10.0.0.143 "GET /" status: 200 len: 136 microversion: 1.0
2026-08-10 23:42:28.957 7 INFO placement.requestlog [None req-ec21c427-95b9-45eb-97c2-6779b0bb9d4e - - - - - -] 10.0.0.143 "GET /" status: 200 len: 136 microversion: 1.0
2026-08-10 23:42:38.956 8 INFO placement.requestlog [None req-9993a999-f2ab-4fdf-b54d-1617cbd1a1de - - - - - -] 10.0.0.143 "GET /" status: 200 len: 136 microversion: 1.0
2026-08-10 23:42:38.956 7 INFO placement.requestlog [None req-21b51aae-83c1-41e3-b2e5-11f22f56f36a - - - - - -] 10.0.0.143 "GET /" status: 200 len: 136 microversion: 1.0
2026-08-10 23:42:46.521 8 INFO placement.requestlog [req-01350498-e39e-4a76-bee8-449c2d8839c9 req-86ca140d-dc26-4267-b4d3-c190443e5c8a 69a6e40448074b5ab44bc6ab14e0a21a 2d04b7b3c00d4de79dffaa3259138925 - - 22d39aef87aa407091bcadb4d635d80f 22d39aef87aa407091bcadb4d635d80f] 199.204.45.177 "GET /resource_providers/afe9b85b-a195-4815-8d45-07b4c56f85ab/allocations" status: 200 len: 54 microversion: 1.0 [pid: 8|app: 0|req: 293/586] 199.204.45.177 () {32 vars in 857 bytes} [Mon Aug 10 23:42:46 2026] GET /resource_providers/afe9b85b-a195-4815-8d45-07b4c56f85ab/allocations => generated 54 bytes in 18 msecs (HTTP/1.1 200) 6 headers in 223 bytes (1 switches on core 0)
2026-08-10 23:42:46.556 7 INFO placement.requestlog [req-01350498-e39e-4a76-bee8-449c2d8839c9 req-7e4e5709-905e-40d2-ba21-c1b26b1f215a 69a6e40448074b5ab44bc6ab14e0a21a 2d04b7b3c00d4de79dffaa3259138925 - - 22d39aef87aa407091bcadb4d635d80f 22d39aef87aa407091bcadb4d635d80f] 199.204.45.177 "GET /resource_providers/afe9b85b-a195-4815-8d45-07b4c56f85ab/allocations" status: 200 len: 54 microversion: 1.0 [pid: 7|app: 0|req: 294/587] 199.204.45.177 () {32 vars in 857 bytes} [Mon Aug 10 23:42:46 2026] GET /resource_providers/afe9b85b-a195-4815-8d45-07b4c56f85ab/allocations => generated 54 bytes in 19 msecs (HTTP/1.1 200) 6 headers in 223 bytes (1 switches on core 0)
2026-08-10 23:42:48.957 8 INFO placement.requestlog [None req-b21dd42e-9480-4af0-bd8b-a4fec9216eff - - - - - -] 10.0.0.143 "GET /" status: 200 len: 136 microversion: 1.0
2026-08-10 23:42:48.958 7 INFO placement.requestlog [None req-ec36e6f4-024d-42e5-a058-80dd223ce6d7 - - - - - -] 10.0.0.143 "GET /" status: 200 len: 136 microversion: 1.0
2026-08-10 23:42:58.956 8 INFO placement.requestlog [None req-0164cda5-369a-4325-8b1d-17c9b7c66753 - - - - - -] 10.0.0.143 "GET /" status: 200 len: 136 microversion: 1.0
2026-08-10 23:42:58.956 7 INFO placement.requestlog [None req-cf97b12f-c5b8-40df-8685-87a38c2d9da3 - - - - - -] 10.0.0.143 "GET /" status: 200 len: 136 microversion: 1.0
2026-08-10 23:43:08.956 7 INFO placement.requestlog [None req-fa56ee48-ac4b-4d87-bd75-5d20b5acfe99 - - - - - -] 10.0.0.143 "GET /" status: 200 len: 136 microversion: 1.0
2026-08-10 23:43:08.956 8 INFO placement.requestlog [None req-13dd6cd0-c477-479d-8a46-dd43bddcd591 - - - - - -] 10.0.0.143 "GET /" status: 200 len: 136 microversion: 1.0
2026-08-10 23:43:18.956 7 INFO placement.requestlog [None req-29eee8b6-03eb-4663-a075-d3bc7d029375 - - - - - -] 10.0.0.143 "GET /" status: 200 len: 136 microversion: 1.0
2026-08-10 23:43:18.956 8 INFO placement.requestlog [None req-5b3d3626-6e0f-42cc-b219-311cf5b241b7 - - - - - -] 10.0.0.143 "GET /" status: 200 len: 136 microversion: 1.0
2026-08-10 23:43:28.956 7 INFO placement.requestlog [None req-3b44c4da-5303-40f7-8402-8290a6f4babb - - - - - -] 10.0.0.143 "GET /" status: 200 len: 136 microversion: 1.0
2026-08-10 23:43:28.956 8 INFO placement.requestlog [None req-ac801f6e-92bb-4e9c-a9fb-cb7590988714 - - - - - -] 10.0.0.143 "GET /" status: 200 len: 136 microversion: 1.0
2026-08-10 23:43:38.956 8 INFO placement.requestlog [None req-d829d1f2-47f8-4fae-801e-f7fdfc26e3d8 - - - - - -] 10.0.0.143 "GET /" status: 200 len: 136 microversion: 1.0
2026-08-10 23:43:38.956 7 INFO placement.requestlog [None req-eb0ac72c-616a-465d-9c53-d32e45f18e23 - - - - - -] 10.0.0.143 "GET /" status: 200 len: 136 microversion: 1.0
2026-08-10 23:43:47.598 8 INFO placement.requestlog [req-27efc07a-a00d-4bac-845f-b86e981c91aa req-cc7c5204-d69c-47bd-89b6-a59cc6df4550 69a6e40448074b5ab44bc6ab14e0a21a 2d04b7b3c00d4de79dffaa3259138925 - - 22d39aef87aa407091bcadb4d635d80f 22d39aef87aa407091bcadb4d635d80f] 199.204.45.177 "GET /resource_providers/afe9b85b-a195-4815-8d45-07b4c56f85ab/allocations" status: 200 len: 54 microversion: 1.0 [pid: 8|app: 0|req: 300/600] 199.204.45.177 () {32 vars in 857 bytes} [Mon Aug 10 23:43:47 2026] GET /resource_providers/afe9b85b-a195-4815-8d45-07b4c56f85ab/allocations => generated 54 bytes in 15 msecs (HTTP/1.1 200) 6 headers in 223 bytes (1 switches on core 0)
2026-08-10 23:43:47.625 7 INFO placement.requestlog [req-27efc07a-a00d-4bac-845f-b86e981c91aa req-adde34ce-85da-4be0-985d-09b7a91a5d4c 69a6e40448074b5ab44bc6ab14e0a21a 2d04b7b3c00d4de79dffaa3259138925 - - 22d39aef87aa407091bcadb4d635d80f 22d39aef87aa407091bcadb4d635d80f] 199.204.45.177 "GET /resource_providers/afe9b85b-a195-4815-8d45-07b4c56f85ab/allocations" status: 200 len: 54 microversion: 1.0 [pid: 7|app: 0|req: 301/601] 199.204.45.177 () {32 vars in 857 bytes} [Mon Aug 10 23:43:47 2026] GET /resource_providers/afe9b85b-a195-4815-8d45-07b4c56f85ab/allocations => generated 54 bytes in 15 msecs (HTTP/1.1 200) 6 headers in 223 bytes (1 switches on core 0)
2026-08-10 23:43:48.955 8 INFO placement.requestlog [None req-2c4e8f0c-1828-40ac-abe0-f4db1a7faf03 - - - - - -] 10.0.0.143 "GET /" status: 200 len: 136 microversion: 1.0
2026-08-10 23:43:48.956 7 INFO placement.requestlog [None req-cf3ab3ab-758d-4eff-9f56-7b1ab69e1ca6 - - - - - -] 10.0.0.143 "GET /" status: 200 len: 136 microversion: 1.0
2026-08-10 23:43:58.958 7 INFO placement.requestlog [None req-0667445f-9685-46b1-9df9-c7010a251465 - - - - - -] 10.0.0.143 "GET /" status: 200 len: 136 microversion: 1.0
2026-08-10 23:43:58.959 8 INFO placement.requestlog [None req-219d28c9-7391-4376-9757-c4196d2ce3a6 - - - - - -] 10.0.0.143 "GET /" status: 200 len: 136 microversion: 1.0
2026-08-10 23:44:08.956 8 INFO placement.requestlog [None req-76715cb2-8b32-4211-a8ea-1a2413fcc21d - - - - - -] 10.0.0.143 "GET /" status: 200 len: 136 microversion: 1.0
2026-08-10 23:44:08.956 7 INFO placement.requestlog [None req-7c4985c3-0666-42f6-8157-b14b2d0ec644 - - - - - -] 10.0.0.143 "GET /" status: 200 len: 136 microversion: 1.0
2026-08-10 23:44:18.955 8 INFO placement.requestlog [None req-9b6d9564-d88b-4cc0-978e-b4c325df3b17 - - - - - -] 10.0.0.143 "GET /" status: 200 len: 136 microversion: 1.0
2026-08-10 23:44:18.959 7 INFO placement.requestlog [None req-02e781b7-e405-4436-8e31-33b368f543ba - - - - - -] 10.0.0.143 "GET /" status: 200 len: 136 microversion: 1.0
2026-08-10 23:44:28.956 8 INFO placement.requestlog [None req-cc9bc2a9-a58c-4255-a1f7-7bb004726c6c - - - - - -] 10.0.0.143 "GET /" status: 200 len: 136 microversion: 1.0
2026-08-10 23:44:28.957 7 INFO placement.requestlog [None req-8017e2f6-abca-4c64-80ce-eb940e7d41d0 - - - - - -] 10.0.0.143 "GET /" status: 200 len: 136 microversion: 1.0
2026-08-10 23:44:38.956 7 INFO placement.requestlog [None req-294ab712-ccd4-4093-8349-c20cdc4b1d75 - - - - - -] 10.0.0.143 "GET /" status: 200 len: 136 microversion: 1.0
2026-08-10 23:44:38.956 8 INFO placement.requestlog [None req-cfd8ef36-ee9e-449a-978a-b6b906e1e6c2 - - - - - -] 10.0.0.143 "GET /" status: 200 len: 136 microversion: 1.0
2026-08-10 23:44:48.955 7 INFO placement.requestlog [None req-73aa1b24-4c70-4cd5-b6ea-3d704b11af3f - - - - - -] 10.0.0.143 "GET /" status: 200 len: 136 microversion: 1.0
2026-08-10 23:44:48.958 8 INFO placement.requestlog [None req-63f7ac07-9b96-4613-9ca4-a32ab370faed - - - - - -] 10.0.0.143 "GET /" status: 200 len: 136 microversion: 1.0
2026-08-10 23:44:49.541 7 INFO placement.requestlog [req-3bc54a0c-23f3-4632-baca-464101592051 req-cd3bbc90-cf50-420d-8414-fa2c88be6adb 69a6e40448074b5ab44bc6ab14e0a21a 2d04b7b3c00d4de79dffaa3259138925 - - 22d39aef87aa407091bcadb4d635d80f 22d39aef87aa407091bcadb4d635d80f] 199.204.45.177 "GET /resource_providers/afe9b85b-a195-4815-8d45-07b4c56f85ab/allocations" status: 200 len: 54 microversion: 1.0 [pid: 7|app: 0|req: 309/616] 199.204.45.177 () {32 vars in 857 bytes} [Mon Aug 10 23:44:49 2026] GET /resource_providers/afe9b85b-a195-4815-8d45-07b4c56f85ab/allocations => generated 54 bytes in 19 msecs (HTTP/1.1 200) 6 headers in 223 bytes (1 switches on core 0)
2026-08-10 23:44:49.565 8 INFO placement.requestlog [req-3bc54a0c-23f3-4632-baca-464101592051 req-7514fb01-8403-4f9f-b332-acd1b30514c4 69a6e40448074b5ab44bc6ab14e0a21a 2d04b7b3c00d4de79dffaa3259138925 - - 22d39aef87aa407091bcadb4d635d80f 22d39aef87aa407091bcadb4d635d80f] 199.204.45.177 "GET /resource_providers/afe9b85b-a195-4815-8d45-07b4c56f85ab/allocations" status: 200 len: 54 microversion: 1.0 [pid: 8|app: 0|req: 308/617] 199.204.45.177 () {32 vars in 857 bytes} [Mon Aug 10 23:44:49 2026] GET /resource_providers/afe9b85b-a195-4815-8d45-07b4c56f85ab/allocations => generated 54 bytes in 15 msecs (HTTP/1.1 200) 6 headers in 223 bytes (1 switches on core 0)
2026-08-10 23:44:58.957 8 INFO placement.requestlog [None req-c082c6eb-f506-498d-aaed-03afc493f245 - - - - - -] 10.0.0.143 "GET /" status: 200 len: 136 microversion: 1.0
2026-08-10 23:44:58.957 7 INFO placement.requestlog [None req-9ff667eb-5639-4dd0-803c-00c16d6dcee1 - - - - - -] 10.0.0.143 "GET /" status: 200 len: 136 microversion: 1.0
2026-08-10 23:45:08.959 8 INFO placement.requestlog [None req-1a0f796a-b9ce-4f77-9f54-0fc8de00a831 - - - - - -] 10.0.0.143 "GET /" status: 200 len: 136 microversion: 1.0
2026-08-10 23:45:08.961 7 INFO placement.requestlog [None req-f5bd19c0-6591-43de-8894-0278c5a83c61 - - - - - -] 10.0.0.143 "GET /" status: 200 len: 136 microversion: 1.0
2026-08-10 23:45:18.957 7 INFO placement.requestlog [None req-ba1fa458-6b52-479a-a2d1-bfb1cc98f848 - - - - - -] 10.0.0.143 "GET /" status: 200 len: 136 microversion: 1.0
2026-08-10 23:45:18.957 8 INFO placement.requestlog [None req-79baf510-f562-45be-b120-353c32235cd8 - - - - - -] 10.0.0.143 "GET /" status: 200 len: 136 microversion: 1.0
2026-08-10 23:45:28.957 7 INFO placement.requestlog [None req-ec385686-4096-4b30-8bfe-2f0ea446727a - - - - - -] 10.0.0.143 "GET /" status: 200 len: 136 microversion: 1.0
2026-08-10 23:45:28.958 8 INFO placement.requestlog [None req-66455f81-45f6-42b7-9f1b-cdfbd3f45f50 - - - - - -] 10.0.0.143 "GET /" status: 200 len: 136 microversion: 1.0
2026-08-10 23:45:38.956 7 INFO placement.requestlog [None req-942fa407-5854-43a8-b074-4966c6e39a15 - - - - - -] 10.0.0.143 "GET /" status: 200 len: 136 microversion: 1.0
2026-08-10 23:45:38.957 8 INFO placement.requestlog [None req-eb1863e2-5f28-4e12-a142-502b73036912 - - - - - -] 10.0.0.143 "GET /" status: 200 len: 136 microversion: 1.0
2026-08-10 23:45:48.956 7 INFO placement.requestlog [None req-a70dec44-e281-4fa7-b1a4-16b151447167 - - - - - -] 10.0.0.143 "GET /" status: 200 len: 136 microversion: 1.0
2026-08-10 23:45:48.967 8 INFO placement.requestlog [None req-1ed2b66d-a81a-4ee2-814a-2b0c5b198d63 - - - - - -] 10.0.0.143 "GET /" status: 200 len: 136 microversion: 1.0
2026-08-10 23:45:49.553 7 INFO placement.requestlog [req-8c01ce54-cf92-476b-b77b-24d1cc81b36e req-f6b6788b-fc8d-4eb3-a533-2d850282cd5a 69a6e40448074b5ab44bc6ab14e0a21a 2d04b7b3c00d4de79dffaa3259138925 - - 22d39aef87aa407091bcadb4d635d80f 22d39aef87aa407091bcadb4d635d80f] 199.204.45.177 "GET /resource_providers/afe9b85b-a195-4815-8d45-07b4c56f85ab/allocations" status: 200 len: 54 microversion: 1.0 [pid: 7|app: 0|req: 316/630] 199.204.45.177 () {32 vars in 857 bytes} [Mon Aug 10 23:45:49 2026] GET /resource_providers/afe9b85b-a195-4815-8d45-07b4c56f85ab/allocations => generated 54 bytes in 21 msecs (HTTP/1.1 200) 6 headers in 223 bytes (1 switches on core 0)
2026-08-10 23:45:49.603 8 INFO placement.requestlog [req-8c01ce54-cf92-476b-b77b-24d1cc81b36e req-ea0c610c-829c-440f-8185-f92b51a0c5a5 69a6e40448074b5ab44bc6ab14e0a21a 2d04b7b3c00d4de79dffaa3259138925 - - 22d39aef87aa407091bcadb4d635d80f 22d39aef87aa407091bcadb4d635d80f] 199.204.45.177 "GET /resource_providers/afe9b85b-a195-4815-8d45-07b4c56f85ab/allocations" status: 200 len: 54 microversion: 1.0 [pid: 8|app: 0|req: 315/631] 199.204.45.177 () {32 vars in 857 bytes} [Mon Aug 10 23:45:49 2026] GET /resource_providers/afe9b85b-a195-4815-8d45-07b4c56f85ab/allocations => generated 54 bytes in 15 msecs (HTTP/1.1 200) 6 headers in 223 bytes (1 switches on core 0)
2026-08-10 23:45:58.957 7 INFO placement.requestlog [None req-745798c6-28c3-4255-bb62-f46c3e3c0882 - - - - - -] 10.0.0.143 "GET /" status: 200 len: 136 microversion: 1.0
2026-08-10 23:45:58.957 8 INFO placement.requestlog [None req-6457b962-69d4-422c-ac0a-1f2bce901009 - - - - - -] 10.0.0.143 "GET /" status: 200 len: 136 microversion: 1.0
2026-08-10 23:46:08.956 7 INFO placement.requestlog [None req-9becbe18-55a2-4ad9-bf35-106ca4034827 - - - - - -] 10.0.0.143 "GET /" status: 200 len: 136 microversion: 1.0
2026-08-10 23:46:08.957 8 INFO placement.requestlog [None req-a1fa688b-b6cb-4c28-aa7c-1621ac90771e - - - - - -] 10.0.0.143 "GET /" status: 200 len: 136 microversion: 1.0
2026-08-10 23:46:18.956 7 INFO placement.requestlog [None req-e43e0396-badc-4c04-8ef2-4704d2aaea20 - - - - - -] 10.0.0.143 "GET /" status: 200 len: 136 microversion: 1.0
2026-08-10 23:46:18.957 8 INFO placement.requestlog [None req-e0ab75b6-0fb4-4811-b0ad-8a413b156e1e - - - - - -] 10.0.0.143 "GET /" status: 200 len: 136 microversion: 1.0
2026-08-10 23:46:19.828 8 INFO placement.requestlog [req-6fd542bf-2415-47b9-b2fe-ae17f05867fa req-251639ae-0bd1-4793-80c2-bad0dd6b5438 69a6e40448074b5ab44bc6ab14e0a21a 2d04b7b3c00d4de79dffaa3259138925 - - 22d39aef87aa407091bcadb4d635d80f 22d39aef87aa407091bcadb4d635d80f] 10.0.0.115 "GET /allocation_candidates?limit=1000&resources=DISK_GB%3A1%2CMEMORY_MB%3A512%2CVCPU%3A1&root_required=%21COMPUTE_STATUS_DISABLED" status: 200 len: 2147 microversion: 1.36 [pid: 8|app: 0|req: 319/638] 10.0.0.115 () {34 vars in 1012 bytes} [Mon Aug 10 23:46:19 2026] GET /allocation_candidates?limit=1000&resources=DISK_GB%3A1%2CMEMORY_MB%3A512%2CVCPU%3A1&root_required=%21COMPUTE_STATUS_DISABLED => generated 2147 bytes in 183 msecs (HTTP/1.1 200) 8 headers in 297 bytes (1 switches on core 0)
2026-08-10 23:46:19.881 7 INFO placement.requestlog [req-6fd542bf-2415-47b9-b2fe-ae17f05867fa req-175b63a1-f359-481c-95c0-132cf1b08e4d 69a6e40448074b5ab44bc6ab14e0a21a 2d04b7b3c00d4de79dffaa3259138925 - - 22d39aef87aa407091bcadb4d635d80f 22d39aef87aa407091bcadb4d635d80f] 10.0.0.115 "GET /allocations/7e90a72d-6f12-4f47-876c-208a973d2ab8" status: 200 len: 19 microversion: 1.28 [pid: 7|app: 0|req: 320/639] 10.0.0.115 () {34 vars in 861 bytes} [Mon Aug 10 23:46:19 2026] GET /allocations/7e90a72d-6f12-4f47-876c-208a973d2ab8 => generated 19 bytes in 24 msecs (HTTP/1.1 200) 8 headers in 295 bytes (1 switches on core 0)
2026-08-10 23:46:20.024 8 INFO placement.requestlog [req-6fd542bf-2415-47b9-b2fe-ae17f05867fa req-de870510-411e-4ad1-addf-db5777a68c8b 69a6e40448074b5ab44bc6ab14e0a21a 2d04b7b3c00d4de79dffaa3259138925 - - 22d39aef87aa407091bcadb4d635d80f 22d39aef87aa407091bcadb4d635d80f] 10.0.0.115 "PUT /allocations/7e90a72d-6f12-4f47-876c-208a973d2ab8" status: 204 len: 0 microversion: 1.36 [pid: 8|app: 0|req: 320/640] 10.0.0.115 () {38 vars in 914 bytes} [Mon Aug 10 23:46:19 2026] PUT /allocations/7e90a72d-6f12-4f47-876c-208a973d2ab8 => generated 0 bytes in 125 msecs (HTTP/1.1 204) 5 headers in 199 bytes (1 switches on core 0)
2026-08-10 23:46:20.524 7 INFO placement.requestlog [req-6fd542bf-2415-47b9-b2fe-ae17f05867fa req-4b56c063-eecc-4d99-92a6-7f86bb6744a8 69a6e40448074b5ab44bc6ab14e0a21a 2d04b7b3c00d4de79dffaa3259138925 - - 22d39aef87aa407091bcadb4d635d80f 22d39aef87aa407091bcadb4d635d80f] 199.204.45.177 "GET /allocations/7e90a72d-6f12-4f47-876c-208a973d2ab8" status: 200 len: 257 microversion: 1.28 [pid: 7|app: 0|req: 321/641] 199.204.45.177 () {34 vars in 863 bytes} [Mon Aug 10 23:46:20 2026] GET /allocations/7e90a72d-6f12-4f47-876c-208a973d2ab8 => generated 257 bytes in 19 msecs (HTTP/1.1 200) 8 headers in 296 bytes (1 switches on core 0)
2026-08-10 23:46:20.694 8 INFO placement.requestlog [req-6fd542bf-2415-47b9-b2fe-ae17f05867fa req-f8092a57-1674-469a-aeaf-866f383c4f13 69a6e40448074b5ab44bc6ab14e0a21a 2d04b7b3c00d4de79dffaa3259138925 - - 22d39aef87aa407091bcadb4d635d80f 22d39aef87aa407091bcadb4d635d80f] 199.204.45.177 "GET /resource_providers/afe9b85b-a195-4815-8d45-07b4c56f85ab/allocations" status: 200 len: 152 microversion: 1.0 [pid: 8|app: 0|req: 321/642] 199.204.45.177 () {32 vars in 857 bytes} [Mon Aug 10 23:46:20 2026] GET /resource_providers/afe9b85b-a195-4815-8d45-07b4c56f85ab/allocations => generated 152 bytes in 23 msecs (HTTP/1.1 200) 6 headers in 224 bytes (1 switches on core 0)
2026-08-10 23:46:20.720 7 INFO placement.requestlog [req-6fd542bf-2415-47b9-b2fe-ae17f05867fa req-31bb8d2c-2a85-4c79-801c-d2674fc21642 69a6e40448074b5ab44bc6ab14e0a21a 2d04b7b3c00d4de79dffaa3259138925 - - 22d39aef87aa407091bcadb4d635d80f 22d39aef87aa407091bcadb4d635d80f] 199.204.45.177 "GET /allocations/7e90a72d-6f12-4f47-876c-208a973d2ab8" status: 200 len: 257 microversion: 1.28 [pid: 7|app: 0|req: 322/643] 199.204.45.177 () {34 vars in 863 bytes} [Mon Aug 10 23:46:20 2026] GET /allocations/7e90a72d-6f12-4f47-876c-208a973d2ab8 => generated 257 bytes in 16 msecs (HTTP/1.1 200) 8 headers in 296 bytes (1 switches on core 0)
2026-08-10 23:46:23.719 8 INFO placement.requestlog [None req-e67fb191-693d-4a89-8989-9090523f4dc9 4eb7f72a65ee4ce1884e3e0076b21faf 2d04b7b3c00d4de79dffaa3259138925 - - 22d39aef87aa407091bcadb4d635d80f 22d39aef87aa407091bcadb4d635d80f] 10.0.0.84 "GET /resource_providers/a0565daa-c6a1-4c7e-86c4-13128aa56959/aggregates" status: 404 len: 235 microversion: 1.1 [pid: 8|app: 0|req: 322/644] 10.0.0.84 () {32 vars in 815 bytes} [Mon Aug 10 23:46:23 2026] GET /resource_providers/a0565daa-c6a1-4c7e-86c4-13128aa56959/aggregates => generated 235 bytes in 69 msecs (HTTP/1.1 404) 5 headers in 202 bytes (1 switches on core 0)
2026-08-10 23:46:23.747 7 INFO placement.requestlog [None req-da296afa-a897-4142-ae6a-f119e983275c 4eb7f72a65ee4ce1884e3e0076b21faf 2d04b7b3c00d4de79dffaa3259138925 - - 22d39aef87aa407091bcadb4d635d80f 22d39aef87aa407091bcadb4d635d80f] 10.0.0.84 "GET /resource_providers/a0565daa-c6a1-4c7e-86c4-13128aa56959/aggregates" status: 404 len: 235 microversion: 1.1 [pid: 7|app: 0|req: 323/645] 10.0.0.84 () {32 vars in 815 bytes} [Mon Aug 10 23:46:23 2026] GET /resource_providers/a0565daa-c6a1-4c7e-86c4-13128aa56959/aggregates => generated 235 bytes in 80 msecs (HTTP/1.1 404) 5 headers in 202 bytes (1 switches on core 0)
2026-08-10 23:46:23.752 8 INFO placement.requestlog [None req-c052558a-61df-4a60-936c-6804fdf35523 4eb7f72a65ee4ce1884e3e0076b21faf 2d04b7b3c00d4de79dffaa3259138925 - - 22d39aef87aa407091bcadb4d635d80f 22d39aef87aa407091bcadb4d635d80f] 10.0.0.84 "DELETE /resource_providers/a0565daa-c6a1-4c7e-86c4-13128aa56959" status: 404 len: 246 microversion: 1.1 [pid: 8|app: 0|req: 323/646] 10.0.0.84 () {34 vars in 815 bytes} [Mon Aug 10 23:46:23 2026] DELETE /resource_providers/a0565daa-c6a1-4c7e-86c4-13128aa56959 => generated 246 bytes in 12 msecs (HTTP/1.1 404) 6 headers in 231 bytes (1 switches on core 0)
2026-08-10 23:46:23.768 7 INFO placement.requestlog [None req-cd7005d5-9079-4bed-9b01-3e51d9bb2b0c 4eb7f72a65ee4ce1884e3e0076b21faf 2d04b7b3c00d4de79dffaa3259138925 - - 22d39aef87aa407091bcadb4d635d80f 22d39aef87aa407091bcadb4d635d80f] 10.0.0.84 "DELETE /resource_providers/a0565daa-c6a1-4c7e-86c4-13128aa56959" status: 404 len: 246 microversion: 1.1 [pid: 7|app: 0|req: 324/647] 10.0.0.84 () {34 vars in 815 bytes} [Mon Aug 10 23:46:23 2026] DELETE /resource_providers/a0565daa-c6a1-4c7e-86c4-13128aa56959 => generated 246 bytes in 12 msecs (HTTP/1.1 404) 6 headers in 231 bytes (1 switches on core 0)
2026-08-10 23:46:24.076 7 INFO placement.requestlog [None req-7fe0998d-b67c-48ca-99ce-e74fa191294c 4eb7f72a65ee4ce1884e3e0076b21faf 2d04b7b3c00d4de79dffaa3259138925 - - 22d39aef87aa407091bcadb4d635d80f 22d39aef87aa407091bcadb4d635d80f] 10.0.0.84 "GET /resource_providers/5531848b-15fc-4b00-832d-985d0e1c9eee/aggregates" status: 404 len: 235 microversion: 1.1 [pid: 7|app: 0|req: 325/648] 10.0.0.84 () {32 vars in 815 bytes} [Mon Aug 10 23:46:24 2026] GET /resource_providers/5531848b-15fc-4b00-832d-985d0e1c9eee/aggregates => generated 235 bytes in 62 msecs (HTTP/1.1 404) 5 headers in 202 bytes (1 switches on core 0)
2026-08-10 23:46:24.078 8 INFO placement.requestlog [None req-60bba7d6-856c-482d-815d-b46f3a1e37c5 4eb7f72a65ee4ce1884e3e0076b21faf 2d04b7b3c00d4de79dffaa3259138925 - - 22d39aef87aa407091bcadb4d635d80f 22d39aef87aa407091bcadb4d635d80f] 10.0.0.84 "GET /resource_providers/5531848b-15fc-4b00-832d-985d0e1c9eee/aggregates" status: 404 len: 235 microversion: 1.1 [pid: 8|app: 0|req: 324/649] 10.0.0.84 () {32 vars in 815 bytes} [Mon Aug 10 23:46:24 2026] GET /resource_providers/5531848b-15fc-4b00-832d-985d0e1c9eee/aggregates => generated 235 bytes in 65 msecs (HTTP/1.1 404) 5 headers in 202 bytes (1 switches on core 0)
2026-08-10 23:46:24.123 7 INFO placement.requestlog [None req-20e88952-535c-4033-b859-c34a7feac0f2 4eb7f72a65ee4ce1884e3e0076b21faf 2d04b7b3c00d4de79dffaa3259138925 - - 22d39aef87aa407091bcadb4d635d80f 22d39aef87aa407091bcadb4d635d80f] 10.0.0.84 "DELETE /resource_providers/5531848b-15fc-4b00-832d-985d0e1c9eee" status: 404 len: 246 microversion: 1.1
2026-08-10 23:46:24.123 8 INFO placement.requestlog [None req-266eb90f-5ba5-49e0-b8dc-e73c24b4a2ee 4eb7f72a65ee4ce1884e3e0076b21faf 2d04b7b3c00d4de79dffaa3259138925 - - 22d39aef87aa407091bcadb4d635d80f 22d39aef87aa407091bcadb4d635d80f] 10.0.0.84 "DELETE /resource_providers/5531848b-15fc-4b00-832d-985d0e1c9eee" status: 404 len: 246 microversion: 1.1 [pid: 7|app: 0|req: 326/650] 10.0.0.84 () {34 vars in 815 bytes} [Mon Aug 10 23:46:24 2026] DELETE /resource_providers/5531848b-15fc-4b00-832d-985d0e1c9eee => generated 246 bytes in 12 msecs (HTTP/1.1 404) 6 headers in 231 bytes (1 switches on core 0) [pid: 8|app: 0|req: 325/651] 10.0.0.84 () {34 vars in 815 bytes} [Mon Aug 10 23:46:24 2026] DELETE /resource_providers/5531848b-15fc-4b00-832d-985d0e1c9eee => generated 246 bytes in 12 msecs (HTTP/1.1 404) 6 headers in 231 bytes (1 switches on core 0)
2026-08-10 23:46:25.911 7 INFO placement.requestlog [None req-e829ca45-ff0f-47cd-9796-2d411a552dac 4eb7f72a65ee4ce1884e3e0076b21faf 2d04b7b3c00d4de79dffaa3259138925 - - 22d39aef87aa407091bcadb4d635d80f 22d39aef87aa407091bcadb4d635d80f] 10.0.0.84 "GET /resource_providers/de29759e-403c-4ee7-bceb-41a01fa1826f/aggregates" status: 404 len: 235 microversion: 1.1
2026-08-10 23:46:25.912 8 INFO placement.requestlog [None req-a38ba30c-952a-45c4-9527-30074e7ddae1 4eb7f72a65ee4ce1884e3e0076b21faf 2d04b7b3c00d4de79dffaa3259138925 - - 22d39aef87aa407091bcadb4d635d80f 22d39aef87aa407091bcadb4d635d80f] 10.0.0.84 "GET /resource_providers/de29759e-403c-4ee7-bceb-41a01fa1826f/aggregates" status: 404 len: 235 microversion: 1.1 [pid: 7|app: 0|req: 327/652] 10.0.0.84 () {32 vars in 815 bytes} [Mon Aug 10 23:46:25 2026] GET /resource_providers/de29759e-403c-4ee7-bceb-41a01fa1826f/aggregates => generated 235 bytes in 19 msecs (HTTP/1.1 404) 5 headers in 202 bytes (1 switches on core 0) [pid: 8|app: 0|req: 326/653] 10.0.0.84 () {32 vars in 815 bytes} [Mon Aug 10 23:46:25 2026] GET /resource_providers/de29759e-403c-4ee7-bceb-41a01fa1826f/aggregates => generated 235 bytes in 18 msecs (HTTP/1.1 404) 5 headers in 202 bytes (1 switches on core 0)
2026-08-10 23:46:25.960 7 INFO placement.requestlog [None req-cc524116-ec64-4280-b499-711c563d7efc 4eb7f72a65ee4ce1884e3e0076b21faf 2d04b7b3c00d4de79dffaa3259138925 - - 22d39aef87aa407091bcadb4d635d80f 22d39aef87aa407091bcadb4d635d80f] 10.0.0.84 "DELETE /resource_providers/de29759e-403c-4ee7-bceb-41a01fa1826f" status: 404 len: 246 microversion: 1.1 [pid: 7|app: 0|req: 328/654] 10.0.0.84 () {34 vars in 815 bytes} [Mon Aug 10 23:46:25 2026] DELETE /resource_providers/de29759e-403c-4ee7-bceb-41a01fa1826f => generated 246 bytes in 19 msecs (HTTP/1.1 404) 6 headers in 231 bytes (1 switches on core 0)
2026-08-10 23:46:25.964 8 INFO placement.requestlog [None req-1f1114a9-9f2d-4fb8-8b84-fdfbca8f7b2d 4eb7f72a65ee4ce1884e3e0076b21faf 2d04b7b3c00d4de79dffaa3259138925 - - 22d39aef87aa407091bcadb4d635d80f 22d39aef87aa407091bcadb4d635d80f] 10.0.0.84 "DELETE /resource_providers/de29759e-403c-4ee7-bceb-41a01fa1826f" status: 404 len: 246 microversion: 1.1 [pid: 8|app: 0|req: 327/655] 10.0.0.84 () {34 vars in 815 bytes} [Mon Aug 10 23:46:25 2026] DELETE /resource_providers/de29759e-403c-4ee7-bceb-41a01fa1826f => generated 246 bytes in 24 msecs (HTTP/1.1 404) 6 headers in 231 bytes (1 switches on core 0)
2026-08-10 23:46:26.164 7 INFO placement.requestlog [None req-92e8a803-4ed0-4da0-98e1-6e5e2a3e8cbf 4eb7f72a65ee4ce1884e3e0076b21faf 2d04b7b3c00d4de79dffaa3259138925 - - 22d39aef87aa407091bcadb4d635d80f 22d39aef87aa407091bcadb4d635d80f] 10.0.0.84 "GET /resource_providers/4114b5e0-855c-4e67-9390-19ab74df06d0/aggregates" status: 404 len: 235 microversion: 1.1 [pid: 7|app: 0|req: 329/656] 10.0.0.84 () {32 vars in 815 bytes} [Mon Aug 10 23:46:26 2026] GET /resource_providers/4114b5e0-855c-4e67-9390-19ab74df06d0/aggregates => generated 235 bytes in 8 msecs (HTTP/1.1 404) 5 headers in 202 bytes (1 switches on core 0)
2026-08-10 23:46:26.167 8 INFO placement.requestlog [None req-193fefd7-301f-4fcf-a949-d89068b9b73f 4eb7f72a65ee4ce1884e3e0076b21faf 2d04b7b3c00d4de79dffaa3259138925 - - 22d39aef87aa407091bcadb4d635d80f 22d39aef87aa407091bcadb4d635d80f] 10.0.0.84 "GET /resource_providers/4114b5e0-855c-4e67-9390-19ab74df06d0/aggregates" status: 404 len: 235 microversion: 1.1 [pid: 8|app: 0|req: 328/657] 10.0.0.84 () {32 vars in 815 bytes} [Mon Aug 10 23:46:26 2026] GET /resource_providers/4114b5e0-855c-4e67-9390-19ab74df06d0/aggregates => generated 235 bytes in 12 msecs (HTTP/1.1 404) 5 headers in 202 bytes (1 switches on core 0)
2026-08-10 23:46:26.256 8 INFO placement.requestlog [None req-c5aff501-3317-432f-bf62-d0172e55999a 4eb7f72a65ee4ce1884e3e0076b21faf 2d04b7b3c00d4de79dffaa3259138925 - - 22d39aef87aa407091bcadb4d635d80f 22d39aef87aa407091bcadb4d635d80f] 10.0.0.84 "DELETE /resource_providers/4114b5e0-855c-4e67-9390-19ab74df06d0" status: 404 len: 246 microversion: 1.1 [pid: 8|app: 0|req: 329/658] 10.0.0.84 () {34 vars in 815 bytes} [Mon Aug 10 23:46:26 2026] DELETE /resource_providers/4114b5e0-855c-4e67-9390-19ab74df06d0 => generated 246 bytes in 26 msecs (HTTP/1.1 404) 6 headers in 231 bytes (1 switches on core 0)
2026-08-10 23:46:26.259 7 INFO placement.requestlog [None req-c71f3305-661c-4a9e-9cb8-b22ccf91287f 4eb7f72a65ee4ce1884e3e0076b21faf 2d04b7b3c00d4de79dffaa3259138925 - - 22d39aef87aa407091bcadb4d635d80f 22d39aef87aa407091bcadb4d635d80f] 10.0.0.84 "DELETE /resource_providers/4114b5e0-855c-4e67-9390-19ab74df06d0" status: 404 len: 246 microversion: 1.1 [pid: 7|app: 0|req: 330/659] 10.0.0.84 () {34 vars in 815 bytes} [Mon Aug 10 23:46:26 2026] DELETE /resource_providers/4114b5e0-855c-4e67-9390-19ab74df06d0 => generated 246 bytes in 33 msecs (HTTP/1.1 404) 6 headers in 231 bytes (1 switches on core 0)
2026-08-10 23:46:28.955 8 INFO placement.requestlog [None req-f6ace19d-8dab-4bb7-8a47-80562c69c9ad - - - - - -] 10.0.0.143 "GET /" status: 200 len: 136 microversion: 1.0
2026-08-10 23:46:28.956 7 INFO placement.requestlog [None req-183f0dfb-beb1-48d5-b431-8130ef4bbae8 - - - - - -] 10.0.0.143 "GET /" status: 200 len: 136 microversion: 1.0
2026-08-10 23:46:34.991 8 INFO placement.requestlog [req-757ebd56-1aec-4c47-ac40-e6b0ec67fc46 req-0f55dcf2-e042-4b07-bcdb-28de218df74b 69a6e40448074b5ab44bc6ab14e0a21a 2d04b7b3c00d4de79dffaa3259138925 - - 22d39aef87aa407091bcadb4d635d80f 22d39aef87aa407091bcadb4d635d80f] 10.0.0.115 "GET /allocation_candidates?limit=1000&resources=MEMORY_MB%3A512%2CVCPU%3A1&root_required=%21COMPUTE_STATUS_DISABLED" status: 200 len: 2135 microversion: 1.36 [pid: 8|app: 0|req: 331/662] 10.0.0.115 () {34 vars in 984 bytes} [Mon Aug 10 23:46:34 2026] GET /allocation_candidates?limit=1000&resources=MEMORY_MB%3A512%2CVCPU%3A1&root_required=%21COMPUTE_STATUS_DISABLED => generated 2135 bytes in 80 msecs (HTTP/1.1 200) 8 headers in 297 bytes (1 switches on core 0)
2026-08-10 23:46:35.063 7 INFO placement.requestlog [req-757ebd56-1aec-4c47-ac40-e6b0ec67fc46 req-b8f61d31-a3c7-4848-a233-4464bb567597 69a6e40448074b5ab44bc6ab14e0a21a 2d04b7b3c00d4de79dffaa3259138925 - - 22d39aef87aa407091bcadb4d635d80f 22d39aef87aa407091bcadb4d635d80f] 10.0.0.115 "GET /allocations/868439aa-a4ae-43a4-8d44-dfd886b7b578" status: 200 len: 19 microversion: 1.28 [pid: 7|app: 0|req: 332/663] 10.0.0.115 () {34 vars in 861 bytes} [Mon Aug 10 23:46:35 2026] GET /allocations/868439aa-a4ae-43a4-8d44-dfd886b7b578 => generated 19 bytes in 28 msecs (HTTP/1.1 200) 8 headers in 295 bytes (1 switches on core 0)
2026-08-10 23:46:35.170 8 INFO placement.requestlog [req-757ebd56-1aec-4c47-ac40-e6b0ec67fc46 req-cf0e31b1-f9df-4a66-b4f4-cf5d829c45f0 69a6e40448074b5ab44bc6ab14e0a21a 2d04b7b3c00d4de79dffaa3259138925 - - 22d39aef87aa407091bcadb4d635d80f 22d39aef87aa407091bcadb4d635d80f] 10.0.0.115 "PUT /allocations/868439aa-a4ae-43a4-8d44-dfd886b7b578" status: 204 len: 0 microversion: 1.36 [pid: 8|app: 0|req: 332/664] 10.0.0.115 () {38 vars in 914 bytes} [Mon Aug 10 23:46:35 2026] PUT /allocations/868439aa-a4ae-43a4-8d44-dfd886b7b578 => generated 0 bytes in 99 msecs (HTTP/1.1 204) 5 headers in 199 bytes (1 switches on core 0)
2026-08-10 23:46:35.615 7 INFO placement.requestlog [req-757ebd56-1aec-4c47-ac40-e6b0ec67fc46 req-b21a1b23-c5b3-4787-961f-b00551a20a89 69a6e40448074b5ab44bc6ab14e0a21a 2d04b7b3c00d4de79dffaa3259138925 - - 22d39aef87aa407091bcadb4d635d80f 22d39aef87aa407091bcadb4d635d80f] 199.204.45.177 "GET /allocations/868439aa-a4ae-43a4-8d44-dfd886b7b578" status: 200 len: 243 microversion: 1.28 [pid: 7|app: 0|req: 333/665] 199.204.45.177 () {34 vars in 863 bytes} [Mon Aug 10 23:46:35 2026] GET /allocations/868439aa-a4ae-43a4-8d44-dfd886b7b578 => generated 243 bytes in 14 msecs (HTTP/1.1 200) 8 headers in 296 bytes (1 switches on core 0)
2026-08-10 23:46:35.798 8 INFO placement.requestlog [req-757ebd56-1aec-4c47-ac40-e6b0ec67fc46 req-356fe00f-31be-4e39-ab11-97b358742ff3 69a6e40448074b5ab44bc6ab14e0a21a 2d04b7b3c00d4de79dffaa3259138925 - - 22d39aef87aa407091bcadb4d635d80f 22d39aef87aa407091bcadb4d635d80f] 199.204.45.177 "GET /resource_providers/afe9b85b-a195-4815-8d45-07b4c56f85ab/allocations" status: 200 len: 238 microversion: 1.0 [pid: 8|app: 0|req: 333/666] 199.204.45.177 () {32 vars in 857 bytes} [Mon Aug 10 23:46:35 2026] GET /resource_providers/afe9b85b-a195-4815-8d45-07b4c56f85ab/allocations => generated 238 bytes in 19 msecs (HTTP/1.1 200) 6 headers in 224 bytes (1 switches on core 0)
2026-08-10 23:46:35.826 7 INFO placement.requestlog [req-757ebd56-1aec-4c47-ac40-e6b0ec67fc46 req-19d80b8a-ce0e-47b5-8fdb-c18c9f29f591 69a6e40448074b5ab44bc6ab14e0a21a 2d04b7b3c00d4de79dffaa3259138925 - - 22d39aef87aa407091bcadb4d635d80f 22d39aef87aa407091bcadb4d635d80f] 199.204.45.177 "GET /allocations/7e90a72d-6f12-4f47-876c-208a973d2ab8" status: 200 len: 257 microversion: 1.28 [pid: 7|app: 0|req: 334/667] 199.204.45.177 () {34 vars in 863 bytes} [Mon Aug 10 23:46:35 2026] GET /allocations/7e90a72d-6f12-4f47-876c-208a973d2ab8 => generated 257 bytes in 16 msecs (HTTP/1.1 200) 8 headers in 296 bytes (1 switches on core 0)
2026-08-10 23:46:35.861 8 INFO placement.requestlog [req-757ebd56-1aec-4c47-ac40-e6b0ec67fc46 req-66782fa0-49d7-4d69-b91d-ff3f5fdc1b8b 69a6e40448074b5ab44bc6ab14e0a21a 2d04b7b3c00d4de79dffaa3259138925 - - 22d39aef87aa407091bcadb4d635d80f 22d39aef87aa407091bcadb4d635d80f] 199.204.45.177 "GET /allocations/868439aa-a4ae-43a4-8d44-dfd886b7b578" status: 200 len: 243 microversion: 1.28 [pid: 8|app: 0|req: 334/668] 199.204.45.177 () {34 vars in 863 bytes} [Mon Aug 10 23:46:35 2026] GET /allocations/868439aa-a4ae-43a4-8d44-dfd886b7b578 => generated 243 bytes in 19 msecs (HTTP/1.1 200) 8 headers in 296 bytes (1 switches on core 0)
2026-08-10 23:46:37.327 7 INFO placement.requestlog [req-9c8fe106-053f-45a7-bb78-013005997a3a req-1a0ad5f6-ea2d-40a3-b61b-72f25801d009 69a6e40448074b5ab44bc6ab14e0a21a 2d04b7b3c00d4de79dffaa3259138925 - - 22d39aef87aa407091bcadb4d635d80f 22d39aef87aa407091bcadb4d635d80f] 10.0.0.115 "GET /allocation_candidates?limit=1000&resources=DISK_GB%3A1%2CMEMORY_MB%3A512%2CVCPU%3A1&root_required=%21COMPUTE_STATUS_DISABLED" status: 200 len: 2150 microversion: 1.36 [pid: 7|app: 0|req: 335/669] 10.0.0.115 () {34 vars in 1012 bytes} [Mon Aug 10 23:46:37 2026] GET /allocation_candidates?limit=1000&resources=DISK_GB%3A1%2CMEMORY_MB%3A512%2CVCPU%3A1&root_required=%21COMPUTE_STATUS_DISABLED => generated 2150 bytes in 72 msecs (HTTP/1.1 200) 8 headers in 297 bytes (1 switches on core 0)
2026-08-10 23:46:37.372 8 INFO placement.requestlog [req-9c8fe106-053f-45a7-bb78-013005997a3a req-66643b69-1bbd-4499-862d-54252de56fa2 69a6e40448074b5ab44bc6ab14e0a21a 2d04b7b3c00d4de79dffaa3259138925 - - 22d39aef87aa407091bcadb4d635d80f 22d39aef87aa407091bcadb4d635d80f] 10.0.0.115 "GET /allocations/e95f0e2a-cada-4f71-91cf-7a7f034a5f37" status: 200 len: 19 microversion: 1.28 [pid: 8|app: 0|req: 335/670] 10.0.0.115 () {34 vars in 861 bytes} [Mon Aug 10 23:46:37 2026] GET /allocations/e95f0e2a-cada-4f71-91cf-7a7f034a5f37 => generated 19 bytes in 18 msecs (HTTP/1.1 200) 8 headers in 295 bytes (1 switches on core 0)
2026-08-10 23:46:37.603 7 INFO placement.requestlog [req-9c8fe106-053f-45a7-bb78-013005997a3a req-3b95a96b-4f66-4a9f-aeeb-5418f0390158 69a6e40448074b5ab44bc6ab14e0a21a 2d04b7b3c00d4de79dffaa3259138925 - - 22d39aef87aa407091bcadb4d635d80f 22d39aef87aa407091bcadb4d635d80f] 10.0.0.115 "PUT /allocations/e95f0e2a-cada-4f71-91cf-7a7f034a5f37" status: 204 len: 0 microversion: 1.36 [pid: 7|app: 0|req: 336/671] 10.0.0.115 () {38 vars in 914 bytes} [Mon Aug 10 23:46:37 2026] PUT /allocations/e95f0e2a-cada-4f71-91cf-7a7f034a5f37 => generated 0 bytes in 224 msecs (HTTP/1.1 204) 5 headers in 199 bytes (1 switches on core 0)
2026-08-10 23:46:37.769 8 INFO placement.requestlog [req-ad2ce65f-836a-4c4b-ae88-6edda0bab5cd req-b06ce8f3-248c-49a4-b69d-86760876b78a 69a6e40448074b5ab44bc6ab14e0a21a 2d04b7b3c00d4de79dffaa3259138925 - - 22d39aef87aa407091bcadb4d635d80f 22d39aef87aa407091bcadb4d635d80f] 10.0.0.115 "GET /allocation_candidates?limit=1000&resources=DISK_GB%3A1%2CMEMORY_MB%3A512%2CVCPU%3A1&root_required=%21COMPUTE_STATUS_DISABLED" status: 200 len: 2150 microversion: 1.36 [pid: 8|app: 0|req: 336/672] 10.0.0.115 () {34 vars in 1012 bytes} [Mon Aug 10 23:46:37 2026] GET /allocation_candidates?limit=1000&resources=DISK_GB%3A1%2CMEMORY_MB%3A512%2CVCPU%3A1&root_required=%21COMPUTE_STATUS_DISABLED => generated 2150 bytes in 81 msecs (HTTP/1.1 200) 8 headers in 297 bytes (1 switches on core 0)
2026-08-10 23:46:37.804 7 INFO placement.requestlog [req-ad2ce65f-836a-4c4b-ae88-6edda0bab5cd req-03074995-c890-45c4-8739-0c4b6d3edb24 69a6e40448074b5ab44bc6ab14e0a21a 2d04b7b3c00d4de79dffaa3259138925 - - 22d39aef87aa407091bcadb4d635d80f 22d39aef87aa407091bcadb4d635d80f] 10.0.0.115 "GET /allocations/2d0daa41-81da-427f-bd04-5dcfc336554f" status: 200 len: 19 microversion: 1.28 [pid: 7|app: 0|req: 337/673] 10.0.0.115 () {34 vars in 861 bytes} [Mon Aug 10 23:46:37 2026] GET /allocations/2d0daa41-81da-427f-bd04-5dcfc336554f => generated 19 bytes in 12 msecs (HTTP/1.1 200) 8 headers in 295 bytes (1 switches on core 0)
2026-08-10 23:46:38.064 8 INFO placement.requestlog [req-ad2ce65f-836a-4c4b-ae88-6edda0bab5cd req-b81f3368-0adb-428f-8edb-670bbbd97fc4 69a6e40448074b5ab44bc6ab14e0a21a 2d04b7b3c00d4de79dffaa3259138925 - - 22d39aef87aa407091bcadb4d635d80f 22d39aef87aa407091bcadb4d635d80f] 10.0.0.115 "PUT /allocations/2d0daa41-81da-427f-bd04-5dcfc336554f" status: 204 len: 0 microversion: 1.36 [pid: 8|app: 0|req: 337/674] 10.0.0.115 () {38 vars in 914 bytes} [Mon Aug 10 23:46:37 2026] PUT /allocations/2d0daa41-81da-427f-bd04-5dcfc336554f => generated 0 bytes in 244 msecs (HTTP/1.1 204) 5 headers in 199 bytes (1 switches on core 0)
2026-08-10 23:46:38.225 7 INFO placement.requestlog [req-9c8fe106-053f-45a7-bb78-013005997a3a req-fc9f57b3-c16c-47da-8b2b-b69ac02cda53 69a6e40448074b5ab44bc6ab14e0a21a 2d04b7b3c00d4de79dffaa3259138925 - - 22d39aef87aa407091bcadb4d635d80f 22d39aef87aa407091bcadb4d635d80f] 199.204.45.177 "GET /allocations/e95f0e2a-cada-4f71-91cf-7a7f034a5f37" status: 200 len: 257 microversion: 1.28 [pid: 7|app: 0|req: 338/675] 199.204.45.177 () {34 vars in 863 bytes} [Mon Aug 10 23:46:38 2026] GET /allocations/e95f0e2a-cada-4f71-91cf-7a7f034a5f37 => generated 257 bytes in 29 msecs (HTTP/1.1 200) 8 headers in 296 bytes (1 switches on core 0)
2026-08-10 23:46:38.465 8 INFO placement.requestlog [req-9c8fe106-053f-45a7-bb78-013005997a3a req-65b937bd-e962-448a-a127-54a6c85b9103 69a6e40448074b5ab44bc6ab14e0a21a 2d04b7b3c00d4de79dffaa3259138925 - - 22d39aef87aa407091bcadb4d635d80f 22d39aef87aa407091bcadb4d635d80f] 199.204.45.177 "GET /resource_providers/afe9b85b-a195-4815-8d45-07b4c56f85ab/allocations" status: 200 len: 438 microversion: 1.0 [pid: 8|app: 0|req: 338/676] 199.204.45.177 () {32 vars in 857 bytes} [Mon Aug 10 23:46:38 2026] GET /resource_providers/afe9b85b-a195-4815-8d45-07b4c56f85ab/allocations => generated 438 bytes in 33 msecs (HTTP/1.1 200) 6 headers in 224 bytes (1 switches on core 0)
2026-08-10 23:46:38.495 7 INFO placement.requestlog [req-9c8fe106-053f-45a7-bb78-013005997a3a req-32d18041-233c-40c9-89f8-688c2c97de7c 69a6e40448074b5ab44bc6ab14e0a21a 2d04b7b3c00d4de79dffaa3259138925 - - 22d39aef87aa407091bcadb4d635d80f 22d39aef87aa407091bcadb4d635d80f] 199.204.45.177 "GET /allocations/e95f0e2a-cada-4f71-91cf-7a7f034a5f37" status: 200 len: 257 microversion: 1.28 [pid: 7|app: 0|req: 339/677] 199.204.45.177 () {34 vars in 863 bytes} [Mon Aug 10 23:46:38 2026] GET /allocations/e95f0e2a-cada-4f71-91cf-7a7f034a5f37 => generated 257 bytes in 16 msecs (HTTP/1.1 200) 8 headers in 296 bytes (1 switches on core 0)
2026-08-10 23:46:38.547 8 INFO placement.requestlog [req-9c8fe106-053f-45a7-bb78-013005997a3a req-50319942-922e-492b-93f5-687641e49c2f 69a6e40448074b5ab44bc6ab14e0a21a 2d04b7b3c00d4de79dffaa3259138925 - - 22d39aef87aa407091bcadb4d635d80f 22d39aef87aa407091bcadb4d635d80f] 199.204.45.177 "GET /allocations/7e90a72d-6f12-4f47-876c-208a973d2ab8" status: 200 len: 257 microversion: 1.28 [pid: 8|app: 0|req: 339/678] 199.204.45.177 () {34 vars in 863 bytes} [Mon Aug 10 23:46:38 2026] GET /allocations/7e90a72d-6f12-4f47-876c-208a973d2ab8 => generated 257 bytes in 50 msecs (HTTP/1.1 200) 8 headers in 296 bytes (1 switches on core 0)
2026-08-10 23:46:38.585 7 INFO placement.requestlog [req-9c8fe106-053f-45a7-bb78-013005997a3a req-32131507-d35d-47e3-bc26-e6a92fa00074 69a6e40448074b5ab44bc6ab14e0a21a 2d04b7b3c00d4de79dffaa3259138925 - - 22d39aef87aa407091bcadb4d635d80f 22d39aef87aa407091bcadb4d635d80f] 199.204.45.177 "GET /allocations/868439aa-a4ae-43a4-8d44-dfd886b7b578" status: 200 len: 243 microversion: 1.28 [pid: 7|app: 0|req: 340/679] 199.204.45.177 () {34 vars in 863 bytes} [Mon Aug 10 23:46:38 2026] GET /allocations/868439aa-a4ae-43a4-8d44-dfd886b7b578 => generated 243 bytes in 22 msecs (HTTP/1.1 200) 8 headers in 296 bytes (1 switches on core 0)
2026-08-10 23:46:38.589 8 INFO placement.requestlog [req-ad2ce65f-836a-4c4b-ae88-6edda0bab5cd req-e84bcf7c-7977-4f96-99ce-06331c943205 69a6e40448074b5ab44bc6ab14e0a21a 2d04b7b3c00d4de79dffaa3259138925 - - 22d39aef87aa407091bcadb4d635d80f 22d39aef87aa407091bcadb4d635d80f] 199.204.45.177 "GET /allocations/2d0daa41-81da-427f-bd04-5dcfc336554f" status: 200 len: 257 microversion: 1.28 [pid: 8|app: 0|req: 340/680] 199.204.45.177 () {34 vars in 863 bytes} [Mon Aug 10 23:46:38 2026] GET /allocations/2d0daa41-81da-427f-bd04-5dcfc336554f => generated 257 bytes in 17 msecs (HTTP/1.1 200) 8 headers in 296 bytes (1 switches on core 0)
2026-08-10 23:46:38.609 7 INFO placement.requestlog [req-9c8fe106-053f-45a7-bb78-013005997a3a req-7812ef15-ef57-475b-97e9-82d1dcc0487b 69a6e40448074b5ab44bc6ab14e0a21a 2d04b7b3c00d4de79dffaa3259138925 - - 22d39aef87aa407091bcadb4d635d80f 22d39aef87aa407091bcadb4d635d80f] 199.204.45.177 "GET /allocations/2d0daa41-81da-427f-bd04-5dcfc336554f" status: 200 len: 257 microversion: 1.28 [pid: 7|app: 0|req: 341/681] 199.204.45.177 () {34 vars in 863 bytes} [Mon Aug 10 23:46:38 2026] GET /allocations/2d0daa41-81da-427f-bd04-5dcfc336554f => generated 257 bytes in 12 msecs (HTTP/1.1 200) 8 headers in 296 bytes (1 switches on core 0)
2026-08-10 23:46:38.937 8 INFO placement.requestlog [req-ad2ce65f-836a-4c4b-ae88-6edda0bab5cd req-9afba6d4-b94c-4d27-9994-8b9ae5f21995 69a6e40448074b5ab44bc6ab14e0a21a 2d04b7b3c00d4de79dffaa3259138925 - - 22d39aef87aa407091bcadb4d635d80f 22d39aef87aa407091bcadb4d635d80f] 199.204.45.177 "GET /resource_providers/afe9b85b-a195-4815-8d45-07b4c56f85ab/allocations" status: 200 len: 438 microversion: 1.0 [pid: 8|app: 0|req: 341/682] 199.204.45.177 () {32 vars in 857 bytes} [Mon Aug 10 23:46:38 2026] GET /resource_providers/afe9b85b-a195-4815-8d45-07b4c56f85ab/allocations => generated 438 bytes in 34 msecs (HTTP/1.1 200) 6 headers in 224 bytes (1 switches on core 0)
2026-08-10 23:46:38.957 8 INFO placement.requestlog [None req-ed8a9bb6-f6bf-480b-9ee1-561c3f9e3b37 - - - - - -] 10.0.0.143 "GET /" status: 200 len: 136 microversion: 1.0
2026-08-10 23:46:38.960 8 INFO placement.requestlog [None req-5208df3c-e3f5-4052-808f-3a66a944e7e7 - - - - - -] 10.0.0.143 "GET /" status: 200 len: 136 microversion: 1.0
2026-08-10 23:46:38.992 7 INFO placement.requestlog [req-ad2ce65f-836a-4c4b-ae88-6edda0bab5cd req-b93e604e-5703-418a-a207-de31e8db566e 69a6e40448074b5ab44bc6ab14e0a21a 2d04b7b3c00d4de79dffaa3259138925 - - 22d39aef87aa407091bcadb4d635d80f 22d39aef87aa407091bcadb4d635d80f] 199.204.45.177 "GET /allocations/e95f0e2a-cada-4f71-91cf-7a7f034a5f37" status: 200 len: 257 microversion: 1.28 [pid: 7|app: 0|req: 342/685] 199.204.45.177 () {34 vars in 863 bytes} [Mon Aug 10 23:46:38 2026] GET /allocations/e95f0e2a-cada-4f71-91cf-7a7f034a5f37 => generated 257 bytes in 48 msecs (HTTP/1.1 200) 8 headers in 296 bytes (1 switches on core 0)
2026-08-10 23:46:39.026 8 INFO placement.requestlog [req-ad2ce65f-836a-4c4b-ae88-6edda0bab5cd req-32d75ac6-da37-4638-84e9-d3ef38fbae76 69a6e40448074b5ab44bc6ab14e0a21a 2d04b7b3c00d4de79dffaa3259138925 - - 22d39aef87aa407091bcadb4d635d80f 22d39aef87aa407091bcadb4d635d80f] 199.204.45.177 "GET /allocations/7e90a72d-6f12-4f47-876c-208a973d2ab8" status: 200 len: 257 microversion: 1.28 [pid: 8|app: 0|req: 344/686] 199.204.45.177 () {34 vars in 863 bytes} [Mon Aug 10 23:46:39 2026] GET /allocations/7e90a72d-6f12-4f47-876c-208a973d2ab8 => generated 257 bytes in 22 msecs (HTTP/1.1 200) 8 headers in 296 bytes (1 switches on core 0)
2026-08-10 23:46:39.053 7 INFO placement.requestlog [req-ad2ce65f-836a-4c4b-ae88-6edda0bab5cd req-a9539c8d-20ae-402a-b5a3-306ecb0e9c9c 69a6e40448074b5ab44bc6ab14e0a21a 2d04b7b3c00d4de79dffaa3259138925 - - 22d39aef87aa407091bcadb4d635d80f 22d39aef87aa407091bcadb4d635d80f] 199.204.45.177 "GET /allocations/868439aa-a4ae-43a4-8d44-dfd886b7b578" status: 200 len: 243 microversion: 1.28 [pid: 7|app: 0|req: 343/687] 199.204.45.177 () {34 vars in 863 bytes} [Mon Aug 10 23:46:39 2026] GET /allocations/868439aa-a4ae-43a4-8d44-dfd886b7b578 => generated 243 bytes in 18 msecs (HTTP/1.1 200) 8 headers in 296 bytes (1 switches on core 0)
2026-08-10 23:46:39.077 8 INFO placement.requestlog [req-ad2ce65f-836a-4c4b-ae88-6edda0bab5cd req-59178d77-e60c-4cd1-831b-225a157ebcb1 69a6e40448074b5ab44bc6ab14e0a21a 2d04b7b3c00d4de79dffaa3259138925 - - 22d39aef87aa407091bcadb4d635d80f 22d39aef87aa407091bcadb4d635d80f] 199.204.45.177 "GET /allocations/2d0daa41-81da-427f-bd04-5dcfc336554f" status: 200 len: 257 microversion: 1.28 [pid: 8|app: 0|req: 345/688] 199.204.45.177 () {34 vars in 863 bytes} [Mon Aug 10 23:46:39 2026] GET /allocations/2d0daa41-81da-427f-bd04-5dcfc336554f => generated 257 bytes in 16 msecs (HTTP/1.1 200) 8 headers in 296 bytes (1 switches on core 0)
2026-08-10 23:46:40.088 7 INFO placement.requestlog [req-b0870846-348e-4d8e-b97c-610d502c3aea req-8c545584-a324-49f0-a5d2-557ee7fc084f 69a6e40448074b5ab44bc6ab14e0a21a 2d04b7b3c00d4de79dffaa3259138925 - - 22d39aef87aa407091bcadb4d635d80f 22d39aef87aa407091bcadb4d635d80f] 199.204.45.177 "GET /resource_providers/afe9b85b-a195-4815-8d45-07b4c56f85ab/allocations" status: 200 len: 438 microversion: 1.0 [pid: 7|app: 0|req: 344/689] 199.204.45.177 () {32 vars in 857 bytes} [Mon Aug 10 23:46:40 2026] GET /resource_providers/afe9b85b-a195-4815-8d45-07b4c56f85ab/allocations => generated 438 bytes in 56 msecs (HTTP/1.1 200) 6 headers in 224 bytes (1 switches on core 0)
2026-08-10 23:46:40.122 8 INFO placement.requestlog [req-b0870846-348e-4d8e-b97c-610d502c3aea req-e255c802-87f5-4771-9ade-ad4aaaa98df6 69a6e40448074b5ab44bc6ab14e0a21a 2d04b7b3c00d4de79dffaa3259138925 - - 22d39aef87aa407091bcadb4d635d80f 22d39aef87aa407091bcadb4d635d80f] 199.204.45.177 "GET /allocations/e95f0e2a-cada-4f71-91cf-7a7f034a5f37" status: 200 len: 257 microversion: 1.28 [pid: 8|app: 0|req: 346/690] 199.204.45.177 () {34 vars in 863 bytes} [Mon Aug 10 23:46:40 2026] GET /allocations/e95f0e2a-cada-4f71-91cf-7a7f034a5f37 => generated 257 bytes in 20 msecs (HTTP/1.1 200) 8 headers in 296 bytes (1 switches on core 0)
2026-08-10 23:46:40.154 7 INFO placement.requestlog [req-b0870846-348e-4d8e-b97c-610d502c3aea req-d12cb4d0-8af2-4bbf-b7f6-28b944030f70 69a6e40448074b5ab44bc6ab14e0a21a 2d04b7b3c00d4de79dffaa3259138925 - - 22d39aef87aa407091bcadb4d635d80f 22d39aef87aa407091bcadb4d635d80f] 199.204.45.177 "GET /allocations/7e90a72d-6f12-4f47-876c-208a973d2ab8" status: 200 len: 257 microversion: 1.28 [pid: 7|app: 0|req: 345/691] 199.204.45.177 () {34 vars in 863 bytes} [Mon Aug 10 23:46:40 2026] GET /allocations/7e90a72d-6f12-4f47-876c-208a973d2ab8 => generated 257 bytes in 23 msecs (HTTP/1.1 200) 8 headers in 296 bytes (1 switches on core 0)
2026-08-10 23:46:40.181 8 INFO placement.requestlog [req-b0870846-348e-4d8e-b97c-610d502c3aea req-c02f4f6c-11d4-49cd-aed6-184ff2f3d866 69a6e40448074b5ab44bc6ab14e0a21a 2d04b7b3c00d4de79dffaa3259138925 - - 22d39aef87aa407091bcadb4d635d80f 22d39aef87aa407091bcadb4d635d80f] 199.204.45.177 "GET /allocations/868439aa-a4ae-43a4-8d44-dfd886b7b578" status: 200 len: 243 microversion: 1.28 [pid: 8|app: 0|req: 347/692] 199.204.45.177 () {34 vars in 863 bytes} [Mon Aug 10 23:46:40 2026] GET /allocations/868439aa-a4ae-43a4-8d44-dfd886b7b578 => generated 243 bytes in 18 msecs (HTTP/1.1 200) 8 headers in 296 bytes (1 switches on core 0)
2026-08-10 23:46:40.215 7 INFO placement.requestlog [req-b0870846-348e-4d8e-b97c-610d502c3aea req-7de0b7d0-26c8-4447-aa4c-9d472195a218 69a6e40448074b5ab44bc6ab14e0a21a 2d04b7b3c00d4de79dffaa3259138925 - - 22d39aef87aa407091bcadb4d635d80f 22d39aef87aa407091bcadb4d635d80f] 199.204.45.177 "GET /allocations/2d0daa41-81da-427f-bd04-5dcfc336554f" status: 200 len: 257 microversion: 1.28 [pid: 7|app: 0|req: 346/693] 199.204.45.177 () {34 vars in 863 bytes} [Mon Aug 10 23:46:40 2026] GET /allocations/2d0daa41-81da-427f-bd04-5dcfc336554f => generated 257 bytes in 24 msecs (HTTP/1.1 200) 8 headers in 296 bytes (1 switches on core 0)
2026-08-10 23:46:40.266 8 INFO placement.requestlog [req-b0870846-348e-4d8e-b97c-610d502c3aea req-1d6c34bf-a512-4e69-8ea0-674b87f27963 69a6e40448074b5ab44bc6ab14e0a21a 2d04b7b3c00d4de79dffaa3259138925 - - 22d39aef87aa407091bcadb4d635d80f 22d39aef87aa407091bcadb4d635d80f] 199.204.45.177 "DELETE /allocations/7e90a72d-6f12-4f47-876c-208a973d2ab8" status: 204 len: 0 microversion: 1.0 [pid: 8|app: 0|req: 348/694] 199.204.45.177 () {34 vars in 841 bytes} [Mon Aug 10 23:46:40 2026] DELETE /allocations/7e90a72d-6f12-4f47-876c-208a973d2ab8 => generated 0 bytes in 23 msecs (HTTP/1.1 204) 5 headers in 198 bytes (1 switches on core 0)
