2026-03-06 01:34:51.388 7 INFO placement.requestlog [None req-116a7b90-9bc0-455b-9e1a-799e1a201801 da39324a0d6c4069865e93d1f7cfa79b b0424b14cf5745ebb1c8ae2923450bc2 - - default default] 10.0.0.108 "GET /resource_providers/25ab2d42-d291-40d5-b884-c5bbc3713361/usages" status: 200 len: 91 microversion: 1.0 [pid: 7|app: 0|req: 505/1010] 10.0.0.108 () {28 vars in 681 bytes} [Fri Mar 6 01:34:51 2026] GET /resource_providers/25ab2d42-d291-40d5-b884-c5bbc3713361/usages => generated 91 bytes in 12 msecs (HTTP/1.1 200) 6 headers in 223 bytes (1 switches on core 0)
2026-03-06 01:34:51.825 8 INFO placement.requestlog [None req-a96f23a7-58b6-481d-981b-cdfe27261158 9362809a16904dafa1115d07d655776a ff06f33d487f41d7a26f07b889bce4ec - - f6d0949e74694a0a9bea368aff4a871b f6d0949e74694a0a9bea368aff4a871b] 10.0.0.66 "GET /resource_providers/a67fbb68-ee37-4def-a046-aceef558e04f/aggregates" status: 404 len: 235 microversion: 1.1 [pid: 8|app: 0|req: 506/1011] 10.0.0.66 () {32 vars in 815 bytes} [Fri Mar 6 01:34:51 2026] GET /resource_providers/a67fbb68-ee37-4def-a046-aceef558e04f/aggregates => generated 235 bytes in 8 msecs (HTTP/1.1 404) 5 headers in 202 bytes (1 switches on core 0)
2026-03-06 01:34:51.829 7 INFO placement.requestlog [None req-c91422b8-7c24-464a-afec-12fca04be3b6 9362809a16904dafa1115d07d655776a ff06f33d487f41d7a26f07b889bce4ec - - f6d0949e74694a0a9bea368aff4a871b f6d0949e74694a0a9bea368aff4a871b] 10.0.0.66 "GET /resource_providers/a67fbb68-ee37-4def-a046-aceef558e04f/aggregates" status: 404 len: 235 microversion: 1.1 [pid: 7|app: 0|req: 506/1012] 10.0.0.66 () {32 vars in 815 bytes} [Fri Mar 6 01:34:51 2026] GET /resource_providers/a67fbb68-ee37-4def-a046-aceef558e04f/aggregates => generated 235 bytes in 8 msecs (HTTP/1.1 404) 5 headers in 202 bytes (1 switches on core 0)
2026-03-06 01:34:51.844 8 INFO placement.requestlog [None req-4e84a3aa-cf05-43a5-8b3a-cb7b598b1bb7 9362809a16904dafa1115d07d655776a ff06f33d487f41d7a26f07b889bce4ec - - f6d0949e74694a0a9bea368aff4a871b f6d0949e74694a0a9bea368aff4a871b] 10.0.0.66 "DELETE /resource_providers/a67fbb68-ee37-4def-a046-aceef558e04f" status: 404 len: 246 microversion: 1.1 [pid: 8|app: 0|req: 507/1013] 10.0.0.66 () {34 vars in 815 bytes} [Fri Mar 6 01:34:51 2026] DELETE /resource_providers/a67fbb68-ee37-4def-a046-aceef558e04f => generated 246 bytes in 8 msecs (HTTP/1.1 404) 6 headers in 231 bytes (1 switches on core 0)
2026-03-06 01:34:51.848 7 INFO placement.requestlog [None req-e126da79-6150-4e00-b77b-9c90e3648409 9362809a16904dafa1115d07d655776a ff06f33d487f41d7a26f07b889bce4ec - - f6d0949e74694a0a9bea368aff4a871b f6d0949e74694a0a9bea368aff4a871b] 10.0.0.66 "DELETE /resource_providers/a67fbb68-ee37-4def-a046-aceef558e04f" status: 404 len: 246 microversion: 1.1 [pid: 7|app: 0|req: 507/1014] 10.0.0.66 () {34 vars in 815 bytes} [Fri Mar 6 01:34:51 2026] DELETE /resource_providers/a67fbb68-ee37-4def-a046-aceef558e04f => generated 246 bytes in 12 msecs (HTTP/1.1 404) 6 headers in 231 bytes (1 switches on core 0)
2026-03-06 01:34:51.861 8 INFO placement.requestlog [None req-1a78037e-8664-4190-9621-dc19276222f9 9362809a16904dafa1115d07d655776a ff06f33d487f41d7a26f07b889bce4ec - - f6d0949e74694a0a9bea368aff4a871b f6d0949e74694a0a9bea368aff4a871b] 10.0.0.66 "GET /resource_providers/f94c7949-e157-4800-8916-3b6a8da7aae8/aggregates" status: 404 len: 235 microversion: 1.1 [pid: 8|app: 0|req: 508/1015] 10.0.0.66 () {32 vars in 815 bytes} [Fri Mar 6 01:34:51 2026] GET /resource_providers/f94c7949-e157-4800-8916-3b6a8da7aae8/aggregates => generated 235 bytes in 6 msecs (HTTP/1.1 404) 5 headers in 202 bytes (1 switches on core 0)
2026-03-06 01:34:51.862 7 INFO placement.requestlog [None req-7a00d44a-15a1-43c8-84b5-b342ac01d30b 9362809a16904dafa1115d07d655776a ff06f33d487f41d7a26f07b889bce4ec - - f6d0949e74694a0a9bea368aff4a871b f6d0949e74694a0a9bea368aff4a871b] 10.0.0.66 "GET /resource_providers/f94c7949-e157-4800-8916-3b6a8da7aae8/aggregates" status: 404 len: 235 microversion: 1.1 [pid: 7|app: 0|req: 508/1016] 10.0.0.66 () {32 vars in 815 bytes} [Fri Mar 6 01:34:51 2026] GET /resource_providers/f94c7949-e157-4800-8916-3b6a8da7aae8/aggregates => generated 235 bytes in 7 msecs (HTTP/1.1 404) 5 headers in 202 bytes (1 switches on core 0)
2026-03-06 01:34:51.883 8 INFO placement.requestlog [None req-37820b3a-0870-4d0b-b8b8-744c577ddf53 9362809a16904dafa1115d07d655776a ff06f33d487f41d7a26f07b889bce4ec - - f6d0949e74694a0a9bea368aff4a871b f6d0949e74694a0a9bea368aff4a871b] 10.0.0.66 "DELETE /resource_providers/f94c7949-e157-4800-8916-3b6a8da7aae8" status: 404 len: 246 microversion: 1.1 [pid: 8|app: 0|req: 509/1017] 10.0.0.66 () {34 vars in 815 bytes} [Fri Mar 6 01:34:51 2026] DELETE /resource_providers/f94c7949-e157-4800-8916-3b6a8da7aae8 => generated 246 bytes in 8 msecs (HTTP/1.1 404) 6 headers in 231 bytes (1 switches on core 0)
2026-03-06 01:34:51.885 7 INFO placement.requestlog [None req-f88f4890-4845-41f7-9df0-546ae5d82543 9362809a16904dafa1115d07d655776a ff06f33d487f41d7a26f07b889bce4ec - - f6d0949e74694a0a9bea368aff4a871b f6d0949e74694a0a9bea368aff4a871b] 10.0.0.66 "DELETE /resource_providers/f94c7949-e157-4800-8916-3b6a8da7aae8" status: 404 len: 246 microversion: 1.1 [pid: 7|app: 0|req: 509/1018] 10.0.0.66 () {34 vars in 815 bytes} [Fri Mar 6 01:34:51 2026] DELETE /resource_providers/f94c7949-e157-4800-8916-3b6a8da7aae8 => generated 246 bytes in 9 msecs (HTTP/1.1 404) 6 headers in 231 bytes (1 switches on core 0)
2026-03-06 01:34:55.829 7 INFO placement.requestlog [None req-575f1b86-744b-40e5-a4bb-4a1571686da2 9362809a16904dafa1115d07d655776a ff06f33d487f41d7a26f07b889bce4ec - - f6d0949e74694a0a9bea368aff4a871b f6d0949e74694a0a9bea368aff4a871b] 10.0.0.66 "GET /resource_providers/35820c76-709d-46ea-ac0b-503922418dd1/aggregates" status: 404 len: 235 microversion: 1.1 [pid: 7|app: 0|req: 510/1019] 10.0.0.66 () {32 vars in 815 bytes} [Fri Mar 6 01:34:55 2026] GET /resource_providers/35820c76-709d-46ea-ac0b-503922418dd1/aggregates => generated 235 bytes in 10 msecs (HTTP/1.1 404) 5 headers in 202 bytes (1 switches on core 0)
2026-03-06 01:34:55.830 8 INFO placement.requestlog [None req-564a249c-ad69-4da3-aeed-b2cb14220e24 9362809a16904dafa1115d07d655776a ff06f33d487f41d7a26f07b889bce4ec - - f6d0949e74694a0a9bea368aff4a871b f6d0949e74694a0a9bea368aff4a871b] 10.0.0.66 "GET /resource_providers/35820c76-709d-46ea-ac0b-503922418dd1/aggregates" status: 404 len: 235 microversion: 1.1 [pid: 8|app: 0|req: 510/1020] 10.0.0.66 () {32 vars in 815 bytes} [Fri Mar 6 01:34:55 2026] GET /resource_providers/35820c76-709d-46ea-ac0b-503922418dd1/aggregates => generated 235 bytes in 12 msecs (HTTP/1.1 404) 5 headers in 202 bytes (1 switches on core 0)
2026-03-06 01:34:55.846 7 INFO placement.requestlog [None req-5ab296b7-6d36-4b3e-8286-14d43696512f 9362809a16904dafa1115d07d655776a ff06f33d487f41d7a26f07b889bce4ec - - f6d0949e74694a0a9bea368aff4a871b f6d0949e74694a0a9bea368aff4a871b] 10.0.0.66 "DELETE /resource_providers/35820c76-709d-46ea-ac0b-503922418dd1" status: 404 len: 246 microversion: 1.1 [pid: 7|app: 0|req: 511/1021] 10.0.0.66 () {34 vars in 815 bytes} [Fri Mar 6 01:34:55 2026] DELETE /resource_providers/35820c76-709d-46ea-ac0b-503922418dd1 => generated 246 bytes in 8 msecs (HTTP/1.1 404) 6 headers in 231 bytes (1 switches on core 0)
2026-03-06 01:34:55.853 8 INFO placement.requestlog [None req-ce76cf42-f6d3-4016-9032-bc37fd2ba902 9362809a16904dafa1115d07d655776a ff06f33d487f41d7a26f07b889bce4ec - - f6d0949e74694a0a9bea368aff4a871b f6d0949e74694a0a9bea368aff4a871b] 10.0.0.66 "DELETE /resource_providers/35820c76-709d-46ea-ac0b-503922418dd1" status: 404 len: 246 microversion: 1.1 [pid: 8|app: 0|req: 511/1022] 10.0.0.66 () {34 vars in 815 bytes} [Fri Mar 6 01:34:55 2026] DELETE /resource_providers/35820c76-709d-46ea-ac0b-503922418dd1 => generated 246 bytes in 8 msecs (HTTP/1.1 404) 6 headers in 231 bytes (1 switches on core 0)
2026-03-06 01:34:58.850 7 INFO placement.requestlog [None req-d6bd2e03-8ef3-48da-8ac3-2bc821807e4b - - - - - -] 10.0.0.120 "GET /" status: 200 len: 136 microversion: 1.0
2026-03-06 01:34:58.850 8 INFO placement.requestlog [None req-090a2dcc-57d2-4bc6-9d89-86953f2dde29 - - - - - -] 10.0.0.120 "GET /" status: 200 len: 136 microversion: 1.0
2026-03-06 01:35:01.220 8 INFO placement.requestlog [None req-948bd195-5cdf-4b62-bcef-465aae69a2f7 9362809a16904dafa1115d07d655776a ff06f33d487f41d7a26f07b889bce4ec - - f6d0949e74694a0a9bea368aff4a871b f6d0949e74694a0a9bea368aff4a871b] 10.0.0.66 "GET /resource_providers/d524b64b-5b21-4eb0-9439-0be0645da87d/aggregates" status: 404 len: 235 microversion: 1.1 [pid: 8|app: 0|req: 513/1025] 10.0.0.66 () {32 vars in 815 bytes} [Fri Mar 6 01:35:01 2026] GET /resource_providers/d524b64b-5b21-4eb0-9439-0be0645da87d/aggregates => generated 235 bytes in 10 msecs (HTTP/1.1 404) 5 headers in 202 bytes (1 switches on core 0)
2026-03-06 01:35:01.221 7 INFO placement.requestlog [None req-cf9a93d9-3c15-4b8f-bca0-4164846a7ced 9362809a16904dafa1115d07d655776a ff06f33d487f41d7a26f07b889bce4ec - - f6d0949e74694a0a9bea368aff4a871b f6d0949e74694a0a9bea368aff4a871b] 10.0.0.66 "GET /resource_providers/d524b64b-5b21-4eb0-9439-0be0645da87d/aggregates" status: 404 len: 235 microversion: 1.1 [pid: 7|app: 0|req: 513/1026] 10.0.0.66 () {32 vars in 815 bytes} [Fri Mar 6 01:35:01 2026] GET /resource_providers/d524b64b-5b21-4eb0-9439-0be0645da87d/aggregates => generated 235 bytes in 8 msecs (HTTP/1.1 404) 5 headers in 202 bytes (1 switches on core 0)
2026-03-06 01:35:01.242 8 INFO placement.requestlog [None req-7869a59d-9b0a-4a76-99d4-e20dfe9df692 9362809a16904dafa1115d07d655776a ff06f33d487f41d7a26f07b889bce4ec - - f6d0949e74694a0a9bea368aff4a871b f6d0949e74694a0a9bea368aff4a871b] 10.0.0.66 "DELETE /resource_providers/d524b64b-5b21-4eb0-9439-0be0645da87d" status: 404 len: 246 microversion: 1.1 [pid: 8|app: 0|req: 514/1027] 10.0.0.66 () {34 vars in 815 bytes} [Fri Mar 6 01:35:01 2026] DELETE /resource_providers/d524b64b-5b21-4eb0-9439-0be0645da87d => generated 246 bytes in 9 msecs (HTTP/1.1 404) 6 headers in 231 bytes (1 switches on core 0)
2026-03-06 01:35:01.245 7 INFO placement.requestlog [None req-29e738dc-00b3-4399-9fcc-1f7fe3baf970 9362809a16904dafa1115d07d655776a ff06f33d487f41d7a26f07b889bce4ec - - f6d0949e74694a0a9bea368aff4a871b f6d0949e74694a0a9bea368aff4a871b] 10.0.0.66 "DELETE /resource_providers/d524b64b-5b21-4eb0-9439-0be0645da87d" status: 404 len: 246 microversion: 1.1 [pid: 7|app: 0|req: 514/1028] 10.0.0.66 () {34 vars in 815 bytes} [Fri Mar 6 01:35:01 2026] DELETE /resource_providers/d524b64b-5b21-4eb0-9439-0be0645da87d => generated 246 bytes in 9 msecs (HTTP/1.1 404) 6 headers in 231 bytes (1 switches on core 0)
2026-03-06 01:35:08.848 8 INFO placement.requestlog [None req-44824bbc-4319-41f1-9caa-b8684e879bbf - - - - - -] 10.0.0.120 "GET /" status: 200 len: 136 microversion: 1.0
2026-03-06 01:35:08.849 7 INFO placement.requestlog [None req-652a0663-1663-4824-b061-82085bf86dcd - - - - - -] 10.0.0.120 "GET /" status: 200 len: 136 microversion: 1.0
2026-03-06 01:35:09.542 8 INFO placement.requestlog [req-456ac4a1-8da1-4df9-9270-8ea3c4332ebc req-11bf7fb7-2b87-4c98-aabb-d2cd02d6fd0f 1893b29552604d558c5f97174a12e675 ff06f33d487f41d7a26f07b889bce4ec - - f6d0949e74694a0a9bea368aff4a871b f6d0949e74694a0a9bea368aff4a871b] 162.253.55.140 "GET /resource_providers/25ab2d42-d291-40d5-b884-c5bbc3713361/allocations" status: 200 len: 153 microversion: 1.0 [pid: 8|app: 0|req: 516/1031] 162.253.55.140 () {32 vars in 857 bytes} [Fri Mar 6 01:35:09 2026] GET /resource_providers/25ab2d42-d291-40d5-b884-c5bbc3713361/allocations => generated 153 bytes in 14 msecs (HTTP/1.1 200) 6 headers in 224 bytes (1 switches on core 0)
2026-03-06 01:35:09.565 7 INFO placement.requestlog [req-456ac4a1-8da1-4df9-9270-8ea3c4332ebc req-94bedbcf-a5a3-4efb-a5e5-7ef9e8de0e44 1893b29552604d558c5f97174a12e675 ff06f33d487f41d7a26f07b889bce4ec - - f6d0949e74694a0a9bea368aff4a871b f6d0949e74694a0a9bea368aff4a871b] 162.253.55.140 "GET /resource_providers/25ab2d42-d291-40d5-b884-c5bbc3713361/allocations" status: 200 len: 153 microversion: 1.0 [pid: 7|app: 0|req: 516/1032] 162.253.55.140 () {32 vars in 857 bytes} [Fri Mar 6 01:35:09 2026] GET /resource_providers/25ab2d42-d291-40d5-b884-c5bbc3713361/allocations => generated 153 bytes in 16 msecs (HTTP/1.1 200) 6 headers in 224 bytes (1 switches on core 0)
2026-03-06 01:35:09.581 8 INFO placement.requestlog [req-456ac4a1-8da1-4df9-9270-8ea3c4332ebc req-311d17df-346d-48e5-8e03-690469d3a5c7 1893b29552604d558c5f97174a12e675 ff06f33d487f41d7a26f07b889bce4ec - - f6d0949e74694a0a9bea368aff4a871b f6d0949e74694a0a9bea368aff4a871b] 162.253.55.140 "GET /allocations/dd9de3f8-4b69-468a-9d79-5e9dc9482ff5" status: 200 len: 258 microversion: 1.28 [pid: 8|app: 0|req: 517/1033] 162.253.55.140 () {34 vars in 863 bytes} [Fri Mar 6 01:35:09 2026] GET /allocations/dd9de3f8-4b69-468a-9d79-5e9dc9482ff5 => generated 258 bytes in 11 msecs (HTTP/1.1 200) 8 headers in 296 bytes (1 switches on core 0)
2026-03-06 01:35:13.523 7 INFO placement.requestlog [req-edeb4288-1758-428d-82aa-aca984364809 req-ba1ca744-4e14-4e48-a7ff-421f88e67e9f 1893b29552604d558c5f97174a12e675 ff06f33d487f41d7a26f07b889bce4ec - - f6d0949e74694a0a9bea368aff4a871b f6d0949e74694a0a9bea368aff4a871b] 10.0.0.11 "GET /allocation_candidates?limit=1000&resources=DISK_GB%3A1%2CMEMORY_MB%3A512%2CVCPU%3A1&root_required=%21COMPUTE_STATUS_DISABLED" status: 200 len: 2783 microversion: 1.36 [pid: 7|app: 0|req: 517/1034] 10.0.0.11 () {34 vars in 1011 bytes} [Fri Mar 6 01:35:13 2026] GET /allocation_candidates?limit=1000&resources=DISK_GB%3A1%2CMEMORY_MB%3A512%2CVCPU%3A1&root_required=%21COMPUTE_STATUS_DISABLED => generated 2783 bytes in 35 msecs (HTTP/1.1 200) 8 headers in 297 bytes (1 switches on core 0)
2026-03-06 01:35:13.552 8 INFO placement.requestlog [req-edeb4288-1758-428d-82aa-aca984364809 req-b7796be9-b148-4b35-a5df-ee0d83d28e53 1893b29552604d558c5f97174a12e675 ff06f33d487f41d7a26f07b889bce4ec - - f6d0949e74694a0a9bea368aff4a871b f6d0949e74694a0a9bea368aff4a871b] 10.0.0.11 "GET /allocations/d60db642-55c6-44f1-96b7-c75545b8d5a2" status: 200 len: 19 microversion: 1.28 [pid: 8|app: 0|req: 518/1035] 10.0.0.11 () {34 vars in 860 bytes} [Fri Mar 6 01:35:13 2026] GET /allocations/d60db642-55c6-44f1-96b7-c75545b8d5a2 => generated 19 bytes in 10 msecs (HTTP/1.1 200) 8 headers in 295 bytes (1 switches on core 0)
2026-03-06 01:35:13.606 7 INFO placement.requestlog [req-edeb4288-1758-428d-82aa-aca984364809 req-1507a3ab-c71b-4785-b611-b1038564a7d9 1893b29552604d558c5f97174a12e675 ff06f33d487f41d7a26f07b889bce4ec - - f6d0949e74694a0a9bea368aff4a871b f6d0949e74694a0a9bea368aff4a871b] 10.0.0.11 "PUT /allocations/d60db642-55c6-44f1-96b7-c75545b8d5a2" status: 204 len: 0 microversion: 1.36 [pid: 7|app: 0|req: 518/1036] 10.0.0.11 () {38 vars in 913 bytes} [Fri Mar 6 01:35:13 2026] PUT /allocations/d60db642-55c6-44f1-96b7-c75545b8d5a2 => generated 0 bytes in 49 msecs (HTTP/1.1 204) 5 headers in 199 bytes (1 switches on core 0)
2026-03-06 01:35:15.122 8 INFO placement.requestlog [req-edeb4288-1758-428d-82aa-aca984364809 req-e31d2a72-0c70-409e-853b-5ae4de1f4c1e 1893b29552604d558c5f97174a12e675 ff06f33d487f41d7a26f07b889bce4ec - - f6d0949e74694a0a9bea368aff4a871b f6d0949e74694a0a9bea368aff4a871b] 162.253.55.140 "GET /allocations/d60db642-55c6-44f1-96b7-c75545b8d5a2" status: 200 len: 258 microversion: 1.28 [pid: 8|app: 0|req: 519/1037] 162.253.55.140 () {34 vars in 863 bytes} [Fri Mar 6 01:35:15 2026] GET /allocations/d60db642-55c6-44f1-96b7-c75545b8d5a2 => generated 258 bytes in 21 msecs (HTTP/1.1 200) 8 headers in 296 bytes (1 switches on core 0)
2026-03-06 01:35:16.159 7 INFO placement.requestlog [req-edeb4288-1758-428d-82aa-aca984364809 req-34ab2f98-be35-45cd-b07a-694a0527e1e2 1893b29552604d558c5f97174a12e675 ff06f33d487f41d7a26f07b889bce4ec - - f6d0949e74694a0a9bea368aff4a871b f6d0949e74694a0a9bea368aff4a871b] 162.253.55.140 "GET /resource_providers/25ab2d42-d291-40d5-b884-c5bbc3713361/allocations" status: 200 len: 253 microversion: 1.0 [pid: 7|app: 0|req: 519/1038] 162.253.55.140 () {32 vars in 857 bytes} [Fri Mar 6 01:35:16 2026] GET /resource_providers/25ab2d42-d291-40d5-b884-c5bbc3713361/allocations => generated 253 bytes in 16 msecs (HTTP/1.1 200) 6 headers in 224 bytes (1 switches on core 0)
2026-03-06 01:35:16.178 8 INFO placement.requestlog [req-edeb4288-1758-428d-82aa-aca984364809 req-26cc17a3-2914-48e5-a76f-4d7242303052 1893b29552604d558c5f97174a12e675 ff06f33d487f41d7a26f07b889bce4ec - - f6d0949e74694a0a9bea368aff4a871b f6d0949e74694a0a9bea368aff4a871b] 162.253.55.140 "GET /allocations/d60db642-55c6-44f1-96b7-c75545b8d5a2" status: 200 len: 258 microversion: 1.28 [pid: 8|app: 0|req: 520/1039] 162.253.55.140 () {34 vars in 863 bytes} [Fri Mar 6 01:35:16 2026] GET /allocations/d60db642-55c6-44f1-96b7-c75545b8d5a2 => generated 258 bytes in 12 msecs (HTTP/1.1 200) 8 headers in 296 bytes (1 switches on core 0)
2026-03-06 01:35:16.200 7 INFO placement.requestlog [req-edeb4288-1758-428d-82aa-aca984364809 req-64ab496e-4e93-40fd-b688-796409fc5b15 1893b29552604d558c5f97174a12e675 ff06f33d487f41d7a26f07b889bce4ec - - f6d0949e74694a0a9bea368aff4a871b f6d0949e74694a0a9bea368aff4a871b] 162.253.55.140 "GET /allocations/dd9de3f8-4b69-468a-9d79-5e9dc9482ff5" status: 200 len: 258 microversion: 1.28 [pid: 7|app: 0|req: 520/1040] 162.253.55.140 () {34 vars in 863 bytes} [Fri Mar 6 01:35:16 2026] GET /allocations/dd9de3f8-4b69-468a-9d79-5e9dc9482ff5 => generated 258 bytes in 14 msecs (HTTP/1.1 200) 8 headers in 296 bytes (1 switches on core 0)
2026-03-06 01:35:18.849 8 INFO placement.requestlog [None req-fed6c826-1823-46fa-b409-5daf691e6344 - - - - - -] 10.0.0.120 "GET /" status: 200 len: 136 microversion: 1.0
2026-03-06 01:35:18.850 7 INFO placement.requestlog [None req-c3de360e-9316-45cb-877b-93bf60acc135 - - - - - -] 10.0.0.120 "GET /" status: 200 len: 136 microversion: 1.0
2026-03-06 01:35:28.849 8 INFO placement.requestlog [None req-93d4fa91-defb-4be2-8253-5c095805515a - - - - - -] 10.0.0.120 "GET /" status: 200 len: 136 microversion: 1.0
2026-03-06 01:35:28.850 7 INFO placement.requestlog [None req-59676e7d-19a6-4316-ac0b-242a227021f3 - - - - - -] 10.0.0.120 "GET /" status: 200 len: 136 microversion: 1.0
2026-03-06 01:35:38.849 7 INFO placement.requestlog [None req-048107ba-0703-4529-be8d-0fa2f7152b8b - - - - - -] 10.0.0.120 "GET /" status: 200 len: 136 microversion: 1.0
2026-03-06 01:35:38.848 8 INFO placement.requestlog [None req-384ca9f3-7789-41a0-9d68-39a34d3e7227 - - - - - -] 10.0.0.120 "GET /" status: 200 len: 136 microversion: 1.0
2026-03-06 01:35:39.783 7 INFO placement.requestlog [req-09c5fda1-a4cc-4170-9037-754c088e7186 req-00769c61-4458-41b7-9679-a70c87be39e1 1893b29552604d558c5f97174a12e675 ff06f33d487f41d7a26f07b889bce4ec - - f6d0949e74694a0a9bea368aff4a871b f6d0949e74694a0a9bea368aff4a871b] 10.0.0.11 "GET /allocation_candidates?limit=1000&resources=DISK_GB%3A1%2CMEMORY_MB%3A512%2CVCPU%3A1&root_required=%21COMPUTE_STATUS_DISABLED" status: 200 len: 2784 microversion: 1.36 [pid: 7|app: 0|req: 524/1047] 10.0.0.11 () {34 vars in 1011 bytes} [Fri Mar 6 01:35:39 2026] GET /allocation_candidates?limit=1000&resources=DISK_GB%3A1%2CMEMORY_MB%3A512%2CVCPU%3A1&root_required=%21COMPUTE_STATUS_DISABLED => generated 2784 bytes in 50 msecs (HTTP/1.1 200) 8 headers in 297 bytes (1 switches on core 0)
2026-03-06 01:35:39.824 8 INFO placement.requestlog [req-09c5fda1-a4cc-4170-9037-754c088e7186 req-300beca5-d643-418c-83d3-3c74a1875f23 1893b29552604d558c5f97174a12e675 ff06f33d487f41d7a26f07b889bce4ec - - f6d0949e74694a0a9bea368aff4a871b f6d0949e74694a0a9bea368aff4a871b] 10.0.0.11 "GET /allocations/38982b43-c411-4a73-a2aa-5c0fb55cd417" status: 200 len: 19 microversion: 1.28 [pid: 8|app: 0|req: 524/1048] 10.0.0.11 () {34 vars in 860 bytes} [Fri Mar 6 01:35:39 2026] GET /allocations/38982b43-c411-4a73-a2aa-5c0fb55cd417 => generated 19 bytes in 12 msecs (HTTP/1.1 200) 8 headers in 295 bytes (1 switches on core 0)
2026-03-06 01:35:39.887 7 INFO placement.requestlog [req-09c5fda1-a4cc-4170-9037-754c088e7186 req-df744c6b-31bb-4f22-afe2-3928607c6396 1893b29552604d558c5f97174a12e675 ff06f33d487f41d7a26f07b889bce4ec - - f6d0949e74694a0a9bea368aff4a871b f6d0949e74694a0a9bea368aff4a871b] 10.0.0.11 "PUT /allocations/38982b43-c411-4a73-a2aa-5c0fb55cd417" status: 204 len: 0 microversion: 1.36 [pid: 7|app: 0|req: 525/1049] 10.0.0.11 () {38 vars in 913 bytes} [Fri Mar 6 01:35:39 2026] PUT /allocations/38982b43-c411-4a73-a2aa-5c0fb55cd417 => generated 0 bytes in 57 msecs (HTTP/1.1 204) 5 headers in 199 bytes (1 switches on core 0)
2026-03-06 01:35:41.377 8 INFO placement.requestlog [req-09c5fda1-a4cc-4170-9037-754c088e7186 req-95a53921-236c-4fa6-a476-c50690f53a03 1893b29552604d558c5f97174a12e675 ff06f33d487f41d7a26f07b889bce4ec - - f6d0949e74694a0a9bea368aff4a871b f6d0949e74694a0a9bea368aff4a871b] 162.253.55.140 "GET /allocations/38982b43-c411-4a73-a2aa-5c0fb55cd417" status: 200 len: 258 microversion: 1.28 [pid: 8|app: 0|req: 525/1050] 162.253.55.140 () {34 vars in 863 bytes} [Fri Mar 6 01:35:41 2026] GET /allocations/38982b43-c411-4a73-a2aa-5c0fb55cd417 => generated 258 bytes in 12 msecs (HTTP/1.1 200) 8 headers in 296 bytes (1 switches on core 0)
2026-03-06 01:35:42.425 7 INFO placement.requestlog [req-09c5fda1-a4cc-4170-9037-754c088e7186 req-e06368cc-095e-41d1-b3fc-618dc00cf610 1893b29552604d558c5f97174a12e675 ff06f33d487f41d7a26f07b889bce4ec - - f6d0949e74694a0a9bea368aff4a871b f6d0949e74694a0a9bea368aff4a871b] 162.253.55.140 "GET /resource_providers/25ab2d42-d291-40d5-b884-c5bbc3713361/allocations" status: 200 len: 353 microversion: 1.0 [pid: 7|app: 0|req: 526/1051] 162.253.55.140 () {32 vars in 857 bytes} [Fri Mar 6 01:35:42 2026] GET /resource_providers/25ab2d42-d291-40d5-b884-c5bbc3713361/allocations => generated 353 bytes in 21 msecs (HTTP/1.1 200) 6 headers in 224 bytes (1 switches on core 0)
2026-03-06 01:35:42.447 8 INFO placement.requestlog [req-09c5fda1-a4cc-4170-9037-754c088e7186 req-94f00b36-b0f2-44c5-9307-e37f9a60f2ad 1893b29552604d558c5f97174a12e675 ff06f33d487f41d7a26f07b889bce4ec - - f6d0949e74694a0a9bea368aff4a871b f6d0949e74694a0a9bea368aff4a871b] 162.253.55.140 "GET /allocations/38982b43-c411-4a73-a2aa-5c0fb55cd417" status: 200 len: 258 microversion: 1.28 [pid: 8|app: 0|req: 526/1052] 162.253.55.140 () {34 vars in 863 bytes} [Fri Mar 6 01:35:42 2026] GET /allocations/38982b43-c411-4a73-a2aa-5c0fb55cd417 => generated 258 bytes in 16 msecs (HTTP/1.1 200) 8 headers in 296 bytes (1 switches on core 0)
2026-03-06 01:35:42.470 7 INFO placement.requestlog [req-09c5fda1-a4cc-4170-9037-754c088e7186 req-68016260-28f2-4ca5-af41-150982bbe2cd 1893b29552604d558c5f97174a12e675 ff06f33d487f41d7a26f07b889bce4ec - - f6d0949e74694a0a9bea368aff4a871b f6d0949e74694a0a9bea368aff4a871b] 162.253.55.140 "GET /allocations/d60db642-55c6-44f1-96b7-c75545b8d5a2" status: 200 len: 258 microversion: 1.28 [pid: 7|app: 0|req: 527/1053] 162.253.55.140 () {34 vars in 863 bytes} [Fri Mar 6 01:35:42 2026] GET /allocations/d60db642-55c6-44f1-96b7-c75545b8d5a2 => generated 258 bytes in 18 msecs (HTTP/1.1 200) 8 headers in 296 bytes (1 switches on core 0)
2026-03-06 01:35:42.484 8 INFO placement.requestlog [req-09c5fda1-a4cc-4170-9037-754c088e7186 req-1c7d7929-a0a0-4296-9515-0315a054c7cb 1893b29552604d558c5f97174a12e675 ff06f33d487f41d7a26f07b889bce4ec - - f6d0949e74694a0a9bea368aff4a871b f6d0949e74694a0a9bea368aff4a871b] 162.253.55.140 "GET /allocations/dd9de3f8-4b69-468a-9d79-5e9dc9482ff5" status: 200 len: 258 microversion: 1.28 [pid: 8|app: 0|req: 527/1054] 162.253.55.140 () {34 vars in 863 bytes} [Fri Mar 6 01:35:42 2026] GET /allocations/dd9de3f8-4b69-468a-9d79-5e9dc9482ff5 => generated 258 bytes in 10 msecs (HTTP/1.1 200) 8 headers in 296 bytes (1 switches on core 0)
2026-03-06 01:35:43.092 7 INFO placement.requestlog [None req-cb527795-7861-4bd0-87d5-d12024132228 9362809a16904dafa1115d07d655776a ff06f33d487f41d7a26f07b889bce4ec - - f6d0949e74694a0a9bea368aff4a871b f6d0949e74694a0a9bea368aff4a871b] 10.0.0.66 "GET /resource_providers/ee0f0ba8-642f-473e-af36-9d472b422f8e/aggregates" status: 404 len: 235 microversion: 1.1 [pid: 7|app: 0|req: 528/1055] 10.0.0.66 () {32 vars in 815 bytes} [Fri Mar 6 01:35:43 2026] GET /resource_providers/ee0f0ba8-642f-473e-af36-9d472b422f8e/aggregates => generated 235 bytes in 8 msecs (HTTP/1.1 404) 5 headers in 202 bytes (1 switches on core 0)
2026-03-06 01:35:43.096 8 INFO placement.requestlog [None req-098d69da-8414-4a79-91ab-bc8bc6fce53a 9362809a16904dafa1115d07d655776a ff06f33d487f41d7a26f07b889bce4ec - - f6d0949e74694a0a9bea368aff4a871b f6d0949e74694a0a9bea368aff4a871b] 10.0.0.66 "GET /resource_providers/ee0f0ba8-642f-473e-af36-9d472b422f8e/aggregates" status: 404 len: 235 microversion: 1.1 [pid: 8|app: 0|req: 528/1056] 10.0.0.66 () {32 vars in 815 bytes} [Fri Mar 6 01:35:43 2026] GET /resource_providers/ee0f0ba8-642f-473e-af36-9d472b422f8e/aggregates => generated 235 bytes in 12 msecs (HTTP/1.1 404) 5 headers in 202 bytes (1 switches on core 0)
2026-03-06 01:35:43.111 7 INFO placement.requestlog [None req-695806fb-9a5a-4bc3-9874-87a0657bfd35 9362809a16904dafa1115d07d655776a ff06f33d487f41d7a26f07b889bce4ec - - f6d0949e74694a0a9bea368aff4a871b f6d0949e74694a0a9bea368aff4a871b] 10.0.0.66 "DELETE /resource_providers/ee0f0ba8-642f-473e-af36-9d472b422f8e" status: 404 len: 246 microversion: 1.1 [pid: 7|app: 0|req: 529/1057] 10.0.0.66 () {34 vars in 815 bytes} [Fri Mar 6 01:35:43 2026] DELETE /resource_providers/ee0f0ba8-642f-473e-af36-9d472b422f8e => generated 246 bytes in 7 msecs (HTTP/1.1 404) 6 headers in 231 bytes (1 switches on core 0)
2026-03-06 01:35:43.119 8 INFO placement.requestlog [None req-922da0fd-e086-429f-8f78-8f0c2eb2d418 9362809a16904dafa1115d07d655776a ff06f33d487f41d7a26f07b889bce4ec - - f6d0949e74694a0a9bea368aff4a871b f6d0949e74694a0a9bea368aff4a871b] 10.0.0.66 "DELETE /resource_providers/ee0f0ba8-642f-473e-af36-9d472b422f8e" status: 404 len: 246 microversion: 1.1 [pid: 8|app: 0|req: 529/1058] 10.0.0.66 () {34 vars in 815 bytes} [Fri Mar 6 01:35:43 2026] DELETE /resource_providers/ee0f0ba8-642f-473e-af36-9d472b422f8e => generated 246 bytes in 8 msecs (HTTP/1.1 404) 6 headers in 231 bytes (1 switches on core 0)
2026-03-06 01:35:48.849 7 INFO placement.requestlog [None req-d000776d-c886-47e1-92c5-9f67a71673d8 - - - - - -] 10.0.0.120 "GET /" status: 200 len: 136 microversion: 1.0
2026-03-06 01:35:48.849 8 INFO placement.requestlog [None req-a73360cb-b886-4cc0-859b-5d4f0bbfe9d0 - - - - - -] 10.0.0.120 "GET /" status: 200 len: 136 microversion: 1.0
2026-03-06 01:35:51.249 8 INFO placement.requestlog [None req-dba05c0d-e130-4862-abcc-c38add6d106a da39324a0d6c4069865e93d1f7cfa79b b0424b14cf5745ebb1c8ae2923450bc2 - - default default] 10.0.0.108 "GET /resource_providers" status: 200 len: 406 microversion: 1.0 [pid: 8|app: 0|req: 531/1061] 10.0.0.108 () {28 vars in 593 bytes} [Fri Mar 6 01:35:51 2026] GET /resource_providers => generated 406 bytes in 155 msecs (HTTP/1.1 200) 6 headers in 224 bytes (1 switches on core 0)
2026-03-06 01:35:51.269 7 INFO placement.requestlog [None req-8e3f8676-43a6-4d29-9e39-28f2b13e0f1a da39324a0d6c4069865e93d1f7cfa79b b0424b14cf5745ebb1c8ae2923450bc2 - - default default] 10.0.0.108 "GET /resource_providers/25ab2d42-d291-40d5-b884-c5bbc3713361/inventories" status: 200 len: 401 microversion: 1.0 [pid: 7|app: 0|req: 531/1062] 10.0.0.108 () {28 vars in 691 bytes} [Fri Mar 6 01:35:51 2026] GET /resource_providers/25ab2d42-d291-40d5-b884-c5bbc3713361/inventories => generated 401 bytes in 16 msecs (HTTP/1.1 200) 6 headers in 224 bytes (1 switches on core 0)
2026-03-06 01:35:51.290 8 INFO placement.requestlog [None req-9d7bc05e-b097-4efd-b7b1-9594ea991e72 da39324a0d6c4069865e93d1f7cfa79b b0424b14cf5745ebb1c8ae2923450bc2 - - default default] 10.0.0.108 "GET /resource_providers/25ab2d42-d291-40d5-b884-c5bbc3713361/usages" status: 200 len: 92 microversion: 1.0 [pid: 8|app: 0|req: 532/1063] 10.0.0.108 () {28 vars in 681 bytes} [Fri Mar 6 01:35:51 2026] GET /resource_providers/25ab2d42-d291-40d5-b884-c5bbc3713361/usages => generated 92 bytes in 17 msecs (HTTP/1.1 200) 6 headers in 223 bytes (1 switches on core 0)
2026-03-06 01:35:52.188 7 INFO placement.requestlog [req-dee949fd-1f5a-4154-8780-1f8a340d0d77 req-a8fa8849-88dc-4702-a190-59c4085703e8 1893b29552604d558c5f97174a12e675 ff06f33d487f41d7a26f07b889bce4ec - - f6d0949e74694a0a9bea368aff4a871b f6d0949e74694a0a9bea368aff4a871b] 162.253.55.140 "GET /resource_providers/25ab2d42-d291-40d5-b884-c5bbc3713361/allocations" status: 200 len: 353 microversion: 1.0 [pid: 7|app: 0|req: 532/1064] 162.253.55.140 () {32 vars in 857 bytes} [Fri Mar 6 01:35:52 2026] GET /resource_providers/25ab2d42-d291-40d5-b884-c5bbc3713361/allocations => generated 353 bytes in 11 msecs (HTTP/1.1 200) 6 headers in 224 bytes (1 switches on core 0)
2026-03-06 01:35:52.203 8 INFO placement.requestlog [req-dee949fd-1f5a-4154-8780-1f8a340d0d77 req-0eaf2a75-ba17-4cba-94e0-fb5d92c7d271 1893b29552604d558c5f97174a12e675 ff06f33d487f41d7a26f07b889bce4ec - - f6d0949e74694a0a9bea368aff4a871b f6d0949e74694a0a9bea368aff4a871b] 162.253.55.140 "GET /allocations/38982b43-c411-4a73-a2aa-5c0fb55cd417" status: 200 len: 258 microversion: 1.28 [pid: 8|app: 0|req: 533/1065] 162.253.55.140 () {34 vars in 863 bytes} [Fri Mar 6 01:35:52 2026] GET /allocations/38982b43-c411-4a73-a2aa-5c0fb55cd417 => generated 258 bytes in 11 msecs (HTTP/1.1 200) 8 headers in 296 bytes (1 switches on core 0)
2026-03-06 01:35:52.213 7 INFO placement.requestlog [req-dee949fd-1f5a-4154-8780-1f8a340d0d77 req-5069647e-30f3-4e12-80b8-6a9087d077fa 1893b29552604d558c5f97174a12e675 ff06f33d487f41d7a26f07b889bce4ec - - f6d0949e74694a0a9bea368aff4a871b f6d0949e74694a0a9bea368aff4a871b] 162.253.55.140 "GET /allocations/d60db642-55c6-44f1-96b7-c75545b8d5a2" status: 200 len: 258 microversion: 1.28 [pid: 7|app: 0|req: 533/1066] 162.253.55.140 () {34 vars in 863 bytes} [Fri Mar 6 01:35:52 2026] GET /allocations/d60db642-55c6-44f1-96b7-c75545b8d5a2 => generated 258 bytes in 7 msecs (HTTP/1.1 200) 8 headers in 296 bytes (1 switches on core 0)
2026-03-06 01:35:52.228 8 INFO placement.requestlog [req-dee949fd-1f5a-4154-8780-1f8a340d0d77 req-0ea8d536-fe8f-45e7-9232-b5a7d932a04a 1893b29552604d558c5f97174a12e675 ff06f33d487f41d7a26f07b889bce4ec - - f6d0949e74694a0a9bea368aff4a871b f6d0949e74694a0a9bea368aff4a871b] 162.253.55.140 "GET /allocations/dd9de3f8-4b69-468a-9d79-5e9dc9482ff5" status: 200 len: 258 microversion: 1.28 [pid: 8|app: 0|req: 534/1067] 162.253.55.140 () {34 vars in 863 bytes} [Fri Mar 6 01:35:52 2026] GET /allocations/dd9de3f8-4b69-468a-9d79-5e9dc9482ff5 => generated 258 bytes in 11 msecs (HTTP/1.1 200) 8 headers in 296 bytes (1 switches on core 0)
2026-03-06 01:35:53.289 7 INFO placement.requestlog [req-dee949fd-1f5a-4154-8780-1f8a340d0d77 req-82f7229c-d29f-4177-a6f3-02d7db082016 1893b29552604d558c5f97174a12e675 ff06f33d487f41d7a26f07b889bce4ec - - f6d0949e74694a0a9bea368aff4a871b f6d0949e74694a0a9bea368aff4a871b] 162.253.55.140 "DELETE /allocations/d60db642-55c6-44f1-96b7-c75545b8d5a2" status: 204 len: 0 microversion: 1.0 [pid: 7|app: 0|req: 534/1068] 162.253.55.140 () {34 vars in 841 bytes} [Fri Mar 6 01:35:53 2026] DELETE /allocations/d60db642-55c6-44f1-96b7-c75545b8d5a2 => generated 0 bytes in 37 msecs (HTTP/1.1 204) 5 headers in 198 bytes (1 switches on core 0)
2026-03-06 01:35:58.061 8 INFO placement.requestlog [None req-041a7318-d579-4a47-8be1-8ae36bc70a10 9362809a16904dafa1115d07d655776a ff06f33d487f41d7a26f07b889bce4ec - - f6d0949e74694a0a9bea368aff4a871b f6d0949e74694a0a9bea368aff4a871b] 10.0.0.66 "GET /resource_providers/f109561b-c1dd-4e58-88ee-c6601bb4c87d/aggregates" status: 404 len: 235 microversion: 1.1 [pid: 8|app: 0|req: 535/1069] 10.0.0.66 () {32 vars in 815 bytes} [Fri Mar 6 01:35:58 2026] GET /resource_providers/f109561b-c1dd-4e58-88ee-c6601bb4c87d/aggregates => generated 235 bytes in 11 msecs (HTTP/1.1 404) 5 headers in 202 bytes (1 switches on core 0)
2026-03-06 01:35:58.063 7 INFO placement.requestlog [None req-465111ca-1293-4eb9-a457-c8c02695429c 9362809a16904dafa1115d07d655776a ff06f33d487f41d7a26f07b889bce4ec - - f6d0949e74694a0a9bea368aff4a871b f6d0949e74694a0a9bea368aff4a871b] 10.0.0.66 "GET /resource_providers/f109561b-c1dd-4e58-88ee-c6601bb4c87d/aggregates" status: 404 len: 235 microversion: 1.1 [pid: 7|app: 0|req: 535/1070] 10.0.0.66 () {32 vars in 815 bytes} [Fri Mar 6 01:35:58 2026] GET /resource_providers/f109561b-c1dd-4e58-88ee-c6601bb4c87d/aggregates => generated 235 bytes in 10 msecs (HTTP/1.1 404) 5 headers in 202 bytes (1 switches on core 0)
2026-03-06 01:35:58.077 8 INFO placement.requestlog [None req-8d5d3e6a-3456-404d-bea8-95b4d6e06e41 9362809a16904dafa1115d07d655776a ff06f33d487f41d7a26f07b889bce4ec - - f6d0949e74694a0a9bea368aff4a871b f6d0949e74694a0a9bea368aff4a871b] 10.0.0.66 "DELETE /resource_providers/f109561b-c1dd-4e58-88ee-c6601bb4c87d" status: 404 len: 246 microversion: 1.1 [pid: 8|app: 0|req: 536/1071] 10.0.0.66 () {34 vars in 815 bytes} [Fri Mar 6 01:35:58 2026] DELETE /resource_providers/f109561b-c1dd-4e58-88ee-c6601bb4c87d => generated 246 bytes in 8 msecs (HTTP/1.1 404) 6 headers in 231 bytes (1 switches on core 0)
2026-03-06 01:35:58.083 7 INFO placement.requestlog [None req-1c2b91d1-a6c1-49fe-a529-4d3907996e12 9362809a16904dafa1115d07d655776a ff06f33d487f41d7a26f07b889bce4ec - - f6d0949e74694a0a9bea368aff4a871b f6d0949e74694a0a9bea368aff4a871b] 10.0.0.66 "DELETE /resource_providers/f109561b-c1dd-4e58-88ee-c6601bb4c87d" status: 404 len: 246 microversion: 1.1 [pid: 7|app: 0|req: 536/1072] 10.0.0.66 () {34 vars in 815 bytes} [Fri Mar 6 01:35:58 2026] DELETE /resource_providers/f109561b-c1dd-4e58-88ee-c6601bb4c87d => generated 246 bytes in 9 msecs (HTTP/1.1 404) 6 headers in 231 bytes (1 switches on core 0)
2026-03-06 01:35:58.849 8 INFO placement.requestlog [None req-97a3929d-e8d0-40a1-8c9d-399c7fa85589 - - - - - -] 10.0.0.120 "GET /" status: 200 len: 136 microversion: 1.0
2026-03-06 01:35:58.849 7 INFO placement.requestlog [None req-8e46127d-ce1e-4ddd-b317-9c05fd4547e4 - - - - - -] 10.0.0.120 "GET /" status: 200 len: 136 microversion: 1.0
2026-03-06 01:35:59.839 8 INFO placement.requestlog [req-21894fe7-0cc2-4aa7-a441-1fdcf7a6d59d req-ebc7cbdf-4d9b-4ac6-8ed5-6e3e0fa138e1 1893b29552604d558c5f97174a12e675 ff06f33d487f41d7a26f07b889bce4ec - - f6d0949e74694a0a9bea368aff4a871b f6d0949e74694a0a9bea368aff4a871b] 162.253.55.140 "GET /resource_providers/25ab2d42-d291-40d5-b884-c5bbc3713361/allocations" status: 200 len: 253 microversion: 1.0 [pid: 8|app: 0|req: 538/1075] 162.253.55.140 () {32 vars in 857 bytes} [Fri Mar 6 01:35:59 2026] GET /resource_providers/25ab2d42-d291-40d5-b884-c5bbc3713361/allocations => generated 253 bytes in 15 msecs (HTTP/1.1 200) 6 headers in 224 bytes (1 switches on core 0)
2026-03-06 01:35:59.859 7 INFO placement.requestlog [req-21894fe7-0cc2-4aa7-a441-1fdcf7a6d59d req-b7d20fdb-65a0-4a22-9ff1-c362fd8fb5e8 1893b29552604d558c5f97174a12e675 ff06f33d487f41d7a26f07b889bce4ec - - f6d0949e74694a0a9bea368aff4a871b f6d0949e74694a0a9bea368aff4a871b] 162.253.55.140 "GET /allocations/38982b43-c411-4a73-a2aa-5c0fb55cd417" status: 200 len: 258 microversion: 1.28 [pid: 7|app: 0|req: 538/1076] 162.253.55.140 () {34 vars in 863 bytes} [Fri Mar 6 01:35:59 2026] GET /allocations/38982b43-c411-4a73-a2aa-5c0fb55cd417 => generated 258 bytes in 12 msecs (HTTP/1.1 200) 8 headers in 296 bytes (1 switches on core 0)
2026-03-06 01:35:59.874 8 INFO placement.requestlog [req-21894fe7-0cc2-4aa7-a441-1fdcf7a6d59d req-e8a19713-4d31-486f-8739-91ea7d2f1f3c 1893b29552604d558c5f97174a12e675 ff06f33d487f41d7a26f07b889bce4ec - - f6d0949e74694a0a9bea368aff4a871b f6d0949e74694a0a9bea368aff4a871b] 162.253.55.140 "GET /allocations/dd9de3f8-4b69-468a-9d79-5e9dc9482ff5" status: 200 len: 258 microversion: 1.28 [pid: 8|app: 0|req: 539/1077] 162.253.55.140 () {34 vars in 863 bytes} [Fri Mar 6 01:35:59 2026] GET /allocations/dd9de3f8-4b69-468a-9d79-5e9dc9482ff5 => generated 258 bytes in 9 msecs (HTTP/1.1 200) 8 headers in 296 bytes (1 switches on core 0)
2026-03-06 01:36:00.923 7 INFO placement.requestlog [req-21894fe7-0cc2-4aa7-a441-1fdcf7a6d59d req-5b53ac9c-117a-45fe-9418-244f0c9af38e 1893b29552604d558c5f97174a12e675 ff06f33d487f41d7a26f07b889bce4ec - - f6d0949e74694a0a9bea368aff4a871b f6d0949e74694a0a9bea368aff4a871b] 162.253.55.140 "DELETE /allocations/dd9de3f8-4b69-468a-9d79-5e9dc9482ff5" status: 204 len: 0 microversion: 1.0 [pid: 7|app: 0|req: 539/1078] 162.253.55.140 () {34 vars in 841 bytes} [Fri Mar 6 01:36:00 2026] DELETE /allocations/dd9de3f8-4b69-468a-9d79-5e9dc9482ff5 => generated 0 bytes in 21 msecs (HTTP/1.1 204) 5 headers in 198 bytes (1 switches on core 0)
2026-03-06 01:36:02.023 8 INFO placement.requestlog [None req-8c572115-3e57-4e66-8645-2b93d0ab3675 9362809a16904dafa1115d07d655776a ff06f33d487f41d7a26f07b889bce4ec - - f6d0949e74694a0a9bea368aff4a871b f6d0949e74694a0a9bea368aff4a871b] 10.0.0.66 "GET /resource_providers/ecd6e88a-9158-4ec7-b27a-da5c4fae5f90/aggregates" status: 404 len: 235 microversion: 1.1 [pid: 8|app: 0|req: 540/1079] 10.0.0.66 () {32 vars in 815 bytes} [Fri Mar 6 01:36:02 2026] GET /resource_providers/ecd6e88a-9158-4ec7-b27a-da5c4fae5f90/aggregates => generated 235 bytes in 11 msecs (HTTP/1.1 404) 5 headers in 202 bytes (1 switches on core 0)
2026-03-06 01:36:02.028 7 INFO placement.requestlog [None req-36f40c63-3374-4c49-b243-ef4b1efe876e 9362809a16904dafa1115d07d655776a ff06f33d487f41d7a26f07b889bce4ec - - f6d0949e74694a0a9bea368aff4a871b f6d0949e74694a0a9bea368aff4a871b] 10.0.0.66 "GET /resource_providers/ecd6e88a-9158-4ec7-b27a-da5c4fae5f90/aggregates" status: 404 len: 235 microversion: 1.1 [pid: 7|app: 0|req: 540/1080] 10.0.0.66 () {32 vars in 815 bytes} [Fri Mar 6 01:36:02 2026] GET /resource_providers/ecd6e88a-9158-4ec7-b27a-da5c4fae5f90/aggregates => generated 235 bytes in 11 msecs (HTTP/1.1 404) 5 headers in 202 bytes (1 switches on core 0)
2026-03-06 01:36:02.042 8 INFO placement.requestlog [None req-4f5da569-c62d-49e3-bb52-5a27445fb532 9362809a16904dafa1115d07d655776a ff06f33d487f41d7a26f07b889bce4ec - - f6d0949e74694a0a9bea368aff4a871b f6d0949e74694a0a9bea368aff4a871b] 10.0.0.66 "DELETE /resource_providers/ecd6e88a-9158-4ec7-b27a-da5c4fae5f90" status: 404 len: 246 microversion: 1.1 [pid: 8|app: 0|req: 541/1081] 10.0.0.66 () {34 vars in 815 bytes} [Fri Mar 6 01:36:02 2026] DELETE /resource_providers/ecd6e88a-9158-4ec7-b27a-da5c4fae5f90 => generated 246 bytes in 9 msecs (HTTP/1.1 404) 6 headers in 231 bytes (1 switches on core 0)
2026-03-06 01:36:02.047 7 INFO placement.requestlog [None req-bb1c3ada-d3c5-4e1d-93a2-0621e31858c2 9362809a16904dafa1115d07d655776a ff06f33d487f41d7a26f07b889bce4ec - - f6d0949e74694a0a9bea368aff4a871b f6d0949e74694a0a9bea368aff4a871b] 10.0.0.66 "DELETE /resource_providers/ecd6e88a-9158-4ec7-b27a-da5c4fae5f90" status: 404 len: 246 microversion: 1.1 [pid: 7|app: 0|req: 541/1082] 10.0.0.66 () {34 vars in 815 bytes} [Fri Mar 6 01:36:02 2026] DELETE /resource_providers/ecd6e88a-9158-4ec7-b27a-da5c4fae5f90 => generated 246 bytes in 12 msecs (HTTP/1.1 404) 6 headers in 231 bytes (1 switches on core 0)
2026-03-06 01:36:05.124 8 INFO placement.requestlog [None req-f54603fb-7dcb-4f1c-bb53-06ececeecf5d 9362809a16904dafa1115d07d655776a ff06f33d487f41d7a26f07b889bce4ec - - f6d0949e74694a0a9bea368aff4a871b f6d0949e74694a0a9bea368aff4a871b] 10.0.0.66 "GET /resource_providers/63860b5c-0d42-48fb-8240-71f11a0c5e5d/aggregates" status: 404 len: 235 microversion: 1.1 [pid: 8|app: 0|req: 542/1083] 10.0.0.66 () {32 vars in 815 bytes} [Fri Mar 6 01:36:05 2026] GET /resource_providers/63860b5c-0d42-48fb-8240-71f11a0c5e5d/aggregates => generated 235 bytes in 11 msecs (HTTP/1.1 404) 5 headers in 202 bytes (1 switches on core 0)
2026-03-06 01:36:05.135 7 INFO placement.requestlog [None req-6a82a7e8-27f2-4cbb-8138-b36ada6ff9f9 9362809a16904dafa1115d07d655776a ff06f33d487f41d7a26f07b889bce4ec - - f6d0949e74694a0a9bea368aff4a871b f6d0949e74694a0a9bea368aff4a871b] 10.0.0.66 "GET /resource_providers/63860b5c-0d42-48fb-8240-71f11a0c5e5d/aggregates" status: 404 len: 235 microversion: 1.1 [pid: 7|app: 0|req: 542/1084] 10.0.0.66 () {32 vars in 815 bytes} [Fri Mar 6 01:36:05 2026] GET /resource_providers/63860b5c-0d42-48fb-8240-71f11a0c5e5d/aggregates => generated 235 bytes in 18 msecs (HTTP/1.1 404) 5 headers in 202 bytes (1 switches on core 0)
2026-03-06 01:36:05.142 8 INFO placement.requestlog [None req-49165d4e-61a7-4dcc-8beb-04c2240def7c 9362809a16904dafa1115d07d655776a ff06f33d487f41d7a26f07b889bce4ec - - f6d0949e74694a0a9bea368aff4a871b f6d0949e74694a0a9bea368aff4a871b] 10.0.0.66 "DELETE /resource_providers/63860b5c-0d42-48fb-8240-71f11a0c5e5d" status: 404 len: 246 microversion: 1.1 [pid: 8|app: 0|req: 543/1085] 10.0.0.66 () {34 vars in 815 bytes} [Fri Mar 6 01:36:05 2026] DELETE /resource_providers/63860b5c-0d42-48fb-8240-71f11a0c5e5d => generated 246 bytes in 8 msecs (HTTP/1.1 404) 6 headers in 231 bytes (1 switches on core 0)
2026-03-06 01:36:05.156 7 INFO placement.requestlog [None req-d2a135c5-9e62-45f9-808b-080a2868f020 9362809a16904dafa1115d07d655776a ff06f33d487f41d7a26f07b889bce4ec - - f6d0949e74694a0a9bea368aff4a871b f6d0949e74694a0a9bea368aff4a871b] 10.0.0.66 "DELETE /resource_providers/63860b5c-0d42-48fb-8240-71f11a0c5e5d" status: 404 len: 246 microversion: 1.1 [pid: 7|app: 0|req: 543/1086] 10.0.0.66 () {34 vars in 815 bytes} [Fri Mar 6 01:36:05 2026] DELETE /resource_providers/63860b5c-0d42-48fb-8240-71f11a0c5e5d => generated 246 bytes in 9 msecs (HTTP/1.1 404) 6 headers in 231 bytes (1 switches on core 0)
2026-03-06 01:36:06.850 8 INFO placement.requestlog [None req-87ccb8c5-6bf3-4082-9156-c2a7b920eda7 9362809a16904dafa1115d07d655776a ff06f33d487f41d7a26f07b889bce4ec - - f6d0949e74694a0a9bea368aff4a871b f6d0949e74694a0a9bea368aff4a871b] 10.0.0.66 "GET /resource_providers/d1ed264c-e96c-4aa6-a8a1-1ed6c81c1928/aggregates" status: 404 len: 235 microversion: 1.1 [pid: 8|app: 0|req: 544/1087] 10.0.0.66 () {32 vars in 815 bytes} [Fri Mar 6 01:36:06 2026] GET /resource_providers/d1ed264c-e96c-4aa6-a8a1-1ed6c81c1928/aggregates => generated 235 bytes in 9 msecs (HTTP/1.1 404) 5 headers in 202 bytes (1 switches on core 0)
2026-03-06 01:36:06.855 7 INFO placement.requestlog [None req-ac321e03-2557-4b43-9a43-e6d0af513c1e 9362809a16904dafa1115d07d655776a ff06f33d487f41d7a26f07b889bce4ec - - f6d0949e74694a0a9bea368aff4a871b f6d0949e74694a0a9bea368aff4a871b] 10.0.0.66 "GET /resource_providers/d1ed264c-e96c-4aa6-a8a1-1ed6c81c1928/aggregates" status: 404 len: 235 microversion: 1.1 [pid: 7|app: 0|req: 544/1088] 10.0.0.66 () {32 vars in 815 bytes} [Fri Mar 6 01:36:06 2026] GET /resource_providers/d1ed264c-e96c-4aa6-a8a1-1ed6c81c1928/aggregates => generated 235 bytes in 11 msecs (HTTP/1.1 404) 5 headers in 202 bytes (1 switches on core 0)
2026-03-06 01:36:06.875 8 INFO placement.requestlog [None req-67709040-ceb6-478c-beac-61ab31e32346 9362809a16904dafa1115d07d655776a ff06f33d487f41d7a26f07b889bce4ec - - f6d0949e74694a0a9bea368aff4a871b f6d0949e74694a0a9bea368aff4a871b] 10.0.0.66 "DELETE /resource_providers/d1ed264c-e96c-4aa6-a8a1-1ed6c81c1928" status: 404 len: 246 microversion: 1.1 [pid: 8|app: 0|req: 545/1089] 10.0.0.66 () {34 vars in 815 bytes} [Fri Mar 6 01:36:06 2026] DELETE /resource_providers/d1ed264c-e96c-4aa6-a8a1-1ed6c81c1928 => generated 246 bytes in 12 msecs (HTTP/1.1 404) 6 headers in 231 bytes (1 switches on core 0)
2026-03-06 01:36:06.879 7 INFO placement.requestlog [None req-df0366e0-cd22-40a4-8f9e-98d231d8fc64 9362809a16904dafa1115d07d655776a ff06f33d487f41d7a26f07b889bce4ec - - f6d0949e74694a0a9bea368aff4a871b f6d0949e74694a0a9bea368aff4a871b] 10.0.0.66 "DELETE /resource_providers/d1ed264c-e96c-4aa6-a8a1-1ed6c81c1928" status: 404 len: 246 microversion: 1.1 [pid: 7|app: 0|req: 545/1090] 10.0.0.66 () {34 vars in 815 bytes} [Fri Mar 6 01:36:06 2026] DELETE /resource_providers/d1ed264c-e96c-4aa6-a8a1-1ed6c81c1928 => generated 246 bytes in 10 msecs (HTTP/1.1 404) 6 headers in 231 bytes (1 switches on core 0)
2026-03-06 01:36:08.850 8 INFO placement.requestlog [None req-bbf83d51-5c8d-4b43-b71b-8589e3bd2418 - - - - - -] 10.0.0.120 "GET /" status: 200 len: 136 microversion: 1.0
2026-03-06 01:36:08.850 7 INFO placement.requestlog [None req-c569ad0f-1e96-487f-8f0b-a10e564d963b - - - - - -] 10.0.0.120 "GET /" status: 200 len: 136 microversion: 1.0
2026-03-06 01:36:11.544 8 INFO placement.requestlog [req-40f48615-b874-4cfe-80b4-3edd6a95ace2 req-278b24bd-9b93-4d6d-8388-4ad09e1b8755 1893b29552604d558c5f97174a12e675 ff06f33d487f41d7a26f07b889bce4ec - - f6d0949e74694a0a9bea368aff4a871b f6d0949e74694a0a9bea368aff4a871b] 162.253.55.140 "GET /resource_providers/25ab2d42-d291-40d5-b884-c5bbc3713361/allocations" status: 200 len: 153 microversion: 1.0 [pid: 8|app: 0|req: 547/1093] 162.253.55.140 () {32 vars in 857 bytes} [Fri Mar 6 01:36:11 2026] GET /resource_providers/25ab2d42-d291-40d5-b884-c5bbc3713361/allocations => generated 153 bytes in 15 msecs (HTTP/1.1 200) 6 headers in 224 bytes (1 switches on core 0)
2026-03-06 01:36:11.566 7 INFO placement.requestlog [req-40f48615-b874-4cfe-80b4-3edd6a95ace2 req-f1a74a38-aa98-4d4a-8384-1274e1d63a26 1893b29552604d558c5f97174a12e675 ff06f33d487f41d7a26f07b889bce4ec - - f6d0949e74694a0a9bea368aff4a871b f6d0949e74694a0a9bea368aff4a871b] 162.253.55.140 "GET /resource_providers/25ab2d42-d291-40d5-b884-c5bbc3713361/allocations" status: 200 len: 153 microversion: 1.0 [pid: 7|app: 0|req: 547/1094] 162.253.55.140 () {32 vars in 857 bytes} [Fri Mar 6 01:36:11 2026] GET /resource_providers/25ab2d42-d291-40d5-b884-c5bbc3713361/allocations => generated 153 bytes in 15 msecs (HTTP/1.1 200) 6 headers in 224 bytes (1 switches on core 0)
2026-03-06 01:36:11.581 8 INFO placement.requestlog [req-40f48615-b874-4cfe-80b4-3edd6a95ace2 req-74ac7b2d-0109-4913-874f-a918ba2b0edb 1893b29552604d558c5f97174a12e675 ff06f33d487f41d7a26f07b889bce4ec - - f6d0949e74694a0a9bea368aff4a871b f6d0949e74694a0a9bea368aff4a871b] 162.253.55.140 "GET /allocations/38982b43-c411-4a73-a2aa-5c0fb55cd417" status: 200 len: 258 microversion: 1.28 [pid: 8|app: 0|req: 548/1095] 162.253.55.140 () {34 vars in 863 bytes} [Fri Mar 6 01:36:11 2026] GET /allocations/38982b43-c411-4a73-a2aa-5c0fb55cd417 => generated 258 bytes in 10 msecs (HTTP/1.1 200) 8 headers in 296 bytes (1 switches on core 0)
2026-03-06 01:36:15.815 7 INFO placement.requestlog [None req-46e09c8c-88be-426d-b03f-cfad4dd04802 9362809a16904dafa1115d07d655776a ff06f33d487f41d7a26f07b889bce4ec - - f6d0949e74694a0a9bea368aff4a871b f6d0949e74694a0a9bea368aff4a871b] 10.0.0.66 "GET /resource_providers/488c00da-26c0-49ee-afe0-c087c147ac49/aggregates" status: 404 len: 235 microversion: 1.1
2026-03-06 01:36:15.815 8 INFO placement.requestlog [None req-71b71504-5fc6-4aeb-b371-1ed68add7c43 9362809a16904dafa1115d07d655776a ff06f33d487f41d7a26f07b889bce4ec - - f6d0949e74694a0a9bea368aff4a871b f6d0949e74694a0a9bea368aff4a871b] 10.0.0.66 "GET /resource_providers/488c00da-26c0-49ee-afe0-c087c147ac49/aggregates" status: 404 len: 235 microversion: 1.1 [pid: 7|app: 0|req: 548/1096] 10.0.0.66 () {32 vars in 815 bytes} [Fri Mar 6 01:36:15 2026] GET /resource_providers/488c00da-26c0-49ee-afe0-c087c147ac49/aggregates => generated 235 bytes in 11 msecs (HTTP/1.1 404) 5 headers in 202 bytes (1 switches on core 0) [pid: 8|app: 0|req: 549/1097] 10.0.0.66 () {32 vars in 815 bytes} [Fri Mar 6 01:36:15 2026] GET /resource_providers/488c00da-26c0-49ee-afe0-c087c147ac49/aggregates => generated 235 bytes in 11 msecs (HTTP/1.1 404) 5 headers in 202 bytes (1 switches on core 0)
2026-03-06 01:36:15.834 7 INFO placement.requestlog [None req-776fb40d-d75a-41dc-915e-151474928e46 9362809a16904dafa1115d07d655776a ff06f33d487f41d7a26f07b889bce4ec - - f6d0949e74694a0a9bea368aff4a871b f6d0949e74694a0a9bea368aff4a871b] 10.0.0.66 "DELETE /resource_providers/488c00da-26c0-49ee-afe0-c087c147ac49" status: 404 len: 246 microversion: 1.1 [pid: 7|app: 0|req: 549/1098] 10.0.0.66 () {34 vars in 815 bytes} [Fri Mar 6 01:36:15 2026] DELETE /resource_providers/488c00da-26c0-49ee-afe0-c087c147ac49 => generated 246 bytes in 8 msecs (HTTP/1.1 404) 6 headers in 231 bytes (1 switches on core 0)
2026-03-06 01:36:15.837 8 INFO placement.requestlog [None req-118cfb92-f30c-4141-9489-0b6f25e791b5 9362809a16904dafa1115d07d655776a ff06f33d487f41d7a26f07b889bce4ec - - f6d0949e74694a0a9bea368aff4a871b f6d0949e74694a0a9bea368aff4a871b] 10.0.0.66 "DELETE /resource_providers/488c00da-26c0-49ee-afe0-c087c147ac49" status: 404 len: 246 microversion: 1.1 [pid: 8|app: 0|req: 550/1099] 10.0.0.66 () {34 vars in 815 bytes} [Fri Mar 6 01:36:15 2026] DELETE /resource_providers/488c00da-26c0-49ee-afe0-c087c147ac49 => generated 246 bytes in 11 msecs (HTTP/1.1 404) 6 headers in 231 bytes (1 switches on core 0)
2026-03-06 01:36:16.206 7 INFO placement.requestlog [None req-25599e16-bbc3-4bda-950f-5fabf1f232e3 9362809a16904dafa1115d07d655776a ff06f33d487f41d7a26f07b889bce4ec - - f6d0949e74694a0a9bea368aff4a871b f6d0949e74694a0a9bea368aff4a871b] 10.0.0.66 "GET /resource_providers/ab3543d3-8acc-41ba-9195-23db5d5933e6/aggregates" status: 404 len: 235 microversion: 1.1 [pid: 7|app: 0|req: 550/1100] 10.0.0.66 () {32 vars in 815 bytes} [Fri Mar 6 01:36:16 2026] GET /resource_providers/ab3543d3-8acc-41ba-9195-23db5d5933e6/aggregates => generated 235 bytes in 9 msecs (HTTP/1.1 404) 5 headers in 202 bytes (1 switches on core 0)
2026-03-06 01:36:16.207 8 INFO placement.requestlog [None req-0c2b9b57-6ecb-4b35-a06b-7586eb06865a 9362809a16904dafa1115d07d655776a ff06f33d487f41d7a26f07b889bce4ec - - f6d0949e74694a0a9bea368aff4a871b f6d0949e74694a0a9bea368aff4a871b] 10.0.0.66 "GET /resource_providers/ab3543d3-8acc-41ba-9195-23db5d5933e6/aggregates" status: 404 len: 235 microversion: 1.1 [pid: 8|app: 0|req: 551/1101] 10.0.0.66 () {32 vars in 815 bytes} [Fri Mar 6 01:36:16 2026] GET /resource_providers/ab3543d3-8acc-41ba-9195-23db5d5933e6/aggregates => generated 235 bytes in 10 msecs (HTTP/1.1 404) 5 headers in 202 bytes (1 switches on core 0)
