2026-03-06 01:33:35.684 8 ERROR ovsdbapp.event port_up = self._nb_idl.lsp_get_up(db_port.id).execute(
2026-03-06 01:33:35.684 8 ERROR ovsdbapp.event ^^^^^^^^^^^^^^^^^^^^^^^^^^^^^^^^^^^^^^^^^^^^
2026-03-06 01:33:35.684 8 ERROR ovsdbapp.event
File "/var/lib/openstack/lib/python3.12/site-packages/ovsdbapp/backend/ovs_idl/command.py", line 47, in execute
2026-03-06 01:33:35.684 8 ERROR ovsdbapp.event self.run_idl(None)
2026-03-06 01:33:35.684 8 ERROR ovsdbapp.event
File "/var/lib/openstack/lib/python3.12/site-packages/ovsdbapp/schema/ovn_northbound/commands.py", line 681, in run_idl
2026-03-06 01:33:35.684 8 ERROR ovsdbapp.event lsp = self.api.lookup('Logical_Switch_Port', self.port)
2026-03-06 01:33:35.684 8 ERROR ovsdbapp.event ^^^^^^^^^^^^^^^^^^^^^^^^^^^^^^^^^^^^^^^^^^^^^^^^^
2026-03-06 01:33:35.684 8 ERROR ovsdbapp.event
File "/var/lib/openstack/lib/python3.12/site-packages/ovsdbapp/backend/ovs_idl/__init__.py", line 184, in lookup
2026-03-06 01:33:35.684 8 ERROR ovsdbapp.event return self._lookup(table, record)
2026-03-06 01:33:35.684 8 ERROR ovsdbapp.event ^^^^^^^^^^^^^^^^^^^^^^^^^^^
2026-03-06 01:33:35.684 8 ERROR ovsdbapp.event
File "/var/lib/openstack/lib/python3.12/site-packages/ovsdbapp/backend/ovs_idl/__init__.py", line 235, in _lookup
2026-03-06 01:33:35.684 8 ERROR ovsdbapp.event row = idlutils.row_by_value(self, rl.table, rl.column, record)
2026-03-06 01:33:35.684 8 ERROR ovsdbapp.event ^^^^^^^^^^^^^^^^^^^^^^^^^^^^^^^^^^^^^^^^^^^^^^^^^^^^^^^^
2026-03-06 01:33:35.684 8 ERROR ovsdbapp.event
File "/var/lib/openstack/lib/python3.12/site-packages/ovsdbapp/backend/ovs_idl/idlutils.py", line 114, in row_by_value
2026-03-06 01:33:35.684 8 ERROR ovsdbapp.event raise RowNotFound(table=table, col=column, match=match)
2026-03-06 01:33:35.684 8 ERROR ovsdbapp.event ovsdbapp.backend.ovs_idl.idlutils.RowNotFound: Cannot find Logical_Switch_Port with name=f1a12c49-88c1-4214-82fd-b56e2cc97a7b
2026-03-06 01:33:35.684 8 ERROR ovsdbapp.event
2026-03-06 01:33:35.706 8 INFO neutron.plugins.ml2.drivers.ovn.mech_driver.mech_driver [None req-249eb3ca-a356-483c-861e-401fc170bf6b - - - - - -] OVN reports status down for port: 62d4e29b-a40d-415c-af6a-9d436efc9595
2026-03-06 01:33:35.809 8 WARNING neutron.scheduler.dhcp_agent_scheduler [None req-2d60ccc2-7ef8-41a1-a08f-d896ad1204aa d15e1aa520944283b433cb2a43fa4c3e 9d2c71b9ba06400ba422afdbe2f9c2ab - - default default] No more DHCP agents [pid: 7|app: 0|req: 801/1490] 10.0.0.157 () {34 vars in 789 bytes} [Fri Mar 6 01:33:35 2026] PUT /v2.0/routers/d1fcdc71-bc87-460c-8a7d-68b5d16942ee/remove_router_interface => generated 309 bytes in 741 msecs (HTTP/1.1 200) 4 headers in 157 bytes (1 switches on core 0)
2026-03-06 01:33:35.812 8 WARNING neutron.api.rpc.agentnotifiers.dhcp_rpc_agent_api [None req-2d60ccc2-7ef8-41a1-a08f-d896ad1204aa d15e1aa520944283b433cb2a43fa4c3e 9d2c71b9ba06400ba422afdbe2f9c2ab - - default default] Unable to schedule network 98fa55a8-96a9-418f-88ee-a5dfa0fa9f7a: no agents available; will retry on subsequent port and subnet creation events. /var/lib/openstack/lib/python3.12/site-packages/pycadf/identifier.py:70: UserWarning: Invalid uuid: neutron. To ensure interoperability, identifiers should be a valid uuid. warnings.warn(('Invalid uuid: %s. To ensure interoperability, '
2026-03-06 01:33:35.866 7 INFO neutron.api.v2.resource [None req-65c7e0d5-303b-484a-9e19-e5581f5dd3ab 1ce53f01d4d64f00b8717107ae3beecd 5595f084a21f455cb66fab279e7e148f - - default default] remove_router_interface failed (client error): The resource could not be found. [pid: 7|app: 0|req: 802/1491] 10.0.0.157 () {34 vars in 789 bytes} [Fri Mar 6 01:33:35 2026] PUT /v2.0/routers/d1fcdc71-bc87-460c-8a7d-68b5d16942ee/remove_router_interface => generated 197 bytes in 55 msecs (HTTP/1.1 404) 4 headers in 164 bytes (1 switches on core 0) [pid: 7|app: 0|req: 803/1492] 10.0.0.157 () {32 vars in 736 bytes} [Fri Mar 6 01:33:35 2026] GET /v2.0/ports?device_id=d1fcdc71-bc87-460c-8a7d-68b5d16942ee => generated 12 bytes in 21 msecs (HTTP/1.1 200) 4 headers in 156 bytes (1 switches on core 0) [pid: 7|app: 0|req: 804/1493] 10.0.0.157 () {32 vars in 724 bytes} [Fri Mar 6 01:33:35 2026] DELETE /v2.0/routers/d1fcdc71-bc87-460c-8a7d-68b5d16942ee => generated 0 bytes in 199 msecs (HTTP/1.1 204) 2 headers in 112 bytes (1 switches on core 0)
2026-03-06 01:33:36.269 8 INFO neutron.db.ovn_revision_numbers_db [None req-75ee8612-8983-4c2a-bfee-e654d39da290 - - - - - -] Successfully bumped revision number for resource 62d4e29b-a40d-415c-af6a-9d436efc9595 (type: ports) to 2
2026-03-06 01:33:36.308 8 INFO neutron.db.ovn_revision_numbers_db [None req-75ee8612-8983-4c2a-bfee-e654d39da290 - - - - - -] Successfully bumped revision number for resource 0c7ce26d-107e-4f75-bdd4-4abc7e05059d (type: subnets) to 0 [pid: 8|app: 0|req: 690/1494] 10.0.0.157 () {34 vars in 669 bytes} [Fri Mar 6 01:33:35 2026] POST /v2.0/subnets => generated 626 bytes in 938 msecs (HTTP/1.1 201) 4 headers in 162 bytes (1 switches on core 0)
2026-03-06 01:33:36.406 7 INFO neutron.db.ovn_revision_numbers_db [None req-1931f726-4e6b-4469-bdee-b95e407d8f97 da39324a0d6c4069865e93d1f7cfa79b b0424b14cf5745ebb1c8ae2923450bc2 - - default default] Successfully bumped revision number for resource 59b9b0ca-cfed-4997-9c5a-97c1e9f92d22 (type: security_groups) to 1
2026-03-06 01:33:36.417 7 INFO neutron.db.ovn_revision_numbers_db [None req-1931f726-4e6b-4469-bdee-b95e407d8f97 da39324a0d6c4069865e93d1f7cfa79b b0424b14cf5745ebb1c8ae2923450bc2 - - default default] Successfully bumped revision number for resource 18324fca-e636-4da7-b7f7-79cad1bb98d5 (type: security_group_rules) to 0
2026-03-06 01:33:36.426 7 INFO neutron.db.ovn_revision_numbers_db [None req-1931f726-4e6b-4469-bdee-b95e407d8f97 da39324a0d6c4069865e93d1f7cfa79b b0424b14cf5745ebb1c8ae2923450bc2 - - default default] Successfully bumped revision number for resource 3cce3b81-b937-4e18-9758-edaf15c3f899 (type: security_group_rules) to 0
2026-03-06 01:33:36.435 7 INFO neutron.db.ovn_revision_numbers_db [None req-1931f726-4e6b-4469-bdee-b95e407d8f97 da39324a0d6c4069865e93d1f7cfa79b b0424b14cf5745ebb1c8ae2923450bc2 - - default default] Successfully bumped revision number for resource 89cb801f-1cd8-47cf-b526-612031fe35c5 (type: security_group_rules) to 0
2026-03-06 01:33:36.446 7 INFO neutron.db.ovn_revision_numbers_db [None req-1931f726-4e6b-4469-bdee-b95e407d8f97 da39324a0d6c4069865e93d1f7cfa79b b0424b14cf5745ebb1c8ae2923450bc2 - - default default] Successfully bumped revision number for resource d8b84894-b457-47f0-ade9-c9c8753251b6 (type: security_group_rules) to 0 [pid: 8|app: 0|req: 691/1495] 10.0.0.157 () {32 vars in 724 bytes} [Fri Mar 6 01:33:36 2026] DELETE /v2.0/subnets/93a5f388-9105-4f18-9889-1066da22e8a4 => generated 0 bytes in 155 msecs (HTTP/1.1 204) 3 headers in 131 bytes (1 switches on core 0) [pid: 7|app: 0|req: 805/1496] 10.0.0.157 () {32 vars in 774 bytes} [Fri Mar 6 01:33:36 2026] GET /v2.0/security-groups?tenant_id=e670183ca63a4787b0e5daa05b37886c&name=default => generated 2925 bytes in 397 msecs (HTTP/1.1 200) 4 headers in 158 bytes (1 switches on core 0)
2026-03-06 01:33:36.556 8 INFO neutron.db.segments_db [None req-8a5997be-a440-48b7-a376-84f75b56490a d15e1aa520944283b433cb2a43fa4c3e 9d2c71b9ba06400ba422afdbe2f9c2ab - - default default] Added segment 331ead12-ba61-4f61-846d-f2a867deb32a of type geneve for network bed135e8-c4b8-473d-ad9e-3f0dcb7c9259
2026-03-06 01:33:36.623 7 INFO neutron_taas.services.taas.taas_plugin [None req-339fe18a-dcfb-4692-b5b7-4c48b9ba9999 1ce53f01d4d64f00b8717107ae3beecd 5595f084a21f455cb66fab279e7e148f - - default default] TaaS: Handle Delete Port: b0039511-bc75-4b8d-ad2e-d164765bc746
2026-03-06 01:33:36.625 7 INFO neutron_taas.services.taas.tap_mirror_plugin [None req-339fe18a-dcfb-4692-b5b7-4c48b9ba9999 1ce53f01d4d64f00b8717107ae3beecd 5595f084a21f455cb66fab279e7e148f - - default default] Tap Mirror: Handle Delete Port: b0039511-bc75-4b8d-ad2e-d164765bc746
2026-03-06 01:33:36.688 8 INFO neutron.db.ovn_revision_numbers_db [None req-8a5997be-a440-48b7-a376-84f75b56490a d15e1aa520944283b433cb2a43fa4c3e 9d2c71b9ba06400ba422afdbe2f9c2ab - - default default] Successfully bumped revision number for resource bed135e8-c4b8-473d-ad9e-3f0dcb7c9259 (type: networks) to 1
2026-03-06 01:33:36.841 7 INFO neutron.services.segments.plugin [-] Segment cefe5ef4-970e-4af5-bb37-4ca4ffe53b77 resource provider aggregate not found
2026-03-06 01:33:36.849 7 INFO neutron.services.segments.plugin [-] Segment cefe5ef4-970e-4af5-bb37-4ca4ffe53b77 resource provider aggregate not found
2026-03-06 01:33:36.865 7 INFO neutron.services.segments.plugin [-] Segment cefe5ef4-970e-4af5-bb37-4ca4ffe53b77 resource provider not found; error: Placement Client Error (4xx): {"errors": [{"status": 404, "title": "Not Found", "detail": "The resource could not be found.\n\n No resource provider with uuid cefe5ef4-970e-4af5-bb37-4ca4ffe53b77 found for delete ", "request_id": "req-d6df18b6-729c-44db-8cc6-42993fb7d3e7"}]}
2026-03-06 01:33:36.868 7 INFO neutron.services.segments.plugin [-] Segment cefe5ef4-970e-4af5-bb37-4ca4ffe53b77 resource provider not found; error: Placement Client Error (4xx): {"errors": [{"status": 404, "title": "Not Found", "detail": "The resource could not be found.\n\n No resource provider with uuid cefe5ef4-970e-4af5-bb37-4ca4ffe53b77 found for delete ", "request_id": "req-a6440ded-8f8b-471a-bd77-2caebe544fff"}]}
2026-03-06 01:33:36.875 8 WARNING neutron.scheduler.dhcp_agent_scheduler [None req-8a5997be-a440-48b7-a376-84f75b56490a d15e1aa520944283b433cb2a43fa4c3e 9d2c71b9ba06400ba422afdbe2f9c2ab - - default default] No more DHCP agents
2026-03-06 01:33:36.878 8 WARNING neutron.api.rpc.agentnotifiers.dhcp_rpc_agent_api [None req-8a5997be-a440-48b7-a376-84f75b56490a d15e1aa520944283b433cb2a43fa4c3e 9d2c71b9ba06400ba422afdbe2f9c2ab - - default default] Unable to schedule network bed135e8-c4b8-473d-ad9e-3f0dcb7c9259: no agents available; will retry on subsequent port and subnet creation events. [pid: 7|app: 0|req: 806/1497] 10.0.0.157 () {32 vars in 726 bytes} [Fri Mar 6 01:33:36 2026] DELETE /v2.0/networks/329ddb48-b691-4da0-8cf2-94cc6cfd2e49 => generated 0 bytes in 405 msecs (HTTP/1.1 204) 3 headers in 131 bytes (1 switches on core 0)
2026-03-06 01:33:36.976 8 INFO neutron.plugins.ml2.drivers.ovn.mech_driver.mech_driver [None req-249eb3ca-a356-483c-861e-401fc170bf6b - - - - - -] OVN reports status down for port: b45b67de-ef47-406d-afda-63a65338315a
2026-03-06 01:33:37.037 8 INFO neutron.db.ovn_revision_numbers_db [None req-8a5997be-a440-48b7-a376-84f75b56490a d15e1aa520944283b433cb2a43fa4c3e 9d2c71b9ba06400ba422afdbe2f9c2ab - - default default] Successfully bumped revision number for resource b45b67de-ef47-406d-afda-63a65338315a (type: ports) to 1 [pid: 8|app: 0|req: 692/1498] 10.0.0.157 () {34 vars in 670 bytes} [Fri Mar 6 01:33:36 2026] POST /v2.0/networks => generated 651 bytes in 612 msecs (HTTP/1.1 201) 4 headers in 162 bytes (1 switches on core 0)
2026-03-06 01:33:37.224 8 INFO neutron.db.segments_db [None req-c53f6909-63d0-4aef-8287-9e6e580bdd1a 1ce53f01d4d64f00b8717107ae3beecd 5595f084a21f455cb66fab279e7e148f - - default default] Added segment cd302a4f-3bdd-4711-8cc2-b8267bd51725 of type geneve for network 920a9ba6-2f09-4eae-ba42-0ce6fc186a15 [pid: 7|app: 0|req: 807/1499] 10.0.0.157 () {32 vars in 740 bytes} [Fri Mar 6 01:33:36 2026] DELETE /v2.0/security-groups/59b9b0ca-cfed-4997-9c5a-97c1e9f92d22 => generated 0 bytes in 335 msecs (HTTP/1.1 204) 2 headers in 112 bytes (1 switches on core 0)
2026-03-06 01:33:37.348 8 INFO neutron.db.ovn_revision_numbers_db [None req-c53f6909-63d0-4aef-8287-9e6e580bdd1a 1ce53f01d4d64f00b8717107ae3beecd 5595f084a21f455cb66fab279e7e148f - - default default] Successfully bumped revision number for resource 920a9ba6-2f09-4eae-ba42-0ce6fc186a15 (type: networks) to 1
2026-03-06 01:33:37.442 7 WARNING neutron.scheduler.dhcp_agent_scheduler [None req-38a364fe-afef-4c64-90d8-de581815c74e d15e1aa520944283b433cb2a43fa4c3e 9d2c71b9ba06400ba422afdbe2f9c2ab - - default default] No more DHCP agents
2026-03-06 01:33:37.443 7 WARNING neutron.api.rpc.agentnotifiers.dhcp_rpc_agent_api [None req-38a364fe-afef-4c64-90d8-de581815c74e d15e1aa520944283b433cb2a43fa4c3e 9d2c71b9ba06400ba422afdbe2f9c2ab - - default default] Unable to schedule network bed135e8-c4b8-473d-ad9e-3f0dcb7c9259: no agents available; will retry on subsequent port and subnet creation events.
2026-03-06 01:33:37.505 8 WARNING neutron.scheduler.dhcp_agent_scheduler [None req-c53f6909-63d0-4aef-8287-9e6e580bdd1a 1ce53f01d4d64f00b8717107ae3beecd 5595f084a21f455cb66fab279e7e148f - - default default] No more DHCP agents
2026-03-06 01:33:37.506 8 WARNING neutron.api.rpc.agentnotifiers.dhcp_rpc_agent_api [None req-c53f6909-63d0-4aef-8287-9e6e580bdd1a 1ce53f01d4d64f00b8717107ae3beecd 5595f084a21f455cb66fab279e7e148f - - default default] Unable to schedule network 920a9ba6-2f09-4eae-ba42-0ce6fc186a15: no agents available; will retry on subsequent port and subnet creation events.
2026-03-06 01:33:37.584 8 INFO neutron.plugins.ml2.drivers.ovn.mech_driver.mech_driver [None req-249eb3ca-a356-483c-861e-401fc170bf6b - - - - - -] OVN reports status down for port: 4ccd721f-c0da-4d49-8ab0-9ce38d0c6b30
2026-03-06 01:33:37.642 8 INFO neutron.db.ovn_revision_numbers_db [None req-c53f6909-63d0-4aef-8287-9e6e580bdd1a 1ce53f01d4d64f00b8717107ae3beecd 5595f084a21f455cb66fab279e7e148f - - default default] Successfully bumped revision number for resource 4ccd721f-c0da-4d49-8ab0-9ce38d0c6b30 (type: ports) to 1 [pid: 8|app: 0|req: 693/1500] 10.0.0.157 () {34 vars in 670 bytes} [Fri Mar 6 01:33:37 2026] POST /v2.0/networks => generated 653 bytes in 606 msecs (HTTP/1.1 201) 4 headers in 162 bytes (1 switches on core 0)
2026-03-06 01:33:37.881 8 INFO neutron.db.ovn_revision_numbers_db [None req-bf592346-af01-43f9-8587-dfb6ff280868 da39324a0d6c4069865e93d1f7cfa79b b0424b14cf5745ebb1c8ae2923450bc2 - - default default] Successfully bumped revision number for resource ef6a3da7-8a8c-44cd-9428-3cb827c2d265 (type: security_groups) to 1
2026-03-06 01:33:37.894 8 INFO neutron.db.ovn_revision_numbers_db [None req-bf592346-af01-43f9-8587-dfb6ff280868 da39324a0d6c4069865e93d1f7cfa79b b0424b14cf5745ebb1c8ae2923450bc2 - - default default] Successfully bumped revision number for resource 11a83e1d-6ed0-4d7e-abf8-468856633496 (type: security_group_rules) to 0
2026-03-06 01:33:37.926 8 INFO neutron.db.ovn_revision_numbers_db [None req-bf592346-af01-43f9-8587-dfb6ff280868 da39324a0d6c4069865e93d1f7cfa79b b0424b14cf5745ebb1c8ae2923450bc2 - - default default] Successfully bumped revision number for resource 9d432329-fab9-47bd-bb2d-843b6dd4674f (type: security_group_rules) to 0
2026-03-06 01:33:37.946 8 INFO neutron.db.ovn_revision_numbers_db [None req-bf592346-af01-43f9-8587-dfb6ff280868 da39324a0d6c4069865e93d1f7cfa79b b0424b14cf5745ebb1c8ae2923450bc2 - - default default] Successfully bumped revision number for resource b8c84ade-4c7a-445c-a20c-e8f9c7f06cf9 (type: security_group_rules) to 0
2026-03-06 01:33:37.952 7 INFO neutron.db.ovn_revision_numbers_db [None req-336b5869-38b8-4420-8664-c7dc96914eec - - - - - -] Successfully bumped revision number for resource b45b67de-ef47-406d-afda-63a65338315a (type: ports) to 2
2026-03-06 01:33:37.957 8 INFO neutron.db.ovn_revision_numbers_db [None req-bf592346-af01-43f9-8587-dfb6ff280868 da39324a0d6c4069865e93d1f7cfa79b b0424b14cf5745ebb1c8ae2923450bc2 - - default default] Successfully bumped revision number for resource ca0e6272-1c07-4b15-80ae-bd8d9a7707ac (type: security_group_rules) to 0
2026-03-06 01:33:37.984 7 INFO neutron.db.ovn_revision_numbers_db [None req-336b5869-38b8-4420-8664-c7dc96914eec - - - - - -] Successfully bumped revision number for resource 8786e716-24f3-4794-a615-99569018936d (type: subnets) to 0 [pid: 8|app: 0|req: 694/1501] 10.0.0.157 () {32 vars in 774 bytes} [Fri Mar 6 01:33:37 2026] GET /v2.0/security-groups?tenant_id=c133f1d805434c57af13d704207a109a&name=default => generated 2925 bytes in 295 msecs (HTTP/1.1 200) 4 headers in 158 bytes (1 switches on core 0) [pid: 7|app: 0|req: 808/1502] 10.0.0.157 () {34 vars in 669 bytes} [Fri Mar 6 01:33:37 2026] POST /v2.0/subnets => generated 629 bytes in 762 msecs (HTTP/1.1 201) 4 headers in 162 bytes (1 switches on core 0)
2026-03-06 01:33:38.233 8 WARNING neutron.scheduler.dhcp_agent_scheduler [None req-d37cd9c9-cb01-4907-b1ff-85d6788249c3 1ce53f01d4d64f00b8717107ae3beecd 5595f084a21f455cb66fab279e7e148f - - default default] No more DHCP agents
2026-03-06 01:33:38.235 8 WARNING neutron.api.rpc.agentnotifiers.dhcp_rpc_agent_api [None req-d37cd9c9-cb01-4907-b1ff-85d6788249c3 1ce53f01d4d64f00b8717107ae3beecd 5595f084a21f455cb66fab279e7e148f - - default default] Unable to schedule network 920a9ba6-2f09-4eae-ba42-0ce6fc186a15: no agents available; will retry on subsequent port and subnet creation events. [pid: 7|app: 0|req: 809/1503] 10.0.0.157 () {32 vars in 740 bytes} [Fri Mar 6 01:33:38 2026] DELETE /v2.0/security-groups/ef6a3da7-8a8c-44cd-9428-3cb827c2d265 => generated 0 bytes in 273 msecs (HTTP/1.1 204) 2 headers in 112 bytes (1 switches on core 0)
2026-03-06 01:33:38.282 8 INFO neutron.db.ovn_revision_numbers_db [None req-d37cd9c9-cb01-4907-b1ff-85d6788249c3 1ce53f01d4d64f00b8717107ae3beecd 5595f084a21f455cb66fab279e7e148f - - default default] Successfully bumped revision number for resource e3430ae9-f357-4e51-a0c2-f1e2e7077b17 (type: subnets) to 0 [pid: 8|app: 0|req: 695/1504] 10.0.0.157 () {34 vars in 669 bytes} [Fri Mar 6 01:33:37 2026] POST /v2.0/subnets => generated 646 bytes in 306 msecs (HTTP/1.1 201) 4 headers in 162 bytes (1 switches on core 0)
2026-03-06 01:33:38.351 7 INFO neutron.db.segments_db [None req-d85e26ce-3bdd-487e-8425-697b56cc093c d15e1aa520944283b433cb2a43fa4c3e 9d2c71b9ba06400ba422afdbe2f9c2ab - - default default] Added segment 2909eb41-0106-4a0e-b472-047f9667a1ef of type geneve for network 5e7dd546-74ad-4413-b071-8a9317345f00
2026-03-06 01:33:38.416 8 INFO neutron.db.ovn_revision_numbers_db [None req-e2852253-4c56-4cc4-9cef-b3fb00c8a83e 1ce53f01d4d64f00b8717107ae3beecd 5595f084a21f455cb66fab279e7e148f - - default default] Successfully bumped revision number for resource fe6feda8-8fec-4deb-b221-69a3541b3079 (type: routers) to 1 [pid: 8|app: 0|req: 696/1505] 10.0.0.157 () {34 vars in 669 bytes} [Fri Mar 6 01:33:38 2026] POST /v2.0/routers => generated 607 bytes in 124 msecs (HTTP/1.1 201) 4 headers in 162 bytes (1 switches on core 0)
2026-03-06 01:33:38.475 7 INFO neutron.db.ovn_revision_numbers_db [None req-d85e26ce-3bdd-487e-8425-697b56cc093c d15e1aa520944283b433cb2a43fa4c3e 9d2c71b9ba06400ba422afdbe2f9c2ab - - default default] Successfully bumped revision number for resource 5e7dd546-74ad-4413-b071-8a9317345f00 (type: networks) to 1
2026-03-06 01:33:38.628 7 WARNING neutron.scheduler.dhcp_agent_scheduler [None req-d85e26ce-3bdd-487e-8425-697b56cc093c d15e1aa520944283b433cb2a43fa4c3e 9d2c71b9ba06400ba422afdbe2f9c2ab - - default default] No more DHCP agents
2026-03-06 01:33:38.646 7 WARNING neutron.api.rpc.agentnotifiers.dhcp_rpc_agent_api [None req-d85e26ce-3bdd-487e-8425-697b56cc093c d15e1aa520944283b433cb2a43fa4c3e 9d2c71b9ba06400ba422afdbe2f9c2ab - - default default] Unable to schedule network 5e7dd546-74ad-4413-b071-8a9317345f00: no agents available; will retry on subsequent port and subnet creation events.
2026-03-06 01:33:38.759 8 INFO neutron.plugins.ml2.drivers.ovn.mech_driver.mech_driver [None req-249eb3ca-a356-483c-861e-401fc170bf6b - - - - - -] OVN reports status down for port: dabb2b73-dd29-4ca4-a1c7-1a12f34ff336
2026-03-06 01:33:38.769 7 INFO neutron.db.ovn_revision_numbers_db [None req-d85e26ce-3bdd-487e-8425-697b56cc093c d15e1aa520944283b433cb2a43fa4c3e 9d2c71b9ba06400ba422afdbe2f9c2ab - - default default] Successfully bumped revision number for resource dabb2b73-dd29-4ca4-a1c7-1a12f34ff336 (type: ports) to 1 [pid: 7|app: 0|req: 810/1506] 10.0.0.157 () {34 vars in 670 bytes} [Fri Mar 6 01:33:38 2026] POST /v2.0/networks => generated 651 bytes in 519 msecs (HTTP/1.1 201) 4 headers in 162 bytes (1 switches on core 0)
2026-03-06 01:33:38.945 8 WARNING neutron.scheduler.dhcp_agent_scheduler [None req-edf2d808-4a58-47bd-bbb0-cb5a26c39350 1ce53f01d4d64f00b8717107ae3beecd 5595f084a21f455cb66fab279e7e148f - - default default] No more DHCP agents
2026-03-06 01:33:38.947 8 WARNING neutron.api.rpc.agentnotifiers.dhcp_rpc_agent_api [None req-edf2d808-4a58-47bd-bbb0-cb5a26c39350 1ce53f01d4d64f00b8717107ae3beecd 5595f084a21f455cb66fab279e7e148f - - default default] Unable to schedule network 920a9ba6-2f09-4eae-ba42-0ce6fc186a15: no agents available; will retry on subsequent port and subnet creation events.
2026-03-06 01:33:38.990 7 WARNING neutron.scheduler.dhcp_agent_scheduler [None req-901b3ed9-0022-4214-a02b-50187fbb42c7 d15e1aa520944283b433cb2a43fa4c3e 9d2c71b9ba06400ba422afdbe2f9c2ab - - default default] No more DHCP agents
2026-03-06 01:33:38.991 7 WARNING neutron.api.rpc.agentnotifiers.dhcp_rpc_agent_api [None req-901b3ed9-0022-4214-a02b-50187fbb42c7 d15e1aa520944283b433cb2a43fa4c3e 9d2c71b9ba06400ba422afdbe2f9c2ab - - default default] Unable to schedule network 5e7dd546-74ad-4413-b071-8a9317345f00: no agents available; will retry on subsequent port and subnet creation events.
2026-03-06 01:33:39.030 8 INFO neutron.plugins.ml2.drivers.ovn.mech_driver.mech_driver [None req-249eb3ca-a356-483c-861e-401fc170bf6b - - - - - -] OVN reports status down for port: c397291b-b026-44fe-be09-3d41e50cb286
2026-03-06 01:33:39.072 8 INFO neutron.db.ovn_revision_numbers_db [None req-edf2d808-4a58-47bd-bbb0-cb5a26c39350 1ce53f01d4d64f00b8717107ae3beecd 5595f084a21f455cb66fab279e7e148f - - default default] Successfully bumped revision number for resource c397291b-b026-44fe-be09-3d41e50cb286 (type: ports) to 1
2026-03-06 01:33:39.463 7 INFO neutron.db.ovn_revision_numbers_db [None req-979bee37-997d-46cf-9fdc-fc130dbcc5b7 - - - - - -] Successfully bumped revision number for resource dabb2b73-dd29-4ca4-a1c7-1a12f34ff336 (type: ports) to 2
2026-03-06 01:33:39.491 7 INFO neutron.db.ovn_revision_numbers_db [None req-979bee37-997d-46cf-9fdc-fc130dbcc5b7 - - - - - -] Successfully bumped revision number for resource 4efc4940-95db-4f4e-9a07-6c163fff5bb5 (type: subnets) to 0 [pid: 7|app: 0|req: 811/1507] 10.0.0.157 () {34 vars in 669 bytes} [Fri Mar 6 01:33:38 2026] POST /v2.0/subnets => generated 629 bytes in 710 msecs (HTTP/1.1 201) 4 headers in 162 bytes (1 switches on core 0)
2026-03-06 01:33:39.614 7 INFO neutron.db.segments_db [None req-0b210168-4eb0-4ee7-80ee-2447fa86acc0 d15e1aa520944283b433cb2a43fa4c3e 9d2c71b9ba06400ba422afdbe2f9c2ab - - default default] Added segment cbcc6781-709b-4863-86b8-cabf1c0d955c of type geneve for network 80f4616a-267c-4c67-9bee-e466eea517fe
2026-03-06 01:33:39.634 8 INFO neutron.plugins.ml2.drivers.ovn.mech_driver.mech_driver [None req-249eb3ca-a356-483c-861e-401fc170bf6b - - - - - -] OVN reports status up for port: c397291b-b026-44fe-be09-3d41e50cb286
2026-03-06 01:33:39.664 8 INFO neutron.plugins.ml2.plugin [None req-249eb3ca-a356-483c-861e-401fc170bf6b - - - - - -] Attempt 1 to provision port c397291b-b026-44fe-be09-3d41e50cb286
2026-03-06 01:33:39.750 7 INFO neutron.db.ovn_revision_numbers_db [None req-0b210168-4eb0-4ee7-80ee-2447fa86acc0 d15e1aa520944283b433cb2a43fa4c3e 9d2c71b9ba06400ba422afdbe2f9c2ab - - default default] Successfully bumped revision number for resource 80f4616a-267c-4c67-9bee-e466eea517fe (type: networks) to 1
2026-03-06 01:33:39.828 8 WARNING neutron.scheduler.dhcp_agent_scheduler [None req-edf2d808-4a58-47bd-bbb0-cb5a26c39350 1ce53f01d4d64f00b8717107ae3beecd 5595f084a21f455cb66fab279e7e148f - - default default] No more DHCP agents
2026-03-06 01:33:39.832 8 WARNING neutron.api.rpc.agentnotifiers.dhcp_rpc_agent_api [None req-edf2d808-4a58-47bd-bbb0-cb5a26c39350 1ce53f01d4d64f00b8717107ae3beecd 5595f084a21f455cb66fab279e7e148f - - default default] Unable to schedule network 920a9ba6-2f09-4eae-ba42-0ce6fc186a15: no agents available; will retry on subsequent port and subnet creation events.
2026-03-06 01:33:39.896 7 WARNING neutron.scheduler.dhcp_agent_scheduler [None req-0b210168-4eb0-4ee7-80ee-2447fa86acc0 d15e1aa520944283b433cb2a43fa4c3e 9d2c71b9ba06400ba422afdbe2f9c2ab - - default default] No more DHCP agents
2026-03-06 01:33:39.897 7 WARNING neutron.api.rpc.agentnotifiers.dhcp_rpc_agent_api [None req-0b210168-4eb0-4ee7-80ee-2447fa86acc0 d15e1aa520944283b433cb2a43fa4c3e 9d2c71b9ba06400ba422afdbe2f9c2ab - - default default] Unable to schedule network 80f4616a-267c-4c67-9bee-e466eea517fe: no agents available; will retry on subsequent port and subnet creation events.
2026-03-06 01:33:40.000 7 INFO neutron.db.ovn_revision_numbers_db [None req-0b210168-4eb0-4ee7-80ee-2447fa86acc0 d15e1aa520944283b433cb2a43fa4c3e 9d2c71b9ba06400ba422afdbe2f9c2ab - - default default] Successfully bumped revision number for resource 40bb38ed-0cd0-4456-9b37-7c47173a7c0d (type: ports) to 1 [pid: 7|app: 0|req: 812/1508] 10.0.0.157 () {34 vars in 670 bytes} [Fri Mar 6 01:33:39 2026] POST /v2.0/networks => generated 651 bytes in 511 msecs (HTTP/1.1 201) 4 headers in 162 bytes (1 switches on core 0)
2026-03-06 01:33:40.360 8 INFO neutron.db.ovn_revision_numbers_db [None req-edf2d808-4a58-47bd-bbb0-cb5a26c39350 1ce53f01d4d64f00b8717107ae3beecd 5595f084a21f455cb66fab279e7e148f - - default default] Successfully bumped revision number for resource c397291b-b026-44fe-be09-3d41e50cb286 (type: router_ports) to 1 [pid: 8|app: 0|req: 697/1509] 10.0.0.157 () {34 vars in 783 bytes} [Fri Mar 6 01:33:38 2026] PUT /v2.0/routers/fe6feda8-8fec-4deb-b221-69a3541b3079/add_router_interface => generated 309 bytes in 1939 msecs (HTTP/1.1 200) 4 headers in 157 bytes (1 switches on core 0)
2026-03-06 01:33:40.427 7 INFO neutron.db.ovn_revision_numbers_db [None req-7870e87d-610b-4695-af46-c4500d656622 da39324a0d6c4069865e93d1f7cfa79b b0424b14cf5745ebb1c8ae2923450bc2 - - default default] Successfully bumped revision number for resource 08476b0d-81c6-47c3-b651-e41381dd421b (type: security_groups) to 1
2026-03-06 01:33:40.444 7 INFO neutron.db.ovn_revision_numbers_db [None req-7870e87d-610b-4695-af46-c4500d656622 da39324a0d6c4069865e93d1f7cfa79b b0424b14cf5745ebb1c8ae2923450bc2 - - default default] Successfully bumped revision number for resource 1768bbc1-b0c4-4ae5-b3c3-85aac402a546 (type: security_group_rules) to 0
2026-03-06 01:33:40.458 7 INFO neutron.db.ovn_revision_numbers_db [None req-7870e87d-610b-4695-af46-c4500d656622 da39324a0d6c4069865e93d1f7cfa79b b0424b14cf5745ebb1c8ae2923450bc2 - - default default] Successfully bumped revision number for resource 3e59ddc9-0895-4f24-9d7e-4d27ddd0606a (type: security_group_rules) to 0
2026-03-06 01:33:40.470 7 INFO neutron.db.ovn_revision_numbers_db [None req-7870e87d-610b-4695-af46-c4500d656622 da39324a0d6c4069865e93d1f7cfa79b b0424b14cf5745ebb1c8ae2923450bc2 - - default default] Successfully bumped revision number for resource 4d73e04a-de21-4988-acd8-c494aa51ec4c (type: security_group_rules) to 0
2026-03-06 01:33:40.483 7 INFO neutron.db.ovn_revision_numbers_db [None req-7870e87d-610b-4695-af46-c4500d656622 da39324a0d6c4069865e93d1f7cfa79b b0424b14cf5745ebb1c8ae2923450bc2 - - default default] Successfully bumped revision number for resource ded8937f-6d71-4890-ba5b-4b4d05b59af6 (type: security_group_rules) to 0
2026-03-06 01:33:40.489 8 INFO neutron.db.ovn_revision_numbers_db [None req-249eb3ca-a356-483c-861e-401fc170bf6b - - - - - -] Successfully bumped revision number for resource c397291b-b026-44fe-be09-3d41e50cb286 (type: ports) to 2 [pid: 7|app: 0|req: 813/1510] 10.0.0.157 () {32 vars in 774 bytes} [Fri Mar 6 01:33:40 2026] GET /v2.0/security-groups?tenant_id=4629ba62b8324a8395e8fc451518736d&name=default => generated 2925 bytes in 497 msecs (HTTP/1.1 200) 4 headers in 158 bytes (1 switches on core 0) [pid: 7|app: 0|req: 814/1511] 10.0.0.157 () {32 vars in 717 bytes} [Fri Mar 6 01:33:40 2026] GET /v2.0/ports/c397291b-b026-44fe-be09-3d41e50cb286 => generated 947 bytes in 51 msecs (HTTP/1.1 200) 4 headers in 157 bytes (1 switches on core 0)
2026-03-06 01:33:40.653 8 WARNING neutron.scheduler.dhcp_agent_scheduler [None req-cd66bcc7-719a-44f2-907b-e353f96f0880 d15e1aa520944283b433cb2a43fa4c3e 9d2c71b9ba06400ba422afdbe2f9c2ab - - default default] No more DHCP agents
2026-03-06 01:33:40.655 8 WARNING neutron.api.rpc.agentnotifiers.dhcp_rpc_agent_api [None req-cd66bcc7-719a-44f2-907b-e353f96f0880 d15e1aa520944283b433cb2a43fa4c3e 9d2c71b9ba06400ba422afdbe2f9c2ab - - default default] Unable to schedule network 80f4616a-267c-4c67-9bee-e466eea517fe: no agents available; will retry on subsequent port and subnet creation events. [pid: 7|app: 0|req: 815/1512] 10.0.0.157 () {32 vars in 740 bytes} [Fri Mar 6 01:33:40 2026] DELETE /v2.0/security-groups/08476b0d-81c6-47c3-b651-e41381dd421b => generated 0 bytes in 274 msecs (HTTP/1.1 204) 2 headers in 112 bytes (1 switches on core 0) [pid: 7|app: 0|req: 816/1513] 10.0.0.157 () {32 vars in 717 bytes} [Fri Mar 6 01:33:40 2026] GET /v2.0/ports/c397291b-b026-44fe-be09-3d41e50cb286 => generated 947 bytes in 32 msecs (HTTP/1.1 200) 4 headers in 157 bytes (1 switches on core 0)
2026-03-06 01:33:41.194 7 INFO neutron_taas.services.taas.taas_plugin [None req-a2efe5dc-3d78-41f1-9137-5d68532271af 1ce53f01d4d64f00b8717107ae3beecd 5595f084a21f455cb66fab279e7e148f - - default default] TaaS: Handle Delete Port: c397291b-b026-44fe-be09-3d41e50cb286
2026-03-06 01:33:41.195 8 INFO neutron.db.ovn_revision_numbers_db [None req-aaa0a301-e0a5-4f64-b2c2-941f926d2067 - - - - - -] Successfully bumped revision number for resource 40bb38ed-0cd0-4456-9b37-7c47173a7c0d (type: ports) to 2
2026-03-06 01:33:41.197 7 INFO neutron_taas.services.taas.tap_mirror_plugin [None req-a2efe5dc-3d78-41f1-9137-5d68532271af 1ce53f01d4d64f00b8717107ae3beecd 5595f084a21f455cb66fab279e7e148f - - default default] Tap Mirror: Handle Delete Port: c397291b-b026-44fe-be09-3d41e50cb286
2026-03-06 01:33:41.224 8 INFO neutron.db.ovn_revision_numbers_db [None req-aaa0a301-e0a5-4f64-b2c2-941f926d2067 - - - - - -] Successfully bumped revision number for resource 723ce508-2681-427e-bfeb-bfd43718ce93 (type: subnets) to 0 [pid: 8|app: 0|req: 698/1514] 10.0.0.157 () {34 vars in 669 bytes} [Fri Mar 6 01:33:40 2026] POST /v2.0/subnets => generated 629 bytes in 871 msecs (HTTP/1.1 201) 4 headers in 162 bytes (1 switches on core 0)
2026-03-06 01:33:41.423 8 INFO neutron.db.ovn_revision_numbers_db [None req-28fe98b6-026c-447d-b59d-7bc91e238a5f da39324a0d6c4069865e93d1f7cfa79b b0424b14cf5745ebb1c8ae2923450bc2 - - default default] Successfully bumped revision number for resource b95e9b76-ba10-444e-a120-25da0d94bf43 (type: security_groups) to 1
2026-03-06 01:33:41.435 8 INFO neutron.db.ovn_revision_numbers_db [None req-28fe98b6-026c-447d-b59d-7bc91e238a5f da39324a0d6c4069865e93d1f7cfa79b b0424b14cf5745ebb1c8ae2923450bc2 - - default default] Successfully bumped revision number for resource 2d3100b4-dabf-4faf-b7d0-a743a9e56391 (type: security_group_rules) to 0
2026-03-06 01:33:41.446 8 INFO neutron.db.ovn_revision_numbers_db [None req-28fe98b6-026c-447d-b59d-7bc91e238a5f da39324a0d6c4069865e93d1f7cfa79b b0424b14cf5745ebb1c8ae2923450bc2 - - default default] Successfully bumped revision number for resource 53bffd76-601d-425f-a705-72765b58e489 (type: security_group_rules) to 0
2026-03-06 01:33:41.458 8 INFO neutron.db.ovn_revision_numbers_db [None req-28fe98b6-026c-447d-b59d-7bc91e238a5f da39324a0d6c4069865e93d1f7cfa79b b0424b14cf5745ebb1c8ae2923450bc2 - - default default] Successfully bumped revision number for resource a784c363-21df-44f5-9ece-d1f13b8b3af6 (type: security_group_rules) to 0
2026-03-06 01:33:41.469 8 INFO neutron.db.ovn_revision_numbers_db [None req-28fe98b6-026c-447d-b59d-7bc91e238a5f da39324a0d6c4069865e93d1f7cfa79b b0424b14cf5745ebb1c8ae2923450bc2 - - default default] Successfully bumped revision number for resource b55d6f1b-ae7b-40f8-8283-239bc9559ca1 (type: security_group_rules) to 0 [pid: 8|app: 0|req: 699/1515] 10.0.0.157 () {32 vars in 774 bytes} [Fri Mar 6 01:33:41 2026] GET /v2.0/security-groups?tenant_id=58b9882e028f4e0aa42532dfc62f3456&name=default => generated 2925 bytes in 261 msecs (HTTP/1.1 200) 4 headers in 158 bytes (1 switches on core 0) [pid: 7|app: 0|req: 817/1516] 10.0.0.157 () {34 vars in 789 bytes} [Fri Mar 6 01:33:40 2026] PUT /v2.0/routers/fe6feda8-8fec-4deb-b221-69a3541b3079/remove_router_interface => generated 309 bytes in 660 msecs (HTTP/1.1 200) 4 headers in 157 bytes (1 switches on core 0) /var/lib/openstack/lib/python3.12/site-packages/pycadf/identifier.py:70: UserWarning: Invalid uuid: neutron. To ensure interoperability, identifiers should be a valid uuid. warnings.warn(('Invalid uuid: %s. To ensure interoperability, '
2026-03-06 01:33:41.606 8 INFO neutron.db.segments_db [None req-66aba236-ff43-4940-9d5a-5e94f0687caf d15e1aa520944283b433cb2a43fa4c3e 9d2c71b9ba06400ba422afdbe2f9c2ab - - default default] Added segment 5a1c4b40-29a1-40ab-9eee-bdde352875ba of type geneve for network c5f93bd5-ac07-480f-92e9-0d5c8b4949f7
2026-03-06 01:33:41.755 8 INFO neutron.db.ovn_revision_numbers_db [None req-66aba236-ff43-4940-9d5a-5e94f0687caf d15e1aa520944283b433cb2a43fa4c3e 9d2c71b9ba06400ba422afdbe2f9c2ab - - default default] Successfully bumped revision number for resource c5f93bd5-ac07-480f-92e9-0d5c8b4949f7 (type: networks) to 1 [pid: 7|app: 0|req: 818/1517] 10.0.0.157 () {32 vars in 740 bytes} [Fri Mar 6 01:33:41 2026] DELETE /v2.0/security-groups/b95e9b76-ba10-444e-a120-25da0d94bf43 => generated 0 bytes in 270 msecs (HTTP/1.1 204) 2 headers in 112 bytes (1 switches on core 0) [pid: 7|app: 0|req: 819/1518] 10.0.0.157 () {32 vars in 736 bytes} [Fri Mar 6 01:33:41 2026] GET /v2.0/ports?device_id=fe6feda8-8fec-4deb-b221-69a3541b3079 => generated 12 bytes in 17 msecs (HTTP/1.1 200) 4 headers in 156 bytes (1 switches on core 0)
2026-03-06 01:33:41.928 8 WARNING neutron.scheduler.dhcp_agent_scheduler [None req-66aba236-ff43-4940-9d5a-5e94f0687caf d15e1aa520944283b433cb2a43fa4c3e 9d2c71b9ba06400ba422afdbe2f9c2ab - - default default] No more DHCP agents
2026-03-06 01:33:41.929 8 WARNING neutron.api.rpc.agentnotifiers.dhcp_rpc_agent_api [None req-66aba236-ff43-4940-9d5a-5e94f0687caf d15e1aa520944283b433cb2a43fa4c3e 9d2c71b9ba06400ba422afdbe2f9c2ab - - default default] Unable to schedule network c5f93bd5-ac07-480f-92e9-0d5c8b4949f7: no agents available; will retry on subsequent port and subnet creation events.
2026-03-06 01:33:42.026 8 INFO neutron.db.ovn_revision_numbers_db [None req-66aba236-ff43-4940-9d5a-5e94f0687caf d15e1aa520944283b433cb2a43fa4c3e 9d2c71b9ba06400ba422afdbe2f9c2ab - - default default] Successfully bumped revision number for resource ff317ae6-3829-41a5-9006-3706aa9429e3 (type: ports) to 1 [pid: 8|app: 0|req: 700/1519] 10.0.0.157 () {34 vars in 670 bytes} [Fri Mar 6 01:33:41 2026] POST /v2.0/networks => generated 651 bytes in 540 msecs (HTTP/1.1 201) 4 headers in 162 bytes (1 switches on core 0)
2026-03-06 01:33:42.179 7 INFO neutron.db.ovn_revision_numbers_db [None req-0a301864-7509-4f3c-9946-a1a5218caff5 da39324a0d6c4069865e93d1f7cfa79b b0424b14cf5745ebb1c8ae2923450bc2 - - default default] Successfully bumped revision number for resource 85d30289-5418-4e52-bd6b-cea003763a1a (type: security_groups) to 1
2026-03-06 01:33:42.189 7 INFO neutron.db.ovn_revision_numbers_db [None req-0a301864-7509-4f3c-9946-a1a5218caff5 da39324a0d6c4069865e93d1f7cfa79b b0424b14cf5745ebb1c8ae2923450bc2 - - default default] Successfully bumped revision number for resource 511c5f66-a91e-4825-8ce1-d731b1865aac (type: security_group_rules) to 0
2026-03-06 01:33:42.205 7 INFO neutron.db.ovn_revision_numbers_db [None req-0a301864-7509-4f3c-9946-a1a5218caff5 da39324a0d6c4069865e93d1f7cfa79b b0424b14cf5745ebb1c8ae2923450bc2 - - default default] Successfully bumped revision number for resource a3d09561-eb9c-41b4-a42d-eed232d05ccf (type: security_group_rules) to 0
2026-03-06 01:33:42.215 7 INFO neutron.db.ovn_revision_numbers_db [None req-0a301864-7509-4f3c-9946-a1a5218caff5 da39324a0d6c4069865e93d1f7cfa79b b0424b14cf5745ebb1c8ae2923450bc2 - - default default] Successfully bumped revision number for resource ad92bd5e-0c34-4afc-8c6b-483bfed6074b (type: security_group_rules) to 0
2026-03-06 01:33:42.225 7 INFO neutron.db.ovn_revision_numbers_db [None req-0a301864-7509-4f3c-9946-a1a5218caff5 da39324a0d6c4069865e93d1f7cfa79b b0424b14cf5745ebb1c8ae2923450bc2 - - default default] Successfully bumped revision number for resource c6305e99-6c76-449d-bc49-36d130fddb6e (type: security_group_rules) to 0 [pid: 7|app: 0|req: 820/1520] 10.0.0.157 () {32 vars in 774 bytes} [Fri Mar 6 01:33:41 2026] GET /v2.0/security-groups?tenant_id=241b052febdf4cfd8d0f2766d8ddce6d&name=default => generated 2925 bytes in 435 msecs (HTTP/1.1 200) 4 headers in 158 bytes (1 switches on core 0) [pid: 8|app: 0|req: 701/1521] 10.0.0.157 () {32 vars in 724 bytes} [Fri Mar 6 01:33:42 2026] DELETE /v2.0/routers/fe6feda8-8fec-4deb-b221-69a3541b3079 => generated 0 bytes in 224 msecs (HTTP/1.1 204) 2 headers in 112 bytes (1 switches on core 0)
2026-03-06 01:33:42.468 7 WARNING neutron.scheduler.dhcp_agent_scheduler [None req-a09362fc-ac8c-4b36-a82d-1bfd78bc308c d15e1aa520944283b433cb2a43fa4c3e 9d2c71b9ba06400ba422afdbe2f9c2ab - - default default] No more DHCP agents
2026-03-06 01:33:42.470 7 WARNING neutron.api.rpc.agentnotifiers.dhcp_rpc_agent_api [None req-a09362fc-ac8c-4b36-a82d-1bfd78bc308c d15e1aa520944283b433cb2a43fa4c3e 9d2c71b9ba06400ba422afdbe2f9c2ab - - default default] Unable to schedule network c5f93bd5-ac07-480f-92e9-0d5c8b4949f7: no agents available; will retry on subsequent port and subnet creation events. [pid: 8|app: 0|req: 702/1522] 10.0.0.157 () {32 vars in 740 bytes} [Fri Mar 6 01:33:42 2026] DELETE /v2.0/security-groups/85d30289-5418-4e52-bd6b-cea003763a1a => generated 0 bytes in 265 msecs (HTTP/1.1 204) 2 headers in 112 bytes (1 switches on core 0) [pid: 8|app: 0|req: 703/1523] 10.0.0.157 () {32 vars in 724 bytes} [Fri Mar 6 01:33:42 2026] DELETE /v2.0/subnets/e3430ae9-f357-4e51-a0c2-f1e2e7077b17 => generated 0 bytes in 149 msecs (HTTP/1.1 204) 3 headers in 131 bytes (1 switches on core 0)
2026-03-06 01:33:42.806 8 INFO neutron_taas.services.taas.taas_plugin [None req-2779059f-6eae-4e67-88b1-76c1bcdb6cde 1ce53f01d4d64f00b8717107ae3beecd 5595f084a21f455cb66fab279e7e148f - - default default] TaaS: Handle Delete Port: 4ccd721f-c0da-4d49-8ab0-9ce38d0c6b30
2026-03-06 01:33:42.811 8 INFO neutron_taas.services.taas.tap_mirror_plugin [None req-2779059f-6eae-4e67-88b1-76c1bcdb6cde 1ce53f01d4d64f00b8717107ae3beecd 5595f084a21f455cb66fab279e7e148f - - default default] Tap Mirror: Handle Delete Port: 4ccd721f-c0da-4d49-8ab0-9ce38d0c6b30
2026-03-06 01:33:42.937 7 INFO neutron.db.ovn_revision_numbers_db [None req-7da82879-5283-4219-b197-d23a13245b59 - - - - - -] Successfully bumped revision number for resource ff317ae6-3829-41a5-9006-3706aa9429e3 (type: ports) to 2
2026-03-06 01:33:42.982 7 INFO neutron.db.ovn_revision_numbers_db [None req-7da82879-5283-4219-b197-d23a13245b59 - - - - - -] Successfully bumped revision number for resource 333c0a35-a50f-4f34-8ac9-f097e2540c0b (type: subnets) to 0 [pid: 7|app: 0|req: 821/1526] 10.0.0.157 () {34 vars in 669 bytes} [Fri Mar 6 01:33:42 2026] POST /v2.0/subnets => generated 629 bytes in 730 msecs (HTTP/1.1 201) 4 headers in 162 bytes (1 switches on core 0)
2026-03-06 01:33:43.055 8 INFO neutron.services.segments.plugin [-] Segment cd302a4f-3bdd-4711-8cc2-b8267bd51725 resource provider aggregate not found
2026-03-06 01:33:43.063 8 INFO neutron.services.segments.plugin [-] Segment cd302a4f-3bdd-4711-8cc2-b8267bd51725 resource provider aggregate not found
2026-03-06 01:33:43.073 8 INFO neutron.services.segments.plugin [-] Segment cd302a4f-3bdd-4711-8cc2-b8267bd51725 resource provider not found; error: Placement Client Error (4xx): {"errors": [{"status": 404, "title": "Not Found", "detail": "The resource could not be found.\n\n No resource provider with uuid cd302a4f-3bdd-4711-8cc2-b8267bd51725 found for delete ", "request_id": "req-7c35c1f6-e553-49b2-84d3-3865b9c5b7ef"}]}
2026-03-06 01:33:43.081 8 INFO neutron.services.segments.plugin [-] Segment cd302a4f-3bdd-4711-8cc2-b8267bd51725 resource provider not found; error: Placement Client Error (4xx): {"errors": [{"status": 404, "title": "Not Found", "detail": "The resource could not be found.\n\n No resource provider with uuid cd302a4f-3bdd-4711-8cc2-b8267bd51725 found for delete ", "request_id": "req-d29c2291-c50c-47de-af01-83179cc05ca8"}]} [pid: 7|app: 0|req: 822/1527] 10.0.0.157 () {34 vars in 751 bytes} [Fri Mar 6 01:33:43 2026] PUT /v2.0/subnets/0c7ce26d-107e-4f75-bdd4-4abc7e05059d/tags => generated 17 bytes in 92 msecs (HTTP/1.1 200) 4 headers in 156 bytes (1 switches on core 0) [pid: 8|app: 0|req: 706/1528] 10.0.0.157 () {32 vars in 726 bytes} [Fri Mar 6 01:33:42 2026] DELETE /v2.0/networks/920a9ba6-2f09-4eae-ba42-0ce6fc186a15 => generated 0 bytes in 434 msecs (HTTP/1.1 204) 3 headers in 131 bytes (1 switches on core 0) [pid: 7|app: 0|req: 823/1529] 10.0.0.157 () {34 vars in 751 bytes} [Fri Mar 6 01:33:43 2026] PUT /v2.0/subnets/8786e716-24f3-4794-a615-99569018936d/tags => generated 25 bytes in 68 msecs (HTTP/1.1 200) 4 headers in 156 bytes (1 switches on core 0) [pid: 7|app: 0|req: 824/1530] 10.0.0.157 () {34 vars in 751 bytes} [Fri Mar 6 01:33:43 2026] PUT /v2.0/subnets/4efc4940-95db-4f4e-9a07-6c163fff5bb5/tags => generated 34 bytes in 46 msecs (HTTP/1.1 200) 4 headers in 156 bytes (1 switches on core 0) [pid: 7|app: 0|req: 825/1531] 10.0.0.157 () {34 vars in 751 bytes} [Fri Mar 6 01:33:43 2026] PUT /v2.0/subnets/723ce508-2681-427e-bfeb-bfd43718ce93/tags => generated 19 bytes in 69 msecs (HTTP/1.1 200) 4 headers in 156 bytes (1 switches on core 0) [pid: 7|app: 0|req: 826/1532] 10.0.0.157 () {32 vars in 664 bytes} [Fri Mar 6 01:33:43 2026] GET /v2.0/subnets?tags=red => generated 1904 bytes in 50 msecs (HTTP/1.1 200) 4 headers in 158 bytes (1 switches on core 0) [pid: 7|app: 0|req: 827/1533] 10.0.0.157 () {32 vars in 678 bytes} [Fri Mar 6 01:33:43 2026] GET /v2.0/subnets?tags=red%2Cblue => generated 1283 bytes in 42 msecs (HTTP/1.1 200) 4 headers in 158 bytes (1 switches on core 0) [pid: 7|app: 0|req: 828/1534] 10.0.0.157 () {32 vars in 674 bytes} [Fri Mar 6 01:33:43 2026] GET /v2.0/subnets?tags-any=blue => generated 1283 bytes in 48 msecs (HTTP/1.1 200) 4 headers in 158 bytes (1 switches on core 0)
2026-03-06 01:33:43.499 8 WARNING neutron.scheduler.dhcp_agent_scheduler [None req-8efac930-e701-4076-b634-0e646b7d90c7 1ce53f01d4d64f00b8717107ae3beecd 5595f084a21f455cb66fab279e7e148f - - default default] No more DHCP agents
2026-03-06 01:33:43.501 8 WARNING neutron.api.rpc.agentnotifiers.dhcp_rpc_agent_api [None req-8efac930-e701-4076-b634-0e646b7d90c7 1ce53f01d4d64f00b8717107ae3beecd 5595f084a21f455cb66fab279e7e148f - - default default] Unable to schedule network fe142fe9-7e64-455d-b382-739a242c43a6: no agents available; will retry on subsequent port and subnet creation events. [pid: 7|app: 0|req: 829/1535] 10.0.0.157 () {32 vars in 653 bytes} [Fri Mar 6 01:33:43 2026] GET /v2.0/extensions => generated 20541 bytes in 164 msecs (HTTP/1.1 200) 4 headers in 159 bytes (1 switches on core 0) [pid: 7|app: 0|req: 830/1536] 10.0.0.157 () {32 vars in 686 bytes} [Fri Mar 6 01:33:43 2026] GET /v2.0/subnets?tags-any=red%2Cblue => generated 1904 bytes in 37 msecs (HTTP/1.1 200) 4 headers in 158 bytes (1 switches on core 0) [pid: 7|app: 0|req: 831/1537] 10.0.0.157 () {32 vars in 681 bytes} [Fri Mar 6 01:33:43 2026] GET /v2.0/extensions/address-group => generated 159 bytes in 5 msecs (HTTP/1.1 200) 4 headers in 157 bytes (1 switches on core 0)
2026-03-06 01:33:43.657 8 INFO neutron.db.ovn_revision_numbers_db [None req-8efac930-e701-4076-b634-0e646b7d90c7 1ce53f01d4d64f00b8717107ae3beecd 5595f084a21f455cb66fab279e7e148f - - default default] Successfully bumped revision number for resource fbedaa09-43a4-4c42-b13d-0e3ddc05abce (type: ports) to 1 [pid: 7|app: 0|req: 832/1538] 10.0.0.157 () {32 vars in 672 bytes} [Fri Mar 6 01:33:43 2026] GET /v2.0/subnets?not-tags=red => generated 1894 bytes in 45 msecs (HTTP/1.1 200) 4 headers in 158 bytes (1 switches on core 0) [pid: 7|app: 0|req: 833/1539] 10.0.0.157 () {32 vars in 681 bytes} [Fri Mar 6 01:33:43 2026] GET /v2.0/extensions/address-scope => generated 163 bytes in 3 msecs (HTTP/1.1 200) 4 headers in 157 bytes (1 switches on core 0) [pid: 7|app: 0|req: 834/1540] 10.0.0.157 () {32 vars in 686 bytes} [Fri Mar 6 01:33:43 2026] GET /v2.0/subnets?not-tags=red%2Cblue => generated 2515 bytes in 41 msecs (HTTP/1.1 200) 4 headers in 158 bytes (1 switches on core 0) [pid: 7|app: 0|req: 835/1541] 10.0.0.157 () {32 vars in 665 bytes} [Fri Mar 6 01:33:43 2026] GET /v2.0/extensions/agent => generated 153 bytes in 4 msecs (HTTP/1.1 200) 4 headers in 157 bytes (1 switches on core 0) [pid: 7|app: 0|req: 836/1542] 10.0.0.157 () {32 vars in 682 bytes} [Fri Mar 6 01:33:43 2026] GET /v2.0/subnets?not-tags-any=blue => generated 2515 bytes in 42 msecs (HTTP/1.1 200) 4 headers in 158 bytes (1 switches on core 0) [pid: 7|app: 0|req: 837/1543] 10.0.0.157 () {32 vars in 697 bytes} [Fri Mar 6 01:33:43 2026] GET /v2.0/extensions/allowed-address-pairs => generated 184 bytes in 4 msecs (HTTP/1.1 200) 4 headers in 157 bytes (1 switches on core 0) [pid: 7|app: 0|req: 838/1544] 10.0.0.157 () {32 vars in 694 bytes} [Fri Mar 6 01:33:43 2026] GET /v2.0/subnets?not-tags-any=red%2Cblue => generated 1894 bytes in 27 msecs (HTTP/1.1 200) 4 headers in 158 bytes (1 switches on core 0) [pid: 7|app: 0|req: 839/1545] 10.0.0.157 () {32 vars in 701 bytes} [Fri Mar 6 01:33:43 2026] GET /v2.0/extensions/auto-allocated-topology => generated 200 bytes in 4 msecs (HTTP/1.1 200) 4 headers in 157 bytes (1 switches on core 0) [pid: 7|app: 0|req: 840/1546] 10.0.0.157 () {32 vars in 724 bytes} [Fri Mar 6 01:33:43 2026] DELETE /v2.0/subnets/0c7ce26d-107e-4f75-bdd4-4abc7e05059d => generated 0 bytes in 159 msecs (HTTP/1.1 204) 3 headers in 131 bytes (1 switches on core 0) [pid: 7|app: 0|req: 841/1547] 10.0.0.157 () {32 vars in 689 bytes} [Fri Mar 6 01:33:43 2026] GET /v2.0/extensions/availability_zone => generated 178 bytes in 5 msecs (HTTP/1.1 200) 4 headers in 157 bytes (1 switches on core 0) [pid: 7|app: 0|req: 842/1548] 10.0.0.157 () {32 vars in 724 bytes} [Fri Mar 6 01:33:43 2026] DELETE /v2.0/subnets/8786e716-24f3-4794-a615-99569018936d => generated 0 bytes in 156 msecs (HTTP/1.1 204) 3 headers in 131 bytes (1 switches on core 0) [pid: 7|app: 0|req: 843/1549] 10.0.0.157 () {32 vars in 693 bytes} [Fri Mar 6 01:33:44 2026] GET /v2.0/extensions/default-subnetpools => generated 211 bytes in 6 msecs (HTTP/1.1 200) 4 headers in 157 bytes (1 switches on core 0)
2026-03-06 01:33:44.231 8 INFO neutron.plugins.ml2.drivers.ovn.mech_driver.ovsdb.commands [-] Schedule LRP lrp-fbedaa09-43a4-4c42-b13d-0e3ddc05abce on gateway b4de54fd-2b04-4588-82dc-d18f0208836e with priority 1
2026-03-06 01:33:44.334 8 INFO neutron.db.ovn_revision_numbers_db [None req-8efac930-e701-4076-b634-0e646b7d90c7 1ce53f01d4d64f00b8717107ae3beecd 5595f084a21f455cb66fab279e7e148f - - default default] Successfully bumped revision number for resource fbedaa09-43a4-4c42-b13d-0e3ddc05abce (type: router_ports) to 1 [pid: 7|app: 0|req: 844/1550] 10.0.0.157 () {32 vars in 724 bytes} [Fri Mar 6 01:33:44 2026] DELETE /v2.0/subnets/4efc4940-95db-4f4e-9a07-6c163fff5bb5 => generated 0 bytes in 217 msecs (HTTP/1.1 204) 3 headers in 131 bytes (1 switches on core 0) [pid: 7|app: 0|req: 845/1551] 10.0.0.157 () {32 vars in 695 bytes} [Fri Mar 6 01:33:44 2026] GET /v2.0/extensions/dhcp_agent_scheduler => generated 187 bytes in 5 msecs (HTTP/1.1 200) 4 headers in 157 bytes (1 switches on core 0)
