2026-03-06 01:34:24.510 7 INFO neutron.db.ovn_revision_numbers_db [None req-b155e6ff-62be-4b2d-a7b8-d1013d792b2a - - - - - -] Successfully bumped revision number for resource 92d5e89c-36e9-42e1-8569-bb3c832a3fe2 (type: subnets) to 0 [pid: 7|app: 0|req: 1048/1950] 10.0.0.157 () {34 vars in 669 bytes} [Fri Mar 6 01:34:23 2026] POST /v2.0/subnets => generated 626 bytes in 702 msecs (HTTP/1.1 201) 4 headers in 162 bytes (1 switches on core 0) [pid: 8|app: 0|req: 903/1951] 10.0.0.157 () {32 vars in 726 bytes} [Fri Mar 6 01:34:24 2026] DELETE /v2.0/networks/57245acf-dfb5-4285-b9d6-052fa253cfd0 => generated 0 bytes in 366 msecs (HTTP/1.1 204) 3 headers in 131 bytes (1 switches on core 0)
2026-03-06 01:34:24.855 7 INFO neutron.db.ovn_revision_numbers_db [None req-2e40c84b-bd5e-44a9-9120-ccef8490bf16 d7d392dd485f4b449ffdda044a88cdee 18323019c2304861a9ffcd279310d77c - - default default] Successfully bumped revision number for resource 7dfade88-13d8-45a9-9b05-67792d9d774f (type: security_groups) to 1
2026-03-06 01:34:24.867 7 INFO neutron.db.ovn_revision_numbers_db [None req-2e40c84b-bd5e-44a9-9120-ccef8490bf16 d7d392dd485f4b449ffdda044a88cdee 18323019c2304861a9ffcd279310d77c - - default default] Successfully bumped revision number for resource 5be74bf3-6de4-4635-a82c-ef5cd7e8b154 (type: security_group_rules) to 0
2026-03-06 01:34:24.878 7 INFO neutron.db.ovn_revision_numbers_db [None req-2e40c84b-bd5e-44a9-9120-ccef8490bf16 d7d392dd485f4b449ffdda044a88cdee 18323019c2304861a9ffcd279310d77c - - default default] Successfully bumped revision number for resource 6399c2b1-ffff-44e0-8ade-4f0285473a89 (type: security_group_rules) to 0
2026-03-06 01:34:24.888 7 INFO neutron.db.ovn_revision_numbers_db [None req-2e40c84b-bd5e-44a9-9120-ccef8490bf16 d7d392dd485f4b449ffdda044a88cdee 18323019c2304861a9ffcd279310d77c - - default default] Successfully bumped revision number for resource af0e1324-8eac-4acd-9a87-7a43103b776a (type: security_group_rules) to 0
2026-03-06 01:34:24.899 7 INFO neutron.db.ovn_revision_numbers_db [None req-2e40c84b-bd5e-44a9-9120-ccef8490bf16 d7d392dd485f4b449ffdda044a88cdee 18323019c2304861a9ffcd279310d77c - - default default] Successfully bumped revision number for resource d4039f40-8718-4261-907c-9960a3cf4e0f (type: security_group_rules) to 0
2026-03-06 01:34:24.974 7 INFO neutron.db.segments_db [None req-2e40c84b-bd5e-44a9-9120-ccef8490bf16 d7d392dd485f4b449ffdda044a88cdee 18323019c2304861a9ffcd279310d77c - - default default] Added segment 1ebaa751-9e08-43af-a780-f70668f0fd2d of type geneve for network bbddca6c-4d76-4581-9acd-b31be1bd5113
2026-03-06 01:34:24.977 8 WARNING neutron.scheduler.dhcp_agent_scheduler [None req-b028c3fc-7c49-4e56-9a66-f51c5ac6ad8e 8322e8e039fb4c0792a6e032295a848d 26881c6e95c74220a32916ebd7c01d71 - - default default] No more DHCP agents
2026-03-06 01:34:24.978 8 WARNING neutron.api.rpc.agentnotifiers.dhcp_rpc_agent_api [None req-b028c3fc-7c49-4e56-9a66-f51c5ac6ad8e 8322e8e039fb4c0792a6e032295a848d 26881c6e95c74220a32916ebd7c01d71 - - default default] Unable to schedule network c863e985-37c9-4188-928b-1b6c2fae2442: no agents available; will retry on subsequent port and subnet creation events.
2026-03-06 01:34:25.081 7 INFO neutron.db.ovn_revision_numbers_db [None req-2e40c84b-bd5e-44a9-9120-ccef8490bf16 d7d392dd485f4b449ffdda044a88cdee 18323019c2304861a9ffcd279310d77c - - default default] Successfully bumped revision number for resource bbddca6c-4d76-4581-9acd-b31be1bd5113 (type: networks) to 1
2026-03-06 01:34:25.132 8 INFO neutron.plugins.ml2.drivers.ovn.mech_driver.mech_driver [None req-e78fd5ad-d7cc-4e99-abba-e0bbd992c7be - - - - - -] OVN reports status down for port: a64fdcec-e820-41d1-a963-03691af5669f
2026-03-06 01:34:25.204 8 INFO neutron.db.ovn_revision_numbers_db [None req-b028c3fc-7c49-4e56-9a66-f51c5ac6ad8e 8322e8e039fb4c0792a6e032295a848d 26881c6e95c74220a32916ebd7c01d71 - - default default] Successfully bumped revision number for resource a64fdcec-e820-41d1-a963-03691af5669f (type: ports) to 1
2026-03-06 01:34:25.291 7 WARNING neutron.scheduler.dhcp_agent_scheduler [None req-2e40c84b-bd5e-44a9-9120-ccef8490bf16 d7d392dd485f4b449ffdda044a88cdee 18323019c2304861a9ffcd279310d77c - - default default] No more DHCP agents [pid: 8|app: 0|req: 904/1952] 10.0.0.157 () {34 vars in 665 bytes} [Fri Mar 6 01:34:24 2026] POST /v2.0/ports => generated 949 bytes in 600 msecs (HTTP/1.1 201) 4 headers in 162 bytes (1 switches on core 0)
2026-03-06 01:34:25.292 7 WARNING neutron.api.rpc.agentnotifiers.dhcp_rpc_agent_api [None req-2e40c84b-bd5e-44a9-9120-ccef8490bf16 d7d392dd485f4b449ffdda044a88cdee 18323019c2304861a9ffcd279310d77c - - default default] Unable to schedule network bbddca6c-4d76-4581-9acd-b31be1bd5113: no agents available; will retry on subsequent port and subnet creation events. /var/lib/openstack/lib/python3.12/site-packages/pycadf/identifier.py:70: UserWarning: Invalid uuid: neutron. To ensure interoperability, identifiers should be a valid uuid. warnings.warn(('Invalid uuid: %s. To ensure interoperability, '
2026-03-06 01:34:25.385 8 INFO neutron.plugins.ml2.drivers.ovn.mech_driver.mech_driver [None req-e78fd5ad-d7cc-4e99-abba-e0bbd992c7be - - - - - -] OVN reports status down for port: e601b3d8-cbe2-4732-8970-1e83c5edd06b
2026-03-06 01:34:25.400 7 INFO neutron.db.ovn_revision_numbers_db [None req-2e40c84b-bd5e-44a9-9120-ccef8490bf16 d7d392dd485f4b449ffdda044a88cdee 18323019c2304861a9ffcd279310d77c - - default default] Successfully bumped revision number for resource e601b3d8-cbe2-4732-8970-1e83c5edd06b (type: ports) to 1 [pid: 7|app: 0|req: 1049/1953] 10.0.0.157 () {34 vars in 670 bytes} [Fri Mar 6 01:34:24 2026] POST /v2.0/networks => generated 651 bytes in 895 msecs (HTTP/1.1 201) 4 headers in 162 bytes (1 switches on core 0)
2026-03-06 01:34:25.468 8 INFO neutron_taas.services.taas.taas_plugin [None req-f45e9c35-f1f3-4a57-956c-bc11b043c737 5f3ecf01ce584a919a373d78e426a4ad bf32b1e633494290bf6d62a975fac3bd - - default default] TaaS: Handle Delete Port: f334eafe-efb9-438f-a3cc-e0c365bc4b6f
2026-03-06 01:34:25.471 8 INFO neutron_taas.services.taas.tap_mirror_plugin [None req-f45e9c35-f1f3-4a57-956c-bc11b043c737 5f3ecf01ce584a919a373d78e426a4ad bf32b1e633494290bf6d62a975fac3bd - - default default] Tap Mirror: Handle Delete Port: f334eafe-efb9-438f-a3cc-e0c365bc4b6f
2026-03-06 01:34:25.541 7 INFO neutron_taas.services.taas.taas_plugin [None req-7103d463-8e46-41dc-994a-53a35b6b2685 8322e8e039fb4c0792a6e032295a848d 26881c6e95c74220a32916ebd7c01d71 - - default default] TaaS: Handle Delete Port: a64fdcec-e820-41d1-a963-03691af5669f
2026-03-06 01:34:25.545 7 INFO neutron_taas.services.taas.tap_mirror_plugin [None req-7103d463-8e46-41dc-994a-53a35b6b2685 8322e8e039fb4c0792a6e032295a848d 26881c6e95c74220a32916ebd7c01d71 - - default default] Tap Mirror: Handle Delete Port: a64fdcec-e820-41d1-a963-03691af5669f
2026-03-06 01:34:25.610 8 INFO neutron.services.segments.plugin [-] Segment 3a4d8f46-abd2-4dad-829a-94f5b37e36bc resource provider aggregate not found
2026-03-06 01:34:25.615 8 INFO neutron.services.segments.plugin [-] Segment 3a4d8f46-abd2-4dad-829a-94f5b37e36bc resource provider aggregate not found
2026-03-06 01:34:25.629 8 INFO neutron.services.segments.plugin [-] Segment 3a4d8f46-abd2-4dad-829a-94f5b37e36bc resource provider not found; error: Placement Client Error (4xx): {"errors": [{"status": 404, "title": "Not Found", "detail": "The resource could not be found.\n\n No resource provider with uuid 3a4d8f46-abd2-4dad-829a-94f5b37e36bc found for delete ", "request_id": "req-b4e0d7b9-0c34-4308-b29f-f5a9ed804019"}]}
2026-03-06 01:34:25.634 8 INFO neutron.services.segments.plugin [-] Segment 3a4d8f46-abd2-4dad-829a-94f5b37e36bc resource provider not found; error: Placement Client Error (4xx): {"errors": [{"status": 404, "title": "Not Found", "detail": "The resource could not be found.\n\n No resource provider with uuid 3a4d8f46-abd2-4dad-829a-94f5b37e36bc found for delete ", "request_id": "req-3e524f4a-ccda-4f5e-95a6-f0bb39120b71"}]}
2026-03-06 01:34:25.650 8 INFO neutron.services.segments.plugin [-] Segment 2d714918-d4b0-4e6f-bbdf-894780b3216a resource provider aggregate not found
2026-03-06 01:34:25.657 8 INFO neutron.services.segments.plugin [-] Segment 2d714918-d4b0-4e6f-bbdf-894780b3216a resource provider aggregate not found
2026-03-06 01:34:25.670 8 INFO neutron.services.segments.plugin [-] Segment 2d714918-d4b0-4e6f-bbdf-894780b3216a resource provider not found; error: Placement Client Error (4xx): {"errors": [{"status": 404, "title": "Not Found", "detail": "The resource could not be found.\n\n No resource provider with uuid 2d714918-d4b0-4e6f-bbdf-894780b3216a found for delete ", "request_id": "req-1c931849-7e85-4270-b7df-d6bacdc2cb48"}]}
2026-03-06 01:34:25.674 8 INFO neutron.services.segments.plugin [-] Segment 2d714918-d4b0-4e6f-bbdf-894780b3216a resource provider not found; error: Placement Client Error (4xx): {"errors": [{"status": 404, "title": "Not Found", "detail": "The resource could not be found.\n\n No resource provider with uuid 2d714918-d4b0-4e6f-bbdf-894780b3216a found for delete ", "request_id": "req-b10b2e89-bd18-4472-a03d-b8a926b2933e"}]} [pid: 7|app: 0|req: 1050/1954] 10.0.0.157 () {32 vars in 720 bytes} [Fri Mar 6 01:34:25 2026] DELETE /v2.0/ports/a64fdcec-e820-41d1-a963-03691af5669f => generated 0 bytes in 347 msecs (HTTP/1.1 204) 3 headers in 131 bytes (1 switches on core 0) [pid: 8|app: 0|req: 905/1955] 10.0.0.157 () {32 vars in 726 bytes} [Fri Mar 6 01:34:25 2026] DELETE /v2.0/networks/eead1fe8-053c-4e3b-90ab-33bc3c5b26ca => generated 0 bytes in 517 msecs (HTTP/1.1 204) 3 headers in 131 bytes (1 switches on core 0)
2026-03-06 01:34:25.823 8 INFO neutron.pecan_wsgi.hooks.translation [None req-e76070aa-d97e-4aff-ac4b-045d6297c4c8 8322e8e039fb4c0792a6e032295a848d 26881c6e95c74220a32916ebd7c01d71 - - default default] DELETE failed (client error): The resource could not be found. [pid: 8|app: 0|req: 906/1956] 10.0.0.157 () {32 vars in 720 bytes} [Fri Mar 6 01:34:25 2026] DELETE /v2.0/ports/a64fdcec-e820-41d1-a963-03691af5669f => generated 132 bytes in 15 msecs (HTTP/1.1 404) 4 headers in 164 bytes (1 switches on core 0) [pid: 7|app: 0|req: 1051/1957] 10.0.0.157 () {34 vars in 753 bytes} [Fri Mar 6 01:34:25 2026] PUT /v2.0/networks/bbddca6c-4d76-4581-9acd-b31be1bd5113/tags => generated 25 bytes in 60 msecs (HTTP/1.1 200) 4 headers in 156 bytes (1 switches on core 0)
2026-03-06 01:34:25.844 7 INFO neutron.pecan_wsgi.hooks.translation [None req-8ba4b835-6e28-46fa-9d50-4029a8b31a56 8322e8e039fb4c0792a6e032295a848d 26881c6e95c74220a32916ebd7c01d71 - - default default] GET failed (client error): The resource could not be found. [pid: 7|app: 0|req: 1052/1958] 10.0.0.157 () {32 vars in 717 bytes} [Fri Mar 6 01:34:25 2026] GET /v2.0/ports/a64fdcec-e820-41d1-a963-03691af5669f => generated 132 bytes in 16 msecs (HTTP/1.1 404) 4 headers in 164 bytes (1 switches on core 0) [pid: 7|app: 0|req: 1053/1959] 10.0.0.157 () {32 vars in 733 bytes} [Fri Mar 6 01:34:25 2026] GET /v2.0/networks/bbddca6c-4d76-4581-9acd-b31be1bd5113/tags => generated 25 bytes in 37 msecs (HTTP/1.1 200) 4 headers in 156 bytes (1 switches on core 0)
2026-03-06 01:34:25.919 8 INFO neutron_taas.services.taas.taas_plugin [None req-1eb019cc-2ce2-4d3b-8df8-0c3b0c005fb6 5f3ecf01ce584a919a373d78e426a4ad bf32b1e633494290bf6d62a975fac3bd - - default default] TaaS: Handle Delete Port: cbe700ba-8788-4d88-9d2f-710c80c53bfd
2026-03-06 01:34:25.922 8 INFO neutron_taas.services.taas.tap_mirror_plugin [None req-1eb019cc-2ce2-4d3b-8df8-0c3b0c005fb6 5f3ecf01ce584a919a373d78e426a4ad bf32b1e633494290bf6d62a975fac3bd - - default default] Tap Mirror: Handle Delete Port: cbe700ba-8788-4d88-9d2f-710c80c53bfd [pid: 7|app: 0|req: 1054/1960] 10.0.0.157 () {32 vars in 724 bytes} [Fri Mar 6 01:34:25 2026] DELETE /v2.0/subnets/92d5e89c-36e9-42e1-8569-bb3c832a3fe2 => generated 0 bytes in 175 msecs (HTTP/1.1 204) 3 headers in 131 bytes (1 switches on core 0) [pid: 7|app: 0|req: 1055/1961] 10.0.0.157 () {34 vars in 764 bytes} [Fri Mar 6 01:34:26 2026] PUT /v2.0/networks/bbddca6c-4d76-4581-9acd-b31be1bd5113/tags/green => generated 4 bytes in 73 msecs (HTTP/1.1 201) 4 headers in 160 bytes (1 switches on core 0) [pid: 8|app: 0|req: 907/1962] 10.0.0.157 () {32 vars in 726 bytes} [Fri Mar 6 01:34:25 2026] DELETE /v2.0/networks/5563ccce-e95e-45bf-961b-1c86ecd0479f => generated 0 bytes in 331 msecs (HTTP/1.1 204) 3 headers in 131 bytes (1 switches on core 0) [pid: 8|app: 0|req: 908/1963] 10.0.0.157 () {32 vars in 733 bytes} [Fri Mar 6 01:34:26 2026] GET /v2.0/networks/bbddca6c-4d76-4581-9acd-b31be1bd5113/tags => generated 34 bytes in 41 msecs (HTTP/1.1 200) 4 headers in 156 bytes (1 switches on core 0)
2026-03-06 01:34:26.247 7 INFO neutron_taas.services.taas.taas_plugin [None req-f5591825-b93c-4e51-a0b4-a7b614cb230d 8322e8e039fb4c0792a6e032295a848d 26881c6e95c74220a32916ebd7c01d71 - - default default] TaaS: Handle Delete Port: 31462f0d-f5ce-48b9-9962-67ffe57a4dcf
2026-03-06 01:34:26.251 7 INFO neutron_taas.services.taas.tap_mirror_plugin [None req-f5591825-b93c-4e51-a0b4-a7b614cb230d 8322e8e039fb4c0792a6e032295a848d 26881c6e95c74220a32916ebd7c01d71 - - default default] Tap Mirror: Handle Delete Port: 31462f0d-f5ce-48b9-9962-67ffe57a4dcf
2026-03-06 01:34:26.302 8 INFO neutron_taas.services.taas.taas_plugin [None req-6c7aa68a-5c54-4930-81a2-fa9a29fb2ba8 5f3ecf01ce584a919a373d78e426a4ad bf32b1e633494290bf6d62a975fac3bd - - default default] TaaS: Handle Delete Port: 2797524a-4658-417e-8630-df6d7a161d3f
2026-03-06 01:34:26.306 8 INFO neutron_taas.services.taas.tap_mirror_plugin [None req-6c7aa68a-5c54-4930-81a2-fa9a29fb2ba8 5f3ecf01ce584a919a373d78e426a4ad bf32b1e633494290bf6d62a975fac3bd - - default default] Tap Mirror: Handle Delete Port: 2797524a-4658-417e-8630-df6d7a161d3f
2026-03-06 01:34:26.445 7 INFO neutron.services.segments.plugin [-] Segment db38dfe3-7818-432e-8784-265aaa342a67 resource provider aggregate not found
2026-03-06 01:34:26.446 7 INFO neutron.services.segments.plugin [-] Segment db38dfe3-7818-432e-8784-265aaa342a67 resource provider aggregate not found
2026-03-06 01:34:26.480 7 INFO neutron.services.segments.plugin [-] Segment db38dfe3-7818-432e-8784-265aaa342a67 resource provider not found; error: Placement Client Error (4xx): {"errors": [{"status": 404, "title": "Not Found", "detail": "The resource could not be found.\n\n No resource provider with uuid db38dfe3-7818-432e-8784-265aaa342a67 found for delete ", "request_id": "req-59998098-c97d-4d68-82fd-afaba47b0f67"}]}
2026-03-06 01:34:26.483 7 INFO neutron.services.segments.plugin [-] Segment db38dfe3-7818-432e-8784-265aaa342a67 resource provider not found; error: Placement Client Error (4xx): {"errors": [{"status": 404, "title": "Not Found", "detail": "The resource could not be found.\n\n No resource provider with uuid db38dfe3-7818-432e-8784-265aaa342a67 found for delete ", "request_id": "req-00a34272-e940-4a60-8181-21948f2ace99"}]} [pid: 7|app: 0|req: 1056/1964] 10.0.0.157 () {32 vars in 726 bytes} [Fri Mar 6 01:34:26 2026] DELETE /v2.0/networks/c863e985-37c9-4188-928b-1b6c2fae2442 => generated 0 bytes in 389 msecs (HTTP/1.1 204) 3 headers in 131 bytes (1 switches on core 0) [pid: 8|app: 0|req: 909/1965] 10.0.0.157 () {32 vars in 726 bytes} [Fri Mar 6 01:34:26 2026] DELETE /v2.0/networks/6ef5df82-9ede-4996-a6d6-96f9409b3910 => generated 0 bytes in 377 msecs (HTTP/1.1 204) 3 headers in 131 bytes (1 switches on core 0) [pid: 7|app: 0|req: 1057/1966] 10.0.0.157 () {34 vars in 760 bytes} [Fri Mar 6 01:34:26 2026] PUT /v2.0/networks/bbddca6c-4d76-4581-9acd-b31be1bd5113/tags/red => generated 4 bytes in 74 msecs (HTTP/1.1 201) 4 headers in 160 bytes (1 switches on core 0) [pid: 7|app: 0|req: 1058/1967] 10.0.0.157 () {32 vars in 733 bytes} [Fri Mar 6 01:34:26 2026] GET /v2.0/networks/bbddca6c-4d76-4581-9acd-b31be1bd5113/tags => generated 34 bytes in 38 msecs (HTTP/1.1 200) 4 headers in 156 bytes (1 switches on core 0)
2026-03-06 01:34:26.651 8 INFO neutron.db.segments_db [None req-8cfc21e2-b1e6-4df6-99b0-7020c94a0f81 8322e8e039fb4c0792a6e032295a848d 26881c6e95c74220a32916ebd7c01d71 - - default default] Added segment 84702381-5ccc-4006-8c28-3b6e6507de79 of type geneve for network 056670a4-60f4-4754-99d3-901366532aa4 [pid: 7|app: 0|req: 1059/1968] 10.0.0.157 () {34 vars in 782 bytes} [Fri Mar 6 01:34:26 2026] PUT /v2.0/networks/bbddca6c-4d76-4581-9acd-b31be1bd5113/tags/black.or.white => generated 4 bytes in 57 msecs (HTTP/1.1 201) 4 headers in 160 bytes (1 switches on core 0) [pid: 7|app: 0|req: 1060/1969] 10.0.0.157 () {32 vars in 733 bytes} [Fri Mar 6 01:34:26 2026] GET /v2.0/networks/bbddca6c-4d76-4581-9acd-b31be1bd5113/tags => generated 52 bytes in 52 msecs (HTTP/1.1 200) 4 headers in 156 bytes (1 switches on core 0)
2026-03-06 01:34:26.772 8 INFO neutron.db.ovn_revision_numbers_db [None req-8cfc21e2-b1e6-4df6-99b0-7020c94a0f81 8322e8e039fb4c0792a6e032295a848d 26881c6e95c74220a32916ebd7c01d71 - - default default] Successfully bumped revision number for resource 056670a4-60f4-4754-99d3-901366532aa4 (type: networks) to 1 [pid: 7|app: 0|req: 1061/1970] 10.0.0.157 () {34 vars in 753 bytes} [Fri Mar 6 01:34:26 2026] PUT /v2.0/networks/bbddca6c-4d76-4581-9acd-b31be1bd5113/tags => generated 37 bytes in 41 msecs (HTTP/1.1 200) 4 headers in 156 bytes (1 switches on core 0) [pid: 7|app: 0|req: 1062/1971] 10.0.0.157 () {32 vars in 733 bytes} [Fri Mar 6 01:34:26 2026] GET /v2.0/networks/bbddca6c-4d76-4581-9acd-b31be1bd5113/tags => generated 37 bytes in 37 msecs (HTTP/1.1 200) 4 headers in 156 bytes (1 switches on core 0) [pid: 7|app: 0|req: 1063/1972] 10.0.0.157 () {32 vars in 741 bytes} [Fri Mar 6 01:34:26 2026] GET /v2.0/networks/bbddca6c-4d76-4581-9acd-b31be1bd5113/tags/red => generated 0 bytes in 31 msecs (HTTP/1.1 204) 2 headers in 112 bytes (1 switches on core 0)
2026-03-06 01:34:26.929 7 INFO neutron.api.v2.resource [None req-24f46b73-b468-45bf-a7da-5d1384f93dc7 d7d392dd485f4b449ffdda044a88cdee 18323019c2304861a9ffcd279310d77c - - default default] show failed (client error): The resource could not be found. [pid: 7|app: 0|req: 1064/1973] 10.0.0.157 () {32 vars in 745 bytes} [Fri Mar 6 01:34:26 2026] GET /v2.0/networks/bbddca6c-4d76-4581-9acd-b31be1bd5113/tags/green => generated 99 bytes in 45 msecs (HTTP/1.1 404) 4 headers in 163 bytes (1 switches on core 0)
2026-03-06 01:34:26.977 8 WARNING neutron.scheduler.dhcp_agent_scheduler [None req-8cfc21e2-b1e6-4df6-99b0-7020c94a0f81 8322e8e039fb4c0792a6e032295a848d 26881c6e95c74220a32916ebd7c01d71 - - default default] No more DHCP agents
2026-03-06 01:34:26.978 8 WARNING neutron.api.rpc.agentnotifiers.dhcp_rpc_agent_api [None req-8cfc21e2-b1e6-4df6-99b0-7020c94a0f81 8322e8e039fb4c0792a6e032295a848d 26881c6e95c74220a32916ebd7c01d71 - - default default] Unable to schedule network 056670a4-60f4-4754-99d3-901366532aa4: no agents available; will retry on subsequent port and subnet creation events. [pid: 7|app: 0|req: 1065/1974] 10.0.0.157 () {32 vars in 744 bytes} [Fri Mar 6 01:34:26 2026] DELETE /v2.0/networks/bbddca6c-4d76-4581-9acd-b31be1bd5113/tags/red => generated 0 bytes in 63 msecs (HTTP/1.1 204) 2 headers in 112 bytes (1 switches on core 0)
2026-03-06 01:34:27.050 8 INFO neutron.plugins.ml2.drivers.ovn.mech_driver.mech_driver [None req-e78fd5ad-d7cc-4e99-abba-e0bbd992c7be - - - - - -] OVN reports status down for port: cb777cb1-397b-4e9f-9157-b47dcf7b391f
2026-03-06 01:34:27.104 8 INFO neutron.db.ovn_revision_numbers_db [None req-8cfc21e2-b1e6-4df6-99b0-7020c94a0f81 8322e8e039fb4c0792a6e032295a848d 26881c6e95c74220a32916ebd7c01d71 - - default default] Successfully bumped revision number for resource cb777cb1-397b-4e9f-9157-b47dcf7b391f (type: ports) to 1 [pid: 8|app: 0|req: 910/1975] 10.0.0.157 () {34 vars in 670 bytes} [Fri Mar 6 01:34:26 2026] POST /v2.0/networks => generated 651 bytes in 559 msecs (HTTP/1.1 201) 4 headers in 162 bytes (1 switches on core 0) [pid: 8|app: 0|req: 911/1976] 10.0.0.157 () {32 vars in 733 bytes} [Fri Mar 6 01:34:27 2026] GET /v2.0/networks/bbddca6c-4d76-4581-9acd-b31be1bd5113/tags => generated 30 bytes in 52 msecs (HTTP/1.1 200) 4 headers in 156 bytes (1 switches on core 0)
2026-03-06 01:34:27.362 7 INFO neutron.db.ovn_revision_numbers_db [None req-df7b246e-4c3c-4500-a2c6-c2164e560a29 823bb2cd5d5549729f73956754437d97 4eb10fed2f234cf2bd07e96bb53a179b - - default default] Successfully bumped revision number for resource d24496d1-069f-46b4-a278-2f75b97baac1 (type: security_groups) to 1
2026-03-06 01:34:27.373 7 INFO neutron.db.ovn_revision_numbers_db [None req-df7b246e-4c3c-4500-a2c6-c2164e560a29 823bb2cd5d5549729f73956754437d97 4eb10fed2f234cf2bd07e96bb53a179b - - default default] Successfully bumped revision number for resource 13bd3cfc-99ad-409c-8ae9-98dc1754c226 (type: security_group_rules) to 0
2026-03-06 01:34:27.382 7 INFO neutron.db.ovn_revision_numbers_db [None req-df7b246e-4c3c-4500-a2c6-c2164e560a29 823bb2cd5d5549729f73956754437d97 4eb10fed2f234cf2bd07e96bb53a179b - - default default] Successfully bumped revision number for resource 64bbd5e6-fdbd-4764-8878-d795cf42150d (type: security_group_rules) to 0
2026-03-06 01:34:27.393 7 INFO neutron.db.ovn_revision_numbers_db [None req-df7b246e-4c3c-4500-a2c6-c2164e560a29 823bb2cd5d5549729f73956754437d97 4eb10fed2f234cf2bd07e96bb53a179b - - default default] Successfully bumped revision number for resource c24e70fd-81ec-4e0d-9b51-dca45e113578 (type: security_group_rules) to 0
2026-03-06 01:34:27.402 7 INFO neutron.db.ovn_revision_numbers_db [None req-df7b246e-4c3c-4500-a2c6-c2164e560a29 823bb2cd5d5549729f73956754437d97 4eb10fed2f234cf2bd07e96bb53a179b - - default default] Successfully bumped revision number for resource ccda9bd0-922e-4d08-bb91-527617ae15a0 (type: security_group_rules) to 0
2026-03-06 01:34:27.406 8 WARNING neutron.scheduler.dhcp_agent_scheduler [None req-c3026548-5e9e-4ee3-b093-d21ad7cc0ba6 8322e8e039fb4c0792a6e032295a848d 26881c6e95c74220a32916ebd7c01d71 - - default default] No more DHCP agents
2026-03-06 01:34:27.408 8 WARNING neutron.api.rpc.agentnotifiers.dhcp_rpc_agent_api [None req-c3026548-5e9e-4ee3-b093-d21ad7cc0ba6 8322e8e039fb4c0792a6e032295a848d 26881c6e95c74220a32916ebd7c01d71 - - default default] Unable to schedule network 056670a4-60f4-4754-99d3-901366532aa4: no agents available; will retry on subsequent port and subnet creation events.
2026-03-06 01:34:27.485 7 INFO neutron.db.segments_db [None req-df7b246e-4c3c-4500-a2c6-c2164e560a29 823bb2cd5d5549729f73956754437d97 4eb10fed2f234cf2bd07e96bb53a179b - - default default] Added segment 63860b5c-0d42-48fb-8240-71f11a0c5e5d of type geneve for network a6d3ed10-eac9-462d-8acc-7522596b2fba
2026-03-06 01:34:27.603 7 INFO neutron.db.ovn_revision_numbers_db [None req-df7b246e-4c3c-4500-a2c6-c2164e560a29 823bb2cd5d5549729f73956754437d97 4eb10fed2f234cf2bd07e96bb53a179b - - default default] Successfully bumped revision number for resource a6d3ed10-eac9-462d-8acc-7522596b2fba (type: networks) to 1
2026-03-06 01:34:27.689 8 INFO neutron.services.segments.plugin [-] Segment 1e730708-5cc1-4b5a-aa20-0a8de7c7e66c resource provider aggregate not found
2026-03-06 01:34:27.697 8 INFO neutron.services.segments.plugin [-] Segment 1e730708-5cc1-4b5a-aa20-0a8de7c7e66c resource provider aggregate not found
2026-03-06 01:34:27.717 8 INFO neutron.services.segments.plugin [-] Segment 1e730708-5cc1-4b5a-aa20-0a8de7c7e66c resource provider not found; error: Placement Client Error (4xx): {"errors": [{"status": 404, "title": "Not Found", "detail": "The resource could not be found.\n\n No resource provider with uuid 1e730708-5cc1-4b5a-aa20-0a8de7c7e66c found for delete ", "request_id": "req-3f6ca9b0-3b54-496f-a942-34b7e8584d8b"}]}
2026-03-06 01:34:27.720 8 INFO neutron.services.segments.plugin [-] Segment 1e730708-5cc1-4b5a-aa20-0a8de7c7e66c resource provider not found; error: Placement Client Error (4xx): {"errors": [{"status": 404, "title": "Not Found", "detail": "The resource could not be found.\n\n No resource provider with uuid 1e730708-5cc1-4b5a-aa20-0a8de7c7e66c found for delete ", "request_id": "req-fb90d718-a2fb-4d79-8922-7f5d75a78c41"}]}
2026-03-06 01:34:27.739 8 INFO neutron.services.segments.plugin [-] Segment 0e376242-9cbd-45ab-80ec-c8e7e83eb1c9 resource provider aggregate not found
2026-03-06 01:34:27.745 8 INFO neutron.services.segments.plugin [-] Segment 0e376242-9cbd-45ab-80ec-c8e7e83eb1c9 resource provider aggregate not found
2026-03-06 01:34:27.758 8 INFO neutron.services.segments.plugin [-] Segment 0e376242-9cbd-45ab-80ec-c8e7e83eb1c9 resource provider not found; error: Placement Client Error (4xx): {"errors": [{"status": 404, "title": "Not Found", "detail": "The resource could not be found.\n\n No resource provider with uuid 0e376242-9cbd-45ab-80ec-c8e7e83eb1c9 found for delete ", "request_id": "req-f5ae116c-b008-4dc6-8575-d7008fe0aa61"}]}
2026-03-06 01:34:27.766 8 INFO neutron.services.segments.plugin [-] Segment 0e376242-9cbd-45ab-80ec-c8e7e83eb1c9 resource provider not found; error: Placement Client Error (4xx): {"errors": [{"status": 404, "title": "Not Found", "detail": "The resource could not be found.\n\n No resource provider with uuid 0e376242-9cbd-45ab-80ec-c8e7e83eb1c9 found for delete ", "request_id": "req-bd44e88f-e540-45fb-a608-3e3027fea539"}]}
2026-03-06 01:34:27.768 7 WARNING neutron.scheduler.dhcp_agent_scheduler [None req-df7b246e-4c3c-4500-a2c6-c2164e560a29 823bb2cd5d5549729f73956754437d97 4eb10fed2f234cf2bd07e96bb53a179b - - default default] No more DHCP agents
2026-03-06 01:34:27.769 7 WARNING neutron.api.rpc.agentnotifiers.dhcp_rpc_agent_api [None req-df7b246e-4c3c-4500-a2c6-c2164e560a29 823bb2cd5d5549729f73956754437d97 4eb10fed2f234cf2bd07e96bb53a179b - - default default] Unable to schedule network a6d3ed10-eac9-462d-8acc-7522596b2fba: no agents available; will retry on subsequent port and subnet creation events.
2026-03-06 01:34:27.773 8 INFO neutron.services.segments.plugin [-] Segment 38a205df-285b-4177-ba5d-ec9095ffc8b4 resource provider aggregate not found
2026-03-06 01:34:27.784 8 INFO neutron.services.segments.plugin [-] Segment 38a205df-285b-4177-ba5d-ec9095ffc8b4 resource provider not found; error: Placement Client Error (4xx): {"errors": [{"status": 404, "title": "Not Found", "detail": "The resource could not be found.\n\n No resource provider with uuid 38a205df-285b-4177-ba5d-ec9095ffc8b4 found for delete ", "request_id": "req-decc6ee1-f0ee-4e65-9ec3-c722b03c2f4a"}]}
2026-03-06 01:34:27.787 8 INFO neutron.services.segments.plugin [-] Segment 38a205df-285b-4177-ba5d-ec9095ffc8b4 resource provider aggregate not found
2026-03-06 01:34:27.817 8 INFO neutron.services.segments.plugin [-] Segment 38a205df-285b-4177-ba5d-ec9095ffc8b4 resource provider not found; error: Placement Client Error (4xx): {"errors": [{"status": 404, "title": "Not Found", "detail": "The resource could not be found.\n\n No resource provider with uuid 38a205df-285b-4177-ba5d-ec9095ffc8b4 found for delete ", "request_id": "req-5c6e2cbf-4f2b-4f3a-a9fa-8c227eca2321"}]}
2026-03-06 01:34:27.843 8 INFO neutron.plugins.ml2.drivers.ovn.mech_driver.mech_driver [None req-e78fd5ad-d7cc-4e99-abba-e0bbd992c7be - - - - - -] OVN reports status down for port: ffaa8850-b962-4dd9-a739-115d990a9490
2026-03-06 01:34:27.866 7 INFO neutron.db.ovn_revision_numbers_db [None req-df7b246e-4c3c-4500-a2c6-c2164e560a29 823bb2cd5d5549729f73956754437d97 4eb10fed2f234cf2bd07e96bb53a179b - - default default] Successfully bumped revision number for resource ffaa8850-b962-4dd9-a739-115d990a9490 (type: ports) to 1 [pid: 7|app: 0|req: 1066/1977] 10.0.0.157 () {34 vars in 671 bytes} [Fri Mar 6 01:34:27 2026] POST /v2.0/networks => generated 651 bytes in 894 msecs (HTTP/1.1 201) 4 headers in 162 bytes (1 switches on core 0)
2026-03-06 01:34:27.944 7 INFO neutron.api.v2.resource [None req-c3edf931-9ba1-4d52-b1dc-b0c01c125186 d7d392dd485f4b449ffdda044a88cdee 18323019c2304861a9ffcd279310d77c - - default default] delete failed (client error): The resource could not be found. [pid: 7|app: 0|req: 1067/1978] 10.0.0.157 () {32 vars in 748 bytes} [Fri Mar 6 01:34:27 2026] DELETE /v2.0/networks/bbddca6c-4d76-4581-9acd-b31be1bd5113/tags/green => generated 99 bytes in 49 msecs (HTTP/1.1 404) 4 headers in 163 bytes (1 switches on core 0) [pid: 7|app: 0|req: 1068/1979] 10.0.0.157 () {32 vars in 774 bytes} [Fri Mar 6 01:34:27 2026] GET /v2.0/security-groups?tenant_id=bf32b1e633494290bf6d62a975fac3bd&name=default => generated 2925 bytes in 104 msecs (HTTP/1.1 200) 4 headers in 158 bytes (1 switches on core 0)
2026-03-06 01:34:28.057 8 INFO neutron.db.ovn_revision_numbers_db [None req-85ea7198-5b84-4742-b5e5-06420870c7ed - - - - - -] Successfully bumped revision number for resource cb777cb1-397b-4e9f-9157-b47dcf7b391f (type: ports) to 2
2026-03-06 01:34:28.091 8 INFO neutron.db.ovn_revision_numbers_db [None req-85ea7198-5b84-4742-b5e5-06420870c7ed - - - - - -] Successfully bumped revision number for resource 1aa9dc85-8e89-457d-9eea-2c5b01eeaa8b (type: subnets) to 0 [pid: 8|app: 0|req: 912/1982] 10.0.0.157 () {34 vars in 669 bytes} [Fri Mar 6 01:34:27 2026] POST /v2.0/subnets => generated 626 bytes in 918 msecs (HTTP/1.1 201) 4 headers in 162 bytes (1 switches on core 0) [pid: 8|app: 0|req: 913/1983] 10.0.0.157 () {32 vars in 736 bytes} [Fri Mar 6 01:34:28 2026] DELETE /v2.0/networks/bbddca6c-4d76-4581-9acd-b31be1bd5113/tags => generated 0 bytes in 66 msecs (HTTP/1.1 204) 2 headers in 112 bytes (1 switches on core 0) [pid: 8|app: 0|req: 914/1984] 10.0.0.157 () {32 vars in 740 bytes} [Fri Mar 6 01:34:28 2026] DELETE /v2.0/security-groups/651c2f73-fa53-40b8-a8e0-bf4795ea3643 => generated 0 bytes in 276 msecs (HTTP/1.1 204) 2 headers in 112 bytes (1 switches on core 0)
2026-03-06 01:34:28.693 8 WARNING neutron.scheduler.dhcp_agent_scheduler [None req-1b47daf2-08e0-4427-aef9-1d5062f241f9 8322e8e039fb4c0792a6e032295a848d 26881c6e95c74220a32916ebd7c01d71 - - default default] No more DHCP agents
2026-03-06 01:34:28.695 8 WARNING neutron.api.rpc.agentnotifiers.dhcp_rpc_agent_api [None req-1b47daf2-08e0-4427-aef9-1d5062f241f9 8322e8e039fb4c0792a6e032295a848d 26881c6e95c74220a32916ebd7c01d71 - - default default] Unable to schedule network 056670a4-60f4-4754-99d3-901366532aa4: no agents available; will retry on subsequent port and subnet creation events.
2026-03-06 01:34:28.832 8 INFO neutron.plugins.ml2.drivers.ovn.mech_driver.mech_driver [None req-e78fd5ad-d7cc-4e99-abba-e0bbd992c7be - - - - - -] OVN reports status down for port: 75fb539e-b66b-4eba-9d27-619cf2497374
2026-03-06 01:34:28.893 8 INFO neutron.db.ovn_revision_numbers_db [None req-1b47daf2-08e0-4427-aef9-1d5062f241f9 8322e8e039fb4c0792a6e032295a848d 26881c6e95c74220a32916ebd7c01d71 - - default default] Successfully bumped revision number for resource 75fb539e-b66b-4eba-9d27-619cf2497374 (type: ports) to 1 [pid: 8|app: 0|req: 915/1985] 10.0.0.157 () {34 vars in 665 bytes} [Fri Mar 6 01:34:28 2026] POST /v2.0/ports => generated 911 bytes in 490 msecs (HTTP/1.1 201) 4 headers in 162 bytes (1 switches on core 0)
2026-03-06 01:34:28.958 7 WARNING neutron.scheduler.dhcp_agent_scheduler [None req-6ff3862a-b0af-4d6a-94a2-7f7e9862b055 823bb2cd5d5549729f73956754437d97 4eb10fed2f234cf2bd07e96bb53a179b - - default default] No more DHCP agents
2026-03-06 01:34:28.959 7 WARNING neutron.api.rpc.agentnotifiers.dhcp_rpc_agent_api [None req-6ff3862a-b0af-4d6a-94a2-7f7e9862b055 823bb2cd5d5549729f73956754437d97 4eb10fed2f234cf2bd07e96bb53a179b - - default default] Unable to schedule network fe142fe9-7e64-455d-b382-739a242c43a6: no agents available; will retry on subsequent port and subnet creation events. [pid: 8|app: 0|req: 916/1986] 10.0.0.157 () {32 vars in 733 bytes} [Fri Mar 6 01:34:28 2026] GET /v2.0/networks/bbddca6c-4d76-4581-9acd-b31be1bd5113/tags => generated 12 bytes in 58 msecs (HTTP/1.1 200) 4 headers in 156 bytes (1 switches on core 0)
2026-03-06 01:34:29.110 7 INFO neutron.db.ovn_revision_numbers_db [None req-6ff3862a-b0af-4d6a-94a2-7f7e9862b055 823bb2cd5d5549729f73956754437d97 4eb10fed2f234cf2bd07e96bb53a179b - - default default] Successfully bumped revision number for resource 1e9d4d9a-ecc0-4148-b530-8829d7f20460 (type: ports) to 1
2026-03-06 01:34:29.115 8 INFO neutron.plugins.ml2.drivers.ovn.mech_driver.mech_driver [None req-e78fd5ad-d7cc-4e99-abba-e0bbd992c7be - - - - - -] OVN reports status down for port: 1e9d4d9a-ecc0-4148-b530-8829d7f20460
2026-03-06 01:34:29.216 8 INFO neutron.db.ovn_revision_numbers_db [None req-d7b6d281-6d74-44a1-9b27-fa581408b7ca da39324a0d6c4069865e93d1f7cfa79b b0424b14cf5745ebb1c8ae2923450bc2 - - default default] Successfully bumped revision number for resource 47d4f3ac-1ad1-4a07-8c2a-77c77857b6ae (type: security_groups) to 1
2026-03-06 01:34:29.228 8 INFO neutron.db.ovn_revision_numbers_db [None req-d7b6d281-6d74-44a1-9b27-fa581408b7ca da39324a0d6c4069865e93d1f7cfa79b b0424b14cf5745ebb1c8ae2923450bc2 - - default default] Successfully bumped revision number for resource 0a6c7378-d69d-4599-907a-28ca453d1c46 (type: security_group_rules) to 0
2026-03-06 01:34:29.242 8 INFO neutron.db.ovn_revision_numbers_db [None req-d7b6d281-6d74-44a1-9b27-fa581408b7ca da39324a0d6c4069865e93d1f7cfa79b b0424b14cf5745ebb1c8ae2923450bc2 - - default default] Successfully bumped revision number for resource 7b5c8d11-c60b-417d-9430-7b729c9c8f25 (type: security_group_rules) to 0
2026-03-06 01:34:29.252 8 INFO neutron.db.ovn_revision_numbers_db [None req-d7b6d281-6d74-44a1-9b27-fa581408b7ca da39324a0d6c4069865e93d1f7cfa79b b0424b14cf5745ebb1c8ae2923450bc2 - - default default] Successfully bumped revision number for resource a41bc2d2-dee8-4b9d-acf4-719ebc473e83 (type: security_group_rules) to 0
2026-03-06 01:34:29.264 8 INFO neutron.db.ovn_revision_numbers_db [None req-d7b6d281-6d74-44a1-9b27-fa581408b7ca da39324a0d6c4069865e93d1f7cfa79b b0424b14cf5745ebb1c8ae2923450bc2 - - default default] Successfully bumped revision number for resource e5ea3c74-9973-4969-bbf7-90afc6a7ff4a (type: security_group_rules) to 0 [pid: 8|app: 0|req: 917/1987] 10.0.0.157 () {32 vars in 774 bytes} [Fri Mar 6 01:34:28 2026] GET /v2.0/security-groups?tenant_id=2fc6219091d84e8b871334916cba7807&name=default => generated 2925 bytes in 311 msecs (HTTP/1.1 200) 4 headers in 158 bytes (1 switches on core 0)
2026-03-06 01:34:29.426 8 INFO neutron_taas.services.taas.taas_plugin [None req-f2e2fed9-1e0b-4af7-8051-c62a1c0c7548 8322e8e039fb4c0792a6e032295a848d 26881c6e95c74220a32916ebd7c01d71 - - default default] TaaS: Handle Delete Port: 75fb539e-b66b-4eba-9d27-619cf2497374
2026-03-06 01:34:29.428 8 INFO neutron_taas.services.taas.tap_mirror_plugin [None req-f2e2fed9-1e0b-4af7-8051-c62a1c0c7548 8322e8e039fb4c0792a6e032295a848d 26881c6e95c74220a32916ebd7c01d71 - - default default] Tap Mirror: Handle Delete Port: 75fb539e-b66b-4eba-9d27-619cf2497374 [pid: 8|app: 0|req: 918/1988] 10.0.0.157 () {32 vars in 720 bytes} [Fri Mar 6 01:34:29 2026] DELETE /v2.0/ports/75fb539e-b66b-4eba-9d27-619cf2497374 => generated 0 bytes in 301 msecs (HTTP/1.1 204) 3 headers in 131 bytes (1 switches on core 0)
2026-03-06 01:34:29.676 7 INFO neutron.plugins.ml2.drivers.ovn.mech_driver.ovsdb.commands [-] Schedule LRP lrp-1e9d4d9a-ecc0-4148-b530-8829d7f20460 on gateway b4de54fd-2b04-4588-82dc-d18f0208836e with priority 1
2026-03-06 01:34:29.810 8 INFO neutron.plugins.ml2.drivers.ovn.mech_driver.ovsdb.ovsdb_monitor [None req-27f53a5b-e75f-4423-bdea-4b7faf49eca0 - - - - - -] Router 388d8ba2-8023-419a-86b9-c394c1a985c0 is bound to host instance
2026-03-06 01:34:29.816 7 INFO neutron.db.ovn_revision_numbers_db [None req-6ff3862a-b0af-4d6a-94a2-7f7e9862b055 823bb2cd5d5549729f73956754437d97 4eb10fed2f234cf2bd07e96bb53a179b - - default default] Successfully bumped revision number for resource 1e9d4d9a-ecc0-4148-b530-8829d7f20460 (type: router_ports) to 1
2026-03-06 01:34:29.850 8 INFO neutron.plugins.ml2.drivers.ovn.mech_driver.mech_driver [None req-e78fd5ad-d7cc-4e99-abba-e0bbd992c7be - - - - - -] OVN reports status up for port: 1e9d4d9a-ecc0-4148-b530-8829d7f20460
2026-03-06 01:34:29.877 7 INFO neutron.db.ovn_revision_numbers_db [None req-6ff3862a-b0af-4d6a-94a2-7f7e9862b055 823bb2cd5d5549729f73956754437d97 4eb10fed2f234cf2bd07e96bb53a179b - - default default] Successfully bumped revision number for resource 388d8ba2-8023-419a-86b9-c394c1a985c0 (type: routers) to 2 [pid: 7|app: 0|req: 1071/1989] 10.0.0.157 () {34 vars in 669 bytes} [Fri Mar 6 01:34:28 2026] POST /v2.0/routers => generated 955 bytes in 1841 msecs (HTTP/1.1 201) 4 headers in 162 bytes (1 switches on core 0)
2026-03-06 01:34:29.898 8 INFO neutron_taas.services.taas.taas_plugin [None req-1a4f6964-20c8-4908-88a5-3da31edf76d7 d7d392dd485f4b449ffdda044a88cdee 18323019c2304861a9ffcd279310d77c - - default default] TaaS: Handle Delete Port: e601b3d8-cbe2-4732-8970-1e83c5edd06b
2026-03-06 01:34:29.905 8 INFO neutron_taas.services.taas.tap_mirror_plugin [None req-1a4f6964-20c8-4908-88a5-3da31edf76d7 d7d392dd485f4b449ffdda044a88cdee 18323019c2304861a9ffcd279310d77c - - default default] Tap Mirror: Handle Delete Port: e601b3d8-cbe2-4732-8970-1e83c5edd06b
2026-03-06 01:34:29.910 8 INFO neutron.plugins.ml2.plugin [None req-e78fd5ad-d7cc-4e99-abba-e0bbd992c7be - - - - - -] Attempt 1 to provision port 1e9d4d9a-ecc0-4148-b530-8829d7f20460 [pid: 7|app: 0|req: 1072/1990] 10.0.0.157 () {32 vars in 740 bytes} [Fri Mar 6 01:34:29 2026] DELETE /v2.0/security-groups/47d4f3ac-1ad1-4a07-8c2a-77c77857b6ae => generated 0 bytes in 250 msecs (HTTP/1.1 204) 2 headers in 112 bytes (1 switches on core 0)
2026-03-06 01:34:30.174 7 INFO neutron.pecan_wsgi.hooks.translation [None req-6eb32a58-ab8f-40e6-acbb-fe23b25d7a37 8322e8e039fb4c0792a6e032295a848d 26881c6e95c74220a32916ebd7c01d71 - - default default] GET failed (client error): The resource could not be found. [pid: 7|app: 0|req: 1073/1991] 10.0.0.157 () {32 vars in 717 bytes} [Fri Mar 6 01:34:30 2026] GET /v2.0/ports/75fb539e-b66b-4eba-9d27-619cf2497374 => generated 132 bytes in 29 msecs (HTTP/1.1 404) 4 headers in 164 bytes (1 switches on core 0) [pid: 7|app: 0|req: 1074/1992] 10.0.0.157 () {32 vars in 776 bytes} [Fri Mar 6 01:34:30 2026] GET /v2.0/subnets?project_id=4eb10fed2f234cf2bd07e96bb53a179b&cidr=10.100.0.0%2F28 => generated 14 bytes in 136 msecs (HTTP/1.1 200) 4 headers in 156 bytes (1 switches on core 0)
2026-03-06 01:34:30.392 8 INFO neutron.services.segments.plugin [-] Segment 1ebaa751-9e08-43af-a780-f70668f0fd2d resource provider aggregate not found
2026-03-06 01:34:30.401 8 INFO neutron.services.segments.plugin [-] Segment 1ebaa751-9e08-43af-a780-f70668f0fd2d resource provider aggregate not found
2026-03-06 01:34:30.416 8 INFO neutron.services.segments.plugin [-] Segment 1ebaa751-9e08-43af-a780-f70668f0fd2d resource provider not found; error: Placement Client Error (4xx): {"errors": [{"status": 404, "title": "Not Found", "detail": "The resource could not be found.\n\n No resource provider with uuid 1ebaa751-9e08-43af-a780-f70668f0fd2d found for delete ", "request_id": "req-4f70080d-422b-4c4b-b3a9-5860cba9ca19"}]}
2026-03-06 01:34:30.421 8 INFO neutron.services.segments.plugin [-] Segment 1ebaa751-9e08-43af-a780-f70668f0fd2d resource provider not found; error: Placement Client Error (4xx): {"errors": [{"status": 404, "title": "Not Found", "detail": "The resource could not be found.\n\n No resource provider with uuid 1ebaa751-9e08-43af-a780-f70668f0fd2d found for delete ", "request_id": "req-73be9eb1-bd88-4883-a31c-40a3c87660ec"}]} [pid: 7|app: 0|req: 1075/1993] 10.0.0.157 () {32 vars in 724 bytes} [Fri Mar 6 01:34:30 2026] DELETE /v2.0/subnets/1aa9dc85-8e89-457d-9eea-2c5b01eeaa8b => generated 0 bytes in 163 msecs (HTTP/1.1 204) 3 headers in 131 bytes (1 switches on core 0) [pid: 8|app: 0|req: 919/1994] 10.0.0.157 () {32 vars in 726 bytes} [Fri Mar 6 01:34:29 2026] DELETE /v2.0/networks/bbddca6c-4d76-4581-9acd-b31be1bd5113 => generated 0 bytes in 916 msecs (HTTP/1.1 204) 3 headers in 131 bytes (1 switches on core 0)
2026-03-06 01:34:30.633 7 INFO neutron.db.ovn_revision_numbers_db [None req-785a3821-b599-4365-b2a2-a93e52a4bb6f da39324a0d6c4069865e93d1f7cfa79b b0424b14cf5745ebb1c8ae2923450bc2 - - default default] Successfully bumped revision number for resource abf88c5d-d03a-4211-bfd1-4d89b7039386 (type: security_groups) to 1
2026-03-06 01:34:30.643 7 INFO neutron.db.ovn_revision_numbers_db [None req-785a3821-b599-4365-b2a2-a93e52a4bb6f da39324a0d6c4069865e93d1f7cfa79b b0424b14cf5745ebb1c8ae2923450bc2 - - default default] Successfully bumped revision number for resource 266990aa-38da-40df-b939-9811c868efd1 (type: security_group_rules) to 0
2026-03-06 01:34:30.656 7 INFO neutron.db.ovn_revision_numbers_db [None req-785a3821-b599-4365-b2a2-a93e52a4bb6f da39324a0d6c4069865e93d1f7cfa79b b0424b14cf5745ebb1c8ae2923450bc2 - - default default] Successfully bumped revision number for resource 467d9f5a-5fca-4642-b0fb-16bad282a105 (type: security_group_rules) to 0
2026-03-06 01:34:30.666 7 INFO neutron.db.ovn_revision_numbers_db [None req-785a3821-b599-4365-b2a2-a93e52a4bb6f da39324a0d6c4069865e93d1f7cfa79b b0424b14cf5745ebb1c8ae2923450bc2 - - default default] Successfully bumped revision number for resource db4f4d9e-f1a8-4099-946e-b4f3bd6ebe40 (type: security_group_rules) to 0 [pid: 8|app: 0|req: 920/1995] 10.0.0.157 () {32 vars in 694 bytes} [Fri Mar 6 01:34:30 2026] GET /v2.0/networks?router%3Aexternal=True => generated 791 bytes in 141 msecs (HTTP/1.1 200) 4 headers in 157 bytes (1 switches on core 0)
2026-03-06 01:34:30.677 7 INFO neutron.db.ovn_revision_numbers_db [None req-785a3821-b599-4365-b2a2-a93e52a4bb6f da39324a0d6c4069865e93d1f7cfa79b b0424b14cf5745ebb1c8ae2923450bc2 - - default default] Successfully bumped revision number for resource f75156e6-5edb-4642-9979-f10b8cbc6428 (type: security_group_rules) to 0 [pid: 7|app: 0|req: 1076/1996] 10.0.0.157 () {32 vars in 774 bytes} [Fri Mar 6 01:34:30 2026] GET /v2.0/security-groups?tenant_id=2d5e1119072f48f3bde5ede842cf48aa&name=default => generated 2925 bytes in 234 msecs (HTTP/1.1 200) 4 headers in 158 bytes (1 switches on core 0) [pid: 7|app: 0|req: 1077/1997] 10.0.0.157 () {32 vars in 784 bytes} [Fri Mar 6 01:34:30 2026] GET /v2.0/subnets?network_id=fe142fe9-7e64-455d-b382-739a242c43a6&cidr=10.100.0.0%2F28 => generated 14 bytes in 20 msecs (HTTP/1.1 200) 4 headers in 156 bytes (1 switches on core 0)
2026-03-06 01:34:30.947 8 INFO neutron_taas.services.taas.taas_plugin [None req-88b1d57c-5736-47c6-8354-f07dd22f05d5 8322e8e039fb4c0792a6e032295a848d 26881c6e95c74220a32916ebd7c01d71 - - default default] TaaS: Handle Delete Port: cb777cb1-397b-4e9f-9157-b47dcf7b391f
2026-03-06 01:34:30.956 8 INFO neutron_taas.services.taas.tap_mirror_plugin [None req-88b1d57c-5736-47c6-8354-f07dd22f05d5 8322e8e039fb4c0792a6e032295a848d 26881c6e95c74220a32916ebd7c01d71 - - default default] Tap Mirror: Handle Delete Port: cb777cb1-397b-4e9f-9157-b47dcf7b391f [pid: 7|app: 0|req: 1078/1998] 10.0.0.157 () {32 vars in 740 bytes} [Fri Mar 6 01:34:30 2026] DELETE /v2.0/security-groups/abf88c5d-d03a-4211-bfd1-4d89b7039386 => generated 0 bytes in 318 msecs (HTTP/1.1 204) 2 headers in 112 bytes (1 switches on core 0)
2026-03-06 01:34:31.233 7 WARNING neutron.scheduler.dhcp_agent_scheduler [None req-0d36b9b1-fb76-4b81-8b4e-f852882f0756 823bb2cd5d5549729f73956754437d97 4eb10fed2f234cf2bd07e96bb53a179b - - default default] No more DHCP agents
2026-03-06 01:34:31.235 7 WARNING neutron.api.rpc.agentnotifiers.dhcp_rpc_agent_api [None req-0d36b9b1-fb76-4b81-8b4e-f852882f0756 823bb2cd5d5549729f73956754437d97 4eb10fed2f234cf2bd07e96bb53a179b - - default default] Unable to schedule network a6d3ed10-eac9-462d-8acc-7522596b2fba: no agents available; will retry on subsequent port and subnet creation events. [pid: 8|app: 0|req: 921/1999] 10.0.0.157 () {32 vars in 726 bytes} [Fri Mar 6 01:34:30 2026] DELETE /v2.0/networks/056670a4-60f4-4754-99d3-901366532aa4 => generated 0 bytes in 734 msecs (HTTP/1.1 204) 3 headers in 131 bytes (1 switches on core 0)
2026-03-06 01:34:31.524 8 INFO neutron.db.ovn_revision_numbers_db [None req-5247953f-f453-4233-9a66-11ebeb4dd3e9 - - - - - -] Successfully bumped revision number for resource 1e9d4d9a-ecc0-4148-b530-8829d7f20460 (type: ports) to 4
2026-03-06 01:34:31.720 7 INFO neutron.db.ovn_revision_numbers_db [None req-857115ec-e41d-41ae-a73e-2ac531dd0c15 - - - - - -] Successfully bumped revision number for resource ffaa8850-b962-4dd9-a739-115d990a9490 (type: ports) to 2
2026-03-06 01:34:31.751 7 INFO neutron.db.ovn_revision_numbers_db [None req-857115ec-e41d-41ae-a73e-2ac531dd0c15 - - - - - -] Successfully bumped revision number for resource 0106c548-6f38-45da-aca5-f0935ead8a3c (type: subnets) to 0 [pid: 7|app: 0|req: 1079/2000] 10.0.0.157 () {34 vars in 669 bytes} [Fri Mar 6 01:34:31 2026] POST /v2.0/subnets => generated 656 bytes in 718 msecs (HTTP/1.1 201) 4 headers in 162 bytes (1 switches on core 0)
2026-03-06 01:34:31.857 8 INFO neutron.db.ovn_revision_numbers_db [None req-c597a11e-5bc1-4580-8434-54d93f50ce28 da39324a0d6c4069865e93d1f7cfa79b b0424b14cf5745ebb1c8ae2923450bc2 - - default default] Successfully bumped revision number for resource 4ae747d3-5392-4aaf-b5e0-c69f6c079a5f (type: security_groups) to 1
2026-03-06 01:34:31.873 8 INFO neutron.db.ovn_revision_numbers_db [None req-c597a11e-5bc1-4580-8434-54d93f50ce28 da39324a0d6c4069865e93d1f7cfa79b b0424b14cf5745ebb1c8ae2923450bc2 - - default default] Successfully bumped revision number for resource 1429be65-0ec1-4b93-8506-e0ebc25d6c04 (type: security_group_rules) to 0
2026-03-06 01:34:31.889 8 INFO neutron.db.ovn_revision_numbers_db [None req-c597a11e-5bc1-4580-8434-54d93f50ce28 da39324a0d6c4069865e93d1f7cfa79b b0424b14cf5745ebb1c8ae2923450bc2 - - default default] Successfully bumped revision number for resource 16dc2c66-fd94-4b32-9ce2-8aff8b56501c (type: security_group_rules) to 0
2026-03-06 01:34:31.909 8 INFO neutron.db.ovn_revision_numbers_db [None req-c597a11e-5bc1-4580-8434-54d93f50ce28 da39324a0d6c4069865e93d1f7cfa79b b0424b14cf5745ebb1c8ae2923450bc2 - - default default] Successfully bumped revision number for resource 65fe7bed-64ac-41c3-b410-98a94ddd214f (type: security_group_rules) to 0
2026-03-06 01:34:31.928 8 INFO neutron.db.ovn_revision_numbers_db [None req-c597a11e-5bc1-4580-8434-54d93f50ce28 da39324a0d6c4069865e93d1f7cfa79b b0424b14cf5745ebb1c8ae2923450bc2 - - default default] Successfully bumped revision number for resource e2ac1c93-ff2d-45c0-8ec5-2d0f3818c53a (type: security_group_rules) to 0 [pid: 8|app: 0|req: 922/2001] 10.0.0.157 () {32 vars in 774 bytes} [Fri Mar 6 01:34:31 2026] GET /v2.0/security-groups?tenant_id=09627b4821d84e1ca277cc11224e5cd3&name=default => generated 2925 bytes in 594 msecs (HTTP/1.1 200) 4 headers in 158 bytes (1 switches on core 0)
2026-03-06 01:34:32.011 7 WARNING neutron.scheduler.dhcp_agent_scheduler [None req-9db5449d-fe1f-4875-af1a-676b568125e9 8322e8e039fb4c0792a6e032295a848d 26881c6e95c74220a32916ebd7c01d71 - - default default] No more DHCP agents
2026-03-06 01:34:32.012 7 WARNING neutron.api.rpc.agentnotifiers.dhcp_rpc_agent_api [None req-9db5449d-fe1f-4875-af1a-676b568125e9 8322e8e039fb4c0792a6e032295a848d 26881c6e95c74220a32916ebd7c01d71 - - default default] Unable to schedule network a2674b4b-8ede-4c51-bfc8-27e30944c06f: no agents available; will retry on subsequent port and subnet creation events.
2026-03-06 01:34:32.140 7 INFO neutron.db.ovn_revision_numbers_db [None req-9db5449d-fe1f-4875-af1a-676b568125e9 8322e8e039fb4c0792a6e032295a848d 26881c6e95c74220a32916ebd7c01d71 - - default default] Successfully bumped revision number for resource 16e481fe-ffd3-4d69-b4ea-b6d9829f7b00 (type: ports) to 1 [pid: 7|app: 0|req: 1080/2002] 10.0.0.157 () {34 vars in 665 bytes} [Fri Mar 6 01:34:31 2026] POST /v2.0/ports => generated 775 bytes in 415 msecs (HTTP/1.1 201) 4 headers in 162 bytes (1 switches on core 0) /var/lib/openstack/lib/python3.12/site-packages/pycadf/identifier.py:70: UserWarning: Invalid uuid: neutron. To ensure interoperability, identifiers should be a valid uuid. warnings.warn(('Invalid uuid: %s. To ensure interoperability, '
2026-03-06 01:34:32.201 8 INFO neutron.db.ovn_revision_numbers_db [None req-5247953f-f453-4233-9a66-11ebeb4dd3e9 - - - - - -] Successfully bumped revision number for resource 1e9d4d9a-ecc0-4148-b530-8829d7f20460 (type: ports) to 5
2026-03-06 01:34:32.442 8 INFO neutron.services.segments.plugin [-] Segment 84702381-5ccc-4006-8c28-3b6e6507de79 resource provider aggregate not found [pid: 7|app: 0|req: 1081/2003] 10.0.0.157 () {32 vars in 740 bytes} [Fri Mar 6 01:34:32 2026] DELETE /v2.0/security-groups/4ae747d3-5392-4aaf-b5e0-c69f6c079a5f => generated 0 bytes in 260 msecs (HTTP/1.1 204) 2 headers in 112 bytes (1 switches on core 0)
2026-03-06 01:34:32.457 8 INFO neutron.services.segments.plugin [-] Segment 84702381-5ccc-4006-8c28-3b6e6507de79 resource provider aggregate not found
2026-03-06 01:34:32.474 8 INFO neutron.services.segments.plugin [-] Segment 84702381-5ccc-4006-8c28-3b6e6507de79 resource provider not found; error: Placement Client Error (4xx): {"errors": [{"status": 404, "title": "Not Found", "detail": "The resource could not be found.\n\n No resource provider with uuid 84702381-5ccc-4006-8c28-3b6e6507de79 found for delete ", "request_id": "req-9b632dce-cd75-43af-b0c1-22811ebe9edb"}]}
2026-03-06 01:34:32.495 8 INFO neutron.services.segments.plugin [-] Segment 84702381-5ccc-4006-8c28-3b6e6507de79 resource provider not found; error: Placement Client Error (4xx): {"errors": [{"status": 404, "title": "Not Found", "detail": "The resource could not be found.\n\n No resource provider with uuid 84702381-5ccc-4006-8c28-3b6e6507de79 found for delete ", "request_id": "req-fa781d2e-a4a2-4479-88ed-d6588fa7300e"}]}
2026-03-06 01:34:32.523 8 INFO neutron.plugins.ml2.drivers.ovn.mech_driver.mech_driver [None req-e78fd5ad-d7cc-4e99-abba-e0bbd992c7be - - - - - -] OVN reports status down for port: 16e481fe-ffd3-4d69-b4ea-b6d9829f7b00
