2026-03-06 01:35:12.476 8 INFO neutron.db.ovn_revision_numbers_db [None req-8fc03980-229d-4282-beb2-dcd18f6b77ab 823bb2cd5d5549729f73956754437d97 4eb10fed2f234cf2bd07e96bb53a179b - - default default] Successfully bumped revision number for resource e2f7d9bb-4e97-48da-bae3-837164975b2b (type: security_group_rules) to 0 [pid: 8|app: 0|req: 1125/2352] 10.0.0.157 () {34 vars in 695 bytes} [Fri Mar 6 01:35:12 2026] POST /v2.0/security-group-rules => generated 606 bytes in 189 msecs (HTTP/1.1 201) 4 headers in 162 bytes (1 switches on core 0) [pid: 7|app: 0|req: 1229/2355] 10.0.0.157 () {32 vars in 649 bytes} [Fri Mar 6 01:35:12 2026] GET /v2.0/networks => generated 1373 bytes in 173 msecs (HTTP/1.1 200) 4 headers in 158 bytes (1 switches on core 0) [pid: 8|app: 0|req: 1127/2356] 10.0.0.9 () {34 vars in 1098 bytes} [Fri Mar 6 01:35:13 2026] GET /v2.0/security-groups?name=tempest-secgroup-smoke-1861504479&fields=id&tenant_id=4eb10fed2f234cf2bd07e96bb53a179b => generated 69 bytes in 39 msecs (HTTP/1.1 200) 4 headers in 156 bytes (1 switches on core 0) [pid: 7|app: 0|req: 1230/2357] 10.0.0.9 () {34 vars in 980 bytes} [Fri Mar 6 01:35:13 2026] GET /v2.0/networks?id=a6d3ed10-eac9-462d-8acc-7522596b2fba => generated 698 bytes in 42 msecs (HTTP/1.1 200) 4 headers in 157 bytes (1 switches on core 0) [pid: 8|app: 0|req: 1128/2358] 10.0.0.9 () {34 vars in 963 bytes} [Fri Mar 6 01:35:13 2026] GET /v2.0/quotas/4eb10fed2f234cf2bd07e96bb53a179b => generated 292 bytes in 12 msecs (HTTP/1.1 200) 4 headers in 157 bytes (1 switches on core 0) [pid: 7|app: 0|req: 1231/2359] 10.0.0.9 () {34 vars in 1000 bytes} [Fri Mar 6 01:35:13 2026] GET /v2.0/ports?tenant_id=4eb10fed2f234cf2bd07e96bb53a179b&fields=id => generated 149 bytes in 69 msecs (HTTP/1.1 200) 4 headers in 157 bytes (1 switches on core 0) [pid: 8|app: 0|req: 1129/2360] 10.0.0.9 () {34 vars in 1006 bytes} [Fri Mar 6 01:35:13 2026] GET /v2.0/networks/a6d3ed10-eac9-462d-8acc-7522596b2fba?fields=segments => generated 14 bytes in 44 msecs (HTTP/1.1 200) 4 headers in 156 bytes (1 switches on core 0) [pid: 7|app: 0|req: 1232/2361] 10.0.0.9 () {34 vars in 1106 bytes} [Fri Mar 6 01:35:13 2026] GET /v2.0/networks/a6d3ed10-eac9-462d-8acc-7522596b2fba?fields=provider%3Aphysical_network&fields=provider%3Anetwork_type => generated 79 bytes in 38 msecs (HTTP/1.1 200) 4 headers in 156 bytes (1 switches on core 0) [pid: 8|app: 0|req: 1130/2362] 10.0.0.9 () {34 vars in 988 bytes} [Fri Mar 6 01:35:13 2026] GET /v2.0/ports?device_id=d60db642-55c6-44f1-96b7-c75545b8d5a2 => generated 12 bytes in 17 msecs (HTTP/1.1 200) 4 headers in 156 bytes (1 switches on core 0)
2026-03-06 01:35:13.735 7 INFO neutron.db.ovn_revision_numbers_db [None req-96ee40b9-e3c7-4810-b0b2-086189bceb6f 07df7f7e40dc430d97ce74b1ea117b9a 31f209ac911b4ab79a843795da9f8de2 - - default default] Successfully bumped revision number for resource 5787b118-5e3f-4554-93fc-8a83108fb293 (type: security_groups) to 1
2026-03-06 01:35:13.746 7 INFO neutron.db.ovn_revision_numbers_db [None req-96ee40b9-e3c7-4810-b0b2-086189bceb6f 07df7f7e40dc430d97ce74b1ea117b9a 31f209ac911b4ab79a843795da9f8de2 - - default default] Successfully bumped revision number for resource 695ba7da-758f-4ee4-ae99-7154fae3a513 (type: security_group_rules) to 0
2026-03-06 01:35:13.762 7 INFO neutron.db.ovn_revision_numbers_db [None req-96ee40b9-e3c7-4810-b0b2-086189bceb6f 07df7f7e40dc430d97ce74b1ea117b9a 31f209ac911b4ab79a843795da9f8de2 - - default default] Successfully bumped revision number for resource 7c4ba9cb-39d8-45d8-be33-b4b529e5d978 (type: security_group_rules) to 0
2026-03-06 01:35:13.774 7 INFO neutron.db.ovn_revision_numbers_db [None req-96ee40b9-e3c7-4810-b0b2-086189bceb6f 07df7f7e40dc430d97ce74b1ea117b9a 31f209ac911b4ab79a843795da9f8de2 - - default default] Successfully bumped revision number for resource 80b80fc0-a2b2-42d4-b3d0-1dd7c6c5bc42 (type: security_group_rules) to 0
2026-03-06 01:35:13.785 7 INFO neutron.db.ovn_revision_numbers_db [None req-96ee40b9-e3c7-4810-b0b2-086189bceb6f 07df7f7e40dc430d97ce74b1ea117b9a 31f209ac911b4ab79a843795da9f8de2 - - default default] Successfully bumped revision number for resource 8941478d-c5d5-4dba-84d5-bdc191e20870 (type: security_group_rules) to 0
2026-03-06 01:35:13.861 7 INFO neutron.db.segments_db [None req-96ee40b9-e3c7-4810-b0b2-086189bceb6f 07df7f7e40dc430d97ce74b1ea117b9a 31f209ac911b4ab79a843795da9f8de2 - - default default] Added segment 488c00da-26c0-49ee-afe0-c087c147ac49 of type geneve for network 2794e8d5-22e2-4c93-8bbf-4bcddea99f69
2026-03-06 01:35:13.962 7 INFO neutron.db.ovn_revision_numbers_db [None req-96ee40b9-e3c7-4810-b0b2-086189bceb6f 07df7f7e40dc430d97ce74b1ea117b9a 31f209ac911b4ab79a843795da9f8de2 - - default default] Successfully bumped revision number for resource 2794e8d5-22e2-4c93-8bbf-4bcddea99f69 (type: networks) to 1
2026-03-06 01:35:14.099 7 WARNING neutron.scheduler.dhcp_agent_scheduler [None req-96ee40b9-e3c7-4810-b0b2-086189bceb6f 07df7f7e40dc430d97ce74b1ea117b9a 31f209ac911b4ab79a843795da9f8de2 - - default default] No more DHCP agents
2026-03-06 01:35:14.101 7 WARNING neutron.api.rpc.agentnotifiers.dhcp_rpc_agent_api [None req-96ee40b9-e3c7-4810-b0b2-086189bceb6f 07df7f7e40dc430d97ce74b1ea117b9a 31f209ac911b4ab79a843795da9f8de2 - - default default] Unable to schedule network 2794e8d5-22e2-4c93-8bbf-4bcddea99f69: no agents available; will retry on subsequent port and subnet creation events.
2026-03-06 01:35:14.159 8 INFO neutron.plugins.ml2.drivers.ovn.mech_driver.mech_driver [None req-0f17de58-3f89-482d-93cb-91a2dfe189eb - - - - - -] OVN reports status down for port: 098db834-adb3-4426-84d1-ae7b3b3593e4
2026-03-06 01:35:14.193 7 INFO neutron.db.ovn_revision_numbers_db [None req-96ee40b9-e3c7-4810-b0b2-086189bceb6f 07df7f7e40dc430d97ce74b1ea117b9a 31f209ac911b4ab79a843795da9f8de2 - - default default] Successfully bumped revision number for resource 098db834-adb3-4426-84d1-ae7b3b3593e4 (type: ports) to 1 [pid: 7|app: 0|req: 1233/2363] 10.0.0.157 () {34 vars in 670 bytes} [Fri Mar 6 01:35:13 2026] POST /v2.0/networks => generated 645 bytes in 685 msecs (HTTP/1.1 201) 4 headers in 162 bytes (1 switches on core 0)
2026-03-06 01:35:14.389 8 WARNING neutron.scheduler.dhcp_agent_scheduler [None req-e31046c2-5330-4418-809d-4d6819ba6122 07df7f7e40dc430d97ce74b1ea117b9a 31f209ac911b4ab79a843795da9f8de2 - - default default] No more DHCP agents
2026-03-06 01:35:14.390 8 WARNING neutron.api.rpc.agentnotifiers.dhcp_rpc_agent_api [None req-e31046c2-5330-4418-809d-4d6819ba6122 07df7f7e40dc430d97ce74b1ea117b9a 31f209ac911b4ab79a843795da9f8de2 - - default default] Unable to schedule network 2794e8d5-22e2-4c93-8bbf-4bcddea99f69: no agents available; will retry on subsequent port and subnet creation events. [pid: 7|app: 0|req: 1234/2364] 10.0.0.9 () {34 vars in 988 bytes} [Fri Mar 6 01:35:14 2026] GET /v2.0/ports?device_id=d60db642-55c6-44f1-96b7-c75545b8d5a2 => generated 12 bytes in 18 msecs (HTTP/1.1 200) 4 headers in 156 bytes (1 switches on core 0)
2026-03-06 01:35:14.813 8 INFO neutron.db.ovn_revision_numbers_db [None req-6f0c79cb-a7ea-4e05-a267-252ac624d6c2 - - - - - -] Successfully bumped revision number for resource 098db834-adb3-4426-84d1-ae7b3b3593e4 (type: ports) to 2
2026-03-06 01:35:14.843 8 INFO neutron.db.ovn_revision_numbers_db [None req-6f0c79cb-a7ea-4e05-a267-252ac624d6c2 - - - - - -] Successfully bumped revision number for resource 36c04cb4-3123-411e-a693-a587242b8180 (type: subnets) to 0 [pid: 8|app: 0|req: 1131/2365] 10.0.0.157 () {34 vars in 669 bytes} [Fri Mar 6 01:35:14 2026] POST /v2.0/subnets => generated 626 bytes in 640 msecs (HTTP/1.1 201) 4 headers in 162 bytes (1 switches on core 0)
2026-03-06 01:35:15.625 7 WARNING neutron.scheduler.dhcp_agent_scheduler [None req-b86dffb0-3d49-45f8-b9a6-3d4e8ad5a0cb 07df7f7e40dc430d97ce74b1ea117b9a 31f209ac911b4ab79a843795da9f8de2 - - default default] No more DHCP agents
2026-03-06 01:35:15.626 7 WARNING neutron.api.rpc.agentnotifiers.dhcp_rpc_agent_api [None req-b86dffb0-3d49-45f8-b9a6-3d4e8ad5a0cb 07df7f7e40dc430d97ce74b1ea117b9a 31f209ac911b4ab79a843795da9f8de2 - - default default] Unable to schedule network fe142fe9-7e64-455d-b382-739a242c43a6: no agents available; will retry on subsequent port and subnet creation events. [pid: 8|app: 0|req: 1132/2366] 10.0.0.9 () {34 vars in 988 bytes} [Fri Mar 6 01:35:15 2026] GET /v2.0/ports?device_id=d60db642-55c6-44f1-96b7-c75545b8d5a2 => generated 12 bytes in 20 msecs (HTTP/1.1 200) 4 headers in 156 bytes (1 switches on core 0)
2026-03-06 01:35:15.734 8 INFO neutron.plugins.ml2.drivers.ovn.mech_driver.mech_driver [None req-0f17de58-3f89-482d-93cb-91a2dfe189eb - - - - - -] OVN reports status down for port: 02fd8b86-2eec-4d8a-8575-747c8efdf1fd
2026-03-06 01:35:15.773 7 INFO neutron.db.ovn_revision_numbers_db [None req-b86dffb0-3d49-45f8-b9a6-3d4e8ad5a0cb 07df7f7e40dc430d97ce74b1ea117b9a 31f209ac911b4ab79a843795da9f8de2 - - default default] Successfully bumped revision number for resource 02fd8b86-2eec-4d8a-8575-747c8efdf1fd (type: ports) to 1
2026-03-06 01:35:16.288 7 INFO neutron.plugins.ml2.drivers.ovn.mech_driver.ovsdb.commands [-] Schedule LRP lrp-02fd8b86-2eec-4d8a-8575-747c8efdf1fd on gateway b4de54fd-2b04-4588-82dc-d18f0208836e with priority 1
2026-03-06 01:35:16.359 8 INFO neutron.plugins.ml2.drivers.ovn.mech_driver.mech_driver [None req-0f17de58-3f89-482d-93cb-91a2dfe189eb - - - - - -] OVN reports status up for port: 02fd8b86-2eec-4d8a-8575-747c8efdf1fd
2026-03-06 01:35:16.372 8 INFO neutron.plugins.ml2.plugin [None req-0f17de58-3f89-482d-93cb-91a2dfe189eb - - - - - -] Attempt 1 to provision port 02fd8b86-2eec-4d8a-8575-747c8efdf1fd
2026-03-06 01:35:16.380 7 INFO neutron.db.ovn_revision_numbers_db [None req-b86dffb0-3d49-45f8-b9a6-3d4e8ad5a0cb 07df7f7e40dc430d97ce74b1ea117b9a 31f209ac911b4ab79a843795da9f8de2 - - default default] Successfully bumped revision number for resource 02fd8b86-2eec-4d8a-8575-747c8efdf1fd (type: router_ports) to 1
2026-03-06 01:35:16.434 7 INFO neutron.db.ovn_revision_numbers_db [None req-b86dffb0-3d49-45f8-b9a6-3d4e8ad5a0cb 07df7f7e40dc430d97ce74b1ea117b9a 31f209ac911b4ab79a843795da9f8de2 - - default default] Successfully bumped revision number for resource cac792d1-0282-4d43-81de-af33126723a5 (type: routers) to 2 [pid: 7|app: 0|req: 1235/2367] 10.0.0.157 () {34 vars in 669 bytes} [Fri Mar 6 01:35:14 2026] POST /v2.0/routers => generated 936 bytes in 1591 msecs (HTTP/1.1 201) 4 headers in 162 bytes (1 switches on core 0) [pid: 7|app: 0|req: 1236/2368] 10.0.0.9 () {34 vars in 988 bytes} [Fri Mar 6 01:35:16 2026] GET /v2.0/ports?device_id=d60db642-55c6-44f1-96b7-c75545b8d5a2 => generated 12 bytes in 18 msecs (HTTP/1.1 200) 4 headers in 156 bytes (1 switches on core 0)
2026-03-06 01:35:16.930 8 WARNING neutron.scheduler.dhcp_agent_scheduler [None req-3e4c606f-d13c-44d2-9a64-159a6d4e79a3 07df7f7e40dc430d97ce74b1ea117b9a 31f209ac911b4ab79a843795da9f8de2 - - default default] No more DHCP agents
2026-03-06 01:35:16.931 8 WARNING neutron.api.rpc.agentnotifiers.dhcp_rpc_agent_api [None req-3e4c606f-d13c-44d2-9a64-159a6d4e79a3 07df7f7e40dc430d97ce74b1ea117b9a 31f209ac911b4ab79a843795da9f8de2 - - default default] Unable to schedule network 2794e8d5-22e2-4c93-8bbf-4bcddea99f69: no agents available; will retry on subsequent port and subnet creation events.
2026-03-06 01:35:17.098 8 INFO neutron.db.ovn_revision_numbers_db [None req-3e4c606f-d13c-44d2-9a64-159a6d4e79a3 07df7f7e40dc430d97ce74b1ea117b9a 31f209ac911b4ab79a843795da9f8de2 - - default default] Successfully bumped revision number for resource 83112f05-8842-464c-8b98-a37b1e02fdaa (type: ports) to 1 [pid: 7|app: 0|req: 1237/2369] 162.253.55.140 () {34 vars in 986 bytes} [Fri Mar 6 01:35:17 2026] GET /v2.0/networks?id=a6d3ed10-eac9-462d-8acc-7522596b2fba => generated 698 bytes in 61 msecs (HTTP/1.1 200) 4 headers in 157 bytes (1 switches on core 0)
2026-03-06 01:35:17.817 8 WARNING neutron.scheduler.dhcp_agent_scheduler [None req-3e4c606f-d13c-44d2-9a64-159a6d4e79a3 07df7f7e40dc430d97ce74b1ea117b9a 31f209ac911b4ab79a843795da9f8de2 - - default default] No more DHCP agents
2026-03-06 01:35:17.819 8 WARNING neutron.api.rpc.agentnotifiers.dhcp_rpc_agent_api [None req-3e4c606f-d13c-44d2-9a64-159a6d4e79a3 07df7f7e40dc430d97ce74b1ea117b9a 31f209ac911b4ab79a843795da9f8de2 - - default default] Unable to schedule network 2794e8d5-22e2-4c93-8bbf-4bcddea99f69: no agents available; will retry on subsequent port and subnet creation events. [pid: 7|app: 0|req: 1238/2370] 162.253.55.140 () {34 vars in 1050 bytes} [Fri Mar 6 01:35:17 2026] GET /v2.0/security-groups?fields=id&fields=name&tenant_id=4eb10fed2f234cf2bd07e96bb53a179b => generated 274 bytes in 33 msecs (HTTP/1.1 200) 4 headers in 157 bytes (1 switches on core 0) [pid: 7|app: 0|req: 1239/2371] 10.0.0.9 () {34 vars in 988 bytes} [Fri Mar 6 01:35:17 2026] GET /v2.0/ports?device_id=d60db642-55c6-44f1-96b7-c75545b8d5a2 => generated 12 bytes in 15 msecs (HTTP/1.1 200) 4 headers in 156 bytes (1 switches on core 0)
2026-03-06 01:35:18.108 7 WARNING neutron.scheduler.dhcp_agent_scheduler [req-edeb4288-1758-428d-82aa-aca984364809 req-8e2123c6-892e-4306-9803-b4b766f1bf63 823bb2cd5d5549729f73956754437d97 4eb10fed2f234cf2bd07e96bb53a179b - - default default] No more DHCP agents
2026-03-06 01:35:18.111 7 WARNING neutron.api.rpc.agentnotifiers.dhcp_rpc_agent_api [req-edeb4288-1758-428d-82aa-aca984364809 req-8e2123c6-892e-4306-9803-b4b766f1bf63 823bb2cd5d5549729f73956754437d97 4eb10fed2f234cf2bd07e96bb53a179b - - default default] Unable to schedule network a6d3ed10-eac9-462d-8acc-7522596b2fba: no agents available; will retry on subsequent port and subnet creation events.
2026-03-06 01:35:18.238 8 INFO neutron.db.ovn_revision_numbers_db [None req-3e4c606f-d13c-44d2-9a64-159a6d4e79a3 07df7f7e40dc430d97ce74b1ea117b9a 31f209ac911b4ab79a843795da9f8de2 - - default default] Successfully bumped revision number for resource 83112f05-8842-464c-8b98-a37b1e02fdaa (type: router_ports) to 1 [pid: 8|app: 0|req: 1133/2372] 10.0.0.157 () {34 vars in 783 bytes} [Fri Mar 6 01:35:16 2026] PUT /v2.0/routers/cac792d1-0282-4d43-81de-af33126723a5/add_router_interface => generated 309 bytes in 1788 msecs (HTTP/1.1 200) 4 headers in 157 bytes (1 switches on core 0)
2026-03-06 01:35:18.375 7 INFO neutron.db.ovn_revision_numbers_db [req-edeb4288-1758-428d-82aa-aca984364809 req-8e2123c6-892e-4306-9803-b4b766f1bf63 823bb2cd5d5549729f73956754437d97 4eb10fed2f234cf2bd07e96bb53a179b - - default default] Successfully bumped revision number for resource fe9c6c81-4b17-47e2-aa7a-cee9451735b2 (type: ports) to 1 [pid: 7|app: 0|req: 1240/2373] 162.253.55.140 () {38 vars in 955 bytes} [Fri Mar 6 01:35:17 2026] POST /v2.0/ports => generated 958 bytes in 603 msecs (HTTP/1.1 201) 4 headers in 162 bytes (1 switches on core 0) /var/lib/openstack/lib/python3.12/site-packages/pycadf/identifier.py:70: UserWarning: Invalid uuid: neutron. To ensure interoperability, identifiers should be a valid uuid. warnings.warn(('Invalid uuid: %s. To ensure interoperability, '
2026-03-06 01:35:18.881 7 INFO neutron.db.ovn_revision_numbers_db [req-edeb4288-1758-428d-82aa-aca984364809 req-878d92c5-59ad-4409-a206-39e8b30dc601 9362809a16904dafa1115d07d655776a ff06f33d487f41d7a26f07b889bce4ec - - f6d0949e74694a0a9bea368aff4a871b f6d0949e74694a0a9bea368aff4a871b] Successfully bumped revision number for resource fe9c6c81-4b17-47e2-aa7a-cee9451735b2 (type: ports) to 2
2026-03-06 01:35:18.960 8 WARNING neutron.scheduler.dhcp_agent_scheduler [None req-edca3d18-dea3-400f-8c5f-860e24fc85ec - - - - - -] No more DHCP agents
2026-03-06 01:35:18.961 8 WARNING neutron.api.rpc.agentnotifiers.dhcp_rpc_agent_api [None req-edca3d18-dea3-400f-8c5f-860e24fc85ec - - - - - -] Unable to schedule network fe142fe9-7e64-455d-b382-739a242c43a6: no agents available; will retry on subsequent port and subnet creation events.
2026-03-06 01:35:19.152 7 INFO neutron.db.ovn_revision_numbers_db [req-edeb4288-1758-428d-82aa-aca984364809 req-878d92c5-59ad-4409-a206-39e8b30dc601 9362809a16904dafa1115d07d655776a ff06f33d487f41d7a26f07b889bce4ec - - f6d0949e74694a0a9bea368aff4a871b f6d0949e74694a0a9bea368aff4a871b] Successfully bumped revision number for resource fe9c6c81-4b17-47e2-aa7a-cee9451735b2 (type: ports) to 4
2026-03-06 01:35:19.155 8 INFO neutron.db.ovn_revision_numbers_db [None req-edca3d18-dea3-400f-8c5f-860e24fc85ec - - - - - -] Successfully bumped revision number for resource 6cf695b1-5f04-4c32-a1c0-b6c1987ed497 (type: ports) to 1 [pid: 7|app: 0|req: 1241/2374] 162.253.55.140 () {38 vars in 1028 bytes} [Fri Mar 6 01:35:18 2026] PUT /v2.0/ports/fe9c6c81-4b17-47e2-aa7a-cee9451735b2 => generated 1208 bytes in 721 msecs (HTTP/1.1 200) 4 headers in 158 bytes (1 switches on core 0) /var/lib/openstack/lib/python3.12/site-packages/pycadf/identifier.py:70: UserWarning: Invalid uuid: neutron. To ensure interoperability, identifiers should be a valid uuid. warnings.warn(('Invalid uuid: %s. To ensure interoperability, '
2026-03-06 01:35:19.212 7 INFO neutron.notifiers.nova [-] Nova event matching ['req-f3d96d3d-1671-40b5-90cc-c8a31795b2eb'] response: {'name': 'network-changed', 'server_uuid': 'd60db642-55c6-44f1-96b7-c75545b8d5a2', 'tag': 'fe9c6c81-4b17-47e2-aa7a-cee9451735b2', 'status': 'completed', 'code': 200} [pid: 7|app: 0|req: 1242/2375] 10.0.0.9 () {34 vars in 988 bytes} [Fri Mar 6 01:35:19 2026] GET /v2.0/ports?device_id=d60db642-55c6-44f1-96b7-c75545b8d5a2 => generated 973 bytes in 48 msecs (HTTP/1.1 200) 4 headers in 157 bytes (1 switches on core 0) [pid: 7|app: 0|req: 1243/2376] 10.0.0.9 () {34 vars in 1038 bytes} [Fri Mar 6 01:35:19 2026] GET /v2.0/security-groups?id=4ea7a506-1360-4ef2-821d-13643fb2e61e&fields=id&fields=name => generated 114 bytes in 34 msecs (HTTP/1.1 200) 4 headers in 157 bytes (1 switches on core 0)
2026-03-06 01:35:19.426 8 INFO neutron.db.ovn_revision_numbers_db [None req-edca3d18-dea3-400f-8c5f-860e24fc85ec - - - - - -] Successfully bumped revision number for resource 6cf695b1-5f04-4c32-a1c0-b6c1987ed497 (type: ports) to 3
2026-03-06 01:35:19.489 8 INFO neutron.db.segments_db [None req-edca3d18-dea3-400f-8c5f-860e24fc85ec - - - - - -] Added segment d1ed264c-e96c-4aa6-a8a1-1ed6c81c1928 of type geneve for network 45e3652f-736a-48f8-87d4-2d92ad7cb3d3
2026-03-06 01:35:19.640 8 INFO neutron.db.ovn_revision_numbers_db [None req-0a3f7945-da70-4ab2-984a-3081a5b06f3a - - - - - -] Successfully bumped revision number for resource 45e3652f-736a-48f8-87d4-2d92ad7cb3d3 (type: networks) to 1 [pid: 7|app: 0|req: 1244/2377] 162.253.55.140 () {34 vars in 1080 bytes} [Fri Mar 6 01:35:19 2026] GET /v2.0/ports?tenant_id=4eb10fed2f234cf2bd07e96bb53a179b&device_id=d60db642-55c6-44f1-96b7-c75545b8d5a2 => generated 1211 bytes in 47 msecs (HTTP/1.1 200) 4 headers in 158 bytes (1 switches on core 0)
2026-03-06 01:35:19.784 8 WARNING neutron.scheduler.dhcp_agent_scheduler [None req-0a3f7945-da70-4ab2-984a-3081a5b06f3a - - - - - -] No more DHCP agents
2026-03-06 01:35:19.786 8 WARNING neutron.api.rpc.agentnotifiers.dhcp_rpc_agent_api [None req-0a3f7945-da70-4ab2-984a-3081a5b06f3a - - - - - -] Unable to schedule network 45e3652f-736a-48f8-87d4-2d92ad7cb3d3: no agents available; will retry on subsequent port and subnet creation events. [pid: 7|app: 0|req: 1245/2378] 162.253.55.140 () {34 vars in 1018 bytes} [Fri Mar 6 01:35:19 2026] GET /v2.0/networks?tenant_id=4eb10fed2f234cf2bd07e96bb53a179b&shared=False => generated 797 bytes in 43 msecs (HTTP/1.1 200) 4 headers in 157 bytes (1 switches on core 0)
2026-03-06 01:35:19.901 8 INFO neutron.db.ovn_revision_numbers_db [None req-0a3f7945-da70-4ab2-984a-3081a5b06f3a - - - - - -] Successfully bumped revision number for resource 4efbcf8e-5fe2-43f9-9d73-ea6621fbd06f (type: ports) to 1 [pid: 7|app: 0|req: 1246/2379] 162.253.55.140 () {34 vars in 930 bytes} [Fri Mar 6 01:35:19 2026] GET /v2.0/networks?shared=True => generated 791 bytes in 82 msecs (HTTP/1.1 200) 4 headers in 157 bytes (1 switches on core 0)
2026-03-06 01:35:20.010 8 WARNING neutron.scheduler.dhcp_agent_scheduler [None req-0a3f7945-da70-4ab2-984a-3081a5b06f3a - - - - - -] No more DHCP agents
2026-03-06 01:35:20.011 8 WARNING neutron.api.rpc.agentnotifiers.dhcp_rpc_agent_api [None req-0a3f7945-da70-4ab2-984a-3081a5b06f3a - - - - - -] Unable to schedule network 45e3652f-736a-48f8-87d4-2d92ad7cb3d3: no agents available; will retry on subsequent port and subnet creation events.
2026-03-06 01:35:20.029 8 INFO neutron.db.ovn_revision_numbers_db [None req-0a3f7945-da70-4ab2-984a-3081a5b06f3a - - - - - -] Successfully bumped revision number for resource 6a557120-c4c4-4662-91d0-6fb24f3d6b38 (type: subnets) to 0 [pid: 7|app: 0|req: 1247/2380] 10.0.0.9 () {34 vars in 988 bytes} [Fri Mar 6 01:35:20 2026] GET /v2.0/ports?device_id=d60db642-55c6-44f1-96b7-c75545b8d5a2 => generated 973 bytes in 36 msecs (HTTP/1.1 200) 4 headers in 157 bytes (1 switches on core 0)
2026-03-06 01:35:20.381 8 WARNING neutron.scheduler.dhcp_agent_scheduler [None req-0a3f7945-da70-4ab2-984a-3081a5b06f3a - - - - - -] No more DHCP agents
2026-03-06 01:35:20.384 8 WARNING neutron.api.rpc.agentnotifiers.dhcp_rpc_agent_api [None req-0a3f7945-da70-4ab2-984a-3081a5b06f3a - - - - - -] Unable to schedule network 45e3652f-736a-48f8-87d4-2d92ad7cb3d3: no agents available; will retry on subsequent port and subnet creation events. [pid: 7|app: 0|req: 1248/2381] 10.0.0.9 () {34 vars in 1038 bytes} [Fri Mar 6 01:35:20 2026] GET /v2.0/security-groups?id=4ea7a506-1360-4ef2-821d-13643fb2e61e&fields=id&fields=name => generated 114 bytes in 27 msecs (HTTP/1.1 200) 4 headers in 157 bytes (1 switches on core 0)
2026-03-06 01:35:20.539 8 INFO neutron.db.ovn_revision_numbers_db [None req-0a3f7945-da70-4ab2-984a-3081a5b06f3a - - - - - -] Successfully bumped revision number for resource 4d3063b2-3de6-4aea-af04-ce822c1755a9 (type: ports) to 1 [pid: 7|app: 0|req: 1249/2382] 162.253.55.140 () {34 vars in 1080 bytes} [Fri Mar 6 01:35:20 2026] GET /v2.0/ports?tenant_id=4eb10fed2f234cf2bd07e96bb53a179b&device_id=d60db642-55c6-44f1-96b7-c75545b8d5a2 => generated 1211 bytes in 37 msecs (HTTP/1.1 200) 4 headers in 158 bytes (1 switches on core 0) [pid: 7|app: 0|req: 1250/2383] 162.253.55.140 () {34 vars in 1060 bytes} [Fri Mar 6 01:35:20 2026] GET /v2.0/floatingips?fixed_ip_address=10.100.0.10&port_id=fe9c6c81-4b17-47e2-aa7a-cee9451735b2 => generated 19 bytes in 18 msecs (HTTP/1.1 200) 4 headers in 156 bytes (1 switches on core 0)
2026-03-06 01:35:21.036 8 WARNING neutron.plugins.ml2.drivers.ovn.mech_driver.ovsdb.ovn_client [None req-0f17de58-3f89-482d-93cb-91a2dfe189eb - - - - - -] No hosting information found for port 02fd8b86-2eec-4d8a-8575-747c8efdf1fd: RuntimeError: No hosting information found for port 02fd8b86-2eec-4d8a-8575-747c8efdf1fd
2026-03-06 01:35:21.037 8 INFO neutron.plugins.ml2.drivers.ovn.mech_driver.mech_driver [None req-0f17de58-3f89-482d-93cb-91a2dfe189eb - - - - - -] OVN reports status down for port: 83112f05-8842-464c-8b98-a37b1e02fdaa [pid: 7|app: 0|req: 1251/2384] 162.253.55.140 () {34 vars in 984 bytes} [Fri Mar 6 01:35:21 2026] GET /v2.0/subnets?id=0106c548-6f38-45da-aca5-f0935ead8a3c => generated 677 bytes in 25 msecs (HTTP/1.1 200) 4 headers in 157 bytes (1 switches on core 0) [pid: 7|app: 0|req: 1252/2385] 162.253.55.140 () {34 vars in 1052 bytes} [Fri Mar 6 01:35:21 2026] GET /v2.0/ports?network_id=a6d3ed10-eac9-462d-8acc-7522596b2fba&device_owner=network%3Adhcp => generated 12 bytes in 18 msecs (HTTP/1.1 200) 4 headers in 156 bytes (1 switches on core 0)
2026-03-06 01:35:21.145 8 WARNING neutron.plugins.ml2.drivers.ovn.mech_driver.ovsdb.ovn_client [None req-0f17de58-3f89-482d-93cb-91a2dfe189eb - - - - - -] Logical_Switch_Port %s host information not removed, the port state is up
2026-03-06 01:35:21.147 8 INFO neutron.plugins.ml2.drivers.ovn.mech_driver.mech_driver [None req-0f17de58-3f89-482d-93cb-91a2dfe189eb - - - - - -] OVN reports status up for port: 83112f05-8842-464c-8b98-a37b1e02fdaa
2026-03-06 01:35:21.163 8 INFO neutron.plugins.ml2.plugin [None req-0f17de58-3f89-482d-93cb-91a2dfe189eb - - - - - -] Attempt 1 to provision port 83112f05-8842-464c-8b98-a37b1e02fdaa [pid: 7|app: 0|req: 1253/2386] 162.253.55.140 () {34 vars in 1012 bytes} [Fri Mar 6 01:35:21 2026] GET /v2.0/networks/a6d3ed10-eac9-462d-8acc-7522596b2fba?fields=segments => generated 14 bytes in 86 msecs (HTTP/1.1 200) 4 headers in 156 bytes (1 switches on core 0) [pid: 7|app: 0|req: 1254/2387] 162.253.55.140 () {34 vars in 1112 bytes} [Fri Mar 6 01:35:21 2026] GET /v2.0/networks/a6d3ed10-eac9-462d-8acc-7522596b2fba?fields=provider%3Aphysical_network&fields=provider%3Anetwork_type => generated 79 bytes in 32 msecs (HTTP/1.1 200) 4 headers in 156 bytes (1 switches on core 0)
2026-03-06 01:35:21.255 8 WARNING neutron.scheduler.dhcp_agent_scheduler [None req-0a3f7945-da70-4ab2-984a-3081a5b06f3a - - - - - -] No more DHCP agents
2026-03-06 01:35:21.257 8 WARNING neutron.api.rpc.agentnotifiers.dhcp_rpc_agent_api [None req-0a3f7945-da70-4ab2-984a-3081a5b06f3a - - - - - -] Unable to schedule network 45e3652f-736a-48f8-87d4-2d92ad7cb3d3: no agents available; will retry on subsequent port and subnet creation events. [pid: 7|app: 0|req: 1255/2388] 10.0.0.9 () {34 vars in 988 bytes} [Fri Mar 6 01:35:21 2026] GET /v2.0/ports?device_id=d60db642-55c6-44f1-96b7-c75545b8d5a2 => generated 973 bytes in 34 msecs (HTTP/1.1 200) 4 headers in 157 bytes (1 switches on core 0) [pid: 7|app: 0|req: 1256/2389] 10.0.0.9 () {34 vars in 1038 bytes} [Fri Mar 6 01:35:21 2026] GET /v2.0/security-groups?id=4ea7a506-1360-4ef2-821d-13643fb2e61e&fields=id&fields=name => generated 114 bytes in 31 msecs (HTTP/1.1 200) 4 headers in 157 bytes (1 switches on core 0)
2026-03-06 01:35:21.851 8 INFO neutron.db.ovn_revision_numbers_db [None req-0f17de58-3f89-482d-93cb-91a2dfe189eb - - - - - -] Successfully bumped revision number for resource 83112f05-8842-464c-8b98-a37b1e02fdaa (type: ports) to 2
2026-03-06 01:35:22.167 8 INFO neutron.db.ovn_revision_numbers_db [None req-0a3f7945-da70-4ab2-984a-3081a5b06f3a - - - - - -] Successfully bumped revision number for resource 4d3063b2-3de6-4aea-af04-ce822c1755a9 (type: router_ports) to 1
2026-03-06 01:35:22.393 8 WARNING neutron.scheduler.dhcp_agent_scheduler [None req-0a3f7945-da70-4ab2-984a-3081a5b06f3a - - - - - -] No more DHCP agents
2026-03-06 01:35:22.394 8 WARNING neutron.api.rpc.agentnotifiers.dhcp_rpc_agent_api [None req-0a3f7945-da70-4ab2-984a-3081a5b06f3a - - - - - -] Unable to schedule network 45e3652f-736a-48f8-87d4-2d92ad7cb3d3: no agents available; will retry on subsequent port and subnet creation events.
2026-03-06 01:35:22.552 8 INFO neutron.db.ovn_revision_numbers_db [None req-0a3f7945-da70-4ab2-984a-3081a5b06f3a - - - - - -] Successfully bumped revision number for resource d015a945-4a70-4727-bffe-96340b83ad14 (type: ports) to 1
2026-03-06 01:35:22.702 7 INFO neutron.db.ovn_revision_numbers_db [None req-bb1dccf2-1ffd-4774-ba41-b3937fdbc7b9 da39324a0d6c4069865e93d1f7cfa79b b0424b14cf5745ebb1c8ae2923450bc2 - - default default] Successfully bumped revision number for resource 1d415643-caf4-4a8d-ad79-e9ed2cb42ab6 (type: security_groups) to 1
2026-03-06 01:35:22.711 7 INFO neutron.db.ovn_revision_numbers_db [None req-bb1dccf2-1ffd-4774-ba41-b3937fdbc7b9 da39324a0d6c4069865e93d1f7cfa79b b0424b14cf5745ebb1c8ae2923450bc2 - - default default] Successfully bumped revision number for resource 4c58f581-4d0a-42e8-947b-2267cccb6dfb (type: security_group_rules) to 0
2026-03-06 01:35:22.720 7 INFO neutron.db.ovn_revision_numbers_db [None req-bb1dccf2-1ffd-4774-ba41-b3937fdbc7b9 da39324a0d6c4069865e93d1f7cfa79b b0424b14cf5745ebb1c8ae2923450bc2 - - default default] Successfully bumped revision number for resource bdfe3d6c-a796-407b-9773-4f7245ebd3b2 (type: security_group_rules) to 0
2026-03-06 01:35:22.729 7 INFO neutron.db.ovn_revision_numbers_db [None req-bb1dccf2-1ffd-4774-ba41-b3937fdbc7b9 da39324a0d6c4069865e93d1f7cfa79b b0424b14cf5745ebb1c8ae2923450bc2 - - default default] Successfully bumped revision number for resource ced8eaa2-f15b-48e2-a7f1-d0dc6ccdf372 (type: security_group_rules) to 0
2026-03-06 01:35:22.737 7 INFO neutron.db.ovn_revision_numbers_db [None req-bb1dccf2-1ffd-4774-ba41-b3937fdbc7b9 da39324a0d6c4069865e93d1f7cfa79b b0424b14cf5745ebb1c8ae2923450bc2 - - default default] Successfully bumped revision number for resource f3988a3f-d966-4530-be9c-95d37a6dcdac (type: security_group_rules) to 0 [pid: 7|app: 0|req: 1257/2390] 10.0.0.157 () {32 vars in 774 bytes} [Fri Mar 6 01:35:22 2026] GET /v2.0/security-groups?tenant_id=dcd08c9d321c4f09957ca612ca2088d0&name=default => generated 2925 bytes in 313 msecs (HTTP/1.1 200) 4 headers in 158 bytes (1 switches on core 0)
2026-03-06 01:35:22.833 8 INFO neutron.db.ovn_revision_numbers_db [None req-0a3f7945-da70-4ab2-984a-3081a5b06f3a - - - - - -] Successfully bumped revision number for resource d015a945-4a70-4727-bffe-96340b83ad14 (type: ports) to 3 [pid: 7|app: 0|req: 1258/2391] 10.0.0.9 () {34 vars in 988 bytes} [Fri Mar 6 01:35:22 2026] GET /v2.0/ports?device_id=d60db642-55c6-44f1-96b7-c75545b8d5a2 => generated 973 bytes in 59 msecs (HTTP/1.1 200) 4 headers in 157 bytes (1 switches on core 0) [pid: 8|app: 0|req: 1134/2392] 10.0.0.157 () {34 vars in 685 bytes} [Fri Mar 6 01:35:18 2026] POST /v2.0/vpn/vpnservices => generated 456 bytes in 4827 msecs (HTTP/1.1 201) 4 headers in 162 bytes (1 switches on core 0) [pid: 7|app: 0|req: 1259/2393] 10.0.0.157 () {32 vars in 740 bytes} [Fri Mar 6 01:35:22 2026] DELETE /v2.0/security-groups/1d415643-caf4-4a8d-ad79-e9ed2cb42ab6 => generated 0 bytes in 259 msecs (HTTP/1.1 204) 2 headers in 112 bytes (1 switches on core 0) [pid: 8|app: 0|req: 1135/2394] 10.0.0.9 () {34 vars in 1038 bytes} [Fri Mar 6 01:35:23 2026] GET /v2.0/security-groups?id=4ea7a506-1360-4ef2-821d-13643fb2e61e&fields=id&fields=name => generated 114 bytes in 38 msecs (HTTP/1.1 200) 4 headers in 157 bytes (1 switches on core 0) [pid: 7|app: 0|req: 1260/2395] 10.0.0.157 () {34 vars in 685 bytes} [Fri Mar 6 01:35:23 2026] POST /v2.0/vpn/vpnservices => generated 423 bytes in 474 msecs (HTTP/1.1 201) 4 headers in 162 bytes (1 switches on core 0) [pid: 8|app: 0|req: 1136/2396] 10.0.0.157 () {34 vars in 684 bytes} [Fri Mar 6 01:35:23 2026] POST /v2.0/vpn/ikepolicies => generated 403 bytes in 44 msecs (HTTP/1.1 201) 4 headers in 162 bytes (1 switches on core 0) [pid: 7|app: 0|req: 1261/2397] 10.0.0.157 () {34 vars in 688 bytes} [Fri Mar 6 01:35:23 2026] POST /v2.0/vpn/ipsecpolicies => generated 413 bytes in 44 msecs (HTTP/1.1 201) 4 headers in 162 bytes (1 switches on core 0) [pid: 8|app: 0|req: 1137/2398] 10.0.0.157 () {34 vars in 693 bytes} [Fri Mar 6 01:35:23 2026] POST /v2.0/vpn/endpoint-groups => generated 329 bytes in 59 msecs (HTTP/1.1 201) 4 headers in 162 bytes (1 switches on core 0) [pid: 7|app: 0|req: 1262/2399] 10.0.0.157 () {34 vars in 693 bytes} [Fri Mar 6 01:35:23 2026] POST /v2.0/vpn/endpoint-groups => generated 319 bytes in 44 msecs (HTTP/1.1 201) 4 headers in 162 bytes (1 switches on core 0) [pid: 7|app: 0|req: 1263/2400] 10.0.0.9 () {34 vars in 988 bytes} [Fri Mar 6 01:35:24 2026] GET /v2.0/ports?device_id=d60db642-55c6-44f1-96b7-c75545b8d5a2 => generated 973 bytes in 97 msecs (HTTP/1.1 200) 4 headers in 157 bytes (1 switches on core 0) [pid: 7|app: 0|req: 1264/2401] 10.0.0.9 () {34 vars in 1038 bytes} [Fri Mar 6 01:35:24 2026] GET /v2.0/security-groups?id=4ea7a506-1360-4ef2-821d-13643fb2e61e&fields=id&fields=name => generated 114 bytes in 32 msecs (HTTP/1.1 200) 4 headers in 157 bytes (1 switches on core 0)
2026-03-06 01:35:24.536 8 INFO neutron.db.ovn_revision_numbers_db [None req-f617216d-a737-4401-8d23-86b5e8cd7e87 07df7f7e40dc430d97ce74b1ea117b9a 31f209ac911b4ab79a843795da9f8de2 - - default default] Successfully bumped revision number for resource cac792d1-0282-4d43-81de-af33126723a5 (type: routers) to 5 [pid: 8|app: 0|req: 1138/2402] 10.0.0.157 () {34 vars in 707 bytes} [Fri Mar 6 01:35:23 2026] POST /v2.0/vpn/ipsec-site-connections => generated 802 bytes in 783 msecs (HTTP/1.1 201) 4 headers in 162 bytes (1 switches on core 0) [pid: 7|app: 0|req: 1265/2403] 10.0.0.157 () {34 vars in 693 bytes} [Fri Mar 6 01:35:24 2026] POST /v2.0/vpn/endpoint-groups => generated 289 bytes in 51 msecs (HTTP/1.1 201) 4 headers in 162 bytes (1 switches on core 0) [pid: 8|app: 0|req: 1139/2404] 10.0.0.157 () {32 vars in 748 bytes} [Fri Mar 6 01:35:24 2026] DELETE /v2.0/vpn/endpoint-groups/2011adf8-9bd7-4613-af75-c9429a2d1e6b => generated 0 bytes in 30 msecs (HTTP/1.1 204) 2 headers in 112 bytes (1 switches on core 0) [pid: 7|app: 0|req: 1266/2405] 10.0.0.157 () {32 vars in 671 bytes} [Fri Mar 6 01:35:24 2026] GET /v2.0/vpn/endpoint-groups => generated 633 bytes in 16 msecs (HTTP/1.1 200) 4 headers in 157 bytes (1 switches on core 0) [pid: 8|app: 0|req: 1140/2406] 10.0.0.157 () {32 vars in 671 bytes} [Fri Mar 6 01:35:24 2026] GET /v2.0/vpn/endpoint-groups => generated 633 bytes in 16 msecs (HTTP/1.1 200) 4 headers in 157 bytes (1 switches on core 0)
2026-03-06 01:35:25.043 7 INFO neutron.db.ovn_revision_numbers_db [None req-008e438c-ebc1-48b9-aa4a-7c01d34ff895 da39324a0d6c4069865e93d1f7cfa79b b0424b14cf5745ebb1c8ae2923450bc2 - - default default] Successfully bumped revision number for resource 3597a87f-1070-46a0-b8f1-ac9f3fcc82c2 (type: security_groups) to 1
2026-03-06 01:35:25.056 7 INFO neutron.db.ovn_revision_numbers_db [None req-008e438c-ebc1-48b9-aa4a-7c01d34ff895 da39324a0d6c4069865e93d1f7cfa79b b0424b14cf5745ebb1c8ae2923450bc2 - - default default] Successfully bumped revision number for resource 2934a7ae-b23b-4439-9ef1-5ca02df8db30 (type: security_group_rules) to 0
2026-03-06 01:35:25.068 7 INFO neutron.db.ovn_revision_numbers_db [None req-008e438c-ebc1-48b9-aa4a-7c01d34ff895 da39324a0d6c4069865e93d1f7cfa79b b0424b14cf5745ebb1c8ae2923450bc2 - - default default] Successfully bumped revision number for resource 58dade01-d505-484b-a611-a3753655b315 (type: security_group_rules) to 0
2026-03-06 01:35:25.080 7 INFO neutron.db.ovn_revision_numbers_db [None req-008e438c-ebc1-48b9-aa4a-7c01d34ff895 da39324a0d6c4069865e93d1f7cfa79b b0424b14cf5745ebb1c8ae2923450bc2 - - default default] Successfully bumped revision number for resource 9c2ddc50-b865-4782-b748-584b9206a774 (type: security_group_rules) to 0
2026-03-06 01:35:25.092 7 INFO neutron.db.ovn_revision_numbers_db [None req-008e438c-ebc1-48b9-aa4a-7c01d34ff895 da39324a0d6c4069865e93d1f7cfa79b b0424b14cf5745ebb1c8ae2923450bc2 - - default default] Successfully bumped revision number for resource a6b226ae-d93b-4814-b3ed-ca17baa794fd (type: security_group_rules) to 0 [pid: 8|app: 0|req: 1141/2407] 10.0.0.157 () {34 vars in 685 bytes} [Fri Mar 6 01:35:25 2026] POST /v2.0/vpn/ikepolicies => generated 402 bytes in 76 msecs (HTTP/1.1 201) 4 headers in 162 bytes (1 switches on core 0) [pid: 8|app: 0|req: 1142/2408] 10.0.0.157 () {32 vars in 663 bytes} [Fri Mar 6 01:35:25 2026] GET /v2.0/vpn/ikepolicies => generated 796 bytes in 9 msecs (HTTP/1.1 200) 4 headers in 157 bytes (1 switches on core 0)
2026-03-06 01:35:25.159 7 INFO neutron.db.segments_db [None req-008e438c-ebc1-48b9-aa4a-7c01d34ff895 da39324a0d6c4069865e93d1f7cfa79b b0424b14cf5745ebb1c8ae2923450bc2 - - default default] Added segment 8171da1b-2596-41a3-954c-56453825fb2f of type geneve for network 31901c88-225d-4db3-8044-3d2dc281137d [pid: 8|app: 0|req: 1143/2409] 10.0.0.157 () {32 vars in 740 bytes} [Fri Mar 6 01:35:25 2026] DELETE /v2.0/vpn/ikepolicies/3744d437-99d2-4e04-b4f3-d6369019519d => generated 0 bytes in 61 msecs (HTTP/1.1 204) 2 headers in 112 bytes (1 switches on core 0) [pid: 8|app: 0|req: 1144/2410] 10.0.0.157 () {34 vars in 689 bytes} [Fri Mar 6 01:35:25 2026] POST /v2.0/vpn/ipsecpolicies => generated 412 bytes in 45 msecs (HTTP/1.1 201) 4 headers in 162 bytes (1 switches on core 0)
2026-03-06 01:35:25.286 7 INFO neutron.db.ovn_revision_numbers_db [None req-008e438c-ebc1-48b9-aa4a-7c01d34ff895 da39324a0d6c4069865e93d1f7cfa79b b0424b14cf5745ebb1c8ae2923450bc2 - - default default] Successfully bumped revision number for resource 31901c88-225d-4db3-8044-3d2dc281137d (type: networks) to 1 [pid: 8|app: 0|req: 1145/2411] 10.0.0.157 () {32 vars in 667 bytes} [Fri Mar 6 01:35:25 2026] GET /v2.0/vpn/ipsecpolicies => generated 814 bytes in 11 msecs (HTTP/1.1 200) 4 headers in 157 bytes (1 switches on core 0) [pid: 8|app: 0|req: 1146/2412] 10.0.0.157 () {32 vars in 744 bytes} [Fri Mar 6 01:35:25 2026] DELETE /v2.0/vpn/ipsecpolicies/1a6e69d5-cdce-4092-b4cc-3f46f6394153 => generated 0 bytes in 30 msecs (HTTP/1.1 204) 2 headers in 112 bytes (1 switches on core 0)
2026-03-06 01:35:25.418 8 INFO neutron.db.segments_db [None req-f2909b3f-9c2f-46b2-8920-5dd6e3d24fbb 07df7f7e40dc430d97ce74b1ea117b9a 31f209ac911b4ab79a843795da9f8de2 - - default default] Added segment ab3543d3-8acc-41ba-9195-23db5d5933e6 of type geneve for network ab88649d-f649-418c-b28c-b4d8c2f2c840
2026-03-06 01:35:25.443 7 WARNING neutron.scheduler.dhcp_agent_scheduler [None req-008e438c-ebc1-48b9-aa4a-7c01d34ff895 da39324a0d6c4069865e93d1f7cfa79b b0424b14cf5745ebb1c8ae2923450bc2 - - default default] No more DHCP agents
2026-03-06 01:35:25.445 7 WARNING neutron.api.rpc.agentnotifiers.dhcp_rpc_agent_api [None req-008e438c-ebc1-48b9-aa4a-7c01d34ff895 da39324a0d6c4069865e93d1f7cfa79b b0424b14cf5745ebb1c8ae2923450bc2 - - default default] Unable to schedule network 31901c88-225d-4db3-8044-3d2dc281137d: no agents available; will retry on subsequent port and subnet creation events.
2026-03-06 01:35:25.560 7 INFO neutron.db.ovn_revision_numbers_db [None req-008e438c-ebc1-48b9-aa4a-7c01d34ff895 da39324a0d6c4069865e93d1f7cfa79b b0424b14cf5745ebb1c8ae2923450bc2 - - default default] Successfully bumped revision number for resource 50d09b9b-1532-4c32-8187-06937e82a3bc (type: ports) to 1 [pid: 7|app: 0|req: 1267/2413] 10.0.0.157 () {34 vars in 671 bytes} [Fri Mar 6 01:35:24 2026] POST /v2.0/networks => generated 763 bytes in 849 msecs (HTTP/1.1 201) 4 headers in 162 bytes (1 switches on core 0) [pid: 7|app: 0|req: 1268/2414] 10.0.0.9 () {34 vars in 988 bytes} [Fri Mar 6 01:35:25 2026] GET /v2.0/ports?device_id=d60db642-55c6-44f1-96b7-c75545b8d5a2 => generated 973 bytes in 34 msecs (HTTP/1.1 200) 4 headers in 157 bytes (1 switches on core 0)
2026-03-06 01:35:25.734 7 WARNING neutron.scheduler.dhcp_agent_scheduler [None req-9b269d99-7da4-4435-90c5-fddbb46182da da39324a0d6c4069865e93d1f7cfa79b b0424b14cf5745ebb1c8ae2923450bc2 - - default default] No more DHCP agents
2026-03-06 01:35:25.735 7 WARNING neutron.api.rpc.agentnotifiers.dhcp_rpc_agent_api [None req-9b269d99-7da4-4435-90c5-fddbb46182da da39324a0d6c4069865e93d1f7cfa79b b0424b14cf5745ebb1c8ae2923450bc2 - - default default] Unable to schedule network 31901c88-225d-4db3-8044-3d2dc281137d: no agents available; will retry on subsequent port and subnet creation events.
2026-03-06 01:35:26.112 7 INFO neutron.db.ovn_revision_numbers_db [None req-c3c96fd5-278c-487a-a428-23832a56cdc2 - - - - - -] Successfully bumped revision number for resource 50d09b9b-1532-4c32-8187-06937e82a3bc (type: ports) to 2
2026-03-06 01:35:26.135 7 INFO neutron.db.ovn_revision_numbers_db [None req-c3c96fd5-278c-487a-a428-23832a56cdc2 - - - - - -] Successfully bumped revision number for resource 471f335d-751e-4314-a488-c9e16c610f79 (type: subnets) to 0 [pid: 7|app: 0|req: 1269/2415] 10.0.0.157 () {34 vars in 669 bytes} [Fri Mar 6 01:35:25 2026] POST /v2.0/subnets => generated 688 bytes in 533 msecs (HTTP/1.1 201) 4 headers in 162 bytes (1 switches on core 0) [pid: 7|app: 0|req: 1270/2416] 10.0.0.9 () {34 vars in 1038 bytes} [Fri Mar 6 01:35:26 2026] GET /v2.0/security-groups?id=4ea7a506-1360-4ef2-821d-13643fb2e61e&fields=id&fields=name => generated 114 bytes in 27 msecs (HTTP/1.1 200) 4 headers in 157 bytes (1 switches on core 0)
2026-03-06 01:35:26.232 8 INFO neutron.db.ovn_revision_numbers_db [None req-f2909b3f-9c2f-46b2-8920-5dd6e3d24fbb 07df7f7e40dc430d97ce74b1ea117b9a 31f209ac911b4ab79a843795da9f8de2 - - default default] Successfully bumped revision number for resource ab88649d-f649-418c-b28c-b4d8c2f2c840 (type: networks) to 1
2026-03-06 01:35:26.399 8 WARNING neutron.plugins.ml2.drivers.ovn.mech_driver.ovsdb.ovn_client [None req-d0f7ef43-0d40-497a-b860-680cad4d9dc1 - - - - - -] No hosting information found for port 83112f05-8842-464c-8b98-a37b1e02fdaa: RuntimeError: No hosting information found for port 83112f05-8842-464c-8b98-a37b1e02fdaa
2026-03-06 01:35:26.441 8 WARNING neutron.scheduler.dhcp_agent_scheduler [None req-f2909b3f-9c2f-46b2-8920-5dd6e3d24fbb 07df7f7e40dc430d97ce74b1ea117b9a 31f209ac911b4ab79a843795da9f8de2 - - default default] No more DHCP agents
2026-03-06 01:35:26.446 8 WARNING neutron.api.rpc.agentnotifiers.dhcp_rpc_agent_api [None req-f2909b3f-9c2f-46b2-8920-5dd6e3d24fbb 07df7f7e40dc430d97ce74b1ea117b9a 31f209ac911b4ab79a843795da9f8de2 - - default default] Unable to schedule network ab88649d-f649-418c-b28c-b4d8c2f2c840: no agents available; will retry on subsequent port and subnet creation events.
2026-03-06 01:35:26.546 8 INFO neutron.db.ovn_revision_numbers_db [None req-d0f7ef43-0d40-497a-b860-680cad4d9dc1 - - - - - -] Successfully bumped revision number for resource 83112f05-8842-464c-8b98-a37b1e02fdaa (type: router_ports) to 2
2026-03-06 01:35:26.547 8 INFO neutron.plugins.ml2.drivers.ovn.mech_driver.mech_driver [None req-d0f7ef43-0d40-497a-b860-680cad4d9dc1 - - - - - -] OVN reports status down for port: fe9c6c81-4b17-47e2-aa7a-cee9451735b2
2026-03-06 01:35:26.613 7 WARNING neutron.scheduler.dhcp_agent_scheduler [None req-69fb656a-20d5-4385-a762-72ab5ec470d8 da39324a0d6c4069865e93d1f7cfa79b b0424b14cf5745ebb1c8ae2923450bc2 - - default default] No more DHCP agents
2026-03-06 01:35:26.613 8 INFO neutron.db.ovn_revision_numbers_db [None req-f2909b3f-9c2f-46b2-8920-5dd6e3d24fbb 07df7f7e40dc430d97ce74b1ea117b9a 31f209ac911b4ab79a843795da9f8de2 - - default default] Successfully bumped revision number for resource 9b6efda2-8b84-4cac-ae5b-d3fe7b94c69a (type: ports) to 1
2026-03-06 01:35:26.615 7 WARNING neutron.api.rpc.agentnotifiers.dhcp_rpc_agent_api [None req-69fb656a-20d5-4385-a762-72ab5ec470d8 da39324a0d6c4069865e93d1f7cfa79b b0424b14cf5745ebb1c8ae2923450bc2 - - default default] Unable to schedule network fe142fe9-7e64-455d-b382-739a242c43a6: no agents available; will retry on subsequent port and subnet creation events. [pid: 8|app: 0|req: 1147/2417] 10.0.0.157 () {34 vars in 670 bytes} [Fri Mar 6 01:35:25 2026] POST /v2.0/networks => generated 651 bytes in 1321 msecs (HTTP/1.1 201) 4 headers in 162 bytes (1 switches on core 0)
2026-03-06 01:35:26.656 8 WARNING neutron.plugins.ml2.drivers.ovn.mech_driver.ovsdb.ovn_client [None req-d0f7ef43-0d40-497a-b860-680cad4d9dc1 - - - - - -] Logical_Switch_Port %s host information not removed, the port state is up
2026-03-06 01:35:26.657 8 INFO neutron.plugins.ml2.drivers.ovn.mech_driver.mech_driver [None req-d0f7ef43-0d40-497a-b860-680cad4d9dc1 - - - - - -] OVN reports status down for port: 6cf695b1-5f04-4c32-a1c0-b6c1987ed497
2026-03-06 01:35:26.731 8 INFO neutron.notifiers.nova [-] Nova event matching ['req-29dd7ff5-8f1d-4f46-bb54-552364219b70'] response: {'server_uuid': 'd60db642-55c6-44f1-96b7-c75545b8d5a2', 'name': 'network-vif-unplugged', 'status': 'completed', 'tag': 'fe9c6c81-4b17-47e2-aa7a-cee9451735b2', 'code': 200}
2026-03-06 01:35:26.786 7 INFO neutron.db.ovn_revision_numbers_db [None req-69fb656a-20d5-4385-a762-72ab5ec470d8 da39324a0d6c4069865e93d1f7cfa79b b0424b14cf5745ebb1c8ae2923450bc2 - - default default] Successfully bumped revision number for resource 3993e0e3-ab2d-4ab3-932b-200bc3588dee (type: ports) to 1
2026-03-06 01:35:26.817 8 INFO neutron.plugins.ml2.drivers.ovn.mech_driver.mech_driver [None req-d0f7ef43-0d40-497a-b860-680cad4d9dc1 - - - - - -] OVN reports status down for port: 4efbcf8e-5fe2-43f9-9d73-ea6621fbd06f
2026-03-06 01:35:26.910 8 INFO neutron.plugins.ml2.drivers.ovn.mech_driver.mech_driver [None req-d0f7ef43-0d40-497a-b860-680cad4d9dc1 - - - - - -] OVN reports status down for port: 4d3063b2-3de6-4aea-af04-ce822c1755a9
2026-03-06 01:35:26.967 8 WARNING neutron.scheduler.dhcp_agent_scheduler [None req-bc108b38-ae03-4e17-8642-a8e147dfd473 07df7f7e40dc430d97ce74b1ea117b9a 31f209ac911b4ab79a843795da9f8de2 - - default default] No more DHCP agents
2026-03-06 01:35:26.969 8 WARNING neutron.api.rpc.agentnotifiers.dhcp_rpc_agent_api [None req-bc108b38-ae03-4e17-8642-a8e147dfd473 07df7f7e40dc430d97ce74b1ea117b9a 31f209ac911b4ab79a843795da9f8de2 - - default default] Unable to schedule network ab88649d-f649-418c-b28c-b4d8c2f2c840: no agents available; will retry on subsequent port and subnet creation events.
2026-03-06 01:35:27.002 8 WARNING neutron.plugins.ml2.drivers.ovn.mech_driver.ovsdb.ovn_client [None req-d0f7ef43-0d40-497a-b860-680cad4d9dc1 - - - - - -] Logical_Switch_Port %s host information not removed, the port state is up
2026-03-06 01:35:27.003 8 INFO neutron.plugins.ml2.drivers.ovn.mech_driver.mech_driver [None req-d0f7ef43-0d40-497a-b860-680cad4d9dc1 - - - - - -] OVN reports status up for port: 4d3063b2-3de6-4aea-af04-ce822c1755a9
2026-03-06 01:35:27.023 8 INFO neutron.plugins.ml2.plugin [None req-d0f7ef43-0d40-497a-b860-680cad4d9dc1 - - - - - -] Attempt 1 to provision port 4d3063b2-3de6-4aea-af04-ce822c1755a9
2026-03-06 01:35:27.346 7 INFO neutron.plugins.ml2.drivers.ovn.mech_driver.ovsdb.commands [-] Schedule LRP lrp-3993e0e3-ab2d-4ab3-932b-200bc3588dee on gateway b4de54fd-2b04-4588-82dc-d18f0208836e with priority 1
2026-03-06 01:35:27.497 7 INFO neutron.db.ovn_revision_numbers_db [None req-69fb656a-20d5-4385-a762-72ab5ec470d8 da39324a0d6c4069865e93d1f7cfa79b b0424b14cf5745ebb1c8ae2923450bc2 - - default default] Successfully bumped revision number for resource 3993e0e3-ab2d-4ab3-932b-200bc3588dee (type: router_ports) to 1
2026-03-06 01:35:27.551 8 INFO neutron.plugins.ml2.drivers.ovn.mech_driver.ovsdb.ovsdb_monitor [None req-5247953f-f453-4233-9a66-11ebeb4dd3e9 - - - - - -] Router 908591fd-183e-4388-8776-b67f5c2a0499 is bound to host instance
2026-03-06 01:35:27.574 7 INFO neutron.db.ovn_revision_numbers_db [None req-69fb656a-20d5-4385-a762-72ab5ec470d8 da39324a0d6c4069865e93d1f7cfa79b b0424b14cf5745ebb1c8ae2923450bc2 - - default default] Successfully bumped revision number for resource 908591fd-183e-4388-8776-b67f5c2a0499 (type: routers) to 2 [pid: 7|app: 0|req: 1271/2418] 10.0.0.157 () {34 vars in 669 bytes} [Fri Mar 6 01:35:26 2026] POST /v2.0/routers => generated 966 bytes in 1423 msecs (HTTP/1.1 201) 4 headers in 162 bytes (1 switches on core 0) [pid: 7|app: 0|req: 1272/2419] 10.0.0.9 () {34 vars in 988 bytes} [Fri Mar 6 01:35:27 2026] GET /v2.0/ports?device_id=d60db642-55c6-44f1-96b7-c75545b8d5a2 => generated 973 bytes in 50 msecs (HTTP/1.1 200) 4 headers in 157 bytes (1 switches on core 0)
2026-03-06 01:35:28.008 8 INFO neutron.db.ovn_revision_numbers_db [None req-d0f7ef43-0d40-497a-b860-680cad4d9dc1 - - - - - -] Successfully bumped revision number for resource 4d3063b2-3de6-4aea-af04-ce822c1755a9 (type: ports) to 2
2026-03-06 01:35:28.101 7 WARNING neutron.scheduler.dhcp_agent_scheduler [None req-b974c6f2-6cce-4f8a-bb8d-d12292cd34dc da39324a0d6c4069865e93d1f7cfa79b b0424b14cf5745ebb1c8ae2923450bc2 - - default default] No more DHCP agents
2026-03-06 01:35:28.103 7 WARNING neutron.api.rpc.agentnotifiers.dhcp_rpc_agent_api [None req-b974c6f2-6cce-4f8a-bb8d-d12292cd34dc da39324a0d6c4069865e93d1f7cfa79b b0424b14cf5745ebb1c8ae2923450bc2 - - default default] Unable to schedule network 31901c88-225d-4db3-8044-3d2dc281137d: no agents available; will retry on subsequent port and subnet creation events.
2026-03-06 01:35:28.286 7 INFO neutron.db.ovn_revision_numbers_db [None req-b974c6f2-6cce-4f8a-bb8d-d12292cd34dc da39324a0d6c4069865e93d1f7cfa79b b0424b14cf5745ebb1c8ae2923450bc2 - - default default] Successfully bumped revision number for resource d6077faf-f318-48ca-bf4a-440f18059014 (type: ports) to 1
2026-03-06 01:35:28.333 8 INFO neutron.db.ovn_revision_numbers_db [None req-1da415dd-e8a0-4178-bf9b-83a07d8d4e7d - - - - - -] Successfully bumped revision number for resource 9b6efda2-8b84-4cac-ae5b-d3fe7b94c69a (type: ports) to 2
2026-03-06 01:35:28.423 8 INFO neutron.db.ovn_revision_numbers_db [None req-1da415dd-e8a0-4178-bf9b-83a07d8d4e7d - - - - - -] Successfully bumped revision number for resource 16e3551d-0748-4c54-a99d-49a03917a3d1 (type: subnets) to 0 [pid: 8|app: 0|req: 1148/2420] 10.0.0.157 () {34 vars in 669 bytes} [Fri Mar 6 01:35:26 2026] POST /v2.0/subnets => generated 629 bytes in 1794 msecs (HTTP/1.1 201) 4 headers in 162 bytes (1 switches on core 0) [pid: 8|app: 0|req: 1149/2421] 10.0.0.9 () {34 vars in 1038 bytes} [Fri Mar 6 01:35:28 2026] GET /v2.0/security-groups?id=4ea7a506-1360-4ef2-821d-13643fb2e61e&fields=id&fields=name => generated 114 bytes in 37 msecs (HTTP/1.1 200) 4 headers in 157 bytes (1 switches on core 0)
2026-03-06 01:35:28.842 7 WARNING neutron.scheduler.dhcp_agent_scheduler [None req-b974c6f2-6cce-4f8a-bb8d-d12292cd34dc da39324a0d6c4069865e93d1f7cfa79b b0424b14cf5745ebb1c8ae2923450bc2 - - default default] No more DHCP agents
2026-03-06 01:35:28.843 7 WARNING neutron.api.rpc.agentnotifiers.dhcp_rpc_agent_api [None req-b974c6f2-6cce-4f8a-bb8d-d12292cd34dc da39324a0d6c4069865e93d1f7cfa79b b0424b14cf5745ebb1c8ae2923450bc2 - - default default] Unable to schedule network 31901c88-225d-4db3-8044-3d2dc281137d: no agents available; will retry on subsequent port and subnet creation events.
