2026-03-06 01:34:06.188 7 INFO neutron_taas.services.taas.tap_mirror_plugin [None req-1b3ed025-82af-40e1-94a3-cb60bb736493 96191213d7154d408b0e5ae27e9f2bfa 6101e51f852c43ec89f35dde015bb97b - - default default] Tap Mirror: Handle Delete Port: ea158eae-645b-49ef-9709-0dbb3a5e02cd
2026-03-06 01:34:06.344 8 INFO neutron.notifiers.nova [-] Nova event matching ['req-0faf535b-de6a-4448-b132-0bd95bf2c55e'] response: {'server_uuid': '60bac9e2-66c2-4577-9c9b-0b09175b45df', 'name': 'network-vif-unplugged', 'status': 'completed', 'tag': '6a4fa147-4b80-4148-bfc7-73b492b53139', 'code': 200}
2026-03-06 01:34:06.362 8 INFO neutron.plugins.ml2.drivers.ovn.mech_driver.mech_driver [None req-ec24a7eb-d4cf-41f9-a78a-1267413dba69 - - - - - -] OVN reports status down for port: 0c06bbe9-2e15-4bb3-ba24-8670d8b9597b [pid: 8|app: 0|req: 836/1830] 10.0.0.157 () {32 vars in 720 bytes} [Fri Mar 6 01:34:05 2026] DELETE /v2.0/ports/3533ff8a-58ec-4f00-9fc0-830abb272fb1 => generated 0 bytes in 539 msecs (HTTP/1.1 204) 3 headers in 131 bytes (1 switches on core 0) /var/lib/openstack/lib/python3.12/site-packages/pycadf/identifier.py:70: UserWarning: Invalid uuid: neutron. To ensure interoperability, identifiers should be a valid uuid. warnings.warn(('Invalid uuid: %s. To ensure interoperability, '
2026-03-06 01:34:06.503 8 INFO neutron.plugins.ml2.drivers.ovn.mech_driver.mech_driver [None req-ec24a7eb-d4cf-41f9-a78a-1267413dba69 - - - - - -] OVN reports status down for port: f8db8341-b051-42dc-a5e6-1a3d315d9c80
2026-03-06 01:34:06.581 8 INFO neutron_taas.services.taas.taas_plugin [None req-ca7bf4ee-182f-48a1-b988-3ce758a82488 04258670e46c43b4821fc04fee6f362a 635a7770027b42c0834eb9bb81ebd38a - - default default] TaaS: Handle Delete Port: f03cfbe4-8cae-40be-9183-e2e9e9dd3723
2026-03-06 01:34:06.586 8 INFO neutron_taas.services.taas.tap_mirror_plugin [None req-ca7bf4ee-182f-48a1-b988-3ce758a82488 04258670e46c43b4821fc04fee6f362a 635a7770027b42c0834eb9bb81ebd38a - - default default] Tap Mirror: Handle Delete Port: f03cfbe4-8cae-40be-9183-e2e9e9dd3723 [pid: 7|app: 0|req: 995/1831] 10.0.0.157 () {32 vars in 724 bytes} [Fri Mar 6 01:34:05 2026] DELETE /v2.0/routers/7cf78f61-2367-4e61-9443-c42714e65dbd => generated 0 bytes in 754 msecs (HTTP/1.1 204) 2 headers in 112 bytes (1 switches on core 0)
2026-03-06 01:34:06.678 8 INFO neutron.plugins.ml2.drivers.ovn.mech_driver.mech_driver [None req-ec24a7eb-d4cf-41f9-a78a-1267413dba69 - - - - - -] OVN reports status down for port: 7a4337a7-07da-414a-a188-852ff770d8ef [pid: 8|app: 0|req: 837/1832] 10.0.0.157 () {32 vars in 720 bytes} [Fri Mar 6 01:34:06 2026] DELETE /v2.0/ports/f03cfbe4-8cae-40be-9183-e2e9e9dd3723 => generated 0 bytes in 445 msecs (HTTP/1.1 204) 3 headers in 131 bytes (1 switches on core 0) [pid: 7|app: 0|req: 996/1833] 10.0.0.157 () {32 vars in 724 bytes} [Fri Mar 6 01:34:06 2026] DELETE /v2.0/subnets/ade87497-1167-44f9-b15a-7d4c510b3446 => generated 0 bytes in 158 msecs (HTTP/1.1 204) 3 headers in 131 bytes (1 switches on core 0)
2026-03-06 01:34:06.814 8 INFO neutron.plugins.ml2.drivers.ovn.mech_driver.mech_driver [None req-ec24a7eb-d4cf-41f9-a78a-1267413dba69 - - - - - -] OVN reports status down for port: 47a34f72-7fd6-4ac4-96b0-6cde77b199e1 /var/lib/openstack/lib/python3.12/site-packages/pycadf/identifier.py:70: UserWarning: Invalid uuid: neutron. To ensure interoperability, identifiers should be a valid uuid. warnings.warn(('Invalid uuid: %s. To ensure interoperability, '
2026-03-06 01:34:06.987 7 INFO neutron_taas.services.taas.taas_plugin [None req-7a4d1439-3ba0-43db-af42-6e2359f08ba1 04258670e46c43b4821fc04fee6f362a 635a7770027b42c0834eb9bb81ebd38a - - default default] TaaS: Handle Delete Port: f8db8341-b051-42dc-a5e6-1a3d315d9c80
2026-03-06 01:34:06.989 7 INFO neutron_taas.services.taas.tap_mirror_plugin [None req-7a4d1439-3ba0-43db-af42-6e2359f08ba1 04258670e46c43b4821fc04fee6f362a 635a7770027b42c0834eb9bb81ebd38a - - default default] Tap Mirror: Handle Delete Port: f8db8341-b051-42dc-a5e6-1a3d315d9c80
2026-03-06 01:34:07.099 8 INFO neutron.plugins.ml2.drivers.ovn.mech_driver.mech_driver [None req-ec24a7eb-d4cf-41f9-a78a-1267413dba69 - - - - - -] OVN reports status up for port: 6a4fa147-4b80-4148-bfc7-73b492b53139 [pid: 7|app: 0|req: 997/1834] 10.0.0.157 () {32 vars in 720 bytes} [Fri Mar 6 01:34:06 2026] DELETE /v2.0/ports/f8db8341-b051-42dc-a5e6-1a3d315d9c80 => generated 0 bytes in 306 msecs (HTTP/1.1 204) 3 headers in 131 bytes (1 switches on core 0)
2026-03-06 01:34:07.165 8 INFO neutron_taas.services.taas.taas_plugin [None req-74b00b53-17be-4b41-83fc-1a5ae7deaabd 96191213d7154d408b0e5ae27e9f2bfa 6101e51f852c43ec89f35dde015bb97b - - default default] TaaS: Handle Delete Port: d0c373da-08a7-4fff-8adb-0d4adf738a67
2026-03-06 01:34:07.175 8 INFO neutron_taas.services.taas.tap_mirror_plugin [None req-74b00b53-17be-4b41-83fc-1a5ae7deaabd 96191213d7154d408b0e5ae27e9f2bfa 6101e51f852c43ec89f35dde015bb97b - - default default] Tap Mirror: Handle Delete Port: d0c373da-08a7-4fff-8adb-0d4adf738a67
2026-03-06 01:34:07.181 8 INFO neutron.plugins.ml2.plugin [None req-ec24a7eb-d4cf-41f9-a78a-1267413dba69 - - - - - -] Attempt 1 to provision port 6a4fa147-4b80-4148-bfc7-73b492b53139
2026-03-06 01:34:07.454 7 INFO neutron.db.ovn_revision_numbers_db [None req-88b4aaef-c907-4edf-a8bb-92b26c2a13d9 da39324a0d6c4069865e93d1f7cfa79b b0424b14cf5745ebb1c8ae2923450bc2 - - default default] Successfully bumped revision number for resource 98154532-2e0b-4cc9-88b8-6ffca4e31fdc (type: security_groups) to 1
2026-03-06 01:34:07.464 7 INFO neutron.db.ovn_revision_numbers_db [None req-88b4aaef-c907-4edf-a8bb-92b26c2a13d9 da39324a0d6c4069865e93d1f7cfa79b b0424b14cf5745ebb1c8ae2923450bc2 - - default default] Successfully bumped revision number for resource 0c98052c-f3af-41d2-9390-f1ed31ebb8cd (type: security_group_rules) to 0
2026-03-06 01:34:07.497 7 INFO neutron.db.ovn_revision_numbers_db [None req-88b4aaef-c907-4edf-a8bb-92b26c2a13d9 da39324a0d6c4069865e93d1f7cfa79b b0424b14cf5745ebb1c8ae2923450bc2 - - default default] Successfully bumped revision number for resource 127b225a-0d2f-4c3f-834f-c37de2658011 (type: security_group_rules) to 0
2026-03-06 01:34:07.509 7 INFO neutron.db.ovn_revision_numbers_db [None req-88b4aaef-c907-4edf-a8bb-92b26c2a13d9 da39324a0d6c4069865e93d1f7cfa79b b0424b14cf5745ebb1c8ae2923450bc2 - - default default] Successfully bumped revision number for resource 40be1c10-1055-41c1-8897-fb62aa9e9185 (type: security_group_rules) to 0
2026-03-06 01:34:07.519 7 INFO neutron.db.ovn_revision_numbers_db [None req-88b4aaef-c907-4edf-a8bb-92b26c2a13d9 da39324a0d6c4069865e93d1f7cfa79b b0424b14cf5745ebb1c8ae2923450bc2 - - default default] Successfully bumped revision number for resource a18aa994-a078-42c7-8786-daa335629606 (type: security_group_rules) to 0 [pid: 7|app: 0|req: 998/1835] 10.0.0.157 () {32 vars in 774 bytes} [Fri Mar 6 01:34:07 2026] GET /v2.0/security-groups?tenant_id=9f0018a8e1bd4ab3b31052641f0812db&name=default => generated 2925 bytes in 431 msecs (HTTP/1.1 200) 4 headers in 158 bytes (1 switches on core 0) [pid: 7|app: 0|req: 999/1836] 10.0.0.9 () {34 vars in 988 bytes} [Fri Mar 6 01:34:07 2026] GET /v2.0/ports?device_id=60bac9e2-66c2-4577-9c9b-0b09175b45df => generated 975 bytes in 112 msecs (HTTP/1.1 200) 4 headers in 157 bytes (1 switches on core 0)
2026-03-06 01:34:07.676 8 INFO neutron.db.ovn_revision_numbers_db [None req-ec24a7eb-d4cf-41f9-a78a-1267413dba69 - - - - - -] Successfully bumped revision number for resource 6a4fa147-4b80-4148-bfc7-73b492b53139 (type: ports) to 5
2026-03-06 01:34:07.681 8 INFO neutron.services.segments.plugin [-] Segment f9c2904a-f99c-415c-be34-24ce8d9a0e5e resource provider aggregate not found
2026-03-06 01:34:07.690 8 INFO neutron.services.segments.plugin [-] Segment f9c2904a-f99c-415c-be34-24ce8d9a0e5e resource provider aggregate not found
2026-03-06 01:34:07.710 8 INFO neutron.services.segments.plugin [-] Segment f9c2904a-f99c-415c-be34-24ce8d9a0e5e resource provider not found; error: Placement Client Error (4xx): {"errors": [{"status": 404, "title": "Not Found", "detail": "The resource could not be found.\n\n No resource provider with uuid f9c2904a-f99c-415c-be34-24ce8d9a0e5e found for delete ", "request_id": "req-94851725-c329-47b3-ac30-3289bc460de3"}]}
2026-03-06 01:34:07.722 8 INFO neutron.services.segments.plugin [-] Segment f9c2904a-f99c-415c-be34-24ce8d9a0e5e resource provider not found; error: Placement Client Error (4xx): {"errors": [{"status": 404, "title": "Not Found", "detail": "The resource could not be found.\n\n No resource provider with uuid f9c2904a-f99c-415c-be34-24ce8d9a0e5e found for delete ", "request_id": "req-41aff0fc-a05d-45ea-b118-cef3695b50b9"}]} [pid: 8|app: 0|req: 838/1837] 10.0.0.157 () {32 vars in 726 bytes} [Fri Mar 6 01:34:06 2026] DELETE /v2.0/networks/b9a67327-7d58-4648-8cff-0445ca8e785a => generated 0 bytes in 1009 msecs (HTTP/1.1 204) 3 headers in 131 bytes (1 switches on core 0) /var/lib/openstack/lib/python3.12/site-packages/pycadf/identifier.py:70: UserWarning: Invalid uuid: neutron. To ensure interoperability, identifiers should be a valid uuid. warnings.warn(('Invalid uuid: %s. To ensure interoperability, '
2026-03-06 01:34:07.864 7 INFO neutron_taas.services.taas.taas_plugin [None req-783d1481-c8b0-4fe3-8e21-f90c8cf5148e 04258670e46c43b4821fc04fee6f362a 635a7770027b42c0834eb9bb81ebd38a - - default default] TaaS: Handle Delete Port: 47a34f72-7fd6-4ac4-96b0-6cde77b199e1
2026-03-06 01:34:07.868 7 INFO neutron_taas.services.taas.tap_mirror_plugin [None req-783d1481-c8b0-4fe3-8e21-f90c8cf5148e 04258670e46c43b4821fc04fee6f362a 635a7770027b42c0834eb9bb81ebd38a - - default default] Tap Mirror: Handle Delete Port: 47a34f72-7fd6-4ac4-96b0-6cde77b199e1 [pid: 7|app: 0|req: 1000/1838] 10.0.0.157 () {32 vars in 720 bytes} [Fri Mar 6 01:34:07 2026] DELETE /v2.0/ports/47a34f72-7fd6-4ac4-96b0-6cde77b199e1 => generated 0 bytes in 356 msecs (HTTP/1.1 204) 3 headers in 131 bytes (1 switches on core 0) [pid: 7|app: 0|req: 1001/1839] 10.0.0.9 () {34 vars in 1038 bytes} [Fri Mar 6 01:34:08 2026] GET /v2.0/security-groups?id=7de1a7cf-7f4f-4265-a1c1-64c31e82e14c&fields=id&fields=name => generated 88 bytes in 38 msecs (HTTP/1.1 200) 4 headers in 156 bytes (1 switches on core 0) [pid: 8|app: 0|req: 839/1840] 10.0.0.157 () {32 vars in 740 bytes} [Fri Mar 6 01:34:07 2026] DELETE /v2.0/security-groups/98154532-2e0b-4cc9-88b8-6ffca4e31fdc => generated 0 bytes in 408 msecs (HTTP/1.1 204) 2 headers in 112 bytes (1 switches on core 0)
2026-03-06 01:34:08.247 7 INFO neutron_taas.services.taas.taas_plugin [None req-5a16b5a0-6bc8-421b-b1ab-4d4cc91145f5 04258670e46c43b4821fc04fee6f362a 635a7770027b42c0834eb9bb81ebd38a - - default default] TaaS: Handle Delete Port: dd144e2d-5ba4-4ffa-b8d6-c18584a70b17
2026-03-06 01:34:08.250 7 INFO neutron_taas.services.taas.tap_mirror_plugin [None req-5a16b5a0-6bc8-421b-b1ab-4d4cc91145f5 04258670e46c43b4821fc04fee6f362a 635a7770027b42c0834eb9bb81ebd38a - - default default] Tap Mirror: Handle Delete Port: dd144e2d-5ba4-4ffa-b8d6-c18584a70b17
2026-03-06 01:34:08.409 8 INFO neutron.notifiers.nova [-] Nova event matching ['req-ae5923ba-bbdb-46fe-9f48-5f775ba43ec5'] response: {'server_uuid': '60bac9e2-66c2-4577-9c9b-0b09175b45df', 'name': 'network-vif-plugged', 'status': 'completed', 'tag': '6a4fa147-4b80-4148-bfc7-73b492b53139', 'code': 200}
2026-03-06 01:34:08.409 8 INFO neutron.notifiers.nova [-] Nova event matching ['req-ae5923ba-bbdb-46fe-9f48-5f775ba43ec5'] response: {'server_uuid': '60bac9e2-66c2-4577-9c9b-0b09175b45df', 'name': 'network-vif-plugged', 'status': 'completed', 'tag': '6a4fa147-4b80-4148-bfc7-73b492b53139', 'code': 200}
2026-03-06 01:34:08.482 7 INFO neutron.services.segments.plugin [-] Segment 085a4294-5127-48b3-9328-e748e3e9a054 resource provider aggregate not found
2026-03-06 01:34:08.488 7 INFO neutron.services.segments.plugin [-] Segment 085a4294-5127-48b3-9328-e748e3e9a054 resource provider aggregate not found
2026-03-06 01:34:08.500 7 INFO neutron.services.segments.plugin [-] Segment 085a4294-5127-48b3-9328-e748e3e9a054 resource provider not found; error: Placement Client Error (4xx): {"errors": [{"status": 404, "title": "Not Found", "detail": "The resource could not be found.\n\n No resource provider with uuid 085a4294-5127-48b3-9328-e748e3e9a054 found for delete ", "request_id": "req-832c8629-5434-4645-8cdc-59bdb98b031b"}]}
2026-03-06 01:34:08.506 7 INFO neutron.services.segments.plugin [-] Segment 085a4294-5127-48b3-9328-e748e3e9a054 resource provider not found; error: Placement Client Error (4xx): {"errors": [{"status": 404, "title": "Not Found", "detail": "The resource could not be found.\n\n No resource provider with uuid 085a4294-5127-48b3-9328-e748e3e9a054 found for delete ", "request_id": "req-c3ece989-9e18-4c82-a980-a8391094fc9c"}]} [pid: 7|app: 0|req: 1002/1841] 10.0.0.157 () {32 vars in 726 bytes} [Fri Mar 6 01:34:08 2026] DELETE /v2.0/networks/2331a884-8ea0-4ed4-bd49-f8145645c8e9 => generated 0 bytes in 471 msecs (HTTP/1.1 204) 3 headers in 131 bytes (1 switches on core 0) [pid: 8|app: 0|req: 840/1842] 10.0.0.157 () {32 vars in 774 bytes} [Fri Mar 6 01:34:08 2026] GET /v2.0/security-groups?tenant_id=6101e51f852c43ec89f35dde015bb97b&name=default => generated 2925 bytes in 233 msecs (HTTP/1.1 200) 4 headers in 158 bytes (1 switches on core 0)
2026-03-06 01:34:08.642 7 INFO neutron_taas.services.taas.taas_plugin [None req-0e525543-087a-4ea0-a9c0-6e2ff91c912f 04258670e46c43b4821fc04fee6f362a 635a7770027b42c0834eb9bb81ebd38a - - default default] TaaS: Handle Delete Port: f7181ce5-c816-41da-8cac-9e127fcb768b
2026-03-06 01:34:08.645 7 INFO neutron_taas.services.taas.tap_mirror_plugin [None req-0e525543-087a-4ea0-a9c0-6e2ff91c912f 04258670e46c43b4821fc04fee6f362a 635a7770027b42c0834eb9bb81ebd38a - - default default] Tap Mirror: Handle Delete Port: f7181ce5-c816-41da-8cac-9e127fcb768b [pid: 7|app: 0|req: 1003/1843] 10.0.0.157 () {32 vars in 726 bytes} [Fri Mar 6 01:34:08 2026] DELETE /v2.0/networks/2240af47-56ef-431c-a086-a4a2ca75c83f => generated 0 bytes in 392 msecs (HTTP/1.1 204) 3 headers in 131 bytes (1 switches on core 0) [pid: 8|app: 0|req: 841/1844] 10.0.0.157 () {32 vars in 740 bytes} [Fri Mar 6 01:34:08 2026] DELETE /v2.0/security-groups/c0b040aa-23e7-4112-85d8-4efefdb2f531 => generated 0 bytes in 399 msecs (HTTP/1.1 204) 2 headers in 112 bytes (1 switches on core 0)
2026-03-06 01:34:09.038 7 INFO neutron_taas.services.taas.taas_plugin [None req-26027b3f-6d22-4ee2-867a-9a928ed532a3 04258670e46c43b4821fc04fee6f362a 635a7770027b42c0834eb9bb81ebd38a - - default default] TaaS: Handle Delete Port: ca4300bd-c31f-45ff-b665-be5c5bf237d8
2026-03-06 01:34:09.041 7 INFO neutron_taas.services.taas.tap_mirror_plugin [None req-26027b3f-6d22-4ee2-867a-9a928ed532a3 04258670e46c43b4821fc04fee6f362a 635a7770027b42c0834eb9bb81ebd38a - - default default] Tap Mirror: Handle Delete Port: ca4300bd-c31f-45ff-b665-be5c5bf237d8 [pid: 8|app: 0|req: 842/1845] 10.0.0.9 () {34 vars in 988 bytes} [Fri Mar 6 01:34:09 2026] GET /v2.0/ports?device_id=60bac9e2-66c2-4577-9c9b-0b09175b45df => generated 975 bytes in 121 msecs (HTTP/1.1 200) 4 headers in 157 bytes (1 switches on core 0) [pid: 7|app: 0|req: 1004/1846] 10.0.0.157 () {32 vars in 726 bytes} [Fri Mar 6 01:34:08 2026] DELETE /v2.0/networks/c9a38261-0623-4ae9-a7f9-8223c82ea3f3 => generated 0 bytes in 384 msecs (HTTP/1.1 204) 3 headers in 131 bytes (1 switches on core 0) [pid: 8|app: 0|req: 843/1847] 10.0.0.9 () {34 vars in 1038 bytes} [Fri Mar 6 01:34:09 2026] GET /v2.0/security-groups?id=7de1a7cf-7f4f-4265-a1c1-64c31e82e14c&fields=id&fields=name => generated 88 bytes in 62 msecs (HTTP/1.1 200) 4 headers in 156 bytes (1 switches on core 0)
2026-03-06 01:34:09.428 7 INFO neutron_taas.services.taas.taas_plugin [None req-a0d9651f-604e-44dc-af6a-affca601d413 04258670e46c43b4821fc04fee6f362a 635a7770027b42c0834eb9bb81ebd38a - - default default] TaaS: Handle Delete Port: 0c06bbe9-2e15-4bb3-ba24-8670d8b9597b
2026-03-06 01:34:09.431 7 INFO neutron_taas.services.taas.tap_mirror_plugin [None req-a0d9651f-604e-44dc-af6a-affca601d413 04258670e46c43b4821fc04fee6f362a 635a7770027b42c0834eb9bb81ebd38a - - default default] Tap Mirror: Handle Delete Port: 0c06bbe9-2e15-4bb3-ba24-8670d8b9597b [pid: 7|app: 0|req: 1005/1848] 10.0.0.157 () {32 vars in 726 bytes} [Fri Mar 6 01:34:09 2026] DELETE /v2.0/networks/aa60894f-4174-4d33-a063-b7a54038c59a => generated 0 bytes in 348 msecs (HTTP/1.1 204) 3 headers in 131 bytes (1 switches on core 0)
2026-03-06 01:34:09.777 8 INFO neutron_taas.services.taas.taas_plugin [None req-d2fb0b3c-932f-4f3f-88e4-1e25493e002d 04258670e46c43b4821fc04fee6f362a 635a7770027b42c0834eb9bb81ebd38a - - default default] TaaS: Handle Delete Port: 7a4337a7-07da-414a-a188-852ff770d8ef
2026-03-06 01:34:09.779 8 INFO neutron_taas.services.taas.tap_mirror_plugin [None req-d2fb0b3c-932f-4f3f-88e4-1e25493e002d 04258670e46c43b4821fc04fee6f362a 635a7770027b42c0834eb9bb81ebd38a - - default default] Tap Mirror: Handle Delete Port: 7a4337a7-07da-414a-a188-852ff770d8ef
2026-03-06 01:34:09.945 8 INFO neutron.services.segments.plugin [-] Segment d452cc69-a3d8-4d0f-8c16-1b23df530aae resource provider aggregate not found
2026-03-06 01:34:09.953 8 INFO neutron.services.segments.plugin [-] Segment d452cc69-a3d8-4d0f-8c16-1b23df530aae resource provider aggregate not found
2026-03-06 01:34:09.970 8 INFO neutron.services.segments.plugin [-] Segment d452cc69-a3d8-4d0f-8c16-1b23df530aae resource provider not found; error: Placement Client Error (4xx): {"errors": [{"status": 404, "title": "Not Found", "detail": "The resource could not be found.\n\n No resource provider with uuid d452cc69-a3d8-4d0f-8c16-1b23df530aae found for delete ", "request_id": "req-b6ade611-6fb4-48c6-a017-79d7d505fade"}]}
2026-03-06 01:34:09.971 8 INFO neutron.services.segments.plugin [-] Segment d452cc69-a3d8-4d0f-8c16-1b23df530aae resource provider not found; error: Placement Client Error (4xx): {"errors": [{"status": 404, "title": "Not Found", "detail": "The resource could not be found.\n\n No resource provider with uuid d452cc69-a3d8-4d0f-8c16-1b23df530aae found for delete ", "request_id": "req-662e3e9c-5d84-4840-9a26-9bb7a291d02b"}]} [pid: 8|app: 0|req: 844/1849] 10.0.0.157 () {32 vars in 726 bytes} [Fri Mar 6 01:34:09 2026] DELETE /v2.0/networks/3a13f5eb-5c5e-4f2e-851c-3e9143539959 => generated 0 bytes in 332 msecs (HTTP/1.1 204) 3 headers in 131 bytes (1 switches on core 0) [pid: 7|app: 0|req: 1006/1850] 10.0.0.9 () {34 vars in 988 bytes} [Fri Mar 6 01:34:10 2026] GET /v2.0/ports?device_id=60bac9e2-66c2-4577-9c9b-0b09175b45df => generated 975 bytes in 57 msecs (HTTP/1.1 200) 4 headers in 157 bytes (1 switches on core 0) [pid: 8|app: 0|req: 845/1851] 10.0.0.9 () {34 vars in 1038 bytes} [Fri Mar 6 01:34:10 2026] GET /v2.0/security-groups?id=7de1a7cf-7f4f-4265-a1c1-64c31e82e14c&fields=id&fields=name => generated 88 bytes in 32 msecs (HTTP/1.1 200) 4 headers in 156 bytes (1 switches on core 0)
2026-03-06 01:34:10.519 7 INFO neutron.services.segments.plugin [-] Segment db669c05-2377-4624-a462-01616fdcdc88 resource provider aggregate not found
2026-03-06 01:34:10.524 7 INFO neutron.services.segments.plugin [-] Segment db669c05-2377-4624-a462-01616fdcdc88 resource provider aggregate not found
2026-03-06 01:34:10.535 7 INFO neutron.services.segments.plugin [-] Segment db669c05-2377-4624-a462-01616fdcdc88 resource provider not found; error: Placement Client Error (4xx): {"errors": [{"status": 404, "title": "Not Found", "detail": "The resource could not be found.\n\n No resource provider with uuid db669c05-2377-4624-a462-01616fdcdc88 found for delete ", "request_id": "req-c92a47d3-a7ee-4d24-ac6d-9bea22071ee1"}]}
2026-03-06 01:34:10.537 7 INFO neutron.services.segments.plugin [-] Segment db669c05-2377-4624-a462-01616fdcdc88 resource provider not found; error: Placement Client Error (4xx): {"errors": [{"status": 404, "title": "Not Found", "detail": "The resource could not be found.\n\n No resource provider with uuid db669c05-2377-4624-a462-01616fdcdc88 found for delete ", "request_id": "req-da6a55bf-593f-4a6b-814f-1beede4cff59"}]}
2026-03-06 01:34:10.549 7 INFO neutron.services.segments.plugin [-] Segment 5c9cdc92-6a2b-4115-b16c-75a71de8ec96 resource provider aggregate not found
2026-03-06 01:34:10.552 7 INFO neutron.services.segments.plugin [-] Segment 5c9cdc92-6a2b-4115-b16c-75a71de8ec96 resource provider aggregate not found
2026-03-06 01:34:10.565 7 INFO neutron.services.segments.plugin [-] Segment 5c9cdc92-6a2b-4115-b16c-75a71de8ec96 resource provider not found; error: Placement Client Error (4xx): {"errors": [{"status": 404, "title": "Not Found", "detail": "The resource could not be found.\n\n No resource provider with uuid 5c9cdc92-6a2b-4115-b16c-75a71de8ec96 found for delete ", "request_id": "req-05848656-5bb4-4e30-85a2-69658c344aad"}]}
2026-03-06 01:34:10.573 7 INFO neutron.services.segments.plugin [-] Segment 5c9cdc92-6a2b-4115-b16c-75a71de8ec96 resource provider not found; error: Placement Client Error (4xx): {"errors": [{"status": 404, "title": "Not Found", "detail": "The resource could not be found.\n\n No resource provider with uuid 5c9cdc92-6a2b-4115-b16c-75a71de8ec96 found for delete ", "request_id": "req-5a1b9ecf-fcfe-4e7c-aee2-7bd497ba9568"}]}
2026-03-06 01:34:10.580 7 INFO neutron.services.segments.plugin [-] Segment 651bb2b5-c17c-4fad-951a-7d53bf090233 resource provider aggregate not found
2026-03-06 01:34:10.595 7 INFO neutron.services.segments.plugin [-] Segment 651bb2b5-c17c-4fad-951a-7d53bf090233 resource provider aggregate not found
2026-03-06 01:34:10.600 7 INFO neutron.services.segments.plugin [-] Segment 651bb2b5-c17c-4fad-951a-7d53bf090233 resource provider not found; error: Placement Client Error (4xx): {"errors": [{"status": 404, "title": "Not Found", "detail": "The resource could not be found.\n\n No resource provider with uuid 651bb2b5-c17c-4fad-951a-7d53bf090233 found for delete ", "request_id": "req-2e5de8f0-11c7-42a8-a047-9609ae695ead"}]}
2026-03-06 01:34:10.609 7 INFO neutron.services.segments.plugin [-] Segment 651bb2b5-c17c-4fad-951a-7d53bf090233 resource provider not found; error: Placement Client Error (4xx): {"errors": [{"status": 404, "title": "Not Found", "detail": "The resource could not be found.\n\n No resource provider with uuid 651bb2b5-c17c-4fad-951a-7d53bf090233 found for delete ", "request_id": "req-145513de-a570-42ad-a9bb-9aa215aea732"}]}
2026-03-06 01:34:11.124 7 INFO neutron.db.ovn_revision_numbers_db [None req-3028cfc4-bea7-41f0-a442-17b326e07a7d da39324a0d6c4069865e93d1f7cfa79b b0424b14cf5745ebb1c8ae2923450bc2 - - default default] Successfully bumped revision number for resource cf9a1cec-eb07-40e6-bf03-6bb3d92ea5c7 (type: security_groups) to 1
2026-03-06 01:34:11.143 7 INFO neutron.db.ovn_revision_numbers_db [None req-3028cfc4-bea7-41f0-a442-17b326e07a7d da39324a0d6c4069865e93d1f7cfa79b b0424b14cf5745ebb1c8ae2923450bc2 - - default default] Successfully bumped revision number for resource 16c14f00-a102-4d84-8808-e86b457915b5 (type: security_group_rules) to 0
2026-03-06 01:34:11.161 7 INFO neutron.db.ovn_revision_numbers_db [None req-3028cfc4-bea7-41f0-a442-17b326e07a7d da39324a0d6c4069865e93d1f7cfa79b b0424b14cf5745ebb1c8ae2923450bc2 - - default default] Successfully bumped revision number for resource 9d8f0507-f132-412f-ac16-09d9a88b61b1 (type: security_group_rules) to 0
2026-03-06 01:34:11.179 7 INFO neutron.db.ovn_revision_numbers_db [None req-3028cfc4-bea7-41f0-a442-17b326e07a7d da39324a0d6c4069865e93d1f7cfa79b b0424b14cf5745ebb1c8ae2923450bc2 - - default default] Successfully bumped revision number for resource a6b57197-8a61-4a94-b809-8d3797d74352 (type: security_group_rules) to 0
2026-03-06 01:34:11.183 8 INFO neutron.db.ovn_revision_numbers_db [None req-f1cb5b05-3eab-4288-a3ae-b1ca273bf38e 4848ce1d8f9148a4b7b153acdcc9fdd2 3c5b588887424509992ca599c3e28857 - - default default] Successfully bumped revision number for resource 601f0676-6468-4aeb-a843-a45b1b67b8a8 (type: security_groups) to 1
2026-03-06 01:34:11.195 7 INFO neutron.db.ovn_revision_numbers_db [None req-3028cfc4-bea7-41f0-a442-17b326e07a7d da39324a0d6c4069865e93d1f7cfa79b b0424b14cf5745ebb1c8ae2923450bc2 - - default default] Successfully bumped revision number for resource ae453183-56bb-4cd4-8067-f4042c8764dc (type: security_group_rules) to 0
2026-03-06 01:34:11.198 8 INFO neutron.db.ovn_revision_numbers_db [None req-f1cb5b05-3eab-4288-a3ae-b1ca273bf38e 4848ce1d8f9148a4b7b153acdcc9fdd2 3c5b588887424509992ca599c3e28857 - - default default] Successfully bumped revision number for resource 4205ae20-6a77-4646-9712-0c5aae88c393 (type: security_group_rules) to 0
2026-03-06 01:34:11.210 8 INFO neutron.db.ovn_revision_numbers_db [None req-f1cb5b05-3eab-4288-a3ae-b1ca273bf38e 4848ce1d8f9148a4b7b153acdcc9fdd2 3c5b588887424509992ca599c3e28857 - - default default] Successfully bumped revision number for resource 9c2c7676-57d3-47a9-ae5d-5ad7f09533f9 (type: security_group_rules) to 0
2026-03-06 01:34:11.219 8 INFO neutron.db.ovn_revision_numbers_db [None req-f1cb5b05-3eab-4288-a3ae-b1ca273bf38e 4848ce1d8f9148a4b7b153acdcc9fdd2 3c5b588887424509992ca599c3e28857 - - default default] Successfully bumped revision number for resource d9350b89-ba49-4357-ba33-c10ce06f24a0 (type: security_group_rules) to 0
2026-03-06 01:34:11.232 8 INFO neutron.db.ovn_revision_numbers_db [None req-f1cb5b05-3eab-4288-a3ae-b1ca273bf38e 4848ce1d8f9148a4b7b153acdcc9fdd2 3c5b588887424509992ca599c3e28857 - - default default] Successfully bumped revision number for resource f8d3a49b-f3a7-4cdc-b98b-cd8fb85002ec (type: security_group_rules) to 0 [pid: 7|app: 0|req: 1007/1852] 10.0.0.157 () {32 vars in 774 bytes} [Fri Mar 6 01:34:10 2026] GET /v2.0/security-groups?tenant_id=e0e3cdfcfc4a49e7add0b81243b5bef7&name=default => generated 2925 bytes in 442 msecs (HTTP/1.1 200) 4 headers in 158 bytes (1 switches on core 0)
2026-03-06 01:34:11.323 8 INFO neutron.db.segments_db [None req-f1cb5b05-3eab-4288-a3ae-b1ca273bf38e 4848ce1d8f9148a4b7b153acdcc9fdd2 3c5b588887424509992ca599c3e28857 - - default default] Added segment b51137b0-56f4-4e8e-b4d7-0c3a4892506a of type geneve for network 0691bfb7-e281-4983-9061-bdce8ade7ff6
2026-03-06 01:34:11.431 8 INFO neutron.db.ovn_revision_numbers_db [None req-f1cb5b05-3eab-4288-a3ae-b1ca273bf38e 4848ce1d8f9148a4b7b153acdcc9fdd2 3c5b588887424509992ca599c3e28857 - - default default] Successfully bumped revision number for resource 0691bfb7-e281-4983-9061-bdce8ade7ff6 (type: networks) to 1 [pid: 7|app: 0|req: 1008/1853] 10.0.0.157 () {32 vars in 740 bytes} [Fri Mar 6 01:34:11 2026] DELETE /v2.0/security-groups/cf9a1cec-eb07-40e6-bf03-6bb3d92ea5c7 => generated 0 bytes in 333 msecs (HTTP/1.1 204) 2 headers in 112 bytes (1 switches on core 0)
2026-03-06 01:34:11.662 8 WARNING neutron.scheduler.dhcp_agent_scheduler [None req-f1cb5b05-3eab-4288-a3ae-b1ca273bf38e 4848ce1d8f9148a4b7b153acdcc9fdd2 3c5b588887424509992ca599c3e28857 - - default default] No more DHCP agents
2026-03-06 01:34:11.664 8 WARNING neutron.api.rpc.agentnotifiers.dhcp_rpc_agent_api [None req-f1cb5b05-3eab-4288-a3ae-b1ca273bf38e 4848ce1d8f9148a4b7b153acdcc9fdd2 3c5b588887424509992ca599c3e28857 - - default default] Unable to schedule network 0691bfb7-e281-4983-9061-bdce8ade7ff6: no agents available; will retry on subsequent port and subnet creation events.
2026-03-06 01:34:11.746 8 INFO neutron.plugins.ml2.drivers.ovn.mech_driver.mech_driver [None req-f75f30f0-9765-49da-b919-f60275bbba23 - - - - - -] OVN reports status down for port: 72cdf7b9-d749-425f-8546-168d1c986d00 [pid: 7|app: 0|req: 1009/1854] 10.0.0.157 () {32 vars in 774 bytes} [Fri Mar 6 01:34:11 2026] GET /v2.0/security-groups?tenant_id=635a7770027b42c0834eb9bb81ebd38a&name=default => generated 2925 bytes in 54 msecs (HTTP/1.1 200) 4 headers in 158 bytes (1 switches on core 0)
2026-03-06 01:34:11.781 8 INFO neutron.db.ovn_revision_numbers_db [None req-f1cb5b05-3eab-4288-a3ae-b1ca273bf38e 4848ce1d8f9148a4b7b153acdcc9fdd2 3c5b588887424509992ca599c3e28857 - - default default] Successfully bumped revision number for resource 72cdf7b9-d749-425f-8546-168d1c986d00 (type: ports) to 1 [pid: 8|app: 0|req: 846/1855] 10.0.0.157 () {34 vars in 670 bytes} [Fri Mar 6 01:34:10 2026] POST /v2.0/networks => generated 663 bytes in 898 msecs (HTTP/1.1 201) 4 headers in 162 bytes (1 switches on core 0)
2026-03-06 01:34:12.172 8 WARNING neutron.scheduler.dhcp_agent_scheduler [None req-204eb47a-c5fb-431b-89d2-827af7f1a68f 4848ce1d8f9148a4b7b153acdcc9fdd2 3c5b588887424509992ca599c3e28857 - - default default] No more DHCP agents
2026-03-06 01:34:12.174 8 WARNING neutron.api.rpc.agentnotifiers.dhcp_rpc_agent_api [None req-204eb47a-c5fb-431b-89d2-827af7f1a68f 4848ce1d8f9148a4b7b153acdcc9fdd2 3c5b588887424509992ca599c3e28857 - - default default] Unable to schedule network 0691bfb7-e281-4983-9061-bdce8ade7ff6: no agents available; will retry on subsequent port and subnet creation events. [pid: 7|app: 0|req: 1010/1856] 10.0.0.157 () {32 vars in 740 bytes} [Fri Mar 6 01:34:11 2026] DELETE /v2.0/security-groups/d08205dd-589d-44d2-8a6d-bc5ac37d9302 => generated 0 bytes in 475 msecs (HTTP/1.1 204) 2 headers in 112 bytes (1 switches on core 0) [pid: 7|app: 0|req: 1011/1857] 10.0.0.9 () {34 vars in 988 bytes} [Fri Mar 6 01:34:12 2026] GET /v2.0/ports?device_id=60bac9e2-66c2-4577-9c9b-0b09175b45df => generated 975 bytes in 44 msecs (HTTP/1.1 200) 4 headers in 157 bytes (1 switches on core 0) [pid: 7|app: 0|req: 1012/1858] 10.0.0.9 () {34 vars in 1038 bytes} [Fri Mar 6 01:34:12 2026] GET /v2.0/security-groups?id=7de1a7cf-7f4f-4265-a1c1-64c31e82e14c&fields=id&fields=name => generated 88 bytes in 32 msecs (HTTP/1.1 200) 4 headers in 156 bytes (1 switches on core 0)
2026-03-06 01:34:12.546 7 INFO neutron.db.ovn_revision_numbers_db [None req-0a0b6607-7cae-4278-bd2a-f86ac1cf02db da39324a0d6c4069865e93d1f7cfa79b b0424b14cf5745ebb1c8ae2923450bc2 - - default default] Successfully bumped revision number for resource 89f8dfd2-6849-440f-b6ba-6c2ec9342ecc (type: security_groups) to 1
2026-03-06 01:34:12.557 7 INFO neutron.db.ovn_revision_numbers_db [None req-0a0b6607-7cae-4278-bd2a-f86ac1cf02db da39324a0d6c4069865e93d1f7cfa79b b0424b14cf5745ebb1c8ae2923450bc2 - - default default] Successfully bumped revision number for resource 2fc079d9-2709-438a-9dc0-6f0a57bd8425 (type: security_group_rules) to 0
2026-03-06 01:34:12.574 7 INFO neutron.db.ovn_revision_numbers_db [None req-0a0b6607-7cae-4278-bd2a-f86ac1cf02db da39324a0d6c4069865e93d1f7cfa79b b0424b14cf5745ebb1c8ae2923450bc2 - - default default] Successfully bumped revision number for resource 3cb96fb3-0d0b-4e86-8f7d-300d0ed88997 (type: security_group_rules) to 0
2026-03-06 01:34:12.591 7 INFO neutron.db.ovn_revision_numbers_db [None req-0a0b6607-7cae-4278-bd2a-f86ac1cf02db da39324a0d6c4069865e93d1f7cfa79b b0424b14cf5745ebb1c8ae2923450bc2 - - default default] Successfully bumped revision number for resource 9b364266-ec4f-4833-9831-04945393c992 (type: security_group_rules) to 0
2026-03-06 01:34:12.603 7 INFO neutron.db.ovn_revision_numbers_db [None req-0a0b6607-7cae-4278-bd2a-f86ac1cf02db da39324a0d6c4069865e93d1f7cfa79b b0424b14cf5745ebb1c8ae2923450bc2 - - default default] Successfully bumped revision number for resource e75a3ed1-1842-40d6-b803-08757df8874f (type: security_group_rules) to 0 [pid: 7|app: 0|req: 1013/1859] 10.0.0.157 () {32 vars in 774 bytes} [Fri Mar 6 01:34:12 2026] GET /v2.0/security-groups?tenant_id=c51bd1d82e054d7d8f3d71b64a6f9460&name=default => generated 2925 bytes in 275 msecs (HTTP/1.1 200) 4 headers in 158 bytes (1 switches on core 0)
2026-03-06 01:34:12.710 8 INFO neutron.db.ovn_revision_numbers_db [None req-c9377373-003b-42c9-897a-931997a318e3 - - - - - -] Successfully bumped revision number for resource 72cdf7b9-d749-425f-8546-168d1c986d00 (type: ports) to 2
2026-03-06 01:34:12.744 8 INFO neutron.db.ovn_revision_numbers_db [None req-c9377373-003b-42c9-897a-931997a318e3 - - - - - -] Successfully bumped revision number for resource 492aff90-efce-418b-b46b-88ff6764fdf7 (type: subnets) to 0 [pid: 8|app: 0|req: 847/1860] 10.0.0.157 () {34 vars in 669 bytes} [Fri Mar 6 01:34:11 2026] POST /v2.0/subnets => generated 641 bytes in 920 msecs (HTTP/1.1 201) 4 headers in 162 bytes (1 switches on core 0)
2026-03-06 01:34:12.975 7 INFO neutron.db.ovn_revision_numbers_db [None req-749ad4e8-a04c-49c7-a6ca-daba3b83776b 5f3ecf01ce584a919a373d78e426a4ad bf32b1e633494290bf6d62a975fac3bd - - default default] Successfully bumped revision number for resource 651c2f73-fa53-40b8-a8e0-bf4795ea3643 (type: security_groups) to 1
2026-03-06 01:34:12.993 7 INFO neutron.db.ovn_revision_numbers_db [None req-749ad4e8-a04c-49c7-a6ca-daba3b83776b 5f3ecf01ce584a919a373d78e426a4ad bf32b1e633494290bf6d62a975fac3bd - - default default] Successfully bumped revision number for resource 08fde390-c1b5-4e63-b6f5-e663e35f1513 (type: security_group_rules) to 0
2026-03-06 01:34:13.008 7 INFO neutron.db.ovn_revision_numbers_db [None req-749ad4e8-a04c-49c7-a6ca-daba3b83776b 5f3ecf01ce584a919a373d78e426a4ad bf32b1e633494290bf6d62a975fac3bd - - default default] Successfully bumped revision number for resource 6c30e579-c4b5-42b6-b02d-df158d7fe666 (type: security_group_rules) to 0
2026-03-06 01:34:13.023 7 INFO neutron.db.ovn_revision_numbers_db [None req-749ad4e8-a04c-49c7-a6ca-daba3b83776b 5f3ecf01ce584a919a373d78e426a4ad bf32b1e633494290bf6d62a975fac3bd - - default default] Successfully bumped revision number for resource 8d5ce118-bea7-4e12-9ba1-13b4565f35ec (type: security_group_rules) to 0
2026-03-06 01:34:13.039 7 INFO neutron.db.ovn_revision_numbers_db [None req-749ad4e8-a04c-49c7-a6ca-daba3b83776b 5f3ecf01ce584a919a373d78e426a4ad bf32b1e633494290bf6d62a975fac3bd - - default default] Successfully bumped revision number for resource cd07ea8e-8c70-4271-8048-bc34e9183a20 (type: security_group_rules) to 0 [pid: 8|app: 0|req: 848/1861] 10.0.0.157 () {32 vars in 740 bytes} [Fri Mar 6 01:34:12 2026] DELETE /v2.0/security-groups/89f8dfd2-6849-440f-b6ba-6c2ec9342ecc => generated 0 bytes in 302 msecs (HTTP/1.1 204) 2 headers in 112 bytes (1 switches on core 0)
2026-03-06 01:34:13.114 8 INFO neutron.plugins.ml2.drivers.ovn.mech_driver.mech_driver [None req-f75f30f0-9765-49da-b919-f60275bbba23 - - - - - -] OVN reports status down for port: 6a4fa147-4b80-4148-bfc7-73b492b53139
2026-03-06 01:34:13.151 7 INFO neutron.db.segments_db [None req-749ad4e8-a04c-49c7-a6ca-daba3b83776b 5f3ecf01ce584a919a373d78e426a4ad bf32b1e633494290bf6d62a975fac3bd - - default default] Added segment 3a4d8f46-abd2-4dad-829a-94f5b37e36bc of type geneve for network cffa1874-4acd-456a-a11e-c5cf7528ff76
2026-03-06 01:34:13.207 8 INFO neutron.db.segments_db [None req-0367222c-a3bd-4664-ab34-3860307adf8d 4848ce1d8f9148a4b7b153acdcc9fdd2 3c5b588887424509992ca599c3e28857 - - default default] Added segment 0371f5c6-1390-47d3-96f8-bd21e65455c0 of type geneve for network 27a1a4a1-3690-47ca-b2e7-17b8dd52a516
2026-03-06 01:34:13.291 7 INFO neutron.db.ovn_revision_numbers_db [None req-749ad4e8-a04c-49c7-a6ca-daba3b83776b 5f3ecf01ce584a919a373d78e426a4ad bf32b1e633494290bf6d62a975fac3bd - - default default] Successfully bumped revision number for resource cffa1874-4acd-456a-a11e-c5cf7528ff76 (type: networks) to 1
2026-03-06 01:34:13.320 8 INFO neutron.notifiers.nova [-] Nova event matching ['req-63e62bef-4d9a-4bfa-85ba-3f89eaed2917'] response: {'server_uuid': '60bac9e2-66c2-4577-9c9b-0b09175b45df', 'name': 'network-vif-unplugged', 'status': 'completed', 'tag': '6a4fa147-4b80-4148-bfc7-73b492b53139', 'code': 200}
2026-03-06 01:34:13.481 7 WARNING neutron.scheduler.dhcp_agent_scheduler [None req-749ad4e8-a04c-49c7-a6ca-daba3b83776b 5f3ecf01ce584a919a373d78e426a4ad bf32b1e633494290bf6d62a975fac3bd - - default default] No more DHCP agents
2026-03-06 01:34:13.483 7 WARNING neutron.api.rpc.agentnotifiers.dhcp_rpc_agent_api [None req-749ad4e8-a04c-49c7-a6ca-daba3b83776b 5f3ecf01ce584a919a373d78e426a4ad bf32b1e633494290bf6d62a975fac3bd - - default default] Unable to schedule network cffa1874-4acd-456a-a11e-c5cf7528ff76: no agents available; will retry on subsequent port and subnet creation events.
2026-03-06 01:34:13.505 8 INFO neutron.db.ovn_revision_numbers_db [None req-0367222c-a3bd-4664-ab34-3860307adf8d 4848ce1d8f9148a4b7b153acdcc9fdd2 3c5b588887424509992ca599c3e28857 - - default default] Successfully bumped revision number for resource 27a1a4a1-3690-47ca-b2e7-17b8dd52a516 (type: networks) to 1
2026-03-06 01:34:13.596 7 INFO neutron.db.ovn_revision_numbers_db [None req-749ad4e8-a04c-49c7-a6ca-daba3b83776b 5f3ecf01ce584a919a373d78e426a4ad bf32b1e633494290bf6d62a975fac3bd - - default default] Successfully bumped revision number for resource aefeea63-2a67-42d1-920f-b5b15ff88ba4 (type: ports) to 1 [pid: 7|app: 0|req: 1014/1864] 10.0.0.157 () {34 vars in 670 bytes} [Fri Mar 6 01:34:12 2026] POST /v2.0/networks => generated 650 bytes in 962 msecs (HTTP/1.1 201) 4 headers in 162 bytes (1 switches on core 0) [pid: 7|app: 0|req: 1015/1865] 10.0.0.9 () {34 vars in 988 bytes} [Fri Mar 6 01:34:13 2026] GET /v2.0/ports?device_id=60bac9e2-66c2-4577-9c9b-0b09175b45df => generated 973 bytes in 92 msecs (HTTP/1.1 200) 4 headers in 157 bytes (1 switches on core 0)
2026-03-06 01:34:13.743 8 INFO neutron.db.ovn_revision_numbers_db [None req-f75f30f0-9765-49da-b919-f60275bbba23 - - - - - -] Successfully bumped revision number for resource 6a4fa147-4b80-4148-bfc7-73b492b53139 (type: ports) to 6
2026-03-06 01:34:13.807 8 WARNING neutron.scheduler.dhcp_agent_scheduler [None req-0367222c-a3bd-4664-ab34-3860307adf8d 4848ce1d8f9148a4b7b153acdcc9fdd2 3c5b588887424509992ca599c3e28857 - - default default] No more DHCP agents
2026-03-06 01:34:13.809 8 WARNING neutron.api.rpc.agentnotifiers.dhcp_rpc_agent_api [None req-0367222c-a3bd-4664-ab34-3860307adf8d 4848ce1d8f9148a4b7b153acdcc9fdd2 3c5b588887424509992ca599c3e28857 - - default default] Unable to schedule network 27a1a4a1-3690-47ca-b2e7-17b8dd52a516: no agents available; will retry on subsequent port and subnet creation events.
2026-03-06 01:34:13.879 8 INFO neutron.plugins.ml2.drivers.ovn.mech_driver.mech_driver [None req-e78fd5ad-d7cc-4e99-abba-e0bbd992c7be - - - - - -] OVN reports status down for port: aefeea63-2a67-42d1-920f-b5b15ff88ba4
2026-03-06 01:34:13.986 8 INFO neutron.plugins.ml2.drivers.ovn.mech_driver.mech_driver [None req-e78fd5ad-d7cc-4e99-abba-e0bbd992c7be - - - - - -] OVN reports status down for port: 1cd4609b-af1e-4482-9a1a-179dfdcd6cb8
2026-03-06 01:34:13.991 7 WARNING neutron.scheduler.dhcp_agent_scheduler [None req-183fd597-d510-48c1-bb50-fb3d6ec7d3a4 5f3ecf01ce584a919a373d78e426a4ad bf32b1e633494290bf6d62a975fac3bd - - default default] No more DHCP agents
2026-03-06 01:34:13.992 7 WARNING neutron.api.rpc.agentnotifiers.dhcp_rpc_agent_api [None req-183fd597-d510-48c1-bb50-fb3d6ec7d3a4 5f3ecf01ce584a919a373d78e426a4ad bf32b1e633494290bf6d62a975fac3bd - - default default] Unable to schedule network cffa1874-4acd-456a-a11e-c5cf7528ff76: no agents available; will retry on subsequent port and subnet creation events.
2026-03-06 01:34:14.070 8 INFO neutron.db.ovn_revision_numbers_db [None req-0367222c-a3bd-4664-ab34-3860307adf8d 4848ce1d8f9148a4b7b153acdcc9fdd2 3c5b588887424509992ca599c3e28857 - - default default] Successfully bumped revision number for resource 1cd4609b-af1e-4482-9a1a-179dfdcd6cb8 (type: ports) to 1
2026-03-06 01:34:14.119 7 INFO neutron.db.ovn_revision_numbers_db [None req-183fd597-d510-48c1-bb50-fb3d6ec7d3a4 5f3ecf01ce584a919a373d78e426a4ad bf32b1e633494290bf6d62a975fac3bd - - default default] Successfully bumped revision number for resource 640b4eef-1cbd-455b-ac58-52124394a283 (type: ports) to 1 [pid: 8|app: 0|req: 851/1866] 10.0.0.157 () {34 vars in 670 bytes} [Fri Mar 6 01:34:13 2026] POST /v2.0/networks => generated 663 bytes in 1084 msecs (HTTP/1.1 201) 4 headers in 162 bytes (1 switches on core 0) /var/lib/openstack/lib/python3.12/site-packages/pycadf/identifier.py:70: UserWarning: Invalid uuid: neutron. To ensure interoperability, identifiers should be a valid uuid. warnings.warn(('Invalid uuid: %s. To ensure interoperability, ' [pid: 7|app: 0|req: 1016/1867] 10.0.0.157 () {34 vars in 664 bytes} [Fri Mar 6 01:34:13 2026] POST /v2.0/ports => generated 743 bytes in 454 msecs (HTTP/1.1 201) 4 headers in 162 bytes (1 switches on core 0) /var/lib/openstack/lib/python3.12/site-packages/pycadf/identifier.py:70: UserWarning: Invalid uuid: neutron. To ensure interoperability, identifiers should be a valid uuid. warnings.warn(('Invalid uuid: %s. To ensure interoperability, ' [pid: 8|app: 0|req: 852/1868] 10.0.0.9 () {34 vars in 1038 bytes} [Fri Mar 6 01:34:14 2026] GET /v2.0/security-groups?id=7de1a7cf-7f4f-4265-a1c1-64c31e82e14c&fields=id&fields=name => generated 88 bytes in 41 msecs (HTTP/1.1 200) 4 headers in 156 bytes (1 switches on core 0)
2026-03-06 01:34:14.222 8 INFO neutron.plugins.ml2.drivers.ovn.mech_driver.mech_driver [None req-e78fd5ad-d7cc-4e99-abba-e0bbd992c7be - - - - - -] OVN reports status down for port: 640b4eef-1cbd-455b-ac58-52124394a283
2026-03-06 01:34:14.312 7 INFO neutron.db.ovn_revision_numbers_db [None req-9c2a6cb2-69df-4174-afe5-f7d7966452e1 4848ce1d8f9148a4b7b153acdcc9fdd2 3c5b588887424509992ca599c3e28857 - - default default] Successfully bumped revision number for resource 27a1a4a1-3690-47ca-b2e7-17b8dd52a516 (type: networks) to 2 [pid: 7|app: 0|req: 1017/1869] 10.0.0.157 () {34 vars in 743 bytes} [Fri Mar 6 01:34:14 2026] PUT /v2.0/networks/27a1a4a1-3690-47ca-b2e7-17b8dd52a516 => generated 636 bytes in 147 msecs (HTTP/1.1 200) 4 headers in 157 bytes (1 switches on core 0)
2026-03-06 01:34:14.323 8 INFO neutron.db.segments_db [None req-5417847f-52e6-49b5-8cc1-6eed903c42f1 5f3ecf01ce584a919a373d78e426a4ad bf32b1e633494290bf6d62a975fac3bd - - default default] Added segment 2d714918-d4b0-4e6f-bbdf-894780b3216a of type geneve for network 57245acf-dfb5-4285-b9d6-052fa253cfd0 [pid: 7|app: 0|req: 1018/1870] 162.253.55.140 () {34 vars in 994 bytes} [Fri Mar 6 01:34:14 2026] GET /v2.0/ports?device_id=60bac9e2-66c2-4577-9c9b-0b09175b45df => generated 973 bytes in 42 msecs (HTTP/1.1 200) 4 headers in 157 bytes (1 switches on core 0)
2026-03-06 01:34:14.451 8 INFO neutron.db.ovn_revision_numbers_db [None req-5417847f-52e6-49b5-8cc1-6eed903c42f1 5f3ecf01ce584a919a373d78e426a4ad bf32b1e633494290bf6d62a975fac3bd - - default default] Successfully bumped revision number for resource 57245acf-dfb5-4285-b9d6-052fa253cfd0 (type: networks) to 1
2026-03-06 01:34:14.553 7 WARNING neutron.scheduler.dhcp_agent_scheduler [None req-7cd11cb1-092e-4277-8e09-eeeb4b19a1c2 4848ce1d8f9148a4b7b153acdcc9fdd2 3c5b588887424509992ca599c3e28857 - - default default] No more DHCP agents
2026-03-06 01:34:14.554 7 WARNING neutron.api.rpc.agentnotifiers.dhcp_rpc_agent_api [None req-7cd11cb1-092e-4277-8e09-eeeb4b19a1c2 4848ce1d8f9148a4b7b153acdcc9fdd2 3c5b588887424509992ca599c3e28857 - - default default] Unable to schedule network 27a1a4a1-3690-47ca-b2e7-17b8dd52a516: no agents available; will retry on subsequent port and subnet creation events.
2026-03-06 01:34:14.607 8 WARNING neutron.scheduler.dhcp_agent_scheduler [None req-5417847f-52e6-49b5-8cc1-6eed903c42f1 5f3ecf01ce584a919a373d78e426a4ad bf32b1e633494290bf6d62a975fac3bd - - default default] No more DHCP agents
2026-03-06 01:34:14.609 8 WARNING neutron.api.rpc.agentnotifiers.dhcp_rpc_agent_api [None req-5417847f-52e6-49b5-8cc1-6eed903c42f1 5f3ecf01ce584a919a373d78e426a4ad bf32b1e633494290bf6d62a975fac3bd - - default default] Unable to schedule network 57245acf-dfb5-4285-b9d6-052fa253cfd0: no agents available; will retry on subsequent port and subnet creation events.
2026-03-06 01:34:14.679 8 INFO neutron.plugins.ml2.drivers.ovn.mech_driver.mech_driver [None req-e78fd5ad-d7cc-4e99-abba-e0bbd992c7be - - - - - -] OVN reports status down for port: b77ff62e-b7a1-4c7e-bf22-efc9c586b8b6
2026-03-06 01:34:14.741 8 INFO neutron.db.ovn_revision_numbers_db [None req-5417847f-52e6-49b5-8cc1-6eed903c42f1 5f3ecf01ce584a919a373d78e426a4ad bf32b1e633494290bf6d62a975fac3bd - - default default] Successfully bumped revision number for resource b77ff62e-b7a1-4c7e-bf22-efc9c586b8b6 (type: ports) to 1 [pid: 8|app: 0|req: 853/1871] 10.0.0.157 () {34 vars in 670 bytes} [Fri Mar 6 01:34:14 2026] POST /v2.0/networks => generated 651 bytes in 592 msecs (HTTP/1.1 201) 4 headers in 162 bytes (1 switches on core 0)
2026-03-06 01:34:14.942 8 INFO neutron_taas.services.taas.taas_plugin [req-ceac5962-b3fe-4986-aa85-a21529429091 req-4115207e-e849-4b02-b826-fb4667eab2cf 2c33737fec074d8d808c57071b3dd894 5ccb7cdf6de747edb96aeabfc20a3e7b - - default default] TaaS: Handle Delete Port: 6a4fa147-4b80-4148-bfc7-73b492b53139
2026-03-06 01:34:14.945 8 INFO neutron_taas.services.taas.tap_mirror_plugin [req-ceac5962-b3fe-4986-aa85-a21529429091 req-4115207e-e849-4b02-b826-fb4667eab2cf 2c33737fec074d8d808c57071b3dd894 5ccb7cdf6de747edb96aeabfc20a3e7b - - default default] Tap Mirror: Handle Delete Port: 6a4fa147-4b80-4148-bfc7-73b492b53139
2026-03-06 01:34:15.049 7 INFO neutron.db.ovn_revision_numbers_db [None req-12c999ac-0707-4dbf-ba23-487a75c9aeb0 - - - - - -] Successfully bumped revision number for resource 1cd4609b-af1e-4482-9a1a-179dfdcd6cb8 (type: ports) to 2
2026-03-06 01:34:15.100 7 INFO neutron.db.ovn_revision_numbers_db [None req-12c999ac-0707-4dbf-ba23-487a75c9aeb0 - - - - - -] Successfully bumped revision number for resource ba717209-12a0-4ace-b853-2dec22607322 (type: subnets) to 0 [pid: 7|app: 0|req: 1019/1872] 10.0.0.157 () {34 vars in 669 bytes} [Fri Mar 6 01:34:14 2026] POST /v2.0/subnets => generated 626 bytes in 765 msecs (HTTP/1.1 201) 4 headers in 162 bytes (1 switches on core 0) [pid: 8|app: 0|req: 854/1873] 162.253.55.140 () {36 vars in 997 bytes} [Fri Mar 6 01:34:14 2026] DELETE /v2.0/ports/6a4fa147-4b80-4148-bfc7-73b492b53139 => generated 0 bytes in 351 msecs (HTTP/1.1 204) 3 headers in 131 bytes (1 switches on core 0)
2026-03-06 01:34:15.361 8 INFO neutron.notifiers.nova [-] Nova event matching ['req-fb47b532-d99b-48a3-923b-8b07ca494d77'] response: {'server_uuid': '60bac9e2-66c2-4577-9c9b-0b09175b45df', 'name': 'network-vif-unplugged', 'status': 'completed', 'tag': '6a4fa147-4b80-4148-bfc7-73b492b53139', 'code': 200}
2026-03-06 01:34:15.361 8 INFO neutron.notifiers.nova [-] Nova event matching ['req-fb47b532-d99b-48a3-923b-8b07ca494d77'] response: {'server_uuid': '60bac9e2-66c2-4577-9c9b-0b09175b45df', 'name': 'network-vif-deleted', 'tag': '6a4fa147-4b80-4148-bfc7-73b492b53139', 'status': 'completed', 'code': 200}
2026-03-06 01:34:15.388 7 WARNING neutron.scheduler.dhcp_agent_scheduler [None req-a941a006-c4b0-4c6c-a24f-9f7db2b9b756 5f3ecf01ce584a919a373d78e426a4ad bf32b1e633494290bf6d62a975fac3bd - - default default] No more DHCP agents
2026-03-06 01:34:15.390 7 WARNING neutron.api.rpc.agentnotifiers.dhcp_rpc_agent_api [None req-a941a006-c4b0-4c6c-a24f-9f7db2b9b756 5f3ecf01ce584a919a373d78e426a4ad bf32b1e633494290bf6d62a975fac3bd - - default default] Unable to schedule network 57245acf-dfb5-4285-b9d6-052fa253cfd0: no agents available; will retry on subsequent port and subnet creation events.
2026-03-06 01:34:15.393 8 INFO neutron.db.ovn_revision_numbers_db [None req-e5d0fe38-3397-424d-8efe-8d83812ac642 4848ce1d8f9148a4b7b153acdcc9fdd2 3c5b588887424509992ca599c3e28857 - - default default] Successfully bumped revision number for resource ba717209-12a0-4ace-b853-2dec22607322 (type: subnets) to 1 [pid: 8|app: 0|req: 855/1874] 10.0.0.157 () {34 vars in 741 bytes} [Fri Mar 6 01:34:15 2026] PUT /v2.0/subnets/ba717209-12a0-4ace-b853-2dec22607322 => generated 636 bytes in 260 msecs (HTTP/1.1 200) 4 headers in 157 bytes (1 switches on core 0)
2026-03-06 01:34:15.514 7 INFO neutron.db.ovn_revision_numbers_db [None req-a941a006-c4b0-4c6c-a24f-9f7db2b9b756 5f3ecf01ce584a919a373d78e426a4ad bf32b1e633494290bf6d62a975fac3bd - - default default] Successfully bumped revision number for resource 286d463d-ee91-458a-8b90-e4c34ba26270 (type: ports) to 1 [pid: 7|app: 0|req: 1020/1875] 10.0.0.157 () {34 vars in 664 bytes} [Fri Mar 6 01:34:15 2026] POST /v2.0/ports => generated 743 bytes in 434 msecs (HTTP/1.1 201) 4 headers in 162 bytes (1 switches on core 0) /var/lib/openstack/lib/python3.12/site-packages/pycadf/identifier.py:70: UserWarning: Invalid uuid: neutron. To ensure interoperability, identifiers should be a valid uuid. warnings.warn(('Invalid uuid: %s. To ensure interoperability, '
2026-03-06 01:34:15.687 7 INFO neutron_taas.services.taas.taas_plugin [None req-a74dfb72-bf9d-4726-bede-732e36227ed7 4848ce1d8f9148a4b7b153acdcc9fdd2 3c5b588887424509992ca599c3e28857 - - default default] TaaS: Handle Delete Port: 1cd4609b-af1e-4482-9a1a-179dfdcd6cb8
2026-03-06 01:34:15.690 7 INFO neutron_taas.services.taas.tap_mirror_plugin [None req-a74dfb72-bf9d-4726-bede-732e36227ed7 4848ce1d8f9148a4b7b153acdcc9fdd2 3c5b588887424509992ca599c3e28857 - - default default] Tap Mirror: Handle Delete Port: 1cd4609b-af1e-4482-9a1a-179dfdcd6cb8 [pid: 8|app: 0|req: 856/1876] 10.0.0.9 () {34 vars in 988 bytes} [Fri Mar 6 01:34:15 2026] GET /v2.0/ports?device_id=60bac9e2-66c2-4577-9c9b-0b09175b45df => generated 12 bytes in 495 msecs (HTTP/1.1 200) 4 headers in 156 bytes (1 switches on core 0)
2026-03-06 01:34:15.952 8 INFO neutron.plugins.ml2.drivers.ovn.mech_driver.mech_driver [None req-e78fd5ad-d7cc-4e99-abba-e0bbd992c7be - - - - - -] OVN reports status down for port: 286d463d-ee91-458a-8b90-e4c34ba26270
2026-03-06 01:34:16.012 8 INFO neutron.db.segments_db [None req-f781bfd9-4476-4178-8956-0fe0bfc977ae 5f3ecf01ce584a919a373d78e426a4ad bf32b1e633494290bf6d62a975fac3bd - - default default] Added segment 1e730708-5cc1-4b5a-aa20-0a8de7c7e66c of type geneve for network eead1fe8-053c-4e3b-90ab-33bc3c5b26ca
2026-03-06 01:34:16.038 7 INFO neutron.services.segments.plugin [-] Segment 0371f5c6-1390-47d3-96f8-bd21e65455c0 resource provider aggregate not found
