2026-05-30 11:11:19.230 8 WARNING neutron.api.rpc.agentnotifiers.dhcp_rpc_agent_api [None req-b7a6f546-1ff7-4631-96bd-0a32b44513a3 a56fbed4ecfd4f3d9569df523ce8ecf0 6c3185b9b3f94aacb175ad76203425de - - default default] Unable to schedule network 0d58ed98-a190-40d4-b83c-e9a932bc3f9d: no agents available; will retry on subsequent port and subnet creation events. [pid: 7|app: 0|req: 559/1126] 199.204.45.116 () {36 vars in 996 bytes} [Sat May 30 11:11:18 2026] DELETE /v2.0/ports/da98f8cf-b5dd-42cc-9acd-147d03af8023 => generated 0 bytes in 497 msecs (HTTP/1.1 204) 3 headers in 131 bytes (1 switches on core 0) [pid: 7|app: 0|req: 560/1127] 199.204.45.116 () {34 vars in 1079 bytes} [Sat May 30 11:11:19 2026] GET /v2.0/ports?tenant_id=e9c13933200f4aeabe05850cc4675531&device_id=4691e4e9-6e2a-4936-985f-29f23381ccda => generated 1207 bytes in 42 msecs (HTTP/1.1 200) 4 headers in 158 bytes (1 switches on core 0) [pid: 7|app: 0|req: 561/1128] 10.0.0.144 () {34 vars in 989 bytes} [Sat May 30 11:11:19 2026] GET /v2.0/ports?device_id=4638840f-bd17-4f24-b65c-3221977e889f => generated 12 bytes in 28 msecs (HTTP/1.1 200) 4 headers in 156 bytes (1 switches on core 0)
2026-05-30 11:11:19.375 7 INFO neutron.plugins.ml2.drivers.ovn.mech_driver.mech_driver [None req-9fc791f2-f2dc-42eb-a7e0-04d42dfae6bb - - - - - -] OVN reports status down for port: 04c9b46e-15e8-4fc0-a147-bd444a2ac711
2026-05-30 11:11:19.404 8 INFO neutron.db.ovn_revision_numbers_db [None req-b7a6f546-1ff7-4631-96bd-0a32b44513a3 a56fbed4ecfd4f3d9569df523ce8ecf0 6c3185b9b3f94aacb175ad76203425de - - default default] Successfully bumped revision number for resource 04c9b46e-15e8-4fc0-a147-bd444a2ac711 (type: ports) to 1
2026-05-30 11:11:19.672 7 INFO neutron.db.ovn_revision_numbers_db [None req-c6e517f7-78f3-4b56-9552-48a72170bb80 a56fbed4ecfd4f3d9569df523ce8ecf0 6c3185b9b3f94aacb175ad76203425de - - default default] Successfully bumped revision number for resource 43cda486-cac4-4e50-8682-4357bb5ba94f (type: security_groups) to 1
2026-05-30 11:11:19.689 7 INFO neutron.db.ovn_revision_numbers_db [None req-c6e517f7-78f3-4b56-9552-48a72170bb80 a56fbed4ecfd4f3d9569df523ce8ecf0 6c3185b9b3f94aacb175ad76203425de - - default default] Successfully bumped revision number for resource 383c2b68-f58f-4930-be23-3a0727917a2f (type: security_group_rules) to 0
2026-05-30 11:11:19.706 7 INFO neutron.db.ovn_revision_numbers_db [None req-c6e517f7-78f3-4b56-9552-48a72170bb80 a56fbed4ecfd4f3d9569df523ce8ecf0 6c3185b9b3f94aacb175ad76203425de - - default default] Successfully bumped revision number for resource 4d5307c0-02bf-4344-bfc1-575f20065e88 (type: security_group_rules) to 0
2026-05-30 11:11:19.721 7 INFO neutron.db.ovn_revision_numbers_db [None req-c6e517f7-78f3-4b56-9552-48a72170bb80 a56fbed4ecfd4f3d9569df523ce8ecf0 6c3185b9b3f94aacb175ad76203425de - - default default] Successfully bumped revision number for resource c4f59897-9c3f-4fb4-a0db-dac45b71b6c7 (type: security_group_rules) to 0
2026-05-30 11:11:19.739 7 INFO neutron.db.ovn_revision_numbers_db [None req-c6e517f7-78f3-4b56-9552-48a72170bb80 a56fbed4ecfd4f3d9569df523ce8ecf0 6c3185b9b3f94aacb175ad76203425de - - default default] Successfully bumped revision number for resource e7d41760-e9ca-45d9-983c-937eba67901f (type: security_group_rules) to 0 [pid: 7|app: 0|req: 562/1129] 10.0.0.249 () {32 vars in 773 bytes} [Sat May 30 11:11:19 2026] GET /v2.0/security-groups?tenant_id=dfbac6042c684f1b8b4bad2ce2812056&name=default => generated 2925 bytes in 471 msecs (HTTP/1.1 200) 4 headers in 158 bytes (1 switches on core 0) [pid: 7|app: 0|req: 563/1130] 199.204.45.116 () {34 vars in 1057 bytes} [Sat May 30 11:11:19 2026] GET /v2.0/floatingips?fixed_ip_address=10.100.0.9&port_id=6729f7e3-d5b0-44e0-9b87-1ae1c4faca5f => generated 19 bytes in 36 msecs (HTTP/1.1 200) 4 headers in 156 bytes (1 switches on core 0)
2026-05-30 11:11:19.843 7 INFO neutron.notifiers.nova [-] Nova event matching ['req-37a2e4b3-c6d6-4732-88b6-9c32ecd42be5'] response: {'server_uuid': '4638840f-bd17-4f24-b65c-3221977e889f', 'name': 'network-vif-unplugged', 'status': 'completed', 'tag': 'da98f8cf-b5dd-42cc-9acd-147d03af8023', 'code': 200}
2026-05-30 11:11:19.844 7 INFO neutron.notifiers.nova [-] Nova event matching ['req-37a2e4b3-c6d6-4732-88b6-9c32ecd42be5'] response: {'server_uuid': '4638840f-bd17-4f24-b65c-3221977e889f', 'name': 'network-vif-deleted', 'tag': 'da98f8cf-b5dd-42cc-9acd-147d03af8023', 'status': 'completed', 'code': 200} [pid: 7|app: 0|req: 564/1131] 10.0.0.144 () {34 vars in 989 bytes} [Sat May 30 11:11:19 2026] GET /v2.0/ports?device_id=4691e4e9-6e2a-4936-985f-29f23381ccda => generated 969 bytes in 39 msecs (HTTP/1.1 200) 4 headers in 157 bytes (1 switches on core 0)
2026-05-30 11:11:20.096 8 INFO neutron.plugins.ml2.drivers.ovn.mech_driver.ovsdb.commands [None req-6d68f0b3-839b-449d-b62d-5c3e0732ca30 - - - - - -] Schedule LRP lrp-04c9b46e-15e8-4fc0-a147-bd444a2ac711 on gateway e095cd0b-2a6c-4227-b016-9aac695564d9 with priority 1
2026-05-30 11:11:20.148 8 INFO neutron.plugins.ml2.drivers.ovn.mech_driver.ovsdb.ovsdb_monitor [None req-c1a4b38a-f93f-4842-a82f-c84cc7b6610f - - - - - -] Router 06685bcc-3155-4d66-8822-a2aaed8e5710 is bound to host instance
2026-05-30 11:11:20.151 7 INFO neutron.plugins.ml2.drivers.ovn.mech_driver.mech_driver [None req-9fc791f2-f2dc-42eb-a7e0-04d42dfae6bb - - - - - -] OVN reports status up for port: 04c9b46e-15e8-4fc0-a147-bd444a2ac711
2026-05-30 11:11:20.177 7 INFO neutron.plugins.ml2.plugin [None req-9fc791f2-f2dc-42eb-a7e0-04d42dfae6bb - - - - - -] Attempt 1 to provision port 04c9b46e-15e8-4fc0-a147-bd444a2ac711 [pid: 7|app: 0|req: 565/1132] 10.0.0.249 () {32 vars in 739 bytes} [Sat May 30 11:11:19 2026] DELETE /v2.0/security-groups/43cda486-cac4-4e50-8682-4357bb5ba94f => generated 0 bytes in 343 msecs (HTTP/1.1 204) 2 headers in 112 bytes (1 switches on core 0)
2026-05-30 11:11:20.221 8 INFO neutron.db.ovn_revision_numbers_db [None req-b7a6f546-1ff7-4631-96bd-0a32b44513a3 a56fbed4ecfd4f3d9569df523ce8ecf0 6c3185b9b3f94aacb175ad76203425de - - default default] Successfully bumped revision number for resource 04c9b46e-15e8-4fc0-a147-bd444a2ac711 (type: router_ports) to 1 [pid: 7|app: 0|req: 566/1133] 199.204.45.116 () {34 vars in 983 bytes} [Sat May 30 11:11:20 2026] GET /v2.0/subnets?id=b61d348d-ea79-4f0f-8721-5f4d4636f266 => generated 687 bytes in 93 msecs (HTTP/1.1 200) 4 headers in 157 bytes (1 switches on core 0) [pid: 7|app: 0|req: 567/1134] 10.0.0.144 () {34 vars in 1039 bytes} [Sat May 30 11:11:20 2026] GET /v2.0/security-groups?id=5f5b33d2-e3c9-4088-8082-54259279558a&fields=id&fields=name => generated 114 bytes in 36 msecs (HTTP/1.1 200) 4 headers in 157 bytes (1 switches on core 0) [pid: 7|app: 0|req: 568/1135] 199.204.45.116 () {34 vars in 1051 bytes} [Sat May 30 11:11:20 2026] GET /v2.0/ports?network_id=af12f197-5429-434c-bfb6-921122712712&device_owner=network%3Adhcp => generated 12 bytes in 19 msecs (HTTP/1.1 200) 4 headers in 156 bytes (1 switches on core 0)
2026-05-30 11:11:20.388 8 INFO neutron.db.ovn_revision_numbers_db [None req-b7a6f546-1ff7-4631-96bd-0a32b44513a3 a56fbed4ecfd4f3d9569df523ce8ecf0 6c3185b9b3f94aacb175ad76203425de - - default default] Successfully bumped revision number for resource 06685bcc-3155-4d66-8822-a2aaed8e5710 (type: routers) to 2 [pid: 8|app: 0|req: 568/1136] 10.0.0.249 () {34 vars in 668 bytes} [Sat May 30 11:11:18 2026] POST /v2.0/routers => generated 966 bytes in 1676 msecs (HTTP/1.1 201) 4 headers in 162 bytes (1 switches on core 0) /var/lib/openstack/lib/python3.12/site-packages/pycadf/identifier.py:70: UserWarning: Invalid uuid: neutron. To ensure interoperability, identifiers should be a valid uuid. warnings.warn(('Invalid uuid: %s. To ensure interoperability, '
2026-05-30 11:11:20.719 7 INFO neutron.db.ovn_revision_numbers_db [None req-d706191b-6b5a-406c-90e3-b40610b29130 a56fbed4ecfd4f3d9569df523ce8ecf0 6c3185b9b3f94aacb175ad76203425de - - default default] Successfully bumped revision number for resource 4acf539e-9a7f-4dac-8510-6f75f89004f9 (type: security_groups) to 1 [pid: 8|app: 0|req: 569/1137] 199.204.45.116 () {34 vars in 1011 bytes} [Sat May 30 11:11:20 2026] GET /v2.0/networks/af12f197-5429-434c-bfb6-921122712712?fields=segments => generated 14 bytes in 297 msecs (HTTP/1.1 200) 4 headers in 156 bytes (1 switches on core 0)
2026-05-30 11:11:20.733 7 INFO neutron.db.ovn_revision_numbers_db [None req-d706191b-6b5a-406c-90e3-b40610b29130 a56fbed4ecfd4f3d9569df523ce8ecf0 6c3185b9b3f94aacb175ad76203425de - - default default] Successfully bumped revision number for resource 7159d207-259b-42c6-b984-df45e0472e65 (type: security_group_rules) to 0
2026-05-30 11:11:20.750 7 INFO neutron.db.ovn_revision_numbers_db [None req-d706191b-6b5a-406c-90e3-b40610b29130 a56fbed4ecfd4f3d9569df523ce8ecf0 6c3185b9b3f94aacb175ad76203425de - - default default] Successfully bumped revision number for resource 86967b57-743e-4ca4-803a-58dd95747e49 (type: security_group_rules) to 0 [pid: 8|app: 0|req: 570/1138] 10.0.0.144 () {34 vars in 989 bytes} [Sat May 30 11:11:20 2026] GET /v2.0/ports?device_id=4638840f-bd17-4f24-b65c-3221977e889f => generated 12 bytes in 33 msecs (HTTP/1.1 200) 4 headers in 156 bytes (1 switches on core 0)
2026-05-30 11:11:20.765 7 INFO neutron.db.ovn_revision_numbers_db [None req-d706191b-6b5a-406c-90e3-b40610b29130 a56fbed4ecfd4f3d9569df523ce8ecf0 6c3185b9b3f94aacb175ad76203425de - - default default] Successfully bumped revision number for resource b5c06ef0-f376-479d-b8f1-4c33556a29d3 (type: security_group_rules) to 0
2026-05-30 11:11:20.789 7 INFO neutron.db.ovn_revision_numbers_db [None req-d706191b-6b5a-406c-90e3-b40610b29130 a56fbed4ecfd4f3d9569df523ce8ecf0 6c3185b9b3f94aacb175ad76203425de - - default default] Successfully bumped revision number for resource d8674141-7862-4bee-a6d2-4420e8c330aa (type: security_group_rules) to 0 [pid: 7|app: 0|req: 569/1139] 10.0.0.249 () {32 vars in 773 bytes} [Sat May 30 11:11:20 2026] GET /v2.0/security-groups?tenant_id=faa4789695f64dbc84bc2bcb518f2e4b&name=default => generated 2925 bytes in 462 msecs (HTTP/1.1 200) 4 headers in 158 bytes (1 switches on core 0) [pid: 7|app: 0|req: 570/1140] 199.204.45.116 () {34 vars in 1111 bytes} [Sat May 30 11:11:20 2026] GET /v2.0/networks/af12f197-5429-434c-bfb6-921122712712?fields=provider%3Aphysical_network&fields=provider%3Anetwork_type => generated 79 bytes in 45 msecs (HTTP/1.1 200) 4 headers in 156 bytes (1 switches on core 0) [pid: 7|app: 0|req: 571/1141] 10.0.0.249 () {32 vars in 739 bytes} [Sat May 30 11:11:20 2026] DELETE /v2.0/security-groups/4acf539e-9a7f-4dac-8510-6f75f89004f9 => generated 0 bytes in 306 msecs (HTTP/1.1 204) 2 headers in 112 bytes (1 switches on core 0) [pid: 7|app: 0|req: 572/1142] 10.0.0.144 () {34 vars in 989 bytes} [Sat May 30 11:11:21 2026] GET /v2.0/ports?device_id=4691e4e9-6e2a-4936-985f-29f23381ccda => generated 969 bytes in 34 msecs (HTTP/1.1 200) 4 headers in 157 bytes (1 switches on core 0) [pid: 7|app: 0|req: 573/1143] 10.0.0.144 () {34 vars in 1039 bytes} [Sat May 30 11:11:21 2026] GET /v2.0/security-groups?id=5f5b33d2-e3c9-4088-8082-54259279558a&fields=id&fields=name => generated 114 bytes in 30 msecs (HTTP/1.1 200) 4 headers in 157 bytes (1 switches on core 0)
2026-05-30 11:11:21.582 8 WARNING neutron.scheduler.dhcp_agent_scheduler [None req-f3e91485-0d81-44a3-93ee-773835907ac2 a56fbed4ecfd4f3d9569df523ce8ecf0 6c3185b9b3f94aacb175ad76203425de - - default default] No more DHCP agents
2026-05-30 11:11:21.585 8 WARNING neutron.api.rpc.agentnotifiers.dhcp_rpc_agent_api [None req-f3e91485-0d81-44a3-93ee-773835907ac2 a56fbed4ecfd4f3d9569df523ce8ecf0 6c3185b9b3f94aacb175ad76203425de - - default default] Unable to schedule network 5c8f1a73-c1e2-44e1-ac7a-421f5d091961: no agents available; will retry on subsequent port and subnet creation events.
2026-05-30 11:11:21.798 8 INFO neutron.plugins.ml2.drivers.ovn.mech_driver.mech_driver [None req-5f60c783-acf9-4cf2-a5a7-9643b1121479 - - - - - -] OVN reports status down for port: f0cf106f-1b15-43d4-b5c1-57c998a7c41b [pid: 7|app: 0|req: 574/1144] 10.0.0.144 () {34 vars in 989 bytes} [Sat May 30 11:11:21 2026] GET /v2.0/ports?device_id=4638840f-bd17-4f24-b65c-3221977e889f => generated 12 bytes in 25 msecs (HTTP/1.1 200) 4 headers in 156 bytes (1 switches on core 0)
2026-05-30 11:11:21.927 8 INFO neutron.db.ovn_revision_numbers_db [None req-74315311-2660-49dc-9cb6-65d67a1fc2ac - - - - - -] Successfully bumped revision number for resource 04c9b46e-15e8-4fc0-a147-bd444a2ac711 (type: ports) to 4
2026-05-30 11:11:21.934 8 INFO neutron.db.ovn_revision_numbers_db [None req-f3e91485-0d81-44a3-93ee-773835907ac2 a56fbed4ecfd4f3d9569df523ce8ecf0 6c3185b9b3f94aacb175ad76203425de - - default default] Successfully bumped revision number for resource f0cf106f-1b15-43d4-b5c1-57c998a7c41b (type: ports) to 1 [pid: 7|app: 0|req: 575/1145] 10.0.0.144 () {34 vars in 989 bytes} [Sat May 30 11:11:22 2026] GET /v2.0/ports?device_id=4691e4e9-6e2a-4936-985f-29f23381ccda => generated 969 bytes in 42 msecs (HTTP/1.1 200) 4 headers in 157 bytes (1 switches on core 0)
2026-05-30 11:11:22.612 8 INFO neutron.db.ovn_revision_numbers_db [None req-74315311-2660-49dc-9cb6-65d67a1fc2ac - - - - - -] Successfully bumped revision number for resource 04c9b46e-15e8-4fc0-a147-bd444a2ac711 (type: ports) to 5 [pid: 7|app: 0|req: 576/1146] 10.0.0.144 () {34 vars in 1039 bytes} [Sat May 30 11:11:22 2026] GET /v2.0/security-groups?id=5f5b33d2-e3c9-4088-8082-54259279558a&fields=id&fields=name => generated 114 bytes in 35 msecs (HTTP/1.1 200) 4 headers in 157 bytes (1 switches on core 0)
2026-05-30 11:11:23.061 8 INFO neutron.plugins.ml2.drivers.ovn.mech_driver.mech_driver [None req-5f60c783-acf9-4cf2-a5a7-9643b1121479 - - - - - -] OVN reports status up for port: f0cf106f-1b15-43d4-b5c1-57c998a7c41b
2026-05-30 11:11:23.093 8 INFO neutron.plugins.ml2.plugin [None req-5f60c783-acf9-4cf2-a5a7-9643b1121479 - - - - - -] Attempt 1 to provision port f0cf106f-1b15-43d4-b5c1-57c998a7c41b [pid: 7|app: 0|req: 577/1147] 10.0.0.249 () {32 vars in 739 bytes} [Sat May 30 11:11:22 2026] DELETE /v2.0/security-groups/4e9788b1-1d5b-44f8-80a0-584e1e55b424 => generated 0 bytes in 185 msecs (HTTP/1.1 204) 2 headers in 112 bytes (1 switches on core 0)
2026-05-30 11:11:23.256 8 WARNING neutron.scheduler.dhcp_agent_scheduler [None req-f3e91485-0d81-44a3-93ee-773835907ac2 a56fbed4ecfd4f3d9569df523ce8ecf0 6c3185b9b3f94aacb175ad76203425de - - default default] No more DHCP agents
2026-05-30 11:11:23.259 8 WARNING neutron.api.rpc.agentnotifiers.dhcp_rpc_agent_api [None req-f3e91485-0d81-44a3-93ee-773835907ac2 a56fbed4ecfd4f3d9569df523ce8ecf0 6c3185b9b3f94aacb175ad76203425de - - default default] Unable to schedule network 5c8f1a73-c1e2-44e1-ac7a-421f5d091961: no agents available; will retry on subsequent port and subnet creation events.
2026-05-30 11:11:23.471 7 INFO neutron.db.ovn_revision_numbers_db [None req-2bd33c4f-4a8e-41cf-a7c3-726f07f37b6e 7ebecf65a5de4391992bc4300ffa2ac3 16f1f2a08c004a029cd597df736cbd05 - - default default] Successfully bumped revision number for resource 9b2a0afb-d437-4874-a6c0-37cf66a94eba (type: security_groups) to 1
2026-05-30 11:11:23.488 7 INFO neutron.db.ovn_revision_numbers_db [None req-2bd33c4f-4a8e-41cf-a7c3-726f07f37b6e 7ebecf65a5de4391992bc4300ffa2ac3 16f1f2a08c004a029cd597df736cbd05 - - default default] Successfully bumped revision number for resource 0c651a2b-455f-4d33-8e16-3acc1f12c004 (type: security_group_rules) to 0
2026-05-30 11:11:23.511 7 INFO neutron.db.ovn_revision_numbers_db [None req-2bd33c4f-4a8e-41cf-a7c3-726f07f37b6e 7ebecf65a5de4391992bc4300ffa2ac3 16f1f2a08c004a029cd597df736cbd05 - - default default] Successfully bumped revision number for resource 81ece5fe-1c40-4332-807d-55ec7d0e7510 (type: security_group_rules) to 0
2026-05-30 11:11:23.544 7 INFO neutron.db.ovn_revision_numbers_db [None req-2bd33c4f-4a8e-41cf-a7c3-726f07f37b6e 7ebecf65a5de4391992bc4300ffa2ac3 16f1f2a08c004a029cd597df736cbd05 - - default default] Successfully bumped revision number for resource b0a366a1-59ab-44bb-b7ea-bdc7a34b089e (type: security_group_rules) to 0
2026-05-30 11:11:23.575 7 INFO neutron.db.ovn_revision_numbers_db [None req-2bd33c4f-4a8e-41cf-a7c3-726f07f37b6e 7ebecf65a5de4391992bc4300ffa2ac3 16f1f2a08c004a029cd597df736cbd05 - - default default] Successfully bumped revision number for resource b6579a01-4254-46fd-b7b1-1c66fec9cbe2 (type: security_group_rules) to 0
2026-05-30 11:11:23.665 7 INFO neutron.db.segments_db [None req-2bd33c4f-4a8e-41cf-a7c3-726f07f37b6e 7ebecf65a5de4391992bc4300ffa2ac3 16f1f2a08c004a029cd597df736cbd05 - - default default] Added segment 06e791fb-8fbc-47ab-91cc-191b7728fdbb of type geneve for network ed4173e7-7f32-4ced-b664-de914ee6844c
2026-05-30 11:11:23.813 7 INFO neutron.db.ovn_revision_numbers_db [None req-2bd33c4f-4a8e-41cf-a7c3-726f07f37b6e 7ebecf65a5de4391992bc4300ffa2ac3 16f1f2a08c004a029cd597df736cbd05 - - default default] Successfully bumped revision number for resource ed4173e7-7f32-4ced-b664-de914ee6844c (type: networks) to 1
2026-05-30 11:11:24.018 8 INFO neutron.db.ovn_revision_numbers_db [None req-5f60c783-acf9-4cf2-a5a7-9643b1121479 - - - - - -] Successfully bumped revision number for resource f0cf106f-1b15-43d4-b5c1-57c998a7c41b (type: ports) to 2
2026-05-30 11:11:24.079 7 WARNING neutron.scheduler.dhcp_agent_scheduler [None req-2bd33c4f-4a8e-41cf-a7c3-726f07f37b6e 7ebecf65a5de4391992bc4300ffa2ac3 16f1f2a08c004a029cd597df736cbd05 - - default default] No more DHCP agents
2026-05-30 11:11:24.081 7 WARNING neutron.api.rpc.agentnotifiers.dhcp_rpc_agent_api [None req-2bd33c4f-4a8e-41cf-a7c3-726f07f37b6e 7ebecf65a5de4391992bc4300ffa2ac3 16f1f2a08c004a029cd597df736cbd05 - - default default] Unable to schedule network ed4173e7-7f32-4ced-b664-de914ee6844c: no agents available; will retry on subsequent port and subnet creation events.
2026-05-30 11:11:24.158 7 INFO neutron.db.ovn_revision_numbers_db [None req-2bd33c4f-4a8e-41cf-a7c3-726f07f37b6e 7ebecf65a5de4391992bc4300ffa2ac3 16f1f2a08c004a029cd597df736cbd05 - - default default] Successfully bumped revision number for resource 2df23968-39fc-42bd-a8d2-1603bd0cdf2c (type: ports) to 1 [pid: 7|app: 0|req: 578/1148] 10.0.0.249 () {34 vars in 669 bytes} [Sat May 30 11:11:23 2026] POST /v2.0/networks => generated 686 bytes in 1025 msecs (HTTP/1.1 201) 4 headers in 162 bytes (1 switches on core 0)
2026-05-30 11:11:24.194 7 INFO neutron.api.v2.resource [None req-427debb2-714f-4545-9903-21ff4afb5b07 51edd24e0c6f4d268177888c5aa16c5a d7b6ca17cf084686be3afbb7a1fe9e41 - - default default] show failed (client error): The resource could not be found. [pid: 7|app: 0|req: 579/1149] 10.0.0.249 () {32 vars in 736 bytes} [Sat May 30 11:11:24 2026] GET /v2.0/security-groups/4e9788b1-1d5b-44f8-80a0-584e1e55b424 => generated 146 bytes in 16 msecs (HTTP/1.1 404) 4 headers in 164 bytes (1 switches on core 0) [pid: 7|app: 0|req: 580/1150] 10.0.0.144 () {34 vars in 989 bytes} [Sat May 30 11:11:24 2026] GET /v2.0/ports?device_id=4691e4e9-6e2a-4936-985f-29f23381ccda => generated 969 bytes in 123 msecs (HTTP/1.1 200) 4 headers in 157 bytes (1 switches on core 0)
2026-05-30 11:11:24.428 8 INFO neutron.db.ovn_revision_numbers_db [None req-f3e91485-0d81-44a3-93ee-773835907ac2 a56fbed4ecfd4f3d9569df523ce8ecf0 6c3185b9b3f94aacb175ad76203425de - - default default] Successfully bumped revision number for resource f0cf106f-1b15-43d4-b5c1-57c998a7c41b (type: router_ports) to 1 [pid: 8|app: 0|req: 571/1151] 10.0.0.249 () {34 vars in 782 bytes} [Sat May 30 11:11:20 2026] PUT /v2.0/routers/06685bcc-3155-4d66-8822-a2aaed8e5710/add_router_interface => generated 309 bytes in 3676 msecs (HTTP/1.1 200) 4 headers in 157 bytes (1 switches on core 0)
2026-05-30 11:11:24.468 7 INFO neutron_taas.services.taas.taas_plugin [None req-4f6a4e97-44e7-4f6b-aed6-c38237b3dce5 51edd24e0c6f4d268177888c5aa16c5a d7b6ca17cf084686be3afbb7a1fe9e41 - - default default] TaaS: Handle Delete Port: 5b04718b-d9b7-4f1f-bcde-8f24ff68b07c
2026-05-30 11:11:24.473 7 INFO neutron_taas.services.taas.tap_mirror_plugin [None req-4f6a4e97-44e7-4f6b-aed6-c38237b3dce5 51edd24e0c6f4d268177888c5aa16c5a d7b6ca17cf084686be3afbb7a1fe9e41 - - default default] Tap Mirror: Handle Delete Port: 5b04718b-d9b7-4f1f-bcde-8f24ff68b07c [pid: 8|app: 0|req: 572/1152] 10.0.0.144 () {34 vars in 1039 bytes} [Sat May 30 11:11:24 2026] GET /v2.0/security-groups?id=5f5b33d2-e3c9-4088-8082-54259279558a&fields=id&fields=name => generated 114 bytes in 44 msecs (HTTP/1.1 200) 4 headers in 157 bytes (1 switches on core 0) [pid: 7|app: 0|req: 581/1153] 10.0.0.249 () {32 vars in 731 bytes} [Sat May 30 11:11:24 2026] DELETE /v2.0/floatingips/4194d881-5033-4f4e-8773-c75a498dd058 => generated 0 bytes in 315 msecs (HTTP/1.1 204) 2 headers in 112 bytes (1 switches on core 0)
2026-05-30 11:11:24.889 8 WARNING neutron.scheduler.dhcp_agent_scheduler [None req-3b354b94-8f69-4959-b88c-16a8e7a5de7a 7ebecf65a5de4391992bc4300ffa2ac3 16f1f2a08c004a029cd597df736cbd05 - - default default] No more DHCP agents
2026-05-30 11:11:24.891 8 WARNING neutron.api.rpc.agentnotifiers.dhcp_rpc_agent_api [None req-3b354b94-8f69-4959-b88c-16a8e7a5de7a 7ebecf65a5de4391992bc4300ffa2ac3 16f1f2a08c004a029cd597df736cbd05 - - default default] Unable to schedule network ed4173e7-7f32-4ced-b664-de914ee6844c: no agents available; will retry on subsequent port and subnet creation events.
2026-05-30 11:11:24.924 8 INFO neutron.db.ovn_revision_numbers_db [None req-3b354b94-8f69-4959-b88c-16a8e7a5de7a 7ebecf65a5de4391992bc4300ffa2ac3 16f1f2a08c004a029cd597df736cbd05 - - default default] Successfully bumped revision number for resource 8ebb4ff9-d835-414a-8ba8-789d3408bcac (type: subnets) to 0 [pid: 8|app: 0|req: 573/1154] 10.0.0.249 () {34 vars in 668 bytes} [Sat May 30 11:11:24 2026] POST /v2.0/subnets => generated 673 bytes in 258 msecs (HTTP/1.1 201) 4 headers in 162 bytes (1 switches on core 0)
2026-05-30 11:11:25.008 7 INFO neutron_taas.services.taas.taas_plugin [None req-28fd690e-9081-4c9c-b618-549b45a36295 a56fbed4ecfd4f3d9569df523ce8ecf0 6c3185b9b3f94aacb175ad76203425de - - default default] TaaS: Handle Delete Port: 3d47615d-20b9-4ea9-98d0-3e5d85b23a33
2026-05-30 11:11:25.011 7 INFO neutron_taas.services.taas.tap_mirror_plugin [None req-28fd690e-9081-4c9c-b618-549b45a36295 a56fbed4ecfd4f3d9569df523ce8ecf0 6c3185b9b3f94aacb175ad76203425de - - default default] Tap Mirror: Handle Delete Port: 3d47615d-20b9-4ea9-98d0-3e5d85b23a33
2026-05-30 11:11:25.048 8 INFO neutron.db.segments_db [None req-cbe7b6f0-1358-4f7c-ace6-31589c7aa64d 7ebecf65a5de4391992bc4300ffa2ac3 16f1f2a08c004a029cd597df736cbd05 - - default default] Added segment 9464f49d-ac2c-468f-89f8-4f8328d202dd of type geneve for network 2c472457-ba4b-40c3-be7f-5d4589b8407c
2026-05-30 11:11:25.234 8 INFO neutron.db.ovn_revision_numbers_db [None req-cbe7b6f0-1358-4f7c-ace6-31589c7aa64d 7ebecf65a5de4391992bc4300ffa2ac3 16f1f2a08c004a029cd597df736cbd05 - - default default] Successfully bumped revision number for resource 2c472457-ba4b-40c3-be7f-5d4589b8407c (type: networks) to 1
2026-05-30 11:11:25.488 8 WARNING neutron.scheduler.dhcp_agent_scheduler [None req-cbe7b6f0-1358-4f7c-ace6-31589c7aa64d 7ebecf65a5de4391992bc4300ffa2ac3 16f1f2a08c004a029cd597df736cbd05 - - default default] No more DHCP agents
2026-05-30 11:11:25.489 8 WARNING neutron.api.rpc.agentnotifiers.dhcp_rpc_agent_api [None req-cbe7b6f0-1358-4f7c-ace6-31589c7aa64d 7ebecf65a5de4391992bc4300ffa2ac3 16f1f2a08c004a029cd597df736cbd05 - - default default] Unable to schedule network 2c472457-ba4b-40c3-be7f-5d4589b8407c: no agents available; will retry on subsequent port and subnet creation events.
2026-05-30 11:11:25.605 8 INFO neutron.db.ovn_revision_numbers_db [None req-cbe7b6f0-1358-4f7c-ace6-31589c7aa64d 7ebecf65a5de4391992bc4300ffa2ac3 16f1f2a08c004a029cd597df736cbd05 - - default default] Successfully bumped revision number for resource 4211293d-9d9a-48b4-9970-222d542234a9 (type: ports) to 1 [pid: 8|app: 0|req: 574/1155] 10.0.0.249 () {34 vars in 669 bytes} [Sat May 30 11:11:24 2026] POST /v2.0/networks => generated 685 bytes in 708 msecs (HTTP/1.1 201) 4 headers in 162 bytes (1 switches on core 0) [pid: 7|app: 0|req: 582/1156] 10.0.0.249 () {34 vars in 788 bytes} [Sat May 30 11:11:24 2026] PUT /v2.0/routers/4e668067-2267-435f-8c9f-1188474f3184/remove_router_interface => generated 309 bytes in 1093 msecs (HTTP/1.1 200) 4 headers in 157 bytes (1 switches on core 0) /var/lib/openstack/lib/python3.12/site-packages/pycadf/identifier.py:70: UserWarning: Invalid uuid: neutron. To ensure interoperability, identifiers should be a valid uuid. warnings.warn(('Invalid uuid: %s. To ensure interoperability, '
2026-05-30 11:11:25.844 8 INFO neutron.db.ovn_revision_numbers_db [None req-f75dd8af-0076-4e62-b433-c521ee01c3aa a56fbed4ecfd4f3d9569df523ce8ecf0 6c3185b9b3f94aacb175ad76203425de - - default default] Successfully bumped revision number for resource 2d104811-7ade-41e6-b23e-4fd48666579e (type: security_groups) to 1 [pid: 7|app: 0|req: 583/1157] 10.0.0.144 () {34 vars in 989 bytes} [Sat May 30 11:11:25 2026] GET /v2.0/ports?device_id=4691e4e9-6e2a-4936-985f-29f23381ccda => generated 969 bytes in 57 msecs (HTTP/1.1 200) 4 headers in 157 bytes (1 switches on core 0)
2026-05-30 11:11:25.871 8 INFO neutron.db.ovn_revision_numbers_db [None req-f75dd8af-0076-4e62-b433-c521ee01c3aa a56fbed4ecfd4f3d9569df523ce8ecf0 6c3185b9b3f94aacb175ad76203425de - - default default] Successfully bumped revision number for resource 2494e15b-98e5-4d11-81d4-f7cc15823f9b (type: security_group_rules) to 0
2026-05-30 11:11:25.899 8 INFO neutron.db.ovn_revision_numbers_db [None req-f75dd8af-0076-4e62-b433-c521ee01c3aa a56fbed4ecfd4f3d9569df523ce8ecf0 6c3185b9b3f94aacb175ad76203425de - - default default] Successfully bumped revision number for resource 44720ac8-c9ba-4ef4-b3ad-bb9aa18f5a09 (type: security_group_rules) to 0
2026-05-30 11:11:25.915 8 INFO neutron.db.ovn_revision_numbers_db [None req-f75dd8af-0076-4e62-b433-c521ee01c3aa a56fbed4ecfd4f3d9569df523ce8ecf0 6c3185b9b3f94aacb175ad76203425de - - default default] Successfully bumped revision number for resource abf001ad-4edb-4272-9c13-9a86a2032d52 (type: security_group_rules) to 0
2026-05-30 11:11:25.931 8 INFO neutron.db.ovn_revision_numbers_db [None req-f75dd8af-0076-4e62-b433-c521ee01c3aa a56fbed4ecfd4f3d9569df523ce8ecf0 6c3185b9b3f94aacb175ad76203425de - - default default] Successfully bumped revision number for resource f75816ea-ed9a-42b6-9618-ad5d9b6198e9 (type: security_group_rules) to 0
2026-05-30 11:11:26.031 7 INFO neutron.db.ovn_revision_numbers_db [None req-27802377-e548-4bc8-a270-bc1ba2fa58c2 7ebecf65a5de4391992bc4300ffa2ac3 16f1f2a08c004a029cd597df736cbd05 - - default default] Successfully bumped revision number for resource 2c472457-ba4b-40c3-be7f-5d4589b8407c (type: networks) to 2 [pid: 7|app: 0|req: 584/1158] 10.0.0.249 () {34 vars in 742 bytes} [Sat May 30 11:11:25 2026] PUT /v2.0/networks/2c472457-ba4b-40c3-be7f-5d4589b8407c => generated 636 bytes in 184 msecs (HTTP/1.1 200) 4 headers in 157 bytes (1 switches on core 0)
2026-05-30 11:11:26.042 8 INFO neutron.db.segments_db [None req-f75dd8af-0076-4e62-b433-c521ee01c3aa a56fbed4ecfd4f3d9569df523ce8ecf0 6c3185b9b3f94aacb175ad76203425de - - default default] Added segment 562ec767-46a0-4094-b471-d951e97c32a1 of type geneve for network fe7b8314-0358-4258-a809-42c062e7c9ae
2026-05-30 11:11:26.177 8 INFO neutron.db.ovn_revision_numbers_db [None req-f75dd8af-0076-4e62-b433-c521ee01c3aa a56fbed4ecfd4f3d9569df523ce8ecf0 6c3185b9b3f94aacb175ad76203425de - - default default] Successfully bumped revision number for resource fe7b8314-0358-4258-a809-42c062e7c9ae (type: networks) to 1
2026-05-30 11:11:26.353 8 WARNING neutron.scheduler.dhcp_agent_scheduler [None req-f75dd8af-0076-4e62-b433-c521ee01c3aa a56fbed4ecfd4f3d9569df523ce8ecf0 6c3185b9b3f94aacb175ad76203425de - - default default] No more DHCP agents
2026-05-30 11:11:26.356 8 WARNING neutron.api.rpc.agentnotifiers.dhcp_rpc_agent_api [None req-f75dd8af-0076-4e62-b433-c521ee01c3aa a56fbed4ecfd4f3d9569df523ce8ecf0 6c3185b9b3f94aacb175ad76203425de - - default default] Unable to schedule network fe7b8314-0358-4258-a809-42c062e7c9ae: no agents available; will retry on subsequent port and subnet creation events.
2026-05-30 11:11:26.427 7 INFO neutron.plugins.ml2.drivers.ovn.mech_driver.mech_driver [None req-9fc791f2-f2dc-42eb-a7e0-04d42dfae6bb - - - - - -] OVN reports status down for port: 32b41720-75a9-47f4-8a29-a4488bc467a6
2026-05-30 11:11:26.438 8 INFO neutron.db.ovn_revision_numbers_db [None req-f75dd8af-0076-4e62-b433-c521ee01c3aa a56fbed4ecfd4f3d9569df523ce8ecf0 6c3185b9b3f94aacb175ad76203425de - - default default] Successfully bumped revision number for resource 32b41720-75a9-47f4-8a29-a4488bc467a6 (type: ports) to 1
2026-05-30 11:11:26.451 7 INFO neutron_taas.services.taas.taas_plugin [None req-27af93ef-1a08-4dec-b583-a9541162c014 a56fbed4ecfd4f3d9569df523ce8ecf0 6c3185b9b3f94aacb175ad76203425de - - default default] TaaS: Handle Delete Port: 86f72e76-c7ae-46f8-b397-b5774b0b2b04
2026-05-30 11:11:26.461 7 INFO neutron_taas.services.taas.tap_mirror_plugin [None req-27af93ef-1a08-4dec-b583-a9541162c014 a56fbed4ecfd4f3d9569df523ce8ecf0 6c3185b9b3f94aacb175ad76203425de - - default default] Tap Mirror: Handle Delete Port: 86f72e76-c7ae-46f8-b397-b5774b0b2b04 [pid: 8|app: 0|req: 575/1159] 10.0.0.249 () {34 vars in 670 bytes} [Sat May 30 11:11:25 2026] POST /v2.0/networks => generated 782 bytes in 802 msecs (HTTP/1.1 201) 4 headers in 162 bytes (1 switches on core 0) [pid: 8|app: 0|req: 576/1160] 10.0.0.144 () {34 vars in 1039 bytes} [Sat May 30 11:11:26 2026] GET /v2.0/security-groups?id=5f5b33d2-e3c9-4088-8082-54259279558a&fields=id&fields=name => generated 114 bytes in 29 msecs (HTTP/1.1 200) 4 headers in 157 bytes (1 switches on core 0)
2026-05-30 11:11:26.721 8 WARNING neutron.scheduler.dhcp_agent_scheduler [None req-6764fcde-11d5-4cd6-bed2-03b23cd74cb9 7ebecf65a5de4391992bc4300ffa2ac3 16f1f2a08c004a029cd597df736cbd05 - - default default] No more DHCP agents
2026-05-30 11:11:26.722 8 WARNING neutron.api.rpc.agentnotifiers.dhcp_rpc_agent_api [None req-6764fcde-11d5-4cd6-bed2-03b23cd74cb9 7ebecf65a5de4391992bc4300ffa2ac3 16f1f2a08c004a029cd597df736cbd05 - - default default] Unable to schedule network 2c472457-ba4b-40c3-be7f-5d4589b8407c: no agents available; will retry on subsequent port and subnet creation events.
2026-05-30 11:11:26.750 8 INFO neutron.db.ovn_revision_numbers_db [None req-6764fcde-11d5-4cd6-bed2-03b23cd74cb9 7ebecf65a5de4391992bc4300ffa2ac3 16f1f2a08c004a029cd597df736cbd05 - - default default] Successfully bumped revision number for resource bf6c2b12-3322-4a85-8523-3129ab9a9a7e (type: subnets) to 0 [pid: 8|app: 0|req: 577/1161] 10.0.0.249 () {34 vars in 668 bytes} [Sat May 30 11:11:26 2026] POST /v2.0/subnets => generated 646 bytes in 276 msecs (HTTP/1.1 201) 4 headers in 162 bytes (1 switches on core 0)
2026-05-30 11:11:26.941 8 WARNING neutron.scheduler.dhcp_agent_scheduler [None req-1d627d33-37c5-4f1c-9272-0c35ea3a2279 a56fbed4ecfd4f3d9569df523ce8ecf0 6c3185b9b3f94aacb175ad76203425de - - default default] No more DHCP agents
2026-05-30 11:11:26.943 8 WARNING neutron.api.rpc.agentnotifiers.dhcp_rpc_agent_api [None req-1d627d33-37c5-4f1c-9272-0c35ea3a2279 a56fbed4ecfd4f3d9569df523ce8ecf0 6c3185b9b3f94aacb175ad76203425de - - default default] Unable to schedule network fe7b8314-0358-4258-a809-42c062e7c9ae: no agents available; will retry on subsequent port and subnet creation events. [pid: 7|app: 0|req: 585/1162] 10.0.0.249 () {32 vars in 723 bytes} [Sat May 30 11:11:26 2026] DELETE /v2.0/routers/4e668067-2267-435f-8c9f-1188474f3184 => generated 0 bytes in 989 msecs (HTTP/1.1 204) 2 headers in 112 bytes (1 switches on core 0)
2026-05-30 11:11:27.407 8 INFO neutron.db.ovn_revision_numbers_db [None req-8743e5eb-e561-4a92-9321-36958b1820c2 - - - - - -] Successfully bumped revision number for resource 32b41720-75a9-47f4-8a29-a4488bc467a6 (type: ports) to 2
2026-05-30 11:11:27.450 8 INFO neutron.db.ovn_revision_numbers_db [None req-8743e5eb-e561-4a92-9321-36958b1820c2 - - - - - -] Successfully bumped revision number for resource e0d39136-7c5e-47c1-ad11-02bfc62f151f (type: subnets) to 0 [pid: 8|app: 0|req: 578/1163] 10.0.0.249 () {34 vars in 668 bytes} [Sat May 30 11:11:26 2026] POST /v2.0/subnets => generated 688 bytes in 697 msecs (HTTP/1.1 201) 4 headers in 162 bytes (1 switches on core 0) [pid: 8|app: 0|req: 579/1164] 10.0.0.249 () {32 vars in 723 bytes} [Sat May 30 11:11:27 2026] DELETE /v2.0/subnets/aacec3b0-1aeb-40c0-a671-fcac526b6257 => generated 0 bytes in 192 msecs (HTTP/1.1 204) 3 headers in 131 bytes (1 switches on core 0)
2026-05-30 11:11:27.707 7 INFO neutron.db.ovn_revision_numbers_db [None req-3237d522-4460-45ce-ad34-f739617b55bc - - - - - -] Successfully bumped revision number for resource 4211293d-9d9a-48b4-9970-222d542234a9 (type: ports) to 2
2026-05-30 11:11:27.751 7 INFO neutron.db.ovn_revision_numbers_db [None req-3237d522-4460-45ce-ad34-f739617b55bc - - - - - -] Successfully bumped revision number for resource bf6c2b12-3322-4a85-8523-3129ab9a9a7e (type: subnets) to 1 [pid: 7|app: 0|req: 586/1165] 10.0.0.249 () {34 vars in 740 bytes} [Sat May 30 11:11:27 2026] PUT /v2.0/subnets/bf6c2b12-3322-4a85-8523-3129ab9a9a7e => generated 656 bytes in 728 msecs (HTTP/1.1 200) 4 headers in 157 bytes (1 switches on core 0) [pid: 7|app: 0|req: 587/1166] 10.0.0.144 () {34 vars in 989 bytes} [Sat May 30 11:11:27 2026] GET /v2.0/ports?device_id=4691e4e9-6e2a-4936-985f-29f23381ccda => generated 969 bytes in 44 msecs (HTTP/1.1 200) 4 headers in 157 bytes (1 switches on core 0)
2026-05-30 11:11:27.923 7 INFO neutron_taas.services.taas.taas_plugin [None req-7321ec07-f61f-4f67-9483-902db839da29 a56fbed4ecfd4f3d9569df523ce8ecf0 6c3185b9b3f94aacb175ad76203425de - - default default] TaaS: Handle Delete Port: 7592d78a-0fb1-4ecb-8f71-a5689da63989
2026-05-30 11:11:27.926 7 INFO neutron_taas.services.taas.tap_mirror_plugin [None req-7321ec07-f61f-4f67-9483-902db839da29 a56fbed4ecfd4f3d9569df523ce8ecf0 6c3185b9b3f94aacb175ad76203425de - - default default] Tap Mirror: Handle Delete Port: 7592d78a-0fb1-4ecb-8f71-a5689da63989
2026-05-30 11:11:28.142 7 INFO neutron.services.segments.plugin [-] Segment b2847e11-db41-45c3-a694-72a5632e29c0 resource provider aggregate not found
2026-05-30 11:11:28.147 7 INFO neutron.services.segments.plugin [-] Segment b2847e11-db41-45c3-a694-72a5632e29c0 resource provider aggregate not found
2026-05-30 11:11:28.153 8 WARNING neutron.scheduler.dhcp_agent_scheduler [None req-6a7c360c-9388-4037-8cc3-fdb574738783 a56fbed4ecfd4f3d9569df523ce8ecf0 6c3185b9b3f94aacb175ad76203425de - - default default] No more DHCP agents
2026-05-30 11:11:28.154 8 WARNING neutron.api.rpc.agentnotifiers.dhcp_rpc_agent_api [None req-6a7c360c-9388-4037-8cc3-fdb574738783 a56fbed4ecfd4f3d9569df523ce8ecf0 6c3185b9b3f94aacb175ad76203425de - - default default] Unable to schedule network 0d58ed98-a190-40d4-b83c-e9a932bc3f9d: no agents available; will retry on subsequent port and subnet creation events.
2026-05-30 11:11:28.163 7 INFO neutron.services.segments.plugin [-] Segment b2847e11-db41-45c3-a694-72a5632e29c0 resource provider not found; error: Placement Client Error (4xx): {"errors": [{"status": 404, "title": "Not Found", "detail": "The resource could not be found.\n\n No resource provider with uuid b2847e11-db41-45c3-a694-72a5632e29c0 found for delete ", "request_id": "req-35d983f9-86c7-487e-8927-2be8b1693b56"}]}
2026-05-30 11:11:28.167 7 INFO neutron.services.segments.plugin [-] Segment b2847e11-db41-45c3-a694-72a5632e29c0 resource provider not found; error: Placement Client Error (4xx): {"errors": [{"status": 404, "title": "Not Found", "detail": "The resource could not be found.\n\n No resource provider with uuid b2847e11-db41-45c3-a694-72a5632e29c0 found for delete ", "request_id": "req-ad9c7687-732a-45cd-9073-67a8673df26d"}]} [pid: 7|app: 0|req: 588/1167] 10.0.0.249 () {32 vars in 725 bytes} [Sat May 30 11:11:27 2026] DELETE /v2.0/networks/54b51022-63e9-4a51-b801-16c369661fc1 => generated 0 bytes in 393 msecs (HTTP/1.1 204) 3 headers in 131 bytes (1 switches on core 0)
2026-05-30 11:11:28.303 7 INFO neutron.plugins.ml2.drivers.ovn.mech_driver.mech_driver [None req-9fc791f2-f2dc-42eb-a7e0-04d42dfae6bb - - - - - -] OVN reports status down for port: de28772f-4ad6-40fa-9a08-46b505f940b7
2026-05-30 11:11:28.305 8 INFO neutron.db.ovn_revision_numbers_db [None req-6a7c360c-9388-4037-8cc3-fdb574738783 a56fbed4ecfd4f3d9569df523ce8ecf0 6c3185b9b3f94aacb175ad76203425de - - default default] Successfully bumped revision number for resource de28772f-4ad6-40fa-9a08-46b505f940b7 (type: ports) to 1
2026-05-30 11:11:28.452 7 INFO neutron_taas.services.taas.taas_plugin [None req-f8178826-a9ca-41aa-a9f0-b567078cf6cd 7ebecf65a5de4391992bc4300ffa2ac3 16f1f2a08c004a029cd597df736cbd05 - - default default] TaaS: Handle Delete Port: 4211293d-9d9a-48b4-9970-222d542234a9
2026-05-30 11:11:28.455 7 INFO neutron_taas.services.taas.tap_mirror_plugin [None req-f8178826-a9ca-41aa-a9f0-b567078cf6cd 7ebecf65a5de4391992bc4300ffa2ac3 16f1f2a08c004a029cd597df736cbd05 - - default default] Tap Mirror: Handle Delete Port: 4211293d-9d9a-48b4-9970-222d542234a9 [pid: 7|app: 0|req: 589/1168] 10.0.0.249 () {32 vars in 725 bytes} [Sat May 30 11:11:28 2026] DELETE /v2.0/networks/2c472457-ba4b-40c3-be7f-5d4589b8407c => generated 0 bytes in 587 msecs (HTTP/1.1 204) 3 headers in 131 bytes (1 switches on core 0) [pid: 7|app: 0|req: 590/1169] 10.0.0.144 () {34 vars in 1039 bytes} [Sat May 30 11:11:28 2026] GET /v2.0/security-groups?id=5f5b33d2-e3c9-4088-8082-54259279558a&fields=id&fields=name => generated 114 bytes in 39 msecs (HTTP/1.1 200) 4 headers in 157 bytes (1 switches on core 0) [pid: 7|app: 0|req: 591/1170] 10.0.0.249 () {32 vars in 773 bytes} [Sat May 30 11:11:28 2026] GET /v2.0/security-groups?tenant_id=d7b6ca17cf084686be3afbb7a1fe9e41&name=default => generated 2925 bytes in 38 msecs (HTTP/1.1 200) 4 headers in 158 bytes (1 switches on core 0)
2026-05-30 11:11:28.878 7 INFO neutron.pecan_wsgi.hooks.translation [None req-bd233a89-52b8-42ca-83ca-47c425d3c4a7 7ebecf65a5de4391992bc4300ffa2ac3 16f1f2a08c004a029cd597df736cbd05 - - default default] DELETE failed (client error): The resource could not be found. [pid: 7|app: 0|req: 592/1171] 10.0.0.249 () {32 vars in 725 bytes} [Sat May 30 11:11:28 2026] DELETE /v2.0/networks/2c472457-ba4b-40c3-be7f-5d4589b8407c => generated 138 bytes in 24 msecs (HTTP/1.1 404) 4 headers in 164 bytes (1 switches on core 0)
2026-05-30 11:11:29.051 8 INFO neutron.plugins.ml2.drivers.ovn.mech_driver.ovsdb.commands [None req-6d68f0b3-839b-449d-b62d-5c3e0732ca30 - - - - - -] Schedule LRP lrp-de28772f-4ad6-40fa-9a08-46b505f940b7 on gateway e095cd0b-2a6c-4227-b016-9aac695564d9 with priority 1
2026-05-30 11:11:29.120 7 INFO neutron.plugins.ml2.drivers.ovn.mech_driver.ovsdb.ovsdb_monitor [None req-541976ae-4850-4446-a061-fbfd1672f5cf - - - - - -] Router 2114a64f-3e86-446b-a46e-239f0cca908a is bound to host instance
2026-05-30 11:11:29.134 8 INFO neutron.db.ovn_revision_numbers_db [None req-6a7c360c-9388-4037-8cc3-fdb574738783 a56fbed4ecfd4f3d9569df523ce8ecf0 6c3185b9b3f94aacb175ad76203425de - - default default] Successfully bumped revision number for resource de28772f-4ad6-40fa-9a08-46b505f940b7 (type: router_ports) to 1
2026-05-30 11:11:29.147 7 INFO neutron.plugins.ml2.drivers.ovn.mech_driver.mech_driver [None req-9fc791f2-f2dc-42eb-a7e0-04d42dfae6bb - - - - - -] OVN reports status up for port: de28772f-4ad6-40fa-9a08-46b505f940b7
2026-05-30 11:11:29.191 7 INFO neutron.plugins.ml2.plugin [None req-9fc791f2-f2dc-42eb-a7e0-04d42dfae6bb - - - - - -] Attempt 1 to provision port de28772f-4ad6-40fa-9a08-46b505f940b7
2026-05-30 11:11:29.222 8 INFO neutron.db.ovn_revision_numbers_db [None req-6a7c360c-9388-4037-8cc3-fdb574738783 a56fbed4ecfd4f3d9569df523ce8ecf0 6c3185b9b3f94aacb175ad76203425de - - default default] Successfully bumped revision number for resource 2114a64f-3e86-446b-a46e-239f0cca908a (type: routers) to 2 [pid: 8|app: 0|req: 580/1172] 10.0.0.249 () {34 vars in 668 bytes} [Sat May 30 11:11:27 2026] POST /v2.0/routers => generated 966 bytes in 1580 msecs (HTTP/1.1 201) 4 headers in 162 bytes (1 switches on core 0)
2026-05-30 11:11:29.342 8 WARNING neutron.plugins.ml2.drivers.ovn.mech_driver.ovsdb.ovn_client [None req-2d0ae6e9-1232-41de-a18d-fadb6671aebd - - - - - -] No hosting information found for port f0cf106f-1b15-43d4-b5c1-57c998a7c41b: RuntimeError: No hosting information found for port f0cf106f-1b15-43d4-b5c1-57c998a7c41b
2026-05-30 11:11:29.343 8 INFO neutron.plugins.ml2.drivers.ovn.mech_driver.mech_driver [None req-2d0ae6e9-1232-41de-a18d-fadb6671aebd - - - - - -] OVN reports status up for port: 6729f7e3-d5b0-44e0-9b87-1ae1c4faca5f
2026-05-30 11:11:29.363 8 INFO neutron.plugins.ml2.plugin [None req-2d0ae6e9-1232-41de-a18d-fadb6671aebd - - - - - -] Attempt 1 to provision port 6729f7e3-d5b0-44e0-9b87-1ae1c4faca5f [pid: 8|app: 0|req: 581/1173] 10.0.0.249 () {32 vars in 693 bytes} [Sat May 30 11:11:29 2026] GET /v2.0/networks?router%3Aexternal=True => generated 689 bytes in 126 msecs (HTTP/1.1 200) 4 headers in 157 bytes (1 switches on core 0) [pid: 7|app: 0|req: 593/1174] 10.0.0.249 () {32 vars in 739 bytes} [Sat May 30 11:11:28 2026] DELETE /v2.0/security-groups/42424dec-a832-419b-881b-86965da9d595 => generated 0 bytes in 520 msecs (HTTP/1.1 204) 2 headers in 112 bytes (1 switches on core 0) [pid: 7|app: 0|req: 594/1175] 10.0.0.249 () {32 vars in 741 bytes} [Sat May 30 11:11:29 2026] GET /v2.0/subnets?network_id=0d58ed98-a190-40d4-b83c-e9a932bc3f9d => generated 649 bytes in 90 msecs (HTTP/1.1 200) 4 headers in 157 bytes (1 switches on core 0) [pid: 7|app: 0|req: 595/1176] 10.0.0.249 () {32 vars in 652 bytes} [Sat May 30 11:11:29 2026] GET /v2.0/extensions => generated 20541 bytes in 21 msecs (HTTP/1.1 200) 4 headers in 159 bytes (1 switches on core 0)
2026-05-30 11:11:29.601 8 INFO neutron.notifiers.nova [-] Nova event matching ['req-70010197-1261-4cd2-9ccf-b15bef946157'] response: {'server_uuid': '4691e4e9-6e2a-4936-985f-29f23381ccda', 'name': 'network-vif-plugged', 'status': 'completed', 'tag': '6729f7e3-d5b0-44e0-9b87-1ae1c4faca5f', 'code': 200} [pid: 7|app: 0|req: 596/1177] 10.0.0.249 () {32 vars in 648 bytes} [Sat May 30 11:11:29 2026] GET /v2.0/networks => generated 1389 bytes in 170 msecs (HTTP/1.1 200) 4 headers in 158 bytes (1 switches on core 0) [pid: 7|app: 0|req: 597/1178] 10.0.0.249 () {32 vars in 646 bytes} [Sat May 30 11:11:29 2026] GET /v2.0/subnets => generated 1312 bytes in 79 msecs (HTTP/1.1 200) 4 headers in 158 bytes (1 switches on core 0) [pid: 7|app: 0|req: 598/1179] 10.0.0.249 () {32 vars in 722 bytes} [Sat May 30 11:11:29 2026] GET /v2.0/networks/ed4173e7-7f32-4ced-b664-de914ee6844c => generated 711 bytes in 128 msecs (HTTP/1.1 200) 4 headers in 157 bytes (1 switches on core 0)
2026-05-30 11:11:29.948 8 INFO neutron.db.ovn_revision_numbers_db [None req-2d0ae6e9-1232-41de-a18d-fadb6671aebd - - - - - -] Successfully bumped revision number for resource 6729f7e3-d5b0-44e0-9b87-1ae1c4faca5f (type: ports) to 5 [pid: 7|app: 0|req: 599/1180] 10.0.0.144 () {34 vars in 989 bytes} [Sat May 30 11:11:29 2026] GET /v2.0/ports?device_id=4691e4e9-6e2a-4936-985f-29f23381ccda => generated 971 bytes in 217 msecs (HTTP/1.1 200) 4 headers in 157 bytes (1 switches on core 0)
2026-05-30 11:11:30.149 8 INFO neutron.plugins.ml2.drivers.ovn.mech_driver.mech_driver [None req-3431ee5b-2846-48c0-bdaa-6626591a28d7 - - - - - -] OVN reports status down for port: 2df23968-39fc-42bd-a8d2-1603bd0cdf2c
2026-05-30 11:11:30.196 7 INFO neutron.services.segments.plugin [-] Segment 9464f49d-ac2c-468f-89f8-4f8328d202dd resource provider aggregate not found
2026-05-30 11:11:30.202 7 INFO neutron.services.segments.plugin [-] Segment 9464f49d-ac2c-468f-89f8-4f8328d202dd resource provider aggregate not found
2026-05-30 11:11:30.231 7 INFO neutron.services.segments.plugin [-] Segment 9464f49d-ac2c-468f-89f8-4f8328d202dd resource provider not found; error: Placement Client Error (4xx): {"errors": [{"status": 404, "title": "Not Found", "detail": "The resource could not be found.\n\n No resource provider with uuid 9464f49d-ac2c-468f-89f8-4f8328d202dd found for delete ", "request_id": "req-ec1aa835-050a-47a5-95e2-14cc909250fa"}]}
2026-05-30 11:11:30.243 7 INFO neutron.services.segments.plugin [-] Segment 9464f49d-ac2c-468f-89f8-4f8328d202dd resource provider not found; error: Placement Client Error (4xx): {"errors": [{"status": 404, "title": "Not Found", "detail": "The resource could not be found.\n\n No resource provider with uuid 9464f49d-ac2c-468f-89f8-4f8328d202dd found for delete ", "request_id": "req-2dc67a7a-76b0-4fcf-b0ae-e6379ff885ee"}]} [pid: 7|app: 0|req: 600/1181] 10.0.0.249 () {32 vars in 720 bytes} [Sat May 30 11:11:30 2026] GET /v2.0/subnets/8ebb4ff9-d835-414a-8ba8-789d3408bcac => generated 673 bytes in 103 msecs (HTTP/1.1 200) 4 headers in 157 bytes (1 switches on core 0) [pid: 7|app: 0|req: 601/1182] 10.0.0.144 () {34 vars in 1039 bytes} [Sat May 30 11:11:30 2026] GET /v2.0/security-groups?id=5f5b33d2-e3c9-4088-8082-54259279558a&fields=id&fields=name => generated 114 bytes in 83 msecs (HTTP/1.1 200) 4 headers in 157 bytes (1 switches on core 0)
2026-05-30 11:11:30.358 7 INFO neutron.pecan_wsgi.hooks.translation [None req-cfb455bb-1d74-47d7-b6d1-c00d26080e22 7ebecf65a5de4391992bc4300ffa2ac3 16f1f2a08c004a029cd597df736cbd05 - - default default] DELETE failed (client error): The resource could not be found. [pid: 7|app: 0|req: 602/1183] 10.0.0.249 () {32 vars in 723 bytes} [Sat May 30 11:11:30 2026] DELETE /v2.0/subnets/bf6c2b12-3322-4a85-8523-3129ab9a9a7e => generated 136 bytes in 28 msecs (HTTP/1.1 404) 4 headers in 164 bytes (1 switches on core 0)
2026-05-30 11:11:30.401 7 INFO neutron.pecan_wsgi.hooks.translation [None req-aacd5810-feea-4c27-8b48-d52d5f4e5c08 7ebecf65a5de4391992bc4300ffa2ac3 16f1f2a08c004a029cd597df736cbd05 - - default default] DELETE failed (client error): The resource could not be found. [pid: 7|app: 0|req: 603/1184] 10.0.0.249 () {32 vars in 725 bytes} [Sat May 30 11:11:30 2026] DELETE /v2.0/networks/2c472457-ba4b-40c3-be7f-5d4589b8407c => generated 138 bytes in 41 msecs (HTTP/1.1 404) 4 headers in 164 bytes (1 switches on core 0)
2026-05-30 11:11:30.426 8 WARNING neutron.scheduler.dhcp_agent_scheduler [None req-d58ad8cf-7cee-49e6-bb5a-6424d8a25156 a56fbed4ecfd4f3d9569df523ce8ecf0 6c3185b9b3f94aacb175ad76203425de - - default default] No more DHCP agents
2026-05-30 11:11:30.429 8 WARNING neutron.api.rpc.agentnotifiers.dhcp_rpc_agent_api [None req-d58ad8cf-7cee-49e6-bb5a-6424d8a25156 a56fbed4ecfd4f3d9569df523ce8ecf0 6c3185b9b3f94aacb175ad76203425de - - default default] Unable to schedule network fe7b8314-0358-4258-a809-42c062e7c9ae: no agents available; will retry on subsequent port and subnet creation events.
2026-05-30 11:11:30.519 8 INFO neutron.db.ovn_revision_numbers_db [None req-3431ee5b-2846-48c0-bdaa-6626591a28d7 - - - - - -] Successfully bumped revision number for resource f0cf106f-1b15-43d4-b5c1-57c998a7c41b (type: router_ports) to 2
2026-05-30 11:11:30.520 8 INFO neutron.plugins.ml2.drivers.ovn.mech_driver.mech_driver [None req-3431ee5b-2846-48c0-bdaa-6626591a28d7 - - - - - -] OVN reports status down for port: 4211293d-9d9a-48b4-9970-222d542234a9 [pid: 7|app: 0|req: 604/1185] 10.0.0.249 () {32 vars in 723 bytes} [Sat May 30 11:11:30 2026] DELETE /v2.0/subnets/8ebb4ff9-d835-414a-8ba8-789d3408bcac => generated 0 bytes in 382 msecs (HTTP/1.1 204) 3 headers in 131 bytes (1 switches on core 0)
2026-05-30 11:11:31.014 7 INFO neutron.db.ovn_revision_numbers_db [None req-afa492af-d7ba-4961-a0de-969b18f1bc01 - - - - - -] Successfully bumped revision number for resource de28772f-4ad6-40fa-9a08-46b505f940b7 (type: ports) to 4
2026-05-30 11:11:31.040 7 INFO neutron_taas.services.taas.taas_plugin [None req-c4350b67-ee49-492c-b4f0-b4d305ec587d 7ebecf65a5de4391992bc4300ffa2ac3 16f1f2a08c004a029cd597df736cbd05 - - default default] TaaS: Handle Delete Port: 2df23968-39fc-42bd-a8d2-1603bd0cdf2c
2026-05-30 11:11:31.044 7 INFO neutron_taas.services.taas.tap_mirror_plugin [None req-c4350b67-ee49-492c-b4f0-b4d305ec587d 7ebecf65a5de4391992bc4300ffa2ac3 16f1f2a08c004a029cd597df736cbd05 - - default default] Tap Mirror: Handle Delete Port: 2df23968-39fc-42bd-a8d2-1603bd0cdf2c
2026-05-30 11:11:31.365 8 INFO neutron.db.ovn_revision_numbers_db [None req-d58ad8cf-7cee-49e6-bb5a-6424d8a25156 a56fbed4ecfd4f3d9569df523ce8ecf0 6c3185b9b3f94aacb175ad76203425de - - default default] Successfully bumped revision number for resource 5898aded-6c5b-49e2-96db-59ded4cc709e (type: ports) to 1 [pid: 7|app: 0|req: 605/1186] 10.0.0.249 () {32 vars in 725 bytes} [Sat May 30 11:11:30 2026] DELETE /v2.0/networks/ed4173e7-7f32-4ced-b664-de914ee6844c => generated 0 bytes in 687 msecs (HTTP/1.1 204) 3 headers in 131 bytes (1 switches on core 0)
2026-05-30 11:11:31.598 7 INFO neutron.db.ovn_revision_numbers_db [None req-afa492af-d7ba-4961-a0de-969b18f1bc01 - - - - - -] Successfully bumped revision number for resource de28772f-4ad6-40fa-9a08-46b505f940b7 (type: ports) to 5
2026-05-30 11:11:31.655 8 INFO neutron.notifiers.nova [-] Nova event matching ['req-4fe4c112-7a21-4585-bc8d-3c87e4bac3a3'] response: {'server_uuid': '4691e4e9-6e2a-4936-985f-29f23381ccda', 'name': 'network-vif-plugged', 'status': 'completed', 'tag': '6729f7e3-d5b0-44e0-9b87-1ae1c4faca5f', 'code': 200}
2026-05-30 11:11:31.980 7 INFO neutron.db.ovn_revision_numbers_db [None req-412ad240-3051-484b-913d-3e888b26c8bb a56fbed4ecfd4f3d9569df523ce8ecf0 6c3185b9b3f94aacb175ad76203425de - - default default] Successfully bumped revision number for resource 5ff50a52-f0ae-4392-b564-14b37653a321 (type: security_groups) to 1
