2026-05-30 11:11:32.001 7 INFO neutron.db.ovn_revision_numbers_db [None req-412ad240-3051-484b-913d-3e888b26c8bb a56fbed4ecfd4f3d9569df523ce8ecf0 6c3185b9b3f94aacb175ad76203425de - - default default] Successfully bumped revision number for resource 18ebdafa-4082-45cc-ad04-4d695a376558 (type: security_group_rules) to 0
2026-05-30 11:11:32.016 7 INFO neutron.db.ovn_revision_numbers_db [None req-412ad240-3051-484b-913d-3e888b26c8bb a56fbed4ecfd4f3d9569df523ce8ecf0 6c3185b9b3f94aacb175ad76203425de - - default default] Successfully bumped revision number for resource 1e00177d-5199-48a0-854a-b90930961649 (type: security_group_rules) to 0
2026-05-30 11:11:32.032 7 INFO neutron.db.ovn_revision_numbers_db [None req-412ad240-3051-484b-913d-3e888b26c8bb a56fbed4ecfd4f3d9569df523ce8ecf0 6c3185b9b3f94aacb175ad76203425de - - default default] Successfully bumped revision number for resource 2dfa48c0-3d6f-41b2-82c5-9320095791e3 (type: security_group_rules) to 0
2026-05-30 11:11:32.050 7 INFO neutron.db.ovn_revision_numbers_db [None req-412ad240-3051-484b-913d-3e888b26c8bb a56fbed4ecfd4f3d9569df523ce8ecf0 6c3185b9b3f94aacb175ad76203425de - - default default] Successfully bumped revision number for resource c2289ce5-ee30-4602-b8f4-c46dff6d86e3 (type: security_group_rules) to 0
2026-05-30 11:11:32.157 7 INFO neutron.db.segments_db [None req-412ad240-3051-484b-913d-3e888b26c8bb a56fbed4ecfd4f3d9569df523ce8ecf0 6c3185b9b3f94aacb175ad76203425de - - default default] Added segment 882b68b6-4527-4e84-a5b2-2cd972110d72 of type geneve for network 3deb6e4c-5d54-41d3-92d1-06d9acd7eb62
2026-05-30 11:11:32.225 8 WARNING neutron.scheduler.dhcp_agent_scheduler [None req-d58ad8cf-7cee-49e6-bb5a-6424d8a25156 a56fbed4ecfd4f3d9569df523ce8ecf0 6c3185b9b3f94aacb175ad76203425de - - default default] No more DHCP agents
2026-05-30 11:11:32.227 8 WARNING neutron.api.rpc.agentnotifiers.dhcp_rpc_agent_api [None req-d58ad8cf-7cee-49e6-bb5a-6424d8a25156 a56fbed4ecfd4f3d9569df523ce8ecf0 6c3185b9b3f94aacb175ad76203425de - - default default] Unable to schedule network fe7b8314-0358-4258-a809-42c062e7c9ae: no agents available; will retry on subsequent port and subnet creation events.
2026-05-30 11:11:32.257 7 INFO neutron.services.segments.plugin [-] Segment 06e791fb-8fbc-47ab-91cc-191b7728fdbb resource provider aggregate not found
2026-05-30 11:11:32.280 7 INFO neutron.services.segments.plugin [-] Segment 06e791fb-8fbc-47ab-91cc-191b7728fdbb resource provider aggregate not found
2026-05-30 11:11:32.291 7 INFO neutron.services.segments.plugin [-] Segment 06e791fb-8fbc-47ab-91cc-191b7728fdbb resource provider not found; error: Placement Client Error (4xx): {"errors": [{"status": 404, "title": "Not Found", "detail": "The resource could not be found.\n\n No resource provider with uuid 06e791fb-8fbc-47ab-91cc-191b7728fdbb found for delete ", "request_id": "req-ff618479-6f64-473c-9706-7657ee7d8283"}]}
2026-05-30 11:11:32.318 7 INFO neutron.services.segments.plugin [-] Segment 06e791fb-8fbc-47ab-91cc-191b7728fdbb resource provider not found; error: Placement Client Error (4xx): {"errors": [{"status": 404, "title": "Not Found", "detail": "The resource could not be found.\n\n No resource provider with uuid 06e791fb-8fbc-47ab-91cc-191b7728fdbb found for delete ", "request_id": "req-422dbbb2-1702-49a7-8560-b33dd2acd8f8"}]}
2026-05-30 11:11:32.345 7 INFO neutron.db.ovn_revision_numbers_db [None req-412ad240-3051-484b-913d-3e888b26c8bb a56fbed4ecfd4f3d9569df523ce8ecf0 6c3185b9b3f94aacb175ad76203425de - - default default] Successfully bumped revision number for resource 3deb6e4c-5d54-41d3-92d1-06d9acd7eb62 (type: networks) to 1
2026-05-30 11:11:32.379 7 INFO neutron.plugins.ml2.drivers.ovn.mech_driver.mech_driver [None req-9fc791f2-f2dc-42eb-a7e0-04d42dfae6bb - - - - - -] OVN reports status down for port: 5898aded-6c5b-49e2-96db-59ded4cc709e
2026-05-30 11:11:32.855 8 INFO neutron.db.ovn_revision_numbers_db [None req-d58ad8cf-7cee-49e6-bb5a-6424d8a25156 a56fbed4ecfd4f3d9569df523ce8ecf0 6c3185b9b3f94aacb175ad76203425de - - default default] Successfully bumped revision number for resource 5898aded-6c5b-49e2-96db-59ded4cc709e (type: router_ports) to 1 [pid: 8|app: 0|req: 582/1187] 10.0.0.249 () {34 vars in 782 bytes} [Sat May 30 11:11:29 2026] PUT /v2.0/routers/2114a64f-3e86-446b-a46e-239f0cca908a/add_router_interface => generated 309 bytes in 3494 msecs (HTTP/1.1 200) 4 headers in 157 bytes (1 switches on core 0) /var/lib/openstack/lib/python3.12/site-packages/pycadf/identifier.py:70: UserWarning: Invalid uuid: neutron. To ensure interoperability, identifiers should be a valid uuid. warnings.warn(('Invalid uuid: %s. To ensure interoperability, ' [pid: 8|app: 0|req: 583/1188] 10.0.0.144 () {34 vars in 989 bytes} [Sat May 30 11:11:32 2026] GET /v2.0/ports?device_id=4691e4e9-6e2a-4936-985f-29f23381ccda => generated 971 bytes in 87 msecs (HTTP/1.1 200) 4 headers in 157 bytes (1 switches on core 0) [pid: 8|app: 0|req: 584/1189] 10.0.0.249 () {32 vars in 773 bytes} [Sat May 30 11:11:32 2026] GET /v2.0/security-groups?tenant_id=16f1f2a08c004a029cd597df736cbd05&name=default => generated 2925 bytes in 170 msecs (HTTP/1.1 200) 4 headers in 158 bytes (1 switches on core 0) [pid: 8|app: 0|req: 587/1192] 10.0.0.144 () {34 vars in 1039 bytes} [Sat May 30 11:11:33 2026] GET /v2.0/security-groups?id=5f5b33d2-e3c9-4088-8082-54259279558a&fields=id&fields=name => generated 114 bytes in 66 msecs (HTTP/1.1 200) 4 headers in 157 bytes (1 switches on core 0)
2026-05-30 11:11:33.430 7 WARNING neutron.plugins.ml2.drivers.ovn.mech_driver.ovsdb.ovn_client [None req-9fc791f2-f2dc-42eb-a7e0-04d42dfae6bb - - - - - -] Logical_Switch_Port 5898aded-6c5b-49e2-96db-59ded4cc709e host information not removed, the port state is up
2026-05-30 11:11:33.430 7 INFO neutron.plugins.ml2.drivers.ovn.mech_driver.mech_driver [None req-9fc791f2-f2dc-42eb-a7e0-04d42dfae6bb - - - - - -] OVN reports status up for port: 5898aded-6c5b-49e2-96db-59ded4cc709e
2026-05-30 11:11:33.499 7 INFO neutron.plugins.ml2.plugin [None req-9fc791f2-f2dc-42eb-a7e0-04d42dfae6bb - - - - - -] Attempt 1 to provision port 5898aded-6c5b-49e2-96db-59ded4cc709e [pid: 8|app: 0|req: 588/1193] 10.0.0.249 () {32 vars in 739 bytes} [Sat May 30 11:11:33 2026] DELETE /v2.0/security-groups/9b2a0afb-d437-4874-a6c0-37cf66a94eba => generated 0 bytes in 324 msecs (HTTP/1.1 204) 2 headers in 112 bytes (1 switches on core 0) [pid: 8|app: 0|req: 589/1194] 10.0.0.144 () {34 vars in 989 bytes} [Sat May 30 11:11:33 2026] GET /v2.0/ports?device_id=4691e4e9-6e2a-4936-985f-29f23381ccda => generated 971 bytes in 45 msecs (HTTP/1.1 200) 4 headers in 157 bytes (1 switches on core 0)
2026-05-30 11:11:33.646 7 WARNING neutron.scheduler.dhcp_agent_scheduler [None req-412ad240-3051-484b-913d-3e888b26c8bb a56fbed4ecfd4f3d9569df523ce8ecf0 6c3185b9b3f94aacb175ad76203425de - - default default] No more DHCP agents
2026-05-30 11:11:33.649 7 WARNING neutron.api.rpc.agentnotifiers.dhcp_rpc_agent_api [None req-412ad240-3051-484b-913d-3e888b26c8bb a56fbed4ecfd4f3d9569df523ce8ecf0 6c3185b9b3f94aacb175ad76203425de - - default default] Unable to schedule network 3deb6e4c-5d54-41d3-92d1-06d9acd7eb62: no agents available; will retry on subsequent port and subnet creation events.
2026-05-30 11:11:33.820 7 INFO neutron.db.ovn_revision_numbers_db [None req-412ad240-3051-484b-913d-3e888b26c8bb a56fbed4ecfd4f3d9569df523ce8ecf0 6c3185b9b3f94aacb175ad76203425de - - default default] Successfully bumped revision number for resource ba0a888b-e50b-4469-a97a-184c1a252524 (type: ports) to 1
2026-05-30 11:11:33.824 8 INFO neutron.plugins.ml2.drivers.ovn.mech_driver.mech_driver [None req-3431ee5b-2846-48c0-bdaa-6626591a28d7 - - - - - -] OVN reports status down for port: ba0a888b-e50b-4469-a97a-184c1a252524 [pid: 7|app: 0|req: 606/1195] 10.0.0.249 () {34 vars in 670 bytes} [Sat May 30 11:11:31 2026] POST /v2.0/networks => generated 786 bytes in 2405 msecs (HTTP/1.1 201) 4 headers in 162 bytes (1 switches on core 0)
2026-05-30 11:11:34.179 7 INFO neutron.db.ovn_revision_numbers_db [None req-19248986-ad59-4980-8c35-9e2ff95202cb b4002423b86e4f848c9d2312e602be39 e2dd9300c00f4d8c9bfd83585871d387 - - default default] Successfully bumped revision number for resource 258f2d91-3231-4ef4-857e-d1115f7f4df1 (type: security_groups) to 1
2026-05-30 11:11:34.216 7 INFO neutron.db.ovn_revision_numbers_db [None req-19248986-ad59-4980-8c35-9e2ff95202cb b4002423b86e4f848c9d2312e602be39 e2dd9300c00f4d8c9bfd83585871d387 - - default default] Successfully bumped revision number for resource 5bbdc858-827e-49c4-bfa4-7fc68a816a52 (type: security_group_rules) to 0
2026-05-30 11:11:34.248 7 INFO neutron.db.ovn_revision_numbers_db [None req-19248986-ad59-4980-8c35-9e2ff95202cb b4002423b86e4f848c9d2312e602be39 e2dd9300c00f4d8c9bfd83585871d387 - - default default] Successfully bumped revision number for resource 7ee6962a-c314-49c7-b6d2-dc6f8c204ac2 (type: security_group_rules) to 0 [pid: 7|app: 0|req: 607/1196] 10.0.0.249 () {34 vars in 684 bytes} [Sat May 30 11:11:33 2026] POST /v2.0/security-groups => generated 1675 bytes in 464 msecs (HTTP/1.1 201) 4 headers in 163 bytes (1 switches on core 0)
2026-05-30 11:11:34.375 8 INFO neutron.db.ovn_revision_numbers_db [None req-c68b65ab-b76f-4d8e-b1e5-1f179901e0ac 0d1b7fb968ba45d19a233fbfaeb926e7 e9c13933200f4aeabe05850cc4675531 - - default default] Successfully bumped revision number for resource ad7b67e3-9ba3-4071-8920-51f2242c4194 (type: floatingips) to 1
2026-05-30 11:11:34.395 7 INFO neutron.db.ovn_revision_numbers_db [None req-9fc791f2-f2dc-42eb-a7e0-04d42dfae6bb - - - - - -] Successfully bumped revision number for resource 5898aded-6c5b-49e2-96db-59ded4cc709e (type: ports) to 2
2026-05-30 11:11:34.529 8 INFO neutron.db.ovn_revision_numbers_db [None req-c68b65ab-b76f-4d8e-b1e5-1f179901e0ac 0d1b7fb968ba45d19a233fbfaeb926e7 e9c13933200f4aeabe05850cc4675531 - - default default] Successfully bumped revision number for resource ad7b67e3-9ba3-4071-8920-51f2242c4194 (type: floatingips) to 2
2026-05-30 11:11:34.530 8 INFO neutron.db.l3_db [None req-c68b65ab-b76f-4d8e-b1e5-1f179901e0ac 0d1b7fb968ba45d19a233fbfaeb926e7 e9c13933200f4aeabe05850cc4675531 - - default default] Floating IP ad7b67e3-9ba3-4071-8920-51f2242c4194 associated. External IP: 10.96.250.214, port: 6729f7e3-d5b0-44e0-9b87-1ae1c4faca5f. [pid: 8|app: 0|req: 590/1197] 10.0.0.249 () {34 vars in 748 bytes} [Sat May 30 11:11:33 2026] PUT /v2.0/floatingips/ad7b67e3-9ba3-4071-8920-51f2242c4194 => generated 855 bytes in 994 msecs (HTTP/1.1 200) 4 headers in 157 bytes (1 switches on core 0) /var/lib/openstack/lib/python3.12/site-packages/pycadf/identifier.py:70: UserWarning: Invalid uuid: neutron. To ensure interoperability, identifiers should be a valid uuid. warnings.warn(('Invalid uuid: %s. To ensure interoperability, '
2026-05-30 11:11:34.612 7 WARNING neutron.scheduler.dhcp_agent_scheduler [None req-6f9be9a9-93cc-42cf-8294-7c9b37d23700 a56fbed4ecfd4f3d9569df523ce8ecf0 6c3185b9b3f94aacb175ad76203425de - - default default] No more DHCP agents
2026-05-30 11:11:34.614 7 WARNING neutron.api.rpc.agentnotifiers.dhcp_rpc_agent_api [None req-6f9be9a9-93cc-42cf-8294-7c9b37d23700 a56fbed4ecfd4f3d9569df523ce8ecf0 6c3185b9b3f94aacb175ad76203425de - - default default] Unable to schedule network 3deb6e4c-5d54-41d3-92d1-06d9acd7eb62: no agents available; will retry on subsequent port and subnet creation events.
2026-05-30 11:11:34.630 8 INFO neutron.notifiers.nova [-] Nova event matching ['req-0c0ceb44-843a-4824-a92b-a02a5744856f'] response: {'name': 'network-changed', 'server_uuid': '4691e4e9-6e2a-4936-985f-29f23381ccda', 'tag': '6729f7e3-d5b0-44e0-9b87-1ae1c4faca5f', 'status': 'completed', 'code': 200}
2026-05-30 11:11:34.764 8 INFO neutron.db.ovn_revision_numbers_db [None req-a6534c92-c9d9-4d21-b74d-e48eba9b6730 b4002423b86e4f848c9d2312e602be39 e2dd9300c00f4d8c9bfd83585871d387 - - default default] Successfully bumped revision number for resource 453270f3-2c79-423a-bcae-fdfb05580b2c (type: security_group_rules) to 0 [pid: 8|app: 0|req: 591/1198] 10.0.0.249 () {34 vars in 694 bytes} [Sat May 30 11:11:34 2026] POST /v2.0/security-group-rules => generated 597 bytes in 227 msecs (HTTP/1.1 201) 4 headers in 162 bytes (1 switches on core 0) [pid: 8|app: 0|req: 592/1199] 10.0.0.144 () {34 vars in 989 bytes} [Sat May 30 11:11:34 2026] GET /v2.0/ports?device_id=4691e4e9-6e2a-4936-985f-29f23381ccda => generated 971 bytes in 49 msecs (HTTP/1.1 200) 4 headers in 157 bytes (1 switches on core 0)
2026-05-30 11:11:35.007 8 INFO neutron.db.ovn_revision_numbers_db [None req-1bf958b2-523e-42e2-a86a-63f27c4d439f b4002423b86e4f848c9d2312e602be39 e2dd9300c00f4d8c9bfd83585871d387 - - default default] Successfully bumped revision number for resource 76c1c841-b170-42ec-b081-c23f62c4c1e9 (type: security_group_rules) to 0 [pid: 8|app: 0|req: 593/1200] 10.0.0.249 () {34 vars in 694 bytes} [Sat May 30 11:11:34 2026] POST /v2.0/security-group-rules => generated 596 bytes in 192 msecs (HTTP/1.1 201) 4 headers in 162 bytes (1 switches on core 0) [pid: 8|app: 0|req: 594/1201] 10.0.0.144 () {34 vars in 1039 bytes} [Sat May 30 11:11:35 2026] GET /v2.0/security-groups?id=5f5b33d2-e3c9-4088-8082-54259279558a&fields=id&fields=name => generated 114 bytes in 44 msecs (HTTP/1.1 200) 4 headers in 157 bytes (1 switches on core 0)
2026-05-30 11:11:35.117 7 INFO neutron.db.ovn_revision_numbers_db [None req-b26c82b0-5ef9-4d28-a88b-e665e32db094 - - - - - -] Successfully bumped revision number for resource ba0a888b-e50b-4469-a97a-184c1a252524 (type: ports) to 2
2026-05-30 11:11:35.153 7 INFO neutron.db.ovn_revision_numbers_db [None req-b26c82b0-5ef9-4d28-a88b-e665e32db094 - - - - - -] Successfully bumped revision number for resource 994317ba-b678-4e62-919e-1843100abf09 (type: subnets) to 0 [pid: 7|app: 0|req: 608/1202] 10.0.0.249 () {34 vars in 668 bytes} [Sat May 30 11:11:34 2026] POST /v2.0/subnets => generated 692 bytes in 823 msecs (HTTP/1.1 201) 4 headers in 162 bytes (1 switches on core 0) [pid: 7|app: 0|req: 609/1203] 199.204.45.116 () {34 vars in 1079 bytes} [Sat May 30 11:11:35 2026] GET /v2.0/ports?tenant_id=e9c13933200f4aeabe05850cc4675531&device_id=4691e4e9-6e2a-4936-985f-29f23381ccda => generated 1209 bytes in 38 msecs (HTTP/1.1 200) 4 headers in 158 bytes (1 switches on core 0)
2026-05-30 11:11:35.299 8 INFO neutron.db.ovn_revision_numbers_db [None req-9615b3a2-97dd-4a67-adab-8957709df3ae b4002423b86e4f848c9d2312e602be39 e2dd9300c00f4d8c9bfd83585871d387 - - default default] Successfully bumped revision number for resource b2eeada2-d4c9-4859-a5cf-199954f6a871 (type: security_group_rules) to 0 [pid: 8|app: 0|req: 595/1204] 10.0.0.249 () {34 vars in 694 bytes} [Sat May 30 11:11:35 2026] POST /v2.0/security-group-rules => generated 602 bytes in 254 msecs (HTTP/1.1 201) 4 headers in 162 bytes (1 switches on core 0) [pid: 8|app: 0|req: 596/1205] 199.204.45.116 () {34 vars in 985 bytes} [Sat May 30 11:11:35 2026] GET /v2.0/networks?id=af12f197-5429-434c-bfb6-921122712712 => generated 806 bytes in 62 msecs (HTTP/1.1 200) 4 headers in 157 bytes (1 switches on core 0)
2026-05-30 11:11:35.735 8 INFO neutron.db.ovn_revision_numbers_db [None req-a1222b96-a1fe-466f-84e5-d7c438654e30 8b940b35df5f453b98e1879bdbf90ceb 4007535de1004f9bb62671102e6b29fc - - default default] Successfully bumped revision number for resource 0642ee68-c85f-4f91-95b6-8505d051dca1 (type: security_groups) to 1
2026-05-30 11:11:35.752 8 INFO neutron.db.ovn_revision_numbers_db [None req-a1222b96-a1fe-466f-84e5-d7c438654e30 8b940b35df5f453b98e1879bdbf90ceb 4007535de1004f9bb62671102e6b29fc - - default default] Successfully bumped revision number for resource 6c4d456e-d00d-4f74-99dd-6a0ac481614f (type: security_group_rules) to 0
2026-05-30 11:11:35.756 7 WARNING neutron.scheduler.dhcp_agent_scheduler [None req-52f76713-d2dc-469a-9c47-5ff062486619 a56fbed4ecfd4f3d9569df523ce8ecf0 6c3185b9b3f94aacb175ad76203425de - - default default] No more DHCP agents
2026-05-30 11:11:35.758 7 WARNING neutron.api.rpc.agentnotifiers.dhcp_rpc_agent_api [None req-52f76713-d2dc-469a-9c47-5ff062486619 a56fbed4ecfd4f3d9569df523ce8ecf0 6c3185b9b3f94aacb175ad76203425de - - default default] Unable to schedule network 0d58ed98-a190-40d4-b83c-e9a932bc3f9d: no agents available; will retry on subsequent port and subnet creation events.
2026-05-30 11:11:35.768 8 INFO neutron.db.ovn_revision_numbers_db [None req-a1222b96-a1fe-466f-84e5-d7c438654e30 8b940b35df5f453b98e1879bdbf90ceb 4007535de1004f9bb62671102e6b29fc - - default default] Successfully bumped revision number for resource b94501d6-2081-42a8-a060-cc9e6139fbae (type: security_group_rules) to 0
2026-05-30 11:11:35.785 8 INFO neutron.db.ovn_revision_numbers_db [None req-a1222b96-a1fe-466f-84e5-d7c438654e30 8b940b35df5f453b98e1879bdbf90ceb 4007535de1004f9bb62671102e6b29fc - - default default] Successfully bumped revision number for resource de280ab3-19a3-41a6-ad88-86db5b0e01ec (type: security_group_rules) to 0
2026-05-30 11:11:35.801 8 INFO neutron.db.ovn_revision_numbers_db [None req-a1222b96-a1fe-466f-84e5-d7c438654e30 8b940b35df5f453b98e1879bdbf90ceb 4007535de1004f9bb62671102e6b29fc - - default default] Successfully bumped revision number for resource eb2cdece-6143-492f-9a5a-e9c2e1423888 (type: security_group_rules) to 0
2026-05-30 11:11:35.903 8 INFO neutron.plugins.ml2.drivers.ovn.mech_driver.mech_driver [None req-3431ee5b-2846-48c0-bdaa-6626591a28d7 - - - - - -] OVN reports status down for port: 107b8111-495f-4aea-adb2-7ea8ca5bda40
2026-05-30 11:11:35.905 8 INFO neutron.db.segments_db [None req-a1222b96-a1fe-466f-84e5-d7c438654e30 8b940b35df5f453b98e1879bdbf90ceb 4007535de1004f9bb62671102e6b29fc - - default default] Added segment 95a9ace7-f625-45f5-9d69-48e49bb0ce9b of type geneve for network fb911ed3-6166-457b-9de1-a3a94a1c79b1
2026-05-30 11:11:35.927 7 INFO neutron.db.ovn_revision_numbers_db [None req-52f76713-d2dc-469a-9c47-5ff062486619 a56fbed4ecfd4f3d9569df523ce8ecf0 6c3185b9b3f94aacb175ad76203425de - - default default] Successfully bumped revision number for resource 107b8111-495f-4aea-adb2-7ea8ca5bda40 (type: ports) to 1
2026-05-30 11:11:36.096 8 INFO neutron.db.ovn_revision_numbers_db [None req-a1222b96-a1fe-466f-84e5-d7c438654e30 8b940b35df5f453b98e1879bdbf90ceb 4007535de1004f9bb62671102e6b29fc - - default default] Successfully bumped revision number for resource fb911ed3-6166-457b-9de1-a3a94a1c79b1 (type: networks) to 1
2026-05-30 11:11:36.314 8 WARNING neutron.scheduler.dhcp_agent_scheduler [None req-a1222b96-a1fe-466f-84e5-d7c438654e30 8b940b35df5f453b98e1879bdbf90ceb 4007535de1004f9bb62671102e6b29fc - - default default] No more DHCP agents
2026-05-30 11:11:36.315 8 WARNING neutron.api.rpc.agentnotifiers.dhcp_rpc_agent_api [None req-a1222b96-a1fe-466f-84e5-d7c438654e30 8b940b35df5f453b98e1879bdbf90ceb 4007535de1004f9bb62671102e6b29fc - - default default] Unable to schedule network fb911ed3-6166-457b-9de1-a3a94a1c79b1: no agents available; will retry on subsequent port and subnet creation events.
2026-05-30 11:11:36.417 8 INFO neutron.plugins.ml2.drivers.ovn.mech_driver.mech_driver [None req-3431ee5b-2846-48c0-bdaa-6626591a28d7 - - - - - -] OVN reports status down for port: 6729f7e3-d5b0-44e0-9b87-1ae1c4faca5f
2026-05-30 11:11:36.474 8 INFO neutron.db.ovn_revision_numbers_db [None req-a1222b96-a1fe-466f-84e5-d7c438654e30 8b940b35df5f453b98e1879bdbf90ceb 4007535de1004f9bb62671102e6b29fc - - default default] Successfully bumped revision number for resource b8c682f9-500a-477a-b778-0bb294662838 (type: ports) to 1 [pid: 8|app: 0|req: 597/1206] 10.0.0.249 () {34 vars in 669 bytes} [Sat May 30 11:11:35 2026] POST /v2.0/networks => generated 680 bytes in 1117 msecs (HTTP/1.1 201) 4 headers in 162 bytes (1 switches on core 0)
2026-05-30 11:11:36.686 7 INFO neutron.plugins.ml2.drivers.ovn.mech_driver.ovsdb.commands [None req-1446c51c-941e-4b18-9888-5e70ca835258 - - - - - -] Schedule LRP lrp-107b8111-495f-4aea-adb2-7ea8ca5bda40 on gateway e095cd0b-2a6c-4227-b016-9aac695564d9 with priority 1
2026-05-30 11:11:36.744 8 INFO neutron.notifiers.nova [-] Nova event matching ['req-a9db61ba-2adc-4f8f-b8c4-7b83a0858629'] response: {'server_uuid': '4691e4e9-6e2a-4936-985f-29f23381ccda', 'name': 'network-vif-unplugged', 'status': 'completed', 'tag': '6729f7e3-d5b0-44e0-9b87-1ae1c4faca5f', 'code': 200}
2026-05-30 11:11:36.757 7 INFO neutron.db.ovn_revision_numbers_db [None req-52f76713-d2dc-469a-9c47-5ff062486619 a56fbed4ecfd4f3d9569df523ce8ecf0 6c3185b9b3f94aacb175ad76203425de - - default default] Successfully bumped revision number for resource 107b8111-495f-4aea-adb2-7ea8ca5bda40 (type: router_ports) to 1
2026-05-30 11:11:36.810 8 INFO neutron.plugins.ml2.drivers.ovn.mech_driver.ovsdb.ovsdb_monitor [None req-74315311-2660-49dc-9cb6-65d67a1fc2ac - - - - - -] Router ac0ea5d0-0b87-457c-9e37-e4b4895ec288 is bound to host instance
2026-05-30 11:11:36.857 7 INFO neutron.db.ovn_revision_numbers_db [None req-52f76713-d2dc-469a-9c47-5ff062486619 a56fbed4ecfd4f3d9569df523ce8ecf0 6c3185b9b3f94aacb175ad76203425de - - default default] Successfully bumped revision number for resource ac0ea5d0-0b87-457c-9e37-e4b4895ec288 (type: routers) to 2 [pid: 7|app: 0|req: 610/1207] 10.0.0.249 () {34 vars in 668 bytes} [Sat May 30 11:11:35 2026] POST /v2.0/routers => generated 970 bytes in 1666 msecs (HTTP/1.1 201) 4 headers in 162 bytes (1 switches on core 0) [pid: 7|app: 0|req: 611/1208] 10.0.0.144 () {34 vars in 989 bytes} [Sat May 30 11:11:36 2026] GET /v2.0/ports?device_id=4691e4e9-6e2a-4936-985f-29f23381ccda => generated 969 bytes in 97 msecs (HTTP/1.1 200) 4 headers in 157 bytes (1 switches on core 0)
2026-05-30 11:11:36.992 8 INFO neutron.db.ovn_revision_numbers_db [None req-0c25d825-27be-4df8-890b-6dfcead4e899 b4002423b86e4f848c9d2312e602be39 e2dd9300c00f4d8c9bfd83585871d387 - - default default] Successfully bumped revision number for resource 6640d410-d565-42a8-9736-a529a5904a92 (type: security_group_rules) to 0 [pid: 7|app: 0|req: 612/1209] 199.204.45.116 () {34 vars in 1057 bytes} [Sat May 30 11:11:36 2026] GET /v2.0/floatingips?fixed_ip_address=10.100.0.9&port_id=6729f7e3-d5b0-44e0-9b87-1ae1c4faca5f => generated 858 bytes in 42 msecs (HTTP/1.1 200) 4 headers in 157 bytes (1 switches on core 0) [pid: 7|app: 0|req: 613/1210] 10.0.0.135 () {28 vars in 582 bytes} [Sat May 30 11:11:37 2026] GET /v2.0/subnets => generated 4020 bytes in 93 msecs (HTTP/1.1 200) 4 headers in 158 bytes (1 switches on core 0) [pid: 8|app: 0|req: 598/1211] 10.0.0.249 () {34 vars in 694 bytes} [Sat May 30 11:11:36 2026] POST /v2.0/security-group-rules => generated 601 bytes in 626 msecs (HTTP/1.1 201) 4 headers in 162 bytes (1 switches on core 0)
2026-05-30 11:11:37.201 8 INFO neutron.db.ovn_revision_numbers_db [None req-3431ee5b-2846-48c0-bdaa-6626591a28d7 - - - - - -] Successfully bumped revision number for resource 6729f7e3-d5b0-44e0-9b87-1ae1c4faca5f (type: ports) to 6
2026-05-30 11:11:37.314 7 WARNING neutron.scheduler.dhcp_agent_scheduler [None req-39e03240-8374-40e7-a664-74bdf2e45dd3 8b940b35df5f453b98e1879bdbf90ceb 4007535de1004f9bb62671102e6b29fc - - default default] No more DHCP agents
2026-05-30 11:11:37.316 7 WARNING neutron.api.rpc.agentnotifiers.dhcp_rpc_agent_api [None req-39e03240-8374-40e7-a664-74bdf2e45dd3 8b940b35df5f453b98e1879bdbf90ceb 4007535de1004f9bb62671102e6b29fc - - default default] Unable to schedule network fb911ed3-6166-457b-9de1-a3a94a1c79b1: no agents available; will retry on subsequent port and subnet creation events.
2026-05-30 11:11:37.410 8 INFO neutron.plugins.ml2.drivers.ovn.mech_driver.mech_driver [None req-0ab68abe-6e6a-4560-aed3-78a2e675c5d2 - - - - - -] OVN reports status up for port: 107b8111-495f-4aea-adb2-7ea8ca5bda40
2026-05-30 11:11:37.592 8 INFO neutron.plugins.ml2.plugin [None req-0ab68abe-6e6a-4560-aed3-78a2e675c5d2 - - - - - -] Attempt 1 to provision port 107b8111-495f-4aea-adb2-7ea8ca5bda40
2026-05-30 11:11:37.850 7 INFO neutron.db.ovn_revision_numbers_db [None req-3412f0e7-d229-4618-8296-6d972660ae40 - - - - - -] Successfully bumped revision number for resource b8c682f9-500a-477a-b778-0bb294662838 (type: ports) to 2
2026-05-30 11:11:37.881 7 INFO neutron.db.ovn_revision_numbers_db [None req-3412f0e7-d229-4618-8296-6d972660ae40 - - - - - -] Successfully bumped revision number for resource 7bdb148a-c881-486f-9c8f-b30334d2c23c (type: subnets) to 0 [pid: 7|app: 0|req: 614/1212] 10.0.0.249 () {34 vars in 668 bytes} [Sat May 30 11:11:37 2026] POST /v2.0/subnets => generated 641 bytes in 787 msecs (HTTP/1.1 201) 4 headers in 162 bytes (1 switches on core 0) [pid: 7|app: 0|req: 615/1213] 10.0.0.144 () {34 vars in 1039 bytes} [Sat May 30 11:11:37 2026] GET /v2.0/security-groups?id=5f5b33d2-e3c9-4088-8082-54259279558a&fields=id&fields=name => generated 114 bytes in 36 msecs (HTTP/1.1 200) 4 headers in 157 bytes (1 switches on core 0) [pid: 7|app: 0|req: 616/1214] 199.204.45.116 () {34 vars in 983 bytes} [Sat May 30 11:11:37 2026] GET /v2.0/subnets?id=b61d348d-ea79-4f0f-8721-5f4d4636f266 => generated 687 bytes in 35 msecs (HTTP/1.1 200) 4 headers in 157 bytes (1 switches on core 0) [pid: 7|app: 0|req: 617/1215] 10.0.0.135 () {28 vars in 590 bytes} [Sat May 30 11:11:37 2026] GET /v2.0/subnetpools => generated 19 bytes in 9 msecs (HTTP/1.1 200) 4 headers in 156 bytes (1 switches on core 0)
2026-05-30 11:11:38.035 7 INFO neutron.db.securitygroups_db [None req-b6f87ef2-f004-4c66-aa31-4a65ef4177d6 b4002423b86e4f848c9d2312e602be39 e2dd9300c00f4d8c9bfd83585871d387 - - default default] Project e2dd9300c00f4d8c9bfd83585871d387 added a security group rule with legacy IPv6 ICMP protocol name icmp, ipv6-icmp should be used instead. It was automatically converted.
2026-05-30 11:11:38.172 7 INFO neutron.db.ovn_revision_numbers_db [None req-b6f87ef2-f004-4c66-aa31-4a65ef4177d6 b4002423b86e4f848c9d2312e602be39 e2dd9300c00f4d8c9bfd83585871d387 - - default default] Successfully bumped revision number for resource 8bd27433-e73c-42d2-904e-dd7c45d6f4a2 (type: security_group_rules) to 0 [pid: 7|app: 0|req: 618/1216] 10.0.0.249 () {34 vars in 694 bytes} [Sat May 30 11:11:37 2026] POST /v2.0/security-group-rules => generated 607 bytes in 228 msecs (HTTP/1.1 201) 4 headers in 162 bytes (1 switches on core 0) [pid: 7|app: 0|req: 619/1217] 199.204.45.116 () {34 vars in 993 bytes} [Sat May 30 11:11:38 2026] GET /v2.0/ports?device_id=4691e4e9-6e2a-4936-985f-29f23381ccda => generated 969 bytes in 46 msecs (HTTP/1.1 200) 4 headers in 157 bytes (1 switches on core 0)
2026-05-30 11:11:38.308 8 WARNING neutron.scheduler.dhcp_agent_scheduler [None req-809df55e-0418-455a-a033-dc3311b79540 a56fbed4ecfd4f3d9569df523ce8ecf0 6c3185b9b3f94aacb175ad76203425de - - default default] No more DHCP agents
2026-05-30 11:11:38.312 8 WARNING neutron.api.rpc.agentnotifiers.dhcp_rpc_agent_api [None req-809df55e-0418-455a-a033-dc3311b79540 a56fbed4ecfd4f3d9569df523ce8ecf0 6c3185b9b3f94aacb175ad76203425de - - default default] Unable to schedule network 3deb6e4c-5d54-41d3-92d1-06d9acd7eb62: no agents available; will retry on subsequent port and subnet creation events.
2026-05-30 11:11:38.369 7 INFO neutron.db.segments_db [None req-ed758204-d2a4-4440-812a-636abc249b51 8b940b35df5f453b98e1879bdbf90ceb 4007535de1004f9bb62671102e6b29fc - - default default] Added segment 7d79d01f-cb0a-42b7-86d4-059161e534f6 of type geneve for network 1cc7dcdb-dcf7-4522-98cb-c77cc331a0a5
2026-05-30 11:11:38.508 7 INFO neutron.db.ovn_revision_numbers_db [None req-ed758204-d2a4-4440-812a-636abc249b51 8b940b35df5f453b98e1879bdbf90ceb 4007535de1004f9bb62671102e6b29fc - - default default] Successfully bumped revision number for resource 1cc7dcdb-dcf7-4522-98cb-c77cc331a0a5 (type: networks) to 1
2026-05-30 11:11:38.603 8 INFO neutron.db.ovn_revision_numbers_db [None req-809df55e-0418-455a-a033-dc3311b79540 a56fbed4ecfd4f3d9569df523ce8ecf0 6c3185b9b3f94aacb175ad76203425de - - default default] Successfully bumped revision number for resource 84d37e28-6329-4a35-90f1-44c6f3f3735f (type: ports) to 1
2026-05-30 11:11:38.723 7 WARNING neutron.scheduler.dhcp_agent_scheduler [None req-ed758204-d2a4-4440-812a-636abc249b51 8b940b35df5f453b98e1879bdbf90ceb 4007535de1004f9bb62671102e6b29fc - - default default] No more DHCP agents
2026-05-30 11:11:38.725 7 WARNING neutron.api.rpc.agentnotifiers.dhcp_rpc_agent_api [None req-ed758204-d2a4-4440-812a-636abc249b51 8b940b35df5f453b98e1879bdbf90ceb 4007535de1004f9bb62671102e6b29fc - - default default] Unable to schedule network 1cc7dcdb-dcf7-4522-98cb-c77cc331a0a5: no agents available; will retry on subsequent port and subnet creation events.
2026-05-30 11:11:38.785 8 INFO neutron.plugins.ml2.drivers.ovn.mech_driver.mech_driver [None req-0ab68abe-6e6a-4560-aed3-78a2e675c5d2 - - - - - -] OVN reports status down for port: 51a24d3c-7cdd-405d-927e-097ec436de9a
2026-05-30 11:11:38.820 7 INFO neutron.db.ovn_revision_numbers_db [None req-ed758204-d2a4-4440-812a-636abc249b51 8b940b35df5f453b98e1879bdbf90ceb 4007535de1004f9bb62671102e6b29fc - - default default] Successfully bumped revision number for resource 51a24d3c-7cdd-405d-927e-097ec436de9a (type: ports) to 1
2026-05-30 11:11:38.821 8 INFO neutron.notifiers.nova [-] Nova event matching ['req-b2802ed4-4591-4e16-9efd-1ad08acbc335'] response: {'server_uuid': '4691e4e9-6e2a-4936-985f-29f23381ccda', 'name': 'network-vif-unplugged', 'status': 'completed', 'tag': '6729f7e3-d5b0-44e0-9b87-1ae1c4faca5f', 'code': 200} [pid: 7|app: 0|req: 620/1218] 10.0.0.249 () {34 vars in 669 bytes} [Sat May 30 11:11:38 2026] POST /v2.0/networks => generated 682 bytes in 587 msecs (HTTP/1.1 201) 4 headers in 162 bytes (1 switches on core 0) [pid: 7|app: 0|req: 621/1219] 199.204.45.116 () {34 vars in 1051 bytes} [Sat May 30 11:11:38 2026] GET /v2.0/ports?network_id=af12f197-5429-434c-bfb6-921122712712&device_owner=network%3Adhcp => generated 12 bytes in 24 msecs (HTTP/1.1 200) 4 headers in 156 bytes (1 switches on core 0) [pid: 7|app: 0|req: 622/1220] 10.0.0.135 () {28 vars in 590 bytes} [Sat May 30 11:11:38 2026] GET /v2.0/floatingips => generated 858 bytes in 56 msecs (HTTP/1.1 200) 4 headers in 157 bytes (1 switches on core 0)
2026-05-30 11:11:38.967 7 INFO neutron.db.securitygroups_db [None req-3703f252-3751-4efe-aaa6-b352ce9a4e26 b4002423b86e4f848c9d2312e602be39 e2dd9300c00f4d8c9bfd83585871d387 - - default default] Project e2dd9300c00f4d8c9bfd83585871d387 added a security group rule with legacy IPv6 ICMP protocol name icmp, ipv6-icmp should be used instead. It was automatically converted.
2026-05-30 11:11:39.023 8 INFO neutron.db.ovn_revision_numbers_db [None req-a2920f13-442a-4653-b289-580b87f1220b - - - - - -] Successfully bumped revision number for resource 107b8111-495f-4aea-adb2-7ea8ca5bda40 (type: ports) to 4
2026-05-30 11:11:39.093 7 INFO neutron.db.ovn_revision_numbers_db [None req-3703f252-3751-4efe-aaa6-b352ce9a4e26 b4002423b86e4f848c9d2312e602be39 e2dd9300c00f4d8c9bfd83585871d387 - - default default] Successfully bumped revision number for resource 639078f1-ab1a-40b3-b3fa-70708213792c (type: security_group_rules) to 0 [pid: 7|app: 0|req: 623/1221] 10.0.0.249 () {34 vars in 694 bytes} [Sat May 30 11:11:38 2026] POST /v2.0/security-group-rules => generated 606 bytes in 204 msecs (HTTP/1.1 201) 4 headers in 162 bytes (1 switches on core 0)
2026-05-30 11:11:39.339 7 INFO neutron_taas.services.taas.taas_plugin [req-8d60b3c4-6c1e-4be1-9291-d0dd80e2d211 req-d510a802-3d79-41f7-89ab-dcba4d90d964 0d1b7fb968ba45d19a233fbfaeb926e7 e9c13933200f4aeabe05850cc4675531 - - default default] TaaS: Handle Delete Port: 6729f7e3-d5b0-44e0-9b87-1ae1c4faca5f
2026-05-30 11:11:39.344 7 INFO neutron_taas.services.taas.tap_mirror_plugin [req-8d60b3c4-6c1e-4be1-9291-d0dd80e2d211 req-d510a802-3d79-41f7-89ab-dcba4d90d964 0d1b7fb968ba45d19a233fbfaeb926e7 e9c13933200f4aeabe05850cc4675531 - - default default] Tap Mirror: Handle Delete Port: 6729f7e3-d5b0-44e0-9b87-1ae1c4faca5f
2026-05-30 11:11:39.557 7 INFO neutron.db.l3_db [req-8d60b3c4-6c1e-4be1-9291-d0dd80e2d211 req-d510a802-3d79-41f7-89ab-dcba4d90d964 0d1b7fb968ba45d19a233fbfaeb926e7 e9c13933200f4aeabe05850cc4675531 - - default default] Floating IP ad7b67e3-9ba3-4071-8920-51f2242c4194 disassociated. External IP: 10.96.250.214, port: 6729f7e3-d5b0-44e0-9b87-1ae1c4faca5f.
2026-05-30 11:11:39.575 7 WARNING neutron.plugins.ml2.drivers.ovn.mech_driver.ovsdb.ovn_client [None req-b9b8dfc8-b36e-4d8b-82b4-19e485ce7441 - - - - - -] No hosting information found for port 5898aded-6c5b-49e2-96db-59ded4cc709e: RuntimeError: No hosting information found for port 5898aded-6c5b-49e2-96db-59ded4cc709e
2026-05-30 11:11:39.758 7 INFO neutron.db.ovn_revision_numbers_db [None req-b9b8dfc8-b36e-4d8b-82b4-19e485ce7441 - - - - - -] Successfully bumped revision number for resource 5898aded-6c5b-49e2-96db-59ded4cc709e (type: router_ports) to 2
2026-05-30 11:11:39.828 8 INFO neutron.db.ovn_revision_numbers_db [None req-a2920f13-442a-4653-b289-580b87f1220b - - - - - -] Successfully bumped revision number for resource 107b8111-495f-4aea-adb2-7ea8ca5bda40 (type: ports) to 5 [pid: 7|app: 0|req: 624/1222] 199.204.45.116 () {36 vars in 996 bytes} [Sat May 30 11:11:39 2026] DELETE /v2.0/ports/6729f7e3-d5b0-44e0-9b87-1ae1c4faca5f => generated 0 bytes in 732 msecs (HTTP/1.1 204) 3 headers in 131 bytes (1 switches on core 0)
2026-05-30 11:11:39.874 7 INFO neutron.plugins.ml2.drivers.ovn.mech_driver.mech_driver [None req-b9b8dfc8-b36e-4d8b-82b4-19e485ce7441 - - - - - -] OVN reports status down for port: b8c682f9-500a-477a-b778-0bb294662838
2026-05-30 11:11:39.924 7 INFO neutron.notifiers.nova [-] Nova event matching ['req-3772db45-9c58-48f3-b31b-e8e54462e16d'] response: {'server_uuid': '4691e4e9-6e2a-4936-985f-29f23381ccda', 'name': 'network-vif-deleted', 'tag': '6729f7e3-d5b0-44e0-9b87-1ae1c4faca5f', 'status': 'completed', 'code': 200}
2026-05-30 11:11:40.023 7 INFO neutron.plugins.ml2.drivers.ovn.mech_driver.mech_driver [None req-b9b8dfc8-b36e-4d8b-82b4-19e485ce7441 - - - - - -] OVN reports status down for port: 84d37e28-6329-4a35-90f1-44c6f3f3735f
2026-05-30 11:11:40.164 8 WARNING neutron.scheduler.dhcp_agent_scheduler [None req-809df55e-0418-455a-a033-dc3311b79540 a56fbed4ecfd4f3d9569df523ce8ecf0 6c3185b9b3f94aacb175ad76203425de - - default default] No more DHCP agents
2026-05-30 11:11:40.168 8 WARNING neutron.api.rpc.agentnotifiers.dhcp_rpc_agent_api [None req-809df55e-0418-455a-a033-dc3311b79540 a56fbed4ecfd4f3d9569df523ce8ecf0 6c3185b9b3f94aacb175ad76203425de - - default default] Unable to schedule network 3deb6e4c-5d54-41d3-92d1-06d9acd7eb62: no agents available; will retry on subsequent port and subnet creation events.
2026-05-30 11:11:40.169 7 INFO neutron.db.ovn_revision_numbers_db [None req-93908819-f416-42a5-83d0-e38f1368f2c0 8b940b35df5f453b98e1879bdbf90ceb 4007535de1004f9bb62671102e6b29fc - - default default] Successfully bumped revision number for resource 1cc7dcdb-dcf7-4522-98cb-c77cc331a0a5 (type: networks) to 2
2026-05-30 11:11:40.176 7 WARNING neutron.plugins.ml2.drivers.ovn.mech_driver.ovsdb.ovn_client [None req-b9b8dfc8-b36e-4d8b-82b4-19e485ce7441 - - - - - -] Logical_Switch_Port 84d37e28-6329-4a35-90f1-44c6f3f3735f host information not removed, the port state is up
2026-05-30 11:11:40.180 7 INFO neutron.plugins.ml2.drivers.ovn.mech_driver.mech_driver [None req-b9b8dfc8-b36e-4d8b-82b4-19e485ce7441 - - - - - -] OVN reports status up for port: 84d37e28-6329-4a35-90f1-44c6f3f3735f [pid: 7|app: 0|req: 625/1223] 10.0.0.249 () {34 vars in 742 bytes} [Sat May 30 11:11:39 2026] PUT /v2.0/networks/1cc7dcdb-dcf7-4522-98cb-c77cc331a0a5 => generated 636 bytes in 313 msecs (HTTP/1.1 200) 4 headers in 157 bytes (1 switches on core 0)
2026-05-30 11:11:40.208 7 INFO neutron.plugins.ml2.plugin [None req-b9b8dfc8-b36e-4d8b-82b4-19e485ce7441 - - - - - -] Attempt 1 to provision port 84d37e28-6329-4a35-90f1-44c6f3f3735f [pid: 7|app: 0|req: 626/1224] 199.204.45.116 () {34 vars in 1011 bytes} [Sat May 30 11:11:40 2026] GET /v2.0/networks/af12f197-5429-434c-bfb6-921122712712?fields=segments => generated 14 bytes in 95 msecs (HTTP/1.1 200) 4 headers in 156 bytes (1 switches on core 0) [pid: 7|app: 0|req: 627/1225] 10.0.0.135 () {28 vars in 578 bytes} [Sat May 30 11:11:40 2026] GET /v2.0/ports => generated 21010 bytes in 270 msecs (HTTP/1.1 200) 4 headers in 159 bytes (1 switches on core 0) [pid: 7|app: 0|req: 628/1226] 10.0.0.144 () {34 vars in 989 bytes} [Sat May 30 11:11:40 2026] GET /v2.0/ports?device_id=4691e4e9-6e2a-4936-985f-29f23381ccda => generated 12 bytes in 30 msecs (HTTP/1.1 200) 4 headers in 156 bytes (1 switches on core 0)
2026-05-30 11:11:40.749 8 INFO neutron.db.ovn_revision_numbers_db [None req-809df55e-0418-455a-a033-dc3311b79540 a56fbed4ecfd4f3d9569df523ce8ecf0 6c3185b9b3f94aacb175ad76203425de - - default default] Successfully bumped revision number for resource 84d37e28-6329-4a35-90f1-44c6f3f3735f (type: router_ports) to 1 [pid: 8|app: 0|req: 599/1227] 10.0.0.249 () {34 vars in 782 bytes} [Sat May 30 11:11:37 2026] PUT /v2.0/routers/ac0ea5d0-0b87-457c-9e37-e4b4895ec288/add_router_interface => generated 309 bytes in 3606 msecs (HTTP/1.1 200) 4 headers in 157 bytes (1 switches on core 0) /var/lib/openstack/lib/python3.12/site-packages/pycadf/identifier.py:70: UserWarning: Invalid uuid: neutron. To ensure interoperability, identifiers should be a valid uuid. warnings.warn(('Invalid uuid: %s. To ensure interoperability, '
2026-05-30 11:11:40.934 7 INFO neutron.db.ovn_revision_numbers_db [None req-0c734a6b-8658-4f1a-b1ec-49cdbcf6e8e1 b4002423b86e4f848c9d2312e602be39 e2dd9300c00f4d8c9bfd83585871d387 - - default default] Successfully bumped revision number for resource 12a7ffb6-da74-40c1-b725-d76c87c36c60 (type: security_groups) to 1
2026-05-30 11:11:40.964 7 INFO neutron.db.ovn_revision_numbers_db [None req-0c734a6b-8658-4f1a-b1ec-49cdbcf6e8e1 b4002423b86e4f848c9d2312e602be39 e2dd9300c00f4d8c9bfd83585871d387 - - default default] Successfully bumped revision number for resource 28a1dd46-49bf-41df-9249-5196caf17c95 (type: security_group_rules) to 0
2026-05-30 11:11:40.989 8 WARNING neutron.scheduler.dhcp_agent_scheduler [None req-20d1a402-848f-48e5-8dc1-961168039c95 8b940b35df5f453b98e1879bdbf90ceb 4007535de1004f9bb62671102e6b29fc - - default default] No more DHCP agents
2026-05-30 11:11:40.991 8 WARNING neutron.api.rpc.agentnotifiers.dhcp_rpc_agent_api [None req-20d1a402-848f-48e5-8dc1-961168039c95 8b940b35df5f453b98e1879bdbf90ceb 4007535de1004f9bb62671102e6b29fc - - default default] Unable to schedule network 1cc7dcdb-dcf7-4522-98cb-c77cc331a0a5: no agents available; will retry on subsequent port and subnet creation events.
2026-05-30 11:11:41.008 7 INFO neutron.db.ovn_revision_numbers_db [None req-0c734a6b-8658-4f1a-b1ec-49cdbcf6e8e1 b4002423b86e4f848c9d2312e602be39 e2dd9300c00f4d8c9bfd83585871d387 - - default default] Successfully bumped revision number for resource c916225c-79b7-41da-97de-e026107e38c4 (type: security_group_rules) to 0 [pid: 7|app: 0|req: 629/1228] 10.0.0.249 () {34 vars in 684 bytes} [Sat May 30 11:11:40 2026] POST /v2.0/security-groups => generated 1660 bytes in 512 msecs (HTTP/1.1 201) 4 headers in 163 bytes (1 switches on core 0) [pid: 7|app: 0|req: 630/1229] 199.204.45.116 () {34 vars in 1111 bytes} [Sat May 30 11:11:41 2026] GET /v2.0/networks/af12f197-5429-434c-bfb6-921122712712?fields=provider%3Aphysical_network&fields=provider%3Anetwork_type => generated 79 bytes in 139 msecs (HTTP/1.1 200) 4 headers in 156 bytes (1 switches on core 0)
2026-05-30 11:11:41.265 7 INFO neutron.db.ovn_revision_numbers_db [None req-b9b8dfc8-b36e-4d8b-82b4-19e485ce7441 - - - - - -] Successfully bumped revision number for resource 84d37e28-6329-4a35-90f1-44c6f3f3735f (type: ports) to 2 [pid: 7|app: 0|req: 631/1230] 10.0.0.135 () {28 vars in 584 bytes} [Sat May 30 11:11:41 2026] GET /v2.0/networks => generated 7027 bytes in 124 msecs (HTTP/1.1 200) 4 headers in 158 bytes (1 switches on core 0)
2026-05-30 11:11:41.492 8 INFO neutron.db.ovn_revision_numbers_db [None req-54bc5a58-bf67-4eb1-aadf-077ac85baa95 - - - - - -] Successfully bumped revision number for resource 51a24d3c-7cdd-405d-927e-097ec436de9a (type: ports) to 2
2026-05-30 11:11:41.535 8 INFO neutron.db.ovn_revision_numbers_db [None req-54bc5a58-bf67-4eb1-aadf-077ac85baa95 - - - - - -] Successfully bumped revision number for resource 6d8773fc-1b20-4ff6-b9d1-fb5d45414b1e (type: subnets) to 0
2026-05-30 11:11:41.554 7 INFO neutron.db.ovn_revision_numbers_db [None req-66b08deb-2e4e-4c6c-aa22-1d9d9e71800a b4002423b86e4f848c9d2312e602be39 e2dd9300c00f4d8c9bfd83585871d387 - - default default] Successfully bumped revision number for resource 418804b5-0301-405f-a1d3-5d4135f80b5f (type: security_group_rules) to 0 [pid: 8|app: 0|req: 600/1231] 10.0.0.249 () {34 vars in 668 bytes} [Sat May 30 11:11:40 2026] POST /v2.0/subnets => generated 626 bytes in 801 msecs (HTTP/1.1 201) 4 headers in 162 bytes (1 switches on core 0) [pid: 8|app: 0|req: 601/1232] 10.0.0.135 () {28 vars in 580 bytes} [Sat May 30 11:11:41 2026] GET /v2.0/agents => generated 1214 bytes in 20 msecs (HTTP/1.1 200) 4 headers in 158 bytes (1 switches on core 0) [pid: 7|app: 0|req: 632/1233] 10.0.0.249 () {34 vars in 694 bytes} [Sat May 30 11:11:41 2026] POST /v2.0/security-group-rules => generated 597 bytes in 258 msecs (HTTP/1.1 201) 4 headers in 162 bytes (1 switches on core 0) [pid: 7|app: 0|req: 633/1234] 10.0.0.135 () {28 vars in 618 bytes} [Sat May 30 11:11:41 2026] GET /v2.0/network-ip-availabilities => generated 3815 bytes in 26 msecs (HTTP/1.1 200) 4 headers in 158 bytes (1 switches on core 0)
2026-05-30 11:11:41.806 7 INFO neutron.db.ovn_revision_numbers_db [None req-58a41b8a-fc20-4605-95d5-aafd99eaa6ee b4002423b86e4f848c9d2312e602be39 e2dd9300c00f4d8c9bfd83585871d387 - - default default] Successfully bumped revision number for resource 69952511-f3aa-4871-9498-a84cf70fea0d (type: security_group_rules) to 0 [pid: 7|app: 0|req: 634/1235] 10.0.0.249 () {34 vars in 694 bytes} [Sat May 30 11:11:41 2026] POST /v2.0/security-group-rules => generated 602 bytes in 204 msecs (HTTP/1.1 201) 4 headers in 162 bytes (1 switches on core 0) [pid: 7|app: 0|req: 635/1236] 10.0.0.135 () {28 vars in 598 bytes} [Sat May 30 11:11:41 2026] GET /v2.0/security-groups => generated 42994 bytes in 63 msecs (HTTP/1.1 200) 4 headers in 159 bytes (1 switches on core 0)
2026-05-30 11:11:41.920 8 INFO neutron.db.ovn_revision_numbers_db [None req-2a55881f-b07b-458d-8f00-c7718918d0af 8b940b35df5f453b98e1879bdbf90ceb 4007535de1004f9bb62671102e6b29fc - - default default] Successfully bumped revision number for resource 6d8773fc-1b20-4ff6-b9d1-fb5d45414b1e (type: subnets) to 1 [pid: 8|app: 0|req: 602/1237] 10.0.0.249 () {34 vars in 740 bytes} [Sat May 30 11:11:41 2026] PUT /v2.0/subnets/6d8773fc-1b20-4ff6-b9d1-fb5d45414b1e => generated 636 bytes in 343 msecs (HTTP/1.1 200) 4 headers in 157 bytes (1 switches on core 0) [pid: 7|app: 0|req: 636/1238] 10.0.0.144 () {34 vars in 989 bytes} [Sat May 30 11:11:41 2026] GET /v2.0/ports?device_id=4691e4e9-6e2a-4936-985f-29f23381ccda => generated 12 bytes in 26 msecs (HTTP/1.1 200) 4 headers in 156 bytes (1 switches on core 0) [pid: 8|app: 0|req: 603/1239] 10.0.0.144 () {34 vars in 981 bytes} [Sat May 30 11:11:41 2026] GET /v2.0/networks?id=3deb6e4c-5d54-41d3-92d1-06d9acd7eb62 => generated 715 bytes in 54 msecs (HTTP/1.1 200) 4 headers in 157 bytes (1 switches on core 0) [pid: 8|app: 0|req: 604/1240] 10.0.0.135 () {28 vars in 582 bytes} [Sat May 30 11:11:41 2026] GET /v2.0/subnets => generated 5313 bytes in 55 msecs (HTTP/1.1 200) 4 headers in 158 bytes (1 switches on core 0)
2026-05-30 11:11:42.168 7 WARNING neutron.scheduler.dhcp_agent_scheduler [None req-5323ebb0-122b-446c-83da-a5cf15bf0ea9 b4002423b86e4f848c9d2312e602be39 e2dd9300c00f4d8c9bfd83585871d387 - - default default] No more DHCP agents
2026-05-30 11:11:42.169 7 WARNING neutron.api.rpc.agentnotifiers.dhcp_rpc_agent_api [None req-5323ebb0-122b-446c-83da-a5cf15bf0ea9 b4002423b86e4f848c9d2312e602be39 e2dd9300c00f4d8c9bfd83585871d387 - - default default] Unable to schedule network 0d58ed98-a190-40d4-b83c-e9a932bc3f9d: no agents available; will retry on subsequent port and subnet creation events.
2026-05-30 11:11:42.180 8 INFO neutron_taas.services.taas.taas_plugin [None req-0ca09984-cdc5-455e-8666-91e94580f3c8 8b940b35df5f453b98e1879bdbf90ceb 4007535de1004f9bb62671102e6b29fc - - default default] TaaS: Handle Delete Port: 51a24d3c-7cdd-405d-927e-097ec436de9a
2026-05-30 11:11:42.183 8 INFO neutron_taas.services.taas.tap_mirror_plugin [None req-0ca09984-cdc5-455e-8666-91e94580f3c8 8b940b35df5f453b98e1879bdbf90ceb 4007535de1004f9bb62671102e6b29fc - - default default] Tap Mirror: Handle Delete Port: 51a24d3c-7cdd-405d-927e-097ec436de9a [pid: 7|app: 0|req: 637/1241] 10.0.0.249 () {34 vars in 675 bytes} [Sat May 30 11:11:41 2026] POST /v2.0/floatingips => generated 552 bytes in 569 msecs (HTTP/1.1 201) 4 headers in 162 bytes (1 switches on core 0) [pid: 7|app: 0|req: 638/1242] 10.0.0.144 () {34 vars in 964 bytes} [Sat May 30 11:11:42 2026] GET /v2.0/quotas/6d1a9a511d25472387b9c1cf0dd8567e => generated 292 bytes in 14 msecs (HTTP/1.1 200) 4 headers in 157 bytes (1 switches on core 0)
2026-05-30 11:11:42.529 8 INFO neutron.services.segments.plugin [-] Segment 7d79d01f-cb0a-42b7-86d4-059161e534f6 resource provider aggregate not found
2026-05-30 11:11:42.535 8 INFO neutron.services.segments.plugin [-] Segment 7d79d01f-cb0a-42b7-86d4-059161e534f6 resource provider aggregate not found
2026-05-30 11:11:42.555 8 INFO neutron.services.segments.plugin [-] Segment 7d79d01f-cb0a-42b7-86d4-059161e534f6 resource provider not found; error: Placement Client Error (4xx): {"errors": [{"status": 404, "title": "Not Found", "detail": "The resource could not be found.\n\n No resource provider with uuid 7d79d01f-cb0a-42b7-86d4-059161e534f6 found for delete ", "request_id": "req-a987be66-6177-46b2-9919-0f9718260de7"}]}
2026-05-30 11:11:42.560 8 INFO neutron.services.segments.plugin [-] Segment 7d79d01f-cb0a-42b7-86d4-059161e534f6 resource provider not found; error: Placement Client Error (4xx): {"errors": [{"status": 404, "title": "Not Found", "detail": "The resource could not be found.\n\n No resource provider with uuid 7d79d01f-cb0a-42b7-86d4-059161e534f6 found for delete ", "request_id": "req-3bd132df-3dff-4e05-b038-36ac2bfd033f"}]} [pid: 8|app: 0|req: 605/1243] 10.0.0.249 () {32 vars in 725 bytes} [Sat May 30 11:11:42 2026] DELETE /v2.0/networks/1cc7dcdb-dcf7-4522-98cb-c77cc331a0a5 => generated 0 bytes in 544 msecs (HTTP/1.1 204) 3 headers in 131 bytes (1 switches on core 0) [pid: 7|app: 0|req: 639/1244] 10.0.0.135 () {28 vars in 582 bytes} [Sat May 30 11:11:42 2026] GET /v2.0/routers => generated 3861 bytes in 101 msecs (HTTP/1.1 200) 4 headers in 158 bytes (1 switches on core 0)
