2026-05-30 11:13:21.821 8 INFO neutron.api.v2.resource [None req-b5ee90aa-315b-4755-9542-5564a4244033 b5b6093554ee4998949a8f762003e2bc e9d452ccedf74328a6ac25114cee9b14 - - default default] delete failed (client error): The resource could not be found. [pid: 8|app: 0|req: 1034/1977] 10.0.0.249 () {32 vars in 745 bytes} [Sat May 30 11:13:21 2026] DELETE /v2.0/routers/459c3787-f6a6-43e9-a425-a47b126cafad/tags/green => generated 99 bytes in 125 msecs (HTTP/1.1 404) 4 headers in 163 bytes (1 switches on core 0) [pid: 7|app: 0|req: 944/1978] 10.0.0.40 () {30 vars in 722 bytes} [Sat May 30 11:13:21 2026] GET /v2.0/quotas/61f72cd618334113b1e34ff701a252a6/details => generated 847 bytes in 144 msecs (HTTP/1.1 200) 4 headers in 157 bytes (1 switches on core 0) [pid: 8|app: 0|req: 1035/1979] 10.0.0.249 () {32 vars in 733 bytes} [Sat May 30 11:13:21 2026] DELETE /v2.0/routers/459c3787-f6a6-43e9-a425-a47b126cafad/tags => generated 0 bytes in 117 msecs (HTTP/1.1 204) 2 headers in 112 bytes (1 switches on core 0) [pid: 7|app: 0|req: 945/1980] 10.0.0.249 () {32 vars in 730 bytes} [Sat May 30 11:13:21 2026] GET /v2.0/routers/459c3787-f6a6-43e9-a425-a47b126cafad/tags => generated 12 bytes in 86 msecs (HTTP/1.1 200) 4 headers in 156 bytes (1 switches on core 0) [pid: 8|app: 0|req: 1036/1981] 10.0.0.249 () {32 vars in 720 bytes} [Sat May 30 11:13:22 2026] GET /v2.0/routers/459c3787-f6a6-43e9-a425-a47b126cafad => generated 576 bytes in 36 msecs (HTTP/1.1 200) 4 headers in 157 bytes (1 switches on core 0)
2026-05-30 11:13:22.461 7 INFO neutron.db.ovn_revision_numbers_db [None req-188ee501-38b7-4729-aa6f-95646102f217 b5b6093554ee4998949a8f762003e2bc e9d452ccedf74328a6ac25114cee9b14 - - default default] Successfully bumped revision number for resource 459c3787-f6a6-43e9-a425-a47b126cafad (type: routers) to 7 [pid: 7|app: 0|req: 946/1982] 10.0.0.249 () {34 vars in 741 bytes} [Sat May 30 11:13:22 2026] PUT /v2.0/routers/459c3787-f6a6-43e9-a425-a47b126cafad => generated 576 bytes in 384 msecs (HTTP/1.1 200) 4 headers in 157 bytes (1 switches on core 0) [pid: 8|app: 0|req: 1037/1983] 10.0.0.249 () {32 vars in 735 bytes} [Sat May 30 11:13:22 2026] GET /v2.0/ports?device_id=459c3787-f6a6-43e9-a425-a47b126cafad => generated 12 bytes in 24 msecs (HTTP/1.1 200) 4 headers in 156 bytes (1 switches on core 0) [pid: 7|app: 0|req: 947/1984] 10.0.0.249 () {32 vars in 723 bytes} [Sat May 30 11:13:22 2026] DELETE /v2.0/routers/459c3787-f6a6-43e9-a425-a47b126cafad => generated 0 bytes in 230 msecs (HTTP/1.1 204) 2 headers in 112 bytes (1 switches on core 0)
2026-05-30 11:13:23.186 8 INFO neutron.db.ovn_revision_numbers_db [None req-0fb5ca02-73d2-4ede-8c1f-9dfb77b6bd48 80f820f965224ab4ada6c91f65aac922 eede9305b7b04807adc9c832634506bd - - default default] Successfully bumped revision number for resource 6a48f006-1713-43c8-a312-e5b899eae134 (type: security_groups) to 1
2026-05-30 11:13:23.202 8 INFO neutron.db.ovn_revision_numbers_db [None req-0fb5ca02-73d2-4ede-8c1f-9dfb77b6bd48 80f820f965224ab4ada6c91f65aac922 eede9305b7b04807adc9c832634506bd - - default default] Successfully bumped revision number for resource 34622684-b535-4cfa-9cfc-a7451d51ec84 (type: security_group_rules) to 0
2026-05-30 11:13:23.215 8 INFO neutron.db.ovn_revision_numbers_db [None req-0fb5ca02-73d2-4ede-8c1f-9dfb77b6bd48 80f820f965224ab4ada6c91f65aac922 eede9305b7b04807adc9c832634506bd - - default default] Successfully bumped revision number for resource 632eb0ce-7537-4bb1-a43c-80430bc42f04 (type: security_group_rules) to 0
2026-05-30 11:13:23.229 8 INFO neutron.db.ovn_revision_numbers_db [None req-0fb5ca02-73d2-4ede-8c1f-9dfb77b6bd48 80f820f965224ab4ada6c91f65aac922 eede9305b7b04807adc9c832634506bd - - default default] Successfully bumped revision number for resource 79c26c30-e1a3-4142-a70d-608cd6d3979e (type: security_group_rules) to 0
2026-05-30 11:13:23.243 8 INFO neutron.db.ovn_revision_numbers_db [None req-0fb5ca02-73d2-4ede-8c1f-9dfb77b6bd48 80f820f965224ab4ada6c91f65aac922 eede9305b7b04807adc9c832634506bd - - default default] Successfully bumped revision number for resource aa0e4fa7-8331-4bef-80ed-5ba0caea4129 (type: security_group_rules) to 0
2026-05-30 11:13:23.327 8 INFO neutron.db.segments_db [None req-0fb5ca02-73d2-4ede-8c1f-9dfb77b6bd48 80f820f965224ab4ada6c91f65aac922 eede9305b7b04807adc9c832634506bd - - default default] Added segment 7fde903c-5b05-48eb-8331-3ca32dd182ce of type geneve for network a6315a16-27d6-4c05-8d8d-9f30c393faa1
2026-05-30 11:13:23.423 7 INFO neutron.db.ovn_revision_numbers_db [None req-7f399120-305e-4765-983e-df5e332e3962 6c5c5f63ac884d77885e9fe37fb12d0f 14cfba59c6e54876b249280e6e77bf46 - - default default] Successfully bumped revision number for resource fa991143-6cd6-49cc-b29a-2368a8a782e0 (type: security_groups) to 1
2026-05-30 11:13:23.437 7 INFO neutron.db.ovn_revision_numbers_db [None req-7f399120-305e-4765-983e-df5e332e3962 6c5c5f63ac884d77885e9fe37fb12d0f 14cfba59c6e54876b249280e6e77bf46 - - default default] Successfully bumped revision number for resource 52727504-0ad9-47cb-96e9-06486639eab7 (type: security_group_rules) to 0
2026-05-30 11:13:23.458 7 INFO neutron.db.ovn_revision_numbers_db [None req-7f399120-305e-4765-983e-df5e332e3962 6c5c5f63ac884d77885e9fe37fb12d0f 14cfba59c6e54876b249280e6e77bf46 - - default default] Successfully bumped revision number for resource 87b4820e-56f1-45ac-aca7-0ab4b1e0e7ea (type: security_group_rules) to 0
2026-05-30 11:13:23.476 8 INFO neutron.db.ovn_revision_numbers_db [None req-0fb5ca02-73d2-4ede-8c1f-9dfb77b6bd48 80f820f965224ab4ada6c91f65aac922 eede9305b7b04807adc9c832634506bd - - default default] Successfully bumped revision number for resource a6315a16-27d6-4c05-8d8d-9f30c393faa1 (type: networks) to 1
2026-05-30 11:13:23.477 7 INFO neutron.db.ovn_revision_numbers_db [None req-7f399120-305e-4765-983e-df5e332e3962 6c5c5f63ac884d77885e9fe37fb12d0f 14cfba59c6e54876b249280e6e77bf46 - - default default] Successfully bumped revision number for resource a625af11-0619-4f7b-911d-f3d8bc4918e1 (type: security_group_rules) to 0
2026-05-30 11:13:23.494 7 INFO neutron.db.ovn_revision_numbers_db [None req-7f399120-305e-4765-983e-df5e332e3962 6c5c5f63ac884d77885e9fe37fb12d0f 14cfba59c6e54876b249280e6e77bf46 - - default default] Successfully bumped revision number for resource d22509e4-152b-4a7d-992b-5a4f20d5652a (type: security_group_rules) to 0
2026-05-30 11:13:23.597 7 INFO neutron.db.segments_db [None req-7f399120-305e-4765-983e-df5e332e3962 6c5c5f63ac884d77885e9fe37fb12d0f 14cfba59c6e54876b249280e6e77bf46 - - default default] Added segment 3c4ca8cd-822d-4fc0-b37d-4d5a3e575e9a of type geneve for network dbf9e92c-9d7c-44c0-a4bc-fea4ac2e8331
2026-05-30 11:13:23.655 8 WARNING neutron.scheduler.dhcp_agent_scheduler [None req-0fb5ca02-73d2-4ede-8c1f-9dfb77b6bd48 80f820f965224ab4ada6c91f65aac922 eede9305b7b04807adc9c832634506bd - - default default] No more DHCP agents
2026-05-30 11:13:23.656 8 WARNING neutron.api.rpc.agentnotifiers.dhcp_rpc_agent_api [None req-0fb5ca02-73d2-4ede-8c1f-9dfb77b6bd48 80f820f965224ab4ada6c91f65aac922 eede9305b7b04807adc9c832634506bd - - default default] Unable to schedule network a6315a16-27d6-4c05-8d8d-9f30c393faa1: no agents available; will retry on subsequent port and subnet creation events.
2026-05-30 11:13:23.716 8 INFO neutron.plugins.ml2.drivers.ovn.mech_driver.mech_driver [None req-e96b8cf7-40aa-446b-89f2-519d9d4a5e93 - - - - - -] OVN reports status down for port: 2cf1f1a9-faa7-40db-8a48-e3b68d4669af
2026-05-30 11:13:23.726 7 INFO neutron.db.segments_db [None req-7f399120-305e-4765-983e-df5e332e3962 6c5c5f63ac884d77885e9fe37fb12d0f 14cfba59c6e54876b249280e6e77bf46 - - default default] Added segment d3ea6878-c145-49b9-af29-7d7cd0c5cf5a of type geneve for network 5fcf9a3b-df36-4862-8f88-c346a4b627a6
2026-05-30 11:13:23.783 8 INFO neutron.db.ovn_revision_numbers_db [None req-0fb5ca02-73d2-4ede-8c1f-9dfb77b6bd48 80f820f965224ab4ada6c91f65aac922 eede9305b7b04807adc9c832634506bd - - default default] Successfully bumped revision number for resource 2cf1f1a9-faa7-40db-8a48-e3b68d4669af (type: ports) to 1 [pid: 8|app: 0|req: 1038/1985] 10.0.0.249 () {34 vars in 669 bytes} [Sat May 30 11:13:22 2026] POST /v2.0/networks => generated 687 bytes in 990 msecs (HTTP/1.1 201) 4 headers in 162 bytes (1 switches on core 0)
2026-05-30 11:13:23.894 7 INFO neutron.db.ovn_revision_numbers_db [None req-7f399120-305e-4765-983e-df5e332e3962 6c5c5f63ac884d77885e9fe37fb12d0f 14cfba59c6e54876b249280e6e77bf46 - - default default] Successfully bumped revision number for resource dbf9e92c-9d7c-44c0-a4bc-fea4ac2e8331 (type: networks) to 1
2026-05-30 11:13:24.091 8 INFO neutron.db.ovn_revision_numbers_db [None req-0d268eec-6337-48e3-9ec8-57f0de8a9de7 a56fbed4ecfd4f3d9569df523ce8ecf0 6c3185b9b3f94aacb175ad76203425de - - default default] Successfully bumped revision number for resource 012ddcb5-12a5-4344-bfa3-2532e8a96c73 (type: security_groups) to 1
2026-05-30 11:13:24.093 7 WARNING neutron.scheduler.dhcp_agent_scheduler [None req-7f399120-305e-4765-983e-df5e332e3962 6c5c5f63ac884d77885e9fe37fb12d0f 14cfba59c6e54876b249280e6e77bf46 - - default default] No more DHCP agents
2026-05-30 11:13:24.095 7 WARNING neutron.api.rpc.agentnotifiers.dhcp_rpc_agent_api [None req-7f399120-305e-4765-983e-df5e332e3962 6c5c5f63ac884d77885e9fe37fb12d0f 14cfba59c6e54876b249280e6e77bf46 - - default default] Unable to schedule network dbf9e92c-9d7c-44c0-a4bc-fea4ac2e8331: no agents available; will retry on subsequent port and subnet creation events.
2026-05-30 11:13:24.106 8 INFO neutron.db.ovn_revision_numbers_db [None req-0d268eec-6337-48e3-9ec8-57f0de8a9de7 a56fbed4ecfd4f3d9569df523ce8ecf0 6c3185b9b3f94aacb175ad76203425de - - default default] Successfully bumped revision number for resource 8f51f1c6-06f7-4e2c-809f-4bdb2551a578 (type: security_group_rules) to 0
2026-05-30 11:13:24.121 8 INFO neutron.db.ovn_revision_numbers_db [None req-0d268eec-6337-48e3-9ec8-57f0de8a9de7 a56fbed4ecfd4f3d9569df523ce8ecf0 6c3185b9b3f94aacb175ad76203425de - - default default] Successfully bumped revision number for resource 9353a7c5-3f8e-439c-9fa9-deceff13f59f (type: security_group_rules) to 0
2026-05-30 11:13:24.151 8 INFO neutron.db.ovn_revision_numbers_db [None req-0d268eec-6337-48e3-9ec8-57f0de8a9de7 a56fbed4ecfd4f3d9569df523ce8ecf0 6c3185b9b3f94aacb175ad76203425de - - default default] Successfully bumped revision number for resource ba901628-5b10-4199-bd76-67b447452ec4 (type: security_group_rules) to 0
2026-05-30 11:13:24.153 7 INFO neutron.plugins.ml2.drivers.ovn.mech_driver.mech_driver [None req-a75849ad-ba4a-4154-83b4-35fec4677c6e - - - - - -] OVN reports status down for port: 3cae4be1-24a1-40b7-9296-57572108e20f
2026-05-30 11:13:24.170 8 INFO neutron.db.ovn_revision_numbers_db [None req-0d268eec-6337-48e3-9ec8-57f0de8a9de7 a56fbed4ecfd4f3d9569df523ce8ecf0 6c3185b9b3f94aacb175ad76203425de - - default default] Successfully bumped revision number for resource e6ef1c2e-bac8-474a-9470-052a3d41e1a5 (type: security_group_rules) to 0 [pid: 8|app: 0|req: 1039/1986] 10.0.0.249 () {32 vars in 773 bytes} [Sat May 30 11:13:23 2026] GET /v2.0/security-groups?tenant_id=e9d452ccedf74328a6ac25114cee9b14&name=default => generated 2925 bytes in 381 msecs (HTTP/1.1 200) 4 headers in 158 bytes (1 switches on core 0)
2026-05-30 11:13:24.229 7 INFO neutron.db.ovn_revision_numbers_db [None req-7f399120-305e-4765-983e-df5e332e3962 6c5c5f63ac884d77885e9fe37fb12d0f 14cfba59c6e54876b249280e6e77bf46 - - default default] Successfully bumped revision number for resource 3cae4be1-24a1-40b7-9296-57572108e20f (type: ports) to 1
2026-05-30 11:13:24.350 7 INFO neutron.db.ovn_revision_numbers_db [None req-7f399120-305e-4765-983e-df5e332e3962 6c5c5f63ac884d77885e9fe37fb12d0f 14cfba59c6e54876b249280e6e77bf46 - - default default] Successfully bumped revision number for resource 5fcf9a3b-df36-4862-8f88-c346a4b627a6 (type: networks) to 1
2026-05-30 11:13:24.474 8 WARNING neutron.scheduler.dhcp_agent_scheduler [None req-aabfa30c-95d7-42be-b0e3-b9e6ee64ab00 80f820f965224ab4ada6c91f65aac922 eede9305b7b04807adc9c832634506bd - - default default] No more DHCP agents
2026-05-30 11:13:24.475 8 WARNING neutron.api.rpc.agentnotifiers.dhcp_rpc_agent_api [None req-aabfa30c-95d7-42be-b0e3-b9e6ee64ab00 80f820f965224ab4ada6c91f65aac922 eede9305b7b04807adc9c832634506bd - - default default] Unable to schedule network a6315a16-27d6-4c05-8d8d-9f30c393faa1: no agents available; will retry on subsequent port and subnet creation events.
2026-05-30 11:13:24.541 8 INFO neutron.plugins.ml2.drivers.ovn.mech_driver.mech_driver [None req-e96b8cf7-40aa-446b-89f2-519d9d4a5e93 - - - - - -] OVN reports status down for port: d2c75fd3-dc2e-429a-b9b1-c178cd9bd3e1
2026-05-30 11:13:24.589 7 WARNING neutron.scheduler.dhcp_agent_scheduler [None req-7f399120-305e-4765-983e-df5e332e3962 6c5c5f63ac884d77885e9fe37fb12d0f 14cfba59c6e54876b249280e6e77bf46 - - default default] No more DHCP agents
2026-05-30 11:13:24.591 7 WARNING neutron.api.rpc.agentnotifiers.dhcp_rpc_agent_api [None req-7f399120-305e-4765-983e-df5e332e3962 6c5c5f63ac884d77885e9fe37fb12d0f 14cfba59c6e54876b249280e6e77bf46 - - default default] Unable to schedule network 5fcf9a3b-df36-4862-8f88-c346a4b627a6: no agents available; will retry on subsequent port and subnet creation events.
2026-05-30 11:13:24.606 8 INFO neutron.db.ovn_revision_numbers_db [None req-aabfa30c-95d7-42be-b0e3-b9e6ee64ab00 80f820f965224ab4ada6c91f65aac922 eede9305b7b04807adc9c832634506bd - - default default] Successfully bumped revision number for resource d2c75fd3-dc2e-429a-b9b1-c178cd9bd3e1 (type: ports) to 1
2026-05-30 11:13:24.683 7 INFO neutron.db.ovn_revision_numbers_db [None req-7f399120-305e-4765-983e-df5e332e3962 6c5c5f63ac884d77885e9fe37fb12d0f 14cfba59c6e54876b249280e6e77bf46 - - default default] Successfully bumped revision number for resource 709fd3fc-0d5c-4d16-b005-787acc1eb303 (type: ports) to 1 [pid: 7|app: 0|req: 948/1987] 10.0.0.249 () {34 vars in 669 bytes} [Sat May 30 11:13:23 2026] POST /v2.0/networks => generated 1322 bytes in 1701 msecs (HTTP/1.1 201) 4 headers in 163 bytes (1 switches on core 0)
2026-05-30 11:13:24.733 8 INFO neutron.plugins.ml2.drivers.ovn.mech_driver.mech_driver [None req-e96b8cf7-40aa-446b-89f2-519d9d4a5e93 - - - - - -] OVN reports status down for port: 709fd3fc-0d5c-4d16-b005-787acc1eb303 [pid: 8|app: 0|req: 1040/1988] 10.0.0.249 () {34 vars in 664 bytes} [Sat May 30 11:13:24 2026] POST /v2.0/ports => generated 779 bytes in 564 msecs (HTTP/1.1 201) 4 headers in 162 bytes (1 switches on core 0) /var/lib/openstack/lib/python3.12/site-packages/pycadf/identifier.py:70: UserWarning: Invalid uuid: neutron. To ensure interoperability, identifiers should be a valid uuid. warnings.warn(('Invalid uuid: %s. To ensure interoperability, ' [pid: 8|app: 0|req: 1041/1989] 10.0.0.249 () {32 vars in 648 bytes} [Sat May 30 11:13:24 2026] GET /v2.0/networks => generated 1971 bytes in 141 msecs (HTTP/1.1 200) 4 headers in 158 bytes (1 switches on core 0) [pid: 7|app: 0|req: 949/1990] 10.0.0.249 () {32 vars in 739 bytes} [Sat May 30 11:13:24 2026] DELETE /v2.0/security-groups/012ddcb5-12a5-4344-bfa3-2532e8a96c73 => generated 0 bytes in 256 msecs (HTTP/1.1 204) 2 headers in 112 bytes (1 switches on core 0)
2026-05-30 11:13:25.020 8 INFO neutron.db.segments_db [None req-07a45f61-3311-4748-87da-25291d8a5777 80f820f965224ab4ada6c91f65aac922 eede9305b7b04807adc9c832634506bd - - default default] Added segment 6a9955e1-de90-4b2f-bcfd-30088b4ca329 of type geneve for network 02763120-13ba-4b04-89f1-fc31a7884350
2026-05-30 11:13:25.124 7 INFO neutron_taas.services.taas.taas_plugin [None req-3838f046-0078-4c04-97ea-0f5f06df0408 6c5c5f63ac884d77885e9fe37fb12d0f 14cfba59c6e54876b249280e6e77bf46 - - default default] TaaS: Handle Delete Port: 3cae4be1-24a1-40b7-9296-57572108e20f
2026-05-30 11:13:25.130 7 INFO neutron_taas.services.taas.tap_mirror_plugin [None req-3838f046-0078-4c04-97ea-0f5f06df0408 6c5c5f63ac884d77885e9fe37fb12d0f 14cfba59c6e54876b249280e6e77bf46 - - default default] Tap Mirror: Handle Delete Port: 3cae4be1-24a1-40b7-9296-57572108e20f
2026-05-30 11:13:25.156 8 INFO neutron.db.ovn_revision_numbers_db [None req-07a45f61-3311-4748-87da-25291d8a5777 80f820f965224ab4ada6c91f65aac922 eede9305b7b04807adc9c832634506bd - - default default] Successfully bumped revision number for resource 02763120-13ba-4b04-89f1-fc31a7884350 (type: networks) to 1
2026-05-30 11:13:25.354 7 INFO neutron.services.segments.plugin [-] Segment 3c4ca8cd-822d-4fc0-b37d-4d5a3e575e9a resource provider aggregate not found
2026-05-30 11:13:25.360 7 INFO neutron.services.segments.plugin [-] Segment 3c4ca8cd-822d-4fc0-b37d-4d5a3e575e9a resource provider aggregate not found
2026-05-30 11:13:25.363 8 WARNING neutron.scheduler.dhcp_agent_scheduler [None req-07a45f61-3311-4748-87da-25291d8a5777 80f820f965224ab4ada6c91f65aac922 eede9305b7b04807adc9c832634506bd - - default default] No more DHCP agents
2026-05-30 11:13:25.364 8 WARNING neutron.api.rpc.agentnotifiers.dhcp_rpc_agent_api [None req-07a45f61-3311-4748-87da-25291d8a5777 80f820f965224ab4ada6c91f65aac922 eede9305b7b04807adc9c832634506bd - - default default] Unable to schedule network 02763120-13ba-4b04-89f1-fc31a7884350: no agents available; will retry on subsequent port and subnet creation events.
2026-05-30 11:13:25.375 7 INFO neutron.services.segments.plugin [-] Segment 3c4ca8cd-822d-4fc0-b37d-4d5a3e575e9a resource provider not found; error: Placement Client Error (4xx): {"errors": [{"status": 404, "title": "Not Found", "detail": "The resource could not be found.\n\n No resource provider with uuid 3c4ca8cd-822d-4fc0-b37d-4d5a3e575e9a found for delete ", "request_id": "req-4ebec25e-64e0-45bb-bdf2-fd8f1ef6d39e"}]}
2026-05-30 11:13:25.386 7 INFO neutron.services.segments.plugin [-] Segment 3c4ca8cd-822d-4fc0-b37d-4d5a3e575e9a resource provider not found; error: Placement Client Error (4xx): {"errors": [{"status": 404, "title": "Not Found", "detail": "The resource could not be found.\n\n No resource provider with uuid 3c4ca8cd-822d-4fc0-b37d-4d5a3e575e9a found for delete ", "request_id": "req-7fe3ba79-a4d9-46af-ad5f-28346335c98e"}]}
2026-05-30 11:13:25.430 8 INFO neutron.plugins.ml2.drivers.ovn.mech_driver.mech_driver [None req-e96b8cf7-40aa-446b-89f2-519d9d4a5e93 - - - - - -] OVN reports status down for port: 4c4feb29-3497-472c-9880-fac04d6da0c3 [pid: 7|app: 0|req: 950/1991] 10.0.0.249 () {32 vars in 725 bytes} [Sat May 30 11:13:24 2026] DELETE /v2.0/networks/dbf9e92c-9d7c-44c0-a4bc-fea4ac2e8331 => generated 0 bytes in 470 msecs (HTTP/1.1 204) 3 headers in 131 bytes (1 switches on core 0)
2026-05-30 11:13:25.499 8 INFO neutron.db.ovn_revision_numbers_db [None req-07a45f61-3311-4748-87da-25291d8a5777 80f820f965224ab4ada6c91f65aac922 eede9305b7b04807adc9c832634506bd - - default default] Successfully bumped revision number for resource 4c4feb29-3497-472c-9880-fac04d6da0c3 (type: ports) to 1 [pid: 8|app: 0|req: 1042/1992] 10.0.0.249 () {34 vars in 669 bytes} [Sat May 30 11:13:24 2026] POST /v2.0/networks => generated 673 bytes in 640 msecs (HTTP/1.1 201) 4 headers in 162 bytes (1 switches on core 0)
2026-05-30 11:13:25.623 7 INFO neutron.db.ovn_revision_numbers_db [None req-b2df6146-02f4-4d08-98fd-1a0f4fcd7113 a56fbed4ecfd4f3d9569df523ce8ecf0 6c3185b9b3f94aacb175ad76203425de - - default default] Successfully bumped revision number for resource 4d310555-4916-455b-b037-0e285df56103 (type: security_groups) to 1
2026-05-30 11:13:25.649 7 INFO neutron.db.ovn_revision_numbers_db [None req-b2df6146-02f4-4d08-98fd-1a0f4fcd7113 a56fbed4ecfd4f3d9569df523ce8ecf0 6c3185b9b3f94aacb175ad76203425de - - default default] Successfully bumped revision number for resource 283534a6-9922-4e38-8523-e35ce32e9f9e (type: security_group_rules) to 0
2026-05-30 11:13:25.664 7 INFO neutron.db.ovn_revision_numbers_db [None req-b2df6146-02f4-4d08-98fd-1a0f4fcd7113 a56fbed4ecfd4f3d9569df523ce8ecf0 6c3185b9b3f94aacb175ad76203425de - - default default] Successfully bumped revision number for resource 2c0860a0-aeaa-46b0-aa65-b3dffd72473f (type: security_group_rules) to 0
2026-05-30 11:13:25.686 7 INFO neutron.db.ovn_revision_numbers_db [None req-b2df6146-02f4-4d08-98fd-1a0f4fcd7113 a56fbed4ecfd4f3d9569df523ce8ecf0 6c3185b9b3f94aacb175ad76203425de - - default default] Successfully bumped revision number for resource 53068611-1f3e-4755-89a2-eb779ac71e9e (type: security_group_rules) to 0
2026-05-30 11:13:25.705 7 INFO neutron.db.ovn_revision_numbers_db [None req-b2df6146-02f4-4d08-98fd-1a0f4fcd7113 a56fbed4ecfd4f3d9569df523ce8ecf0 6c3185b9b3f94aacb175ad76203425de - - default default] Successfully bumped revision number for resource c7092d3e-6e58-4f99-a323-dcd724cb27d9 (type: security_group_rules) to 0 [pid: 7|app: 0|req: 951/1993] 10.0.0.249 () {32 vars in 773 bytes} [Sat May 30 11:13:25 2026] GET /v2.0/security-groups?tenant_id=3dcae4ab7e64413b94bb08889b478274&name=default => generated 2925 bytes in 323 msecs (HTTP/1.1 200) 4 headers in 158 bytes (1 switches on core 0)
2026-05-30 11:13:25.839 8 INFO neutron.db.ovn_revision_numbers_db [None req-72aa0098-86c3-418a-b46e-191f49d0d3d5 a56fbed4ecfd4f3d9569df523ce8ecf0 6c3185b9b3f94aacb175ad76203425de - - default default] Successfully bumped revision number for resource 97dddf2d-567e-4cbf-8ac2-93f8db10129d (type: security_groups) to 1
2026-05-30 11:13:25.855 8 INFO neutron.db.ovn_revision_numbers_db [None req-72aa0098-86c3-418a-b46e-191f49d0d3d5 a56fbed4ecfd4f3d9569df523ce8ecf0 6c3185b9b3f94aacb175ad76203425de - - default default] Successfully bumped revision number for resource 49e74d11-a3f2-4705-9a0e-3590c1cc4e11 (type: security_group_rules) to 0
2026-05-30 11:13:25.871 8 INFO neutron.db.ovn_revision_numbers_db [None req-72aa0098-86c3-418a-b46e-191f49d0d3d5 a56fbed4ecfd4f3d9569df523ce8ecf0 6c3185b9b3f94aacb175ad76203425de - - default default] Successfully bumped revision number for resource ba55e21e-67eb-49bc-855c-b6d1467907d7 (type: security_group_rules) to 0
2026-05-30 11:13:25.882 8 INFO neutron.db.ovn_revision_numbers_db [None req-72aa0098-86c3-418a-b46e-191f49d0d3d5 a56fbed4ecfd4f3d9569df523ce8ecf0 6c3185b9b3f94aacb175ad76203425de - - default default] Successfully bumped revision number for resource ea3527b4-641d-4d8e-ab0f-0a35206d40ce (type: security_group_rules) to 0
2026-05-30 11:13:25.896 8 INFO neutron.db.ovn_revision_numbers_db [None req-72aa0098-86c3-418a-b46e-191f49d0d3d5 a56fbed4ecfd4f3d9569df523ce8ecf0 6c3185b9b3f94aacb175ad76203425de - - default default] Successfully bumped revision number for resource fbd062f6-32c7-4b1e-9a01-4f48666293ca (type: security_group_rules) to 0
2026-05-30 11:13:25.915 7 INFO neutron_taas.services.taas.taas_plugin [None req-1902564b-cfb3-4164-840f-a1369826267d 6c5c5f63ac884d77885e9fe37fb12d0f 14cfba59c6e54876b249280e6e77bf46 - - default default] TaaS: Handle Delete Port: 709fd3fc-0d5c-4d16-b005-787acc1eb303
2026-05-30 11:13:25.919 7 INFO neutron_taas.services.taas.tap_mirror_plugin [None req-1902564b-cfb3-4164-840f-a1369826267d 6c5c5f63ac884d77885e9fe37fb12d0f 14cfba59c6e54876b249280e6e77bf46 - - default default] Tap Mirror: Handle Delete Port: 709fd3fc-0d5c-4d16-b005-787acc1eb303 [pid: 8|app: 0|req: 1043/1994] 10.0.0.249 () {32 vars in 773 bytes} [Sat May 30 11:13:25 2026] GET /v2.0/security-groups?tenant_id=61f72cd618334113b1e34ff701a252a6&name=default => generated 2925 bytes in 381 msecs (HTTP/1.1 200) 4 headers in 158 bytes (1 switches on core 0)
2026-05-30 11:13:26.313 8 WARNING neutron.scheduler.dhcp_agent_scheduler [None req-f36f9ff8-aeef-49a5-9a34-423eeb28dfbd 80f820f965224ab4ada6c91f65aac922 eede9305b7b04807adc9c832634506bd - - default default] No more DHCP agents
2026-05-30 11:13:26.314 8 WARNING neutron.api.rpc.agentnotifiers.dhcp_rpc_agent_api [None req-f36f9ff8-aeef-49a5-9a34-423eeb28dfbd 80f820f965224ab4ada6c91f65aac922 eede9305b7b04807adc9c832634506bd - - default default] Unable to schedule network 02763120-13ba-4b04-89f1-fc31a7884350: no agents available; will retry on subsequent port and subnet creation events. [pid: 7|app: 0|req: 952/1995] 10.0.0.249 () {32 vars in 725 bytes} [Sat May 30 11:13:25 2026] DELETE /v2.0/networks/5fcf9a3b-df36-4862-8f88-c346a4b627a6 => generated 0 bytes in 574 msecs (HTTP/1.1 204) 3 headers in 131 bytes (1 switches on core 0)
2026-05-30 11:13:26.348 8 INFO neutron.db.ovn_revision_numbers_db [None req-f36f9ff8-aeef-49a5-9a34-423eeb28dfbd 80f820f965224ab4ada6c91f65aac922 eede9305b7b04807adc9c832634506bd - - default default] Successfully bumped revision number for resource dc280093-5483-454d-8292-729e346dace5 (type: subnets) to 0 [pid: 8|app: 0|req: 1044/1996] 10.0.0.249 () {34 vars in 668 bytes} [Sat May 30 11:13:25 2026] POST /v2.0/subnets => generated 646 bytes in 428 msecs (HTTP/1.1 201) 4 headers in 162 bytes (1 switches on core 0) [pid: 7|app: 0|req: 953/1997] 10.0.0.249 () {32 vars in 739 bytes} [Sat May 30 11:13:26 2026] DELETE /v2.0/security-groups/4d310555-4916-455b-b037-0e285df56103 => generated 0 bytes in 310 msecs (HTTP/1.1 204) 2 headers in 112 bytes (1 switches on core 0) [pid: 8|app: 0|req: 1045/1998] 10.0.0.249 () {32 vars in 739 bytes} [Sat May 30 11:13:26 2026] DELETE /v2.0/security-groups/97dddf2d-567e-4cbf-8ac2-93f8db10129d => generated 0 bytes in 288 msecs (HTTP/1.1 204) 2 headers in 112 bytes (1 switches on core 0) [pid: 7|app: 0|req: 954/1999] 10.0.0.249 () {32 vars in 648 bytes} [Sat May 30 11:13:26 2026] GET /v2.0/networks => generated 689 bytes in 69 msecs (HTTP/1.1 200) 4 headers in 157 bytes (1 switches on core 0)
2026-05-30 11:13:26.809 7 INFO neutron.db.segments_db [None req-c0e08b85-ad35-4bdd-a1a9-d56273b58131 6c5c5f63ac884d77885e9fe37fb12d0f 14cfba59c6e54876b249280e6e77bf46 - - default default] Added segment e8b56983-d41c-4863-a04e-70be6ca1b079 of type geneve for network d13ea7ad-ce83-4ad7-baed-d0a52a4aeed4
2026-05-30 11:13:26.938 7 INFO neutron.db.ovn_revision_numbers_db [None req-c0e08b85-ad35-4bdd-a1a9-d56273b58131 6c5c5f63ac884d77885e9fe37fb12d0f 14cfba59c6e54876b249280e6e77bf46 - - default default] Successfully bumped revision number for resource d13ea7ad-ce83-4ad7-baed-d0a52a4aeed4 (type: networks) to 1
2026-05-30 11:13:27.006 8 WARNING neutron.scheduler.dhcp_agent_scheduler [None req-143a5c58-67ec-463a-8ee3-d2c7eb920de6 80f820f965224ab4ada6c91f65aac922 eede9305b7b04807adc9c832634506bd - - default default] No more DHCP agents
2026-05-30 11:13:27.008 8 WARNING neutron.api.rpc.agentnotifiers.dhcp_rpc_agent_api [None req-143a5c58-67ec-463a-8ee3-d2c7eb920de6 80f820f965224ab4ada6c91f65aac922 eede9305b7b04807adc9c832634506bd - - default default] Unable to schedule network 02763120-13ba-4b04-89f1-fc31a7884350: no agents available; will retry on subsequent port and subnet creation events.
2026-05-30 11:13:27.115 8 INFO neutron.plugins.ml2.drivers.ovn.mech_driver.mech_driver [None req-e96b8cf7-40aa-446b-89f2-519d9d4a5e93 - - - - - -] OVN reports status down for port: e0cb2bbf-9e36-45d8-821e-013419181e0c
2026-05-30 11:13:27.200 8 INFO neutron.db.ovn_revision_numbers_db [None req-143a5c58-67ec-463a-8ee3-d2c7eb920de6 80f820f965224ab4ada6c91f65aac922 eede9305b7b04807adc9c832634506bd - - default default] Successfully bumped revision number for resource e0cb2bbf-9e36-45d8-821e-013419181e0c (type: ports) to 1
2026-05-30 11:13:27.215 7 WARNING neutron.scheduler.dhcp_agent_scheduler [None req-c0e08b85-ad35-4bdd-a1a9-d56273b58131 6c5c5f63ac884d77885e9fe37fb12d0f 14cfba59c6e54876b249280e6e77bf46 - - default default] No more DHCP agents
2026-05-30 11:13:27.224 7 WARNING neutron.api.rpc.agentnotifiers.dhcp_rpc_agent_api [None req-c0e08b85-ad35-4bdd-a1a9-d56273b58131 6c5c5f63ac884d77885e9fe37fb12d0f 14cfba59c6e54876b249280e6e77bf46 - - default default] Unable to schedule network d13ea7ad-ce83-4ad7-baed-d0a52a4aeed4: no agents available; will retry on subsequent port and subnet creation events. [pid: 8|app: 0|req: 1046/2000] 10.0.0.249 () {34 vars in 664 bytes} [Sat May 30 11:13:26 2026] POST /v2.0/ports => generated 966 bytes in 618 msecs (HTTP/1.1 201) 4 headers in 162 bytes (1 switches on core 0) /var/lib/openstack/lib/python3.12/site-packages/pycadf/identifier.py:70: UserWarning: Invalid uuid: neutron. To ensure interoperability, identifiers should be a valid uuid. warnings.warn(('Invalid uuid: %s. To ensure interoperability, '
2026-05-30 11:13:27.335 8 INFO neutron.plugins.ml2.drivers.ovn.mech_driver.mech_driver [None req-e96b8cf7-40aa-446b-89f2-519d9d4a5e93 - - - - - -] OVN reports status down for port: 50addd56-687c-4b8c-ad05-19ee2c74b363
2026-05-30 11:13:27.350 7 INFO neutron.db.ovn_revision_numbers_db [None req-c0e08b85-ad35-4bdd-a1a9-d56273b58131 6c5c5f63ac884d77885e9fe37fb12d0f 14cfba59c6e54876b249280e6e77bf46 - - default default] Successfully bumped revision number for resource 50addd56-687c-4b8c-ad05-19ee2c74b363 (type: ports) to 1 [pid: 7|app: 0|req: 955/2001] 10.0.0.249 () {34 vars in 669 bytes} [Sat May 30 11:13:26 2026] POST /v2.0/networks => generated 686 bytes in 664 msecs (HTTP/1.1 201) 4 headers in 162 bytes (1 switches on core 0)
2026-05-30 11:13:27.418 7 INFO neutron.services.segments.plugin [-] Segment d3ea6878-c145-49b9-af29-7d7cd0c5cf5a resource provider aggregate not found
2026-05-30 11:13:27.419 7 INFO neutron.services.segments.plugin [-] Segment d3ea6878-c145-49b9-af29-7d7cd0c5cf5a resource provider aggregate not found
2026-05-30 11:13:27.444 7 INFO neutron.services.segments.plugin [-] Segment d3ea6878-c145-49b9-af29-7d7cd0c5cf5a resource provider not found; error: Placement Client Error (4xx): {"errors": [{"status": 404, "title": "Not Found", "detail": "The resource could not be found.\n\n No resource provider with uuid d3ea6878-c145-49b9-af29-7d7cd0c5cf5a found for delete ", "request_id": "req-898d80de-741a-476e-bdcb-78fb14d54756"}]}
2026-05-30 11:13:27.455 7 INFO neutron.services.segments.plugin [-] Segment d3ea6878-c145-49b9-af29-7d7cd0c5cf5a resource provider not found; error: Placement Client Error (4xx): {"errors": [{"status": 404, "title": "Not Found", "detail": "The resource could not be found.\n\n No resource provider with uuid d3ea6878-c145-49b9-af29-7d7cd0c5cf5a found for delete ", "request_id": "req-d89c0924-41cc-40b2-bbb4-b4f7645d7b10"}]}
2026-05-30 11:13:27.541 7 INFO neutron.db.segments_db [None req-22e95c54-cbec-4609-987e-a4af388a526a 6c5c5f63ac884d77885e9fe37fb12d0f 14cfba59c6e54876b249280e6e77bf46 - - default default] Added segment 37cd9248-117f-46fc-ac66-b5c9142c33cc of type geneve for network 65e6bbb9-c185-485b-943b-d91794f348a2
2026-05-30 11:13:27.553 8 INFO neutron_taas.services.taas.taas_plugin [None req-7c2ce551-fed8-4572-9bdd-dda5334695b0 80f820f965224ab4ada6c91f65aac922 eede9305b7b04807adc9c832634506bd - - default default] TaaS: Handle Delete Port: e0cb2bbf-9e36-45d8-821e-013419181e0c
2026-05-30 11:13:27.558 8 INFO neutron_taas.services.taas.tap_mirror_plugin [None req-7c2ce551-fed8-4572-9bdd-dda5334695b0 80f820f965224ab4ada6c91f65aac922 eede9305b7b04807adc9c832634506bd - - default default] Tap Mirror: Handle Delete Port: e0cb2bbf-9e36-45d8-821e-013419181e0c
2026-05-30 11:13:27.684 7 INFO neutron.db.ovn_revision_numbers_db [None req-22e95c54-cbec-4609-987e-a4af388a526a 6c5c5f63ac884d77885e9fe37fb12d0f 14cfba59c6e54876b249280e6e77bf46 - - default default] Successfully bumped revision number for resource 65e6bbb9-c185-485b-943b-d91794f348a2 (type: networks) to 1 [pid: 8|app: 0|req: 1047/2002] 10.0.0.249 () {32 vars in 719 bytes} [Sat May 30 11:13:27 2026] DELETE /v2.0/ports/e0cb2bbf-9e36-45d8-821e-013419181e0c => generated 0 bytes in 455 msecs (HTTP/1.1 204) 3 headers in 131 bytes (1 switches on core 0)
2026-05-30 11:13:27.765 8 INFO neutron.pecan_wsgi.hooks.translation [None req-8c8bbb8d-6b6d-4b8d-adf3-e1caf5d29164 80f820f965224ab4ada6c91f65aac922 eede9305b7b04807adc9c832634506bd - - default default] DELETE failed (client error): The resource could not be found. [pid: 8|app: 0|req: 1048/2003] 10.0.0.249 () {32 vars in 719 bytes} [Sat May 30 11:13:27 2026] DELETE /v2.0/ports/e0cb2bbf-9e36-45d8-821e-013419181e0c => generated 132 bytes in 20 msecs (HTTP/1.1 404) 4 headers in 164 bytes (1 switches on core 0)
2026-05-30 11:13:27.784 8 INFO neutron.pecan_wsgi.hooks.translation [None req-57b36089-888a-45a9-bfc5-87d79926ca69 80f820f965224ab4ada6c91f65aac922 eede9305b7b04807adc9c832634506bd - - default default] GET failed (client error): The resource could not be found. [pid: 8|app: 0|req: 1049/2004] 10.0.0.249 () {32 vars in 716 bytes} [Sat May 30 11:13:27 2026] GET /v2.0/ports/e0cb2bbf-9e36-45d8-821e-013419181e0c => generated 132 bytes in 14 msecs (HTTP/1.1 404) 4 headers in 164 bytes (1 switches on core 0)
2026-05-30 11:13:27.894 7 WARNING neutron.scheduler.dhcp_agent_scheduler [None req-22e95c54-cbec-4609-987e-a4af388a526a 6c5c5f63ac884d77885e9fe37fb12d0f 14cfba59c6e54876b249280e6e77bf46 - - default default] No more DHCP agents
2026-05-30 11:13:27.896 7 WARNING neutron.api.rpc.agentnotifiers.dhcp_rpc_agent_api [None req-22e95c54-cbec-4609-987e-a4af388a526a 6c5c5f63ac884d77885e9fe37fb12d0f 14cfba59c6e54876b249280e6e77bf46 - - default default] Unable to schedule network 65e6bbb9-c185-485b-943b-d91794f348a2: no agents available; will retry on subsequent port and subnet creation events.
2026-05-30 11:13:27.976 8 INFO neutron.plugins.ml2.drivers.ovn.mech_driver.mech_driver [None req-e96b8cf7-40aa-446b-89f2-519d9d4a5e93 - - - - - -] OVN reports status down for port: 82bfcb8f-b0e3-49e1-bd0b-a0994152ee63
2026-05-30 11:13:27.987 7 INFO neutron.db.ovn_revision_numbers_db [None req-22e95c54-cbec-4609-987e-a4af388a526a 6c5c5f63ac884d77885e9fe37fb12d0f 14cfba59c6e54876b249280e6e77bf46 - - default default] Successfully bumped revision number for resource 82bfcb8f-b0e3-49e1-bd0b-a0994152ee63 (type: ports) to 1 [pid: 8|app: 0|req: 1050/2005] 10.0.0.249 () {32 vars in 723 bytes} [Sat May 30 11:13:27 2026] DELETE /v2.0/subnets/dc280093-5483-454d-8292-729e346dace5 => generated 0 bytes in 201 msecs (HTTP/1.1 204) 3 headers in 131 bytes (1 switches on core 0) [pid: 7|app: 0|req: 956/2006] 10.0.0.249 () {34 vars in 669 bytes} [Sat May 30 11:13:27 2026] POST /v2.0/networks => generated 687 bytes in 633 msecs (HTTP/1.1 201) 4 headers in 162 bytes (1 switches on core 0)
2026-05-30 11:13:28.202 8 INFO neutron_taas.services.taas.taas_plugin [None req-df0a349c-0022-4fa3-a95b-cc9e82898f5c 80f820f965224ab4ada6c91f65aac922 eede9305b7b04807adc9c832634506bd - - default default] TaaS: Handle Delete Port: 4c4feb29-3497-472c-9880-fac04d6da0c3
2026-05-30 11:13:28.210 8 INFO neutron_taas.services.taas.tap_mirror_plugin [None req-df0a349c-0022-4fa3-a95b-cc9e82898f5c 80f820f965224ab4ada6c91f65aac922 eede9305b7b04807adc9c832634506bd - - default default] Tap Mirror: Handle Delete Port: 4c4feb29-3497-472c-9880-fac04d6da0c3
2026-05-30 11:13:28.417 8 INFO neutron.services.segments.plugin [-] Segment 6a9955e1-de90-4b2f-bcfd-30088b4ca329 resource provider aggregate not found
2026-05-30 11:13:28.429 8 INFO neutron.services.segments.plugin [-] Segment 6a9955e1-de90-4b2f-bcfd-30088b4ca329 resource provider aggregate not found
2026-05-30 11:13:28.437 8 INFO neutron.services.segments.plugin [-] Segment 6a9955e1-de90-4b2f-bcfd-30088b4ca329 resource provider not found; error: Placement Client Error (4xx): {"errors": [{"status": 404, "title": "Not Found", "detail": "The resource could not be found.\n\n No resource provider with uuid 6a9955e1-de90-4b2f-bcfd-30088b4ca329 found for delete ", "request_id": "req-c3fd4df6-cb81-4871-8add-2d9cb88abfc8"}]}
2026-05-30 11:13:28.458 8 INFO neutron.services.segments.plugin [-] Segment 6a9955e1-de90-4b2f-bcfd-30088b4ca329 resource provider not found; error: Placement Client Error (4xx): {"errors": [{"status": 404, "title": "Not Found", "detail": "The resource could not be found.\n\n No resource provider with uuid 6a9955e1-de90-4b2f-bcfd-30088b4ca329 found for delete ", "request_id": "req-ab9f4668-ffa3-4226-83cf-d83a041625a3"}]} [pid: 8|app: 0|req: 1051/2007] 10.0.0.249 () {32 vars in 725 bytes} [Sat May 30 11:13:28 2026] DELETE /v2.0/networks/02763120-13ba-4b04-89f1-fc31a7884350 => generated 0 bytes in 502 msecs (HTTP/1.1 204) 3 headers in 131 bytes (1 switches on core 0)
2026-05-30 11:13:28.620 8 INFO neutron.db.segments_db [None req-950189c9-91a4-4024-a1e6-35182b48d9f8 80f820f965224ab4ada6c91f65aac922 eede9305b7b04807adc9c832634506bd - - default default] Added segment fef27959-4a7d-47ac-82d2-0bfeed97ccbe of type geneve for network 928eaaf9-40ed-4b49-a1d5-ad66880b455d
2026-05-30 11:13:28.629 7 WARNING neutron.scheduler.dhcp_agent_scheduler [None req-9fae896b-af95-426b-b4d2-6faa147a6c4e 6c5c5f63ac884d77885e9fe37fb12d0f 14cfba59c6e54876b249280e6e77bf46 - - default default] No more DHCP agents
2026-05-30 11:13:28.630 7 WARNING neutron.api.rpc.agentnotifiers.dhcp_rpc_agent_api [None req-9fae896b-af95-426b-b4d2-6faa147a6c4e 6c5c5f63ac884d77885e9fe37fb12d0f 14cfba59c6e54876b249280e6e77bf46 - - default default] Unable to schedule network d13ea7ad-ce83-4ad7-baed-d0a52a4aeed4: no agents available; will retry on subsequent port and subnet creation events.
2026-05-30 11:13:28.706 8 INFO neutron.plugins.ml2.drivers.ovn.mech_driver.mech_driver [None req-e96b8cf7-40aa-446b-89f2-519d9d4a5e93 - - - - - -] OVN reports status down for port: 5eb282c9-2922-41b0-b3f1-1cd9a954d62e
2026-05-30 11:13:28.745 7 INFO neutron.db.ovn_revision_numbers_db [None req-9fae896b-af95-426b-b4d2-6faa147a6c4e 6c5c5f63ac884d77885e9fe37fb12d0f 14cfba59c6e54876b249280e6e77bf46 - - default default] Successfully bumped revision number for resource 5eb282c9-2922-41b0-b3f1-1cd9a954d62e (type: ports) to 1
2026-05-30 11:13:28.813 7 WARNING neutron.scheduler.dhcp_agent_scheduler [None req-9fae896b-af95-426b-b4d2-6faa147a6c4e 6c5c5f63ac884d77885e9fe37fb12d0f 14cfba59c6e54876b249280e6e77bf46 - - default default] No more DHCP agents
2026-05-30 11:13:28.814 7 WARNING neutron.api.rpc.agentnotifiers.dhcp_rpc_agent_api [None req-9fae896b-af95-426b-b4d2-6faa147a6c4e 6c5c5f63ac884d77885e9fe37fb12d0f 14cfba59c6e54876b249280e6e77bf46 - - default default] Unable to schedule network 65e6bbb9-c185-485b-943b-d91794f348a2: no agents available; will retry on subsequent port and subnet creation events.
2026-05-30 11:13:28.848 8 INFO neutron.db.ovn_revision_numbers_db [None req-950189c9-91a4-4024-a1e6-35182b48d9f8 80f820f965224ab4ada6c91f65aac922 eede9305b7b04807adc9c832634506bd - - default default] Successfully bumped revision number for resource 928eaaf9-40ed-4b49-a1d5-ad66880b455d (type: networks) to 1
2026-05-30 11:13:28.895 7 INFO neutron.plugins.ml2.drivers.ovn.mech_driver.mech_driver [None req-a75849ad-ba4a-4154-83b4-35fec4677c6e - - - - - -] OVN reports status down for port: c79b179e-25bf-40db-8739-69416dfc538e
2026-05-30 11:13:28.967 7 INFO neutron.db.ovn_revision_numbers_db [None req-9fae896b-af95-426b-b4d2-6faa147a6c4e 6c5c5f63ac884d77885e9fe37fb12d0f 14cfba59c6e54876b249280e6e77bf46 - - default default] Successfully bumped revision number for resource c79b179e-25bf-40db-8739-69416dfc538e (type: ports) to 1
2026-05-30 11:13:29.049 8 WARNING neutron.scheduler.dhcp_agent_scheduler [None req-950189c9-91a4-4024-a1e6-35182b48d9f8 80f820f965224ab4ada6c91f65aac922 eede9305b7b04807adc9c832634506bd - - default default] No more DHCP agents
2026-05-30 11:13:29.051 8 WARNING neutron.api.rpc.agentnotifiers.dhcp_rpc_agent_api [None req-950189c9-91a4-4024-a1e6-35182b48d9f8 80f820f965224ab4ada6c91f65aac922 eede9305b7b04807adc9c832634506bd - - default default] Unable to schedule network 928eaaf9-40ed-4b49-a1d5-ad66880b455d: no agents available; will retry on subsequent port and subnet creation events. [pid: 7|app: 0|req: 957/2008] 10.0.0.249 () {34 vars in 664 bytes} [Sat May 30 11:13:28 2026] POST /v2.0/ports => generated 1506 bytes in 1090 msecs (HTTP/1.1 201) 4 headers in 163 bytes (1 switches on core 0)
2026-05-30 11:13:29.134 7 INFO neutron.plugins.ml2.drivers.ovn.mech_driver.mech_driver [None req-a75849ad-ba4a-4154-83b4-35fec4677c6e - - - - - -] OVN reports status down for port: f77b9061-6023-4846-84ed-a76aa2b16777
2026-05-30 11:13:29.135 8 INFO neutron.db.ovn_revision_numbers_db [None req-950189c9-91a4-4024-a1e6-35182b48d9f8 80f820f965224ab4ada6c91f65aac922 eede9305b7b04807adc9c832634506bd - - default default] Successfully bumped revision number for resource f77b9061-6023-4846-84ed-a76aa2b16777 (type: ports) to 1 /var/lib/openstack/lib/python3.12/site-packages/pycadf/identifier.py:70: UserWarning: Invalid uuid: neutron. To ensure interoperability, identifiers should be a valid uuid. warnings.warn(('Invalid uuid: %s. To ensure interoperability, ' [pid: 8|app: 0|req: 1052/2009] 10.0.0.249 () {34 vars in 669 bytes} [Sat May 30 11:13:28 2026] POST /v2.0/networks => generated 673 bytes in 652 msecs (HTTP/1.1 201) 4 headers in 162 bytes (1 switches on core 0) [pid: 7|app: 0|req: 958/2010] 10.0.0.249 () {32 vars in 642 bytes} [Sat May 30 11:13:29 2026] GET /v2.0/ports => generated 3018 bytes in 114 msecs (HTTP/1.1 200) 4 headers in 158 bytes (1 switches on core 0)
2026-05-30 11:13:29.371 8 WARNING neutron.scheduler.dhcp_agent_scheduler [None req-053be9a4-1cf8-4d86-857d-1dc1e368c553 80f820f965224ab4ada6c91f65aac922 eede9305b7b04807adc9c832634506bd - - default default] No more DHCP agents
2026-05-30 11:13:29.372 8 WARNING neutron.api.rpc.agentnotifiers.dhcp_rpc_agent_api [None req-053be9a4-1cf8-4d86-857d-1dc1e368c553 80f820f965224ab4ada6c91f65aac922 eede9305b7b04807adc9c832634506bd - - default default] Unable to schedule network 928eaaf9-40ed-4b49-a1d5-ad66880b455d: no agents available; will retry on subsequent port and subnet creation events.
2026-05-30 11:13:29.401 7 INFO neutron_taas.services.taas.taas_plugin [None req-aa371441-1270-4758-bfd8-3750c64df914 6c5c5f63ac884d77885e9fe37fb12d0f 14cfba59c6e54876b249280e6e77bf46 - - default default] TaaS: Handle Delete Port: 5eb282c9-2922-41b0-b3f1-1cd9a954d62e
2026-05-30 11:13:29.404 7 INFO neutron_taas.services.taas.tap_mirror_plugin [None req-aa371441-1270-4758-bfd8-3750c64df914 6c5c5f63ac884d77885e9fe37fb12d0f 14cfba59c6e54876b249280e6e77bf46 - - default default] Tap Mirror: Handle Delete Port: 5eb282c9-2922-41b0-b3f1-1cd9a954d62e
2026-05-30 11:13:29.409 8 INFO neutron.db.ovn_revision_numbers_db [None req-053be9a4-1cf8-4d86-857d-1dc1e368c553 80f820f965224ab4ada6c91f65aac922 eede9305b7b04807adc9c832634506bd - - default default] Successfully bumped revision number for resource 5c60a21c-7757-4232-afd0-f99ef6f4945c (type: subnets) to 0 [pid: 8|app: 0|req: 1053/2011] 10.0.0.249 () {34 vars in 668 bytes} [Sat May 30 11:13:29 2026] POST /v2.0/subnets => generated 646 bytes in 256 msecs (HTTP/1.1 201) 4 headers in 162 bytes (1 switches on core 0) [pid: 7|app: 0|req: 959/2012] 10.0.0.249 () {32 vars in 719 bytes} [Sat May 30 11:13:29 2026] DELETE /v2.0/ports/5eb282c9-2922-41b0-b3f1-1cd9a954d62e => generated 0 bytes in 290 msecs (HTTP/1.1 204) 3 headers in 131 bytes (1 switches on core 0)
2026-05-30 11:13:29.687 7 INFO neutron_taas.services.taas.taas_plugin [None req-2c63afc9-97c3-48b7-a62f-0303950c53d0 6c5c5f63ac884d77885e9fe37fb12d0f 14cfba59c6e54876b249280e6e77bf46 - - default default] TaaS: Handle Delete Port: c79b179e-25bf-40db-8739-69416dfc538e
2026-05-30 11:13:29.691 7 INFO neutron_taas.services.taas.tap_mirror_plugin [None req-2c63afc9-97c3-48b7-a62f-0303950c53d0 6c5c5f63ac884d77885e9fe37fb12d0f 14cfba59c6e54876b249280e6e77bf46 - - default default] Tap Mirror: Handle Delete Port: c79b179e-25bf-40db-8739-69416dfc538e
2026-05-30 11:13:29.746 8 WARNING neutron.scheduler.dhcp_agent_scheduler [None req-101d18ba-df3f-4c6e-b3f4-a854d721dc96 80f820f965224ab4ada6c91f65aac922 eede9305b7b04807adc9c832634506bd - - default default] No more DHCP agents
2026-05-30 11:13:29.748 8 WARNING neutron.api.rpc.agentnotifiers.dhcp_rpc_agent_api [None req-101d18ba-df3f-4c6e-b3f4-a854d721dc96 80f820f965224ab4ada6c91f65aac922 eede9305b7b04807adc9c832634506bd - - default default] Unable to schedule network 928eaaf9-40ed-4b49-a1d5-ad66880b455d: no agents available; will retry on subsequent port and subnet creation events. [pid: 7|app: 0|req: 960/2013] 10.0.0.249 () {32 vars in 719 bytes} [Sat May 30 11:13:29 2026] DELETE /v2.0/ports/c79b179e-25bf-40db-8739-69416dfc538e => generated 0 bytes in 309 msecs (HTTP/1.1 204) 3 headers in 131 bytes (1 switches on core 0)
2026-05-30 11:13:29.871 8 INFO neutron.db.ovn_revision_numbers_db [None req-101d18ba-df3f-4c6e-b3f4-a854d721dc96 80f820f965224ab4ada6c91f65aac922 eede9305b7b04807adc9c832634506bd - - default default] Successfully bumped revision number for resource 21bd4664-3289-476c-b268-78595c903a7b (type: ports) to 1
2026-05-30 11:13:29.896 7 INFO neutron.plugins.ml2.drivers.ovn.mech_driver.mech_driver [None req-a75849ad-ba4a-4154-83b4-35fec4677c6e - - - - - -] OVN reports status down for port: 21bd4664-3289-476c-b268-78595c903a7b [pid: 8|app: 0|req: 1054/2014] 10.0.0.249 () {34 vars in 664 bytes} [Sat May 30 11:13:29 2026] POST /v2.0/ports => generated 920 bytes in 468 msecs (HTTP/1.1 201) 4 headers in 162 bytes (1 switches on core 0) [pid: 7|app: 0|req: 961/2015] 10.0.0.249 () {32 vars in 642 bytes} [Sat May 30 11:13:29 2026] GET /v2.0/ports => generated 1523 bytes in 70 msecs (HTTP/1.1 200) 4 headers in 158 bytes (1 switches on core 0)
2026-05-30 11:13:30.047 7 INFO neutron.db.segments_db [None req-3a915895-b7fc-492c-8dd0-cbdf517355fe 6c5c5f63ac884d77885e9fe37fb12d0f 14cfba59c6e54876b249280e6e77bf46 - - default default] Added segment c9d598a1-60d6-45d0-8768-fd2f7df19d5c of type geneve for network 8229ba6c-8b8e-4252-8c80-26d689124990
2026-05-30 11:13:30.055 8 INFO neutron_taas.services.taas.taas_plugin [None req-eb309d3b-f7d8-4d31-b653-aafce0a4a9e9 80f820f965224ab4ada6c91f65aac922 eede9305b7b04807adc9c832634506bd - - default default] TaaS: Handle Delete Port: 21bd4664-3289-476c-b268-78595c903a7b
2026-05-30 11:13:30.058 8 INFO neutron_taas.services.taas.tap_mirror_plugin [None req-eb309d3b-f7d8-4d31-b653-aafce0a4a9e9 80f820f965224ab4ada6c91f65aac922 eede9305b7b04807adc9c832634506bd - - default default] Tap Mirror: Handle Delete Port: 21bd4664-3289-476c-b268-78595c903a7b
2026-05-30 11:13:30.178 7 INFO neutron.db.ovn_revision_numbers_db [None req-3a915895-b7fc-492c-8dd0-cbdf517355fe 6c5c5f63ac884d77885e9fe37fb12d0f 14cfba59c6e54876b249280e6e77bf46 - - default default] Successfully bumped revision number for resource 8229ba6c-8b8e-4252-8c80-26d689124990 (type: networks) to 1 [pid: 8|app: 0|req: 1055/2016] 10.0.0.249 () {32 vars in 719 bytes} [Sat May 30 11:13:29 2026] DELETE /v2.0/ports/21bd4664-3289-476c-b268-78595c903a7b => generated 0 bytes in 339 msecs (HTTP/1.1 204) 3 headers in 131 bytes (1 switches on core 0)
2026-05-30 11:13:30.381 7 WARNING neutron.scheduler.dhcp_agent_scheduler [None req-3a915895-b7fc-492c-8dd0-cbdf517355fe 6c5c5f63ac884d77885e9fe37fb12d0f 14cfba59c6e54876b249280e6e77bf46 - - default default] No more DHCP agents
2026-05-30 11:13:30.382 7 WARNING neutron.api.rpc.agentnotifiers.dhcp_rpc_agent_api [None req-3a915895-b7fc-492c-8dd0-cbdf517355fe 6c5c5f63ac884d77885e9fe37fb12d0f 14cfba59c6e54876b249280e6e77bf46 - - default default] Unable to schedule network 8229ba6c-8b8e-4252-8c80-26d689124990: no agents available; will retry on subsequent port and subnet creation events.
2026-05-30 11:13:30.474 8 INFO neutron.plugins.ml2.drivers.ovn.mech_driver.mech_driver [None req-e96b8cf7-40aa-446b-89f2-519d9d4a5e93 - - - - - -] OVN reports status down for port: b50976a4-ba00-4ddf-a1b6-20e186518bab
2026-05-30 11:13:30.475 7 INFO neutron.db.ovn_revision_numbers_db [None req-3a915895-b7fc-492c-8dd0-cbdf517355fe 6c5c5f63ac884d77885e9fe37fb12d0f 14cfba59c6e54876b249280e6e77bf46 - - default default] Successfully bumped revision number for resource b50976a4-ba00-4ddf-a1b6-20e186518bab (type: ports) to 1 [pid: 7|app: 0|req: 962/2017] 10.0.0.249 () {34 vars in 669 bytes} [Sat May 30 11:13:29 2026] POST /v2.0/networks => generated 687 bytes in 566 msecs (HTTP/1.1 201) 4 headers in 162 bytes (1 switches on core 0)
2026-05-30 11:13:30.521 7 INFO neutron.pecan_wsgi.hooks.translation [None req-4e3bea23-6af3-4102-ab2e-71031c25b2e1 80f820f965224ab4ada6c91f65aac922 eede9305b7b04807adc9c832634506bd - - default default] GET failed (client error): The resource could not be found. [pid: 7|app: 0|req: 963/2018] 10.0.0.249 () {32 vars in 716 bytes} [Sat May 30 11:13:30 2026] GET /v2.0/ports/21bd4664-3289-476c-b268-78595c903a7b => generated 132 bytes in 20 msecs (HTTP/1.1 404) 4 headers in 164 bytes (1 switches on core 0)
2026-05-30 11:13:30.723 8 INFO neutron.db.ovn_revision_numbers_db [None req-e922c5f4-9e3d-43bb-9e50-dc4ff4382e87 ff5fb54236134492ab353137112ada47 9f04743946d34f8189a3405a7b8b23a6 - - default default] Successfully bumped revision number for resource 0044e80a-6ddc-43cc-925f-935b501b404e (type: security_groups) to 1
2026-05-30 11:13:30.740 8 INFO neutron.db.ovn_revision_numbers_db [None req-e922c5f4-9e3d-43bb-9e50-dc4ff4382e87 ff5fb54236134492ab353137112ada47 9f04743946d34f8189a3405a7b8b23a6 - - default default] Successfully bumped revision number for resource 118c3e62-b864-4235-8309-54302ddfbe4f (type: security_group_rules) to 0
2026-05-30 11:13:30.753 8 INFO neutron.db.ovn_revision_numbers_db [None req-e922c5f4-9e3d-43bb-9e50-dc4ff4382e87 ff5fb54236134492ab353137112ada47 9f04743946d34f8189a3405a7b8b23a6 - - default default] Successfully bumped revision number for resource 5a42f93e-7fa8-4a9b-a17b-803142a990d1 (type: security_group_rules) to 0
2026-05-30 11:13:30.769 8 INFO neutron.db.ovn_revision_numbers_db [None req-e922c5f4-9e3d-43bb-9e50-dc4ff4382e87 ff5fb54236134492ab353137112ada47 9f04743946d34f8189a3405a7b8b23a6 - - default default] Successfully bumped revision number for resource 611c8fc7-1ecc-4f9d-aa02-bb25bdb99889 (type: security_group_rules) to 0
2026-05-30 11:13:30.783 8 INFO neutron.db.ovn_revision_numbers_db [None req-e922c5f4-9e3d-43bb-9e50-dc4ff4382e87 ff5fb54236134492ab353137112ada47 9f04743946d34f8189a3405a7b8b23a6 - - default default] Successfully bumped revision number for resource fd49b453-eb90-4f79-ae05-53ebbe423bde (type: security_group_rules) to 0
