Feb 17 20:40:47.836483 np0000156170 devstack@neutron-api.service[103368]: DEBUG neutron.db.ovn_revision_numbers_db [None req-a190f15e-8c6d-4fcf-abce-8a6d634a687f admin admin] create_initial_revision uuid=64d969d1-7c0e-4634-8492-f7f1051555a3, type=security_group_rules, rev=-1 {{(pid=103368) create_initial_revision /opt/stack/neutron/neutron/db/ovn_revision_numbers_db.py:98}}
Feb 17 20:40:47.837426 np0000156170 devstack@neutron-api.service[103368]: DEBUG neutron.db.ovn_revision_numbers_db [None req-a190f15e-8c6d-4fcf-abce-8a6d634a687f admin admin] create_initial_revision uuid=8b4bd34f-8b35-4aae-b5e5-f5e0aab6b513, type=security_group_rules, rev=-1 {{(pid=103368) create_initial_revision /opt/stack/neutron/neutron/db/ovn_revision_numbers_db.py:98}}
Feb 17 20:40:47.838297 np0000156170 devstack@neutron-api.service[103368]: DEBUG neutron.db.ovn_revision_numbers_db [None req-a190f15e-8c6d-4fcf-abce-8a6d634a687f admin admin] create_initial_revision uuid=be79dea1-a54b-4bcd-a387-017c07aa7aee, type=security_group_rules, rev=-1 {{(pid=103368) create_initial_revision /opt/stack/neutron/neutron/db/ovn_revision_numbers_db.py:98}}
Feb 17 20:40:47.839233 np0000156170 devstack@neutron-api.service[103368]: DEBUG neutron.db.ovn_revision_numbers_db [None req-a190f15e-8c6d-4fcf-abce-8a6d634a687f admin admin] create_initial_revision uuid=dd2acc64-220e-471c-b963-d420c07e8ffc, type=security_group_rules, rev=-1 {{(pid=103368) create_initial_revision /opt/stack/neutron/neutron/db/ovn_revision_numbers_db.py:98}}
Feb 17 20:40:47.846216 np0000156170 devstack@neutron-api.service[103368]: DEBUG neutron_lib.callbacks.manager [None req-a190f15e-8c6d-4fcf-abce-8a6d634a687f admin admin] Publish callbacks ['neutron.plugins.ml2.drivers.ovn.mech_driver.mech_driver.OVNMechanismDriver._create_security_group-208801', 'neutron.plugins.ml2.ovo_rpc._ObjectChangeHandler.handle_event-1121406'] for security_group (0817f587-19de-4165-bed3-9cf6db32271b), after_create {{(pid=103368) _notify_loop /opt/stack/data/venv/lib/python3.12/site-packages/neutron_lib/callbacks/manager.py:184}}
Feb 17 20:40:47.847929 np0000156170 devstack@neutron-api.service[103368]: DEBUG ovsdbapp.backend.ovs_idl.transaction [None req-b40014a5-9f66-4717-84e8-a8d2fa50daee None None] Running txn n=1 command(idx=0): PgAddCommand(_result=None, name=pg_0817f587_19de_4165_bed3_9cf6db32271b, may_exist=False, columns={'acls': [], 'external_ids': {'neutron:security_group_id': '0817f587-19de-4165-bed3-9cf6db32271b'}}) {{(pid=103368) do_commit /opt/stack/data/venv/lib/python3.12/site-packages/ovsdbapp/backend/ovs_idl/transaction.py:89}}
Feb 17 20:40:47.848558 np0000156170 devstack@neutron-api.service[103368]: DEBUG ovsdbapp.backend.ovs_idl.transaction [None req-b40014a5-9f66-4717-84e8-a8d2fa50daee None None] Running txn n=1 command(idx=1): PgAclAddCommand(_result=None, entity=pg_0817f587_19de_4165_bed3_9cf6db32271b, direction=from-lport, priority=1002, match=inport == @pg_0817f587_19de_4165_bed3_9cf6db32271b && ip4, action=allow-related, log=False, may_exist=True, severity=[], name=[], meter=[], external_ids={'neutron:security_group_rule_id': '64d969d1-7c0e-4634-8492-f7f1051555a3'}) {{(pid=103368) do_commit /opt/stack/data/venv/lib/python3.12/site-packages/ovsdbapp/backend/ovs_idl/transaction.py:89}}
Feb 17 20:40:47.849251 np0000156170 devstack@neutron-api.service[103368]: DEBUG ovsdbapp.backend.ovs_idl.transaction [None req-b40014a5-9f66-4717-84e8-a8d2fa50daee None None] Running txn n=1 command(idx=2): PgAclAddCommand(_result=None, entity=pg_0817f587_19de_4165_bed3_9cf6db32271b, direction=to-lport, priority=1002, match=outport == @pg_0817f587_19de_4165_bed3_9cf6db32271b && ip6 && ip6.src == $pg_0817f587_19de_4165_bed3_9cf6db32271b_ip6, action=allow-related, log=False, may_exist=True, severity=[], name=[], meter=[], external_ids={'neutron:security_group_rule_id': '8b4bd34f-8b35-4aae-b5e5-f5e0aab6b513'}) {{(pid=103368) do_commit /opt/stack/data/venv/lib/python3.12/site-packages/ovsdbapp/backend/ovs_idl/transaction.py:89}}
Feb 17 20:40:47.849825 np0000156170 devstack@neutron-api.service[103368]: DEBUG ovsdbapp.backend.ovs_idl.transaction [None req-b40014a5-9f66-4717-84e8-a8d2fa50daee None None] Running txn n=1 command(idx=3): PgAclAddCommand(_result=None, entity=pg_0817f587_19de_4165_bed3_9cf6db32271b, direction=from-lport, priority=1002, match=inport == @pg_0817f587_19de_4165_bed3_9cf6db32271b && ip6, action=allow-related, log=False, may_exist=True, severity=[], name=[], meter=[], external_ids={'neutron:security_group_rule_id': 'be79dea1-a54b-4bcd-a387-017c07aa7aee'}) {{(pid=103368) do_commit /opt/stack/data/venv/lib/python3.12/site-packages/ovsdbapp/backend/ovs_idl/transaction.py:89}}
Feb 17 20:40:47.850616 np0000156170 devstack@neutron-api.service[103368]: DEBUG ovsdbapp.backend.ovs_idl.transaction [None req-b40014a5-9f66-4717-84e8-a8d2fa50daee None None] Running txn n=1 command(idx=4): PgAclAddCommand(_result=None, entity=pg_0817f587_19de_4165_bed3_9cf6db32271b, direction=to-lport, priority=1002, match=outport == @pg_0817f587_19de_4165_bed3_9cf6db32271b && ip4 && ip4.src == $pg_0817f587_19de_4165_bed3_9cf6db32271b_ip4, action=allow-related, log=False, may_exist=True, severity=[], name=[], meter=[], external_ids={'neutron:security_group_rule_id': 'dd2acc64-220e-471c-b963-d420c07e8ffc'}) {{(pid=103368) do_commit /opt/stack/data/venv/lib/python3.12/site-packages/ovsdbapp/backend/ovs_idl/transaction.py:89}}
Feb 17 20:40:47.886244 np0000156170 devstack@neutron-api.service[103368]: DEBUG neutron.common.ovn.hash_ring_manager [None req-b40014a5-9f66-4717-84e8-a8d2fa50daee None None] Hash Ring loaded. 4 active nodes. 0 offline nodes {{(pid=103368) _load_hash_ring /opt/stack/neutron/neutron/common/ovn/hash_ring_manager.py:102}}
Feb 17 20:40:47.886556 np0000156170 devstack@neutron-api.service[103369]: DEBUG neutron.common.ovn.hash_ring_manager [None req-14490c0e-edd7-4904-9847-891c1950fc74 None None] Hash Ring loaded. 4 active nodes. 0 offline nodes {{(pid=103369) _load_hash_ring /opt/stack/neutron/neutron/common/ovn/hash_ring_manager.py:102}}
Feb 17 20:40:47.886772 np0000156170 devstack@neutron-api.service[103369]: DEBUG neutron.plugins.ml2.drivers.ovn.mech_driver.ovsdb.ovsdb_monitor [None req-14490c0e-edd7-4904-9847-891c1950fc74 None None] Hash Ring: Node e0d520dba3f45835ae190cb34e2ee055 (host: np0000156170) handling event "create" for row 041f4be1-2547-4806-afc2-f80e7b4fc2f8 (table: ACL) {{(pid=103369) notify /opt/stack/neutron/neutron/plugins/ml2/drivers/ovn/mech_driver/ovsdb/ovsdb_monitor.py:920}}
Feb 17 20:40:47.887720 np0000156170 devstack@neutron-api.service[103369]: DEBUG neutron.plugins.ml2.drivers.ovn.mech_driver.ovsdb.ovsdb_monitor [None req-14490c0e-edd7-4904-9847-891c1950fc74 None None] Hash Ring: Node e0d520dba3f45835ae190cb34e2ee055 (host: np0000156170) handling event "create" for row 5736678d-5c9b-4e8c-87b7-a3860705602f (table: Port_Group) {{(pid=103369) notify /opt/stack/neutron/neutron/plugins/ml2/drivers/ovn/mech_driver/ovsdb/ovsdb_monitor.py:920}}
Feb 17 20:40:47.887805 np0000156170 devstack@neutron-api.service[103367]: DEBUG neutron.common.ovn.hash_ring_manager [None req-83264d33-c9e9-44e7-862a-6f238ea91c88 None None] Hash Ring loaded. 4 active nodes. 0 offline nodes {{(pid=103367) _load_hash_ring /opt/stack/neutron/neutron/common/ovn/hash_ring_manager.py:102}}
Feb 17 20:40:47.888234 np0000156170 devstack@neutron-api.service[103367]: DEBUG neutron.plugins.ml2.drivers.ovn.mech_driver.ovsdb.ovsdb_monitor [None req-83264d33-c9e9-44e7-862a-6f238ea91c88 None None] Hash Ring: Node 7765a36072545d73b1526f2592bcf1bc (host: np0000156170) handling event "create" for row eadc6405-2e21-4ae8-b03c-54b7b4781502 (table: ACL) {{(pid=103367) notify /opt/stack/neutron/neutron/plugins/ml2/drivers/ovn/mech_driver/ovsdb/ovsdb_monitor.py:920}}
Feb 17 20:40:47.888496 np0000156170 devstack@neutron-api.service[103370]: DEBUG neutron.common.ovn.hash_ring_manager [None req-934b3031-744d-43b2-9ce7-b58ad86a9d80 None None] Hash Ring loaded. 4 active nodes. 0 offline nodes {{(pid=103370) _load_hash_ring /opt/stack/neutron/neutron/common/ovn/hash_ring_manager.py:102}}
Feb 17 20:40:47.888882 np0000156170 devstack@neutron-api.service[103370]: DEBUG neutron.plugins.ml2.drivers.ovn.mech_driver.ovsdb.ovsdb_monitor [None req-934b3031-744d-43b2-9ce7-b58ad86a9d80 None None] Hash Ring: Node 21984813607058d0b5c902a445a6f94f (host: np0000156170) handling event "create" for row 083df0cb-6818-4272-add6-fa2c9cec441b (table: ACL) {{(pid=103370) notify /opt/stack/neutron/neutron/plugins/ml2/drivers/ovn/mech_driver/ovsdb/ovsdb_monitor.py:920}}
Feb 17 20:40:47.889232 np0000156170 devstack@neutron-api.service[103370]: DEBUG neutron.plugins.ml2.drivers.ovn.mech_driver.ovsdb.ovsdb_monitor [None req-934b3031-744d-43b2-9ce7-b58ad86a9d80 None None] Hash Ring: Node 21984813607058d0b5c902a445a6f94f (host: np0000156170) handling event "create" for row 13b7a9cd-51a5-4ab4-b596-5268eb377def (table: ACL) {{(pid=103370) notify /opt/stack/neutron/neutron/plugins/ml2/drivers/ovn/mech_driver/ovsdb/ovsdb_monitor.py:920}}
Feb 17 20:40:47.908364 np0000156170 devstack@neutron-api.service[103368]: INFO neutron.db.ovn_revision_numbers_db [None req-a190f15e-8c6d-4fcf-abce-8a6d634a687f admin admin] Successfully bumped revision number for resource 0817f587-19de-4165-bed3-9cf6db32271b (type: security_groups) to 1
Feb 17 20:40:47.922991 np0000156170 devstack@neutron-api.service[103368]: INFO neutron.db.ovn_revision_numbers_db [None req-a190f15e-8c6d-4fcf-abce-8a6d634a687f admin admin] Successfully bumped revision number for resource 64d969d1-7c0e-4634-8492-f7f1051555a3 (type: security_group_rules) to 0
Feb 17 20:40:47.936712 np0000156170 devstack@neutron-api.service[103368]: INFO neutron.db.ovn_revision_numbers_db [None req-a190f15e-8c6d-4fcf-abce-8a6d634a687f admin admin] Successfully bumped revision number for resource 8b4bd34f-8b35-4aae-b5e5-f5e0aab6b513 (type: security_group_rules) to 0
Feb 17 20:40:47.950110 np0000156170 devstack@neutron-api.service[103368]: INFO neutron.db.ovn_revision_numbers_db [None req-a190f15e-8c6d-4fcf-abce-8a6d634a687f admin admin] Successfully bumped revision number for resource be79dea1-a54b-4bcd-a387-017c07aa7aee (type: security_group_rules) to 0
Feb 17 20:40:47.963666 np0000156170 devstack@neutron-api.service[103368]: INFO neutron.db.ovn_revision_numbers_db [None req-a190f15e-8c6d-4fcf-abce-8a6d634a687f admin admin] Successfully bumped revision number for resource dd2acc64-220e-471c-b963-d420c07e8ffc (type: security_group_rules) to 0
Feb 17 20:40:47.988062 np0000156170 devstack@neutron-api.service[103368]: DEBUG neutron.api.rpc.handlers.resources_rpc [None req-a190f15e-8c6d-4fcf-abce-8a6d634a687f admin admin] Pushing event updated for resources: {'SecurityGroup': ['ID=0817f587-19de-4165-bed3-9cf6db32271b,revision_number=1']} {{(pid=103368) push /opt/stack/neutron/neutron/api/rpc/handlers/resources_rpc.py:237}}
Feb 17 20:40:47.993779 np0000156170 devstack@neutron-api.service[103368]: DEBUG ovsdbapp.backend.ovs_idl.transaction [None req-b40014a5-9f66-4717-84e8-a8d2fa50daee None None] Running txn n=1 command(idx=0): CheckLivenessCommand(_result=None) {{(pid=103368) do_commit /opt/stack/data/venv/lib/python3.12/site-packages/ovsdbapp/backend/ovs_idl/transaction.py:89}}
Feb 17 20:40:47.997900 np0000156170 devstack@neutron-api.service[103367]: DEBUG neutron.plugins.ml2.drivers.ovn.mech_driver.ovsdb.ovsdb_monitor [None req-83264d33-c9e9-44e7-862a-6f238ea91c88 None None] Hash Ring: Node 7765a36072545d73b1526f2592bcf1bc (host: np0000156170) handling event "update" for row b487a073-381c-4551-96b6-dfd05f131ae1 (table: NB_Global) {{(pid=103367) notify /opt/stack/neutron/neutron/plugins/ml2/drivers/ovn/mech_driver/ovsdb/ovsdb_monitor.py:920}}
Feb 17 20:40:47.998761 np0000156170 devstack@neutron-api.service[103368]: DEBUG neutron.api.rpc.callbacks.version_manager [None req-a190f15e-8c6d-4fcf-abce-8a6d634a687f admin admin] Tracked resource versions report:
Feb 17 20:40:47.998761 np0000156170 devstack@neutron-api.service[103368]: pushed versions:
Feb 17 20:40:47.998761 np0000156170 devstack@neutron-api.service[103368]: { 'AddressGroup': {'1.2'},
Feb 17 20:40:47.998761 np0000156170 devstack@neutron-api.service[103368]: 'Agent': {'1.1'},
Feb 17 20:40:47.998761 np0000156170 devstack@neutron-api.service[103368]: 'ConntrackHelper': {'1.0'},
Feb 17 20:40:47.998761 np0000156170 devstack@neutron-api.service[103368]: 'LocalIPAssociation': {'1.0'},
Feb 17 20:40:47.998761 np0000156170 devstack@neutron-api.service[103368]: 'Log': {'1.0'},
Feb 17 20:40:47.998761 np0000156170 devstack@neutron-api.service[103368]: 'NDPProxy': {'1.0'},
Feb 17 20:40:47.998761 np0000156170 devstack@neutron-api.service[103368]: 'Network': {'1.2'},
Feb 17 20:40:47.998761 np0000156170 devstack@neutron-api.service[103368]: 'Port': {'1.10'},
Feb 17 20:40:47.998761 np0000156170 devstack@neutron-api.service[103368]: 'PortForwarding': {'1.3'},
Feb 17 20:40:47.998761 np0000156170 devstack@neutron-api.service[103368]: 'QosPolicy': {'1.10'},
Feb 17 20:40:47.998761 np0000156170 devstack@neutron-api.service[103368]: 'SecurityGroup': {'1.6'},
Feb 17 20:40:47.998761 np0000156170 devstack@neutron-api.service[103368]: 'SecurityGroupRule': {'1.3'},
Feb 17 20:40:47.998761 np0000156170 devstack@neutron-api.service[103368]: 'SubPort': {'1.0'},
Feb 17 20:40:47.998761 np0000156170 devstack@neutron-api.service[103368]: 'Subnet': {'1.2'},
Feb 17 20:40:47.998761 np0000156170 devstack@neutron-api.service[103368]: 'Trunk': {'1.1'}}
Feb 17 20:40:47.998761 np0000156170 devstack@neutron-api.service[103368]: consumer versions:
Feb 17 20:40:47.998761 np0000156170 devstack@neutron-api.service[103368]: { OVN Neutron agent@np0000156170: {},
Feb 17 20:40:47.998761 np0000156170 devstack@neutron-api.service[103368]: OVN Controller Gateway agent@np0000156170: {}}
Feb 17 20:40:47.998761 np0000156170 devstack@neutron-api.service[103368]: {{(pid=103368) report /opt/stack/neutron/neutron/api/rpc/callbacks/version_manager.py:183}}
Feb 17 20:40:48.000233 np0000156170 devstack@neutron-api.service[103367]: DEBUG neutron.plugins.ml2.drivers.ovn.mech_driver.ovsdb.ovsdb_monitor [None req-83264d33-c9e9-44e7-862a-6f238ea91c88 None None] Hash Ring: Node 7765a36072545d73b1526f2592bcf1bc (host: np0000156170) handling event "update" for row b487a073-381c-4551-96b6-dfd05f131ae1 (table: NB_Global) {{(pid=103367) notify /opt/stack/neutron/neutron/plugins/ml2/drivers/ovn/mech_driver/ovsdb/ovsdb_monitor.py:920}}
Feb 17 20:40:48.000927 np0000156170 devstack@neutron-api.service[103369]: DEBUG neutron.plugins.ml2.drivers.ovn.mech_driver.ovsdb.ovsdb_monitor [None req-d21c23b4-a1c5-40c6-9d47-6cdb54be12db None None] ChassisAgentWriteEvent : Matched Chassis_Private, update, None None {{(pid=103369) matches /opt/stack/neutron/neutron/plugins/ml2/drivers/ovn/mech_driver/ovsdb/ovsdb_monitor.py:65}}
Feb 17 20:40:48.001846 np0000156170 devstack@neutron-api.service[103367]: DEBUG neutron.plugins.ml2.drivers.ovn.mech_driver.ovsdb.ovsdb_monitor [None req-d28c5e16-41fe-4959-a5c4-120e5ef0db7a None None] ChassisAgentWriteEvent : Matched Chassis_Private, update, None None {{(pid=103367) matches /opt/stack/neutron/neutron/plugins/ml2/drivers/ovn/mech_driver/ovsdb/ovsdb_monitor.py:65}}
Feb 17 20:40:48.002471 np0000156170 devstack@neutron-api.service[103370]: DEBUG neutron.plugins.ml2.drivers.ovn.mech_driver.ovsdb.ovsdb_monitor [None req-b37af6c7-9a2a-4703-95d0-06b2c6795045 None None] ChassisAgentWriteEvent : Matched Chassis_Private, update, None None {{(pid=103370) matches /opt/stack/neutron/neutron/plugins/ml2/drivers/ovn/mech_driver/ovsdb/ovsdb_monitor.py:65}}
Feb 17 20:40:48.003750 np0000156170 devstack@neutron-api.service[103367]: DEBUG neutron.plugins.ml2.drivers.ovn.mech_driver.ovsdb.ovsdb_monitor [None req-83264d33-c9e9-44e7-862a-6f238ea91c88 None None] Hash Ring: Node 7765a36072545d73b1526f2592bcf1bc (host: np0000156170) handling event "update" for row b487a073-381c-4551-96b6-dfd05f131ae1 (table: NB_Global) {{(pid=103367) notify /opt/stack/neutron/neutron/plugins/ml2/drivers/ovn/mech_driver/ovsdb/ovsdb_monitor.py:920}}
Feb 17 20:40:48.005618 np0000156170 devstack@neutron-api.service[103367]: DEBUG neutron.plugins.ml2.drivers.ovn.mech_driver.ovsdb.ovsdb_monitor [None req-83264d33-c9e9-44e7-862a-6f238ea91c88 None None] Hash Ring: Node 7765a36072545d73b1526f2592bcf1bc (host: np0000156170) handling event "update" for row b487a073-381c-4551-96b6-dfd05f131ae1 (table: NB_Global) {{(pid=103367) notify /opt/stack/neutron/neutron/plugins/ml2/drivers/ovn/mech_driver/ovsdb/ovsdb_monitor.py:920}}
Feb 17 20:40:48.008992 np0000156170 devstack@neutron-api.service[103370]: DEBUG neutron.common.ovn.hash_ring_manager [None req-b37af6c7-9a2a-4703-95d0-06b2c6795045 None None] Hash Ring loaded. 4 active nodes. 0 offline nodes {{(pid=103370) _load_hash_ring /opt/stack/neutron/neutron/common/ovn/hash_ring_manager.py:102}}
Feb 17 20:40:48.009482 np0000156170 devstack@neutron-api.service[103367]: DEBUG neutron.common.ovn.hash_ring_manager [None req-d28c5e16-41fe-4959-a5c4-120e5ef0db7a None None] Hash Ring loaded. 4 active nodes. 0 offline nodes {{(pid=103367) _load_hash_ring /opt/stack/neutron/neutron/common/ovn/hash_ring_manager.py:102}}
Feb 17 20:40:48.009733 np0000156170 devstack@neutron-api.service[103369]: DEBUG neutron.common.ovn.hash_ring_manager [None req-d21c23b4-a1c5-40c6-9d47-6cdb54be12db None None] Hash Ring loaded. 4 active nodes. 0 offline nodes {{(pid=103369) _load_hash_ring /opt/stack/neutron/neutron/common/ovn/hash_ring_manager.py:102}}
Feb 17 20:40:48.011126 np0000156170 devstack@neutron-api.service[103368]: DEBUG neutron.plugins.ml2.drivers.ovn.mech_driver.ovsdb.ovsdb_monitor [None req-00f45fb7-1ad4-410d-aa48-92d56f5dbce0 None None] ChassisAgentWriteEvent : Matched Chassis_Private, update, None None {{(pid=103368) matches /opt/stack/neutron/neutron/plugins/ml2/drivers/ovn/mech_driver/ovsdb/ovsdb_monitor.py:65}}
Feb 17 20:40:48.021993 np0000156170 devstack@neutron-api.service[103368]: DEBUG neutron.common.ovn.hash_ring_manager [None req-00f45fb7-1ad4-410d-aa48-92d56f5dbce0 None None] Hash Ring loaded. 4 active nodes. 0 offline nodes {{(pid=103368) _load_hash_ring /opt/stack/neutron/neutron/common/ovn/hash_ring_manager.py:102}}
Feb 17 20:40:48.022214 np0000156170 devstack@neutron-api.service[103368]: DEBUG neutron.plugins.ml2.drivers.ovn.mech_driver.ovsdb.ovsdb_monitor [None req-00f45fb7-1ad4-410d-aa48-92d56f5dbce0 None None] Hash Ring: Node 9e621961b1db5d29ad7a80c3169bb656 (host: np0000156170) handling event "update" for row 064af6c5-ad4b-4ce2-a8a8-435b30ee6047 (table: Chassis_Private) {{(pid=103368) notify /opt/stack/neutron/neutron/plugins/ml2/drivers/ovn/mech_driver/ovsdb/ovsdb_monitor.py:920}}
Feb 17 20:40:48.049388 np0000156170 devstack@neutron-api.service[103368]: DEBUG neutron.plugins.ml2.drivers.helpers [None req-a190f15e-8c6d-4fcf-abce-8a6d634a687f admin admin] geneve segment allocate from pool success with {'geneve_vni': 43073} {{(pid=103368) allocate_partially_specified_segment /opt/stack/neutron/neutron/plugins/ml2/drivers/helpers.py:142}}
Feb 17 20:40:48.059463 np0000156170 devstack@neutron-api.service[103368]: DEBUG neutron_lib.callbacks.manager [None req-a190f15e-8c6d-4fcf-abce-8a6d634a687f admin admin] Publish callbacks ['neutron.services.segments.db._add_segment_host_mapping_for_segment-8146711935740', 'neutron.plugins.ml2.plugin.Ml2Plugin._handle_segment_change-2916913'] for segment (7e9f9a81-a02f-49f7-8eea-12c129281d4d), precommit_create {{(pid=103368) _notify_loop /opt/stack/data/venv/lib/python3.12/site-packages/neutron_lib/callbacks/manager.py:184}}
Feb 17 20:40:48.059463 np0000156170 devstack@neutron-api.service[103368]: INFO neutron.db.segments_db [None req-a190f15e-8c6d-4fcf-abce-8a6d634a687f admin admin] Added segment 7e9f9a81-a02f-49f7-8eea-12c129281d4d of type geneve for network eaf6d242-2d64-4cdd-a44e-be2c0dfefb8e
Feb 17 20:40:48.074155 np0000156170 devstack@neutron-api.service[103368]: DEBUG neutron_lib.callbacks.manager [None req-a190f15e-8c6d-4fcf-abce-8a6d634a687f admin admin] Publish callbacks ['neutron.services.auto_allocate.db._ensure_external_network_default_value_callback-8146710759668'] for network (eaf6d242-2d64-4cdd-a44e-be2c0dfefb8e), precommit_create {{(pid=103368) _notify_loop /opt/stack/data/venv/lib/python3.12/site-packages/neutron_lib/callbacks/manager.py:184}}
Feb 17 20:40:48.087698 np0000156170 devstack@neutron-api.service[103368]: DEBUG neutron.plugins.ml2.drivers.ovn.mech_driver.mech_driver [None req-a190f15e-8c6d-4fcf-abce-8a6d634a687f admin admin] Validating network segment with type geneve, segmentation ID 43073, physical network None {{(pid=103368) _validate_network_segments /opt/stack/neutron/neutron/plugins/ml2/drivers/ovn/mech_driver/mech_driver.py:630}}
Feb 17 20:40:48.087896 np0000156170 devstack@neutron-api.service[103368]: DEBUG neutron.db.ovn_revision_numbers_db [None req-a190f15e-8c6d-4fcf-abce-8a6d634a687f admin admin] create_initial_revision uuid=eaf6d242-2d64-4cdd-a44e-be2c0dfefb8e, type=networks, rev=-1 {{(pid=103368) create_initial_revision /opt/stack/neutron/neutron/db/ovn_revision_numbers_db.py:98}}
Feb 17 20:40:48.095731 np0000156170 devstack@neutron-api.service[103368]: DEBUG neutron_lib.callbacks.manager [None req-a190f15e-8c6d-4fcf-abce-8a6d634a687f admin admin] Publish callbacks ['neutron.plugins.ml2.ovo_rpc._ObjectChangeHandler.handle_event-1121405'] for network (eaf6d242-2d64-4cdd-a44e-be2c0dfefb8e), after_create {{(pid=103368) _notify_loop /opt/stack/data/venv/lib/python3.12/site-packages/neutron_lib/callbacks/manager.py:184}}
Feb 17 20:40:48.112640 np0000156170 devstack@neutron-api.service[103368]: DEBUG neutron.api.rpc.handlers.resources_rpc [None req-a190f15e-8c6d-4fcf-abce-8a6d634a687f admin admin] Pushing event updated for resources: {'Network': ['ID=eaf6d242-2d64-4cdd-a44e-be2c0dfefb8e,revision_number=1']} {{(pid=103368) push /opt/stack/neutron/neutron/api/rpc/handlers/resources_rpc.py:237}}
Feb 17 20:40:48.120013 np0000156170 devstack@neutron-api.service[103368]: DEBUG ovsdbapp.backend.ovs_idl.transaction [None req-b40014a5-9f66-4717-84e8-a8d2fa50daee None None] Running txn n=1 command(idx=0): AddNetworkCommand(_result=None, network_uuid=eaf6d242-2d64-4cdd-a44e-be2c0dfefb8e, may_exist=True, columns={'external_ids': {'neutron:network_name': 'admin_net', 'neutron:mtu': '1372', 'neutron:revision_number': '1', 'neutron:availability_zone_hints': '', 'neutron:provnet-network-type': 'geneve'}, 'other_config': {'mcast_snoop': 'false', 'mcast_flood_unregistered': 'false', 'vlan-passthru': 'false'}}) {{(pid=103368) do_commit /opt/stack/data/venv/lib/python3.12/site-packages/ovsdbapp/backend/ovs_idl/transaction.py:89}}
Feb 17 20:40:48.124869 np0000156170 devstack@neutron-api.service[103367]: DEBUG neutron.plugins.ml2.drivers.ovn.mech_driver.ovsdb.ovsdb_monitor [None req-83264d33-c9e9-44e7-862a-6f238ea91c88 None None] Hash Ring: Node 7765a36072545d73b1526f2592bcf1bc (host: np0000156170) handling event "create" for row eaf6d242-2d64-4cdd-a44e-be2c0dfefb8e (table: Logical_Switch) {{(pid=103367) notify /opt/stack/neutron/neutron/plugins/ml2/drivers/ovn/mech_driver/ovsdb/ovsdb_monitor.py:920}}
Feb 17 20:40:48.128394 np0000156170 devstack@neutron-api.service[103370]: DEBUG neutron.plugins.ml2.drivers.ovn.mech_driver.ovsdb.ovsdb_monitor [None req-b37af6c7-9a2a-4703-95d0-06b2c6795045 None None] Hash Ring: Node 21984813607058d0b5c902a445a6f94f (host: np0000156170) handling event "create" for row 35657703-32a2-454a-b785-e2d5f24a6fa9 (table: Datapath_Binding) {{(pid=103370) notify /opt/stack/neutron/neutron/plugins/ml2/drivers/ovn/mech_driver/ovsdb/ovsdb_monitor.py:920}}
Feb 17 20:40:48.144395 np0000156170 devstack@neutron-api.service[103368]: INFO neutron.db.ovn_revision_numbers_db [None req-a190f15e-8c6d-4fcf-abce-8a6d634a687f admin admin] Successfully bumped revision number for resource eaf6d242-2d64-4cdd-a44e-be2c0dfefb8e (type: networks) to 1
Feb 17 20:40:48.157558 np0000156170 devstack@neutron-api.service[103368]: DEBUG neutron_lib.callbacks.manager [None req-a190f15e-8c6d-4fcf-abce-8a6d634a687f admin admin] Publish callbacks ['neutron.plugins.ml2.plugin.SecurityGroupDbMixin._ensure_default_security_group_handler-1094719'] for port (None), before_create {{(pid=103368) _notify_loop /opt/stack/data/venv/lib/python3.12/site-packages/neutron_lib/callbacks/manager.py:184}}
Feb 17 20:40:48.219495 np0000156170 devstack@neutron-api.service[103368]: DEBUG neutron_lib.callbacks.manager [None req-a190f15e-8c6d-4fcf-abce-8a6d634a687f admin admin] Publish callbacks ['neutron.plugins.ml2.drivers.ovn.mech_driver.mech_driver.OVNMechanismDriver._validate_allowed_address_pairs-208435'] for allowed_address_pair (ba6e581e-65d8-4e91-bff5-7fa42308f6cf), before_create {{(pid=103368) _notify_loop /opt/stack/data/venv/lib/python3.12/site-packages/neutron_lib/callbacks/manager.py:184}}
Feb 17 20:40:48.219964 np0000156170 devstack@neutron-api.service[103368]: DEBUG neutron_lib.callbacks.manager [None req-a190f15e-8c6d-4fcf-abce-8a6d634a687f admin admin] Publish callbacks [] for port (ba6e581e-65d8-4e91-bff5-7fa42308f6cf), precommit_create {{(pid=103368) _notify_loop /opt/stack/data/venv/lib/python3.12/site-packages/neutron_lib/callbacks/manager.py:184}}
Feb 17 20:40:48.220118 np0000156170 devstack@neutron-api.service[103368]: DEBUG neutron.plugins.ml2.drivers.ovn.mech_driver.mech_driver [None req-a190f15e-8c6d-4fcf-abce-8a6d634a687f admin admin] No provisioning block for port ba6e581e-65d8-4e91-bff5-7fa42308f6cf since it does not have a host {{(pid=103368) _is_port_provisioning_required /opt/stack/neutron/neutron/plugins/ml2/drivers/ovn/mech_driver/mech_driver.py:883}}
Feb 17 20:40:48.220217 np0000156170 devstack@neutron-api.service[103368]: DEBUG neutron.db.ovn_revision_numbers_db [None req-a190f15e-8c6d-4fcf-abce-8a6d634a687f admin admin] create_initial_revision uuid=ba6e581e-65d8-4e91-bff5-7fa42308f6cf, type=ports, rev=-1 {{(pid=103368) create_initial_revision /opt/stack/neutron/neutron/db/ovn_revision_numbers_db.py:98}}
Feb 17 20:40:48.249675 np0000156170 devstack@neutron-api.service[103368]: DEBUG neutron_lib.callbacks.manager [None req-a190f15e-8c6d-4fcf-abce-8a6d634a687f admin admin] Publish callbacks ['neutron.plugins.ml2.ovo_rpc._ObjectChangeHandler.handle_event-1121675'] for port (ba6e581e-65d8-4e91-bff5-7fa42308f6cf), after_create {{(pid=103368) _notify_loop /opt/stack/data/venv/lib/python3.12/site-packages/neutron_lib/callbacks/manager.py:184}}
Feb 17 20:40:48.281235 np0000156170 devstack@neutron-api.service[103368]: DEBUG neutron.api.rpc.handlers.resources_rpc [None req-a190f15e-8c6d-4fcf-abce-8a6d634a687f admin admin] Pushing event updated for resources: {'Port': ['ID=ba6e581e-65d8-4e91-bff5-7fa42308f6cf,revision_number=1']} {{(pid=103368) push /opt/stack/neutron/neutron/api/rpc/handlers/resources_rpc.py:237}}
Feb 17 20:40:48.288273 np0000156170 devstack@neutron-api.service[103368]: DEBUG ovsdbapp.backend.ovs_idl.transaction [None req-b40014a5-9f66-4717-84e8-a8d2fa50daee None None] Running txn n=1 command(idx=0): AddLSwitchPortCommand(_result=None, lport=ba6e581e-65d8-4e91-bff5-7fa42308f6cf, lswitch=neutron-eaf6d242-2d64-4cdd-a44e-be2c0dfefb8e, may_exist=True, network_uuid=eaf6d242-2d64-4cdd-a44e-be2c0dfefb8e, columns={'addresses': ['fa:16:3e:5f:da:81'], 'external_ids': {'neutron:port_name': '', 'neutron:device_id': 'ovnmeta-eaf6d242-2d64-4cdd-a44e-be2c0dfefb8e', 'neutron:project_id': 'b8a4e643b8194929b974a2cdfe78581f', 'neutron:cidrs': '', 'neutron:device_owner': 'network:distributed', 'neutron:subnet_pool_addr_scope4': '', 'neutron:subnet_pool_addr_scope6': '', 'neutron:network_name': 'neutron-eaf6d242-2d64-4cdd-a44e-be2c0dfefb8e', 'neutron:security_group_ids': '', 'neutron:revision_number': '1', 'neutron:vnic_type': 'normal', 'neutron:port_capabilities': '', 'neutron:mtu': ''}, 'parent_name': [], 'tag': [], 'enabled': True, 'options': {}, 'type': 'localport', 'port_security': [], 'dhcpv4_options': [], 'dhcpv6_options': []}) {{(pid=103368) do_commit /opt/stack/data/venv/lib/python3.12/site-packages/ovsdbapp/backend/ovs_idl/transaction.py:89}}
Feb 17 20:40:48.289345 np0000156170 devstack@neutron-api.service[103368]: DEBUG ovsdbapp.backend.ovs_idl.transaction [None req-b40014a5-9f66-4717-84e8-a8d2fa50daee None None] Running txn n=1 command(idx=1): QoSDelCommand(_result=None, switch=neutron-eaf6d242-2d64-4cdd-a44e-be2c0dfefb8e, conditions=[('direction', '=', 'to-lport'), ('priority', '=', 2002), ('match', '=', 'outport == "ba6e581e-65d8-4e91-bff5-7fa42308f6cf"')], if_exists=True) {{(pid=103368) do_commit /opt/stack/data/venv/lib/python3.12/site-packages/ovsdbapp/backend/ovs_idl/transaction.py:89}}
Feb 17 20:40:48.289676 np0000156170 devstack@neutron-api.service[103368]: DEBUG ovsdbapp.backend.ovs_idl.transaction [None req-b40014a5-9f66-4717-84e8-a8d2fa50daee None None] Running txn n=1 command(idx=2): QoSDelCommand(_result=None, switch=neutron-eaf6d242-2d64-4cdd-a44e-be2c0dfefb8e, conditions=[('direction', '=', 'from-lport'), ('priority', '=', 2002), ('match', '=', 'inport == "ba6e581e-65d8-4e91-bff5-7fa42308f6cf"')], if_exists=True) {{(pid=103368) do_commit /opt/stack/data/venv/lib/python3.12/site-packages/ovsdbapp/backend/ovs_idl/transaction.py:89}}
Feb 17 20:40:48.298007 np0000156170 devstack@neutron-api.service[103370]: DEBUG neutron.plugins.ml2.drivers.ovn.mech_driver.ovsdb.ovsdb_monitor [None req-934b3031-744d-43b2-9ce7-b58ad86a9d80 None None] Hash Ring: Node 21984813607058d0b5c902a445a6f94f (host: np0000156170) handling event "create" for row 6b206010-58bb-4679-ad40-5fd3a0d6e0cc (table: Logical_Switch_Port) {{(pid=103370) notify /opt/stack/neutron/neutron/plugins/ml2/drivers/ovn/mech_driver/ovsdb/ovsdb_monitor.py:920}}
Feb 17 20:40:48.298826 np0000156170 devstack@neutron-api.service[103367]: DEBUG neutron.plugins.ml2.drivers.ovn.mech_driver.ovsdb.ovsdb_monitor [None req-83264d33-c9e9-44e7-862a-6f238ea91c88 None None] Hash Ring: Node 7765a36072545d73b1526f2592bcf1bc (host: np0000156170) handling event "update" for row eaf6d242-2d64-4cdd-a44e-be2c0dfefb8e (table: Logical_Switch) {{(pid=103367) notify /opt/stack/neutron/neutron/plugins/ml2/drivers/ovn/mech_driver/ovsdb/ovsdb_monitor.py:920}}
Feb 17 20:40:48.299103 np0000156170 devstack@neutron-api.service[103370]: DEBUG ovsdbapp.backend.ovs_idl.event [None req-934b3031-744d-43b2-9ce7-b58ad86a9d80 None None] Matched CREATE: LogicalSwitchPortCreateEvent(events=('create',), table='Logical_Switch_Port', conditions=[], old_conditions=None), priority=20 to row=Logical_Switch_Port(name=ba6e581e-65d8-4e91-bff5-7fa42308f6cf, ha_chassis_group=[], options={}, parent_name=[], enabled=[True], type=localport, dhcpv6_options=[], addresses=['fa:16:3e:5f:da:81'], tag=[], up=[], external_ids={'neutron:cidrs': '', 'neutron:device_id': 'ovnmeta-eaf6d242-2d64-4cdd-a44e-be2c0dfefb8e', 'neutron:device_owner': 'network:distributed', 'neutron:mtu': '', 'neutron:network_name': 'neutron-eaf6d242-2d64-4cdd-a44e-be2c0dfefb8e', 'neutron:port_capabilities': '', 'neutron:port_name': '', 'neutron:project_id': 'b8a4e643b8194929b974a2cdfe78581f', 'neutron:revision_number': '1', 'neutron:security_group_ids': '', 'neutron:subnet_pool_addr_scope4': '', 'neutron:subnet_pool_addr_scope6': '', 'neutron:vnic_type': 'normal'}, tag_request=[], port_security=[], dynamic_addresses=[], dhcpv4_options=[], mirror_rules=[]) old= {{(pid=103370) matches /opt/stack/data/venv/lib/python3.12/site-packages/ovsdbapp/backend/ovs_idl/event.py:55}}
Feb 17 20:40:48.300961 np0000156170 devstack@neutron-api.service[103370]: DEBUG neutron.plugins.ml2.drivers.ovn.mech_driver.ovsdb.ovsdb_monitor [None req-934b3031-744d-43b2-9ce7-b58ad86a9d80 None None] Hash Ring: Node 21984813607058d0b5c902a445a6f94f (host: np0000156170) handling event "update" for row 6b206010-58bb-4679-ad40-5fd3a0d6e0cc (table: Logical_Switch_Port) {{(pid=103370) notify /opt/stack/neutron/neutron/plugins/ml2/drivers/ovn/mech_driver/ovsdb/ovsdb_monitor.py:920}}
Feb 17 20:40:48.302358 np0000156170 devstack@neutron-api.service[103367]: DEBUG neutron.plugins.ml2.drivers.ovn.mech_driver.ovsdb.ovsdb_monitor [None req-d28c5e16-41fe-4959-a5c4-120e5ef0db7a None None] Hash Ring: Node 7765a36072545d73b1526f2592bcf1bc (host: np0000156170) handling event "create" for row fed63e1f-bf20-4568-90c5-e1c2d561a796 (table: Port_Binding) {{(pid=103367) notify /opt/stack/neutron/neutron/plugins/ml2/drivers/ovn/mech_driver/ovsdb/ovsdb_monitor.py:920}}
Feb 17 20:40:48.302900 np0000156170 devstack@neutron-api.service[103370]: INFO neutron.plugins.ml2.drivers.ovn.mech_driver.mech_driver [None req-bcbe7126-77e1-4929-938e-d2bb1e04f020 None None] OVN reports status down for port: ba6e581e-65d8-4e91-bff5-7fa42308f6cf
Feb 17 20:40:48.329040 np0000156170 devstack@neutron-api.service[103370]: DEBUG neutron.db.provisioning_blocks [None req-bcbe7126-77e1-4929-938e-d2bb1e04f020 None None] Transition to ACTIVE for port object ba6e581e-65d8-4e91-bff5-7fa42308f6cf will not be triggered until provisioned by entity L2. {{(pid=103370) add_provisioning_component /opt/stack/neutron/neutron/db/provisioning_blocks.py:74}}
Feb 17 20:40:48.330886 np0000156170 devstack@neutron-api.service[103368]: INFO neutron.db.ovn_revision_numbers_db [None req-a190f15e-8c6d-4fcf-abce-8a6d634a687f admin admin] Successfully bumped revision number for resource ba6e581e-65d8-4e91-bff5-7fa42308f6cf (type: ports) to 1
Feb 17 20:40:48.339248 np0000156170 devstack@neutron-api.service[103368]: DEBUG neutron.pecan_wsgi.hooks.policy_enforcement [None req-a190f15e-8c6d-4fcf-abce-8a6d634a687f admin admin] Attributes excluded by policy engine: ['standard_attr_id'] {{(pid=103368) _exclude_attributes_by_policy /opt/stack/neutron/neutron/pecan_wsgi/hooks/policy_enforcement.py:258}}
Feb 17 20:40:48.339640 np0000156170 devstack@neutron-api.service[103368]: DEBUG neutron_lib.callbacks.manager [None req-a190f15e-8c6d-4fcf-abce-8a6d634a687f admin admin] Publish callbacks [] for network (None), before_response {{(pid=103368) _notify_loop /opt/stack/data/venv/lib/python3.12/site-packages/neutron_lib/callbacks/manager.py:184}}
Feb 17 20:40:48.354767 np0000156170 devstack@neutron-api.service[103368]: [pid: 103368|app: 0|req: 23/93] 199.204.45.248 () {68 vars in 1357 bytes} [Tue Feb 17 20:40:47 2026] POST /networking/v2.0/networks => generated 683 bytes in 621 msecs (HTTP/1.1 201) 4 headers in 162 bytes (1 switches on core 0)
Feb 17 20:40:48.356640 np0000156170 devstack@neutron-api.service[103370]: DEBUG neutron.plugins.ml2.plugin [None req-bcbe7126-77e1-4929-938e-d2bb1e04f020 None None] Current status of the port ba6e581e-65d8-4e91-bff5-7fa42308f6cf is: DOWN; New status is: DOWN {{(pid=103370) _update_individual_port_db_status /opt/stack/neutron/neutron/plugins/ml2/plugin.py:2461}}
Feb 17 20:40:48.358045 np0000156170 devstack@neutron-api.service[103370]: DEBUG ovsdbapp.backend.ovs_idl.transaction [None req-934b3031-744d-43b2-9ce7-b58ad86a9d80 None None] Running txn n=1 command(idx=0): DbRemoveCommand(_result=None, table=Logical_Switch_Port, record=ba6e581e-65d8-4e91-bff5-7fa42308f6cf, column=external_ids, values=('neutron:host_id',), keyvalues={}, if_exists=True) {{(pid=103370) do_commit /opt/stack/data/venv/lib/python3.12/site-packages/ovsdbapp/backend/ovs_idl/transaction.py:89}}
Feb 17 20:40:48.579269 np0000156170 devstack@neutron-api.service[103367]: INFO neutron.pecan_wsgi.hooks.translation [None req-4f64b149-b13c-475c-9bbb-5d2e6690373a admin admin] GET failed (client error): The resource could not be found.
Feb 17 20:40:48.580072 np0000156170 devstack@neutron-api.service[103367]: [pid: 103367|app: 0|req: 25/94] 199.204.45.248 () {64 vars in 1333 bytes} [Tue Feb 17 20:40:48 2026] GET /networking/v2.0/networks/admin_net => generated 111 bytes in 13 msecs (HTTP/1.1 404) 4 headers in 164 bytes (1 switches on core 0)
Feb 17 20:40:48.627982 np0000156170 devstack@neutron-api.service[103370]: DEBUG neutron.pecan_wsgi.hooks.policy_enforcement [None req-b0012583-272c-4425-b040-e8d8c313ecdd admin admin] Attributes excluded by policy engine: ['standard_attr_id'] {{(pid=103370) _exclude_attributes_by_policy /opt/stack/neutron/neutron/pecan_wsgi/hooks/policy_enforcement.py:258}}
Feb 17 20:40:48.628602 np0000156170 devstack@neutron-api.service[103370]: [pid: 103370|app: 0|req: 24/95] 199.204.45.248 () {64 vars in 1345 bytes} [Tue Feb 17 20:40:48 2026] GET /networking/v2.0/networks?name=admin_net => generated 667 bytes in 37 msecs (HTTP/1.1 200) 4 headers in 157 bytes (1 switches on core 0)
Feb 17 20:40:48.853002 np0000156170 devstack@neutron-api.service[103369]: INFO neutron.pecan_wsgi.hooks.translation [None req-764332c5-ad37-473c-a29c-d48cdcabaadd admin admin] GET failed (client error): The resource could not be found.
Feb 17 20:40:48.853573 np0000156170 devstack@neutron-api.service[103369]: [pid: 103369|app: 0|req: 24/96] 199.204.45.248 () {64 vars in 1339 bytes} [Tue Feb 17 20:40:48 2026] GET /networking/v2.0/subnets/admin_subnet => generated 112 bytes in 14 msecs (HTTP/1.1 404) 4 headers in 164 bytes (1 switches on core 0)
Feb 17 20:40:48.886201 np0000156170 devstack@neutron-api.service[103368]: [pid: 103368|app: 0|req: 24/97] 199.204.45.248 () {64 vars in 1348 bytes} [Tue Feb 17 20:40:48 2026] GET /networking/v2.0/subnets?name=admin_subnet => generated 14 bytes in 23 msecs (HTTP/1.1 200) 4 headers in 156 bytes (1 switches on core 0)
Feb 17 20:40:49.179052 np0000156170 devstack@neutron-api.service[103367]: DEBUG neutron.pecan_wsgi.hooks.policy_enforcement [None req-02cccf5b-77b0-4f49-94f5-32e707f1567e admin admin] Attributes excluded by policy engine: ['standard_attr_id'] {{(pid=103367) _exclude_attributes_by_policy /opt/stack/neutron/neutron/pecan_wsgi/hooks/policy_enforcement.py:258}}
Feb 17 20:40:49.180067 np0000156170 devstack@neutron-api.service[103367]: [pid: 103367|app: 0|req: 26/98] 199.204.45.248 () {64 vars in 1414 bytes} [Tue Feb 17 20:40:49 2026] GET /networking/v2.0/networks/eaf6d242-2d64-4cdd-a44e-be2c0dfefb8e => generated 664 bytes in 36 msecs (HTTP/1.1 200) 4 headers in 157 bytes (1 switches on core 0)
Feb 17 20:40:49.200075 np0000156170 devstack@neutron-api.service[103370]: DEBUG neutron.api.v2.base [None req-99e3a46d-a72d-4430-992f-708ee2057b3a admin admin] Request body: {'subnet': {'project_id': 'b8a4e643b8194929b974a2cdfe78581f', 'ip_version': 4, 'gateway_ip': None, 'name': 'admin_subnet', 'network_id': 'eaf6d242-2d64-4cdd-a44e-be2c0dfefb8e', 'cidr': '10.2.5.0/24'}} {{(pid=103370) prepare_request_body /opt/stack/neutron/neutron/api/v2/base.py:729}}
Feb 17 20:40:49.218719 np0000156170 devstack@neutron-api.service[103370]: DEBUG neutron.pecan_wsgi.hooks.quota_enforcement [None req-99e3a46d-a72d-4430-992f-708ee2057b3a admin admin] Made reservation on behalf of b8a4e643b8194929b974a2cdfe78581f for: {'subnet': 1} {{(pid=103370) before /opt/stack/neutron/neutron/pecan_wsgi/hooks/quota_enforcement.py:66}}
Feb 17 20:40:49.221775 np0000156170 devstack@neutron-api.service[103370]: DEBUG neutron_lib.callbacks.manager [None req-99e3a46d-a72d-4430-992f-708ee2057b3a admin admin] Publish callbacks [] for subnet (None), before_create {{(pid=103370) _notify_loop /opt/stack/data/venv/lib/python3.12/site-packages/neutron_lib/callbacks/manager.py:184}}
Feb 17 20:40:49.279968 np0000156170 devstack@neutron-api.service[103370]: DEBUG neutron.db.ovn_revision_numbers_db [None req-99e3a46d-a72d-4430-992f-708ee2057b3a admin admin] create_initial_revision uuid=92021960-acb7-4336-acdc-afef766016eb, type=subnets, rev=-1 {{(pid=103370) create_initial_revision /opt/stack/neutron/neutron/db/ovn_revision_numbers_db.py:98}}
Feb 17 20:40:49.286707 np0000156170 devstack@neutron-api.service[103370]: DEBUG neutron_lib.callbacks.manager [None req-99e3a46d-a72d-4430-992f-708ee2057b3a admin admin] Publish callbacks ['neutron.plugins.ml2.ovo_rpc._ObjectChangeHandler.handle_event-1770523'] for subnet (92021960-acb7-4336-acdc-afef766016eb), after_create {{(pid=103370) _notify_loop /opt/stack/data/venv/lib/python3.12/site-packages/neutron_lib/callbacks/manager.py:184}}
Feb 17 20:40:49.300735 np0000156170 devstack@neutron-api.service[103370]: DEBUG neutron.api.rpc.handlers.resources_rpc [None req-99e3a46d-a72d-4430-992f-708ee2057b3a admin admin] Pushing event updated for resources: {'Subnet': ['ID=92021960-acb7-4336-acdc-afef766016eb,revision_number=0']} {{(pid=103370) push /opt/stack/neutron/neutron/api/rpc/handlers/resources_rpc.py:237}}
Feb 17 20:40:49.350990 np0000156170 devstack@neutron-api.service[103370]: DEBUG neutron_lib.callbacks.manager [None req-99e3a46d-a72d-4430-992f-708ee2057b3a admin admin] Publish callbacks ['neutron.plugins.ml2.plugin.SecurityGroupDbMixin._ensure_default_security_group_handler-3906967', 'neutron.services.ovn_l3.plugin.OVNL3RouterPlugin._port_update-8146710364254', 'neutron.db.l3_db.L3_NAT_dbonly_mixin._prevent_internal_ip_change_for_fip-8146711826496'] for port (ba6e581e-65d8-4e91-bff5-7fa42308f6cf), before_update {{(pid=103370) _notify_loop /opt/stack/data/venv/lib/python3.12/site-packages/neutron_lib/callbacks/manager.py:184}}
Feb 17 20:40:49.431298 np0000156170 devstack@neutron-api.service[103370]: DEBUG neutron.db.db_base_plugin_common [None req-99e3a46d-a72d-4430-992f-708ee2057b3a admin admin] Allocated IP 10.2.5.1 (eaf6d242-2d64-4cdd-a44e-be2c0dfefb8e/92021960-acb7-4336-acdc-afef766016eb/ba6e581e-65d8-4e91-bff5-7fa42308f6cf) {{(pid=103370) _store_ip_allocation /opt/stack/neutron/neutron/db/db_base_plugin_common.py:131}}
Feb 17 20:40:49.492689 np0000156170 devstack@neutron-api.service[103370]: DEBUG neutron_lib.callbacks.manager [None req-99e3a46d-a72d-4430-992f-708ee2057b3a admin admin] Publish callbacks [] for port (ba6e581e-65d8-4e91-bff5-7fa42308f6cf), precommit_update {{(pid=103370) _notify_loop /opt/stack/data/venv/lib/python3.12/site-packages/neutron_lib/callbacks/manager.py:184}}
Feb 17 20:40:49.492973 np0000156170 devstack@neutron-api.service[103370]: DEBUG neutron.plugins.ml2.drivers.ovn.mech_driver.mech_driver [None req-99e3a46d-a72d-4430-992f-708ee2057b3a admin admin] No provisioning block for port ba6e581e-65d8-4e91-bff5-7fa42308f6cf since it does not have a host {{(pid=103370) _is_port_provisioning_required /opt/stack/neutron/neutron/plugins/ml2/drivers/ovn/mech_driver/mech_driver.py:883}}
Feb 17 20:40:49.504795 np0000156170 devstack@neutron-api.service[103370]: DEBUG neutron_lib.callbacks.manager [None req-99e3a46d-a72d-4430-992f-708ee2057b3a admin admin] Publish callbacks ['neutron.plugins.ml2.ovo_rpc._ObjectChangeHandler.handle_event-1770508', 'neutron.db.l3_db.L3RpcNotifierMixin._notify_gateway_port_ip_changed-8146711831866', 'neutron.services.ovn_l3.plugin.OVNL3RouterPlugin._port_update-8146710364254'] for port (ba6e581e-65d8-4e91-bff5-7fa42308f6cf), after_update {{(pid=103370) _notify_loop /opt/stack/data/venv/lib/python3.12/site-packages/neutron_lib/callbacks/manager.py:184}}
Feb 17 20:40:49.530246 np0000156170 devstack@neutron-api.service[103370]: DEBUG neutron.api.rpc.handlers.resources_rpc [None req-99e3a46d-a72d-4430-992f-708ee2057b3a admin admin] Pushing event updated for resources: {'Port': ['ID=ba6e581e-65d8-4e91-bff5-7fa42308f6cf,revision_number=2']} {{(pid=103370) push /opt/stack/neutron/neutron/api/rpc/handlers/resources_rpc.py:237}}
Feb 17 20:40:49.608146 np0000156170 devstack@neutron-api.service[103370]: DEBUG ovsdbapp.backend.ovs_idl.transaction [None req-934b3031-744d-43b2-9ce7-b58ad86a9d80 None None] Running txn n=1 command(idx=0): CheckRevisionNumberCommand(_result=None, name=ba6e581e-65d8-4e91-bff5-7fa42308f6cf, resource={'id': 'ba6e581e-65d8-4e91-bff5-7fa42308f6cf', 'name': '', 'network_id': 'eaf6d242-2d64-4cdd-a44e-be2c0dfefb8e', 'project_id': 'b8a4e643b8194929b974a2cdfe78581f', 'mac_address': 'fa:16:3e:5f:da:81', 'admin_state_up': True, 'status': 'DOWN', 'device_id': 'ovnmeta-eaf6d242-2d64-4cdd-a44e-be2c0dfefb8e', 'device_owner': 'network:distributed', 'standard_attr_id': 44, 'fixed_ips': [{'subnet_id': '92021960-acb7-4336-acdc-afef766016eb', 'ip_address': '10.2.5.1'}], 'allowed_address_pairs': [], 'extra_dhcp_opts': [], 'security_groups': [], 'description': '', 'binding:vnic_type': 'normal', 'binding:profile': {}, 'binding:host_id': '', 'binding:vif_type': 'unbound', 'binding:vif_details': {}, 'port_security_enabled': False, 'tags': [], 'created_at': '2026-02-17T20:40:48Z', 'updated_at': '2026-02-17T20:40:49Z', 'revision_number': 2, 'tenant_id': 'b8a4e643b8194929b974a2cdfe78581f', 'network': {'id': 'eaf6d242-2d64-4cdd-a44e-be2c0dfefb8e', 'name': 'admin_net', 'tenant_id': 'b8a4e643b8194929b974a2cdfe78581f', 'project_id': 'b8a4e643b8194929b974a2cdfe78581f', 'admin_state_up': True, 'mtu': 1372, 'status': 'ACTIVE', 'subnets': ['92021960-acb7-4336-acdc-afef766016eb'], 'standard_attr_id': 42, 'shared': False, 'availability_zone_hints': [], 'availability_zones': [], 'ipv4_address_scope': None, 'ipv6_address_scope': None, 'router:external': False, 'qinq': False, 'vlan_transparent': False, 'description': '', 'port_security_enabled': True, 'tags': [], 'created_at': '2026-02-17T20:40:48Z', 'updated_at': '2026-02-17T20:40:49Z', 'revision_number': 2, 'provider:network_type': 'geneve', 'provider:physical_network': None, 'provider:segmentation_id': 43073}}, resource_type=ports, if_exists=True) {{(pid=103370) do_commit /opt/stack/data/venv/lib/python3.12/site-packages/ovsdbapp/backend/ovs_idl/transaction.py:89}}
Feb 17 20:40:49.608722 np0000156170 devstack@neutron-api.service[103370]: DEBUG ovsdbapp.backend.ovs_idl.transaction [None req-934b3031-744d-43b2-9ce7-b58ad86a9d80 None None] Running txn n=1 command(idx=1): AddDHCPOptionsCommand(_result=None, columns={'cidr': '10.2.5.0/24', 'options': {'server_id': '10.2.5.1', 'lease_time': '43200', 'mtu': '1372', 'server_mac': 'fa:16:3e:2f:48:7d', 'dns_server': '{127.0.0.53}', 'classless_static_route': '{169.254.169.254/32,10.2.5.1}'}, 'external_ids': {'subnet_id': '92021960-acb7-4336-acdc-afef766016eb', 'neutron:revision_number': '0'}}, may_exist=True, subnet_id=92021960-acb7-4336-acdc-afef766016eb, port_id=None, new_insert=False) {{(pid=103370) do_commit /opt/stack/data/venv/lib/python3.12/site-packages/ovsdbapp/backend/ovs_idl/transaction.py:89}}
Feb 17 20:40:49.609297 np0000156170 devstack@neutron-api.service[103370]: DEBUG ovsdbapp.backend.ovs_idl.transaction [None req-934b3031-744d-43b2-9ce7-b58ad86a9d80 None None] Running txn n=1 command(idx=2): SetLSwitchPortCommand(_result=None, lport=ba6e581e-65d8-4e91-bff5-7fa42308f6cf, external_ids_update=None, columns={'external_ids': {'neutron:port_name': '', 'neutron:device_id': 'ovnmeta-eaf6d242-2d64-4cdd-a44e-be2c0dfefb8e', 'neutron:project_id': 'b8a4e643b8194929b974a2cdfe78581f', 'neutron:cidrs': '10.2.5.1/24', 'neutron:device_owner': 'network:distributed', 'neutron:subnet_pool_addr_scope4': '', 'neutron:subnet_pool_addr_scope6': '', 'neutron:network_name': 'neutron-eaf6d242-2d64-4cdd-a44e-be2c0dfefb8e', 'neutron:security_group_ids': '', 'neutron:revision_number': '2', 'neutron:vnic_type': 'normal', 'neutron:port_capabilities': '', 'neutron:mtu': ''}, 'parent_name': [], 'tag': [], 'options': {}, 'enabled': True, 'port_security': [], 'dhcpv4_options': [], 'dhcpv6_options': [], 'type': 'localport', 'addresses': ['fa:16:3e:5f:da:81 10.2.5.1'], 'ha_chassis_group': []}, if_exists=False) {{(pid=103370) do_commit /opt/stack/data/venv/lib/python3.12/site-packages/ovsdbapp/backend/ovs_idl/transaction.py:89}}
Feb 17 20:40:49.610713 np0000156170 devstack@neutron-api.service[103370]: DEBUG ovsdbapp.backend.ovs_idl.transaction [None req-934b3031-744d-43b2-9ce7-b58ad86a9d80 None None] Running txn n=1 command(idx=3): PgDelPortCommand(_result=None, port_group=neutron_pg_drop, lsp=['ba6e581e-65d8-4e91-bff5-7fa42308f6cf'], if_exists=False) {{(pid=103370) do_commit /opt/stack/data/venv/lib/python3.12/site-packages/ovsdbapp/backend/ovs_idl/transaction.py:89}}
Feb 17 20:40:49.614702 np0000156170 devstack@neutron-api.service[103370]: DEBUG neutron.plugins.ml2.drivers.ovn.mech_driver.ovsdb.ovsdb_monitor [None req-934b3031-744d-43b2-9ce7-b58ad86a9d80 None None] Hash Ring: Node 21984813607058d0b5c902a445a6f94f (host: np0000156170) handling event "update" for row 6b206010-58bb-4679-ad40-5fd3a0d6e0cc (table: Logical_Switch_Port) {{(pid=103370) notify /opt/stack/neutron/neutron/plugins/ml2/drivers/ovn/mech_driver/ovsdb/ovsdb_monitor.py:920}}
Feb 17 20:40:49.616816 np0000156170 devstack@neutron-api.service[103367]: DEBUG neutron.plugins.ml2.drivers.ovn.mech_driver.ovsdb.ovsdb_monitor [None req-83264d33-c9e9-44e7-862a-6f238ea91c88 None None] Hash Ring: Node 7765a36072545d73b1526f2592bcf1bc (host: np0000156170) handling event "create" for row ebbbd397-d88f-46ae-8c81-05fc1fa57df0 (table: DHCP_Options) {{(pid=103367) notify /opt/stack/neutron/neutron/plugins/ml2/drivers/ovn/mech_driver/ovsdb/ovsdb_monitor.py:920}}
Feb 17 20:40:49.621806 np0000156170 devstack@neutron-api.service[103367]: DEBUG neutron.plugins.ml2.drivers.ovn.mech_driver.ovsdb.ovsdb_monitor [None req-d28c5e16-41fe-4959-a5c4-120e5ef0db7a None None] Hash Ring: Node 7765a36072545d73b1526f2592bcf1bc (host: np0000156170) handling event "update" for row fed63e1f-bf20-4568-90c5-e1c2d561a796 (table: Port_Binding) {{(pid=103367) notify /opt/stack/neutron/neutron/plugins/ml2/drivers/ovn/mech_driver/ovsdb/ovsdb_monitor.py:920}}
Feb 17 20:40:49.643287 np0000156170 devstack@neutron-api.service[103370]: INFO neutron.db.ovn_revision_numbers_db [None req-99e3a46d-a72d-4430-992f-708ee2057b3a admin admin] Successfully bumped revision number for resource ba6e581e-65d8-4e91-bff5-7fa42308f6cf (type: ports) to 2
Feb 17 20:40:49.652989 np0000156170 devstack@neutron-api.service[103370]: DEBUG neutron.plugins.ml2.plugin [None req-99e3a46d-a72d-4430-992f-708ee2057b3a admin admin] In _notify_port_updated(), no bound segment for port ba6e581e-65d8-4e91-bff5-7fa42308f6cf on network eaf6d242-2d64-4cdd-a44e-be2c0dfefb8e {{(pid=103370) _notify_port_updated /opt/stack/neutron/neutron/plugins/ml2/plugin.py:1036}}
