+ COMMAND=start + start + exec neutron-rpc-server --config-file /etc/neutron/neutron.conf --config-file /etc/neutron/plugins/ml2/ml2_conf.ini /var/lib/openstack/lib/python3.10/site-packages/munch/__init__.py:24: UserWarning: pkg_resources is deprecated as an API. See https://setuptools.pypa.io/en/latest/pkg_resources.html. The pkg_resources package is slated for removal as early as 2025-11-30. Refrain from using this package or pin to Setuptools<81. import pkg_resources
2026-05-10 04:41:48.288 1 INFO neutron.common.config [-] Logging enabled!
2026-05-10 04:41:48.288 1 INFO neutron.common.config [-] /var/lib/openstack/bin/neutron-rpc-server version 21.2.2.dev24
2026-05-10 04:41:48.288 1 INFO neutron.server.rpc_eventlet [-] Eventlet based AMQP RPC server starting...
2026-05-10 04:41:48.288 1 INFO neutron.manager [-] Loading core plugin: ml2
2026-05-10 04:41:49.071 1 INFO neutron.plugins.ml2.managers [-] Configured type driver names: ['flat', 'gre', 'vlan', 'vxlan']
2026-05-10 04:41:49.073 1 INFO neutron.plugins.ml2.drivers.type_flat [-] Arbitrary flat physical_network names allowed
2026-05-10 04:41:49.076 1 INFO neutron.plugins.ml2.drivers.type_vlan [-] Network VLAN ranges: OrderedDict([('external', [(1, 4094)])])
2026-05-10 04:41:49.077 1 INFO neutron.plugins.ml2.managers [-] Loaded type driver names: ['flat', 'gre', 'vlan', 'vxlan']
2026-05-10 04:41:49.077 1 INFO neutron.plugins.ml2.managers [-] Registered types: dict_keys(['flat', 'gre', 'vlan', 'vxlan'])
2026-05-10 04:41:49.077 1 INFO neutron.plugins.ml2.managers [-] Tenant network_types: ['vxlan']
2026-05-10 04:41:49.077 1 INFO neutron.plugins.ml2.managers [-] Configured extension driver names: ['dns_domain_ports', 'port_security', 'qos']
2026-05-10 04:41:49.082 1 INFO neutron.plugins.ml2.managers [-] Loaded extension driver names: ['dns_domain_ports', 'port_security', 'qos']
2026-05-10 04:41:49.082 1 INFO neutron.plugins.ml2.managers [-] Registered extension drivers: ['dns_domain_ports', 'port_security', 'qos']
2026-05-10 04:41:49.082 1 INFO neutron.plugins.ml2.managers [-] Configured mechanism driver names: ['openvswitch', 'l2population']
2026-05-10 04:41:49.098 1 INFO neutron.plugins.ml2.drivers.mech_agent [-] Open vSwitch agent's supported_vnic_types: ['normal', 'direct', 'smart-nic', 'vdpa']
2026-05-10 04:41:49.099 1 INFO neutron.plugins.ml2.managers [-] Loaded mechanism driver names: ['openvswitch', 'l2population']
2026-05-10 04:41:49.099 1 INFO neutron.plugins.ml2.managers [-] Registered mechanism drivers: ['openvswitch', 'l2population']
2026-05-10 04:41:49.128 1 INFO neutron.plugins.ml2.managers [-] Initializing driver for type 'flat'
2026-05-10 04:41:49.129 1 INFO neutron.plugins.ml2.drivers.type_flat [-] ML2 FlatTypeDriver initialization complete
2026-05-10 04:41:49.129 1 INFO neutron.plugins.ml2.managers [-] Initializing driver for type 'gre'
2026-05-10 04:41:49.129 1 INFO neutron.plugins.ml2.drivers.type_tunnel [-] gre ID ranges: [(1, 1000)]
2026-05-10 04:41:49.437 1 INFO neutron.plugins.ml2.managers [None req-8cccf3c4-6f3f-44da-9bf0-93f7e7f70ab7 - - - - - -] Initializing driver for type 'vlan'
2026-05-10 04:41:50.350 1 INFO neutron.plugins.ml2.drivers.type_vlan [None req-8cccf3c4-6f3f-44da-9bf0-93f7e7f70ab7 - - - - - -] VlanTypeDriver initialization complete
2026-05-10 04:41:50.350 1 INFO neutron.plugins.ml2.managers [None req-8cccf3c4-6f3f-44da-9bf0-93f7e7f70ab7 - - - - - -] Initializing driver for type 'vxlan'
2026-05-10 04:41:50.351 1 INFO neutron.plugins.ml2.drivers.type_tunnel [None req-8cccf3c4-6f3f-44da-9bf0-93f7e7f70ab7 - - - - - -] vxlan ID ranges: [(1, 1000)]
2026-05-10 04:41:50.426 1 INFO neutron.plugins.ml2.managers [None req-8cccf3c4-6f3f-44da-9bf0-93f7e7f70ab7 - - - - - -] Initializing extension driver 'dns_domain_ports'
2026-05-10 04:41:50.427 1 INFO neutron.plugins.ml2.extensions.dns_integration [None req-8cccf3c4-6f3f-44da-9bf0-93f7e7f70ab7 - - - - - -] DNSDomainPortsExtensionDriver initialization complete
2026-05-10 04:41:50.427 1 INFO neutron.plugins.ml2.managers [None req-8cccf3c4-6f3f-44da-9bf0-93f7e7f70ab7 - - - - - -] Initializing extension driver 'port_security'
2026-05-10 04:41:50.428 1 INFO neutron.plugins.ml2.extensions.port_security [None req-8cccf3c4-6f3f-44da-9bf0-93f7e7f70ab7 - - - - - -] PortSecurityExtensionDriver initialization complete
2026-05-10 04:41:50.428 1 INFO neutron.plugins.ml2.managers [None req-8cccf3c4-6f3f-44da-9bf0-93f7e7f70ab7 - - - - - -] Initializing extension driver 'qos'
2026-05-10 04:41:50.428 1 INFO neutron.plugins.ml2.managers [None req-8cccf3c4-6f3f-44da-9bf0-93f7e7f70ab7 - - - - - -] Initializing mechanism driver 'openvswitch'
2026-05-10 04:41:50.428 1 INFO neutron.plugins.ml2.managers [None req-8cccf3c4-6f3f-44da-9bf0-93f7e7f70ab7 - - - - - -] Initializing mechanism driver 'l2population'
2026-05-10 04:41:50.443 1 INFO neutron.quota [None req-e7072a19-c8cc-49bd-8505-fd2734878827 - - - - - -] Loaded quota_driver: .
2026-05-10 04:41:50.444 1 INFO neutron.plugins.ml2.plugin [None req-e7072a19-c8cc-49bd-8505-fd2734878827 - - - - - -] Modular L2 Plugin initialization complete
2026-05-10 04:41:50.444 1 INFO neutron.plugins.ml2.managers [None req-e7072a19-c8cc-49bd-8505-fd2734878827 - - - - - -] Got dns-integration extension from driver 'dns_domain_ports'
2026-05-10 04:41:50.444 1 INFO neutron.plugins.ml2.managers [None req-e7072a19-c8cc-49bd-8505-fd2734878827 - - - - - -] Got dns-domain-ports extension from driver 'dns_domain_ports'
2026-05-10 04:41:50.444 1 INFO neutron.plugins.ml2.managers [None req-e7072a19-c8cc-49bd-8505-fd2734878827 - - - - - -] Got port-security extension from driver 'port_security'
2026-05-10 04:41:50.444 1 INFO neutron.extensions.vlantransparent [None req-e7072a19-c8cc-49bd-8505-fd2734878827 - - - - - -] Disabled vlantransparent extension.
2026-05-10 04:41:50.445 1 INFO neutron.manager [None req-e7072a19-c8cc-49bd-8505-fd2734878827 - - - - - -] Loading Plugin: qos
2026-05-10 04:41:50.454 1 INFO neutron.manager [None req-e7072a19-c8cc-49bd-8505-fd2734878827 - - - - - -] Loading Plugin: router
2026-05-10 04:41:50.484 1 INFO neutron.services.service_base [None req-e7072a19-c8cc-49bd-8505-fd2734878827 - - - - - -] Default provider is not specified for service type L3_ROUTER_NAT
2026-05-10 04:41:50.484 1 INFO neutron.manager [None req-e7072a19-c8cc-49bd-8505-fd2734878827 - - - - - -] Loading Plugin: segments
2026-05-10 04:41:50.550 1 INFO neutron.manager [None req-e7072a19-c8cc-49bd-8505-fd2734878827 - - - - - -] Loading Plugin: trunk
2026-05-10 04:41:50.596 1 INFO neutron.manager [None req-e7072a19-c8cc-49bd-8505-fd2734878827 - - - - - -] Loading Plugin: vpnaas
2026-05-10 04:41:50.632 1 WARNING stevedore.named [None req-e7072a19-c8cc-49bd-8505-fd2734878827 - - - - - -] Could not load neutron_vpnaas.services.vpn.service_drivers.ipsec.IPsecVPNDriver
2026-05-10 04:41:50.704 1 INFO neutron_vpnaas.services.vpn.plugin [None req-e7072a19-c8cc-49bd-8505-fd2734878827 - - - - - -] VPN plugin using service drivers: dict_keys(['strongswan']), default: strongswan
2026-05-10 04:41:50.705 1 INFO neutron.common.utils [None req-e7072a19-c8cc-49bd-8505-fd2734878827 - - - - - -] Disable filter validation extension by service plugin VPNDriverPlugin.
2026-05-10 04:41:50.705 1 INFO neutron.manager [None req-e7072a19-c8cc-49bd-8505-fd2734878827 - - - - - -] Loading Plugin: auto_allocate
2026-05-10 04:41:50.712 1 INFO neutron.manager [None req-e7072a19-c8cc-49bd-8505-fd2734878827 - - - - - -] Loading Plugin: tag
2026-05-10 04:41:50.718 1 INFO neutron.manager [None req-e7072a19-c8cc-49bd-8505-fd2734878827 - - - - - -] Loading Plugin: timestamp
2026-05-10 04:41:50.722 1 INFO neutron.manager [None req-e7072a19-c8cc-49bd-8505-fd2734878827 - - - - - -] Loading Plugin: network_ip_availability
2026-05-10 04:41:50.725 1 INFO neutron.manager [None req-e7072a19-c8cc-49bd-8505-fd2734878827 - - - - - -] Loading Plugin: flavors
2026-05-10 04:41:50.728 1 INFO neutron.manager [None req-e7072a19-c8cc-49bd-8505-fd2734878827 - - - - - -] Loading Plugin: revisions
2026-05-10 04:41:50.731 1 INFO neutron.api.extensions [None req-e7072a19-c8cc-49bd-8505-fd2734878827 - - - - - -] Initializing extension manager.
2026-05-10 04:41:50.732 1 INFO neutron.api.extensions [None req-e7072a19-c8cc-49bd-8505-fd2734878827 - - - - - -] Loaded extension: address-group
2026-05-10 04:41:50.733 1 INFO neutron.api.extensions [None req-e7072a19-c8cc-49bd-8505-fd2734878827 - - - - - -] Loaded extension: address-scope
2026-05-10 04:41:50.734 1 INFO neutron.api.extensions [None req-e7072a19-c8cc-49bd-8505-fd2734878827 - - - - - -] Loaded extension: router-admin-state-down-before-update
2026-05-10 04:41:50.734 1 INFO neutron.api.extensions [None req-e7072a19-c8cc-49bd-8505-fd2734878827 - - - - - -] Loaded extension: agent
2026-05-10 04:41:50.735 1 INFO neutron.api.extensions [None req-e7072a19-c8cc-49bd-8505-fd2734878827 - - - - - -] Loaded extension: agent-resources-synced
2026-05-10 04:41:50.736 1 INFO neutron.api.extensions [None req-e7072a19-c8cc-49bd-8505-fd2734878827 - - - - - -] Loaded extension: allowed-address-pairs
2026-05-10 04:41:50.737 1 INFO neutron.api.extensions [None req-e7072a19-c8cc-49bd-8505-fd2734878827 - - - - - -] Loaded extension: auto-allocated-topology
2026-05-10 04:41:50.738 1 INFO neutron.api.extensions [None req-e7072a19-c8cc-49bd-8505-fd2734878827 - - - - - -] Loaded extension: availability_zone
2026-05-10 04:41:50.738 1 INFO neutron.api.extensions [None req-e7072a19-c8cc-49bd-8505-fd2734878827 - - - - - -] Loaded extension: availability_zone_filter
2026-05-10 04:41:50.739 1 INFO neutron.api.extensions [None req-e7072a19-c8cc-49bd-8505-fd2734878827 - - - - - -] Extension data-plane-status not supported by any of loaded plugins
2026-05-10 04:41:50.739 1 INFO neutron.api.extensions [None req-e7072a19-c8cc-49bd-8505-fd2734878827 - - - - - -] Loaded extension: default-subnetpools
2026-05-10 04:41:50.741 1 INFO neutron.api.extensions [None req-e7072a19-c8cc-49bd-8505-fd2734878827 - - - - - -] Loaded extension: dhcp_agent_scheduler
2026-05-10 04:41:50.741 1 INFO neutron.api.extensions [None req-e7072a19-c8cc-49bd-8505-fd2734878827 - - - - - -] Loaded extension: dns-integration
2026-05-10 04:41:50.742 1 INFO neutron.api.extensions [None req-e7072a19-c8cc-49bd-8505-fd2734878827 - - - - - -] Loaded extension: dns-domain-ports
2026-05-10 04:41:50.742 1 INFO neutron.api.extensions [None req-e7072a19-c8cc-49bd-8505-fd2734878827 - - - - - -] Extension dns-integration-domain-keywords not supported by any of loaded plugins
2026-05-10 04:41:50.743 1 INFO neutron.api.extensions [None req-e7072a19-c8cc-49bd-8505-fd2734878827 - - - - - -] Loaded extension: dvr
2026-05-10 04:41:50.744 1 INFO neutron.api.extensions [None req-e7072a19-c8cc-49bd-8505-fd2734878827 - - - - - -] Extension ecmp_routes not supported by any of loaded plugins
2026-05-10 04:41:50.744 1 INFO neutron.api.extensions [None req-e7072a19-c8cc-49bd-8505-fd2734878827 - - - - - -] Loaded extension: empty-string-filtering
2026-05-10 04:41:50.745 1 INFO neutron.api.extensions [None req-e7072a19-c8cc-49bd-8505-fd2734878827 - - - - - -] Extension expose-l3-conntrack-helper not supported by any of loaded plugins
2026-05-10 04:41:50.745 1 INFO neutron.api.extensions [None req-e7072a19-c8cc-49bd-8505-fd2734878827 - - - - - -] Extension expose-port-forwarding-in-fip not supported by any of loaded plugins
2026-05-10 04:41:50.746 1 INFO neutron.api.extensions [None req-e7072a19-c8cc-49bd-8505-fd2734878827 - - - - - -] Loaded extension: external-net
2026-05-10 04:41:50.746 1 INFO neutron.api.extensions [None req-e7072a19-c8cc-49bd-8505-fd2734878827 - - - - - -] Loaded extension: extra_dhcp_opt
2026-05-10 04:41:50.747 1 INFO neutron.api.extensions [None req-e7072a19-c8cc-49bd-8505-fd2734878827 - - - - - -] Loaded extension: extraroute
2026-05-10 04:41:50.747 1 INFO neutron.api.extensions [None req-e7072a19-c8cc-49bd-8505-fd2734878827 - - - - - -] Loaded extension: extraroute-atomic
2026-05-10 04:41:50.748 1 INFO neutron.api.extensions [None req-e7072a19-c8cc-49bd-8505-fd2734878827 - - - - - -] Extension filter-validation not supported by any of loaded plugins
2026-05-10 04:41:50.748 1 INFO neutron.api.extensions [None req-e7072a19-c8cc-49bd-8505-fd2734878827 - - - - - -] Extension floating-ip-port-forwarding-description not supported by any of loaded plugins
2026-05-10 04:41:50.749 1 INFO neutron.api.extensions [None req-e7072a19-c8cc-49bd-8505-fd2734878827 - - - - - -] Loaded extension: floating-ip-port-forwarding-detail
2026-05-10 04:41:50.749 1 INFO neutron.api.extensions [None req-e7072a19-c8cc-49bd-8505-fd2734878827 - - - - - -] Extension floating-ip-port-forwarding-port-ranges not supported by any of loaded plugins
2026-05-10 04:41:50.750 1 INFO neutron.api.extensions [None req-e7072a19-c8cc-49bd-8505-fd2734878827 - - - - - -] Loaded extension: fip-port-details
2026-05-10 04:41:50.751 1 INFO neutron.api.extensions [None req-e7072a19-c8cc-49bd-8505-fd2734878827 - - - - - -] Loaded extension: flavors
2026-05-10 04:41:50.752 1 INFO neutron.api.extensions [None req-e7072a19-c8cc-49bd-8505-fd2734878827 - - - - - -] Extension floating-ip-port-forwarding not supported by any of loaded plugins
2026-05-10 04:41:50.752 1 INFO neutron.api.extensions [None req-e7072a19-c8cc-49bd-8505-fd2734878827 - - - - - -] Loaded extension: floatingip-pools
2026-05-10 04:41:50.753 1 INFO neutron.api.extensions [None req-e7072a19-c8cc-49bd-8505-fd2734878827 - - - - - -] Loaded extension: ip_allocation
2026-05-10 04:41:50.753 1 INFO neutron.api.extensions [None req-e7072a19-c8cc-49bd-8505-fd2734878827 - - - - - -] Loaded extension: ip-substring-filtering
2026-05-10 04:41:50.754 1 INFO neutron.api.extensions [None req-e7072a19-c8cc-49bd-8505-fd2734878827 - - - - - -] Loaded extension: l2_adjacency
2026-05-10 04:41:50.755 1 INFO neutron.api.extensions [None req-e7072a19-c8cc-49bd-8505-fd2734878827 - - - - - -] Loaded extension: router
2026-05-10 04:41:50.756 1 INFO neutron.api.extensions [None req-e7072a19-c8cc-49bd-8505-fd2734878827 - - - - - -] Extension l3-conntrack-helper not supported by any of loaded plugins
2026-05-10 04:41:50.757 1 INFO neutron.api.extensions [None req-e7072a19-c8cc-49bd-8505-fd2734878827 - - - - - -] Loaded extension: ext-gw-mode
2026-05-10 04:41:50.757 1 INFO neutron.api.extensions [None req-e7072a19-c8cc-49bd-8505-fd2734878827 - - - - - -] Loaded extension: l3-ha
2026-05-10 04:41:50.758 1 INFO neutron.api.extensions [None req-e7072a19-c8cc-49bd-8505-fd2734878827 - - - - - -] Extension l3-ext-ndp-proxy not supported by any of loaded plugins
2026-05-10 04:41:50.758 1 INFO neutron.api.extensions [None req-e7072a19-c8cc-49bd-8505-fd2734878827 - - - - - -] Loaded extension: l3-flavors
2026-05-10 04:41:50.759 1 INFO neutron.api.extensions [None req-e7072a19-c8cc-49bd-8505-fd2734878827 - - - - - -] Extension l3-ndp-proxy not supported by any of loaded plugins
2026-05-10 04:41:50.760 1 INFO neutron.api.extensions [None req-e7072a19-c8cc-49bd-8505-fd2734878827 - - - - - -] Loaded extension: l3-port-ip-change-not-allowed
2026-05-10 04:41:50.764 1 INFO neutron.api.extensions [None req-e7072a19-c8cc-49bd-8505-fd2734878827 - - - - - -] Loaded extension: l3_agent_scheduler
2026-05-10 04:41:50.765 1 INFO neutron.api.extensions [None req-e7072a19-c8cc-49bd-8505-fd2734878827 - - - - - -] Extension local_ip not supported by any of loaded plugins
2026-05-10 04:41:50.766 1 INFO neutron.api.extensions [None req-e7072a19-c8cc-49bd-8505-fd2734878827 - - - - - -] Extension logging not supported by any of loaded plugins
2026-05-10 04:41:50.767 1 INFO neutron.api.extensions [None req-e7072a19-c8cc-49bd-8505-fd2734878827 - - - - - -] Extension metering not supported by any of loaded plugins
2026-05-10 04:41:50.768 1 INFO neutron.api.extensions [None req-e7072a19-c8cc-49bd-8505-fd2734878827 - - - - - -] Extension metering_source_and_destination_fields not supported by any of loaded plugins
2026-05-10 04:41:50.768 1 INFO neutron.api.extensions [None req-e7072a19-c8cc-49bd-8505-fd2734878827 - - - - - -] Loaded extension: multi-provider
2026-05-10 04:41:50.769 1 INFO neutron.api.extensions [None req-e7072a19-c8cc-49bd-8505-fd2734878827 - - - - - -] Loaded extension: net-mtu
2026-05-10 04:41:50.769 1 INFO neutron.api.extensions [None req-e7072a19-c8cc-49bd-8505-fd2734878827 - - - - - -] Loaded extension: net-mtu-writable
2026-05-10 04:41:50.770 1 INFO neutron.api.extensions [None req-e7072a19-c8cc-49bd-8505-fd2734878827 - - - - - -] Loaded extension: network_availability_zone
2026-05-10 04:41:50.770 1 INFO neutron.api.extensions [None req-e7072a19-c8cc-49bd-8505-fd2734878827 - - - - - -] Loaded extension: network-ip-availability
2026-05-10 04:41:50.771 1 INFO neutron.api.extensions [None req-e7072a19-c8cc-49bd-8505-fd2734878827 - - - - - -] Extension network-segment-range not supported by any of loaded plugins
2026-05-10 04:41:50.772 1 INFO neutron.api.extensions [None req-e7072a19-c8cc-49bd-8505-fd2734878827 - - - - - -] Loaded extension: pagination
2026-05-10 04:41:50.772 1 INFO neutron.api.extensions [None req-e7072a19-c8cc-49bd-8505-fd2734878827 - - - - - -] Loaded extension: port-device-profile
2026-05-10 04:41:50.773 1 INFO neutron.api.extensions [None req-e7072a19-c8cc-49bd-8505-fd2734878827 - - - - - -] Loaded extension: port-mac-override
2026-05-10 04:41:50.773 1 INFO neutron.api.extensions [None req-e7072a19-c8cc-49bd-8505-fd2734878827 - - - - - -] Loaded extension: port-mac-address-regenerate
2026-05-10 04:41:50.774 1 INFO neutron.api.extensions [None req-e7072a19-c8cc-49bd-8505-fd2734878827 - - - - - -] Loaded extension: port-numa-affinity-policy
2026-05-10 04:41:50.774 1 INFO neutron.api.extensions [None req-e7072a19-c8cc-49bd-8505-fd2734878827 - - - - - -] Loaded extension: port-resource-request
2026-05-10 04:41:50.775 1 INFO neutron.api.extensions [None req-e7072a19-c8cc-49bd-8505-fd2734878827 - - - - - -] Loaded extension: port-resource-request-groups
2026-05-10 04:41:50.775 1 INFO neutron.api.extensions [None req-e7072a19-c8cc-49bd-8505-fd2734878827 - - - - - -] Loaded extension: binding
2026-05-10 04:41:50.776 1 INFO neutron.api.extensions [None req-e7072a19-c8cc-49bd-8505-fd2734878827 - - - - - -] Loaded extension: binding-extended
2026-05-10 04:41:50.776 1 INFO neutron.api.extensions [None req-e7072a19-c8cc-49bd-8505-fd2734878827 - - - - - -] Loaded extension: port-security
2026-05-10 04:41:50.777 1 INFO neutron.api.extensions [None req-e7072a19-c8cc-49bd-8505-fd2734878827 - - - - - -] Loaded extension: project-id
2026-05-10 04:41:50.777 1 INFO neutron.api.extensions [None req-e7072a19-c8cc-49bd-8505-fd2734878827 - - - - - -] Loaded extension: provider
2026-05-10 04:41:50.779 1 INFO neutron.api.extensions [None req-e7072a19-c8cc-49bd-8505-fd2734878827 - - - - - -] Loaded extension: qos
2026-05-10 04:41:50.780 1 INFO neutron.api.extensions [None req-e7072a19-c8cc-49bd-8505-fd2734878827 - - - - - -] Loaded extension: qos-bw-limit-direction
2026-05-10 04:41:50.781 1 INFO neutron.api.extensions [None req-e7072a19-c8cc-49bd-8505-fd2734878827 - - - - - -] Loaded extension: qos-bw-minimum-ingress
2026-05-10 04:41:50.781 1 INFO neutron.api.extensions [None req-e7072a19-c8cc-49bd-8505-fd2734878827 - - - - - -] Loaded extension: qos-default
2026-05-10 04:41:50.782 1 INFO neutron.api.extensions [None req-e7072a19-c8cc-49bd-8505-fd2734878827 - - - - - -] Loaded extension: qos-fip
2026-05-10 04:41:50.782 1 INFO neutron.api.extensions [None req-e7072a19-c8cc-49bd-8505-fd2734878827 - - - - - -] Extension qos-fip-network-policy not supported by any of loaded plugins
2026-05-10 04:41:50.783 1 INFO neutron.api.extensions [None req-e7072a19-c8cc-49bd-8505-fd2734878827 - - - - - -] Loaded extension: qos-gateway-ip
2026-05-10 04:41:50.783 1 INFO neutron.api.extensions [None req-e7072a19-c8cc-49bd-8505-fd2734878827 - - - - - -] Loaded extension: qos-port-network-policy
2026-05-10 04:41:50.784 1 INFO neutron.api.extensions [None req-e7072a19-c8cc-49bd-8505-fd2734878827 - - - - - -] Loaded extension: qos-pps-minimum
2026-05-10 04:41:50.785 1 INFO neutron.api.extensions [None req-e7072a19-c8cc-49bd-8505-fd2734878827 - - - - - -] Loaded extension: qos-pps-minimum-rule-alias
2026-05-10 04:41:50.786 1 INFO neutron.api.extensions [None req-e7072a19-c8cc-49bd-8505-fd2734878827 - - - - - -] Loaded extension: qos-pps
2026-05-10 04:41:50.786 1 INFO neutron.api.extensions [None req-e7072a19-c8cc-49bd-8505-fd2734878827 - - - - - -] Loaded extension: qos-rule-type-details
2026-05-10 04:41:50.787 1 INFO neutron.api.extensions [None req-e7072a19-c8cc-49bd-8505-fd2734878827 - - - - - -] Loaded extension: qos-rule-type-filter
2026-05-10 04:41:50.788 1 INFO neutron.api.extensions [None req-e7072a19-c8cc-49bd-8505-fd2734878827 - - - - - -] Loaded extension: qos-rules-alias
2026-05-10 04:41:50.788 1 INFO neutron.api.extensions [None req-e7072a19-c8cc-49bd-8505-fd2734878827 - - - - - -] Loaded extension: quota-check-limit
2026-05-10 04:41:50.791 1 INFO neutron.api.extensions [None req-e7072a19-c8cc-49bd-8505-fd2734878827 - - - - - -] Loaded extension: quotas
2026-05-10 04:41:50.793 1 INFO neutron.api.extensions [None req-e7072a19-c8cc-49bd-8505-fd2734878827 - - - - - -] Loaded extension: quota_details
2026-05-10 04:41:50.795 1 INFO neutron.api.extensions [None req-e7072a19-c8cc-49bd-8505-fd2734878827 - - - - - -] Loaded extension: rbac-policies
2026-05-10 04:41:50.795 1 INFO neutron.api.extensions [None req-e7072a19-c8cc-49bd-8505-fd2734878827 - - - - - -] Loaded extension: rbac-address-group
2026-05-10 04:41:50.796 1 INFO neutron.api.extensions [None req-e7072a19-c8cc-49bd-8505-fd2734878827 - - - - - -] Loaded extension: rbac-address-scope
2026-05-10 04:41:50.797 1 INFO neutron.api.extensions [None req-e7072a19-c8cc-49bd-8505-fd2734878827 - - - - - -] Loaded extension: rbac-security-groups
2026-05-10 04:41:50.797 1 INFO neutron.api.extensions [None req-e7072a19-c8cc-49bd-8505-fd2734878827 - - - - - -] Loaded extension: rbac-subnetpool
2026-05-10 04:41:50.798 1 INFO neutron.api.extensions [None req-e7072a19-c8cc-49bd-8505-fd2734878827 - - - - - -] Loaded extension: revision-if-match
2026-05-10 04:41:50.799 1 INFO neutron.api.extensions [None req-e7072a19-c8cc-49bd-8505-fd2734878827 - - - - - -] Loaded extension: standard-attr-revisions
2026-05-10 04:41:50.799 1 INFO neutron.api.extensions [None req-e7072a19-c8cc-49bd-8505-fd2734878827 - - - - - -] Loaded extension: router_availability_zone
2026-05-10 04:41:50.800 1 INFO neutron.api.extensions [None req-e7072a19-c8cc-49bd-8505-fd2734878827 - - - - - -] Extension router-service-type not supported by any of loaded plugins
2026-05-10 04:41:50.800 1 INFO neutron.api.extensions [None req-e7072a19-c8cc-49bd-8505-fd2734878827 - - - - - -] Loaded extension: security-groups-normalized-cidr
2026-05-10 04:41:50.801 1 INFO neutron.api.extensions [None req-e7072a19-c8cc-49bd-8505-fd2734878827 - - - - - -] Loaded extension: port-security-groups-filtering
2026-05-10 04:41:50.801 1 INFO neutron.api.extensions [None req-e7072a19-c8cc-49bd-8505-fd2734878827 - - - - - -] Loaded extension: security-groups-remote-address-group
2026-05-10 04:41:50.802 1 INFO neutron.api.extensions [None req-e7072a19-c8cc-49bd-8505-fd2734878827 - - - - - -] Loaded extension: security-groups-shared-filtering
2026-05-10 04:41:50.809 1 INFO neutron.api.extensions [None req-e7072a19-c8cc-49bd-8505-fd2734878827 - - - - - -] Loaded extension: security-group
2026-05-10 04:41:50.811 1 INFO neutron.api.extensions [None req-e7072a19-c8cc-49bd-8505-fd2734878827 - - - - - -] Loaded extension: segment
2026-05-10 04:41:50.811 1 INFO neutron.api.extensions [None req-e7072a19-c8cc-49bd-8505-fd2734878827 - - - - - -] Loaded extension: segments-peer-subnet-host-routes
2026-05-10 04:41:50.812 1 INFO neutron.api.extensions [None req-e7072a19-c8cc-49bd-8505-fd2734878827 - - - - - -] Loaded extension: service-type
2026-05-10 04:41:50.812 1 INFO neutron.api.extensions [None req-e7072a19-c8cc-49bd-8505-fd2734878827 - - - - - -] Loaded extension: sorting
2026-05-10 04:41:50.813 1 INFO neutron.api.extensions [None req-e7072a19-c8cc-49bd-8505-fd2734878827 - - - - - -] Loaded extension: standard-attr-segment
2026-05-10 04:41:50.813 1 INFO neutron.api.extensions [None req-e7072a19-c8cc-49bd-8505-fd2734878827 - - - - - -] Loaded extension: standard-attr-description
2026-05-10 04:41:50.814 1 INFO neutron.api.extensions [None req-e7072a19-c8cc-49bd-8505-fd2734878827 - - - - - -] Loaded extension: stateful-security-group
2026-05-10 04:41:50.814 1 WARNING neutron.api.extensions [None req-e7072a19-c8cc-49bd-8505-fd2734878827 - - - - - -] Did not find expected name "Stdattrs_common" in /var/lib/openstack/lib/python3.10/site-packages/neutron/extensions/stdattrs_common.py
2026-05-10 04:41:50.815 1 INFO neutron.api.extensions [None req-e7072a19-c8cc-49bd-8505-fd2734878827 - - - - - -] Extension subnet-dns-publish-fixed-ip not supported by any of loaded plugins
2026-05-10 04:41:50.815 1 INFO neutron.api.extensions [None req-e7072a19-c8cc-49bd-8505-fd2734878827 - - - - - -] Loaded extension: subnet_onboard
2026-05-10 04:41:50.816 1 INFO neutron.api.extensions [None req-e7072a19-c8cc-49bd-8505-fd2734878827 - - - - - -] Loaded extension: subnet-segmentid-writable
2026-05-10 04:41:50.816 1 INFO neutron.api.extensions [None req-e7072a19-c8cc-49bd-8505-fd2734878827 - - - - - -] Loaded extension: subnet-service-types
2026-05-10 04:41:50.817 1 INFO neutron.api.extensions [None req-e7072a19-c8cc-49bd-8505-fd2734878827 - - - - - -] Loaded extension: subnet_allocation
2026-05-10 04:41:50.818 1 INFO neutron.api.extensions [None req-e7072a19-c8cc-49bd-8505-fd2734878827 - - - - - -] Loaded extension: subnetpool-prefix-ops
2026-05-10 04:41:50.818 1 INFO neutron.api.extensions [None req-e7072a19-c8cc-49bd-8505-fd2734878827 - - - - - -] Extension tag-ports-during-bulk-creation not supported by any of loaded plugins
2026-05-10 04:41:50.820 1 INFO neutron.api.extensions [None req-e7072a19-c8cc-49bd-8505-fd2734878827 - - - - - -] Loaded extension: standard-attr-tag
2026-05-10 04:41:50.821 1 INFO neutron.api.extensions [None req-e7072a19-c8cc-49bd-8505-fd2734878827 - - - - - -] Loaded extension: standard-attr-timestamp
2026-05-10 04:41:50.821 1 INFO neutron.api.extensions [None req-e7072a19-c8cc-49bd-8505-fd2734878827 - - - - - -] Loaded extension: trunk
2026-05-10 04:41:50.822 1 INFO neutron.api.extensions [None req-e7072a19-c8cc-49bd-8505-fd2734878827 - - - - - -] Loaded extension: trunk-details
2026-05-10 04:41:50.822 1 INFO neutron.api.extensions [None req-e7072a19-c8cc-49bd-8505-fd2734878827 - - - - - -] Extension uplink-status-propagation not supported by any of loaded plugins
2026-05-10 04:41:50.823 1 INFO neutron.api.extensions [None req-e7072a19-c8cc-49bd-8505-fd2734878827 - - - - - -] Extension vlan-transparent not supported by any of loaded plugins
2026-05-10 04:41:50.824 1 INFO neutron.api.extensions [None req-e7072a19-c8cc-49bd-8505-fd2734878827 - - - - - -] Loaded extension: vpn-endpoint-groups
2026-05-10 04:41:50.824 1 INFO neutron.api.extensions [None req-e7072a19-c8cc-49bd-8505-fd2734878827 - - - - - -] Loaded extension: vpn-flavors
2026-05-10 04:41:50.825 1 INFO neutron.api.extensions [None req-e7072a19-c8cc-49bd-8505-fd2734878827 - - - - - -] Loaded extension: vpnaas
2026-05-10 04:41:50.829 1 INFO oslo_service.service [None req-e7072a19-c8cc-49bd-8505-fd2734878827 - - - - - -] Starting 2 workers
2026-05-10 04:41:50.836 1 INFO oslo_service.service [None req-e7072a19-c8cc-49bd-8505-fd2734878827 - - - - - -] Starting 1 workers
2026-05-10 04:42:31.637 10 INFO neutron.db.l3_hamode_db [None req-c3090240-6c5d-48f6-967e-40fb9d86bec4 - - - - - -] Number of active agents lower than max_l3_agents_per_router. L3 agents available: 1
2026-05-10 04:42:45.692 10 INFO neutron.plugins.ml2.plugin [None req-67312213-71d4-4dc0-9841-acfe6c318577 - - - - - -] Attempt 1 to provision port d89e6592-ca8e-4e91-9a6f-d98788ab4ef5
2026-05-10 04:42:46.696 10 INFO neutron.plugins.ml2.plugin [None req-9b775d42-0d71-4954-a890-3d2892340c61 - - - - - -] Attempt 1 to provision port d89e6592-ca8e-4e91-9a6f-d98788ab4ef5
2026-05-10 04:42:47.076 9 INFO neutron.plugins.ml2.plugin [None req-c9dca697-2dca-4a5e-85fb-b143b991f834 - - - - - -] Attempt 1 to provision port d89e6592-ca8e-4e91-9a6f-d98788ab4ef5
2026-05-10 04:42:47.633 10 INFO neutron.plugins.ml2.plugin [None req-67312213-71d4-4dc0-9841-acfe6c318577 - - - - - -] Attempt 1 to provision port d89e6592-ca8e-4e91-9a6f-d98788ab4ef5
2026-05-10 04:49:33.908 10 INFO neutron.plugins.ml2.plugin [None req-67312213-71d4-4dc0-9841-acfe6c318577 - - - - - -] Attempt 1 to provision port 64b160c9-a3e1-4f5c-9a77-57fa223d87c2
2026-05-10 04:49:34.820 10 INFO neutron.plugins.ml2.plugin [None req-b1540102-4d63-4b8f-80b2-8afbc9bcebb1 - - - - - -] Attempt 1 to provision port 64b160c9-a3e1-4f5c-9a77-57fa223d87c2
2026-05-10 04:49:35.000 9 INFO neutron.plugins.ml2.plugin [None req-7611d411-12a7-4cde-8918-3f64a196311a - - - - - -] Attempt 1 to provision port 64b160c9-a3e1-4f5c-9a77-57fa223d87c2
2026-05-10 04:49:35.876 10 INFO neutron.plugins.ml2.plugin [None req-67312213-71d4-4dc0-9841-acfe6c318577 - - - - - -] Attempt 1 to provision port 64b160c9-a3e1-4f5c-9a77-57fa223d87c2
2026-05-10 04:49:40.548 9 INFO neutron.plugins.ml2.plugin [None req-b5190b9c-b6b0-4c87-9642-c797b72ae52d - - - - - -] Attempt 1 to provision port e9c7125e-6bac-4bbf-8a67-47891255a5e4
2026-05-10 04:53:36.167 9 INFO neutron.plugins.ml2.plugin [None req-67312213-71d4-4dc0-9841-acfe6c318577 - - - - - -] Attempt 1 to provision port e9c7125e-6bac-4bbf-8a67-47891255a5e4
2026-05-10 04:53:38.083 10 INFO neutron.plugins.ml2.plugin [None req-67312213-71d4-4dc0-9841-acfe6c318577 - - - - - -] Attempt 1 to provision port e9c7125e-6bac-4bbf-8a67-47891255a5e4
2026-05-10 05:05:56.568 9 INFO neutron.plugins.ml2.plugin [None req-67312213-71d4-4dc0-9841-acfe6c318577 - - - - - -] Attempt 1 to provision port 573ae243-3885-4723-9096-e1e50775abec
2026-05-10 05:05:58.568 10 INFO neutron.plugins.ml2.plugin [None req-67312213-71d4-4dc0-9841-acfe6c318577 - - - - - -] Attempt 1 to provision port 573ae243-3885-4723-9096-e1e50775abec
2026-05-10 05:22:17.200 9 INFO neutron.plugins.ml2.plugin [None req-f81ed5ee-884a-4600-a104-24fe8764d838 - - - - - -] Attempt 1 to provision port fea0e24b-87f9-4e8b-9a9e-4bc7255b1ee9
2026-05-10 05:22:17.253 10 INFO neutron.plugins.ml2.plugin [None req-67312213-71d4-4dc0-9841-acfe6c318577 - - - - - -] Attempt 1 to provision port 286f7050-ac8d-4aa1-8565-6d8136a326ae
2026-05-10 05:22:17.760 10 INFO neutron.plugins.ml2.plugin [None req-67312213-71d4-4dc0-9841-acfe6c318577 - - - - - -] Attempt 1 to provision port 1ed47ba6-3a73-4cff-bdf2-8c84a60d55e6
2026-05-10 05:22:17.768 9 INFO neutron.plugins.ml2.plugin [None req-7983af38-4542-46d2-9e02-0b06a63285cf - - - - - -] Attempt 1 to provision port 0d258ac2-aab8-4738-a7b5-d83a016e9b32
2026-05-10 05:22:18.192 10 INFO neutron.plugins.ml2.plugin [None req-67312213-71d4-4dc0-9841-acfe6c318577 - - - - - -] Attempt 1 to provision port 1cfe7ae6-12f5-4ca0-862f-ade34b584d58
2026-05-10 05:22:18.560 9 INFO neutron.plugins.ml2.plugin [None req-1823ba69-1e2a-4373-8023-6dfedb0405a9 - - - - - -] Attempt 1 to provision port 1cfe7ae6-12f5-4ca0-862f-ade34b584d58
2026-05-10 05:22:18.881 9 INFO neutron.plugins.ml2.plugin [None req-938e1762-1513-41ea-97b5-a2652630fe2b - - - - - -] Attempt 1 to provision port 1ed47ba6-3a73-4cff-bdf2-8c84a60d55e6
2026-05-10 05:22:19.183 10 INFO neutron.plugins.ml2.plugin [None req-83d7fe24-666b-4854-a896-2372a4b18591 - - - - - -] Attempt 1 to provision port 286f7050-ac8d-4aa1-8565-6d8136a326ae
2026-05-10 05:22:19.229 9 INFO neutron.plugins.ml2.plugin [None req-67312213-71d4-4dc0-9841-acfe6c318577 - - - - - -] Attempt 1 to provision port 1ed47ba6-3a73-4cff-bdf2-8c84a60d55e6
2026-05-10 05:22:19.471 10 INFO neutron.plugins.ml2.plugin [None req-83d7fe24-666b-4854-a896-2372a4b18591 - - - - - -] Attempt 1 to provision port 1cfe7ae6-12f5-4ca0-862f-ade34b584d58
2026-05-10 05:22:19.581 10 INFO neutron.plugins.ml2.plugin [None req-83d7fe24-666b-4854-a896-2372a4b18591 - - - - - -] Attempt 1 to provision port 1ed47ba6-3a73-4cff-bdf2-8c84a60d55e6
2026-05-10 05:22:19.702 9 INFO neutron.plugins.ml2.plugin [None req-67312213-71d4-4dc0-9841-acfe6c318577 - - - - - -] Attempt 1 to provision port 286f7050-ac8d-4aa1-8565-6d8136a326ae
2026-05-10 05:22:19.790 9 INFO neutron.plugins.ml2.plugin [None req-973fe863-d49f-4252-929c-7e7fe5a8881f - - - - - -] Attempt 1 to provision port 286f7050-ac8d-4aa1-8565-6d8136a326ae
2026-05-10 05:22:20.234 10 INFO neutron.plugins.ml2.plugin [None req-ebbee77f-cb38-460b-98d2-e6327971dd68 - - - - - -] Attempt 1 to provision port 4a4f6e12-eb8d-467b-bb8d-897bd40897c9
2026-05-10 05:22:20.316 9 INFO neutron.plugins.ml2.plugin [None req-67312213-71d4-4dc0-9841-acfe6c318577 - - - - - -] Attempt 1 to provision port 1cfe7ae6-12f5-4ca0-862f-ade34b584d58
2026-05-10 05:22:20.403 9 INFO neutron.plugins.ml2.plugin [None req-27170d76-e496-44d2-b6f2-b75f15be95c9 - - - - - -] Attempt 1 to provision port 824a0a05-67f1-4960-988a-bb4947331207
2026-05-10 05:22:21.074 10 INFO neutron.plugins.ml2.plugin [None req-c86eff18-596f-4cfd-8c5a-60467db4af30 - - - - - -] Attempt 1 to provision port 824a0a05-67f1-4960-988a-bb4947331207
2026-05-10 05:22:22.355 9 INFO neutron.plugins.ml2.plugin [None req-031750ee-7501-4a1d-864c-f29e4be80680 - - - - - -] Attempt 1 to provision port ce48220b-ac87-4e2c-aaf9-d996e1a2d4ca
2026-05-10 05:22:23.030 10 INFO neutron.plugins.ml2.plugin [None req-246a3319-9b4a-484d-b39f-0ebe2434392f - - - - - -] Attempt 1 to provision port ce48220b-ac87-4e2c-aaf9-d996e1a2d4ca
2026-05-10 05:22:23.242 10 INFO neutron.plugins.ml2.plugin [None req-67312213-71d4-4dc0-9841-acfe6c318577 - - - - - -] Attempt 1 to provision port f86ce729-e8cc-4d0f-87d9-3818479cf4db
2026-05-10 05:22:23.299 9 INFO neutron.plugins.ml2.plugin [None req-cd795bd6-136e-4ca2-9d06-da6a4243900e - - - - - -] Attempt 1 to provision port 88af7015-7625-4a40-a8a6-e4dc78ca1c9d
2026-05-10 05:22:23.853 10 INFO neutron.plugins.ml2.plugin [None req-ac4db2b1-5cd7-4c9c-b214-a871f1409ec4 - - - - - -] Attempt 1 to provision port 88af7015-7625-4a40-a8a6-e4dc78ca1c9d
2026-05-10 05:22:24.312 9 INFO neutron.plugins.ml2.plugin [None req-4fb3c677-c6df-48e2-a703-f521a413cc49 - - - - - -] Attempt 1 to provision port e3800e7f-14c4-46d2-a251-ff5db7330ab9
2026-05-10 05:22:24.879 9 INFO neutron.plugins.ml2.plugin [None req-4a73df5b-aed3-4e5f-842c-347570f0c136 - - - - - -] Attempt 1 to provision port f86ce729-e8cc-4d0f-87d9-3818479cf4db
2026-05-10 05:22:25.167 10 INFO neutron.plugins.ml2.plugin [None req-facef2b0-d179-4e0d-82fb-1c07d46d9125 - - - - - -] Attempt 1 to provision port f86ce729-e8cc-4d0f-87d9-3818479cf4db
2026-05-10 05:22:25.200 9 INFO neutron.plugins.ml2.plugin [None req-67312213-71d4-4dc0-9841-acfe6c318577 - - - - - -] Attempt 1 to provision port f86ce729-e8cc-4d0f-87d9-3818479cf4db
2026-05-10 05:22:27.283 10 INFO neutron.plugins.ml2.plugin [None req-249f45db-c599-4450-a053-cddf6566b180 - - - - - -] Attempt 1 to provision port 2b498217-8b1a-45f7-a4dd-f67626976b18
2026-05-10 05:22:28.044 9 INFO neutron.plugins.ml2.plugin [None req-b7174b2a-ff0e-4f12-8e84-4832d84cf6f4 - - - - - -] Attempt 1 to provision port 2b498217-8b1a-45f7-a4dd-f67626976b18
2026-05-10 05:22:29.262 10 INFO neutron.plugins.ml2.plugin [None req-67312213-71d4-4dc0-9841-acfe6c318577 - - - - - -] Attempt 1 to provision port 878981bf-fb4a-4a7e-937d-daff8cac5e7b
2026-05-10 05:22:29.850 10 INFO neutron.plugins.ml2.plugin [None req-67312213-71d4-4dc0-9841-acfe6c318577 - - - - - -] Attempt 1 to provision port fc9371ea-790f-4b9c-9460-96aa60e79ed1
2026-05-10 05:22:30.309 10 INFO neutron.plugins.ml2.plugin [None req-67312213-71d4-4dc0-9841-acfe6c318577 - - - - - -] Attempt 1 to provision port f61cb1e5-ffee-4fd0-abfa-dbd9e44c985c
2026-05-10 05:22:30.726 10 INFO neutron.plugins.ml2.plugin [None req-4187d9cd-2940-4274-af3c-3a08d48938d9 - - - - - -] Attempt 1 to provision port c7a1ea4f-0239-4d3b-9cc3-4cbbe9117cf7
2026-05-10 05:22:30.969 10 INFO neutron.plugins.ml2.plugin [None req-67312213-71d4-4dc0-9841-acfe6c318577 - - - - - -] Attempt 1 to provision port 9d6e2d36-720d-4421-b032-e3d0c3e676fb
2026-05-10 05:22:31.298 10 INFO neutron.plugins.ml2.plugin [None req-2969d841-e4bd-4321-8704-aff585fe12f9 - - - - - -] Attempt 1 to provision port b48bf206-0cdd-4409-a715-107b7bc44137
2026-05-10 05:22:31.658 9 INFO neutron.plugins.ml2.plugin [None req-67312213-71d4-4dc0-9841-acfe6c318577 - - - - - -] Attempt 1 to provision port 878981bf-fb4a-4a7e-937d-daff8cac5e7b
2026-05-10 05:22:31.995 9 INFO neutron.plugins.ml2.plugin [None req-67312213-71d4-4dc0-9841-acfe6c318577 - - - - - -] Attempt 1 to provision port f61cb1e5-ffee-4fd0-abfa-dbd9e44c985c
2026-05-10 05:22:32.453 9 INFO neutron.plugins.ml2.plugin [None req-67312213-71d4-4dc0-9841-acfe6c318577 - - - - - -] Attempt 1 to provision port 9d6e2d36-720d-4421-b032-e3d0c3e676fb /var/lib/openstack/lib/python3.10/site-packages/oslo_db/sqlalchemy/enginefacade.py:676: SAWarning: DELETE statement on table 'portsecuritybindings' expected to delete 1 row(s); 0 were matched. Please set confirm_deleted_rows=False within the mapper configuration to prevent this warning. self.session.flush() /var/lib/openstack/lib/python3.10/site-packages/oslo_db/sqlalchemy/enginefacade.py:676: SAWarning: DELETE statement on table 'ml2_port_bindings' expected to delete 1 row(s); 0 were matched. Please set confirm_deleted_rows=False within the mapper configuration to prevent this warning. self.session.flush() /var/lib/openstack/lib/python3.10/site-packages/oslo_db/sqlalchemy/enginefacade.py:676: SAWarning: DELETE statement on table 'ml2_port_binding_levels' expected to delete 1 row(s); 0 were matched. Please set confirm_deleted_rows=False within the mapper configuration to prevent this warning. self.session.flush() /var/lib/openstack/lib/python3.10/site-packages/oslo_db/sqlalchemy/enginefacade.py:676: SAWarning: DELETE statement on table 'ports' expected to delete 1 row(s); 0 were matched. Please set confirm_deleted_rows=False within the mapper configuration to prevent this warning. self.session.flush()
2026-05-10 05:22:37.823 9 INFO neutron.plugins.ml2.plugin [None req-67312213-71d4-4dc0-9841-acfe6c318577 - - - - - -] Attempt 1 to provision port c7a1ea4f-0239-4d3b-9cc3-4cbbe9117cf7
2026-05-10 05:22:38.327 9 INFO neutron.plugins.ml2.plugin [None req-d5654f70-5e99-4ee7-99bb-ae4ebe43aa36 - - - - - -] Attempt 1 to provision port 4324bb3a-11f5-4109-b0d5-ec3e2f1d6b41
2026-05-10 05:22:38.415 9 INFO neutron.notifiers.nova [-] Nova event matching ['req-5b978081-d9e6-4437-876e-ddc6339b6ada'] response: {'server_uuid': 'ce0015cc-89d5-49c2-a134-c29eab8a0755', 'name': 'network-vif-plugged', 'status': 'completed', 'tag': 'c7a1ea4f-0239-4d3b-9cc3-4cbbe9117cf7', 'code': 200}
2026-05-10 05:22:38.468 9 INFO neutron.plugins.ml2.plugin [None req-67312213-71d4-4dc0-9841-acfe6c318577 - - - - - -] Attempt 1 to provision port b48bf206-0cdd-4409-a715-107b7bc44137
2026-05-10 05:22:39.935 9 INFO neutron.plugins.ml2.plugin [None req-67312213-71d4-4dc0-9841-acfe6c318577 - - - - - -] Attempt 1 to provision port c7a1ea4f-0239-4d3b-9cc3-4cbbe9117cf7
2026-05-10 05:22:40.294 9 INFO neutron.plugins.ml2.plugin [None req-67312213-71d4-4dc0-9841-acfe6c318577 - - - - - -] Attempt 1 to provision port b48bf206-0cdd-4409-a715-107b7bc44137
2026-05-10 05:22:40.450 9 INFO neutron.plugins.ml2.plugin [None req-cc25a814-58e1-4061-8ec0-e05785914cbc - - - - - -] Attempt 1 to provision port 7b9d522c-e039-4724-9000-dcfa8dea67a7
2026-05-10 05:22:40.509 9 INFO neutron.notifiers.nova [-] Nova event matching ['req-68c72f07-98a0-4c2f-b31d-fc33803ffe5d'] response: {'server_uuid': 'c9734cbe-7b06-4b6b-b9d9-f951972e6259', 'name': 'network-vif-plugged', 'status': 'completed', 'tag': 'b48bf206-0cdd-4409-a715-107b7bc44137', 'code': 200}
2026-05-10 05:22:40.624 9 INFO neutron.plugins.ml2.plugin [None req-67312213-71d4-4dc0-9841-acfe6c318577 - - - - - -] Attempt 1 to provision port 7b9d522c-e039-4724-9000-dcfa8dea67a7
2026-05-10 05:22:40.960 9 INFO neutron.plugins.ml2.plugin [None req-f8388541-8c6e-48f8-9250-b92b9d53d498 - - - - - -] Attempt 1 to provision port 7b9d522c-e039-4724-9000-dcfa8dea67a7
2026-05-10 05:22:41.683 9 INFO neutron.plugins.ml2.plugin [None req-67312213-71d4-4dc0-9841-acfe6c318577 - - - - - -] Attempt 1 to provision port 7b9d522c-e039-4724-9000-dcfa8dea67a7
2026-05-10 05:22:41.903 10 INFO neutron.plugins.ml2.plugin [None req-d44aa519-eba6-412b-b83f-9047f775e386 - - - - - -] Attempt 1 to provision port a641b64c-ead5-4bdb-98fa-d772791ff054
2026-05-10 05:22:42.691 9 INFO neutron.plugins.ml2.plugin [None req-02d99c4a-af46-48cf-97ad-190d93e9c481 - - - - - -] Attempt 1 to provision port a641b64c-ead5-4bdb-98fa-d772791ff054
2026-05-10 05:22:43.291 10 INFO neutron.plugins.ml2.plugin [None req-3f7cdb2f-ffda-4ef0-9e45-ca0a6a42f28a - - - - - -] Attempt 1 to provision port 2b4e2d54-3676-499f-99ed-000b93a79a47
2026-05-10 05:22:43.669 9 INFO neutron.plugins.ml2.plugin [None req-67312213-71d4-4dc0-9841-acfe6c318577 - - - - - -] Attempt 1 to provision port 5df54f6d-9663-435b-9d05-e0f1a0607122
2026-05-10 05:22:44.360 9 INFO neutron.plugins.ml2.plugin [None req-67312213-71d4-4dc0-9841-acfe6c318577 - - - - - -] Attempt 1 to provision port cc57f61b-aaa7-4622-a7ce-990d3a583444
2026-05-10 05:22:44.967 9 INFO neutron.plugins.ml2.plugin [None req-bc8f2b90-0afd-4b32-81c1-fd07e2b96ded - - - - - -] Attempt 1 to provision port 5df54f6d-9663-435b-9d05-e0f1a0607122
2026-05-10 05:22:45.406 9 INFO neutron.plugins.ml2.plugin [None req-310fb73d-1f06-4181-8a30-0faf82399c11 - - - - - -] Attempt 1 to provision port 5df54f6d-9663-435b-9d05-e0f1a0607122
2026-05-10 05:22:45.892 10 INFO neutron.notifiers.nova [-] Nova event matching ['req-521187b9-e698-4a66-83b2-b785880dba99'] response: {'server_uuid': 'ce0015cc-89d5-49c2-a134-c29eab8a0755', 'name': 'network-vif-unplugged', 'status': 'completed', 'tag': 'c7a1ea4f-0239-4d3b-9cc3-4cbbe9117cf7', 'code': 200}
2026-05-10 05:22:45.961 10 INFO neutron.plugins.ml2.plugin [None req-9ff09063-56c4-4708-ac40-60fb6e0a24e4 - - - - - -] Attempt 1 to provision port 07a5bed7-6bc4-44e6-bffd-e3b6e530f43c
2026-05-10 05:22:46.030 9 INFO neutron.plugins.ml2.plugin [None req-67312213-71d4-4dc0-9841-acfe6c318577 - - - - - -] Attempt 1 to provision port cc57f61b-aaa7-4622-a7ce-990d3a583444
2026-05-10 05:22:46.686 10 INFO neutron.plugins.ml2.plugin [None req-b2b7b866-4ff8-45b2-bd69-eed01b0855dd - - - - - -] Attempt 1 to provision port 07a5bed7-6bc4-44e6-bffd-e3b6e530f43c
2026-05-10 05:22:46.717 9 INFO neutron.plugins.ml2.plugin [None req-67312213-71d4-4dc0-9841-acfe6c318577 - - - - - -] Attempt 1 to provision port 5df54f6d-9663-435b-9d05-e0f1a0607122
2026-05-10 05:22:47.997 10 INFO neutron.plugins.ml2.plugin [None req-67312213-71d4-4dc0-9841-acfe6c318577 - - - - - -] Attempt 1 to provision port 37b6aae4-b096-4a14-af50-8f000f4895c5
2026-05-10 05:22:50.152 9 INFO neutron.plugins.ml2.plugin [None req-67312213-71d4-4dc0-9841-acfe6c318577 - - - - - -] Attempt 1 to provision port 37b6aae4-b096-4a14-af50-8f000f4895c5
2026-05-10 05:22:51.294 10 INFO neutron.plugins.ml2.plugin [None req-bc39b6ae-6b58-4d99-9b3c-0a9dd40b8edf - - - - - -] Attempt 1 to provision port e7bea263-3e13-4b92-bf1b-f5f5112470a4
2026-05-10 05:22:54.047 9 INFO neutron.plugins.ml2.plugin [None req-67312213-71d4-4dc0-9841-acfe6c318577 - - - - - -] Attempt 1 to provision port e7bea263-3e13-4b92-bf1b-f5f5112470a4
2026-05-10 05:22:54.182 9 INFO neutron.notifiers.nova [-] Nova event matching ['req-2852ce57-648e-4941-b9a0-ce1d3f6ad389'] response: {'server_uuid': '9c6adcf9-df7f-4b20-9578-6a38f4835103', 'name': 'network-vif-plugged', 'status': 'completed', 'tag': 'e7bea263-3e13-4b92-bf1b-f5f5112470a4', 'code': 200}
2026-05-10 05:22:55.085 9 INFO neutron.plugins.ml2.plugin [None req-f64bf2ce-ca58-4d9f-a235-2318bf27972f - - - - - -] Attempt 1 to provision port 6ca30b15-18d5-4fe5-a5f3-956c05bb06a2
2026-05-10 05:22:56.045 10 INFO neutron.plugins.ml2.plugin [None req-67312213-71d4-4dc0-9841-acfe6c318577 - - - - - -] Attempt 1 to provision port e7bea263-3e13-4b92-bf1b-f5f5112470a4
2026-05-10 05:22:56.536 10 INFO neutron.plugins.ml2.plugin [None req-67312213-71d4-4dc0-9841-acfe6c318577 - - - - - -] Attempt 1 to provision port 4a4f6e12-eb8d-467b-bb8d-897bd40897c9
2026-05-10 05:22:58.166 10 INFO neutron.plugins.ml2.plugin [None req-67312213-71d4-4dc0-9841-acfe6c318577 - - - - - -] Attempt 1 to provision port 88af7015-7625-4a40-a8a6-e4dc78ca1c9d
2026-05-10 05:22:58.615 10 INFO neutron.plugins.ml2.plugin [None req-67312213-71d4-4dc0-9841-acfe6c318577 - - - - - -] Attempt 1 to provision port 6ca30b15-18d5-4fe5-a5f3-956c05bb06a2
2026-05-10 05:22:58.722 10 INFO neutron.notifiers.nova [-] Nova event matching ['req-220fca21-0679-4259-86b8-25462ac4dc36'] response: {'server_uuid': '7bf2ec80-9e19-4c12-984e-194320cf6785', 'name': 'network-vif-plugged', 'status': 'completed', 'tag': '6ca30b15-18d5-4fe5-a5f3-956c05bb06a2', 'code': 200}
2026-05-10 05:22:59.128 10 INFO neutron.plugins.ml2.plugin [None req-67312213-71d4-4dc0-9841-acfe6c318577 - - - - - -] Attempt 1 to provision port 4a4f6e12-eb8d-467b-bb8d-897bd40897c9
2026-05-10 05:22:59.979 9 INFO neutron.plugins.ml2.plugin [None req-697c221b-6106-4279-84fb-b946d1c2a7af - - - - - -] Attempt 1 to provision port b48bf206-0cdd-4409-a715-107b7bc44137
2026-05-10 05:23:00.017 10 INFO neutron.plugins.ml2.plugin [None req-67312213-71d4-4dc0-9841-acfe6c318577 - - - - - -] Attempt 1 to provision port 88af7015-7625-4a40-a8a6-e4dc78ca1c9d
2026-05-10 05:23:00.333 10 INFO neutron.plugins.ml2.plugin [None req-67312213-71d4-4dc0-9841-acfe6c318577 - - - - - -] Attempt 1 to provision port b48bf206-0cdd-4409-a715-107b7bc44137
2026-05-10 05:23:00.643 10 INFO neutron.plugins.ml2.plugin [None req-67312213-71d4-4dc0-9841-acfe6c318577 - - - - - -] Attempt 1 to provision port 6ca30b15-18d5-4fe5-a5f3-956c05bb06a2
2026-05-10 05:23:02.315 10 INFO neutron.plugins.ml2.plugin [None req-d2102b42-52a0-4f3f-9f73-82e89497ffe3 - - - - - -] Attempt 1 to provision port b48bf206-0cdd-4409-a715-107b7bc44137
2026-05-10 05:23:02.612 9 INFO neutron.plugins.ml2.plugin [None req-67312213-71d4-4dc0-9841-acfe6c318577 - - - - - -] Attempt 1 to provision port a641b64c-ead5-4bdb-98fa-d772791ff054
2026-05-10 05:23:03.003 9 INFO neutron.plugins.ml2.plugin [None req-67312213-71d4-4dc0-9841-acfe6c318577 - - - - - -] Attempt 1 to provision port 4324bb3a-11f5-4109-b0d5-ec3e2f1d6b41
2026-05-10 05:23:04.160 9 INFO neutron.plugins.ml2.plugin [None req-67312213-71d4-4dc0-9841-acfe6c318577 - - - - - -] Attempt 1 to provision port a641b64c-ead5-4bdb-98fa-d772791ff054
2026-05-10 05:23:04.458 9 INFO neutron.plugins.ml2.plugin [None req-67312213-71d4-4dc0-9841-acfe6c318577 - - - - - -] Attempt 1 to provision port 4324bb3a-11f5-4109-b0d5-ec3e2f1d6b41 /var/lib/openstack/lib/python3.10/site-packages/oslo_db/sqlalchemy/enginefacade.py:676: SAWarning: DELETE statement on table 'portsecuritybindings' expected to delete 1 row(s); 0 were matched. Please set confirm_deleted_rows=False within the mapper configuration to prevent this warning. self.session.flush() /var/lib/openstack/lib/python3.10/site-packages/oslo_db/sqlalchemy/enginefacade.py:676: SAWarning: DELETE statement on table 'ml2_port_bindings' expected to delete 1 row(s); 0 were matched. Please set confirm_deleted_rows=False within the mapper configuration to prevent this warning. self.session.flush() /var/lib/openstack/lib/python3.10/site-packages/oslo_db/sqlalchemy/enginefacade.py:676: SAWarning: DELETE statement on table 'ml2_port_binding_levels' expected to delete 1 row(s); 0 were matched. Please set confirm_deleted_rows=False within the mapper configuration to prevent this warning. self.session.flush() /var/lib/openstack/lib/python3.10/site-packages/oslo_db/sqlalchemy/enginefacade.py:676: SAWarning: DELETE statement on table 'ports' expected to delete 1 row(s); 0 were matched. Please set confirm_deleted_rows=False within the mapper configuration to prevent this warning. self.session.flush()
2026-05-10 05:23:10.002 9 INFO neutron.plugins.ml2.plugin [None req-67312213-71d4-4dc0-9841-acfe6c318577 - - - - - -] Attempt 1 to provision port 07a5bed7-6bc4-44e6-bffd-e3b6e530f43c
2026-05-10 05:23:10.403 9 INFO neutron.plugins.ml2.plugin [None req-67312213-71d4-4dc0-9841-acfe6c318577 - - - - - -] Attempt 1 to provision port 2b4e2d54-3676-499f-99ed-000b93a79a47
2026-05-10 05:23:12.018 9 INFO neutron.plugins.ml2.plugin [None req-67312213-71d4-4dc0-9841-acfe6c318577 - - - - - -] Attempt 1 to provision port 07a5bed7-6bc4-44e6-bffd-e3b6e530f43c
2026-05-10 05:23:12.543 9 INFO neutron.plugins.ml2.plugin [None req-67312213-71d4-4dc0-9841-acfe6c318577 - - - - - -] Attempt 1 to provision port 2b4e2d54-3676-499f-99ed-000b93a79a47
2026-05-10 05:23:13.384 10 INFO neutron.plugins.ml2.plugin [None req-81a62e41-83a4-411c-94fa-dcb41a51ee3e - - - - - -] Attempt 1 to provision port 3abbfccf-1a94-44bf-9cc3-90ffed0fac3d
2026-05-10 05:23:14.011 9 INFO neutron.notifiers.nova [-] Nova event matching ['req-ff5827ef-04a1-41bf-bd26-5fa3d9353cac'] response: {'server_uuid': '9c6adcf9-df7f-4b20-9578-6a38f4835103', 'name': 'network-vif-unplugged', 'status': 'completed', 'tag': 'e7bea263-3e13-4b92-bf1b-f5f5112470a4', 'code': 200}
2026-05-10 05:23:14.789 9 INFO neutron.plugins.ml2.plugin [None req-67312213-71d4-4dc0-9841-acfe6c318577 - - - - - -] Attempt 1 to provision port e7bea263-3e13-4b92-bf1b-f5f5112470a4
2026-05-10 05:23:15.548 9 INFO neutron.plugins.ml2.plugin [None req-67312213-71d4-4dc0-9841-acfe6c318577 - - - - - -] Attempt 1 to provision port 289bfd0f-2dc9-4861-b0d7-4e588728b1e8
2026-05-10 05:23:15.869 9 INFO neutron.plugins.ml2.plugin [None req-9b32b5bc-7e5d-4632-8d99-f68545a21cd2 - - - - - -] Attempt 1 to provision port 289bfd0f-2dc9-4861-b0d7-4e588728b1e8
