2026-05-10 05:22:50.810 8 INFO cinder.api.openstack.wsgi [None req-2df1caa7-2c0a-4cca-a0c2-b82b6eb2740f 4d433eee1db94b91bb4e66a3edaf3995 db7472f83f504bab832b82413f7b21ae - - default default] GET http://cinder-api.openstack.svc.cluster.local:8776/v3/db7472f83f504bab832b82413f7b21ae/os-services
2026-05-10 05:22:50.817 8 INFO cinder.api.openstack.wsgi [None req-2df1caa7-2c0a-4cca-a0c2-b82b6eb2740f 4d433eee1db94b91bb4e66a3edaf3995 db7472f83f504bab832b82413f7b21ae - - default default] http://cinder-api.openstack.svc.cluster.local:8776/v3/db7472f83f504bab832b82413f7b21ae/os-services returned with HTTP 200 [pid: 8|app: 0|req: 391/782] 10.0.0.15 () {28 vars in 644 bytes} [Sun May 10 05:22:50 2026] GET /v3/db7472f83f504bab832b82413f7b21ae/os-services => generated 646 bytes in 18 msecs (HTTP/1.1 200) 7 headers in 285 bytes (1 switches on core 0) /var/lib/openstack/lib/python3.10/site-packages/pycadf/identifier.py:71: UserWarning: Invalid uuid: cinderv3. To ensure interoperability, identifiers should be a valid uuid. warnings.warn(('Invalid uuid: %s. To ensure interoperability, '
2026-05-10 05:22:50.830 7 INFO cinder.api.openstack.wsgi [None req-1df338ce-dfae-4436-adea-7c770da53c2a 4d433eee1db94b91bb4e66a3edaf3995 db7472f83f504bab832b82413f7b21ae - - default default] GET http://cinder-api.openstack.svc.cluster.local:8776/v3/db7472f83f504bab832b82413f7b21ae/scheduler-stats/get_pools?detail=true
2026-05-10 05:22:50.846 7 INFO cinder.api.openstack.wsgi [None req-1df338ce-dfae-4436-adea-7c770da53c2a 4d433eee1db94b91bb4e66a3edaf3995 db7472f83f504bab832b82413f7b21ae - - default default] http://cinder-api.openstack.svc.cluster.local:8776/v3/db7472f83f504bab832b82413f7b21ae/scheduler-stats/get_pools?detail=true returned with HTTP 200 [pid: 7|app: 0|req: 392/783] 10.0.0.15 () {28 vars in 695 bytes} [Sun May 10 05:22:50 2026] GET /v3/db7472f83f504bab832b82413f7b21ae/scheduler-stats/get_pools?detail=true => generated 670 bytes in 25 msecs (HTTP/1.1 200) 7 headers in 285 bytes (1 switches on core 0)
2026-05-10 05:22:50.976 8 INFO cinder.api.openstack.wsgi [None req-d8b68d54-eddb-4f1b-8cca-5b715d6d94c2 542b210693924fd3bf8ecd4003f70287 a1d8bcc5ea274c9b90b5d8bb5ee1f038 - - default default] GET http://cinder-api.openstack.svc.cluster.local:8776/v3/a1d8bcc5ea274c9b90b5d8bb5ee1f038/volumes/e65e870f-5022-4f51-87d0-b85f4e9d62e3 /var/lib/openstack/lib/python3.10/site-packages/oslo_context/context.py:100: DeprecationWarning: Policy enforcement is depending on the value of is_admin. This key is deprecated. Please update your policy file to use the standard policy values. warnings.warn('Policy enforcement is depending on the value of '
2026-05-10 05:22:50.994 8 INFO cinder.volume.api [None req-d8b68d54-eddb-4f1b-8cca-5b715d6d94c2 542b210693924fd3bf8ecd4003f70287 a1d8bcc5ea274c9b90b5d8bb5ee1f038 - - default default] Volume info retrieved successfully.
2026-05-10 05:22:50.999 8 INFO cinder.api.openstack.wsgi [None req-d8b68d54-eddb-4f1b-8cca-5b715d6d94c2 542b210693924fd3bf8ecd4003f70287 a1d8bcc5ea274c9b90b5d8bb5ee1f038 - - default default] http://cinder-api.openstack.svc.cluster.local:8776/v3/a1d8bcc5ea274c9b90b5d8bb5ee1f038/volumes/e65e870f-5022-4f51-87d0-b85f4e9d62e3 returned with HTTP 200 [pid: 8|app: 0|req: 392/784] 10.0.0.33 () {32 vars in 774 bytes} [Sun May 10 05:22:50 2026] GET /v3/a1d8bcc5ea274c9b90b5d8bb5ee1f038/volumes/e65e870f-5022-4f51-87d0-b85f4e9d62e3 => generated 956 bytes in 29 msecs (HTTP/1.1 200) 7 headers in 285 bytes (1 switches on core 0)
2026-05-10 05:22:52.022 7 INFO cinder.api.openstack.wsgi [None req-cebf039d-59aa-40cb-bcbf-1f0effc06372 542b210693924fd3bf8ecd4003f70287 a1d8bcc5ea274c9b90b5d8bb5ee1f038 - - default default] GET http://cinder-api.openstack.svc.cluster.local:8776/v3/a1d8bcc5ea274c9b90b5d8bb5ee1f038/volumes/e65e870f-5022-4f51-87d0-b85f4e9d62e3 /var/lib/openstack/lib/python3.10/site-packages/oslo_context/context.py:100: DeprecationWarning: Policy enforcement is depending on the value of is_admin. This key is deprecated. Please update your policy file to use the standard policy values. warnings.warn('Policy enforcement is depending on the value of '
2026-05-10 05:22:52.044 7 INFO cinder.volume.api [None req-cebf039d-59aa-40cb-bcbf-1f0effc06372 542b210693924fd3bf8ecd4003f70287 a1d8bcc5ea274c9b90b5d8bb5ee1f038 - - default default] Volume info retrieved successfully.
2026-05-10 05:22:52.052 7 INFO cinder.api.openstack.wsgi [None req-cebf039d-59aa-40cb-bcbf-1f0effc06372 542b210693924fd3bf8ecd4003f70287 a1d8bcc5ea274c9b90b5d8bb5ee1f038 - - default default] http://cinder-api.openstack.svc.cluster.local:8776/v3/a1d8bcc5ea274c9b90b5d8bb5ee1f038/volumes/e65e870f-5022-4f51-87d0-b85f4e9d62e3 returned with HTTP 200 [pid: 7|app: 0|req: 393/785] 10.0.0.33 () {32 vars in 774 bytes} [Sun May 10 05:22:52 2026] GET /v3/a1d8bcc5ea274c9b90b5d8bb5ee1f038/volumes/e65e870f-5022-4f51-87d0-b85f4e9d62e3 => generated 1341 bytes in 40 msecs (HTTP/1.1 200) 7 headers in 286 bytes (1 switches on core 0) /var/lib/openstack/lib/python3.10/site-packages/pycadf/identifier.py:71: UserWarning: Invalid uuid: cinderv3. To ensure interoperability, identifiers should be a valid uuid. warnings.warn(('Invalid uuid: %s. To ensure interoperability, '
2026-05-10 05:22:52.146 8 INFO cinder.api.openstack.wsgi [req-ec079226-9cf3-4ad1-8037-4ad673e14b5f req-c096d6cd-eaee-446d-a7cd-c1fbef992257 542b210693924fd3bf8ecd4003f70287 a1d8bcc5ea274c9b90b5d8bb5ee1f038 - - default default] GET http://cinder-api.openstack.svc.cluster.local:8776/v3/a1d8bcc5ea274c9b90b5d8bb5ee1f038/volumes/e65e870f-5022-4f51-87d0-b85f4e9d62e3 /var/lib/openstack/lib/python3.10/site-packages/oslo_context/context.py:100: DeprecationWarning: Policy enforcement is depending on the value of is_admin. This key is deprecated. Please update your policy file to use the standard policy values. warnings.warn('Policy enforcement is depending on the value of '
2026-05-10 05:22:52.169 8 INFO cinder.volume.api [req-ec079226-9cf3-4ad1-8037-4ad673e14b5f req-c096d6cd-eaee-446d-a7cd-c1fbef992257 542b210693924fd3bf8ecd4003f70287 a1d8bcc5ea274c9b90b5d8bb5ee1f038 - - default default] Volume info retrieved successfully.
2026-05-10 05:22:52.175 8 INFO cinder.api.openstack.wsgi [req-ec079226-9cf3-4ad1-8037-4ad673e14b5f req-c096d6cd-eaee-446d-a7cd-c1fbef992257 542b210693924fd3bf8ecd4003f70287 a1d8bcc5ea274c9b90b5d8bb5ee1f038 - - default default] http://cinder-api.openstack.svc.cluster.local:8776/v3/a1d8bcc5ea274c9b90b5d8bb5ee1f038/volumes/e65e870f-5022-4f51-87d0-b85f4e9d62e3 returned with HTTP 200 [pid: 8|app: 0|req: 393/786] 10.0.0.11 () {34 vars in 1027 bytes} [Sun May 10 05:22:52 2026] GET /v3/a1d8bcc5ea274c9b90b5d8bb5ee1f038/volumes/e65e870f-5022-4f51-87d0-b85f4e9d62e3 => generated 1341 bytes in 39 msecs (HTTP/1.1 200) 7 headers in 286 bytes (1 switches on core 0) /var/lib/openstack/lib/python3.10/site-packages/pycadf/identifier.py:71: UserWarning: Invalid uuid: cinderv3. To ensure interoperability, identifiers should be a valid uuid. warnings.warn(('Invalid uuid: %s. To ensure interoperability, '
2026-05-10 05:22:52.857 7 INFO cinder.api.openstack.wsgi [req-ec079226-9cf3-4ad1-8037-4ad673e14b5f req-2383a6d2-32f3-4962-822a-5fd8155580e9 542b210693924fd3bf8ecd4003f70287 a1d8bcc5ea274c9b90b5d8bb5ee1f038 - - default default] GET http://cinder-api.openstack.svc.cluster.local:8776/v3/a1d8bcc5ea274c9b90b5d8bb5ee1f038/volumes/e65e870f-5022-4f51-87d0-b85f4e9d62e3 /var/lib/openstack/lib/python3.10/site-packages/oslo_context/context.py:100: DeprecationWarning: Policy enforcement is depending on the value of is_admin. This key is deprecated. Please update your policy file to use the standard policy values. warnings.warn('Policy enforcement is depending on the value of '
2026-05-10 05:22:52.882 7 INFO cinder.volume.api [req-ec079226-9cf3-4ad1-8037-4ad673e14b5f req-2383a6d2-32f3-4962-822a-5fd8155580e9 542b210693924fd3bf8ecd4003f70287 a1d8bcc5ea274c9b90b5d8bb5ee1f038 - - default default] Volume info retrieved successfully.
2026-05-10 05:22:52.888 7 INFO cinder.api.openstack.wsgi [req-ec079226-9cf3-4ad1-8037-4ad673e14b5f req-2383a6d2-32f3-4962-822a-5fd8155580e9 542b210693924fd3bf8ecd4003f70287 a1d8bcc5ea274c9b90b5d8bb5ee1f038 - - default default] http://cinder-api.openstack.svc.cluster.local:8776/v3/a1d8bcc5ea274c9b90b5d8bb5ee1f038/volumes/e65e870f-5022-4f51-87d0-b85f4e9d62e3 returned with HTTP 200 [pid: 7|app: 0|req: 394/787] 10.0.0.11 () {34 vars in 1027 bytes} [Sun May 10 05:22:52 2026] GET /v3/a1d8bcc5ea274c9b90b5d8bb5ee1f038/volumes/e65e870f-5022-4f51-87d0-b85f4e9d62e3 => generated 1341 bytes in 39 msecs (HTTP/1.1 200) 7 headers in 286 bytes (1 switches on core 0)
2026-05-10 05:22:52.902 8 INFO cinder.api.openstack.wsgi [req-ec079226-9cf3-4ad1-8037-4ad673e14b5f req-c096d6cd-eaee-446d-a7cd-c1fbef992257 542b210693924fd3bf8ecd4003f70287 a1d8bcc5ea274c9b90b5d8bb5ee1f038 - - default default] GET http://cinder-api.openstack.svc.cluster.local:8776/
2026-05-10 05:22:52.904 8 INFO cinder.api.openstack.wsgi [req-ec079226-9cf3-4ad1-8037-4ad673e14b5f req-c096d6cd-eaee-446d-a7cd-c1fbef992257 542b210693924fd3bf8ecd4003f70287 a1d8bcc5ea274c9b90b5d8bb5ee1f038 - - default default] http://cinder-api.openstack.svc.cluster.local:8776/ returned with HTTP 300 [pid: 8|app: 0|req: 394/788] 10.0.0.11 () {32 vars in 828 bytes} [Sun May 10 05:22:52 2026] GET / => generated 411 bytes in 3 msecs (HTTP/1.1 300) 5 headers in 169 bytes (1 switches on core 0) /var/lib/openstack/lib/python3.10/site-packages/pycadf/identifier.py:71: UserWarning: Invalid uuid: cinderv3. To ensure interoperability, identifiers should be a valid uuid. warnings.warn(('Invalid uuid: %s. To ensure interoperability, '
2026-05-10 05:22:52.927 7 INFO cinder.api.openstack.wsgi [req-ec079226-9cf3-4ad1-8037-4ad673e14b5f req-0a818735-a505-48aa-96dd-e30531b0a7df 542b210693924fd3bf8ecd4003f70287 a1d8bcc5ea274c9b90b5d8bb5ee1f038 - - default default] POST http://cinder-api.openstack.svc.cluster.local:8776/v3/a1d8bcc5ea274c9b90b5d8bb5ee1f038/attachments /var/lib/openstack/lib/python3.10/site-packages/oslo_context/context.py:100: DeprecationWarning: Policy enforcement is depending on the value of is_admin. This key is deprecated. Please update your policy file to use the standard policy values. warnings.warn('Policy enforcement is depending on the value of '
2026-05-10 05:22:52.998 7 INFO cinder.api.openstack.wsgi [req-ec079226-9cf3-4ad1-8037-4ad673e14b5f req-0a818735-a505-48aa-96dd-e30531b0a7df 542b210693924fd3bf8ecd4003f70287 a1d8bcc5ea274c9b90b5d8bb5ee1f038 - - default default] http://cinder-api.openstack.svc.cluster.local:8776/v3/a1d8bcc5ea274c9b90b5d8bb5ee1f038/attachments returned with HTTP 200 [pid: 7|app: 0|req: 395/789] 10.0.0.11 () {40 vars in 1056 bytes} [Sun May 10 05:22:52 2026] POST /v3/a1d8bcc5ea274c9b90b5d8bb5ee1f038/attachments => generated 273 bytes in 88 msecs (HTTP/1.1 200) 7 headers in 286 bytes (1 switches on core 0)
2026-05-10 05:22:53.987 8 INFO cinder.api.openstack.wsgi [req-ec079226-9cf3-4ad1-8037-4ad673e14b5f req-c096d6cd-eaee-446d-a7cd-c1fbef992257 542b210693924fd3bf8ecd4003f70287 a1d8bcc5ea274c9b90b5d8bb5ee1f038 - - default default] GET http://cinder-api.openstack.svc.cluster.local:8776/
2026-05-10 05:22:53.987 8 INFO cinder.api.openstack.wsgi [req-ec079226-9cf3-4ad1-8037-4ad673e14b5f req-c096d6cd-eaee-446d-a7cd-c1fbef992257 542b210693924fd3bf8ecd4003f70287 a1d8bcc5ea274c9b90b5d8bb5ee1f038 - - default default] http://cinder-api.openstack.svc.cluster.local:8776/ returned with HTTP 300 [pid: 8|app: 0|req: 395/790] 199.204.45.157 () {32 vars in 840 bytes} [Sun May 10 05:22:53 2026] GET / => generated 411 bytes in 1 msecs (HTTP/1.1 300) 5 headers in 169 bytes (1 switches on core 0) /var/lib/openstack/lib/python3.10/site-packages/pycadf/identifier.py:71: UserWarning: Invalid uuid: cinderv3. To ensure interoperability, identifiers should be a valid uuid. warnings.warn(('Invalid uuid: %s. To ensure interoperability, '
2026-05-10 05:22:54.035 7 INFO cinder.api.openstack.wsgi [req-ec079226-9cf3-4ad1-8037-4ad673e14b5f req-a95fd2be-ff6e-43cb-bdb3-d0bd19f54d01 542b210693924fd3bf8ecd4003f70287 a1d8bcc5ea274c9b90b5d8bb5ee1f038 - - default default] GET http://cinder-api.openstack.svc.cluster.local:8776/v3/a1d8bcc5ea274c9b90b5d8bb5ee1f038/volumes/e65e870f-5022-4f51-87d0-b85f4e9d62e3 /var/lib/openstack/lib/python3.10/site-packages/oslo_context/context.py:100: DeprecationWarning: Policy enforcement is depending on the value of is_admin. This key is deprecated. Please update your policy file to use the standard policy values. warnings.warn('Policy enforcement is depending on the value of '
2026-05-10 05:22:54.061 7 INFO cinder.volume.api [req-ec079226-9cf3-4ad1-8037-4ad673e14b5f req-a95fd2be-ff6e-43cb-bdb3-d0bd19f54d01 542b210693924fd3bf8ecd4003f70287 a1d8bcc5ea274c9b90b5d8bb5ee1f038 - - default default] Volume info retrieved successfully.
2026-05-10 05:22:54.068 7 INFO cinder.api.openstack.wsgi [req-ec079226-9cf3-4ad1-8037-4ad673e14b5f req-a95fd2be-ff6e-43cb-bdb3-d0bd19f54d01 542b210693924fd3bf8ecd4003f70287 a1d8bcc5ea274c9b90b5d8bb5ee1f038 - - default default] http://cinder-api.openstack.svc.cluster.local:8776/v3/a1d8bcc5ea274c9b90b5d8bb5ee1f038/volumes/e65e870f-5022-4f51-87d0-b85f4e9d62e3 returned with HTTP 200 [pid: 7|app: 0|req: 396/791] 199.204.45.157 () {36 vars in 1073 bytes} [Sun May 10 05:22:54 2026] GET /v3/a1d8bcc5ea274c9b90b5d8bb5ee1f038/volumes/e65e870f-5022-4f51-87d0-b85f4e9d62e3 => generated 1439 bytes in 43 msecs (HTTP/1.1 200) 7 headers in 287 bytes (1 switches on core 0) /var/lib/openstack/lib/python3.10/site-packages/pycadf/identifier.py:71: UserWarning: Invalid uuid: cinderv3. To ensure interoperability, identifiers should be a valid uuid. warnings.warn(('Invalid uuid: %s. To ensure interoperability, '
2026-05-10 05:22:56.172 8 INFO cinder.api.openstack.wsgi [req-ec079226-9cf3-4ad1-8037-4ad673e14b5f req-91dffd48-d7fa-4e86-b92d-04b82624122c 542b210693924fd3bf8ecd4003f70287 a1d8bcc5ea274c9b90b5d8bb5ee1f038 - - default default] PUT http://cinder-api.openstack.svc.cluster.local:8776/v3/a1d8bcc5ea274c9b90b5d8bb5ee1f038/attachments/711445a7-c198-460b-93f0-1fc5661673c6 /var/lib/openstack/lib/python3.10/site-packages/oslo_context/context.py:100: DeprecationWarning: Policy enforcement is depending on the value of is_admin. This key is deprecated. Please update your policy file to use the standard policy values. warnings.warn('Policy enforcement is depending on the value of '
2026-05-10 05:22:56.867 8 INFO cinder.api.openstack.wsgi [req-ec079226-9cf3-4ad1-8037-4ad673e14b5f req-91dffd48-d7fa-4e86-b92d-04b82624122c 542b210693924fd3bf8ecd4003f70287 a1d8bcc5ea274c9b90b5d8bb5ee1f038 - - default default] http://cinder-api.openstack.svc.cluster.local:8776/v3/a1d8bcc5ea274c9b90b5d8bb5ee1f038/attachments/711445a7-c198-460b-93f0-1fc5661673c6 returned with HTTP 200 [pid: 8|app: 0|req: 396/792] 199.204.45.157 () {40 vars in 1134 bytes} [Sun May 10 05:22:56 2026] PUT /v3/a1d8bcc5ea274c9b90b5d8bb5ee1f038/attachments/711445a7-c198-460b-93f0-1fc5661673c6 => generated 775 bytes in 704 msecs (HTTP/1.1 200) 7 headers in 286 bytes (1 switches on core 0) /var/lib/openstack/lib/python3.10/site-packages/pycadf/identifier.py:71: UserWarning: Invalid uuid: cinderv3. To ensure interoperability, identifiers should be a valid uuid. warnings.warn(('Invalid uuid: %s. To ensure interoperability, '
2026-05-10 05:22:56.918 7 INFO cinder.api.openstack.wsgi [req-ec079226-9cf3-4ad1-8037-4ad673e14b5f req-327c6f90-6fbf-4c58-83c4-79e6d43d308f 542b210693924fd3bf8ecd4003f70287 a1d8bcc5ea274c9b90b5d8bb5ee1f038 - - default default] POST http://cinder-api.openstack.svc.cluster.local:8776/v3/a1d8bcc5ea274c9b90b5d8bb5ee1f038/attachments/711445a7-c198-460b-93f0-1fc5661673c6/action /var/lib/openstack/lib/python3.10/site-packages/oslo_context/context.py:100: DeprecationWarning: Policy enforcement is depending on the value of is_admin. This key is deprecated. Please update your policy file to use the standard policy values. warnings.warn('Policy enforcement is depending on the value of '
2026-05-10 05:22:56.959 7 INFO cinder.api.openstack.wsgi [req-ec079226-9cf3-4ad1-8037-4ad673e14b5f req-327c6f90-6fbf-4c58-83c4-79e6d43d308f 542b210693924fd3bf8ecd4003f70287 a1d8bcc5ea274c9b90b5d8bb5ee1f038 - - default default] http://cinder-api.openstack.svc.cluster.local:8776/v3/a1d8bcc5ea274c9b90b5d8bb5ee1f038/attachments/711445a7-c198-460b-93f0-1fc5661673c6/action returned with HTTP 204 [pid: 7|app: 0|req: 397/793] 199.204.45.157 () {40 vars in 1148 bytes} [Sun May 10 05:22:56 2026] POST /v3/a1d8bcc5ea274c9b90b5d8bb5ee1f038/attachments/711445a7-c198-460b-93f0-1fc5661673c6/action => generated 0 bytes in 52 msecs (HTTP/1.1 204) 7 headers in 292 bytes (1 switches on core 0)
2026-05-10 05:22:58.628 7 INFO cinder.api.openstack.wsgi [req-ec079226-9cf3-4ad1-8037-4ad673e14b5f req-327c6f90-6fbf-4c58-83c4-79e6d43d308f 542b210693924fd3bf8ecd4003f70287 a1d8bcc5ea274c9b90b5d8bb5ee1f038 - - default default] GET http://10.0.0.59:8776/
2026-05-10 05:22:58.628 8 INFO cinder.api.openstack.wsgi [req-ec079226-9cf3-4ad1-8037-4ad673e14b5f req-91dffd48-d7fa-4e86-b92d-04b82624122c 542b210693924fd3bf8ecd4003f70287 a1d8bcc5ea274c9b90b5d8bb5ee1f038 - - default default] GET http://10.0.0.59:8776/
2026-05-10 05:22:58.629 7 INFO cinder.api.openstack.wsgi [req-ec079226-9cf3-4ad1-8037-4ad673e14b5f req-327c6f90-6fbf-4c58-83c4-79e6d43d308f 542b210693924fd3bf8ecd4003f70287 a1d8bcc5ea274c9b90b5d8bb5ee1f038 - - default default] http://10.0.0.59:8776/ returned with HTTP 300
2026-05-10 05:22:58.629 8 INFO cinder.api.openstack.wsgi [req-ec079226-9cf3-4ad1-8037-4ad673e14b5f req-91dffd48-d7fa-4e86-b92d-04b82624122c 542b210693924fd3bf8ecd4003f70287 a1d8bcc5ea274c9b90b5d8bb5ee1f038 - - default default] http://10.0.0.59:8776/ returned with HTTP 300 /var/lib/openstack/lib/python3.10/site-packages/pycadf/identifier.py:71: UserWarning: Invalid uuid: cinderv3. To ensure interoperability, identifiers should be a valid uuid. warnings.warn(('Invalid uuid: %s. To ensure interoperability, '
2026-05-10 05:23:03.571 7 INFO cinder.api.openstack.wsgi [req-c0a1830e-c6de-4b96-b167-f1bc7e18f81b req-a81aa998-f485-461f-80c8-6904e9d42ab7 542b210693924fd3bf8ecd4003f70287 a1d8bcc5ea274c9b90b5d8bb5ee1f038 - - default default] DELETE http://cinder-api.openstack.svc.cluster.local:8776/v3/a1d8bcc5ea274c9b90b5d8bb5ee1f038/attachments/711445a7-c198-460b-93f0-1fc5661673c6 /var/lib/openstack/lib/python3.10/site-packages/oslo_context/context.py:100: DeprecationWarning: Policy enforcement is depending on the value of is_admin. This key is deprecated. Please update your policy file to use the standard policy values. warnings.warn('Policy enforcement is depending on the value of '
2026-05-10 05:23:03.661 7 INFO cinder.api.openstack.wsgi [req-c0a1830e-c6de-4b96-b167-f1bc7e18f81b req-a81aa998-f485-461f-80c8-6904e9d42ab7 542b210693924fd3bf8ecd4003f70287 a1d8bcc5ea274c9b90b5d8bb5ee1f038 - - default default] http://cinder-api.openstack.svc.cluster.local:8776/v3/a1d8bcc5ea274c9b90b5d8bb5ee1f038/attachments/711445a7-c198-460b-93f0-1fc5661673c6 returned with HTTP 200 [pid: 7|app: 0|req: 399/796] 199.204.45.157 () {38 vars in 1103 bytes} [Sun May 10 05:23:03 2026] DELETE /v3/a1d8bcc5ea274c9b90b5d8bb5ee1f038/attachments/711445a7-c198-460b-93f0-1fc5661673c6 => generated 19 bytes in 100 msecs (HTTP/1.1 200) 7 headers in 285 bytes (1 switches on core 0) /var/lib/openstack/lib/python3.10/site-packages/pycadf/identifier.py:71: UserWarning: Invalid uuid: cinderv3. To ensure interoperability, identifiers should be a valid uuid. warnings.warn(('Invalid uuid: %s. To ensure interoperability, '
2026-05-10 05:23:03.692 8 INFO cinder.api.openstack.wsgi [req-c0a1830e-c6de-4b96-b167-f1bc7e18f81b req-76e5c9da-9234-4fdf-af60-d3c17030a29c 542b210693924fd3bf8ecd4003f70287 a1d8bcc5ea274c9b90b5d8bb5ee1f038 - - default default] DELETE http://cinder-api.openstack.svc.cluster.local:8776/v3/a1d8bcc5ea274c9b90b5d8bb5ee1f038/volumes/e65e870f-5022-4f51-87d0-b85f4e9d62e3
2026-05-10 05:23:03.693 8 INFO cinder.api.v3.volumes [req-c0a1830e-c6de-4b96-b167-f1bc7e18f81b req-76e5c9da-9234-4fdf-af60-d3c17030a29c 542b210693924fd3bf8ecd4003f70287 a1d8bcc5ea274c9b90b5d8bb5ee1f038 - - default default] Delete volume with id: e65e870f-5022-4f51-87d0-b85f4e9d62e3  /var/lib/openstack/lib/python3.10/site-packages/oslo_context/context.py:100: DeprecationWarning: Policy enforcement is depending on the value of is_admin. This key is deprecated. Please update your policy file to use the standard policy values. warnings.warn('Policy enforcement is depending on the value of '
2026-05-10 05:23:03.705 8 INFO cinder.volume.api [req-c0a1830e-c6de-4b96-b167-f1bc7e18f81b req-76e5c9da-9234-4fdf-af60-d3c17030a29c 542b210693924fd3bf8ecd4003f70287 a1d8bcc5ea274c9b90b5d8bb5ee1f038 - - default default] Volume info retrieved successfully.
2026-05-10 05:23:03.733 8 INFO cinder.volume.api [req-c0a1830e-c6de-4b96-b167-f1bc7e18f81b req-76e5c9da-9234-4fdf-af60-d3c17030a29c 542b210693924fd3bf8ecd4003f70287 a1d8bcc5ea274c9b90b5d8bb5ee1f038 - - default default] Delete volume request issued successfully.
2026-05-10 05:23:03.734 8 INFO cinder.api.openstack.wsgi [req-c0a1830e-c6de-4b96-b167-f1bc7e18f81b req-76e5c9da-9234-4fdf-af60-d3c17030a29c 542b210693924fd3bf8ecd4003f70287 a1d8bcc5ea274c9b90b5d8bb5ee1f038 - - default default] http://cinder-api.openstack.svc.cluster.local:8776/v3/a1d8bcc5ea274c9b90b5d8bb5ee1f038/volumes/e65e870f-5022-4f51-87d0-b85f4e9d62e3 returned with HTTP 202 [pid: 8|app: 0|req: 398/797] 199.204.45.157 () {36 vars in 1054 bytes} [Sun May 10 05:23:03 2026] DELETE /v3/a1d8bcc5ea274c9b90b5d8bb5ee1f038/volumes/e65e870f-5022-4f51-87d0-b85f4e9d62e3 => generated 0 bytes in 64 msecs (HTTP/1.1 202) 6 headers in 233 bytes (1 switches on core 0)
2026-05-10 05:23:08.628 8 INFO cinder.api.openstack.wsgi [req-c0a1830e-c6de-4b96-b167-f1bc7e18f81b req-76e5c9da-9234-4fdf-af60-d3c17030a29c 542b210693924fd3bf8ecd4003f70287 a1d8bcc5ea274c9b90b5d8bb5ee1f038 - - default default] GET http://10.0.0.59:8776/
2026-05-10 05:23:08.628 7 INFO cinder.api.openstack.wsgi [req-c0a1830e-c6de-4b96-b167-f1bc7e18f81b req-a81aa998-f485-461f-80c8-6904e9d42ab7 542b210693924fd3bf8ecd4003f70287 a1d8bcc5ea274c9b90b5d8bb5ee1f038 - - default default] GET http://10.0.0.59:8776/
2026-05-10 05:23:08.629 8 INFO cinder.api.openstack.wsgi [req-c0a1830e-c6de-4b96-b167-f1bc7e18f81b req-76e5c9da-9234-4fdf-af60-d3c17030a29c 542b210693924fd3bf8ecd4003f70287 a1d8bcc5ea274c9b90b5d8bb5ee1f038 - - default default] http://10.0.0.59:8776/ returned with HTTP 300
2026-05-10 05:23:08.629 7 INFO cinder.api.openstack.wsgi [req-c0a1830e-c6de-4b96-b167-f1bc7e18f81b req-a81aa998-f485-461f-80c8-6904e9d42ab7 542b210693924fd3bf8ecd4003f70287 a1d8bcc5ea274c9b90b5d8bb5ee1f038 - - default default] http://10.0.0.59:8776/ returned with HTTP 300
2026-05-10 05:23:18.628 8 INFO cinder.api.openstack.wsgi [req-c0a1830e-c6de-4b96-b167-f1bc7e18f81b req-76e5c9da-9234-4fdf-af60-d3c17030a29c 542b210693924fd3bf8ecd4003f70287 a1d8bcc5ea274c9b90b5d8bb5ee1f038 - - default default] GET http://10.0.0.59:8776/
2026-05-10 05:23:18.628 7 INFO cinder.api.openstack.wsgi [req-c0a1830e-c6de-4b96-b167-f1bc7e18f81b req-a81aa998-f485-461f-80c8-6904e9d42ab7 542b210693924fd3bf8ecd4003f70287 a1d8bcc5ea274c9b90b5d8bb5ee1f038 - - default default] GET http://10.0.0.59:8776/
2026-05-10 05:23:18.630 8 INFO cinder.api.openstack.wsgi [req-c0a1830e-c6de-4b96-b167-f1bc7e18f81b req-76e5c9da-9234-4fdf-af60-d3c17030a29c 542b210693924fd3bf8ecd4003f70287 a1d8bcc5ea274c9b90b5d8bb5ee1f038 - - default default] http://10.0.0.59:8776/ returned with HTTP 300
2026-05-10 05:23:18.630 7 INFO cinder.api.openstack.wsgi [req-c0a1830e-c6de-4b96-b167-f1bc7e18f81b req-a81aa998-f485-461f-80c8-6904e9d42ab7 542b210693924fd3bf8ecd4003f70287 a1d8bcc5ea274c9b90b5d8bb5ee1f038 - - default default] http://10.0.0.59:8776/ returned with HTTP 300
2026-05-10 05:23:28.627 8 INFO cinder.api.openstack.wsgi [req-c0a1830e-c6de-4b96-b167-f1bc7e18f81b req-76e5c9da-9234-4fdf-af60-d3c17030a29c 542b210693924fd3bf8ecd4003f70287 a1d8bcc5ea274c9b90b5d8bb5ee1f038 - - default default] GET http://10.0.0.59:8776/
2026-05-10 05:23:28.628 7 INFO cinder.api.openstack.wsgi [req-c0a1830e-c6de-4b96-b167-f1bc7e18f81b req-a81aa998-f485-461f-80c8-6904e9d42ab7 542b210693924fd3bf8ecd4003f70287 a1d8bcc5ea274c9b90b5d8bb5ee1f038 - - default default] GET http://10.0.0.59:8776/
2026-05-10 05:23:28.630 7 INFO cinder.api.openstack.wsgi [req-c0a1830e-c6de-4b96-b167-f1bc7e18f81b req-a81aa998-f485-461f-80c8-6904e9d42ab7 542b210693924fd3bf8ecd4003f70287 a1d8bcc5ea274c9b90b5d8bb5ee1f038 - - default default] http://10.0.0.59:8776/ returned with HTTP 300
2026-05-10 05:23:28.629 8 INFO cinder.api.openstack.wsgi [req-c0a1830e-c6de-4b96-b167-f1bc7e18f81b req-76e5c9da-9234-4fdf-af60-d3c17030a29c 542b210693924fd3bf8ecd4003f70287 a1d8bcc5ea274c9b90b5d8bb5ee1f038 - - default default] http://10.0.0.59:8776/ returned with HTTP 300
2026-05-10 05:23:38.627 7 INFO cinder.api.openstack.wsgi [req-c0a1830e-c6de-4b96-b167-f1bc7e18f81b req-a81aa998-f485-461f-80c8-6904e9d42ab7 542b210693924fd3bf8ecd4003f70287 a1d8bcc5ea274c9b90b5d8bb5ee1f038 - - default default] GET http://10.0.0.59:8776/
2026-05-10 05:23:38.628 8 INFO cinder.api.openstack.wsgi [req-c0a1830e-c6de-4b96-b167-f1bc7e18f81b req-76e5c9da-9234-4fdf-af60-d3c17030a29c 542b210693924fd3bf8ecd4003f70287 a1d8bcc5ea274c9b90b5d8bb5ee1f038 - - default default] GET http://10.0.0.59:8776/
2026-05-10 05:23:38.629 7 INFO cinder.api.openstack.wsgi [req-c0a1830e-c6de-4b96-b167-f1bc7e18f81b req-a81aa998-f485-461f-80c8-6904e9d42ab7 542b210693924fd3bf8ecd4003f70287 a1d8bcc5ea274c9b90b5d8bb5ee1f038 - - default default] http://10.0.0.59:8776/ returned with HTTP 300
2026-05-10 05:23:38.629 8 INFO cinder.api.openstack.wsgi [req-c0a1830e-c6de-4b96-b167-f1bc7e18f81b req-76e5c9da-9234-4fdf-af60-d3c17030a29c 542b210693924fd3bf8ecd4003f70287 a1d8bcc5ea274c9b90b5d8bb5ee1f038 - - default default] http://10.0.0.59:8776/ returned with HTTP 300
2026-05-10 05:23:48.633 7 INFO cinder.api.openstack.wsgi [req-c0a1830e-c6de-4b96-b167-f1bc7e18f81b req-a81aa998-f485-461f-80c8-6904e9d42ab7 542b210693924fd3bf8ecd4003f70287 a1d8bcc5ea274c9b90b5d8bb5ee1f038 - - default default] GET http://10.0.0.59:8776/
2026-05-10 05:23:48.633 8 INFO cinder.api.openstack.wsgi [req-c0a1830e-c6de-4b96-b167-f1bc7e18f81b req-76e5c9da-9234-4fdf-af60-d3c17030a29c 542b210693924fd3bf8ecd4003f70287 a1d8bcc5ea274c9b90b5d8bb5ee1f038 - - default default] GET http://10.0.0.59:8776/
2026-05-10 05:23:48.634 7 INFO cinder.api.openstack.wsgi [req-c0a1830e-c6de-4b96-b167-f1bc7e18f81b req-a81aa998-f485-461f-80c8-6904e9d42ab7 542b210693924fd3bf8ecd4003f70287 a1d8bcc5ea274c9b90b5d8bb5ee1f038 - - default default] http://10.0.0.59:8776/ returned with HTTP 300
2026-05-10 05:23:48.634 8 INFO cinder.api.openstack.wsgi [req-c0a1830e-c6de-4b96-b167-f1bc7e18f81b req-76e5c9da-9234-4fdf-af60-d3c17030a29c 542b210693924fd3bf8ecd4003f70287 a1d8bcc5ea274c9b90b5d8bb5ee1f038 - - default default] http://10.0.0.59:8776/ returned with HTTP 300 /var/lib/openstack/lib/python3.10/site-packages/pycadf/identifier.py:71: UserWarning: Invalid uuid: cinderv3. To ensure interoperability, identifiers should be a valid uuid. warnings.warn(('Invalid uuid: %s. To ensure interoperability, '
2026-05-10 05:23:50.737 7 INFO cinder.api.openstack.wsgi [None req-ba6a2bc0-737a-4d59-9c7a-a8db2efb884e 4d433eee1db94b91bb4e66a3edaf3995 db7472f83f504bab832b82413f7b21ae - - default default] GET http://cinder-api.openstack.svc.cluster.local:8776/v3/db7472f83f504bab832b82413f7b21ae/scheduler-stats/get_pools?detail=true /var/lib/openstack/lib/python3.10/site-packages/oslo_context/context.py:100: DeprecationWarning: Policy enforcement is depending on the value of is_admin. This key is deprecated. Please update your policy file to use the standard policy values. warnings.warn('Policy enforcement is depending on the value of '
2026-05-10 05:23:50.780 7 INFO cinder.api.openstack.wsgi [None req-ba6a2bc0-737a-4d59-9c7a-a8db2efb884e 4d433eee1db94b91bb4e66a3edaf3995 db7472f83f504bab832b82413f7b21ae - - default default] http://cinder-api.openstack.svc.cluster.local:8776/v3/db7472f83f504bab832b82413f7b21ae/scheduler-stats/get_pools?detail=true returned with HTTP 200 [pid: 7|app: 0|req: 405/808] 10.0.0.15 () {28 vars in 695 bytes} [Sun May 10 05:23:50 2026] GET /v3/db7472f83f504bab832b82413f7b21ae/scheduler-stats/get_pools?detail=true => generated 670 bytes in 433 msecs (HTTP/1.1 200) 7 headers in 285 bytes (1 switches on core 0) /var/lib/openstack/lib/python3.10/site-packages/pycadf/identifier.py:71: UserWarning: Invalid uuid: cinderv3. To ensure interoperability, identifiers should be a valid uuid. warnings.warn(('Invalid uuid: %s. To ensure interoperability, '
2026-05-10 05:23:50.870 8 INFO cinder.api.openstack.wsgi [None req-663820da-390f-4591-9147-68260ff3a992 4d433eee1db94b91bb4e66a3edaf3995 db7472f83f504bab832b82413f7b21ae - - default default] GET http://cinder-api.openstack.svc.cluster.local:8776/v3/db7472f83f504bab832b82413f7b21ae/os-quota-sets/7d6cac7656dc4eed8281b61f8e4e5ee2?usage=true
2026-05-10 05:23:50.906 8 INFO cinder.api.openstack.wsgi [None req-663820da-390f-4591-9147-68260ff3a992 4d433eee1db94b91bb4e66a3edaf3995 db7472f83f504bab832b82413f7b21ae - - default default] http://cinder-api.openstack.svc.cluster.local:8776/v3/db7472f83f504bab832b82413f7b21ae/os-quota-sets/7d6cac7656dc4eed8281b61f8e4e5ee2?usage=true returned with HTTP 200 [pid: 8|app: 0|req: 404/809] 10.0.0.15 () {28 vars in 735 bytes} [Sun May 10 05:23:50 2026] GET /v3/db7472f83f504bab832b82413f7b21ae/os-quota-sets/7d6cac7656dc4eed8281b61f8e4e5ee2?usage=true => generated 847 bytes in 45 msecs (HTTP/1.1 200) 7 headers in 285 bytes (1 switches on core 0)
2026-05-10 05:23:50.926 7 INFO cinder.api.openstack.wsgi [None req-7ad5d737-ed56-439d-b05f-d1b5a34caa00 4d433eee1db94b91bb4e66a3edaf3995 db7472f83f504bab832b82413f7b21ae - - default default] GET http://cinder-api.openstack.svc.cluster.local:8776/v3/db7472f83f504bab832b82413f7b21ae/os-quota-sets/a89d97b659e441c2bfdd3a2400fb8cdc?usage=true
2026-05-10 05:23:50.957 7 INFO cinder.api.openstack.wsgi [None req-7ad5d737-ed56-439d-b05f-d1b5a34caa00 4d433eee1db94b91bb4e66a3edaf3995 db7472f83f504bab832b82413f7b21ae - - default default] http://cinder-api.openstack.svc.cluster.local:8776/v3/db7472f83f504bab832b82413f7b21ae/os-quota-sets/a89d97b659e441c2bfdd3a2400fb8cdc?usage=true returned with HTTP 200 [pid: 7|app: 0|req: 406/810] 10.0.0.15 () {28 vars in 735 bytes} [Sun May 10 05:23:50 2026] GET /v3/db7472f83f504bab832b82413f7b21ae/os-quota-sets/a89d97b659e441c2bfdd3a2400fb8cdc?usage=true => generated 847 bytes in 42 msecs (HTTP/1.1 200) 7 headers in 285 bytes (1 switches on core 0)
2026-05-10 05:23:50.972 8 INFO cinder.api.openstack.wsgi [None req-7c8acc82-75ff-4eec-89c3-11b382e2f859 4d433eee1db94b91bb4e66a3edaf3995 db7472f83f504bab832b82413f7b21ae - - default default] GET http://cinder-api.openstack.svc.cluster.local:8776/v3/db7472f83f504bab832b82413f7b21ae/os-quota-sets/ce7abff6ad5d4be09f3c68f0a25aaa51?usage=true
2026-05-10 05:23:50.993 8 INFO cinder.api.openstack.wsgi [None req-7c8acc82-75ff-4eec-89c3-11b382e2f859 4d433eee1db94b91bb4e66a3edaf3995 db7472f83f504bab832b82413f7b21ae - - default default] http://cinder-api.openstack.svc.cluster.local:8776/v3/db7472f83f504bab832b82413f7b21ae/os-quota-sets/ce7abff6ad5d4be09f3c68f0a25aaa51?usage=true returned with HTTP 200 [pid: 8|app: 0|req: 405/811] 10.0.0.15 () {28 vars in 735 bytes} [Sun May 10 05:23:50 2026] GET /v3/db7472f83f504bab832b82413f7b21ae/os-quota-sets/ce7abff6ad5d4be09f3c68f0a25aaa51?usage=true => generated 845 bytes in 31 msecs (HTTP/1.1 200) 7 headers in 285 bytes (1 switches on core 0)
2026-05-10 05:23:51.006 7 INFO cinder.api.openstack.wsgi [None req-f1e8b0f4-15c3-4857-b0a7-cea28865bd8a 4d433eee1db94b91bb4e66a3edaf3995 db7472f83f504bab832b82413f7b21ae - - default default] GET http://cinder-api.openstack.svc.cluster.local:8776/v3/db7472f83f504bab832b82413f7b21ae/os-quota-sets/d0f58cb717c348718db3311fb307e043?usage=true
2026-05-10 05:23:51.051 7 INFO cinder.api.openstack.wsgi [None req-f1e8b0f4-15c3-4857-b0a7-cea28865bd8a 4d433eee1db94b91bb4e66a3edaf3995 db7472f83f504bab832b82413f7b21ae - - default default] http://cinder-api.openstack.svc.cluster.local:8776/v3/db7472f83f504bab832b82413f7b21ae/os-quota-sets/d0f58cb717c348718db3311fb307e043?usage=true returned with HTTP 200 [pid: 7|app: 0|req: 407/812] 10.0.0.15 () {28 vars in 735 bytes} [Sun May 10 05:23:50 2026] GET /v3/db7472f83f504bab832b82413f7b21ae/os-quota-sets/d0f58cb717c348718db3311fb307e043?usage=true => generated 847 bytes in 53 msecs (HTTP/1.1 200) 7 headers in 285 bytes (1 switches on core 0)
2026-05-10 05:23:51.079 8 INFO cinder.api.openstack.wsgi [None req-b95fdaec-d683-42af-a6af-f9a90e2b9773 4d433eee1db94b91bb4e66a3edaf3995 db7472f83f504bab832b82413f7b21ae - - default default] GET http://cinder-api.openstack.svc.cluster.local:8776/v3/db7472f83f504bab832b82413f7b21ae/os-quota-sets/db7472f83f504bab832b82413f7b21ae?usage=true
2026-05-10 05:23:51.130 8 INFO cinder.api.openstack.wsgi [None req-b95fdaec-d683-42af-a6af-f9a90e2b9773 4d433eee1db94b91bb4e66a3edaf3995 db7472f83f504bab832b82413f7b21ae - - default default] http://cinder-api.openstack.svc.cluster.local:8776/v3/db7472f83f504bab832b82413f7b21ae/os-quota-sets/db7472f83f504bab832b82413f7b21ae?usage=true returned with HTTP 200 [pid: 8|app: 0|req: 406/813] 10.0.0.15 () {28 vars in 735 bytes} [Sun May 10 05:23:51 2026] GET /v3/db7472f83f504bab832b82413f7b21ae/os-quota-sets/db7472f83f504bab832b82413f7b21ae?usage=true => generated 845 bytes in 62 msecs (HTTP/1.1 200) 7 headers in 285 bytes (1 switches on core 0)
2026-05-10 05:23:51.154 7 INFO cinder.api.openstack.wsgi [None req-2852368f-af39-4d7c-a56d-dc27ce025ed2 4d433eee1db94b91bb4e66a3edaf3995 db7472f83f504bab832b82413f7b21ae - - default default] GET http://cinder-api.openstack.svc.cluster.local:8776/v3/db7472f83f504bab832b82413f7b21ae/os-quota-sets/ec221df33d2549579cb219b4ee099866?usage=true
2026-05-10 05:23:51.202 7 INFO cinder.api.openstack.wsgi [None req-2852368f-af39-4d7c-a56d-dc27ce025ed2 4d433eee1db94b91bb4e66a3edaf3995 db7472f83f504bab832b82413f7b21ae - - default default] http://cinder-api.openstack.svc.cluster.local:8776/v3/db7472f83f504bab832b82413f7b21ae/os-quota-sets/ec221df33d2549579cb219b4ee099866?usage=true returned with HTTP 200 [pid: 7|app: 0|req: 408/814] 10.0.0.15 () {28 vars in 735 bytes} [Sun May 10 05:23:51 2026] GET /v3/db7472f83f504bab832b82413f7b21ae/os-quota-sets/ec221df33d2549579cb219b4ee099866?usage=true => generated 847 bytes in 61 msecs (HTTP/1.1 200) 7 headers in 285 bytes (1 switches on core 0)
2026-05-10 05:23:51.218 8 INFO cinder.api.openstack.wsgi [None req-5bc18f14-8721-43f7-ae70-18db4b164fd0 4d433eee1db94b91bb4e66a3edaf3995 db7472f83f504bab832b82413f7b21ae - - default default] GET http://cinder-api.openstack.svc.cluster.local:8776/v3/db7472f83f504bab832b82413f7b21ae/snapshots?all_tenants=true
2026-05-10 05:23:51.236 8 INFO cinder.volume.api [None req-5bc18f14-8721-43f7-ae70-18db4b164fd0 4d433eee1db94b91bb4e66a3edaf3995 db7472f83f504bab832b82413f7b21ae - - default default] Get all snapshots completed successfully.
2026-05-10 05:23:51.237 8 INFO cinder.api.openstack.wsgi [None req-5bc18f14-8721-43f7-ae70-18db4b164fd0 4d433eee1db94b91bb4e66a3edaf3995 db7472f83f504bab832b82413f7b21ae - - default default] http://cinder-api.openstack.svc.cluster.local:8776/v3/db7472f83f504bab832b82413f7b21ae/snapshots?all_tenants=true returned with HTTP 200 [pid: 8|app: 0|req: 407/815] 10.0.0.15 () {28 vars in 673 bytes} [Sun May 10 05:23:51 2026] GET /v3/db7472f83f504bab832b82413f7b21ae/snapshots?all_tenants=true => generated 17 bytes in 29 msecs (HTTP/1.1 200) 7 headers in 284 bytes (1 switches on core 0)
2026-05-10 05:23:51.250 7 INFO cinder.api.openstack.wsgi [None req-6d3d4b8b-5ac5-4df7-b607-847dd13d0443 4d433eee1db94b91bb4e66a3edaf3995 db7472f83f504bab832b82413f7b21ae - - default default] GET http://cinder-api.openstack.svc.cluster.local:8776/v3/db7472f83f504bab832b82413f7b21ae/volumes/detail?all_tenants=true
2026-05-10 05:23:51.260 7 INFO cinder.volume.api [None req-6d3d4b8b-5ac5-4df7-b607-847dd13d0443 4d433eee1db94b91bb4e66a3edaf3995 db7472f83f504bab832b82413f7b21ae - - default default] Get all volumes completed successfully.
2026-05-10 05:23:51.262 7 INFO cinder.api.openstack.wsgi [None req-6d3d4b8b-5ac5-4df7-b607-847dd13d0443 4d433eee1db94b91bb4e66a3edaf3995 db7472f83f504bab832b82413f7b21ae - - default default] http://cinder-api.openstack.svc.cluster.local:8776/v3/db7472f83f504bab832b82413f7b21ae/volumes/detail?all_tenants=true returned with HTTP 200 [pid: 7|app: 0|req: 409/816] 10.0.0.15 () {28 vars in 683 bytes} [Sun May 10 05:23:51 2026] GET /v3/db7472f83f504bab832b82413f7b21ae/volumes/detail?all_tenants=true => generated 15 bytes in 19 msecs (HTTP/1.1 200) 7 headers in 284 bytes (1 switches on core 0)
2026-05-10 05:23:51.284 8 INFO cinder.api.openstack.wsgi [None req-b15670f4-17de-42bc-8cf8-3cedc9c74d40 4d433eee1db94b91bb4e66a3edaf3995 db7472f83f504bab832b82413f7b21ae - - default default] GET http://cinder-api.openstack.svc.cluster.local:8776/v3/db7472f83f504bab832b82413f7b21ae/os-services
2026-05-10 05:23:51.310 8 INFO cinder.api.openstack.wsgi [None req-b15670f4-17de-42bc-8cf8-3cedc9c74d40 4d433eee1db94b91bb4e66a3edaf3995 db7472f83f504bab832b82413f7b21ae - - default default] http://cinder-api.openstack.svc.cluster.local:8776/v3/db7472f83f504bab832b82413f7b21ae/os-services returned with HTTP 200 [pid: 8|app: 0|req: 408/817] 10.0.0.15 () {28 vars in 644 bytes} [Sun May 10 05:23:51 2026] GET /v3/db7472f83f504bab832b82413f7b21ae/os-services => generated 646 bytes in 43 msecs (HTTP/1.1 200) 7 headers in 285 bytes (1 switches on core 0)
2026-05-10 05:23:51.326 7 INFO cinder.api.openstack.wsgi [None req-0502a949-f358-40c7-a8ef-738582b0a4bd 4d433eee1db94b91bb4e66a3edaf3995 db7472f83f504bab832b82413f7b21ae - - default default] GET http://cinder-api.openstack.svc.cluster.local:8776/v3/db7472f83f504bab832b82413f7b21ae/volumes/detail?all_tenants=true
2026-05-10 05:23:51.340 7 INFO cinder.volume.api [None req-0502a949-f358-40c7-a8ef-738582b0a4bd 4d433eee1db94b91bb4e66a3edaf3995 db7472f83f504bab832b82413f7b21ae - - default default] Get all volumes completed successfully.
2026-05-10 05:23:51.343 7 INFO cinder.api.openstack.wsgi [None req-0502a949-f358-40c7-a8ef-738582b0a4bd 4d433eee1db94b91bb4e66a3edaf3995 db7472f83f504bab832b82413f7b21ae - - default default] http://cinder-api.openstack.svc.cluster.local:8776/v3/db7472f83f504bab832b82413f7b21ae/volumes/detail?all_tenants=true returned with HTTP 200 [pid: 7|app: 0|req: 410/818] 10.0.0.15 () {28 vars in 683 bytes} [Sun May 10 05:23:51 2026] GET /v3/db7472f83f504bab832b82413f7b21ae/volumes/detail?all_tenants=true => generated 15 bytes in 28 msecs (HTTP/1.1 200) 7 headers in 284 bytes (1 switches on core 0)
2026-05-10 05:23:58.629 8 INFO cinder.api.openstack.wsgi [None req-b15670f4-17de-42bc-8cf8-3cedc9c74d40 4d433eee1db94b91bb4e66a3edaf3995 db7472f83f504bab832b82413f7b21ae - - default default] GET http://10.0.0.59:8776/
2026-05-10 05:23:58.629 7 INFO cinder.api.openstack.wsgi [None req-0502a949-f358-40c7-a8ef-738582b0a4bd 4d433eee1db94b91bb4e66a3edaf3995 db7472f83f504bab832b82413f7b21ae - - default default] GET http://10.0.0.59:8776/
2026-05-10 05:23:58.629 8 INFO cinder.api.openstack.wsgi [None req-b15670f4-17de-42bc-8cf8-3cedc9c74d40 4d433eee1db94b91bb4e66a3edaf3995 db7472f83f504bab832b82413f7b21ae - - default default] http://10.0.0.59:8776/ returned with HTTP 300
2026-05-10 05:23:58.630 7 INFO cinder.api.openstack.wsgi [None req-0502a949-f358-40c7-a8ef-738582b0a4bd 4d433eee1db94b91bb4e66a3edaf3995 db7472f83f504bab832b82413f7b21ae - - default default] http://10.0.0.59:8776/ returned with HTTP 300
2026-05-10 05:24:08.628 8 INFO cinder.api.openstack.wsgi [None req-b15670f4-17de-42bc-8cf8-3cedc9c74d40 4d433eee1db94b91bb4e66a3edaf3995 db7472f83f504bab832b82413f7b21ae - - default default] GET http://10.0.0.59:8776/
2026-05-10 05:24:08.629 7 INFO cinder.api.openstack.wsgi [None req-0502a949-f358-40c7-a8ef-738582b0a4bd 4d433eee1db94b91bb4e66a3edaf3995 db7472f83f504bab832b82413f7b21ae - - default default] GET http://10.0.0.59:8776/
2026-05-10 05:24:08.630 7 INFO cinder.api.openstack.wsgi [None req-0502a949-f358-40c7-a8ef-738582b0a4bd 4d433eee1db94b91bb4e66a3edaf3995 db7472f83f504bab832b82413f7b21ae - - default default] http://10.0.0.59:8776/ returned with HTTP 300
2026-05-10 05:24:08.630 8 INFO cinder.api.openstack.wsgi [None req-b15670f4-17de-42bc-8cf8-3cedc9c74d40 4d433eee1db94b91bb4e66a3edaf3995 db7472f83f504bab832b82413f7b21ae - - default default] http://10.0.0.59:8776/ returned with HTTP 300
2026-05-10 05:24:18.629 7 INFO cinder.api.openstack.wsgi [None req-0502a949-f358-40c7-a8ef-738582b0a4bd 4d433eee1db94b91bb4e66a3edaf3995 db7472f83f504bab832b82413f7b21ae - - default default] GET http://10.0.0.59:8776/
2026-05-10 05:24:18.629 8 INFO cinder.api.openstack.wsgi [None req-b15670f4-17de-42bc-8cf8-3cedc9c74d40 4d433eee1db94b91bb4e66a3edaf3995 db7472f83f504bab832b82413f7b21ae - - default default] GET http://10.0.0.59:8776/
2026-05-10 05:24:18.630 7 INFO cinder.api.openstack.wsgi [None req-0502a949-f358-40c7-a8ef-738582b0a4bd 4d433eee1db94b91bb4e66a3edaf3995 db7472f83f504bab832b82413f7b21ae - - default default] http://10.0.0.59:8776/ returned with HTTP 300
2026-05-10 05:24:18.630 8 INFO cinder.api.openstack.wsgi [None req-b15670f4-17de-42bc-8cf8-3cedc9c74d40 4d433eee1db94b91bb4e66a3edaf3995 db7472f83f504bab832b82413f7b21ae - - default default] http://10.0.0.59:8776/ returned with HTTP 300
2026-05-10 05:24:28.564 7 INFO cinder.api.openstack.wsgi [None req-0502a949-f358-40c7-a8ef-738582b0a4bd 4d433eee1db94b91bb4e66a3edaf3995 db7472f83f504bab832b82413f7b21ae - - default default] GET http://cinder-api.openstack.svc.cluster.local:8776/
2026-05-10 05:24:28.565 7 INFO cinder.api.openstack.wsgi [None req-0502a949-f358-40c7-a8ef-738582b0a4bd 4d433eee1db94b91bb4e66a3edaf3995 db7472f83f504bab832b82413f7b21ae - - default default] http://cinder-api.openstack.svc.cluster.local:8776/ returned with HTTP 300 [pid: 7|app: 0|req: 414/825] 10.0.0.33 () {30 vars in 410 bytes} [Sun May 10 05:24:28 2026] GET / => generated 411 bytes in 3 msecs (HTTP/1.1 300) 5 headers in 169 bytes (1 switches on core 0)
2026-05-10 05:24:28.629 7 INFO cinder.api.openstack.wsgi [None req-0502a949-f358-40c7-a8ef-738582b0a4bd 4d433eee1db94b91bb4e66a3edaf3995 db7472f83f504bab832b82413f7b21ae - - default default] GET http://10.0.0.59:8776/
2026-05-10 05:24:28.629 8 INFO cinder.api.openstack.wsgi [None req-b15670f4-17de-42bc-8cf8-3cedc9c74d40 4d433eee1db94b91bb4e66a3edaf3995 db7472f83f504bab832b82413f7b21ae - - default default] GET http://10.0.0.59:8776/
2026-05-10 05:24:28.630 7 INFO cinder.api.openstack.wsgi [None req-0502a949-f358-40c7-a8ef-738582b0a4bd 4d433eee1db94b91bb4e66a3edaf3995 db7472f83f504bab832b82413f7b21ae - - default default] http://10.0.0.59:8776/ returned with HTTP 300
2026-05-10 05:24:28.630 8 INFO cinder.api.openstack.wsgi [None req-b15670f4-17de-42bc-8cf8-3cedc9c74d40 4d433eee1db94b91bb4e66a3edaf3995 db7472f83f504bab832b82413f7b21ae - - default default] http://10.0.0.59:8776/ returned with HTTP 300
2026-05-10 05:24:38.627 8 INFO cinder.api.openstack.wsgi [None req-b15670f4-17de-42bc-8cf8-3cedc9c74d40 4d433eee1db94b91bb4e66a3edaf3995 db7472f83f504bab832b82413f7b21ae - - default default] GET http://10.0.0.59:8776/
2026-05-10 05:24:38.629 8 INFO cinder.api.openstack.wsgi [None req-b15670f4-17de-42bc-8cf8-3cedc9c74d40 4d433eee1db94b91bb4e66a3edaf3995 db7472f83f504bab832b82413f7b21ae - - default default] http://10.0.0.59:8776/ returned with HTTP 300
2026-05-10 05:24:38.630 7 INFO cinder.api.openstack.wsgi [None req-0502a949-f358-40c7-a8ef-738582b0a4bd 4d433eee1db94b91bb4e66a3edaf3995 db7472f83f504bab832b82413f7b21ae - - default default] GET http://10.0.0.59:8776/
2026-05-10 05:24:38.632 7 INFO cinder.api.openstack.wsgi [None req-0502a949-f358-40c7-a8ef-738582b0a4bd 4d433eee1db94b91bb4e66a3edaf3995 db7472f83f504bab832b82413f7b21ae - - default default] http://10.0.0.59:8776/ returned with HTTP 300
2026-05-10 05:24:48.628 8 INFO cinder.api.openstack.wsgi [None req-b15670f4-17de-42bc-8cf8-3cedc9c74d40 4d433eee1db94b91bb4e66a3edaf3995 db7472f83f504bab832b82413f7b21ae - - default default] GET http://10.0.0.59:8776/
2026-05-10 05:24:48.628 7 INFO cinder.api.openstack.wsgi [None req-0502a949-f358-40c7-a8ef-738582b0a4bd 4d433eee1db94b91bb4e66a3edaf3995 db7472f83f504bab832b82413f7b21ae - - default default] GET http://10.0.0.59:8776/
2026-05-10 05:24:48.630 8 INFO cinder.api.openstack.wsgi [None req-b15670f4-17de-42bc-8cf8-3cedc9c74d40 4d433eee1db94b91bb4e66a3edaf3995 db7472f83f504bab832b82413f7b21ae - - default default] http://10.0.0.59:8776/ returned with HTTP 300
2026-05-10 05:24:48.630 7 INFO cinder.api.openstack.wsgi [None req-0502a949-f358-40c7-a8ef-738582b0a4bd 4d433eee1db94b91bb4e66a3edaf3995 db7472f83f504bab832b82413f7b21ae - - default default] http://10.0.0.59:8776/ returned with HTTP 300
2026-05-10 05:24:50.567 7 INFO cinder.api.openstack.wsgi [None req-3ad86283-3273-4b5b-8461-ee3f7406fb5f 4d433eee1db94b91bb4e66a3edaf3995 db7472f83f504bab832b82413f7b21ae - - default default] GET http://cinder-api.openstack.svc.cluster.local:8776/v3/db7472f83f504bab832b82413f7b21ae/volumes/detail?all_tenants=true
2026-05-10 05:24:50.585 7 INFO cinder.volume.api [None req-3ad86283-3273-4b5b-8461-ee3f7406fb5f 4d433eee1db94b91bb4e66a3edaf3995 db7472f83f504bab832b82413f7b21ae - - default default] Get all volumes completed successfully.
2026-05-10 05:24:50.587 7 INFO cinder.api.openstack.wsgi [None req-3ad86283-3273-4b5b-8461-ee3f7406fb5f 4d433eee1db94b91bb4e66a3edaf3995 db7472f83f504bab832b82413f7b21ae - - default default] http://cinder-api.openstack.svc.cluster.local:8776/v3/db7472f83f504bab832b82413f7b21ae/volumes/detail?all_tenants=true returned with HTTP 200 [pid: 7|app: 0|req: 418/832] 10.0.0.15 () {28 vars in 683 bytes} [Sun May 10 05:24:50 2026] GET /v3/db7472f83f504bab832b82413f7b21ae/volumes/detail?all_tenants=true => generated 15 bytes in 228 msecs (HTTP/1.1 200) 7 headers in 284 bytes (1 switches on core 0)
2026-05-10 05:24:50.653 8 INFO cinder.api.openstack.wsgi [None req-28393263-072d-4aa4-a2b6-dfd744268c60 4d433eee1db94b91bb4e66a3edaf3995 db7472f83f504bab832b82413f7b21ae - - default default] GET http://cinder-api.openstack.svc.cluster.local:8776/v3/db7472f83f504bab832b82413f7b21ae/os-quota-sets/275ac18171bc4548ad255db20ecc063f?usage=true
2026-05-10 05:24:50.700 8 INFO cinder.api.openstack.wsgi [None req-28393263-072d-4aa4-a2b6-dfd744268c60 4d433eee1db94b91bb4e66a3edaf3995 db7472f83f504bab832b82413f7b21ae - - default default] http://cinder-api.openstack.svc.cluster.local:8776/v3/db7472f83f504bab832b82413f7b21ae/os-quota-sets/275ac18171bc4548ad255db20ecc063f?usage=true returned with HTTP 200 [pid: 8|app: 0|req: 415/833] 10.0.0.15 () {28 vars in 735 bytes} [Sun May 10 05:24:50 2026] GET /v3/db7472f83f504bab832b82413f7b21ae/os-quota-sets/275ac18171bc4548ad255db20ecc063f?usage=true => generated 847 bytes in 57 msecs (HTTP/1.1 200) 7 headers in 285 bytes (1 switches on core 0)
2026-05-10 05:24:50.718 7 INFO cinder.api.openstack.wsgi [None req-eee1acb6-5296-4ab3-9d4e-0d27feccc4a6 4d433eee1db94b91bb4e66a3edaf3995 db7472f83f504bab832b82413f7b21ae - - default default] GET http://cinder-api.openstack.svc.cluster.local:8776/v3/db7472f83f504bab832b82413f7b21ae/os-quota-sets/31407dc4cb9747f19a3b762a3baa4786?usage=true
2026-05-10 05:24:50.763 7 INFO cinder.api.openstack.wsgi [None req-eee1acb6-5296-4ab3-9d4e-0d27feccc4a6 4d433eee1db94b91bb4e66a3edaf3995 db7472f83f504bab832b82413f7b21ae - - default default] http://cinder-api.openstack.svc.cluster.local:8776/v3/db7472f83f504bab832b82413f7b21ae/os-quota-sets/31407dc4cb9747f19a3b762a3baa4786?usage=true returned with HTTP 200 [pid: 7|app: 0|req: 419/834] 10.0.0.15 () {28 vars in 735 bytes} [Sun May 10 05:24:50 2026] GET /v3/db7472f83f504bab832b82413f7b21ae/os-quota-sets/31407dc4cb9747f19a3b762a3baa4786?usage=true => generated 847 bytes in 60 msecs (HTTP/1.1 200) 7 headers in 285 bytes (1 switches on core 0)
2026-05-10 05:24:50.778 8 INFO cinder.api.openstack.wsgi [None req-eaa17341-53dd-46ed-9ad2-d7a995ecbca7 4d433eee1db94b91bb4e66a3edaf3995 db7472f83f504bab832b82413f7b21ae - - default default] GET http://cinder-api.openstack.svc.cluster.local:8776/v3/db7472f83f504bab832b82413f7b21ae/os-quota-sets/713f4c465aba4951a575b5946800051f?usage=true
2026-05-10 05:24:50.826 8 INFO cinder.api.openstack.wsgi [None req-eaa17341-53dd-46ed-9ad2-d7a995ecbca7 4d433eee1db94b91bb4e66a3edaf3995 db7472f83f504bab832b82413f7b21ae - - default default] http://cinder-api.openstack.svc.cluster.local:8776/v3/db7472f83f504bab832b82413f7b21ae/os-quota-sets/713f4c465aba4951a575b5946800051f?usage=true returned with HTTP 200 [pid: 8|app: 0|req: 416/835] 10.0.0.15 () {28 vars in 735 bytes} [Sun May 10 05:24:50 2026] GET /v3/db7472f83f504bab832b82413f7b21ae/os-quota-sets/713f4c465aba4951a575b5946800051f?usage=true => generated 847 bytes in 56 msecs (HTTP/1.1 200) 7 headers in 285 bytes (1 switches on core 0)
2026-05-10 05:24:50.849 7 INFO cinder.api.openstack.wsgi [None req-850e63fa-6906-44ec-9b60-0f81c1f3dd46 4d433eee1db94b91bb4e66a3edaf3995 db7472f83f504bab832b82413f7b21ae - - default default] GET http://cinder-api.openstack.svc.cluster.local:8776/v3/db7472f83f504bab832b82413f7b21ae/os-quota-sets/87597d9e37d2424480d8f7bfa8d4be67?usage=true
