Jun 17 20:23:14.687586 np0000181543 nova-scheduler[112934]: DEBUG cotyledon.oslo_config_glue [-] workarounds.disable_compute_service_check_for_ffu = False {{(pid=112934) log_opt_values /opt/stack/data/venv/lib/python3.12/site-packages/oslo_config/cfg.py:3253}}
Jun 17 20:23:14.687586 np0000181543 nova-scheduler[112934]: DEBUG cotyledon.oslo_config_glue [-] workarounds.disable_deep_image_inspection = False {{(pid=112934) log_opt_values /opt/stack/data/venv/lib/python3.12/site-packages/oslo_config/cfg.py:3253}}
Jun 17 20:23:14.687586 np0000181543 nova-scheduler[112934]: DEBUG cotyledon.oslo_config_glue [-] workarounds.disable_fallback_pcpu_query = False {{(pid=112934) log_opt_values /opt/stack/data/venv/lib/python3.12/site-packages/oslo_config/cfg.py:3253}}
Jun 17 20:23:14.687586 np0000181543 nova-scheduler[112934]: DEBUG cotyledon.oslo_config_glue [-] workarounds.disable_group_policy_check_upcall = False {{(pid=112934) log_opt_values /opt/stack/data/venv/lib/python3.12/site-packages/oslo_config/cfg.py:3253}}
Jun 17 20:23:14.687850 np0000181543 nova-scheduler[112934]: DEBUG cotyledon.oslo_config_glue [-] workarounds.disable_libvirt_livesnapshot = False {{(pid=112934) log_opt_values /opt/stack/data/venv/lib/python3.12/site-packages/oslo_config/cfg.py:3253}}
Jun 17 20:23:14.687850 np0000181543 nova-scheduler[112934]: DEBUG cotyledon.oslo_config_glue [-] workarounds.disable_rootwrap = False {{(pid=112934) log_opt_values /opt/stack/data/venv/lib/python3.12/site-packages/oslo_config/cfg.py:3253}}
Jun 17 20:23:14.687850 np0000181543 nova-scheduler[112934]: DEBUG cotyledon.oslo_config_glue [-] workarounds.enable_numa_live_migration = False {{(pid=112934) log_opt_values /opt/stack/data/venv/lib/python3.12/site-packages/oslo_config/cfg.py:3253}}
Jun 17 20:23:14.687850 np0000181543 nova-scheduler[112934]: DEBUG cotyledon.oslo_config_glue [-] workarounds.enable_qemu_monitor_announce_self = False {{(pid=112934) log_opt_values /opt/stack/data/venv/lib/python3.12/site-packages/oslo_config/cfg.py:3253}}
Jun 17 20:23:14.687850 np0000181543 nova-scheduler[112934]: DEBUG cotyledon.oslo_config_glue [-] workarounds.ensure_libvirt_rbd_instance_dir_cleanup = False {{(pid=112934) log_opt_values /opt/stack/data/venv/lib/python3.12/site-packages/oslo_config/cfg.py:3253}}
Jun 17 20:23:14.687850 np0000181543 nova-scheduler[112934]: DEBUG cotyledon.oslo_config_glue [-] workarounds.handle_virt_lifecycle_events = True {{(pid=112934) log_opt_values /opt/stack/data/venv/lib/python3.12/site-packages/oslo_config/cfg.py:3253}}
Jun 17 20:23:14.687850 np0000181543 nova-scheduler[112934]: DEBUG cotyledon.oslo_config_glue [-] workarounds.libvirt_disable_apic = False {{(pid=112934) log_opt_values /opt/stack/data/venv/lib/python3.12/site-packages/oslo_config/cfg.py:3253}}
Jun 17 20:23:14.687850 np0000181543 nova-scheduler[112934]: DEBUG cotyledon.oslo_config_glue [-] workarounds.never_download_image_if_on_rbd = False {{(pid=112934) log_opt_values /opt/stack/data/venv/lib/python3.12/site-packages/oslo_config/cfg.py:3253}}
Jun 17 20:23:14.687850 np0000181543 nova-scheduler[112934]: DEBUG cotyledon.oslo_config_glue [-] workarounds.qemu_monitor_announce_self_count = 3 {{(pid=112934) log_opt_values /opt/stack/data/venv/lib/python3.12/site-packages/oslo_config/cfg.py:3253}}
Jun 17 20:23:14.688429 np0000181543 nova-scheduler[112934]: DEBUG cotyledon.oslo_config_glue [-] workarounds.qemu_monitor_announce_self_interval = 1 {{(pid=112934) log_opt_values /opt/stack/data/venv/lib/python3.12/site-packages/oslo_config/cfg.py:3253}}
Jun 17 20:23:14.688429 np0000181543 nova-scheduler[112934]: DEBUG cotyledon.oslo_config_glue [-] workarounds.reserve_disk_resource_for_image_cache = False {{(pid=112934) log_opt_values /opt/stack/data/venv/lib/python3.12/site-packages/oslo_config/cfg.py:3253}}
Jun 17 20:23:14.688429 np0000181543 nova-scheduler[112934]: DEBUG cotyledon.oslo_config_glue [-] workarounds.skip_cpu_compare_at_startup = False {{(pid=112934) log_opt_values /opt/stack/data/venv/lib/python3.12/site-packages/oslo_config/cfg.py:3253}}
Jun 17 20:23:14.688429 np0000181543 nova-scheduler[112934]: DEBUG cotyledon.oslo_config_glue [-] workarounds.skip_cpu_compare_on_dest = False {{(pid=112934) log_opt_values /opt/stack/data/venv/lib/python3.12/site-packages/oslo_config/cfg.py:3253}}
Jun 17 20:23:14.688429 np0000181543 nova-scheduler[112934]: DEBUG cotyledon.oslo_config_glue [-] workarounds.skip_hypervisor_version_check_on_lm = False {{(pid=112934) log_opt_values /opt/stack/data/venv/lib/python3.12/site-packages/oslo_config/cfg.py:3253}}
Jun 17 20:23:14.688429 np0000181543 nova-scheduler[112934]: DEBUG cotyledon.oslo_config_glue [-] workarounds.skip_reserve_in_use_ironic_nodes = False {{(pid=112934) log_opt_values /opt/stack/data/venv/lib/python3.12/site-packages/oslo_config/cfg.py:3253}}
Jun 17 20:23:14.688429 np0000181543 nova-scheduler[112934]: DEBUG cotyledon.oslo_config_glue [-] workarounds.unified_limits_count_pcpu_as_vcpu = False {{(pid=112934) log_opt_values /opt/stack/data/venv/lib/python3.12/site-packages/oslo_config/cfg.py:3253}}
Jun 17 20:23:14.688429 np0000181543 nova-scheduler[112934]: DEBUG cotyledon.oslo_config_glue [-] workarounds.wait_for_vif_plugged_event_during_hard_reboot = [] {{(pid=112934) log_opt_values /opt/stack/data/venv/lib/python3.12/site-packages/oslo_config/cfg.py:3253}}
Jun 17 20:23:14.688639 np0000181543 nova-scheduler[112934]: DEBUG cotyledon.oslo_config_glue [-] wsgi.api_paste_config = /etc/nova/api-paste.ini {{(pid=112934) log_opt_values /opt/stack/data/venv/lib/python3.12/site-packages/oslo_config/cfg.py:3253}}
Jun 17 20:23:14.688639 np0000181543 nova-scheduler[112934]: DEBUG cotyledon.oslo_config_glue [-] wsgi.secure_proxy_ssl_header = None {{(pid=112934) log_opt_values /opt/stack/data/venv/lib/python3.12/site-packages/oslo_config/cfg.py:3253}}
Jun 17 20:23:14.688639 np0000181543 nova-scheduler[112934]: DEBUG cotyledon.oslo_config_glue [-] zvm.ca_file = None {{(pid=112934) log_opt_values /opt/stack/data/venv/lib/python3.12/site-packages/oslo_config/cfg.py:3253}}
Jun 17 20:23:14.688639 np0000181543 nova-scheduler[112934]: DEBUG cotyledon.oslo_config_glue [-] zvm.cloud_connector_url = None {{(pid=112934) log_opt_values /opt/stack/data/venv/lib/python3.12/site-packages/oslo_config/cfg.py:3253}}
Jun 17 20:23:14.688639 np0000181543 nova-scheduler[112934]: DEBUG cotyledon.oslo_config_glue [-] zvm.image_tmp_path = /opt/stack/data/nova/images {{(pid=112934) log_opt_values /opt/stack/data/venv/lib/python3.12/site-packages/oslo_config/cfg.py:3253}}
Jun 17 20:23:14.688639 np0000181543 nova-scheduler[112934]: DEBUG cotyledon.oslo_config_glue [-] zvm.reachable_timeout = 300 {{(pid=112934) log_opt_values /opt/stack/data/venv/lib/python3.12/site-packages/oslo_config/cfg.py:3253}}
Jun 17 20:23:14.688639 np0000181543 nova-scheduler[112934]: DEBUG cotyledon.oslo_config_glue [-] oslo_versionedobjects.fatal_exception_format_errors = False {{(pid=112934) log_opt_values /opt/stack/data/venv/lib/python3.12/site-packages/oslo_config/cfg.py:3253}}
Jun 17 20:23:14.688639 np0000181543 nova-scheduler[112934]: DEBUG cotyledon.oslo_config_glue [-] oslo_middleware.http_basic_auth_user_file = /etc/htpasswd {{(pid=112934) log_opt_values /opt/stack/data/venv/lib/python3.12/site-packages/oslo_config/cfg.py:3253}}
Jun 17 20:23:14.688639 np0000181543 nova-scheduler[112934]: DEBUG cotyledon.oslo_config_glue [-] oslo_messaging_metrics.metrics_buffer_size = 1000 {{(pid=112934) log_opt_values /opt/stack/data/venv/lib/python3.12/site-packages/oslo_config/cfg.py:3253}}
Jun 17 20:23:14.688877 np0000181543 nova-scheduler[112934]: DEBUG cotyledon.oslo_config_glue [-] oslo_messaging_metrics.metrics_enabled = False {{(pid=112934) log_opt_values /opt/stack/data/venv/lib/python3.12/site-packages/oslo_config/cfg.py:3253}}
Jun 17 20:23:14.688877 np0000181543 nova-scheduler[112934]: DEBUG cotyledon.oslo_config_glue [-] oslo_messaging_metrics.metrics_process_name = {{(pid=112934) log_opt_values /opt/stack/data/venv/lib/python3.12/site-packages/oslo_config/cfg.py:3253}}
Jun 17 20:23:14.688877 np0000181543 nova-scheduler[112934]: DEBUG cotyledon.oslo_config_glue [-] oslo_messaging_metrics.metrics_socket_file = /var/tmp/metrics_collector.sock {{(pid=112934) log_opt_values /opt/stack/data/venv/lib/python3.12/site-packages/oslo_config/cfg.py:3253}}
Jun 17 20:23:14.688877 np0000181543 nova-scheduler[112934]: DEBUG cotyledon.oslo_config_glue [-] oslo_messaging_metrics.metrics_thread_stop_timeout = 10 {{(pid=112934) log_opt_values /opt/stack/data/venv/lib/python3.12/site-packages/oslo_config/cfg.py:3253}}
Jun 17 20:23:14.688877 np0000181543 nova-scheduler[112934]: DEBUG cotyledon.oslo_config_glue [-] profiler.connection_string = messaging:// {{(pid=112934) log_opt_values /opt/stack/data/venv/lib/python3.12/site-packages/oslo_config/cfg.py:3253}}
Jun 17 20:23:14.688877 np0000181543 nova-scheduler[112934]: DEBUG cotyledon.oslo_config_glue [-] profiler.enabled = False {{(pid=112934) log_opt_values /opt/stack/data/venv/lib/python3.12/site-packages/oslo_config/cfg.py:3253}}
Jun 17 20:23:14.688877 np0000181543 nova-scheduler[112934]: DEBUG cotyledon.oslo_config_glue [-] profiler.es_doc_type = notification {{(pid=112934) log_opt_values /opt/stack/data/venv/lib/python3.12/site-packages/oslo_config/cfg.py:3253}}
Jun 17 20:23:14.688877 np0000181543 nova-scheduler[112934]: DEBUG cotyledon.oslo_config_glue [-] profiler.es_scroll_size = 10000 {{(pid=112934) log_opt_values /opt/stack/data/venv/lib/python3.12/site-packages/oslo_config/cfg.py:3253}}
Jun 17 20:23:14.688877 np0000181543 nova-scheduler[112934]: DEBUG cotyledon.oslo_config_glue [-] profiler.es_scroll_time = 2m {{(pid=112934) log_opt_values /opt/stack/data/venv/lib/python3.12/site-packages/oslo_config/cfg.py:3253}}
Jun 17 20:23:14.689096 np0000181543 nova-scheduler[112934]: DEBUG cotyledon.oslo_config_glue [-] profiler.filter_error_trace = False {{(pid=112934) log_opt_values /opt/stack/data/venv/lib/python3.12/site-packages/oslo_config/cfg.py:3253}}
Jun 17 20:23:14.689096 np0000181543 nova-scheduler[112934]: DEBUG cotyledon.oslo_config_glue [-] profiler.hmac_keys = **** {{(pid=112934) log_opt_values /opt/stack/data/venv/lib/python3.12/site-packages/oslo_config/cfg.py:3253}}
Jun 17 20:23:14.689096 np0000181543 nova-scheduler[112934]: DEBUG cotyledon.oslo_config_glue [-] profiler.sentinel_service_name = mymaster {{(pid=112934) log_opt_values /opt/stack/data/venv/lib/python3.12/site-packages/oslo_config/cfg.py:3253}}
Jun 17 20:23:14.689096 np0000181543 nova-scheduler[112934]: DEBUG cotyledon.oslo_config_glue [-] profiler.socket_timeout = 0.1 {{(pid=112934) log_opt_values /opt/stack/data/venv/lib/python3.12/site-packages/oslo_config/cfg.py:3253}}
Jun 17 20:23:14.689096 np0000181543 nova-scheduler[112934]: DEBUG cotyledon.oslo_config_glue [-] profiler.trace_requests = False {{(pid=112934) log_opt_values /opt/stack/data/venv/lib/python3.12/site-packages/oslo_config/cfg.py:3253}}
Jun 17 20:23:14.689096 np0000181543 nova-scheduler[112934]: DEBUG cotyledon.oslo_config_glue [-] profiler.trace_sqlalchemy = False {{(pid=112934) log_opt_values /opt/stack/data/venv/lib/python3.12/site-packages/oslo_config/cfg.py:3253}}
Jun 17 20:23:14.689096 np0000181543 nova-scheduler[112934]: DEBUG cotyledon.oslo_config_glue [-] profiler_jaeger.process_tags = {} {{(pid=112934) log_opt_values /opt/stack/data/venv/lib/python3.12/site-packages/oslo_config/cfg.py:3253}}
Jun 17 20:23:14.689096 np0000181543 nova-scheduler[112934]: DEBUG cotyledon.oslo_config_glue [-] profiler_jaeger.service_name_prefix = None {{(pid=112934) log_opt_values /opt/stack/data/venv/lib/python3.12/site-packages/oslo_config/cfg.py:3253}}
Jun 17 20:23:14.689096 np0000181543 nova-scheduler[112934]: DEBUG cotyledon.oslo_config_glue [-] profiler_otlp.service_name_prefix = None {{(pid=112934) log_opt_values /opt/stack/data/venv/lib/python3.12/site-packages/oslo_config/cfg.py:3253}}
Jun 17 20:23:14.689313 np0000181543 nova-scheduler[112934]: DEBUG cotyledon.oslo_config_glue [-] oslo_messaging_rabbit.amqp_auto_delete = False {{(pid=112934) log_opt_values /opt/stack/data/venv/lib/python3.12/site-packages/oslo_config/cfg.py:3253}}
Jun 17 20:23:14.689313 np0000181543 nova-scheduler[112934]: DEBUG cotyledon.oslo_config_glue [-] oslo_messaging_rabbit.amqp_durable_queues = False {{(pid=112934) log_opt_values /opt/stack/data/venv/lib/python3.12/site-packages/oslo_config/cfg.py:3253}}
Jun 17 20:23:14.689313 np0000181543 nova-scheduler[112934]: DEBUG cotyledon.oslo_config_glue [-] oslo_messaging_rabbit.conn_pool_min_size = 2 {{(pid=112934) log_opt_values /opt/stack/data/venv/lib/python3.12/site-packages/oslo_config/cfg.py:3253}}
Jun 17 20:23:14.689313 np0000181543 nova-scheduler[112934]: DEBUG cotyledon.oslo_config_glue [-] oslo_messaging_rabbit.conn_pool_ttl = 1200 {{(pid=112934) log_opt_values /opt/stack/data/venv/lib/python3.12/site-packages/oslo_config/cfg.py:3253}}
Jun 17 20:23:14.689313 np0000181543 nova-scheduler[112934]: DEBUG cotyledon.oslo_config_glue [-] oslo_messaging_rabbit.direct_mandatory_flag = True {{(pid=112934) log_opt_values /opt/stack/data/venv/lib/python3.12/site-packages/oslo_config/cfg.py:3253}}
Jun 17 20:23:14.689313 np0000181543 nova-scheduler[112934]: DEBUG cotyledon.oslo_config_glue [-] oslo_messaging_rabbit.enable_cancel_on_failover = False {{(pid=112934) log_opt_values /opt/stack/data/venv/lib/python3.12/site-packages/oslo_config/cfg.py:3253}}
Jun 17 20:23:14.689313 np0000181543 nova-scheduler[112934]: DEBUG cotyledon.oslo_config_glue [-] oslo_messaging_rabbit.heartbeat_rate = 3 {{(pid=112934) log_opt_values /opt/stack/data/venv/lib/python3.12/site-packages/oslo_config/cfg.py:3253}}
Jun 17 20:23:14.689313 np0000181543 nova-scheduler[112934]: DEBUG cotyledon.oslo_config_glue [-] oslo_messaging_rabbit.heartbeat_timeout_threshold = 60 {{(pid=112934) log_opt_values /opt/stack/data/venv/lib/python3.12/site-packages/oslo_config/cfg.py:3253}}
Jun 17 20:23:14.689313 np0000181543 nova-scheduler[112934]: DEBUG cotyledon.oslo_config_glue [-] oslo_messaging_rabbit.hostname = np0000181543 {{(pid=112934) log_opt_values /opt/stack/data/venv/lib/python3.12/site-packages/oslo_config/cfg.py:3253}}
Jun 17 20:23:14.689520 np0000181543 nova-scheduler[112934]: DEBUG cotyledon.oslo_config_glue [-] oslo_messaging_rabbit.kombu_compression = None {{(pid=112934) log_opt_values /opt/stack/data/venv/lib/python3.12/site-packages/oslo_config/cfg.py:3253}}
Jun 17 20:23:14.689520 np0000181543 nova-scheduler[112934]: DEBUG cotyledon.oslo_config_glue [-] oslo_messaging_rabbit.kombu_failover_strategy = round-robin {{(pid=112934) log_opt_values /opt/stack/data/venv/lib/python3.12/site-packages/oslo_config/cfg.py:3253}}
Jun 17 20:23:14.689520 np0000181543 nova-scheduler[112934]: DEBUG cotyledon.oslo_config_glue [-] oslo_messaging_rabbit.kombu_missing_consumer_retry_timeout = 60 {{(pid=112934) log_opt_values /opt/stack/data/venv/lib/python3.12/site-packages/oslo_config/cfg.py:3253}}
Jun 17 20:23:14.689520 np0000181543 nova-scheduler[112934]: DEBUG cotyledon.oslo_config_glue [-] oslo_messaging_rabbit.kombu_reconnect_delay = 1.0 {{(pid=112934) log_opt_values /opt/stack/data/venv/lib/python3.12/site-packages/oslo_config/cfg.py:3253}}
Jun 17 20:23:14.689520 np0000181543 nova-scheduler[112934]: DEBUG cotyledon.oslo_config_glue [-] oslo_messaging_rabbit.kombu_reconnect_splay = 0.0 {{(pid=112934) log_opt_values /opt/stack/data/venv/lib/python3.12/site-packages/oslo_config/cfg.py:3253}}
Jun 17 20:23:14.689520 np0000181543 nova-scheduler[112934]: DEBUG cotyledon.oslo_config_glue [-] oslo_messaging_rabbit.processname = nova-scheduler {{(pid=112934) log_opt_values /opt/stack/data/venv/lib/python3.12/site-packages/oslo_config/cfg.py:3253}}
Jun 17 20:23:14.689520 np0000181543 nova-scheduler[112934]: DEBUG cotyledon.oslo_config_glue [-] oslo_messaging_rabbit.rabbit_ha_queues = False {{(pid=112934) log_opt_values /opt/stack/data/venv/lib/python3.12/site-packages/oslo_config/cfg.py:3253}}
Jun 17 20:23:14.689520 np0000181543 nova-scheduler[112934]: DEBUG cotyledon.oslo_config_glue [-] oslo_messaging_rabbit.rabbit_interval_max = 30 {{(pid=112934) log_opt_values /opt/stack/data/venv/lib/python3.12/site-packages/oslo_config/cfg.py:3253}}
Jun 17 20:23:14.689713 np0000181543 nova-scheduler[112934]: DEBUG cotyledon.oslo_config_glue [-] oslo_messaging_rabbit.rabbit_login_method = AMQPLAIN {{(pid=112934) log_opt_values /opt/stack/data/venv/lib/python3.12/site-packages/oslo_config/cfg.py:3253}}
Jun 17 20:23:14.689713 np0000181543 nova-scheduler[112934]: DEBUG cotyledon.oslo_config_glue [-] oslo_messaging_rabbit.rabbit_qos_prefetch_count = 0 {{(pid=112934) log_opt_values /opt/stack/data/venv/lib/python3.12/site-packages/oslo_config/cfg.py:3253}}
Jun 17 20:23:14.689713 np0000181543 nova-scheduler[112934]: DEBUG cotyledon.oslo_config_glue [-] oslo_messaging_rabbit.rabbit_quorum_delivery_limit = 0 {{(pid=112934) log_opt_values /opt/stack/data/venv/lib/python3.12/site-packages/oslo_config/cfg.py:3253}}
Jun 17 20:23:14.689713 np0000181543 nova-scheduler[112934]: DEBUG cotyledon.oslo_config_glue [-] oslo_messaging_rabbit.rabbit_quorum_max_memory_bytes = 0 {{(pid=112934) log_opt_values /opt/stack/data/venv/lib/python3.12/site-packages/oslo_config/cfg.py:3253}}
Jun 17 20:23:14.689713 np0000181543 nova-scheduler[112934]: DEBUG cotyledon.oslo_config_glue [-] oslo_messaging_rabbit.rabbit_quorum_max_memory_length = 0 {{(pid=112934) log_opt_values /opt/stack/data/venv/lib/python3.12/site-packages/oslo_config/cfg.py:3253}}
Jun 17 20:23:14.689713 np0000181543 nova-scheduler[112934]: DEBUG cotyledon.oslo_config_glue [-] oslo_messaging_rabbit.rabbit_quorum_queue = False {{(pid=112934) log_opt_values /opt/stack/data/venv/lib/python3.12/site-packages/oslo_config/cfg.py:3253}}
Jun 17 20:23:14.689713 np0000181543 nova-scheduler[112934]: DEBUG cotyledon.oslo_config_glue [-] oslo_messaging_rabbit.rabbit_retry_backoff = 2 {{(pid=112934) log_opt_values /opt/stack/data/venv/lib/python3.12/site-packages/oslo_config/cfg.py:3253}}
Jun 17 20:23:14.689713 np0000181543 nova-scheduler[112934]: DEBUG cotyledon.oslo_config_glue [-] oslo_messaging_rabbit.rabbit_retry_interval = 1 {{(pid=112934) log_opt_values /opt/stack/data/venv/lib/python3.12/site-packages/oslo_config/cfg.py:3253}}
Jun 17 20:23:14.689906 np0000181543 nova-scheduler[112934]: DEBUG cotyledon.oslo_config_glue [-] oslo_messaging_rabbit.rabbit_stream_fanout = False {{(pid=112934) log_opt_values /opt/stack/data/venv/lib/python3.12/site-packages/oslo_config/cfg.py:3253}}
Jun 17 20:23:14.689906 np0000181543 nova-scheduler[112934]: DEBUG cotyledon.oslo_config_glue [-] oslo_messaging_rabbit.rabbit_transient_queues_ttl = 1800 {{(pid=112934) log_opt_values /opt/stack/data/venv/lib/python3.12/site-packages/oslo_config/cfg.py:3253}}
Jun 17 20:23:14.689906 np0000181543 nova-scheduler[112934]: DEBUG cotyledon.oslo_config_glue [-] oslo_messaging_rabbit.rabbit_transient_quorum_queue = False {{(pid=112934) log_opt_values /opt/stack/data/venv/lib/python3.12/site-packages/oslo_config/cfg.py:3253}}
Jun 17 20:23:14.689906 np0000181543 nova-scheduler[112934]: DEBUG cotyledon.oslo_config_glue [-] oslo_messaging_rabbit.rpc_conn_pool_size = 30 {{(pid=112934) log_opt_values /opt/stack/data/venv/lib/python3.12/site-packages/oslo_config/cfg.py:3253}}
Jun 17 20:23:14.689906 np0000181543 nova-scheduler[112934]: DEBUG cotyledon.oslo_config_glue [-] oslo_messaging_rabbit.ssl = False {{(pid=112934) log_opt_values /opt/stack/data/venv/lib/python3.12/site-packages/oslo_config/cfg.py:3253}}
Jun 17 20:23:14.689906 np0000181543 nova-scheduler[112934]: DEBUG cotyledon.oslo_config_glue [-] oslo_messaging_rabbit.ssl_ca_file = {{(pid=112934) log_opt_values /opt/stack/data/venv/lib/python3.12/site-packages/oslo_config/cfg.py:3253}}
Jun 17 20:23:14.689906 np0000181543 nova-scheduler[112934]: DEBUG cotyledon.oslo_config_glue [-] oslo_messaging_rabbit.ssl_cert_file = {{(pid=112934) log_opt_values /opt/stack/data/venv/lib/python3.12/site-packages/oslo_config/cfg.py:3253}}
Jun 17 20:23:14.689906 np0000181543 nova-scheduler[112934]: DEBUG cotyledon.oslo_config_glue [-] oslo_messaging_rabbit.ssl_enforce_fips_mode = False {{(pid=112934) log_opt_values /opt/stack/data/venv/lib/python3.12/site-packages/oslo_config/cfg.py:3253}}
Jun 17 20:23:14.689906 np0000181543 nova-scheduler[112934]: DEBUG cotyledon.oslo_config_glue [-] oslo_messaging_rabbit.ssl_enforce_hostname_verification = True {{(pid=112934) log_opt_values /opt/stack/data/venv/lib/python3.12/site-packages/oslo_config/cfg.py:3253}}
Jun 17 20:23:14.690110 np0000181543 nova-scheduler[112934]: DEBUG cotyledon.oslo_config_glue [-] oslo_messaging_rabbit.ssl_key_file = {{(pid=112934) log_opt_values /opt/stack/data/venv/lib/python3.12/site-packages/oslo_config/cfg.py:3253}}
Jun 17 20:23:14.690110 np0000181543 nova-scheduler[112934]: DEBUG cotyledon.oslo_config_glue [-] oslo_messaging_rabbit.ssl_version = {{(pid=112934) log_opt_values /opt/stack/data/venv/lib/python3.12/site-packages/oslo_config/cfg.py:3253}}
Jun 17 20:23:14.690110 np0000181543 nova-scheduler[112934]: DEBUG cotyledon.oslo_config_glue [-] oslo_messaging_rabbit.use_queue_manager = False {{(pid=112934) log_opt_values /opt/stack/data/venv/lib/python3.12/site-packages/oslo_config/cfg.py:3253}}
Jun 17 20:23:14.690110 np0000181543 nova-scheduler[112934]: DEBUG cotyledon.oslo_config_glue [-] oslo_messaging_notifications.driver = ['messagingv2'] {{(pid=112934) log_opt_values /opt/stack/data/venv/lib/python3.12/site-packages/oslo_config/cfg.py:3253}}
Jun 17 20:23:14.690110 np0000181543 nova-scheduler[112934]: DEBUG cotyledon.oslo_config_glue [-] oslo_messaging_notifications.retry = -1 {{(pid=112934) log_opt_values /opt/stack/data/venv/lib/python3.12/site-packages/oslo_config/cfg.py:3253}}
Jun 17 20:23:14.690110 np0000181543 nova-scheduler[112934]: DEBUG cotyledon.oslo_config_glue [-] oslo_messaging_notifications.topics = ['notifications'] {{(pid=112934) log_opt_values /opt/stack/data/venv/lib/python3.12/site-packages/oslo_config/cfg.py:3253}}
Jun 17 20:23:14.690110 np0000181543 nova-scheduler[112934]: DEBUG cotyledon.oslo_config_glue [-] oslo_messaging_notifications.transport_url = **** {{(pid=112934) log_opt_values /opt/stack/data/venv/lib/python3.12/site-packages/oslo_config/cfg.py:3253}}
Jun 17 20:23:14.690110 np0000181543 nova-scheduler[112934]: DEBUG cotyledon.oslo_config_glue [-] oslo_limit.auth_section = None {{(pid=112934) log_opt_values /opt/stack/data/venv/lib/python3.12/site-packages/oslo_config/cfg.py:3253}}
Jun 17 20:23:14.690110 np0000181543 nova-scheduler[112934]: DEBUG cotyledon.oslo_config_glue [-] oslo_limit.auth_type = None {{(pid=112934) log_opt_values /opt/stack/data/venv/lib/python3.12/site-packages/oslo_config/cfg.py:3253}}
Jun 17 20:23:14.690320 np0000181543 nova-scheduler[112934]: DEBUG cotyledon.oslo_config_glue [-] oslo_limit.cafile = None {{(pid=112934) log_opt_values /opt/stack/data/venv/lib/python3.12/site-packages/oslo_config/cfg.py:3253}}
Jun 17 20:23:14.690320 np0000181543 nova-scheduler[112934]: DEBUG cotyledon.oslo_config_glue [-] oslo_limit.certfile = None {{(pid=112934) log_opt_values /opt/stack/data/venv/lib/python3.12/site-packages/oslo_config/cfg.py:3253}}
Jun 17 20:23:14.690320 np0000181543 nova-scheduler[112934]: DEBUG cotyledon.oslo_config_glue [-] oslo_limit.collect_timing = False {{(pid=112934) log_opt_values /opt/stack/data/venv/lib/python3.12/site-packages/oslo_config/cfg.py:3253}}
Jun 17 20:23:14.690320 np0000181543 nova-scheduler[112934]: DEBUG cotyledon.oslo_config_glue [-] oslo_limit.connect_retries = None {{(pid=112934) log_opt_values /opt/stack/data/venv/lib/python3.12/site-packages/oslo_config/cfg.py:3253}}
Jun 17 20:23:14.690320 np0000181543 nova-scheduler[112934]: DEBUG cotyledon.oslo_config_glue [-] oslo_limit.connect_retry_delay = None {{(pid=112934) log_opt_values /opt/stack/data/venv/lib/python3.12/site-packages/oslo_config/cfg.py:3253}}
Jun 17 20:23:14.690320 np0000181543 nova-scheduler[112934]: DEBUG cotyledon.oslo_config_glue [-] oslo_limit.endpoint_id = None {{(pid=112934) log_opt_values /opt/stack/data/venv/lib/python3.12/site-packages/oslo_config/cfg.py:3253}}
Jun 17 20:23:14.690320 np0000181543 nova-scheduler[112934]: DEBUG cotyledon.oslo_config_glue [-] oslo_limit.endpoint_interface = public {{(pid=112934) log_opt_values /opt/stack/data/venv/lib/python3.12/site-packages/oslo_config/cfg.py:3253}}
Jun 17 20:23:14.690320 np0000181543 nova-scheduler[112934]: DEBUG cotyledon.oslo_config_glue [-] oslo_limit.endpoint_override = None {{(pid=112934) log_opt_values /opt/stack/data/venv/lib/python3.12/site-packages/oslo_config/cfg.py:3253}}
Jun 17 20:23:14.690320 np0000181543 nova-scheduler[112934]: DEBUG cotyledon.oslo_config_glue [-] oslo_limit.endpoint_region_name = None {{(pid=112934) log_opt_values /opt/stack/data/venv/lib/python3.12/site-packages/oslo_config/cfg.py:3253}}
Jun 17 20:23:14.690546 np0000181543 nova-scheduler[112934]: DEBUG cotyledon.oslo_config_glue [-] oslo_limit.endpoint_service_name = None {{(pid=112934) log_opt_values /opt/stack/data/venv/lib/python3.12/site-packages/oslo_config/cfg.py:3253}}
Jun 17 20:23:14.690546 np0000181543 nova-scheduler[112934]: DEBUG cotyledon.oslo_config_glue [-] oslo_limit.endpoint_service_type = None {{(pid=112934) log_opt_values /opt/stack/data/venv/lib/python3.12/site-packages/oslo_config/cfg.py:3253}}
Jun 17 20:23:14.690546 np0000181543 nova-scheduler[112934]: DEBUG cotyledon.oslo_config_glue [-] oslo_limit.insecure = False {{(pid=112934) log_opt_values /opt/stack/data/venv/lib/python3.12/site-packages/oslo_config/cfg.py:3253}}
Jun 17 20:23:14.690546 np0000181543 nova-scheduler[112934]: DEBUG cotyledon.oslo_config_glue [-] oslo_limit.keyfile = None {{(pid=112934) log_opt_values /opt/stack/data/venv/lib/python3.12/site-packages/oslo_config/cfg.py:3253}}
Jun 17 20:23:14.690546 np0000181543 nova-scheduler[112934]: DEBUG cotyledon.oslo_config_glue [-] oslo_limit.max_version = None {{(pid=112934) log_opt_values /opt/stack/data/venv/lib/python3.12/site-packages/oslo_config/cfg.py:3253}}
Jun 17 20:23:14.690546 np0000181543 nova-scheduler[112934]: DEBUG cotyledon.oslo_config_glue [-] oslo_limit.min_version = None {{(pid=112934) log_opt_values /opt/stack/data/venv/lib/python3.12/site-packages/oslo_config/cfg.py:3253}}
Jun 17 20:23:14.690546 np0000181543 nova-scheduler[112934]: DEBUG cotyledon.oslo_config_glue [-] oslo_limit.region_name = None {{(pid=112934) log_opt_values /opt/stack/data/venv/lib/python3.12/site-packages/oslo_config/cfg.py:3253}}
Jun 17 20:23:14.690546 np0000181543 nova-scheduler[112934]: DEBUG cotyledon.oslo_config_glue [-] oslo_limit.retriable_status_codes = None {{(pid=112934) log_opt_values /opt/stack/data/venv/lib/python3.12/site-packages/oslo_config/cfg.py:3253}}
Jun 17 20:23:14.690546 np0000181543 nova-scheduler[112934]: DEBUG cotyledon.oslo_config_glue [-] oslo_limit.service_name = None {{(pid=112934) log_opt_values /opt/stack/data/venv/lib/python3.12/site-packages/oslo_config/cfg.py:3253}}
Jun 17 20:23:14.690785 np0000181543 nova-scheduler[112934]: DEBUG cotyledon.oslo_config_glue [-] oslo_limit.service_type = None {{(pid=112934) log_opt_values /opt/stack/data/venv/lib/python3.12/site-packages/oslo_config/cfg.py:3253}}
Jun 17 20:23:14.690785 np0000181543 nova-scheduler[112934]: DEBUG cotyledon.oslo_config_glue [-] oslo_limit.split_loggers = False {{(pid=112934) log_opt_values /opt/stack/data/venv/lib/python3.12/site-packages/oslo_config/cfg.py:3253}}
Jun 17 20:23:14.690785 np0000181543 nova-scheduler[112934]: DEBUG cotyledon.oslo_config_glue [-] oslo_limit.status_code_retries = None {{(pid=112934) log_opt_values /opt/stack/data/venv/lib/python3.12/site-packages/oslo_config/cfg.py:3253}}
Jun 17 20:23:14.690785 np0000181543 nova-scheduler[112934]: DEBUG cotyledon.oslo_config_glue [-] oslo_limit.status_code_retry_delay = None {{(pid=112934) log_opt_values /opt/stack/data/venv/lib/python3.12/site-packages/oslo_config/cfg.py:3253}}
Jun 17 20:23:14.690785 np0000181543 nova-scheduler[112934]: DEBUG cotyledon.oslo_config_glue [-] oslo_limit.timeout = None {{(pid=112934) log_opt_values /opt/stack/data/venv/lib/python3.12/site-packages/oslo_config/cfg.py:3253}}
Jun 17 20:23:14.690785 np0000181543 nova-scheduler[112934]: DEBUG cotyledon.oslo_config_glue [-] oslo_limit.valid_interfaces = None {{(pid=112934) log_opt_values /opt/stack/data/venv/lib/python3.12/site-packages/oslo_config/cfg.py:3253}}
Jun 17 20:23:14.690785 np0000181543 nova-scheduler[112934]: DEBUG cotyledon.oslo_config_glue [-] oslo_limit.version = None {{(pid=112934) log_opt_values /opt/stack/data/venv/lib/python3.12/site-packages/oslo_config/cfg.py:3253}}
Jun 17 20:23:14.690785 np0000181543 nova-scheduler[112934]: DEBUG cotyledon.oslo_config_glue [-] oslo_reports.file_event_handler = None {{(pid=112934) log_opt_values /opt/stack/data/venv/lib/python3.12/site-packages/oslo_config/cfg.py:3253}}
Jun 17 20:23:14.690785 np0000181543 nova-scheduler[112934]: DEBUG cotyledon.oslo_config_glue [-] oslo_reports.file_event_handler_interval = 1 {{(pid=112934) log_opt_values /opt/stack/data/venv/lib/python3.12/site-packages/oslo_config/cfg.py:3253}}
Jun 17 20:23:14.690996 np0000181543 nova-scheduler[112934]: DEBUG cotyledon.oslo_config_glue [-] oslo_reports.log_dir = None {{(pid=112934) log_opt_values /opt/stack/data/venv/lib/python3.12/site-packages/oslo_config/cfg.py:3253}}
Jun 17 20:23:14.690996 np0000181543 nova-scheduler[112934]: DEBUG cotyledon.oslo_config_glue [-] ******************************************************************************** {{(pid=112934) log_opt_values /opt/stack/data/venv/lib/python3.12/site-packages/oslo_config/cfg.py:3260}}
Jun 17 20:23:14.690996 np0000181543 nova-scheduler[112934]: DEBUG cotyledon._service_worker [-] Run service ServiceWrapper(3) [112934] {{(pid=112934) wait_forever /opt/stack/data/venv/lib/python3.12/site-packages/cotyledon/_service_worker.py:218}}
Jun 17 20:23:14.690996 np0000181543 nova-scheduler[112934]: INFO nova.service [-] Starting scheduler node (version 33.1.0)
Jun 17 20:23:14.691099 np0000181543 nova-scheduler[112909]: DEBUG dbcounter [-] [112909] Writer thread running {{(pid=112909) stat_writer /opt/stack/data/venv/lib/python3.12/site-packages/dbcounter.py:102}}
Jun 17 20:23:14.691131 np0000181543 nova-scheduler[112934]: INFO dbcounter [None req-88248cfd-971d-4512-8433-82daa879937e None None] Registered counter for database nova_cell0
Jun 17 20:23:14.691159 np0000181543 nova-scheduler[112918]: DEBUG oslo_db.sqlalchemy.engines [None req-83518ae0-c3c7-49fd-8342-65fe1f2a8f7b None None] MySQL server mode set to STRICT_TRANS_TABLES,STRICT_ALL_TABLES,NO_ZERO_IN_DATE,NO_ZERO_DATE,ERROR_FOR_DIVISION_BY_ZERO,TRADITIONAL,NO_ENGINE_SUBSTITUTION {{(pid=112918) _check_effective_sql_mode /opt/stack/data/venv/lib/python3.12/site-packages/oslo_db/sqlalchemy/engines.py:325}}
Jun 17 20:23:14.699003 np0000181543 nova-scheduler[112918]: DEBUG dbcounter [-] [112918] Writer thread running {{(pid=112918) stat_writer /opt/stack/data/venv/lib/python3.12/site-packages/dbcounter.py:102}}
Jun 17 20:23:14.711933 np0000181543 nova-scheduler[112909]: DEBUG nova.service [None req-a6a48e50-9c9f-4411-91c8-c2b0ca1b9b30 None None] Creating RPC server for service: nova-scheduler on topic: scheduler {{(pid=112909) start /opt/stack/nova/nova/service.py:196}}
Jun 17 20:23:14.713005 np0000181543 nova-scheduler[112927]: DEBUG oslo_db.sqlalchemy.engines [None req-46a67165-43ca-48e1-aecf-ded98b595179 None None] MySQL server mode set to STRICT_TRANS_TABLES,STRICT_ALL_TABLES,NO_ZERO_IN_DATE,NO_ZERO_DATE,ERROR_FOR_DIVISION_BY_ZERO,TRADITIONAL,NO_ENGINE_SUBSTITUTION {{(pid=112927) _check_effective_sql_mode /opt/stack/data/venv/lib/python3.12/site-packages/oslo_db/sqlalchemy/engines.py:325}}
Jun 17 20:23:14.716366 np0000181543 nova-scheduler[112918]: DEBUG nova.service [None req-83518ae0-c3c7-49fd-8342-65fe1f2a8f7b None None] Creating RPC server for service: nova-scheduler on topic: scheduler {{(pid=112918) start /opt/stack/nova/nova/service.py:196}}
Jun 17 20:23:14.728859 np0000181543 nova-scheduler[112934]: DEBUG oslo_db.sqlalchemy.engines [None req-88248cfd-971d-4512-8433-82daa879937e None None] MySQL server mode set to STRICT_TRANS_TABLES,STRICT_ALL_TABLES,NO_ZERO_IN_DATE,NO_ZERO_DATE,ERROR_FOR_DIVISION_BY_ZERO,TRADITIONAL,NO_ENGINE_SUBSTITUTION {{(pid=112934) _check_effective_sql_mode /opt/stack/data/venv/lib/python3.12/site-packages/oslo_db/sqlalchemy/engines.py:325}}
Jun 17 20:23:14.730033 np0000181543 nova-scheduler[112927]: DEBUG dbcounter [-] [112927] Writer thread running {{(pid=112927) stat_writer /opt/stack/data/venv/lib/python3.12/site-packages/dbcounter.py:102}}
Jun 17 20:23:14.734190 np0000181543 nova-scheduler[112927]: DEBUG nova.service [None req-46a67165-43ca-48e1-aecf-ded98b595179 None None] Creating RPC server for service: nova-scheduler on topic: scheduler {{(pid=112927) start /opt/stack/nova/nova/service.py:196}}
Jun 17 20:23:14.741011 np0000181543 nova-scheduler[112918]: DEBUG nova.service [None req-83518ae0-c3c7-49fd-8342-65fe1f2a8f7b None None] Join ServiceGroup membership for this service scheduler {{(pid=112918) start /opt/stack/nova/nova/service.py:222}}
Jun 17 20:23:14.741231 np0000181543 nova-scheduler[112918]: DEBUG nova.servicegroup.drivers.db [None req-83518ae0-c3c7-49fd-8342-65fe1f2a8f7b None None] DB_Driver: join new ServiceGroup member np0000181543 to the scheduler group, service = {{(pid=112918) join /opt/stack/nova/nova/servicegroup/drivers/db.py:44}}
Jun 17 20:23:14.742054 np0000181543 nova-scheduler[112934]: DEBUG dbcounter [-] [112934] Writer thread running {{(pid=112934) stat_writer /opt/stack/data/venv/lib/python3.12/site-packages/dbcounter.py:102}}
Jun 17 20:23:14.744870 np0000181543 nova-scheduler[112934]: DEBUG nova.service [None req-88248cfd-971d-4512-8433-82daa879937e None None] Creating RPC server for service: nova-scheduler on topic: scheduler {{(pid=112934) start /opt/stack/nova/nova/service.py:196}}
Jun 17 20:23:14.751371 np0000181543 nova-scheduler[112909]: DEBUG nova.service [None req-a6a48e50-9c9f-4411-91c8-c2b0ca1b9b30 None None] Join ServiceGroup membership for this service scheduler {{(pid=112909) start /opt/stack/nova/nova/service.py:222}}
Jun 17 20:23:14.753048 np0000181543 nova-scheduler[112909]: DEBUG nova.servicegroup.drivers.db [None req-a6a48e50-9c9f-4411-91c8-c2b0ca1b9b30 None None] DB_Driver: join new ServiceGroup member np0000181543 to the scheduler group, service = {{(pid=112909) join /opt/stack/nova/nova/servicegroup/drivers/db.py:44}}
Jun 17 20:23:14.754973 np0000181543 nova-scheduler[112927]: DEBUG nova.service [None req-46a67165-43ca-48e1-aecf-ded98b595179 None None] Join ServiceGroup membership for this service scheduler {{(pid=112927) start /opt/stack/nova/nova/service.py:222}}
Jun 17 20:23:14.755235 np0000181543 nova-scheduler[112927]: DEBUG nova.servicegroup.drivers.db [None req-46a67165-43ca-48e1-aecf-ded98b595179 None None] DB_Driver: join new ServiceGroup member np0000181543 to the scheduler group, service = {{(pid=112927) join /opt/stack/nova/nova/servicegroup/drivers/db.py:44}}
Jun 17 20:23:14.762590 np0000181543 nova-scheduler[112934]: DEBUG nova.service [None req-88248cfd-971d-4512-8433-82daa879937e None None] Join ServiceGroup membership for this service scheduler {{(pid=112934) start /opt/stack/nova/nova/service.py:222}}
Jun 17 20:23:14.762819 np0000181543 nova-scheduler[112934]: DEBUG nova.servicegroup.drivers.db [None req-88248cfd-971d-4512-8433-82daa879937e None None] DB_Driver: join new ServiceGroup member np0000181543 to the scheduler group, service = {{(pid=112934) join /opt/stack/nova/nova/servicegroup/drivers/db.py:44}}
Jun 17 20:23:19.765991 np0000181543 nova-scheduler[112918]: DEBUG oslo.service.backend._threading.loopingcall [-] Fixed interval looping call 'nova.servicegroup.drivers.db.DbDriver._report_state' sleeping for 119.98 seconds {{(pid=112918) _run_loop /opt/stack/data/venv/lib/python3.12/site-packages/oslo_service/backend/_threading/loopingcall.py:125}}
Jun 17 20:23:19.768481 np0000181543 nova-scheduler[112909]: DEBUG oslo.service.backend._threading.loopingcall [-] Fixed interval looping call 'nova.servicegroup.drivers.db.DbDriver._report_state' sleeping for 119.99 seconds {{(pid=112909) _run_loop /opt/stack/data/venv/lib/python3.12/site-packages/oslo_service/backend/_threading/loopingcall.py:125}}
Jun 17 20:23:19.773133 np0000181543 nova-scheduler[112927]: DEBUG oslo.service.backend._threading.loopingcall [-] Fixed interval looping call 'nova.servicegroup.drivers.db.DbDriver._report_state' sleeping for 119.98 seconds {{(pid=112927) _run_loop /opt/stack/data/venv/lib/python3.12/site-packages/oslo_service/backend/_threading/loopingcall.py:125}}
Jun 17 20:23:19.778923 np0000181543 nova-scheduler[112934]: DEBUG oslo.service.backend._threading.loopingcall [-] Fixed interval looping call 'nova.servicegroup.drivers.db.DbDriver._report_state' sleeping for 119.99 seconds {{(pid=112934) _run_loop /opt/stack/data/venv/lib/python3.12/site-packages/oslo_service/backend/_threading/loopingcall.py:125}}
Jun 17 20:23:23.252601 np0000181543 nova-scheduler[112168]: DEBUG dbcounter [-] [112168] Writing DB stats nova_api:SELECT=3 {{(pid=112168) stat_writer /opt/stack/data/venv/lib/python3.12/site-packages/dbcounter.py:115}}
Jun 17 20:23:23.402501 np0000181543 nova-scheduler[112168]: DEBUG dbcounter [-] [112168] Writing DB stats nova_cell0:SELECT=1 {{(pid=112168) stat_writer /opt/stack/data/venv/lib/python3.12/site-packages/dbcounter.py:115}}
Jun 17 20:23:23.412788 np0000181543 nova-scheduler[112168]: DEBUG dbcounter [-] [112168] Writing DB stats nova_cell1:SELECT=1 {{(pid=112168) stat_writer /opt/stack/data/venv/lib/python3.12/site-packages/dbcounter.py:115}}
Jun 17 20:23:29.756541 np0000181543 nova-scheduler[112918]: DEBUG dbcounter [-] [112918] Writing DB stats nova_cell0:SELECT=5,nova_cell0:INSERT=1,nova_cell0:UPDATE=1 {{(pid=112918) stat_writer /opt/stack/data/venv/lib/python3.12/site-packages/dbcounter.py:115}}
Jun 17 20:23:29.765069 np0000181543 nova-scheduler[112909]: DEBUG dbcounter [-] [112909] Writing DB stats nova_cell0:SELECT=4,nova_cell0:INSERT=1 {{(pid=112909) stat_writer /opt/stack/data/venv/lib/python3.12/site-packages/dbcounter.py:115}}
Jun 17 20:23:29.770781 np0000181543 nova-scheduler[112927]: DEBUG dbcounter [-] [112927] Writing DB stats nova_cell0:SELECT=3 {{(pid=112927) stat_writer /opt/stack/data/venv/lib/python3.12/site-packages/dbcounter.py:115}}
Jun 17 20:23:29.774872 np0000181543 nova-scheduler[112934]: DEBUG dbcounter [-] [112934] Writing DB stats nova_cell0:SELECT=3 {{(pid=112934) stat_writer /opt/stack/data/venv/lib/python3.12/site-packages/dbcounter.py:115}}
Jun 17 20:23:32.758748 np0000181543 nova-scheduler[112927]: DEBUG oslo.service.backend._threading.loopingcall [None req-08dcc47a-ca12-4380-9236-81595c79741a None None] Dynamic interval looping call 'nova.service.Service.periodic_tasks' sleeping for 60.00 seconds {{(pid=112927) _run_loop /opt/stack/data/venv/lib/python3.12/site-packages/oslo_service/backend/_threading/loopingcall.py:125}}
Jun 17 20:23:33.765182 np0000181543 nova-scheduler[112934]: DEBUG oslo.service.backend._threading.loopingcall [None req-7bf70336-4518-4ed6-9731-30dd57cb393e None None] Dynamic interval looping call 'nova.service.Service.periodic_tasks' sleeping for 60.00 seconds {{(pid=112934) _run_loop /opt/stack/data/venv/lib/python3.12/site-packages/oslo_service/backend/_threading/loopingcall.py:125}}
Jun 17 20:23:50.756380 np0000181543 nova-scheduler[112909]: DEBUG oslo.service.backend._threading.loopingcall [None req-3b925d82-6bdb-4b93-935e-332d976699e5 None None] Dynamic interval looping call 'nova.service.Service.periodic_tasks' sleeping for 60.00 seconds {{(pid=112909) _run_loop /opt/stack/data/venv/lib/python3.12/site-packages/oslo_service/backend/_threading/loopingcall.py:125}}
Jun 17 20:24:01.744367 np0000181543 nova-scheduler[112918]: DEBUG oslo.service.backend._threading.loopingcall [None req-edc7ebd8-55f0-46de-9bcf-40266372b2b4 None None] Dynamic interval looping call 'nova.service.Service.periodic_tasks' sleeping for 60.00 seconds {{(pid=112918) _run_loop /opt/stack/data/venv/lib/python3.12/site-packages/oslo_service/backend/_threading/loopingcall.py:125}}
Jun 17 20:24:32.759645 np0000181543 nova-scheduler[112927]: DEBUG oslo.service.backend._threading.loopingcall [None req-08dcc47a-ca12-4380-9236-81595c79741a None None] Dynamic interval looping call 'nova.service.Service.periodic_tasks' sleeping for 60.00 seconds {{(pid=112927) _run_loop /opt/stack/data/venv/lib/python3.12/site-packages/oslo_service/backend/_threading/loopingcall.py:125}}
Jun 17 20:24:33.766154 np0000181543 nova-scheduler[112934]: DEBUG oslo.service.backend._threading.loopingcall [None req-7bf70336-4518-4ed6-9731-30dd57cb393e None None] Dynamic interval looping call 'nova.service.Service.periodic_tasks' sleeping for 60.00 seconds {{(pid=112934) _run_loop /opt/stack/data/venv/lib/python3.12/site-packages/oslo_service/backend/_threading/loopingcall.py:125}}
Jun 17 20:24:50.757381 np0000181543 nova-scheduler[112909]: DEBUG oslo.service.backend._threading.loopingcall [None req-3b925d82-6bdb-4b93-935e-332d976699e5 None None] Dynamic interval looping call 'nova.service.Service.periodic_tasks' sleeping for 60.00 seconds {{(pid=112909) _run_loop /opt/stack/data/venv/lib/python3.12/site-packages/oslo_service/backend/_threading/loopingcall.py:125}}
Jun 17 20:25:01.745404 np0000181543 nova-scheduler[112918]: DEBUG oslo.service.backend._threading.loopingcall [None req-edc7ebd8-55f0-46de-9bcf-40266372b2b4 None None] Dynamic interval looping call 'nova.service.Service.periodic_tasks' sleeping for 60.00 seconds {{(pid=112918) _run_loop /opt/stack/data/venv/lib/python3.12/site-packages/oslo_service/backend/_threading/loopingcall.py:125}}
Jun 17 20:25:19.766622 np0000181543 nova-scheduler[112918]: DEBUG oslo.service.backend._threading.loopingcall [-] Fixed interval looping call 'nova.servicegroup.drivers.db.DbDriver._report_state' sleeping for 119.98 seconds {{(pid=112918) _run_loop /opt/stack/data/venv/lib/python3.12/site-packages/oslo_service/backend/_threading/loopingcall.py:125}}
Jun 17 20:25:19.767601 np0000181543 nova-scheduler[112927]: DEBUG oslo.service.backend._threading.loopingcall [-] Fixed interval looping call 'nova.servicegroup.drivers.db.DbDriver._report_state' sleeping for 119.99 seconds {{(pid=112927) _run_loop /opt/stack/data/venv/lib/python3.12/site-packages/oslo_service/backend/_threading/loopingcall.py:125}}
Jun 17 20:25:19.768455 np0000181543 nova-scheduler[112909]: DEBUG oslo.service.backend._threading.loopingcall [-] Fixed interval looping call 'nova.servicegroup.drivers.db.DbDriver._report_state' sleeping for 119.99 seconds {{(pid=112909) _run_loop /opt/stack/data/venv/lib/python3.12/site-packages/oslo_service/backend/_threading/loopingcall.py:125}}
Jun 17 20:25:19.773781 np0000181543 nova-scheduler[112934]: DEBUG oslo.service.backend._threading.loopingcall [-] Fixed interval looping call 'nova.servicegroup.drivers.db.DbDriver._report_state' sleeping for 120.00 seconds {{(pid=112934) _run_loop /opt/stack/data/venv/lib/python3.12/site-packages/oslo_service/backend/_threading/loopingcall.py:125}}
Jun 17 20:25:29.760876 np0000181543 nova-scheduler[112918]: DEBUG dbcounter [-] [112918] Writing DB stats nova_cell0:SELECT=1,nova_cell0:UPDATE=1 {{(pid=112918) stat_writer /opt/stack/data/venv/lib/python3.12/site-packages/dbcounter.py:115}}
Jun 17 20:25:29.764269 np0000181543 nova-scheduler[112927]: DEBUG dbcounter [-] [112927] Writing DB stats nova_cell0:SELECT=1,nova_cell0:UPDATE=1 {{(pid=112927) stat_writer /opt/stack/data/venv/lib/python3.12/site-packages/dbcounter.py:115}}
Jun 17 20:25:29.767405 np0000181543 nova-scheduler[112909]: DEBUG dbcounter [-] [112909] Writing DB stats nova_cell0:SELECT=1,nova_cell0:UPDATE=1 {{(pid=112909) stat_writer /opt/stack/data/venv/lib/python3.12/site-packages/dbcounter.py:115}}
Jun 17 20:25:29.771628 np0000181543 nova-scheduler[112934]: DEBUG dbcounter [-] [112934] Writing DB stats nova_cell0:SELECT=1 {{(pid=112934) stat_writer /opt/stack/data/venv/lib/python3.12/site-packages/dbcounter.py:115}}
Jun 17 20:25:32.760203 np0000181543 nova-scheduler[112927]: DEBUG oslo.service.backend._threading.loopingcall [None req-08dcc47a-ca12-4380-9236-81595c79741a None None] Dynamic interval looping call 'nova.service.Service.periodic_tasks' sleeping for 60.00 seconds {{(pid=112927) _run_loop /opt/stack/data/venv/lib/python3.12/site-packages/oslo_service/backend/_threading/loopingcall.py:125}}
Jun 17 20:25:33.767087 np0000181543 nova-scheduler[112934]: DEBUG oslo.service.backend._threading.loopingcall [None req-7bf70336-4518-4ed6-9731-30dd57cb393e None None] Dynamic interval looping call 'nova.service.Service.periodic_tasks' sleeping for 60.00 seconds {{(pid=112934) _run_loop /opt/stack/data/venv/lib/python3.12/site-packages/oslo_service/backend/_threading/loopingcall.py:125}}
Jun 17 20:25:50.758515 np0000181543 nova-scheduler[112909]: DEBUG oslo.service.backend._threading.loopingcall [None req-3b925d82-6bdb-4b93-935e-332d976699e5 None None] Dynamic interval looping call 'nova.service.Service.periodic_tasks' sleeping for 60.00 seconds {{(pid=112909) _run_loop /opt/stack/data/venv/lib/python3.12/site-packages/oslo_service/backend/_threading/loopingcall.py:125}}
Jun 17 20:26:01.746438 np0000181543 nova-scheduler[112918]: DEBUG oslo.service.backend._threading.loopingcall [None req-edc7ebd8-55f0-46de-9bcf-40266372b2b4 None None] Dynamic interval looping call 'nova.service.Service.periodic_tasks' sleeping for 60.00 seconds {{(pid=112918) _run_loop /opt/stack/data/venv/lib/python3.12/site-packages/oslo_service/backend/_threading/loopingcall.py:125}}
Jun 17 20:26:32.761133 np0000181543 nova-scheduler[112927]: DEBUG oslo.service.backend._threading.loopingcall [None req-08dcc47a-ca12-4380-9236-81595c79741a None None] Dynamic interval looping call 'nova.service.Service.periodic_tasks' sleeping for 60.00 seconds {{(pid=112927) _run_loop /opt/stack/data/venv/lib/python3.12/site-packages/oslo_service/backend/_threading/loopingcall.py:125}}
Jun 17 20:26:33.767774 np0000181543 nova-scheduler[112934]: DEBUG oslo.service.backend._threading.loopingcall [None req-7bf70336-4518-4ed6-9731-30dd57cb393e None None] Dynamic interval looping call 'nova.service.Service.periodic_tasks' sleeping for 60.00 seconds {{(pid=112934) _run_loop /opt/stack/data/venv/lib/python3.12/site-packages/oslo_service/backend/_threading/loopingcall.py:125}}
Jun 17 20:26:50.759199 np0000181543 nova-scheduler[112909]: DEBUG oslo.service.backend._threading.loopingcall [None req-3b925d82-6bdb-4b93-935e-332d976699e5 None None] Dynamic interval looping call 'nova.service.Service.periodic_tasks' sleeping for 60.00 seconds {{(pid=112909) _run_loop /opt/stack/data/venv/lib/python3.12/site-packages/oslo_service/backend/_threading/loopingcall.py:125}}
Jun 17 20:27:01.747092 np0000181543 nova-scheduler[112918]: DEBUG oslo.service.backend._threading.loopingcall [None req-edc7ebd8-55f0-46de-9bcf-40266372b2b4 None None] Dynamic interval looping call 'nova.service.Service.periodic_tasks' sleeping for 60.00 seconds {{(pid=112918) _run_loop /opt/stack/data/venv/lib/python3.12/site-packages/oslo_service/backend/_threading/loopingcall.py:125}}
Jun 17 20:27:19.761595 np0000181543 nova-scheduler[112918]: DEBUG oslo.service.backend._threading.loopingcall [-] Fixed interval looping call 'nova.servicegroup.drivers.db.DbDriver._report_state' sleeping for 119.99 seconds {{(pid=112918) _run_loop /opt/stack/data/venv/lib/python3.12/site-packages/oslo_service/backend/_threading/loopingcall.py:125}}
Jun 17 20:27:19.764052 np0000181543 nova-scheduler[112909]: DEBUG oslo.service.backend._threading.loopingcall [-] Fixed interval looping call 'nova.servicegroup.drivers.db.DbDriver._report_state' sleeping for 119.99 seconds {{(pid=112909) _run_loop /opt/stack/data/venv/lib/python3.12/site-packages/oslo_service/backend/_threading/loopingcall.py:125}}
Jun 17 20:27:19.765740 np0000181543 nova-scheduler[112927]: DEBUG oslo.service.backend._threading.loopingcall [-] Fixed interval looping call 'nova.servicegroup.drivers.db.DbDriver._report_state' sleeping for 119.99 seconds {{(pid=112927) _run_loop /opt/stack/data/venv/lib/python3.12/site-packages/oslo_service/backend/_threading/loopingcall.py:125}}
Jun 17 20:27:19.782114 np0000181543 nova-scheduler[112934]: DEBUG oslo.service.backend._threading.loopingcall [-] Fixed interval looping call 'nova.servicegroup.drivers.db.DbDriver._report_state' sleeping for 119.99 seconds {{(pid=112934) _run_loop /opt/stack/data/venv/lib/python3.12/site-packages/oslo_service/backend/_threading/loopingcall.py:125}}
Jun 17 20:27:29.777723 np0000181543 nova-scheduler[112918]: DEBUG dbcounter [-] [112918] Writing DB stats nova_cell0:SELECT=1,nova_cell0:UPDATE=1 {{(pid=112918) stat_writer /opt/stack/data/venv/lib/python3.12/site-packages/dbcounter.py:115}}
Jun 17 20:27:29.778637 np0000181543 nova-scheduler[112909]: DEBUG dbcounter [-] [112909] Writing DB stats nova_cell0:SELECT=1 {{(pid=112909) stat_writer /opt/stack/data/venv/lib/python3.12/site-packages/dbcounter.py:115}}
Jun 17 20:27:29.781877 np0000181543 nova-scheduler[112934]: DEBUG dbcounter [-] [112934] Writing DB stats nova_cell0:SELECT=1 {{(pid=112934) stat_writer /opt/stack/data/venv/lib/python3.12/site-packages/dbcounter.py:115}}
Jun 17 20:27:29.782515 np0000181543 nova-scheduler[112927]: DEBUG dbcounter [-] [112927] Writing DB stats nova_cell0:SELECT=1 {{(pid=112927) stat_writer /opt/stack/data/venv/lib/python3.12/site-packages/dbcounter.py:115}}
Jun 17 20:27:32.762067 np0000181543 nova-scheduler[112927]: DEBUG oslo.service.backend._threading.loopingcall [None req-08dcc47a-ca12-4380-9236-81595c79741a None None] Dynamic interval looping call 'nova.service.Service.periodic_tasks' sleeping for 60.00 seconds {{(pid=112927) _run_loop /opt/stack/data/venv/lib/python3.12/site-packages/oslo_service/backend/_threading/loopingcall.py:125}}
