Jul 10 01:00:38.340120 np0000184880 devstack@neutron-api.service[101565]: DEBUG neutron_lib.callbacks.manager [None req-51dbcc4c-7f10-4ff0-b7d7-3e2a57e2e3f8 None None] Subscribe: > process before_spawn 55550000, False {{(pid=101565) subscribe /opt/stack/data/venv/lib/python3.12/site-packages/neutron_lib/callbacks/manager.py:52}}
Jul 10 01:00:38.340154 np0000184880 devstack@neutron-api.service[101566]: DEBUG neutron.api.extensions [None req-a694579e-3f7b-416b-add4-4a9a2c32e340 None None] Loading extension file: segment.py {{(pid=101566) _load_all_extensions_from_path /opt/stack/neutron/neutron/api/extensions.py:449}}
Jul 10 01:00:38.340154 np0000184880 devstack@neutron-api.service[101566]: DEBUG neutron.api.extensions [None req-a694579e-3f7b-416b-add4-4a9a2c32e340 None None] Ext name="Segment" alias="segment" description="Segments extension." updated="2016-02-24T17:00:00-00:00" {{(pid=101566) _check_extension /opt/stack/neutron/neutron/api/extensions.py:415}}
Jul 10 01:00:38.340210 np0000184880 devstack@neutron-api.service[101565]: DEBUG neutron_lib.callbacks.manager [None req-51dbcc4c-7f10-4ff0-b7d7-3e2a57e2e3f8 None None] Subscribe: > process after_init 55550000, True {{(pid=101565) subscribe /opt/stack/data/venv/lib/python3.12/site-packages/neutron_lib/callbacks/manager.py:52}}
Jul 10 01:00:38.340238 np0000184880 devstack@neutron-api.service[101566]: INFO neutron.api.extensions [None req-a694579e-3f7b-416b-add4-4a9a2c32e340 None None] Extension segment not supported by any of loaded plugins
Jul 10 01:00:38.340344 np0000184880 devstack@neutron-api.service[101566]: DEBUG neutron.api.extensions [None req-a694579e-3f7b-416b-add4-4a9a2c32e340 None None] Loading extension file: segments_peer_subnet_host_routes.py {{(pid=101566) _load_all_extensions_from_path /opt/stack/neutron/neutron/api/extensions.py:449}}
Jul 10 01:00:38.340610 np0000184880 devstack@neutron-api.service[101565]: DEBUG neutron_lib.callbacks.manager [None req-51dbcc4c-7f10-4ff0-b7d7-3e2a57e2e3f8 None None] Subscribe: > segment after_create 55550000, False {{(pid=101565) subscribe /opt/stack/data/venv/lib/python3.12/site-packages/neutron_lib/callbacks/manager.py:52}}
Jul 10 01:00:38.340784 np0000184880 devstack@neutron-api.service[101566]: DEBUG neutron.api.extensions [None req-a694579e-3f7b-416b-add4-4a9a2c32e340 None None] Ext name="Segments peer-subnet host routes" alias="segments-peer-subnet-host-routes" description="Add host routes to subnets on a routed network (segments)" updated="2018-06-12T10:00:00-00:00" {{(pid=101566) _check_extension /opt/stack/neutron/neutron/api/extensions.py:415}}
Jul 10 01:00:38.340899 np0000184880 devstack@neutron-api.service[101565]: DEBUG neutron_lib.callbacks.manager [None req-51dbcc4c-7f10-4ff0-b7d7-3e2a57e2e3f8 None None] Subscribe: > segment after_create 55550000, False {{(pid=101565) subscribe /opt/stack/data/venv/lib/python3.12/site-packages/neutron_lib/callbacks/manager.py:52}}
Jul 10 01:00:38.340899 np0000184880 devstack@neutron-api.service[101565]: DEBUG neutron_lib.callbacks.manager [None req-51dbcc4c-7f10-4ff0-b7d7-3e2a57e2e3f8 None None] Subscribe: > segment after_delete 55550000, False {{(pid=101565) subscribe /opt/stack/data/venv/lib/python3.12/site-packages/neutron_lib/callbacks/manager.py:52}}
Jul 10 01:00:38.341066 np0000184880 devstack@neutron-api.service[101566]: INFO neutron.api.extensions [None req-a694579e-3f7b-416b-add4-4a9a2c32e340 None None] Extension segments-peer-subnet-host-routes not supported by any of loaded plugins
Jul 10 01:00:38.341180 np0000184880 devstack@neutron-api.service[101565]: DEBUG neutron_lib.callbacks.manager [None req-51dbcc4c-7f10-4ff0-b7d7-3e2a57e2e3f8 None None] Subscribe: > allowed_address_pair before_create 55550000, False {{(pid=101565) subscribe /opt/stack/data/venv/lib/python3.12/site-packages/neutron_lib/callbacks/manager.py:52}}
Jul 10 01:00:38.341245 np0000184880 devstack@neutron-api.service[101566]: DEBUG neutron.api.extensions [None req-a694579e-3f7b-416b-add4-4a9a2c32e340 None None] Loading extension file: servicetype.py {{(pid=101566) _load_all_extensions_from_path /opt/stack/neutron/neutron/api/extensions.py:449}}
Jul 10 01:00:38.341317 np0000184880 devstack@neutron-api.service[101565]: DEBUG neutron_lib.callbacks.manager [None req-51dbcc4c-7f10-4ff0-b7d7-3e2a57e2e3f8 None None] Subscribe: > security_group precommit_create 55550000, False {{(pid=101565) subscribe /opt/stack/data/venv/lib/python3.12/site-packages/neutron_lib/callbacks/manager.py:52}}
Jul 10 01:00:38.341317 np0000184880 devstack@neutron-api.service[101565]: DEBUG neutron_lib.callbacks.manager [None req-51dbcc4c-7f10-4ff0-b7d7-3e2a57e2e3f8 None None] Subscribe: > security_group after_update 55550000, False {{(pid=101565) subscribe /opt/stack/data/venv/lib/python3.12/site-packages/neutron_lib/callbacks/manager.py:52}}
Jul 10 01:00:38.341468 np0000184880 devstack@neutron-api.service[101566]: DEBUG neutron.api.extensions [None req-a694579e-3f7b-416b-add4-4a9a2c32e340 None None] Ext name="Neutron Service Type Management" alias="service-type" description="API for retrieving service providers for Neutron advanced services" updated="2013-01-20T00:00:00-00:00" {{(pid=101566) _check_extension /opt/stack/neutron/neutron/api/extensions.py:415}}
Jul 10 01:00:38.341539 np0000184880 devstack@neutron-api.service[101565]: DEBUG neutron_lib.callbacks.manager [None req-51dbcc4c-7f10-4ff0-b7d7-3e2a57e2e3f8 None None] Subscribe: > security_group after_create 55550000, False {{(pid=101565) subscribe /opt/stack/data/venv/lib/python3.12/site-packages/neutron_lib/callbacks/manager.py:52}}
Jul 10 01:00:38.341539 np0000184880 devstack@neutron-api.service[101565]: DEBUG neutron_lib.callbacks.manager [None req-51dbcc4c-7f10-4ff0-b7d7-3e2a57e2e3f8 None None] Subscribe: > security_group precommit_delete 55550000, False {{(pid=101565) subscribe /opt/stack/data/venv/lib/python3.12/site-packages/neutron_lib/callbacks/manager.py:52}}
Jul 10 01:00:38.341620 np0000184880 devstack@neutron-api.service[101566]: INFO neutron.api.extensions [None req-a694579e-3f7b-416b-add4-4a9a2c32e340 None None] Loaded extension: service-type
Jul 10 01:00:38.341620 np0000184880 devstack@neutron-api.service[101566]: DEBUG neutron.api.extensions [None req-a694579e-3f7b-416b-add4-4a9a2c32e340 None None] Loading extension file: sorting.py {{(pid=101566) _load_all_extensions_from_path /opt/stack/neutron/neutron/api/extensions.py:449}}
Jul 10 01:00:38.341620 np0000184880 devstack@neutron-api.service[101566]: DEBUG neutron.api.extensions [None req-a694579e-3f7b-416b-add4-4a9a2c32e340 None None] Ext name="Sorting support" alias="sorting" description="Extension that indicates that sorting is enabled." updated="2016-06-12T00:00:00-00:00" {{(pid=101566) _check_extension /opt/stack/neutron/neutron/api/extensions.py:415}}
Jul 10 01:00:38.341726 np0000184880 devstack@neutron-api.service[101565]: DEBUG neutron_lib.callbacks.manager [None req-51dbcc4c-7f10-4ff0-b7d7-3e2a57e2e3f8 None None] Subscribe: > security_group after_delete 55550000, False {{(pid=101565) subscribe /opt/stack/data/venv/lib/python3.12/site-packages/neutron_lib/callbacks/manager.py:52}}
Jul 10 01:00:38.341788 np0000184880 devstack@neutron-api.service[101566]: INFO neutron.api.extensions [None req-a694579e-3f7b-416b-add4-4a9a2c32e340 None None] Loaded extension: sorting
Jul 10 01:00:38.341788 np0000184880 devstack@neutron-api.service[101566]: DEBUG neutron.api.extensions [None req-a694579e-3f7b-416b-add4-4a9a2c32e340 None None] Loading extension file: standard_attr_segment.py {{(pid=101566) _load_all_extensions_from_path /opt/stack/neutron/neutron/api/extensions.py:449}}
Jul 10 01:00:38.341841 np0000184880 devstack@neutron-api.service[101565]: DEBUG neutron_lib.callbacks.manager [None req-51dbcc4c-7f10-4ff0-b7d7-3e2a57e2e3f8 None None] Subscribe: > security_group_rule precommit_create 55550000, False {{(pid=101565) subscribe /opt/stack/data/venv/lib/python3.12/site-packages/neutron_lib/callbacks/manager.py:52}}
Jul 10 01:00:38.341841 np0000184880 devstack@neutron-api.service[101565]: DEBUG neutron_lib.callbacks.manager [None req-51dbcc4c-7f10-4ff0-b7d7-3e2a57e2e3f8 None None] Subscribe: > security_group_rule after_create 55550000, False {{(pid=101565) subscribe /opt/stack/data/venv/lib/python3.12/site-packages/neutron_lib/callbacks/manager.py:52}}
Jul 10 01:00:38.341953 np0000184880 devstack@neutron-api.service[101566]: DEBUG neutron.api.extensions [None req-a694579e-3f7b-416b-add4-4a9a2c32e340 None None] Ext name="Standard Attribute Segment Extension" alias="standard-attr-segment" description="Add standard attributes to Segment resource" updated="2018-04-09T10:00:00-00:00" {{(pid=101566) _check_extension /opt/stack/neutron/neutron/api/extensions.py:415}}
Jul 10 01:00:38.342226 np0000184880 devstack@neutron-api.service[101565]: DEBUG neutron_lib.callbacks.manager [None req-51dbcc4c-7f10-4ff0-b7d7-3e2a57e2e3f8 None None] Subscribe: > security_group_rule before_delete 55550000, False {{(pid=101565) subscribe /opt/stack/data/venv/lib/python3.12/site-packages/neutron_lib/callbacks/manager.py:52}}
Jul 10 01:00:38.342226 np0000184880 devstack@neutron-api.service[101565]: DEBUG neutron_lib.callbacks.manager [None req-51dbcc4c-7f10-4ff0-b7d7-3e2a57e2e3f8 None None] Subscribe: > address_group after_create 55550000, False {{(pid=101565) subscribe /opt/stack/data/venv/lib/python3.12/site-packages/neutron_lib/callbacks/manager.py:52}}
Jul 10 01:00:38.342546 np0000184880 devstack@neutron-api.service[101566]: INFO neutron.api.extensions [None req-a694579e-3f7b-416b-add4-4a9a2c32e340 None None] Extension standard-attr-segment not supported by any of loaded plugins
Jul 10 01:00:38.342604 np0000184880 devstack@neutron-api.service[101565]: DEBUG neutron_lib.callbacks.manager [None req-51dbcc4c-7f10-4ff0-b7d7-3e2a57e2e3f8 None None] Subscribe: > address_group after_update 55550000, False {{(pid=101565) subscribe /opt/stack/data/venv/lib/python3.12/site-packages/neutron_lib/callbacks/manager.py:52}}
Jul 10 01:00:38.342656 np0000184880 devstack@neutron-api.service[101566]: DEBUG neutron.api.extensions [None req-a694579e-3f7b-416b-add4-4a9a2c32e340 None None] Loading extension file: standardattrdescription.py {{(pid=101566) _load_all_extensions_from_path /opt/stack/neutron/neutron/api/extensions.py:449}}
Jul 10 01:00:38.342704 np0000184880 devstack@neutron-api.service[101565]: DEBUG neutron_lib.callbacks.manager [None req-51dbcc4c-7f10-4ff0-b7d7-3e2a57e2e3f8 None None] Subscribe: > address_group after_delete 55550000, False {{(pid=101565) subscribe /opt/stack/data/venv/lib/python3.12/site-packages/neutron_lib/callbacks/manager.py:52}}
Jul 10 01:00:38.342755 np0000184880 devstack@neutron-api.service[101566]: DEBUG neutron.api.extensions [None req-a694579e-3f7b-416b-add4-4a9a2c32e340 None None] Ext name="standard-attr-description" alias="standard-attr-description" description="Extension to add descriptions to standard attributes" updated="2016-02-10T10:00:00-00:00" {{(pid=101566) _check_extension /opt/stack/neutron/neutron/api/extensions.py:415}}
Jul 10 01:00:38.342806 np0000184880 devstack@neutron-api.service[101565]: DEBUG neutron_lib.callbacks.manager [None req-51dbcc4c-7f10-4ff0-b7d7-3e2a57e2e3f8 None None] Subscribe: > qos_plugin after_init 55550000, False {{(pid=101565) subscribe /opt/stack/data/venv/lib/python3.12/site-packages/neutron_lib/callbacks/manager.py:52}}
Jul 10 01:00:38.342857 np0000184880 devstack@neutron-api.service[101566]: INFO neutron.api.extensions [None req-a694579e-3f7b-416b-add4-4a9a2c32e340 None None] Loaded extension: standard-attr-description
Jul 10 01:00:38.342912 np0000184880 devstack@neutron-api.service[101566]: DEBUG neutron.api.extensions [None req-a694579e-3f7b-416b-add4-4a9a2c32e340 None None] Loading extension file: stateful_security_group.py {{(pid=101566) _load_all_extensions_from_path /opt/stack/neutron/neutron/api/extensions.py:449}}
Jul 10 01:00:38.342964 np0000184880 devstack@neutron-api.service[101565]: DEBUG neutron_lib.callbacks.manager [None req-51dbcc4c-7f10-4ff0-b7d7-3e2a57e2e3f8 None None] Subscribe: > trunk_plugin after_init 55550000, False {{(pid=101565) subscribe /opt/stack/data/venv/lib/python3.12/site-packages/neutron_lib/callbacks/manager.py:52}}
Jul 10 01:00:38.343103 np0000184880 devstack@neutron-api.service[101566]: DEBUG neutron.api.extensions [None req-a694579e-3f7b-416b-add4-4a9a2c32e340 None None] Ext name="Stateful security group" alias="stateful-security-group" description="Indicates if the security group is stateful or not" updated="2019-11-26T09:00:00-00:00" {{(pid=101566) _check_extension /opt/stack/neutron/neutron/api/extensions.py:415}}
Jul 10 01:00:38.343160 np0000184880 devstack@neutron-api.service[101565]: DEBUG neutron_lib.callbacks.manager [None req-51dbcc4c-7f10-4ff0-b7d7-3e2a57e2e3f8 None None] Subscribe: > logging-plugin after_init 55550000, False {{(pid=101565) subscribe /opt/stack/data/venv/lib/python3.12/site-packages/neutron_lib/callbacks/manager.py:52}}
Jul 10 01:00:38.343272 np0000184880 devstack@neutron-api.service[101566]: INFO neutron.api.extensions [None req-a694579e-3f7b-416b-add4-4a9a2c32e340 None None] Loaded extension: stateful-security-group
Jul 10 01:00:38.343538 np0000184880 devstack@neutron-api.service[101566]: DEBUG neutron.api.extensions [None req-a694579e-3f7b-416b-add4-4a9a2c32e340 None None] Loading extension file: stdattrs_common.py {{(pid=101566) _load_all_extensions_from_path /opt/stack/neutron/neutron/api/extensions.py:449}}
Jul 10 01:00:38.343751 np0000184880 devstack@neutron-api.service[101566]: WARNING neutron.api.extensions [None req-a694579e-3f7b-416b-add4-4a9a2c32e340 None None] Did not find expected name "Stdattrs_common" in /opt/stack/neutron/neutron/extensions/stdattrs_common.py
Jul 10 01:00:38.343836 np0000184880 devstack@neutron-api.service[101566]: DEBUG neutron.api.extensions [None req-a694579e-3f7b-416b-add4-4a9a2c32e340 None None] Loading extension file: subnet_dns_publish_fixed_ip.py {{(pid=101566) _load_all_extensions_from_path /opt/stack/neutron/neutron/api/extensions.py:449}}
Jul 10 01:00:38.344018 np0000184880 devstack@neutron-api.service[101565]: INFO neutron.services.logapi.drivers.ovn.driver [None req-51dbcc4c-7f10-4ff0-b7d7-3e2a57e2e3f8 None None] OVN logging driver registered
Jul 10 01:00:38.344050 np0000184880 devstack@neutron-api.service[101566]: DEBUG neutron.api.extensions [None req-a694579e-3f7b-416b-add4-4a9a2c32e340 None None] Ext name="Subnet DNS publish fixed IP" alias="subnet-dns-publish-fixed-ip" description="Support choosing to publish DNS records for IPs from a subnet" updated="2019-05-24T10:00:00-00:00" {{(pid=101566) _check_extension /opt/stack/neutron/neutron/api/extensions.py:415}}
Jul 10 01:00:38.344128 np0000184880 devstack@neutron-api.service[101565]: DEBUG neutron_lib.callbacks.manager [None req-51dbcc4c-7f10-4ff0-b7d7-3e2a57e2e3f8 None None] Subscribe: ._register_pvlan_driver at 0x7d0061732de0> pvlan_plugin before_spawn 55550000, False {{(pid=101565) subscribe /opt/stack/data/venv/lib/python3.12/site-packages/neutron_lib/callbacks/manager.py:52}}
Jul 10 01:00:38.344222 np0000184880 devstack@neutron-api.service[101566]: INFO neutron.api.extensions [None req-a694579e-3f7b-416b-add4-4a9a2c32e340 None None] Loaded extension: subnet-dns-publish-fixed-ip
Jul 10 01:00:38.344254 np0000184880 devstack@neutron-api.service[101565]: DEBUG neutron_lib.callbacks.manager [None req-51dbcc4c-7f10-4ff0-b7d7-3e2a57e2e3f8 None None] Subscribe: process after_init 55550000, False {{(pid=101565) subscribe /opt/stack/data/venv/lib/python3.12/site-packages/neutron_lib/callbacks/manager.py:52}}
Jul 10 01:00:38.344333 np0000184880 devstack@neutron-api.service[101566]: DEBUG neutron.api.extensions [None req-a694579e-3f7b-416b-add4-4a9a2c32e340 None None] Loading extension file: subnet_external_network.py {{(pid=101566) _load_all_extensions_from_path /opt/stack/neutron/neutron/api/extensions.py:449}}
Jul 10 01:00:38.344572 np0000184880 devstack@neutron-api.service[101566]: DEBUG neutron.api.extensions [None req-a694579e-3f7b-416b-add4-4a9a2c32e340 None None] Ext name="Subnet belongs to an external network" alias="subnet-external-network" description="Informs if the subnet belongs to an external network" updated="2024-02-05T18:00:00-00:00" {{(pid=101566) _check_extension /opt/stack/neutron/neutron/api/extensions.py:415}}
Jul 10 01:00:38.344734 np0000184880 devstack@neutron-api.service[101566]: INFO neutron.api.extensions [None req-a694579e-3f7b-416b-add4-4a9a2c32e340 None None] Loaded extension: subnet-external-network
Jul 10 01:00:38.344823 np0000184880 devstack@neutron-api.service[101566]: DEBUG neutron.api.extensions [None req-a694579e-3f7b-416b-add4-4a9a2c32e340 None None] Loading extension file: subnet_onboard.py {{(pid=101566) _load_all_extensions_from_path /opt/stack/neutron/neutron/api/extensions.py:449}}
Jul 10 01:00:38.345072 np0000184880 devstack@neutron-api.service[101566]: DEBUG neutron.api.extensions [None req-a694579e-3f7b-416b-add4-4a9a2c32e340 None None] Ext name="Subnet Onboard" alias="subnet_onboard" description="Provides support for onboarding subnets into subnet pools" updated="2018-12-18T09:00:00-00:00" {{(pid=101566) _check_extension /opt/stack/neutron/neutron/api/extensions.py:415}}
Jul 10 01:00:38.345232 np0000184880 devstack@neutron-api.service[101566]: INFO neutron.api.extensions [None req-a694579e-3f7b-416b-add4-4a9a2c32e340 None None] Loaded extension: subnet_onboard
Jul 10 01:00:38.345336 np0000184880 devstack@neutron-api.service[101566]: DEBUG neutron.api.extensions [None req-a694579e-3f7b-416b-add4-4a9a2c32e340 None None] Loading extension file: subnet_segmentid_writable.py {{(pid=101566) _load_all_extensions_from_path /opt/stack/neutron/neutron/api/extensions.py:449}}
Jul 10 01:00:38.345581 np0000184880 devstack@neutron-api.service[101566]: DEBUG neutron.api.extensions [None req-a694579e-3f7b-416b-add4-4a9a2c32e340 None None] Ext name="Subnet SegmentID (writable)" alias="subnet-segmentid-writable" description="Provides a writable segment_id attribute for a subnet resource." updated="2018-03-12T00:00:00-00:00" {{(pid=101566) _check_extension /opt/stack/neutron/neutron/api/extensions.py:415}}
Jul 10 01:00:38.345794 np0000184880 devstack@neutron-api.service[101566]: INFO neutron.api.extensions [None req-a694579e-3f7b-416b-add4-4a9a2c32e340 None None] Extension subnet-segmentid-writable not supported by any of loaded plugins
Jul 10 01:00:38.345887 np0000184880 devstack@neutron-api.service[101566]: DEBUG neutron.api.extensions [None req-a694579e-3f7b-416b-add4-4a9a2c32e340 None None] Loading extension file: subnet_service_types.py {{(pid=101566) _load_all_extensions_from_path /opt/stack/neutron/neutron/api/extensions.py:449}}
Jul 10 01:00:38.346110 np0000184880 devstack@neutron-api.service[101566]: DEBUG neutron.api.extensions [None req-a694579e-3f7b-416b-add4-4a9a2c32e340 None None] Ext name="Subnet service types" alias="subnet-service-types" description="Provides ability to set the subnet service_types field" updated="2016-03-15T18:00:00-00:00" {{(pid=101566) _check_extension /opt/stack/neutron/neutron/api/extensions.py:415}}
Jul 10 01:00:38.346277 np0000184880 devstack@neutron-api.service[101566]: INFO neutron.api.extensions [None req-a694579e-3f7b-416b-add4-4a9a2c32e340 None None] Loaded extension: subnet-service-types
Jul 10 01:00:38.346383 np0000184880 devstack@neutron-api.service[101566]: DEBUG neutron.api.extensions [None req-a694579e-3f7b-416b-add4-4a9a2c32e340 None None] Loading extension file: subnetallocation.py {{(pid=101566) _load_all_extensions_from_path /opt/stack/neutron/neutron/api/extensions.py:449}}
Jul 10 01:00:38.346628 np0000184880 devstack@neutron-api.service[101566]: DEBUG neutron.api.extensions [None req-a694579e-3f7b-416b-add4-4a9a2c32e340 None None] Ext name="Subnet Allocation" alias="subnet_allocation" description="Enables allocation of subnets from a subnet pool" updated="2015-03-30T10:00:00-00:00" {{(pid=101566) _check_extension /opt/stack/neutron/neutron/api/extensions.py:415}}
Jul 10 01:00:38.346795 np0000184880 devstack@neutron-api.service[101566]: INFO neutron.api.extensions [None req-a694579e-3f7b-416b-add4-4a9a2c32e340 None None] Loaded extension: subnet_allocation
Jul 10 01:00:38.346884 np0000184880 devstack@neutron-api.service[101566]: DEBUG neutron.api.extensions [None req-a694579e-3f7b-416b-add4-4a9a2c32e340 None None] Loading extension file: subnetpool_prefix_ops.py {{(pid=101566) _load_all_extensions_from_path /opt/stack/neutron/neutron/api/extensions.py:449}}
Jul 10 01:00:38.347014 np0000184880 devstack@neutron-api.service[101565]: DEBUG neutron.plugins.ml2.plugin [None req-51dbcc4c-7f10-4ff0-b7d7-3e2a57e2e3f8 None None] neutron.plugins.ml2.plugin.Ml2Plugin method _start_rpc_notifiers called with arguments () {} {{(pid=101565) wrapper /opt/stack/data/venv/lib/python3.12/site-packages/oslo_log/helpers.py:77}}
Jul 10 01:00:38.347134 np0000184880 devstack@neutron-api.service[101566]: DEBUG neutron.api.extensions [None req-a694579e-3f7b-416b-add4-4a9a2c32e340 None None] Ext name="Subnet Pool Prefix Operations" alias="subnetpool-prefix-ops" description="Provides support for adjusting the prefix list of subnet pools" updated="2019-02-08T10:00:00-00:00" {{(pid=101566) _check_extension /opt/stack/neutron/neutron/api/extensions.py:415}}
Jul 10 01:00:38.347288 np0000184880 devstack@neutron-api.service[101565]: DEBUG neutron_lib.callbacks.manager [None req-51dbcc4c-7f10-4ff0-b7d7-3e2a57e2e3f8 None None] Subscribe: > port after_create 55550000, False {{(pid=101565) subscribe /opt/stack/data/venv/lib/python3.12/site-packages/neutron_lib/callbacks/manager.py:52}}
Jul 10 01:00:38.347337 np0000184880 devstack@neutron-api.service[101566]: INFO neutron.api.extensions [None req-a694579e-3f7b-416b-add4-4a9a2c32e340 None None] Loaded extension: subnetpool-prefix-ops
Jul 10 01:00:38.347402 np0000184880 devstack@neutron-api.service[101566]: DEBUG neutron.api.extensions [None req-a694579e-3f7b-416b-add4-4a9a2c32e340 None None] Loading extension file: tag_creation.py {{(pid=101566) _load_all_extensions_from_path /opt/stack/neutron/neutron/api/extensions.py:449}}
Jul 10 01:00:38.347434 np0000184880 devstack@neutron-api.service[101565]: DEBUG neutron_lib.callbacks.manager [None req-51dbcc4c-7f10-4ff0-b7d7-3e2a57e2e3f8 None None] Subscribe: > port after_update 55550000, False {{(pid=101565) subscribe /opt/stack/data/venv/lib/python3.12/site-packages/neutron_lib/callbacks/manager.py:52}}
Jul 10 01:00:38.347525 np0000184880 devstack@neutron-api.service[101565]: DEBUG neutron_lib.callbacks.manager [None req-51dbcc4c-7f10-4ff0-b7d7-3e2a57e2e3f8 None None] Subscribe: > port after_delete 55550000, False {{(pid=101565) subscribe /opt/stack/data/venv/lib/python3.12/site-packages/neutron_lib/callbacks/manager.py:52}}
Jul 10 01:00:38.347624 np0000184880 devstack@neutron-api.service[101566]: DEBUG neutron.api.extensions [None req-a694579e-3f7b-416b-add4-4a9a2c32e340 None None] Ext name="Tag creation extension" alias="tag-creation" description="Allow to create multiple tags for a resource" updated="2024-23-07T10:00:00-00:00" {{(pid=101566) _check_extension /opt/stack/neutron/neutron/api/extensions.py:415}}
Jul 10 01:00:38.347691 np0000184880 devstack@neutron-api.service[101565]: DEBUG neutron_lib.callbacks.manager [None req-51dbcc4c-7f10-4ff0-b7d7-3e2a57e2e3f8 None None] Subscribe: > subnet after_create 55550000, False {{(pid=101565) subscribe /opt/stack/data/venv/lib/python3.12/site-packages/neutron_lib/callbacks/manager.py:52}}
Jul 10 01:00:38.347789 np0000184880 devstack@neutron-api.service[101566]: INFO neutron.api.extensions [None req-a694579e-3f7b-416b-add4-4a9a2c32e340 None None] Loaded extension: tag-creation
Jul 10 01:00:38.347847 np0000184880 devstack@neutron-api.service[101565]: DEBUG neutron_lib.callbacks.manager [None req-51dbcc4c-7f10-4ff0-b7d7-3e2a57e2e3f8 None None] Subscribe: > subnet after_update 55550000, False {{(pid=101565) subscribe /opt/stack/data/venv/lib/python3.12/site-packages/neutron_lib/callbacks/manager.py:52}}
Jul 10 01:00:38.347904 np0000184880 devstack@neutron-api.service[101566]: DEBUG neutron.api.extensions [None req-a694579e-3f7b-416b-add4-4a9a2c32e340 None None] Loading extension file: tag_ports_during_bulk_creation.py {{(pid=101566) _load_all_extensions_from_path /opt/stack/neutron/neutron/api/extensions.py:449}}
Jul 10 01:00:38.347957 np0000184880 devstack@neutron-api.service[101565]: DEBUG neutron_lib.callbacks.manager [None req-51dbcc4c-7f10-4ff0-b7d7-3e2a57e2e3f8 None None] Subscribe: > subnet after_delete 55550000, False {{(pid=101565) subscribe /opt/stack/data/venv/lib/python3.12/site-packages/neutron_lib/callbacks/manager.py:52}}
Jul 10 01:00:38.348097 np0000184880 devstack@neutron-api.service[101566]: DEBUG neutron.api.extensions [None req-a694579e-3f7b-416b-add4-4a9a2c32e340 None None] Ext name="Tag Ports During Bulk Creation" alias="tag-ports-during-bulk-creation" description="Allow to tag ports during bulk creation" updated="2019-12-29T19:00:00-00:00" {{(pid=101566) _check_extension /opt/stack/neutron/neutron/api/extensions.py:415}}
Jul 10 01:00:38.348130 np0000184880 devstack@neutron-api.service[101565]: DEBUG neutron_lib.callbacks.manager [None req-51dbcc4c-7f10-4ff0-b7d7-3e2a57e2e3f8 None None] Subscribe: > network after_create 55550000, False {{(pid=101565) subscribe /opt/stack/data/venv/lib/python3.12/site-packages/neutron_lib/callbacks/manager.py:52}}
Jul 10 01:00:38.348262 np0000184880 devstack@neutron-api.service[101566]: INFO neutron.api.extensions [None req-a694579e-3f7b-416b-add4-4a9a2c32e340 None None] Extension tag-ports-during-bulk-creation not supported by any of loaded plugins
Jul 10 01:00:38.348295 np0000184880 devstack@neutron-api.service[101565]: DEBUG neutron_lib.callbacks.manager [None req-51dbcc4c-7f10-4ff0-b7d7-3e2a57e2e3f8 None None] Subscribe: > network after_update 55550000, False {{(pid=101565) subscribe /opt/stack/data/venv/lib/python3.12/site-packages/neutron_lib/callbacks/manager.py:52}}
Jul 10 01:00:38.348373 np0000184880 devstack@neutron-api.service[101566]: DEBUG neutron.api.extensions [None req-a694579e-3f7b-416b-add4-4a9a2c32e340 None None] Loading extension file: tagging.py {{(pid=101566) _load_all_extensions_from_path /opt/stack/neutron/neutron/api/extensions.py:449}}
Jul 10 01:00:38.348406 np0000184880 devstack@neutron-api.service[101565]: DEBUG neutron_lib.callbacks.manager [None req-51dbcc4c-7f10-4ff0-b7d7-3e2a57e2e3f8 None None] Subscribe: > network after_delete 55550000, False {{(pid=101565) subscribe /opt/stack/data/venv/lib/python3.12/site-packages/neutron_lib/callbacks/manager.py:52}}
Jul 10 01:00:38.349206 np0000184880 devstack@neutron-api.service[101565]: DEBUG neutron_lib.callbacks.manager [None req-51dbcc4c-7f10-4ff0-b7d7-3e2a57e2e3f8 None None] Subscribe: > security_group after_create 55550000, False {{(pid=101565) subscribe /opt/stack/data/venv/lib/python3.12/site-packages/neutron_lib/callbacks/manager.py:52}}
Jul 10 01:00:38.349286 np0000184880 devstack@neutron-api.service[101566]: DEBUG neutron.api.extensions [None req-a694579e-3f7b-416b-add4-4a9a2c32e340 None None] Ext name="Tag support for resources with standard attribute: port, subnet, subnetpool, network, security_group, router, floatingip, policy, trunk, network_segment_range" alias="standard-attr-tag" description="Enables to set tag on resources with standard attribute." updated="2017-01-01T00:00:00-00:00" {{(pid=101566) _check_extension /opt/stack/neutron/neutron/api/extensions.py:415}}
Jul 10 01:00:38.349426 np0000184880 devstack@neutron-api.service[101565]: DEBUG neutron_lib.callbacks.manager [None req-51dbcc4c-7f10-4ff0-b7d7-3e2a57e2e3f8 None None] Subscribe: > security_group after_update 55550000, False {{(pid=101565) subscribe /opt/stack/data/venv/lib/python3.12/site-packages/neutron_lib/callbacks/manager.py:52}}
Jul 10 01:00:38.349492 np0000184880 devstack@neutron-api.service[101566]: INFO neutron.api.extensions [None req-a694579e-3f7b-416b-add4-4a9a2c32e340 None None] Loaded extension: standard-attr-tag
Jul 10 01:00:38.349538 np0000184880 devstack@neutron-api.service[101565]: DEBUG neutron_lib.callbacks.manager [None req-51dbcc4c-7f10-4ff0-b7d7-3e2a57e2e3f8 None None] Subscribe: > security_group after_delete 55550000, False {{(pid=101565) subscribe /opt/stack/data/venv/lib/python3.12/site-packages/neutron_lib/callbacks/manager.py:52}}
Jul 10 01:00:38.349586 np0000184880 devstack@neutron-api.service[101566]: DEBUG neutron.api.extensions [None req-a694579e-3f7b-416b-add4-4a9a2c32e340 None None] Loading extension file: timestamp.py {{(pid=101566) _load_all_extensions_from_path /opt/stack/neutron/neutron/api/extensions.py:449}}
Jul 10 01:00:38.349682 np0000184880 devstack@neutron-api.service[101565]: DEBUG neutron_lib.callbacks.manager [None req-51dbcc4c-7f10-4ff0-b7d7-3e2a57e2e3f8 None None] Subscribe: > security_group_rule after_create 55550000, False {{(pid=101565) subscribe /opt/stack/data/venv/lib/python3.12/site-packages/neutron_lib/callbacks/manager.py:52}}
Jul 10 01:00:38.349799 np0000184880 devstack@neutron-api.service[101565]: DEBUG neutron_lib.callbacks.manager [None req-51dbcc4c-7f10-4ff0-b7d7-3e2a57e2e3f8 None None] Subscribe: > security_group_rule after_update 55550000, False {{(pid=101565) subscribe /opt/stack/data/venv/lib/python3.12/site-packages/neutron_lib/callbacks/manager.py:52}}
Jul 10 01:00:38.349837 np0000184880 devstack@neutron-api.service[101566]: DEBUG neutron.api.extensions [None req-a694579e-3f7b-416b-add4-4a9a2c32e340 None None] Ext name="Resource timestamps" alias="standard-attr-timestamp" description="Adds created_at and updated_at fields to all Neutron resources that have Neutron standard attributes." updated="2016-09-12T10:00:00-00:00" {{(pid=101566) _check_extension /opt/stack/neutron/neutron/api/extensions.py:415}}
Jul 10 01:00:38.349899 np0000184880 devstack@neutron-api.service[101565]: DEBUG neutron_lib.callbacks.manager [None req-51dbcc4c-7f10-4ff0-b7d7-3e2a57e2e3f8 None None] Subscribe: > security_group_rule after_delete 55550000, False {{(pid=101565) subscribe /opt/stack/data/venv/lib/python3.12/site-packages/neutron_lib/callbacks/manager.py:52}}
Jul 10 01:00:38.349999 np0000184880 devstack@neutron-api.service[101565]: DEBUG neutron_lib.callbacks.manager [None req-51dbcc4c-7f10-4ff0-b7d7-3e2a57e2e3f8 None None] Subscribe: > address_group after_create 55550000, False {{(pid=101565) subscribe /opt/stack/data/venv/lib/python3.12/site-packages/neutron_lib/callbacks/manager.py:52}}
Jul 10 01:00:38.350032 np0000184880 devstack@neutron-api.service[101566]: INFO neutron.api.extensions [None req-a694579e-3f7b-416b-add4-4a9a2c32e340 None None] Loaded extension: standard-attr-timestamp
Jul 10 01:00:38.350104 np0000184880 devstack@neutron-api.service[101566]: DEBUG neutron.api.extensions [None req-a694579e-3f7b-416b-add4-4a9a2c32e340 None None] Loading extension file: trunk.py {{(pid=101566) _load_all_extensions_from_path /opt/stack/neutron/neutron/api/extensions.py:449}}
Jul 10 01:00:38.350160 np0000184880 devstack@neutron-api.service[101565]: DEBUG neutron_lib.callbacks.manager [None req-51dbcc4c-7f10-4ff0-b7d7-3e2a57e2e3f8 None None] Subscribe: > address_group after_update 55550000, False {{(pid=101565) subscribe /opt/stack/data/venv/lib/python3.12/site-packages/neutron_lib/callbacks/manager.py:52}}
Jul 10 01:00:38.350219 np0000184880 devstack@neutron-api.service[101565]: DEBUG neutron_lib.callbacks.manager [None req-51dbcc4c-7f10-4ff0-b7d7-3e2a57e2e3f8 None None] Subscribe: > address_group after_delete 55550000, False {{(pid=101565) subscribe /opt/stack/data/venv/lib/python3.12/site-packages/neutron_lib/callbacks/manager.py:52}}
Jul 10 01:00:38.350291 np0000184880 devstack@neutron-api.service[101565]: DEBUG neutron.plugins.ml2.ovo_rpc [None req-51dbcc4c-7f10-4ff0-b7d7-3e2a57e2e3f8 None None] ML2 OVO RPC backend initialized. {{(pid=101565) __init__ /opt/stack/neutron/neutron/plugins/ml2/ovo_rpc.py:117}}
Jul 10 01:00:38.350336 np0000184880 devstack@neutron-api.service[101566]: DEBUG neutron.api.extensions [None req-a694579e-3f7b-416b-add4-4a9a2c32e340 None None] Ext name="Trunk Extension" alias="trunk" description="Provides support for trunk ports" updated="2016-01-01T10:00:00-00:00" {{(pid=101566) _check_extension /opt/stack/neutron/neutron/api/extensions.py:415}}
Jul 10 01:00:38.350519 np0000184880 devstack@neutron-api.service[101566]: INFO neutron.api.extensions [None req-a694579e-3f7b-416b-add4-4a9a2c32e340 None None] Extension trunk not supported by any of loaded plugins
Jul 10 01:00:38.350603 np0000184880 devstack@neutron-api.service[101566]: DEBUG neutron.api.extensions [None req-a694579e-3f7b-416b-add4-4a9a2c32e340 None None] Loading extension file: trunk_details.py {{(pid=101566) _load_all_extensions_from_path /opt/stack/neutron/neutron/api/extensions.py:449}}
Jul 10 01:00:38.350832 np0000184880 devstack@neutron-api.service[101566]: DEBUG neutron.api.extensions [None req-a694579e-3f7b-416b-add4-4a9a2c32e340 None None] Ext name="Trunk port details" alias="trunk-details" description="Expose trunk port details" updated="2016-01-01T10:00:00-00:00" {{(pid=101566) _check_extension /opt/stack/neutron/neutron/api/extensions.py:415}}
Jul 10 01:00:38.350992 np0000184880 devstack@neutron-api.service[101566]: INFO neutron.api.extensions [None req-a694579e-3f7b-416b-add4-4a9a2c32e340 None None] Extension trunk-details not supported by any of loaded plugins
Jul 10 01:00:38.351079 np0000184880 devstack@neutron-api.service[101566]: DEBUG neutron.api.extensions [None req-a694579e-3f7b-416b-add4-4a9a2c32e340 None None] Loading extension file: uplink_status_propagation.py {{(pid=101566) _load_all_extensions_from_path /opt/stack/neutron/neutron/api/extensions.py:449}}
Jul 10 01:00:38.351322 np0000184880 devstack@neutron-api.service[101566]: DEBUG neutron.api.extensions [None req-a694579e-3f7b-416b-add4-4a9a2c32e340 None None] Ext name="Uplink status propagation extension" alias="uplink-status-propagation" description="Provides ability to propagate port uplink status." updated="2018-05-31T18:00:00-00:00" {{(pid=101566) _check_extension /opt/stack/neutron/neutron/api/extensions.py:415}}
Jul 10 01:00:38.351402 np0000184880 devstack@neutron-api.service[101565]: INFO neutron.quota [None req-51dbcc4c-7f10-4ff0-b7d7-3e2a57e2e3f8 None None] Loaded quota_driver: .
Jul 10 01:00:38.351556 np0000184880 devstack@neutron-api.service[101565]: INFO neutron.plugins.ml2.plugin [None req-51dbcc4c-7f10-4ff0-b7d7-3e2a57e2e3f8 None None] Modular L2 Plugin initialization complete
Jul 10 01:00:38.351651 np0000184880 devstack@neutron-api.service[101566]: INFO neutron.api.extensions [None req-a694579e-3f7b-416b-add4-4a9a2c32e340 None None] Extension uplink-status-propagation not supported by any of loaded plugins
Jul 10 01:00:38.351719 np0000184880 devstack@neutron-api.service[101565]: DEBUG neutron.manager [None req-51dbcc4c-7f10-4ff0-b7d7-3e2a57e2e3f8 None None] Loading services supported by the core plugin {{(pid=101565) _load_services_from_core_plugin /opt/stack/neutron/neutron/manager.py:167}}
Jul 10 01:00:38.351755 np0000184880 devstack@neutron-api.service[101566]: DEBUG neutron.api.extensions [None req-a694579e-3f7b-416b-add4-4a9a2c32e340 None None] Loading extension file: uplink_status_propagation_updatable.py {{(pid=101566) _load_all_extensions_from_path /opt/stack/neutron/neutron/api/extensions.py:449}}
Jul 10 01:00:38.351840 np0000184880 devstack@neutron-api.service[101565]: INFO neutron.plugins.ml2.managers [None req-51dbcc4c-7f10-4ff0-b7d7-3e2a57e2e3f8 None None] Got port-security extension from driver 'port_security'
Jul 10 01:00:38.351971 np0000184880 devstack@neutron-api.service[101566]: DEBUG neutron.api.extensions [None req-a694579e-3f7b-416b-add4-4a9a2c32e340 None None] Ext name="Uplink status propagation updatable extension" alias="uplink-status-propagation-updatable" description="Provides ability to update the port uplink status." updated="2024-09-03T18:00:00-00:00" {{(pid=101566) _check_extension /opt/stack/neutron/neutron/api/extensions.py:415}}
Jul 10 01:00:38.352138 np0000184880 devstack@neutron-api.service[101566]: INFO neutron.api.extensions [None req-a694579e-3f7b-416b-add4-4a9a2c32e340 None None] Extension uplink-status-propagation-updatable not supported by any of loaded plugins
Jul 10 01:00:38.352228 np0000184880 devstack@neutron-api.service[101566]: DEBUG neutron.api.extensions [None req-a694579e-3f7b-416b-add4-4a9a2c32e340 None None] Loading extension file: vlantransparent.py {{(pid=101566) _load_all_extensions_from_path /opt/stack/neutron/neutron/api/extensions.py:449}}
Jul 10 01:00:38.352345 np0000184880 devstack@neutron-api.service[101565]: DEBUG neutron.manager [None req-51dbcc4c-7f10-4ff0-b7d7-3e2a57e2e3f8 None None] Loading service plugins: ['ovn-router', 'auto_allocate', 'tag', 'timestamp', 'network_ip_availability', 'flavors', 'revisions'] {{(pid=101565) _load_service_plugins /opt/stack/neutron/neutron/manager.py:192}}
Jul 10 01:00:38.352451 np0000184880 devstack@neutron-api.service[101565]: INFO neutron.manager [None req-51dbcc4c-7f10-4ff0-b7d7-3e2a57e2e3f8 None None] Loading Plugin: ovn-router
Jul 10 01:00:38.352518 np0000184880 devstack@neutron-api.service[101566]: DEBUG neutron.api.extensions [None req-a694579e-3f7b-416b-add4-4a9a2c32e340 None None] Ext name="Vlantransparent" alias="vlan-transparent" description="Provides Vlan Transparent Networks" updated="2015-03-23T09:00:00-00:00" {{(pid=101566) _check_extension /opt/stack/neutron/neutron/api/extensions.py:415}}
Jul 10 01:00:38.352691 np0000184880 devstack@neutron-api.service[101566]: INFO neutron.api.extensions [None req-a694579e-3f7b-416b-add4-4a9a2c32e340 None None] Loaded extension: vlan-transparent
Jul 10 01:00:38.354469 np0000184880 devstack@neutron-api.service[101566]: INFO neutron.quota.resource_registry [None req-a694579e-3f7b-416b-add4-4a9a2c32e340 None None] Creating instance of TrackedResource for resource:network
Jul 10 01:00:38.354704 np0000184880 devstack@neutron-api.service[101566]: INFO neutron.quota.resource_registry [None req-a694579e-3f7b-416b-add4-4a9a2c32e340 None None] Creating instance of TrackedResource for resource:subnet
Jul 10 01:00:38.354837 np0000184880 devstack@neutron-api.service[101566]: INFO neutron.quota.resource_registry [None req-a694579e-3f7b-416b-add4-4a9a2c32e340 None None] Creating instance of TrackedResource for resource:subnetpool
Jul 10 01:00:38.354949 np0000184880 devstack@neutron-api.service[101566]: INFO neutron.quota.resource_registry [None req-a694579e-3f7b-416b-add4-4a9a2c32e340 None None] Creating instance of TrackedResource for resource:port
Jul 10 01:00:38.356398 np0000184880 devstack@neutron-api.service[101566]: INFO neutron.quota.resource_registry [None req-a694579e-3f7b-416b-add4-4a9a2c32e340 None None] Creating instance of CountableResource for resource:router_route
Jul 10 01:00:38.356562 np0000184880 devstack@neutron-api.service[101566]: DEBUG neutron.api.v2.resource_helper [None req-a694579e-3f7b-416b-add4-4a9a2c32e340 None None] Service L3_ROUTER_NAT assigned prefix: {{(pid=101566) build_resource_info /opt/stack/neutron/neutron/api/v2/resource_helper.py:77}}
Jul 10 01:00:38.356941 np0000184880 devstack@neutron-api.service[101566]: DEBUG neutron.api.v2.resource_helper [None req-a694579e-3f7b-416b-add4-4a9a2c32e340 None None] Service FLAVORS assigned prefix: {{(pid=101566) build_resource_info /opt/stack/neutron/neutron/api/v2/resource_helper.py:77}}
Jul 10 01:00:38.358012 np0000184880 devstack@neutron-api.service[101566]: DEBUG neutron.api.v2.resource_helper [None req-a694579e-3f7b-416b-add4-4a9a2c32e340 None None] Service L3_ROUTER_NAT assigned prefix: {{(pid=101566) build_resource_info /opt/stack/neutron/neutron/api/v2/resource_helper.py:77}}
Jul 10 01:00:38.358386 np0000184880 devstack@neutron-api.service[101566]: DEBUG neutron.api.v2.resource_helper [None req-a694579e-3f7b-416b-add4-4a9a2c32e340 None None] Service L3_ROUTER_NAT assigned prefix: {{(pid=101566) build_resource_info /opt/stack/neutron/neutron/api/v2/resource_helper.py:77}}
Jul 10 01:00:38.358515 np0000184880 devstack@neutron-api.service[101566]: INFO neutron.quota.resource_registry [None req-a694579e-3f7b-416b-add4-4a9a2c32e340 None None] Creating instance of TrackedResource for resource:router
Jul 10 01:00:38.358934 np0000184880 devstack@neutron-api.service[101566]: INFO neutron.quota.resource_registry [None req-a694579e-3f7b-416b-add4-4a9a2c32e340 None None] Creating instance of TrackedResource for resource:floatingip
Jul 10 01:00:38.359985 np0000184880 devstack@neutron-api.service[101566]: INFO neutron.quota.resource_registry [None req-a694579e-3f7b-416b-add4-4a9a2c32e340 None None] Creating instance of CountableResource for resource:rbac_policy
Jul 10 01:00:38.360647 np0000184880 devstack@neutron-api.service[101566]: INFO neutron.quota.resource_registry [None req-a694579e-3f7b-416b-add4-4a9a2c32e340 None None] Creating instance of TrackedResource for resource:security_group
Jul 10 01:00:38.361025 np0000184880 devstack@neutron-api.service[101566]: INFO neutron.quota.resource_registry [None req-a694579e-3f7b-416b-add4-4a9a2c32e340 None None] Creating instance of TrackedResource for resource:security_group_rule
Jul 10 01:00:38.361721 np0000184880 devstack@neutron-api.service[101566]: DEBUG neutron.api.v2.resource_helper [None req-a694579e-3f7b-416b-add4-4a9a2c32e340 None None] Service CORE assigned prefix: {{(pid=101566) build_resource_info /opt/stack/neutron/neutron/api/v2/resource_helper.py:77}}
Jul 10 01:00:38.361848 np0000184880 devstack@neutron-api.service[101566]: INFO neutron.quota.resource_registry [None req-a694579e-3f7b-416b-add4-4a9a2c32e340 None None] Creating instance of TrackedResource for resource:subnetpool
Jul 10 01:00:38.361979 np0000184880 devstack@neutron-api.service[101566]: WARNING neutron.quota.resource_registry [None req-a694579e-3f7b-416b-add4-4a9a2c32e340 None None] subnetpool is already registered
Jul 10 01:00:38.362366 np0000184880 devstack@neutron-api.service[101566]: DEBUG neutron.api.v2.resource_helper [None req-a694579e-3f7b-416b-add4-4a9a2c32e340 None None] Service CORE assigned prefix: {{(pid=101566) build_resource_info /opt/stack/neutron/neutron/api/v2/resource_helper.py:77}}
Jul 10 01:00:38.362494 np0000184880 devstack@neutron-api.service[101566]: INFO neutron.quota.resource_registry [None req-a694579e-3f7b-416b-add4-4a9a2c32e340 None None] Creating instance of TrackedResource for resource:subnetpool
Jul 10 01:00:38.362619 np0000184880 devstack@neutron-api.service[101566]: WARNING neutron.quota.resource_registry [None req-a694579e-3f7b-416b-add4-4a9a2c32e340 None None] subnetpool is already registered
Jul 10 01:00:38.364805 np0000184880 devstack@neutron-api.service[101566]: INFO neutron.quota.resource_registry [None req-a694579e-3f7b-416b-add4-4a9a2c32e340 None None] Creating instance of CountableResource for resource:router_route
Jul 10 01:00:38.364890 np0000184880 devstack@neutron-api.service[101566]: WARNING neutron.quota.resource_registry [None req-a694579e-3f7b-416b-add4-4a9a2c32e340 None None] router_route is already registered
Jul 10 01:00:38.365036 np0000184880 devstack@neutron-api.service[101566]: DEBUG neutron.api.v2.resource_helper [None req-a694579e-3f7b-416b-add4-4a9a2c32e340 None None] Service L3_ROUTER_NAT assigned prefix: {{(pid=101566) build_resource_info /opt/stack/neutron/neutron/api/v2/resource_helper.py:77}}
Jul 10 01:00:38.365443 np0000184880 devstack@neutron-api.service[101566]: DEBUG neutron.api.v2.resource_helper [None req-a694579e-3f7b-416b-add4-4a9a2c32e340 None None] Service FLAVORS assigned prefix: {{(pid=101566) build_resource_info /opt/stack/neutron/neutron/api/v2/resource_helper.py:77}}
Jul 10 01:00:38.366369 np0000184880 devstack@neutron-api.service[101566]: DEBUG neutron.api.v2.resource_helper [None req-a694579e-3f7b-416b-add4-4a9a2c32e340 None None] Service L3_ROUTER_NAT assigned prefix: {{(pid=101566) build_resource_info /opt/stack/neutron/neutron/api/v2/resource_helper.py:77}}
Jul 10 01:00:38.366715 np0000184880 devstack@neutron-api.service[101566]: DEBUG neutron.api.v2.resource_helper [None req-a694579e-3f7b-416b-add4-4a9a2c32e340 None None] Service L3_ROUTER_NAT assigned prefix: {{(pid=101566) build_resource_info /opt/stack/neutron/neutron/api/v2/resource_helper.py:77}}
Jul 10 01:00:38.366836 np0000184880 devstack@neutron-api.service[101566]: INFO neutron.quota.resource_registry [None req-a694579e-3f7b-416b-add4-4a9a2c32e340 None None] Creating instance of TrackedResource for resource:router
Jul 10 01:00:38.366958 np0000184880 devstack@neutron-api.service[101566]: WARNING neutron.quota.resource_registry [None req-a694579e-3f7b-416b-add4-4a9a2c32e340 None None] router is already registered
Jul 10 01:00:38.367297 np0000184880 devstack@neutron-api.service[101566]: INFO neutron.quota.resource_registry [None req-a694579e-3f7b-416b-add4-4a9a2c32e340 None None] Creating instance of TrackedResource for resource:floatingip
Jul 10 01:00:38.367463 np0000184880 devstack@neutron-api.service[101566]: WARNING neutron.quota.resource_registry [None req-a694579e-3f7b-416b-add4-4a9a2c32e340 None None] floatingip is already registered
Jul 10 01:00:38.368907 np0000184880 devstack@neutron-api.service[101565]: DEBUG neutron_lib.callbacks.manager [None req-51dbcc4c-7f10-4ff0-b7d7-3e2a57e2e3f8 None None] Subscribe: > router before_delete 55550000, False {{(pid=101565) subscribe /opt/stack/data/venv/lib/python3.12/site-packages/neutron_lib/callbacks/manager.py:52}}
Jul 10 01:00:38.369267 np0000184880 devstack@neutron-api.service[101565]: DEBUG neutron_lib.callbacks.manager [None req-51dbcc4c-7f10-4ff0-b7d7-3e2a57e2e3f8 None None] Subscribe: port before_update 55550000, False {{(pid=101565) subscribe /opt/stack/data/venv/lib/python3.12/site-packages/neutron_lib/callbacks/manager.py:52}}
Jul 10 01:00:38.369534 np0000184880 devstack@neutron-api.service[101566]: INFO neutron.quota.resource_registry [None req-a694579e-3f7b-416b-add4-4a9a2c32e340 None None] Creating instance of CountableResource for resource:rbac_policy
Jul 10 01:00:38.369626 np0000184880 devstack@neutron-api.service[101565]: DEBUG neutron_lib.callbacks.manager [None req-51dbcc4c-7f10-4ff0-b7d7-3e2a57e2e3f8 None None] Subscribe: port after_update 55550000, False {{(pid=101565) subscribe /opt/stack/data/venv/lib/python3.12/site-packages/neutron_lib/callbacks/manager.py:52}}
Jul 10 01:00:38.369708 np0000184880 devstack@neutron-api.service[101566]: WARNING neutron.quota.resource_registry [None req-a694579e-3f7b-416b-add4-4a9a2c32e340 None None] rbac_policy is already registered
Jul 10 01:00:38.369855 np0000184880 devstack@neutron-api.service[101565]: DEBUG neutron_lib.callbacks.manager [None req-51dbcc4c-7f10-4ff0-b7d7-3e2a57e2e3f8 None None] Subscribe: > port precommit_delete 55550000, False {{(pid=101565) subscribe /opt/stack/data/venv/lib/python3.12/site-packages/neutron_lib/callbacks/manager.py:52}}
Jul 10 01:00:38.369967 np0000184880 devstack@neutron-api.service[101565]: DEBUG neutron_lib.callbacks.manager [None req-51dbcc4c-7f10-4ff0-b7d7-3e2a57e2e3f8 None None] Subscribe: port before_update 55550000, False {{(pid=101565) subscribe /opt/stack/data/venv/lib/python3.12/site-packages/neutron_lib/callbacks/manager.py:52}}
Jul 10 01:00:38.370083 np0000184880 devstack@neutron-api.service[101565]: DEBUG neutron_lib.callbacks.manager [None req-51dbcc4c-7f10-4ff0-b7d7-3e2a57e2e3f8 None None] Subscribe: port before_delete 55550000, False {{(pid=101565) subscribe /opt/stack/data/venv/lib/python3.12/site-packages/neutron_lib/callbacks/manager.py:52}}
Jul 10 01:00:38.370181 np0000184880 devstack@neutron-api.service[101565]: DEBUG neutron_lib.callbacks.manager [None req-51dbcc4c-7f10-4ff0-b7d7-3e2a57e2e3f8 None None] Subscribe: > router precommit_create 55550000, False {{(pid=101565) subscribe /opt/stack/data/venv/lib/python3.12/site-packages/neutron_lib/callbacks/manager.py:52}}
Jul 10 01:00:38.370287 np0000184880 devstack@neutron-api.service[101565]: DEBUG neutron_lib.callbacks.manager [None req-51dbcc4c-7f10-4ff0-b7d7-3e2a57e2e3f8 None None] Subscribe: > router precommit_create 55550000, False {{(pid=101565) subscribe /opt/stack/data/venv/lib/python3.12/site-packages/neutron_lib/callbacks/manager.py:52}}
Jul 10 01:00:38.370348 np0000184880 devstack@neutron-api.service[101566]: INFO neutron.quota.resource_registry [None req-a694579e-3f7b-416b-add4-4a9a2c32e340 None None] Creating instance of TrackedResource for resource:security_group
Jul 10 01:00:38.370455 np0000184880 devstack@neutron-api.service[101565]: DEBUG neutron_lib.callbacks.manager [None req-51dbcc4c-7f10-4ff0-b7d7-3e2a57e2e3f8 None None] Subscribe: > router precommit_update 55550000, False {{(pid=101565) subscribe /opt/stack/data/venv/lib/python3.12/site-packages/neutron_lib/callbacks/manager.py:52}}
Jul 10 01:00:38.370503 np0000184880 devstack@neutron-api.service[101566]: WARNING neutron.quota.resource_registry [None req-a694579e-3f7b-416b-add4-4a9a2c32e340 None None] security_group is already registered
Jul 10 01:00:38.370586 np0000184880 devstack@neutron-api.service[101565]: DEBUG neutron_lib.callbacks.manager [None req-51dbcc4c-7f10-4ff0-b7d7-3e2a57e2e3f8 None None] Subscribe: subnet after_update 55550000, False {{(pid=101565) subscribe /opt/stack/data/venv/lib/python3.12/site-packages/neutron_lib/callbacks/manager.py:52}}
Jul 10 01:00:38.370810 np0000184880 devstack@neutron-api.service[101566]: INFO neutron.quota.resource_registry [None req-a694579e-3f7b-416b-add4-4a9a2c32e340 None None] Creating instance of TrackedResource for resource:security_group_rule
Jul 10 01:00:38.370862 np0000184880 devstack@neutron-api.service[101565]: DEBUG neutron.quota.resource_registry [None req-51dbcc4c-7f10-4ff0-b7d7-3e2a57e2e3f8 None None] Tracking information for resource: router configured {{(pid=101565) set_tracked_resource /opt/stack/neutron/neutron/quota/resource_registry.py:203}}
