Jun 18 13:10:24.601876 np0000181975 devstack@neutron-api.service[103151]: DEBUG neutron.plugins.ml2.drivers.helpers [None req-b6a46efb-b365-4db3-8b97-70b2dd8c92bc admin admin] geneve segment allocate from pool success with {'geneve_vni': 3208} {{(pid=103151) allocate_partially_specified_segment /opt/stack/neutron/neutron/plugins/ml2/drivers/helpers.py:142}}
Jun 18 13:10:24.609745 np0000181975 devstack@neutron-api.service[103151]: DEBUG neutron_lib.callbacks.manager [None req-b6a46efb-b365-4db3-8b97-70b2dd8c92bc admin admin] Publish callbacks ['neutron.services.segments.db._add_segment_host_mapping_for_segment-8556465320280', 'neutron.plugins.ml2.plugin.Ml2Plugin._handle_segment_change-77475'] for segment (92f59023-cac8-455e-8a99-12c7322cada0), precommit_create {{(pid=103151) _notify_loop /opt/stack/data/venv/lib/python3.12/site-packages/neutron_lib/callbacks/manager.py:184}}
Jun 18 13:10:24.609891 np0000181975 devstack@neutron-api.service[103151]: INFO neutron.db.segments_db [None req-b6a46efb-b365-4db3-8b97-70b2dd8c92bc admin admin] Added segment 92f59023-cac8-455e-8a99-12c7322cada0 of type geneve for network 400d49d2-ba0f-4736-a728-a8762fa00d2e
Jun 18 13:10:24.622984 np0000181975 devstack@neutron-api.service[103151]: DEBUG neutron_lib.callbacks.manager [None req-b6a46efb-b365-4db3-8b97-70b2dd8c92bc admin admin] Publish callbacks ['neutron.services.auto_allocate.db._ensure_external_network_default_value_callback-8556464176028'] for network (400d49d2-ba0f-4736-a728-a8762fa00d2e), precommit_create {{(pid=103151) _notify_loop /opt/stack/data/venv/lib/python3.12/site-packages/neutron_lib/callbacks/manager.py:184}}
Jun 18 13:10:24.635501 np0000181975 devstack@neutron-api.service[103151]: DEBUG neutron.plugins.ml2.drivers.ovn.mech_driver.mech_driver [None req-b6a46efb-b365-4db3-8b97-70b2dd8c92bc admin admin] Validating network segment with type geneve, segmentation ID 3208, physical network None {{(pid=103151) _validate_network_segments /opt/stack/neutron/neutron/plugins/ml2/drivers/ovn/mech_driver/mech_driver.py:643}}
Jun 18 13:10:24.635665 np0000181975 devstack@neutron-api.service[103151]: DEBUG neutron.db.ovn_revision_numbers_db [None req-b6a46efb-b365-4db3-8b97-70b2dd8c92bc admin admin] create_initial_revision uuid=400d49d2-ba0f-4736-a728-a8762fa00d2e, type=networks, rev=-1 {{(pid=103151) create_initial_revision /opt/stack/neutron/neutron/db/ovn_revision_numbers_db.py:98}}
Jun 18 13:10:24.648085 np0000181975 devstack@neutron-api.service[103151]: DEBUG neutron_lib.callbacks.manager [None req-b6a46efb-b365-4db3-8b97-70b2dd8c92bc admin admin] Publish callbacks ['neutron.plugins.ml2.ovo_rpc._ObjectChangeHandler.handle_event-1223255'] for network (400d49d2-ba0f-4736-a728-a8762fa00d2e), after_create {{(pid=103151) _notify_loop /opt/stack/data/venv/lib/python3.12/site-packages/neutron_lib/callbacks/manager.py:184}}
Jun 18 13:10:24.665793 np0000181975 devstack@neutron-api.service[103151]: DEBUG neutron.api.rpc.handlers.resources_rpc [None req-b6a46efb-b365-4db3-8b97-70b2dd8c92bc admin admin] Pushing event updated for resources: {'Network': ['ID=400d49d2-ba0f-4736-a728-a8762fa00d2e,revision_number=1']} {{(pid=103151) push /opt/stack/neutron/neutron/api/rpc/handlers/resources_rpc.py:237}}
Jun 18 13:10:24.674785 np0000181975 devstack@neutron-api.service[103151]: DEBUG ovsdbapp.backend.ovs_idl.transaction [None req-a0b5affd-9f9a-499f-837d-b9353250afc7 None None] Running txn n=1 command(idx=0): AddNetworkCommand(_result=None, network_uuid=400d49d2-ba0f-4736-a728-a8762fa00d2e, may_exist=True, columns={'external_ids': {'neutron:network_name': 'admin_net', 'neutron:mtu': '1372', 'neutron:revision_number': '1', 'neutron:availability_zone_hints': '', 'neutron:provnet-network-type': 'geneve'}, 'other_config': {'mcast_snoop': 'false', 'mcast_flood_unregistered': 'false', 'vlan-passthru': 'false'}}) {{(pid=103151) do_commit /opt/stack/data/venv/lib/python3.12/site-packages/ovsdbapp/backend/ovs_idl/transaction.py:89}}
Jun 18 13:10:24.681445 np0000181975 devstack@neutron-api.service[103148]: DEBUG neutron.plugins.ml2.drivers.ovn.mech_driver.ovsdb.ovsdb_monitor [None req-26a920c8-458a-4aad-8d26-09dd769eb9e0 None None] Hash Ring: Node 578e5c75ac3458868fa8320324138eba (host: np0000181975) handling event "create" for row 400d49d2-ba0f-4736-a728-a8762fa00d2e (table: Logical_Switch) {{(pid=103148) notify /opt/stack/neutron/neutron/plugins/ml2/drivers/ovn/mech_driver/ovsdb/ovsdb_monitor.py:1015}}
Jun 18 13:10:24.685945 np0000181975 devstack@neutron-api.service[103149]: DEBUG neutron.plugins.ml2.drivers.ovn.mech_driver.ovsdb.ovsdb_monitor [None req-802c38cd-b793-4d6f-a145-555a4b675491 None None] Hash Ring: Node 8a2752f2c6435f979ae753058145ec8e (host: np0000181975) handling event "create" for row ba1738ce-dbd5-4f0b-bfe9-6d5c55b5452d (table: Datapath_Binding) {{(pid=103149) notify /opt/stack/neutron/neutron/plugins/ml2/drivers/ovn/mech_driver/ovsdb/ovsdb_monitor.py:1015}}
Jun 18 13:10:24.707790 np0000181975 devstack@neutron-api.service[103151]: INFO neutron.db.ovn_revision_numbers_db [None req-b6a46efb-b365-4db3-8b97-70b2dd8c92bc admin admin] Successfully bumped revision number for resource 400d49d2-ba0f-4736-a728-a8762fa00d2e (type: networks) to 1
Jun 18 13:10:24.724139 np0000181975 devstack@neutron-api.service[103151]: DEBUG neutron_lib.callbacks.manager [None req-b6a46efb-b365-4db3-8b97-70b2dd8c92bc admin admin] Publish callbacks ['neutron.plugins.ml2.plugin.SecurityGroupDbMixin._ensure_default_security_group_handler-386007'] for port (None), before_create {{(pid=103151) _notify_loop /opt/stack/data/venv/lib/python3.12/site-packages/neutron_lib/callbacks/manager.py:184}}
Jun 18 13:10:24.798773 np0000181975 devstack@neutron-api.service[103151]: DEBUG neutron_lib.callbacks.manager [None req-b6a46efb-b365-4db3-8b97-70b2dd8c92bc admin admin] Publish callbacks ['neutron.plugins.ml2.drivers.ovn.mech_driver.mech_driver.OVNMechanismDriver._validate_allowed_address_pairs-1907799'] for allowed_address_pair (ec84c365-917f-4ff7-8210-e987b07e7ceb), before_create {{(pid=103151) _notify_loop /opt/stack/data/venv/lib/python3.12/site-packages/neutron_lib/callbacks/manager.py:184}}
Jun 18 13:10:24.799326 np0000181975 devstack@neutron-api.service[103151]: DEBUG neutron_lib.callbacks.manager [None req-b6a46efb-b365-4db3-8b97-70b2dd8c92bc admin admin] Publish callbacks [] for port (ec84c365-917f-4ff7-8210-e987b07e7ceb), precommit_create {{(pid=103151) _notify_loop /opt/stack/data/venv/lib/python3.12/site-packages/neutron_lib/callbacks/manager.py:184}}
Jun 18 13:10:24.799536 np0000181975 devstack@neutron-api.service[103151]: DEBUG neutron.plugins.ml2.drivers.ovn.mech_driver.mech_driver [None req-b6a46efb-b365-4db3-8b97-70b2dd8c92bc admin admin] No provisioning block for port ec84c365-917f-4ff7-8210-e987b07e7ceb since it does not have a host {{(pid=103151) _is_port_provisioning_required /opt/stack/neutron/neutron/plugins/ml2/drivers/ovn/mech_driver/mech_driver.py:896}}
Jun 18 13:10:24.799685 np0000181975 devstack@neutron-api.service[103151]: DEBUG neutron.db.ovn_revision_numbers_db [None req-b6a46efb-b365-4db3-8b97-70b2dd8c92bc admin admin] create_initial_revision uuid=ec84c365-917f-4ff7-8210-e987b07e7ceb, type=ports, rev=-1 {{(pid=103151) create_initial_revision /opt/stack/neutron/neutron/db/ovn_revision_numbers_db.py:98}}
Jun 18 13:10:24.839198 np0000181975 devstack@neutron-api.service[103151]: DEBUG neutron_lib.callbacks.manager [None req-b6a46efb-b365-4db3-8b97-70b2dd8c92bc admin admin] Publish callbacks ['neutron.plugins.ml2.ovo_rpc._ObjectChangeHandler.handle_event-1223590'] for port (ec84c365-917f-4ff7-8210-e987b07e7ceb), after_create {{(pid=103151) _notify_loop /opt/stack/data/venv/lib/python3.12/site-packages/neutron_lib/callbacks/manager.py:184}}
Jun 18 13:10:24.875145 np0000181975 devstack@neutron-api.service[103151]: DEBUG neutron.api.rpc.handlers.resources_rpc [None req-b6a46efb-b365-4db3-8b97-70b2dd8c92bc admin admin] Pushing event updated for resources: {'Port': ['ID=ec84c365-917f-4ff7-8210-e987b07e7ceb,revision_number=1']} {{(pid=103151) push /opt/stack/neutron/neutron/api/rpc/handlers/resources_rpc.py:237}}
Jun 18 13:10:24.880829 np0000181975 devstack@neutron-api.service[103151]: DEBUG neutron.plugins.ml2.drivers.ovn.mech_driver.ovsdb.commands [None req-b6a46efb-b365-4db3-8b97-70b2dd8c92bc admin admin] Converting tag [] to a tag_request {{(pid=103151) _tag_column_to_tag_request /opt/stack/neutron/neutron/plugins/ml2/drivers/ovn/mech_driver/ovsdb/commands.py:205}}
Jun 18 13:10:24.881957 np0000181975 devstack@neutron-api.service[103151]: DEBUG ovsdbapp.backend.ovs_idl.transaction [None req-a0b5affd-9f9a-499f-837d-b9353250afc7 None None] Running txn n=1 command(idx=0): AddLSwitchPortCommand(_result=None, lport=ec84c365-917f-4ff7-8210-e987b07e7ceb, lswitch=neutron-400d49d2-ba0f-4736-a728-a8762fa00d2e, may_exist=True, network_uuid=400d49d2-ba0f-4736-a728-a8762fa00d2e, columns={'addresses': ['fa:16:3e:04:63:92'], 'external_ids': {'neutron:port_name': '', 'neutron:device_id': 'ovnmeta-400d49d2-ba0f-4736-a728-a8762fa00d2e', 'neutron:project_id': '46056f2f563849938ae6e50b45353c98', 'neutron:cidrs': '', 'neutron:device_owner': 'network:distributed', 'neutron:subnet_pool_addr_scope4': '', 'neutron:subnet_pool_addr_scope6': '', 'neutron:network_name': 'neutron-400d49d2-ba0f-4736-a728-a8762fa00d2e', 'neutron:security_group_ids': '', 'neutron:revision_number': '1', 'neutron:vnic_type': 'normal', 'neutron:port_capabilities': '', 'neutron:mtu': '1372'}, 'parent_name': [], 'enabled': True, 'options': {}, 'type': 'localport', 'port_security': [], 'dhcpv4_options': [], 'dhcpv6_options': [], 'tag_request': []}) {{(pid=103151) do_commit /opt/stack/data/venv/lib/python3.12/site-packages/ovsdbapp/backend/ovs_idl/transaction.py:89}}
Jun 18 13:10:24.883017 np0000181975 devstack@neutron-api.service[103151]: DEBUG ovsdbapp.backend.ovs_idl.transaction [None req-a0b5affd-9f9a-499f-837d-b9353250afc7 None None] Running txn n=1 command(idx=1): QoSDelCommand(_result=None, switch=neutron-400d49d2-ba0f-4736-a728-a8762fa00d2e, conditions=[('direction', '=', 'to-lport'), ('priority', '=', 2002), ('match', '=', 'outport == "ec84c365-917f-4ff7-8210-e987b07e7ceb"')], if_exists=True) {{(pid=103151) do_commit /opt/stack/data/venv/lib/python3.12/site-packages/ovsdbapp/backend/ovs_idl/transaction.py:89}}
Jun 18 13:10:24.883383 np0000181975 devstack@neutron-api.service[103151]: DEBUG ovsdbapp.backend.ovs_idl.transaction [None req-a0b5affd-9f9a-499f-837d-b9353250afc7 None None] Running txn n=1 command(idx=2): QoSDelCommand(_result=None, switch=neutron-400d49d2-ba0f-4736-a728-a8762fa00d2e, conditions=[('direction', '=', 'from-lport'), ('priority', '=', 2002), ('match', '=', 'inport == "ec84c365-917f-4ff7-8210-e987b07e7ceb"')], if_exists=True) {{(pid=103151) do_commit /opt/stack/data/venv/lib/python3.12/site-packages/ovsdbapp/backend/ovs_idl/transaction.py:89}}
Jun 18 13:10:24.889925 np0000181975 devstack@neutron-api.service[103149]: DEBUG neutron.plugins.ml2.drivers.ovn.mech_driver.ovsdb.ovsdb_monitor [None req-736d4ec4-4fb9-4b74-ad35-f322bfecbfea None None] Hash Ring: Node 8a2752f2c6435f979ae753058145ec8e (host: np0000181975) handling event "create" for row 359abfb2-2b4b-4425-a0e5-35d41e4e3194 (table: Logical_Switch_Port) {{(pid=103149) notify /opt/stack/neutron/neutron/plugins/ml2/drivers/ovn/mech_driver/ovsdb/ovsdb_monitor.py:1015}}
Jun 18 13:10:24.891388 np0000181975 devstack@neutron-api.service[103148]: DEBUG neutron.plugins.ml2.drivers.ovn.mech_driver.ovsdb.ovsdb_monitor [None req-26a920c8-458a-4aad-8d26-09dd769eb9e0 None None] Hash Ring: Node 578e5c75ac3458868fa8320324138eba (host: np0000181975) handling event "update" for row 400d49d2-ba0f-4736-a728-a8762fa00d2e (table: Logical_Switch) {{(pid=103148) notify /opt/stack/neutron/neutron/plugins/ml2/drivers/ovn/mech_driver/ovsdb/ovsdb_monitor.py:1015}}
Jun 18 13:10:24.892207 np0000181975 devstack@neutron-api.service[103149]: DEBUG ovsdbapp.backend.ovs_idl.event [None req-736d4ec4-4fb9-4b74-ad35-f322bfecbfea None None] Matched CREATE: LogicalSwitchPortCreateEvent(events=('create',), table='Logical_Switch_Port', conditions=[], old_conditions=None), priority=20 to row=Logical_Switch_Port(uuid=359abfb2-2b4b-4425-a0e5-35d41e4e3194, addresses=['fa:16:3e:04:63:92'], dhcpv4_options=[], dhcpv6_options=[], dynamic_addresses=[], enabled=True, external_ids={'neutron:cidrs': '', 'neutron:device_id': 'ovnmeta-400d49d2-ba0f-4736-a728-a8762fa00d2e', 'neutron:device_owner': 'network:distributed', 'neutron:mtu': '1372', 'neutron:network_name': 'neutron-400d49d2-ba0f-4736-a728-a8762fa00d2e', 'neutron:port_capabilities': '', 'neutron:port_name': '', 'neutron:project_id': '46056f2f563849938ae6e50b45353c98', 'neutron:revision_number': '1', 'neutron:security_group_ids': '', 'neutron:subnet_pool_addr_scope4': '', 'neutron:subnet_pool_addr_scope6': '', 'neutron:vnic_type': 'normal'}, ha_chassis_group=[], mirror_rules=[], name='ec84c365-917f-4ff7-8210-e987b07e7ceb', options={}, parent_name=[], port_security=[], tag=[], tag_request=[], type='localport', up=[]) old= {{(pid=103149) matches /opt/stack/data/venv/lib/python3.12/site-packages/ovsdbapp/backend/ovs_idl/event.py:55}}
Jun 18 13:10:24.895132 np0000181975 devstack@neutron-api.service[103149]: INFO neutron.plugins.ml2.drivers.ovn.mech_driver.mech_driver [None req-8921289e-5f56-4374-af96-a2670699e30c None None] OVN reports status down for port: ec84c365-917f-4ff7-8210-e987b07e7ceb
Jun 18 13:10:24.895846 np0000181975 devstack@neutron-api.service[103148]: DEBUG neutron.plugins.ml2.drivers.ovn.mech_driver.ovsdb.ovsdb_monitor [None req-c4bb0ea9-13d5-4e79-8003-7cae0e0a56a4 None None] Hash Ring: Node 578e5c75ac3458868fa8320324138eba (host: np0000181975) handling event "create" for row fd098581-5691-4c4f-8554-09129116725e (table: Port_Binding) {{(pid=103148) notify /opt/stack/neutron/neutron/plugins/ml2/drivers/ovn/mech_driver/ovsdb/ovsdb_monitor.py:1015}}
Jun 18 13:10:24.897480 np0000181975 devstack@neutron-api.service[103149]: DEBUG neutron.plugins.ml2.drivers.ovn.mech_driver.ovsdb.ovsdb_monitor [None req-736d4ec4-4fb9-4b74-ad35-f322bfecbfea None None] Hash Ring: Node 8a2752f2c6435f979ae753058145ec8e (host: np0000181975) handling event "update" for row 359abfb2-2b4b-4425-a0e5-35d41e4e3194 (table: Logical_Switch_Port) {{(pid=103149) notify /opt/stack/neutron/neutron/plugins/ml2/drivers/ovn/mech_driver/ovsdb/ovsdb_monitor.py:1015}}
Jun 18 13:10:24.920520 np0000181975 devstack@neutron-api.service[103149]: DEBUG neutron.db.provisioning_blocks [None req-8921289e-5f56-4374-af96-a2670699e30c None None] Transition to ACTIVE for port object ec84c365-917f-4ff7-8210-e987b07e7ceb will not be triggered until provisioned by entity L2. {{(pid=103149) add_provisioning_component /opt/stack/neutron/neutron/db/provisioning_blocks.py:74}}
Jun 18 13:10:24.927465 np0000181975 devstack@neutron-api.service[103151]: INFO neutron.db.ovn_revision_numbers_db [None req-b6a46efb-b365-4db3-8b97-70b2dd8c92bc admin admin] Successfully bumped revision number for resource ec84c365-917f-4ff7-8210-e987b07e7ceb (type: ports) to 1
Jun 18 13:10:24.942787 np0000181975 devstack@neutron-api.service[103151]: DEBUG neutron.pecan_wsgi.hooks.policy_enforcement [None req-b6a46efb-b365-4db3-8b97-70b2dd8c92bc admin admin] Attributes excluded by policy engine: ['standard_attr_id'] {{(pid=103151) _exclude_attributes_by_policy /opt/stack/neutron/neutron/pecan_wsgi/hooks/policy_enforcement.py:259}}
Jun 18 13:10:24.942922 np0000181975 devstack@neutron-api.service[103151]: DEBUG neutron_lib.callbacks.manager [None req-b6a46efb-b365-4db3-8b97-70b2dd8c92bc admin admin] Publish callbacks [] for network (None), before_response {{(pid=103151) _notify_loop /opt/stack/data/venv/lib/python3.12/site-packages/neutron_lib/callbacks/manager.py:184}}
Jun 18 13:10:24.947759 np0000181975 devstack@neutron-api.service[103149]: DEBUG neutron.plugins.ml2.plugin [None req-8921289e-5f56-4374-af96-a2670699e30c None None] Current status of the port ec84c365-917f-4ff7-8210-e987b07e7ceb is: DOWN; New status is: DOWN {{(pid=103149) _update_individual_port_db_status /opt/stack/neutron/neutron/plugins/ml2/plugin.py:2470}}
Jun 18 13:10:24.949048 np0000181975 devstack@neutron-api.service[103149]: DEBUG ovsdbapp.backend.ovs_idl.transaction [None req-736d4ec4-4fb9-4b74-ad35-f322bfecbfea None None] Running txn n=1 command(idx=0): DbRemoveCommand(_result=None, table=Logical_Switch_Port, record=ec84c365-917f-4ff7-8210-e987b07e7ceb, column=external_ids, values=('neutron:host_id',), keyvalues={}, if_exists=True) {{(pid=103149) do_commit /opt/stack/data/venv/lib/python3.12/site-packages/ovsdbapp/backend/ovs_idl/transaction.py:89}}
Jun 18 13:10:24.955412 np0000181975 devstack@neutron-api.service[103151]: [pid: 103151|app: 0|req: 23/93] 199.204.45.25 () {68 vars in 1351 bytes} [Thu Jun 18 13:10:24 2026] POST /networking/v2.0/networks => generated 682 bytes in 675 msecs (HTTP/1.1 201) 4 headers in 162 bytes (1 switches on core 0)
Jun 18 13:10:25.164337 np0000181975 devstack@neutron-api.service[103148]: INFO neutron.pecan_wsgi.hooks.translation [None req-e9b7648e-687f-4ff5-af39-019993b20a6b admin admin] GET failed (client error): The resource could not be found.
Jun 18 13:10:25.164337 np0000181975 devstack@neutron-api.service[103148]: [pid: 103148|app: 0|req: 25/94] 199.204.45.25 () {64 vars in 1327 bytes} [Thu Jun 18 13:10:25 2026] GET /networking/v2.0/networks/admin_net => generated 111 bytes in 10 msecs (HTTP/1.1 404) 4 headers in 164 bytes (1 switches on core 0)
Jun 18 13:10:25.210697 np0000181975 devstack@neutron-api.service[103150]: DEBUG neutron.pecan_wsgi.hooks.policy_enforcement [None req-ba999221-93e4-4eb8-9bee-8a131e7b4af8 admin admin] Attributes excluded by policy engine: ['standard_attr_id'] {{(pid=103150) _exclude_attributes_by_policy /opt/stack/neutron/neutron/pecan_wsgi/hooks/policy_enforcement.py:259}}
Jun 18 13:10:25.211780 np0000181975 devstack@neutron-api.service[103150]: [pid: 103150|app: 0|req: 24/95] 199.204.45.25 () {64 vars in 1339 bytes} [Thu Jun 18 13:10:25 2026] GET /networking/v2.0/networks?name=admin_net => generated 666 bytes in 37 msecs (HTTP/1.1 200) 4 headers in 157 bytes (1 switches on core 0)
Jun 18 13:10:25.420450 np0000181975 devstack@neutron-api.service[103149]: INFO neutron.pecan_wsgi.hooks.translation [None req-e03fd55c-5c26-4aae-8c5e-5ebf857b5bf8 admin admin] GET failed (client error): The resource could not be found.
Jun 18 13:10:25.421170 np0000181975 devstack@neutron-api.service[103149]: [pid: 103149|app: 0|req: 24/96] 199.204.45.25 () {64 vars in 1333 bytes} [Thu Jun 18 13:10:25 2026] GET /networking/v2.0/subnets/admin_subnet => generated 112 bytes in 13 msecs (HTTP/1.1 404) 4 headers in 164 bytes (1 switches on core 0)
Jun 18 13:10:25.449312 np0000181975 devstack@neutron-api.service[103151]: [pid: 103151|app: 0|req: 24/97] 199.204.45.25 () {64 vars in 1342 bytes} [Thu Jun 18 13:10:25 2026] GET /networking/v2.0/subnets?name=admin_subnet => generated 14 bytes in 17 msecs (HTTP/1.1 200) 4 headers in 156 bytes (1 switches on core 0)
Jun 18 13:10:25.721154 np0000181975 devstack@neutron-api.service[103148]: DEBUG neutron.pecan_wsgi.hooks.policy_enforcement [None req-b5d4fb28-1c49-4733-bdf7-ed02079cdd9c admin admin] Attributes excluded by policy engine: ['standard_attr_id'] {{(pid=103148) _exclude_attributes_by_policy /opt/stack/neutron/neutron/pecan_wsgi/hooks/policy_enforcement.py:259}}
Jun 18 13:10:25.723127 np0000181975 devstack@neutron-api.service[103148]: [pid: 103148|app: 0|req: 26/98] 199.204.45.25 () {64 vars in 1408 bytes} [Thu Jun 18 13:10:25 2026] GET /networking/v2.0/networks/400d49d2-ba0f-4736-a728-a8762fa00d2e => generated 663 bytes in 33 msecs (HTTP/1.1 200) 4 headers in 157 bytes (1 switches on core 0)
Jun 18 13:10:25.742977 np0000181975 devstack@neutron-api.service[103150]: DEBUG neutron.api.v2.base [None req-cb760636-97e4-44cd-9e96-99ff6b4dd2c6 admin admin] Request body: {'subnet': {'ip_version': 4, 'project_id': '46056f2f563849938ae6e50b45353c98', 'cidr': '10.2.5.0/24', 'name': 'admin_subnet', 'network_id': '400d49d2-ba0f-4736-a728-a8762fa00d2e', 'gateway_ip': None}} {{(pid=103150) prepare_request_body /opt/stack/neutron/neutron/api/v2/base.py:727}}
Jun 18 13:10:25.761110 np0000181975 devstack@neutron-api.service[103150]: DEBUG neutron.pecan_wsgi.hooks.quota_enforcement [None req-cb760636-97e4-44cd-9e96-99ff6b4dd2c6 admin admin] Made reservation on behalf of 46056f2f563849938ae6e50b45353c98 for: {'subnet': 1} {{(pid=103150) before /opt/stack/neutron/neutron/pecan_wsgi/hooks/quota_enforcement.py:66}}
Jun 18 13:10:25.763448 np0000181975 devstack@neutron-api.service[103150]: DEBUG neutron_lib.callbacks.manager [None req-cb760636-97e4-44cd-9e96-99ff6b4dd2c6 admin admin] Publish callbacks [] for subnet (None), before_create {{(pid=103150) _notify_loop /opt/stack/data/venv/lib/python3.12/site-packages/neutron_lib/callbacks/manager.py:184}}
Jun 18 13:10:25.824475 np0000181975 devstack@neutron-api.service[103150]: DEBUG neutron.db.ovn_revision_numbers_db [None req-cb760636-97e4-44cd-9e96-99ff6b4dd2c6 admin admin] create_initial_revision uuid=d3a1e000-9923-4979-afa5-3ed70b572c07, type=subnets, rev=-1 {{(pid=103150) create_initial_revision /opt/stack/neutron/neutron/db/ovn_revision_numbers_db.py:98}}
Jun 18 13:10:25.832635 np0000181975 devstack@neutron-api.service[103150]: DEBUG neutron_lib.callbacks.manager [None req-cb760636-97e4-44cd-9e96-99ff6b4dd2c6 admin admin] Publish callbacks ['neutron.plugins.ml2.ovo_rpc._ObjectChangeHandler.handle_event-32166138'] for subnet (d3a1e000-9923-4979-afa5-3ed70b572c07), after_create {{(pid=103150) _notify_loop /opt/stack/data/venv/lib/python3.12/site-packages/neutron_lib/callbacks/manager.py:184}}
Jun 18 13:10:25.850075 np0000181975 devstack@neutron-api.service[103150]: DEBUG neutron.api.rpc.handlers.resources_rpc [None req-cb760636-97e4-44cd-9e96-99ff6b4dd2c6 admin admin] Pushing event updated for resources: {'Subnet': ['ID=d3a1e000-9923-4979-afa5-3ed70b572c07,revision_number=0']} {{(pid=103150) push /opt/stack/neutron/neutron/api/rpc/handlers/resources_rpc.py:237}}
Jun 18 13:10:25.900580 np0000181975 devstack@neutron-api.service[103150]: DEBUG neutron_lib.callbacks.manager [None req-cb760636-97e4-44cd-9e96-99ff6b4dd2c6 admin admin] Publish callbacks ['neutron.plugins.ml2.plugin.SecurityGroupDbMixin._ensure_default_security_group_handler-335889', 'neutron.services.ovn_l3.plugin.OVNL3RouterPlugin._port_update-8556462719050', 'neutron.db.l3_db.L3_NAT_dbonly_mixin._prevent_internal_ip_change_for_fip-8556465177994'] for port (ec84c365-917f-4ff7-8210-e987b07e7ceb), before_update {{(pid=103150) _notify_loop /opt/stack/data/venv/lib/python3.12/site-packages/neutron_lib/callbacks/manager.py:184}}
Jun 18 13:10:25.987125 np0000181975 devstack@neutron-api.service[103150]: DEBUG neutron.db.db_base_plugin_common [None req-cb760636-97e4-44cd-9e96-99ff6b4dd2c6 admin admin] Allocated IP 10.2.5.1 (400d49d2-ba0f-4736-a728-a8762fa00d2e/d3a1e000-9923-4979-afa5-3ed70b572c07/ec84c365-917f-4ff7-8210-e987b07e7ceb) {{(pid=103150) _store_ip_allocation /opt/stack/neutron/neutron/db/db_base_plugin_common.py:131}}
Jun 18 13:10:26.052476 np0000181975 devstack@neutron-api.service[103150]: DEBUG neutron_lib.callbacks.manager [None req-cb760636-97e4-44cd-9e96-99ff6b4dd2c6 admin admin] Publish callbacks [] for port (ec84c365-917f-4ff7-8210-e987b07e7ceb), precommit_update {{(pid=103150) _notify_loop /opt/stack/data/venv/lib/python3.12/site-packages/neutron_lib/callbacks/manager.py:184}}
Jun 18 13:10:26.052675 np0000181975 devstack@neutron-api.service[103150]: DEBUG neutron.plugins.ml2.drivers.ovn.mech_driver.mech_driver [None req-cb760636-97e4-44cd-9e96-99ff6b4dd2c6 admin admin] No provisioning block for port ec84c365-917f-4ff7-8210-e987b07e7ceb since it does not have a host {{(pid=103150) _is_port_provisioning_required /opt/stack/neutron/neutron/plugins/ml2/drivers/ovn/mech_driver/mech_driver.py:896}}
Jun 18 13:10:26.064346 np0000181975 devstack@neutron-api.service[103150]: DEBUG neutron_lib.callbacks.manager [None req-cb760636-97e4-44cd-9e96-99ff6b4dd2c6 admin admin] Publish callbacks ['neutron.plugins.ml2.ovo_rpc._ObjectChangeHandler.handle_event-32166246', 'neutron.services.ovn_l3.plugin.OVNL3RouterPlugin._port_update-8556462719050'] for port (ec84c365-917f-4ff7-8210-e987b07e7ceb), after_update {{(pid=103150) _notify_loop /opt/stack/data/venv/lib/python3.12/site-packages/neutron_lib/callbacks/manager.py:184}}
Jun 18 13:10:26.096392 np0000181975 devstack@neutron-api.service[103150]: DEBUG neutron.api.rpc.handlers.resources_rpc [None req-cb760636-97e4-44cd-9e96-99ff6b4dd2c6 admin admin] Pushing event updated for resources: {'Port': ['ID=ec84c365-917f-4ff7-8210-e987b07e7ceb,revision_number=2']} {{(pid=103150) push /opt/stack/neutron/neutron/api/rpc/handlers/resources_rpc.py:237}}
Jun 18 13:10:26.186090 np0000181975 devstack@neutron-api.service[103150]: DEBUG neutron.plugins.ml2.drivers.ovn.mech_driver.ovsdb.commands [None req-cb760636-97e4-44cd-9e96-99ff6b4dd2c6 admin admin] Converting tag [] to a tag_request {{(pid=103150) _tag_column_to_tag_request /opt/stack/neutron/neutron/plugins/ml2/drivers/ovn/mech_driver/ovsdb/commands.py:205}}
Jun 18 13:10:26.187341 np0000181975 devstack@neutron-api.service[103150]: DEBUG ovsdbapp.backend.ovs_idl.transaction [None req-dc8dbb8b-103d-429e-a8d4-ff3c8f61f4f3 None None] Running txn n=1 command(idx=0): CheckRevisionNumberCommand(_result=None, name=ec84c365-917f-4ff7-8210-e987b07e7ceb, resource={'id': 'ec84c365-917f-4ff7-8210-e987b07e7ceb', 'name': '', 'network_id': '400d49d2-ba0f-4736-a728-a8762fa00d2e', 'project_id': '46056f2f563849938ae6e50b45353c98', 'mac_address': 'fa:16:3e:04:63:92', 'admin_state_up': True, 'status': 'DOWN', 'device_id': 'ovnmeta-400d49d2-ba0f-4736-a728-a8762fa00d2e', 'device_owner': 'network:distributed', 'standard_attr_id': 44, 'fixed_ips': [{'subnet_id': 'd3a1e000-9923-4979-afa5-3ed70b572c07', 'ip_address': '10.2.5.1'}], 'allowed_address_pairs': [], 'extra_dhcp_opts': [], 'security_groups': [], 'description': '', 'binding:vnic_type': 'normal', 'binding:profile': {}, 'binding:host_id': '', 'binding:vif_type': 'unbound', 'binding:vif_details': {}, 'port_security_enabled': False, 'tags': [], 'created_at': '2026-06-18T13:10:24Z', 'updated_at': '2026-06-18T13:10:25Z', 'revision_number': 2, 'tenant_id': '46056f2f563849938ae6e50b45353c98', 'network': {'id': '400d49d2-ba0f-4736-a728-a8762fa00d2e', 'name': 'admin_net', 'tenant_id': '46056f2f563849938ae6e50b45353c98', 'project_id': '46056f2f563849938ae6e50b45353c98', 'admin_state_up': True, 'mtu': 1372, 'status': 'ACTIVE', 'subnets': ['d3a1e000-9923-4979-afa5-3ed70b572c07'], 'standard_attr_id': 42, 'shared': False, 'availability_zone_hints': [], 'availability_zones': [], 'ipv4_address_scope': None, 'ipv6_address_scope': None, 'router:external': False, 'qinq': False, 'vlan_transparent': False, 'description': '', 'port_security_enabled': True, 'tags': [], 'created_at': '2026-06-18T13:10:24Z', 'updated_at': '2026-06-18T13:10:25Z', 'revision_number': 2, 'provider:network_type': 'geneve', 'provider:physical_network': None, 'provider:segmentation_id': 3208}}, resource_type=ports, if_exists=True) {{(pid=103150) do_commit /opt/stack/data/venv/lib/python3.12/site-packages/ovsdbapp/backend/ovs_idl/transaction.py:89}}
Jun 18 13:10:26.188059 np0000181975 devstack@neutron-api.service[103150]: DEBUG ovsdbapp.backend.ovs_idl.transaction [None req-dc8dbb8b-103d-429e-a8d4-ff3c8f61f4f3 None None] Running txn n=1 command(idx=1): AddDHCPOptionsCommand(_result=None, columns={'cidr': '10.2.5.0/24', 'options': {'server_id': '10.2.5.1', 'lease_time': '43200', 'mtu': '1372', 'server_mac': 'fa:16:3e:df:21:f1', 'dns_server': '{127.0.0.53}', 'classless_static_route': '{169.254.169.254/32,10.2.5.1}'}, 'external_ids': {'subnet_id': 'd3a1e000-9923-4979-afa5-3ed70b572c07', 'neutron:network_id': '400d49d2-ba0f-4736-a728-a8762fa00d2e', 'neutron:revision_number': '0'}}, may_exist=True, subnet_id=d3a1e000-9923-4979-afa5-3ed70b572c07, port_id=None, new_insert=False) {{(pid=103150) do_commit /opt/stack/data/venv/lib/python3.12/site-packages/ovsdbapp/backend/ovs_idl/transaction.py:89}}
Jun 18 13:10:26.188660 np0000181975 devstack@neutron-api.service[103150]: DEBUG ovsdbapp.backend.ovs_idl.transaction [None req-dc8dbb8b-103d-429e-a8d4-ff3c8f61f4f3 None None] Running txn n=1 command(idx=2): SetLSwitchPortCommand(_result=None, lport=ec84c365-917f-4ff7-8210-e987b07e7ceb, external_ids_update=None, columns={'external_ids': {'neutron:port_name': '', 'neutron:device_id': 'ovnmeta-400d49d2-ba0f-4736-a728-a8762fa00d2e', 'neutron:project_id': '46056f2f563849938ae6e50b45353c98', 'neutron:cidrs': '10.2.5.1/24', 'neutron:device_owner': 'network:distributed', 'neutron:subnet_pool_addr_scope4': '', 'neutron:subnet_pool_addr_scope6': '', 'neutron:network_name': 'neutron-400d49d2-ba0f-4736-a728-a8762fa00d2e', 'neutron:security_group_ids': '', 'neutron:revision_number': '2', 'neutron:vnic_type': 'normal', 'neutron:port_capabilities': '', 'neutron:mtu': '1372'}, 'parent_name': [], 'options': {}, 'enabled': True, 'port_security': [], 'dhcpv4_options': [], 'dhcpv6_options': [], 'type': 'localport', 'addresses': ['fa:16:3e:04:63:92 10.2.5.1'], 'ha_chassis_group': [], 'tag_request': []}, if_exists=False) {{(pid=103150) do_commit /opt/stack/data/venv/lib/python3.12/site-packages/ovsdbapp/backend/ovs_idl/transaction.py:89}}
Jun 18 13:10:26.189999 np0000181975 devstack@neutron-api.service[103150]: DEBUG ovsdbapp.backend.ovs_idl.transaction [None req-dc8dbb8b-103d-429e-a8d4-ff3c8f61f4f3 None None] Running txn n=1 command(idx=3): PgDelPortCommand(_result=None, port_group=neutron_pg_drop, lsp=['ec84c365-917f-4ff7-8210-e987b07e7ceb'], if_exists=False) {{(pid=103150) do_commit /opt/stack/data/venv/lib/python3.12/site-packages/ovsdbapp/backend/ovs_idl/transaction.py:89}}
Jun 18 13:10:26.228504 np0000181975 devstack@neutron-api.service[103149]: DEBUG neutron.plugins.ml2.drivers.ovn.mech_driver.ovsdb.ovsdb_monitor [None req-736d4ec4-4fb9-4b74-ad35-f322bfecbfea None None] Hash Ring: Node 8a2752f2c6435f979ae753058145ec8e (host: np0000181975) handling event "update" for row 359abfb2-2b4b-4425-a0e5-35d41e4e3194 (table: Logical_Switch_Port) {{(pid=103149) notify /opt/stack/neutron/neutron/plugins/ml2/drivers/ovn/mech_driver/ovsdb/ovsdb_monitor.py:1015}}
Jun 18 13:10:26.231871 np0000181975 devstack@neutron-api.service[103151]: DEBUG neutron.plugins.ml2.drivers.ovn.mech_driver.ovsdb.ovsdb_monitor [None req-a0b5affd-9f9a-499f-837d-b9353250afc7 None None] Hash Ring: Node 10ac8904749150f98a3fad905ed84743 (host: np0000181975) handling event "create" for row 4d02fb0f-6bc7-4bde-bdc7-48214264dcba (table: DHCP_Options) {{(pid=103151) notify /opt/stack/neutron/neutron/plugins/ml2/drivers/ovn/mech_driver/ovsdb/ovsdb_monitor.py:1015}}
Jun 18 13:10:26.232727 np0000181975 devstack@neutron-api.service[103148]: DEBUG neutron.plugins.ml2.drivers.ovn.mech_driver.ovsdb.ovsdb_monitor [None req-c4bb0ea9-13d5-4e79-8003-7cae0e0a56a4 None None] Hash Ring: Node 578e5c75ac3458868fa8320324138eba (host: np0000181975) handling event "update" for row fd098581-5691-4c4f-8554-09129116725e (table: Port_Binding) {{(pid=103148) notify /opt/stack/neutron/neutron/plugins/ml2/drivers/ovn/mech_driver/ovsdb/ovsdb_monitor.py:1015}}
Jun 18 13:10:26.259571 np0000181975 devstack@neutron-api.service[103150]: INFO neutron.db.ovn_revision_numbers_db [None req-cb760636-97e4-44cd-9e96-99ff6b4dd2c6 admin admin] Successfully bumped revision number for resource ec84c365-917f-4ff7-8210-e987b07e7ceb (type: ports) to 2
Jun 18 13:10:26.269897 np0000181975 devstack@neutron-api.service[103150]: DEBUG neutron.plugins.ml2.plugin [None req-cb760636-97e4-44cd-9e96-99ff6b4dd2c6 admin admin] In _notify_port_updated(), no bound segment for port ec84c365-917f-4ff7-8210-e987b07e7ceb on network 400d49d2-ba0f-4736-a728-a8762fa00d2e {{(pid=103150) _notify_port_updated /opt/stack/neutron/neutron/plugins/ml2/plugin.py:1038}}
Jun 18 13:10:26.289244 np0000181975 devstack@neutron-api.service[103150]: INFO neutron.db.ovn_revision_numbers_db [None req-cb760636-97e4-44cd-9e96-99ff6b4dd2c6 admin admin] Successfully bumped revision number for resource d3a1e000-9923-4979-afa5-3ed70b572c07 (type: subnets) to 0
Jun 18 13:10:26.290511 np0000181975 devstack@neutron-api.service[103150]: DEBUG neutron.pecan_wsgi.hooks.policy_enforcement [None req-cb760636-97e4-44cd-9e96-99ff6b4dd2c6 admin admin] Attributes excluded by policy engine: ['standard_attr_id', 'shared', 'network'] {{(pid=103150) _exclude_attributes_by_policy /opt/stack/neutron/neutron/pecan_wsgi/hooks/policy_enforcement.py:259}}
Jun 18 13:10:26.290760 np0000181975 devstack@neutron-api.service[103150]: DEBUG neutron_lib.callbacks.manager [None req-cb760636-97e4-44cd-9e96-99ff6b4dd2c6 admin admin] Publish callbacks [] for subnet (None), before_response {{(pid=103150) _notify_loop /opt/stack/data/venv/lib/python3.12/site-packages/neutron_lib/callbacks/manager.py:184}}
Jun 18 13:10:26.302477 np0000181975 devstack@neutron-api.service[103150]: [pid: 103150|app: 0|req: 25/99] 199.204.45.25 () {68 vars in 1348 bytes} [Thu Jun 18 13:10:25 2026] POST /networking/v2.0/subnets => generated 625 bytes in 565 msecs (HTTP/1.1 201) 4 headers in 162 bytes (1 switches on core 0)
Jun 18 13:10:26.525326 np0000181975 devstack@neutron-api.service[103149]: INFO neutron.pecan_wsgi.hooks.translation [None req-e30e816a-0fc9-4bdc-a54d-3a317e03427e admin admin] GET failed (client error): The resource could not be found.
Jun 18 13:10:26.526243 np0000181975 devstack@neutron-api.service[103149]: [pid: 103149|app: 0|req: 25/100] 199.204.45.25 () {64 vars in 1333 bytes} [Thu Jun 18 13:10:26 2026] GET /networking/v2.0/subnets/admin_subnet => generated 112 bytes in 12 msecs (HTTP/1.1 404) 4 headers in 164 bytes (1 switches on core 0)
Jun 18 13:10:26.558244 np0000181975 devstack@neutron-api.service[103151]: DEBUG neutron.pecan_wsgi.hooks.policy_enforcement [None req-bce66e58-aa10-4d2e-9ffc-1b19aad5de82 admin admin] Attributes excluded by policy engine: ['standard_attr_id', 'shared'] {{(pid=103151) _exclude_attributes_by_policy /opt/stack/neutron/neutron/pecan_wsgi/hooks/policy_enforcement.py:259}}
Jun 18 13:10:26.560052 np0000181975 devstack@neutron-api.service[103151]: [pid: 103151|app: 0|req: 25/101] 199.204.45.25 () {64 vars in 1342 bytes} [Thu Jun 18 13:10:26 2026] GET /networking/v2.0/subnets?name=admin_subnet => generated 628 bytes in 24 msecs (HTTP/1.1 200) 4 headers in 157 bytes (1 switches on core 0)
Jun 18 13:10:29.612178 np0000181975 devstack@neutron-api.service[103148]: DEBUG neutron.plugins.ml2.drivers.ovn.mech_driver.ovsdb.ovsdb_monitor [None req-c4bb0ea9-13d5-4e79-8003-7cae0e0a56a4 None None] ChassisOVNAgentWriteEvent : Matched Chassis_Private, update, None None {{(pid=103148) matches /opt/stack/neutron/neutron/plugins/ml2/drivers/ovn/mech_driver/ovsdb/ovsdb_monitor.py:64}}
Jun 18 13:10:29.616586 np0000181975 devstack@neutron-api.service[103151]: DEBUG neutron.plugins.ml2.drivers.ovn.mech_driver.ovsdb.ovsdb_monitor [None req-2628b736-02da-4d65-8192-2d4af7de0c47 None None] ChassisOVNAgentWriteEvent : Matched Chassis_Private, update, None None {{(pid=103151) matches /opt/stack/neutron/neutron/plugins/ml2/drivers/ovn/mech_driver/ovsdb/ovsdb_monitor.py:64}}
Jun 18 13:10:29.617343 np0000181975 devstack@neutron-api.service[103150]: DEBUG neutron.plugins.ml2.drivers.ovn.mech_driver.ovsdb.ovsdb_monitor [None req-28f1eeba-849e-49ea-b192-db359b1f9172 None None] ChassisOVNAgentWriteEvent : Matched Chassis_Private, update, None None {{(pid=103150) matches /opt/stack/neutron/neutron/plugins/ml2/drivers/ovn/mech_driver/ovsdb/ovsdb_monitor.py:64}}
Jun 18 13:10:29.618088 np0000181975 devstack@neutron-api.service[103149]: DEBUG neutron.plugins.ml2.drivers.ovn.mech_driver.ovsdb.ovsdb_monitor [None req-802c38cd-b793-4d6f-a145-555a4b675491 None None] ChassisOVNAgentWriteEvent : Matched Chassis_Private, update, None None {{(pid=103149) matches /opt/stack/neutron/neutron/plugins/ml2/drivers/ovn/mech_driver/ovsdb/ovsdb_monitor.py:64}}
Jun 18 13:10:29.618646 np0000181975 devstack@neutron-api.service[103149]: DEBUG neutron.plugins.ml2.drivers.ovn.mech_driver.ovsdb.ovsdb_monitor [None req-802c38cd-b793-4d6f-a145-555a4b675491 None None] Hash Ring: Node 8a2752f2c6435f979ae753058145ec8e (host: np0000181975) handling event "update" for row 8930cd22-6504-4c1f-b85a-bea22337a7a2 (table: Chassis_Private) {{(pid=103149) notify /opt/stack/neutron/neutron/plugins/ml2/drivers/ovn/mech_driver/ovsdb/ovsdb_monitor.py:1015}}
Jun 18 13:10:31.273221 np0000181975 devstack@neutron-api.service[103148]: [pid: 103148|app: 0|req: 27/102] 199.204.45.25 () {64 vars in 1362 bytes} [Thu Jun 18 13:10:31 2026] GET /networking/v2.0/ports?device_id=manila-admin-share&binding%3Ahost_id=np0000181975 => generated 12 bytes in 91 msecs (HTTP/1.1 200) 4 headers in 156 bytes (1 switches on core 0)
Jun 18 13:10:31.318168 np0000181975 devstack@neutron-api.service[103150]: DEBUG neutron.api.wsgi [None req-f3604f96-3523-4294-a063-73966271c418 service neutron] Missing Content-Type {{(pid=103150) get_content_type /opt/stack/neutron/neutron/api/wsgi.py:80}}
Jun 18 13:10:31.318168 np0000181975 devstack@neutron-api.service[103150]: DEBUG neutron.api.wsgi [None req-f3604f96-3523-4294-a063-73966271c418 service neutron] https://199.204.45.25/networking/v2.0/extensions returned with HTTP 200 {{(pid=103150) __call__ /opt/stack/neutron/neutron/api/wsgi.py:540}}
Jun 18 13:10:31.318168 np0000181975 devstack@neutron-api.service[103150]: [pid: 103150|app: 0|req: 26/103] 199.204.45.25 () {64 vars in 1258 bytes} [Thu Jun 18 13:10:31 2026] GET /networking/v2.0/extensions => generated 15873 bytes in 4 msecs (HTTP/1.1 200) 4 headers in 159 bytes (1 switches on core 0)
Jun 18 13:10:31.359123 np0000181975 devstack@neutron-api.service[103149]: DEBUG neutron.api.v2.base [None req-ce4ae065-88a7-4b2e-81da-f260d5c71bee service neutron] Request body: {'port': {'network_id': '400d49d2-ba0f-4736-a728-a8762fa00d2e', 'admin_state_up': True, 'tenant_id': '46056f2f563849938ae6e50b45353c98', 'port_security_enabled': False, 'binding:host_id': 'np0000181975', 'fixed_ips': [{'subnet_id': 'd3a1e000-9923-4979-afa5-3ed70b572c07'}], 'device_owner': 'manila:share', 'device_id': 'manila-admin-share'}} {{(pid=103149) prepare_request_body /opt/stack/neutron/neutron/api/v2/base.py:727}}
Jun 18 13:10:31.377685 np0000181975 devstack@neutron-api.service[103149]: DEBUG neutron.pecan_wsgi.hooks.quota_enforcement [None req-ce4ae065-88a7-4b2e-81da-f260d5c71bee service neutron] Made reservation on behalf of 46056f2f563849938ae6e50b45353c98 for: {'port': 1} {{(pid=103149) before /opt/stack/neutron/neutron/pecan_wsgi/hooks/quota_enforcement.py:66}}
Jun 18 13:10:31.382754 np0000181975 devstack@neutron-api.service[103149]: DEBUG neutron_lib.callbacks.manager [None req-ce4ae065-88a7-4b2e-81da-f260d5c71bee service neutron] Publish callbacks ['neutron.plugins.ml2.plugin.SecurityGroupDbMixin._ensure_default_security_group_handler-3255928'] for port (None), before_create {{(pid=103149) _notify_loop /opt/stack/data/venv/lib/python3.12/site-packages/neutron_lib/callbacks/manager.py:184}}
Jun 18 13:10:31.455028 np0000181975 devstack@neutron-api.service[103149]: DEBUG neutron.db.db_base_plugin_common [None req-ce4ae065-88a7-4b2e-81da-f260d5c71bee service neutron] Allocated IP 10.2.5.91 (400d49d2-ba0f-4736-a728-a8762fa00d2e/d3a1e000-9923-4979-afa5-3ed70b572c07/a9def765-ac24-48aa-a0a7-1b762a067a3f) {{(pid=103149) _store_ip_allocation /opt/stack/neutron/neutron/db/db_base_plugin_common.py:131}}
Jun 18 13:10:31.697776 np0000181975 devstack@neutron-api.service[103149]: DEBUG neutron_lib.callbacks.manager [None req-ce4ae065-88a7-4b2e-81da-f260d5c71bee service neutron] Publish callbacks ['neutron.plugins.ml2.drivers.ovn.mech_driver.mech_driver.OVNMechanismDriver._validate_allowed_address_pairs-1879513'] for allowed_address_pair (a9def765-ac24-48aa-a0a7-1b762a067a3f), before_create {{(pid=103149) _notify_loop /opt/stack/data/venv/lib/python3.12/site-packages/neutron_lib/callbacks/manager.py:184}}
Jun 18 13:10:31.699824 np0000181975 devstack@neutron-api.service[103149]: DEBUG neutron_lib.callbacks.manager [None req-ce4ae065-88a7-4b2e-81da-f260d5c71bee service neutron] Publish callbacks [] for port (a9def765-ac24-48aa-a0a7-1b762a067a3f), precommit_create {{(pid=103149) _notify_loop /opt/stack/data/venv/lib/python3.12/site-packages/neutron_lib/callbacks/manager.py:184}}
Jun 18 13:10:31.704738 np0000181975 devstack@neutron-api.service[103149]: DEBUG neutron.db.provisioning_blocks [None req-ce4ae065-88a7-4b2e-81da-f260d5c71bee service neutron] Transition to ACTIVE for port object a9def765-ac24-48aa-a0a7-1b762a067a3f will not be triggered until provisioned by entity L2. {{(pid=103149) add_provisioning_component /opt/stack/neutron/neutron/db/provisioning_blocks.py:74}}
Jun 18 13:10:31.704898 np0000181975 devstack@neutron-api.service[103149]: DEBUG neutron.db.ovn_revision_numbers_db [None req-ce4ae065-88a7-4b2e-81da-f260d5c71bee service neutron] create_initial_revision uuid=a9def765-ac24-48aa-a0a7-1b762a067a3f, type=ports, rev=-1 {{(pid=103149) create_initial_revision /opt/stack/neutron/neutron/db/ovn_revision_numbers_db.py:98}}
Jun 18 13:10:31.717860 np0000181975 devstack@neutron-api.service[103149]: DEBUG neutron_lib.callbacks.manager [None req-ce4ae065-88a7-4b2e-81da-f260d5c71bee service neutron] Publish callbacks ['neutron.plugins.ml2.ovo_rpc._ObjectChangeHandler.handle_event-1218843'] for port (a9def765-ac24-48aa-a0a7-1b762a067a3f), after_create {{(pid=103149) _notify_loop /opt/stack/data/venv/lib/python3.12/site-packages/neutron_lib/callbacks/manager.py:184}}
Jun 18 13:10:31.739505 np0000181975 devstack@neutron-api.service[103149]: DEBUG neutron.api.rpc.handlers.resources_rpc [None req-ce4ae065-88a7-4b2e-81da-f260d5c71bee service neutron] Pushing event updated for resources: {'Port': ['ID=a9def765-ac24-48aa-a0a7-1b762a067a3f,revision_number=1']} {{(pid=103149) push /opt/stack/neutron/neutron/api/rpc/handlers/resources_rpc.py:237}}
Jun 18 13:10:31.745785 np0000181975 devstack@neutron-api.service[103149]: DEBUG neutron.api.rpc.callbacks.version_manager [None req-ce4ae065-88a7-4b2e-81da-f260d5c71bee service neutron] Tracked resource versions report:
Jun 18 13:10:31.745785 np0000181975 devstack@neutron-api.service[103149]: pushed versions:
Jun 18 13:10:31.745785 np0000181975 devstack@neutron-api.service[103149]: { 'AddressGroup': {'1.2'},
Jun 18 13:10:31.745785 np0000181975 devstack@neutron-api.service[103149]: 'Agent': {'1.1'},
Jun 18 13:10:31.745785 np0000181975 devstack@neutron-api.service[103149]: 'ConntrackHelper': {'1.0'},
Jun 18 13:10:31.745785 np0000181975 devstack@neutron-api.service[103149]: 'LocalIPAssociation': {'1.0'},
Jun 18 13:10:31.745785 np0000181975 devstack@neutron-api.service[103149]: 'Log': {'1.0'},
Jun 18 13:10:31.745785 np0000181975 devstack@neutron-api.service[103149]: 'NDPProxy': {'1.0'},
Jun 18 13:10:31.745785 np0000181975 devstack@neutron-api.service[103149]: 'Network': {'1.3'},
Jun 18 13:10:31.745785 np0000181975 devstack@neutron-api.service[103149]: 'Port': {'1.11'},
Jun 18 13:10:31.745785 np0000181975 devstack@neutron-api.service[103149]: 'PortForwarding': {'1.3'},
Jun 18 13:10:31.745785 np0000181975 devstack@neutron-api.service[103149]: 'QosPolicy': {'1.10'},
Jun 18 13:10:31.745785 np0000181975 devstack@neutron-api.service[103149]: 'SecurityGroup': {'1.6'},
Jun 18 13:10:31.745785 np0000181975 devstack@neutron-api.service[103149]: 'SecurityGroupRule': {'1.3'},
Jun 18 13:10:31.745785 np0000181975 devstack@neutron-api.service[103149]: 'SubPort': {'1.0'},
Jun 18 13:10:31.745785 np0000181975 devstack@neutron-api.service[103149]: 'Subnet': {'1.2'},
Jun 18 13:10:31.745785 np0000181975 devstack@neutron-api.service[103149]: 'Trunk': {'1.1'}}
Jun 18 13:10:31.745785 np0000181975 devstack@neutron-api.service[103149]: consumer versions:
Jun 18 13:10:31.745785 np0000181975 devstack@neutron-api.service[103149]: { OVN Neutron agent@np0000181975: {},
Jun 18 13:10:31.745785 np0000181975 devstack@neutron-api.service[103149]: OVN Controller Gateway agent@np0000181975: {}}
Jun 18 13:10:31.745785 np0000181975 devstack@neutron-api.service[103149]: {{(pid=103149) report /opt/stack/neutron/neutron/api/rpc/callbacks/version_manager.py:183}}
Jun 18 13:10:31.779582 np0000181975 devstack@neutron-api.service[103149]: DEBUG neutron.plugins.ml2.drivers.ovn.mech_driver.ovsdb.commands [None req-ce4ae065-88a7-4b2e-81da-f260d5c71bee service neutron] Converting tag [] to a tag_request {{(pid=103149) _tag_column_to_tag_request /opt/stack/neutron/neutron/plugins/ml2/drivers/ovn/mech_driver/ovsdb/commands.py:205}}
Jun 18 13:10:31.780193 np0000181975 devstack@neutron-api.service[103149]: DEBUG ovsdbapp.backend.ovs_idl.transaction [None req-736d4ec4-4fb9-4b74-ad35-f322bfecbfea None None] Running txn n=1 command(idx=0): AddLSwitchPortCommand(_result=None, lport=a9def765-ac24-48aa-a0a7-1b762a067a3f, lswitch=neutron-400d49d2-ba0f-4736-a728-a8762fa00d2e, may_exist=True, network_uuid=400d49d2-ba0f-4736-a728-a8762fa00d2e, columns={'addresses': ['fa:16:3e:20:9b:cc 10.2.5.91', 'unknown'], 'external_ids': {'neutron:port_name': '', 'neutron:device_id': 'manila-admin-share', 'neutron:project_id': '46056f2f563849938ae6e50b45353c98', 'neutron:cidrs': '10.2.5.91/24', 'neutron:device_owner': 'manila:share', 'neutron:subnet_pool_addr_scope4': '', 'neutron:subnet_pool_addr_scope6': '', 'neutron:network_name': 'neutron-400d49d2-ba0f-4736-a728-a8762fa00d2e', 'neutron:security_group_ids': '', 'neutron:revision_number': '1', 'neutron:vnic_type': 'normal', 'neutron:port_capabilities': '', 'neutron:mtu': ''}, 'parent_name': [], 'enabled': True, 'options': {'requested-chassis': 'np0000181975'}, 'type': '', 'port_security': [], 'dhcpv4_options': [UUID('4d02fb0f-6bc7-4bde-bdc7-48214264dcba')], 'dhcpv6_options': [], 'tag_request': []}) {{(pid=103149) do_commit /opt/stack/data/venv/lib/python3.12/site-packages/ovsdbapp/backend/ovs_idl/transaction.py:89}}
Jun 18 13:10:31.780831 np0000181975 devstack@neutron-api.service[103149]: DEBUG ovsdbapp.backend.ovs_idl.transaction [None req-736d4ec4-4fb9-4b74-ad35-f322bfecbfea None None] Running txn n=1 command(idx=1): QoSDelCommand(_result=None, switch=neutron-400d49d2-ba0f-4736-a728-a8762fa00d2e, conditions=[('direction', '=', 'to-lport'), ('priority', '=', 2002), ('match', '=', 'outport == "a9def765-ac24-48aa-a0a7-1b762a067a3f"')], if_exists=True) {{(pid=103149) do_commit /opt/stack/data/venv/lib/python3.12/site-packages/ovsdbapp/backend/ovs_idl/transaction.py:89}}
Jun 18 13:10:31.781043 np0000181975 devstack@neutron-api.service[103149]: DEBUG ovsdbapp.backend.ovs_idl.transaction [None req-736d4ec4-4fb9-4b74-ad35-f322bfecbfea None None] Running txn n=1 command(idx=2): QoSDelCommand(_result=None, switch=neutron-400d49d2-ba0f-4736-a728-a8762fa00d2e, conditions=[('direction', '=', 'from-lport'), ('priority', '=', 2002), ('match', '=', 'inport == "a9def765-ac24-48aa-a0a7-1b762a067a3f"')], if_exists=True) {{(pid=103149) do_commit /opt/stack/data/venv/lib/python3.12/site-packages/ovsdbapp/backend/ovs_idl/transaction.py:89}}
Jun 18 13:10:31.798771 np0000181975 devstack@neutron-api.service[103148]: DEBUG neutron.plugins.ml2.drivers.ovn.mech_driver.ovsdb.ovsdb_monitor [None req-26a920c8-458a-4aad-8d26-09dd769eb9e0 None None] Hash Ring: Node 578e5c75ac3458868fa8320324138eba (host: np0000181975) handling event "update" for row 400d49d2-ba0f-4736-a728-a8762fa00d2e (table: Logical_Switch) {{(pid=103148) notify /opt/stack/neutron/neutron/plugins/ml2/drivers/ovn/mech_driver/ovsdb/ovsdb_monitor.py:1015}}
Jun 18 13:10:31.798914 np0000181975 devstack@neutron-api.service[103151]: DEBUG neutron.plugins.ml2.drivers.ovn.mech_driver.ovsdb.ovsdb_monitor [None req-2628b736-02da-4d65-8192-2d4af7de0c47 None None] Hash Ring: Node 10ac8904749150f98a3fad905ed84743 (host: np0000181975) handling event "create" for row a989edcb-a0a7-4faf-9492-f6778195f24a (table: Port_Binding) {{(pid=103151) notify /opt/stack/neutron/neutron/plugins/ml2/drivers/ovn/mech_driver/ovsdb/ovsdb_monitor.py:1015}}
Jun 18 13:10:31.799628 np0000181975 devstack@neutron-api.service[103150]: DEBUG neutron.plugins.ml2.drivers.ovn.mech_driver.ovsdb.ovsdb_monitor [None req-dc8dbb8b-103d-429e-a8d4-ff3c8f61f4f3 None None] Hash Ring: Node 82c4c3a679b658b49acc1bcc997ecd7a (host: np0000181975) handling event "create" for row 4f2ec77a-3037-46c0-bcb5-621458f62f9a (table: Logical_Switch_Port) {{(pid=103150) notify /opt/stack/neutron/neutron/plugins/ml2/drivers/ovn/mech_driver/ovsdb/ovsdb_monitor.py:1015}}
Jun 18 13:10:31.804929 np0000181975 devstack@neutron-api.service[103150]: DEBUG ovsdbapp.backend.ovs_idl.event [None req-dc8dbb8b-103d-429e-a8d4-ff3c8f61f4f3 None None] Matched CREATE: LogicalSwitchPortCreateEvent(events=('create',), table='Logical_Switch_Port', conditions=[], old_conditions=None), priority=20 to row=Logical_Switch_Port(uuid=4f2ec77a-3037-46c0-bcb5-621458f62f9a, addresses=['fa:16:3e:20:9b:cc 10.2.5.91', 'unknown'], dhcpv4_options=4d02fb0f-6bc7-4bde-bdc7-48214264dcba, dhcpv6_options=[], dynamic_addresses=[], enabled=True, external_ids={'neutron:cidrs': '10.2.5.91/24', 'neutron:device_id': 'manila-admin-share', 'neutron:device_owner': 'manila:share', 'neutron:mtu': '', 'neutron:network_name': 'neutron-400d49d2-ba0f-4736-a728-a8762fa00d2e', 'neutron:port_capabilities': '', 'neutron:port_name': '', 'neutron:project_id': '46056f2f563849938ae6e50b45353c98', 'neutron:revision_number': '1', 'neutron:security_group_ids': '', 'neutron:subnet_pool_addr_scope4': '', 'neutron:subnet_pool_addr_scope6': '', 'neutron:vnic_type': 'normal'}, ha_chassis_group=[], mirror_rules=[], name='a9def765-ac24-48aa-a0a7-1b762a067a3f', options={'requested-chassis': 'np0000181975'}, parent_name=[], port_security=[], tag=[], tag_request=[], type='', up=[]) old= {{(pid=103150) matches /opt/stack/data/venv/lib/python3.12/site-packages/ovsdbapp/backend/ovs_idl/event.py:55}}
