Feb 17 20:33:48.405040 np0000156149 neutron-periodic-workers[105536]: DEBUG cotyledon.oslo_config_glue [-] ml2.tunnelled_network_rp_name = rp_tunnelled {{(pid=105536) log_opt_values /opt/stack/data/venv/lib/python3.12/site-packages/oslo_config/cfg.py:2824}}
Feb 17 20:33:48.405040 np0000156149 neutron-periodic-workers[105536]: DEBUG cotyledon.oslo_config_glue [-] ml2.type_drivers = ['local', 'flat', 'vlan', 'geneve'] {{(pid=105536) log_opt_values /opt/stack/data/venv/lib/python3.12/site-packages/oslo_config/cfg.py:2824}}
Feb 17 20:33:48.405344 np0000156149 neutron-periodic-workers[105536]: DEBUG cotyledon.oslo_config_glue [-] ml2_type_flat.flat_networks = ['public'] {{(pid=105536) log_opt_values /opt/stack/data/venv/lib/python3.12/site-packages/oslo_config/cfg.py:2824}}
Feb 17 20:33:48.405344 np0000156149 neutron-periodic-workers[105536]: DEBUG cotyledon.oslo_config_glue [-] ml2_type_geneve.max_header_size = 38 {{(pid=105536) log_opt_values /opt/stack/data/venv/lib/python3.12/site-packages/oslo_config/cfg.py:2824}}
Feb 17 20:33:48.405344 np0000156149 neutron-periodic-workers[105536]: DEBUG cotyledon.oslo_config_glue [-] ml2_type_geneve.vni_ranges = ['1:65536'] {{(pid=105536) log_opt_values /opt/stack/data/venv/lib/python3.12/site-packages/oslo_config/cfg.py:2824}}
Feb 17 20:33:48.405344 np0000156149 neutron-periodic-workers[105536]: DEBUG cotyledon.oslo_config_glue [-] ml2_type_vlan.network_vlan_ranges = ['public'] {{(pid=105536) log_opt_values /opt/stack/data/venv/lib/python3.12/site-packages/oslo_config/cfg.py:2824}}
Feb 17 20:33:48.405344 np0000156149 neutron-periodic-workers[105536]: DEBUG cotyledon.oslo_config_glue [-] network_log.burst_limit = 25 {{(pid=105536) log_opt_values /opt/stack/data/venv/lib/python3.12/site-packages/oslo_config/cfg.py:2824}}
Feb 17 20:33:48.405344 np0000156149 neutron-periodic-workers[105536]: DEBUG cotyledon.oslo_config_glue [-] network_log.local_output_log_base = None {{(pid=105536) log_opt_values /opt/stack/data/venv/lib/python3.12/site-packages/oslo_config/cfg.py:2824}}
Feb 17 20:33:48.405344 np0000156149 neutron-periodic-workers[105536]: DEBUG cotyledon.oslo_config_glue [-] network_log.rate_limit = 100 {{(pid=105536) log_opt_values /opt/stack/data/venv/lib/python3.12/site-packages/oslo_config/cfg.py:2824}}
Feb 17 20:33:48.405344 np0000156149 neutron-periodic-workers[105536]: DEBUG cotyledon.oslo_config_glue [-] database.asyncio_connection = **** {{(pid=105536) log_opt_values /opt/stack/data/venv/lib/python3.12/site-packages/oslo_config/cfg.py:2824}}
Feb 17 20:33:48.405344 np0000156149 neutron-periodic-workers[105536]: DEBUG cotyledon.oslo_config_glue [-] database.asyncio_slave_connection = **** {{(pid=105536) log_opt_values /opt/stack/data/venv/lib/python3.12/site-packages/oslo_config/cfg.py:2824}}
Feb 17 20:33:48.405611 np0000156149 neutron-periodic-workers[105536]: DEBUG cotyledon.oslo_config_glue [-] database.backend = sqlalchemy {{(pid=105536) log_opt_values /opt/stack/data/venv/lib/python3.12/site-packages/oslo_config/cfg.py:2824}}
Feb 17 20:33:48.405611 np0000156149 neutron-periodic-workers[105536]: DEBUG cotyledon.oslo_config_glue [-] database.connection = **** {{(pid=105536) log_opt_values /opt/stack/data/venv/lib/python3.12/site-packages/oslo_config/cfg.py:2824}}
Feb 17 20:33:48.405611 np0000156149 neutron-periodic-workers[105536]: DEBUG cotyledon.oslo_config_glue [-] database.connection_debug = 0 {{(pid=105536) log_opt_values /opt/stack/data/venv/lib/python3.12/site-packages/oslo_config/cfg.py:2824}}
Feb 17 20:33:48.405611 np0000156149 neutron-periodic-workers[105536]: DEBUG cotyledon.oslo_config_glue [-] database.connection_parameters = {{(pid=105536) log_opt_values /opt/stack/data/venv/lib/python3.12/site-packages/oslo_config/cfg.py:2824}}
Feb 17 20:33:48.405611 np0000156149 neutron-periodic-workers[105536]: DEBUG cotyledon.oslo_config_glue [-] database.connection_recycle_time = 3600 {{(pid=105536) log_opt_values /opt/stack/data/venv/lib/python3.12/site-packages/oslo_config/cfg.py:2824}}
Feb 17 20:33:48.405611 np0000156149 neutron-periodic-workers[105536]: DEBUG cotyledon.oslo_config_glue [-] database.connection_trace = False {{(pid=105536) log_opt_values /opt/stack/data/venv/lib/python3.12/site-packages/oslo_config/cfg.py:2824}}
Feb 17 20:33:48.405611 np0000156149 neutron-periodic-workers[105536]: DEBUG cotyledon.oslo_config_glue [-] database.db_inc_retry_interval = True {{(pid=105536) log_opt_values /opt/stack/data/venv/lib/python3.12/site-packages/oslo_config/cfg.py:2824}}
Feb 17 20:33:48.405611 np0000156149 neutron-periodic-workers[105536]: DEBUG cotyledon.oslo_config_glue [-] database.db_max_retries = 20 {{(pid=105536) log_opt_values /opt/stack/data/venv/lib/python3.12/site-packages/oslo_config/cfg.py:2824}}
Feb 17 20:33:48.405611 np0000156149 neutron-periodic-workers[105536]: DEBUG cotyledon.oslo_config_glue [-] database.db_max_retry_interval = 10 {{(pid=105536) log_opt_values /opt/stack/data/venv/lib/python3.12/site-packages/oslo_config/cfg.py:2824}}
Feb 17 20:33:48.405831 np0000156149 neutron-periodic-workers[105536]: DEBUG cotyledon.oslo_config_glue [-] database.db_retry_interval = 1 {{(pid=105536) log_opt_values /opt/stack/data/venv/lib/python3.12/site-packages/oslo_config/cfg.py:2824}}
Feb 17 20:33:48.405831 np0000156149 neutron-periodic-workers[105536]: DEBUG cotyledon.oslo_config_glue [-] database.max_overflow = 50 {{(pid=105536) log_opt_values /opt/stack/data/venv/lib/python3.12/site-packages/oslo_config/cfg.py:2824}}
Feb 17 20:33:48.405831 np0000156149 neutron-periodic-workers[105536]: DEBUG cotyledon.oslo_config_glue [-] database.max_pool_size = 5 {{(pid=105536) log_opt_values /opt/stack/data/venv/lib/python3.12/site-packages/oslo_config/cfg.py:2824}}
Feb 17 20:33:48.405831 np0000156149 neutron-periodic-workers[105536]: DEBUG cotyledon.oslo_config_glue [-] database.max_retries = 10 {{(pid=105536) log_opt_values /opt/stack/data/venv/lib/python3.12/site-packages/oslo_config/cfg.py:2824}}
Feb 17 20:33:48.405831 np0000156149 neutron-periodic-workers[105536]: DEBUG cotyledon.oslo_config_glue [-] database.mysql_sql_mode = TRADITIONAL {{(pid=105536) log_opt_values /opt/stack/data/venv/lib/python3.12/site-packages/oslo_config/cfg.py:2824}}
Feb 17 20:33:48.405831 np0000156149 neutron-periodic-workers[105536]: DEBUG cotyledon.oslo_config_glue [-] database.mysql_wsrep_sync_wait = None {{(pid=105536) log_opt_values /opt/stack/data/venv/lib/python3.12/site-packages/oslo_config/cfg.py:2824}}
Feb 17 20:33:48.405831 np0000156149 neutron-periodic-workers[105536]: DEBUG cotyledon.oslo_config_glue [-] database.pool_timeout = None {{(pid=105536) log_opt_values /opt/stack/data/venv/lib/python3.12/site-packages/oslo_config/cfg.py:2824}}
Feb 17 20:33:48.405831 np0000156149 neutron-periodic-workers[105536]: DEBUG cotyledon.oslo_config_glue [-] database.retry_interval = 10 {{(pid=105536) log_opt_values /opt/stack/data/venv/lib/python3.12/site-packages/oslo_config/cfg.py:2824}}
Feb 17 20:33:48.405831 np0000156149 neutron-periodic-workers[105536]: DEBUG cotyledon.oslo_config_glue [-] database.slave_connection = **** {{(pid=105536) log_opt_values /opt/stack/data/venv/lib/python3.12/site-packages/oslo_config/cfg.py:2824}}
Feb 17 20:33:48.406070 np0000156149 neutron-periodic-workers[105536]: DEBUG cotyledon.oslo_config_glue [-] database.sqlite_synchronous = True {{(pid=105536) log_opt_values /opt/stack/data/venv/lib/python3.12/site-packages/oslo_config/cfg.py:2824}}
Feb 17 20:33:48.406070 np0000156149 neutron-periodic-workers[105536]: DEBUG cotyledon.oslo_config_glue [-] database.synchronous_reader = True {{(pid=105536) log_opt_values /opt/stack/data/venv/lib/python3.12/site-packages/oslo_config/cfg.py:2824}}
Feb 17 20:33:48.406070 np0000156149 neutron-periodic-workers[105536]: DEBUG cotyledon.oslo_config_glue [-] database.use_db_reconnect = False {{(pid=105536) log_opt_values /opt/stack/data/venv/lib/python3.12/site-packages/oslo_config/cfg.py:2824}}
Feb 17 20:33:48.406070 np0000156149 neutron-periodic-workers[105536]: DEBUG cotyledon.oslo_config_glue [-] ovn.broadcast_arps_to_all_routers = True {{(pid=105536) log_opt_values /opt/stack/data/venv/lib/python3.12/site-packages/oslo_config/cfg.py:2824}}
Feb 17 20:33:48.406070 np0000156149 neutron-periodic-workers[105536]: DEBUG cotyledon.oslo_config_glue [-] ovn.dhcp_default_lease_time = 43200 {{(pid=105536) log_opt_values /opt/stack/data/venv/lib/python3.12/site-packages/oslo_config/cfg.py:2824}}
Feb 17 20:33:48.406070 np0000156149 neutron-periodic-workers[105536]: DEBUG cotyledon.oslo_config_glue [-] ovn.disable_ovn_dhcp_for_baremetal_ports = False {{(pid=105536) log_opt_values /opt/stack/data/venv/lib/python3.12/site-packages/oslo_config/cfg.py:2824}}
Feb 17 20:33:48.406070 np0000156149 neutron-periodic-workers[105536]: DEBUG cotyledon.oslo_config_glue [-] ovn.dns_records_ovn_owned = False {{(pid=105536) log_opt_values /opt/stack/data/venv/lib/python3.12/site-packages/oslo_config/cfg.py:2824}}
Feb 17 20:33:48.406070 np0000156149 neutron-periodic-workers[105536]: DEBUG cotyledon.oslo_config_glue [-] ovn.dns_servers = [] {{(pid=105536) log_opt_values /opt/stack/data/venv/lib/python3.12/site-packages/oslo_config/cfg.py:2824}}
Feb 17 20:33:48.406070 np0000156149 neutron-periodic-workers[105536]: DEBUG cotyledon.oslo_config_glue [-] ovn.enable_distributed_floating_ip = False {{(pid=105536) log_opt_values /opt/stack/data/venv/lib/python3.12/site-packages/oslo_config/cfg.py:2824}}
Feb 17 20:33:48.406307 np0000156149 neutron-periodic-workers[105536]: DEBUG cotyledon.oslo_config_glue [-] ovn.fdb_age_threshold = 0 {{(pid=105536) log_opt_values /opt/stack/data/venv/lib/python3.12/site-packages/oslo_config/cfg.py:2824}}
Feb 17 20:33:48.406307 np0000156149 neutron-periodic-workers[105536]: DEBUG cotyledon.oslo_config_glue [-] ovn.live_migration_activation_strategy = rarp {{(pid=105536) log_opt_values /opt/stack/data/venv/lib/python3.12/site-packages/oslo_config/cfg.py:2824}}
Feb 17 20:33:48.406307 np0000156149 neutron-periodic-workers[105536]: DEBUG cotyledon.oslo_config_glue [-] ovn.localnet_learn_fdb = False {{(pid=105536) log_opt_values /opt/stack/data/venv/lib/python3.12/site-packages/oslo_config/cfg.py:2824}}
Feb 17 20:33:48.406307 np0000156149 neutron-periodic-workers[105536]: DEBUG cotyledon.oslo_config_glue [-] ovn.mac_binding_age_threshold = 0 {{(pid=105536) log_opt_values /opt/stack/data/venv/lib/python3.12/site-packages/oslo_config/cfg.py:2824}}
Feb 17 20:33:48.406307 np0000156149 neutron-periodic-workers[105536]: DEBUG cotyledon.oslo_config_glue [-] ovn.neutron_sync_mode = log {{(pid=105536) log_opt_values /opt/stack/data/venv/lib/python3.12/site-packages/oslo_config/cfg.py:2824}}
Feb 17 20:33:48.406307 np0000156149 neutron-periodic-workers[105536]: DEBUG cotyledon.oslo_config_glue [-] ovn.ovn_dhcp4_global_options = {} {{(pid=105536) log_opt_values /opt/stack/data/venv/lib/python3.12/site-packages/oslo_config/cfg.py:2824}}
Feb 17 20:33:48.406307 np0000156149 neutron-periodic-workers[105536]: DEBUG cotyledon.oslo_config_glue [-] ovn.ovn_dhcp6_global_options = {} {{(pid=105536) log_opt_values /opt/stack/data/venv/lib/python3.12/site-packages/oslo_config/cfg.py:2824}}
Feb 17 20:33:48.406307 np0000156149 neutron-periodic-workers[105536]: DEBUG cotyledon.oslo_config_glue [-] ovn.ovn_l3_scheduler = leastloaded {{(pid=105536) log_opt_values /opt/stack/data/venv/lib/python3.12/site-packages/oslo_config/cfg.py:2824}}
Feb 17 20:33:48.406307 np0000156149 neutron-periodic-workers[105536]: DEBUG cotyledon.oslo_config_glue [-] ovn.ovn_metadata_enabled = True {{(pid=105536) log_opt_values /opt/stack/data/venv/lib/python3.12/site-packages/oslo_config/cfg.py:2824}}
Feb 17 20:33:48.406570 np0000156149 neutron-periodic-workers[105536]: DEBUG cotyledon.oslo_config_glue [-] ovn.ovn_nb_ca_cert = /opt/stack/data/CA/int-ca/ca-chain.pem {{(pid=105536) log_opt_values /opt/stack/data/venv/lib/python3.12/site-packages/oslo_config/cfg.py:2824}}
Feb 17 20:33:48.406570 np0000156149 neutron-periodic-workers[105536]: DEBUG cotyledon.oslo_config_glue [-] ovn.ovn_nb_certificate = /opt/stack/data/CA/int-ca/devstack-cert.crt {{(pid=105536) log_opt_values /opt/stack/data/venv/lib/python3.12/site-packages/oslo_config/cfg.py:2824}}
Feb 17 20:33:48.406570 np0000156149 neutron-periodic-workers[105536]: DEBUG cotyledon.oslo_config_glue [-] ovn.ovn_nb_connection = ['ssl:162.253.55.195:6641'] {{(pid=105536) log_opt_values /opt/stack/data/venv/lib/python3.12/site-packages/oslo_config/cfg.py:2824}}
Feb 17 20:33:48.406570 np0000156149 neutron-periodic-workers[105536]: DEBUG cotyledon.oslo_config_glue [-] ovn.ovn_nb_private_key = /opt/stack/data/CA/int-ca/private/devstack-cert.key {{(pid=105536) log_opt_values /opt/stack/data/venv/lib/python3.12/site-packages/oslo_config/cfg.py:2824}}
Feb 17 20:33:48.406570 np0000156149 neutron-periodic-workers[105536]: DEBUG cotyledon.oslo_config_glue [-] ovn.ovn_router_indirect_snat = False {{(pid=105536) log_opt_values /opt/stack/data/venv/lib/python3.12/site-packages/oslo_config/cfg.py:2824}}
Feb 17 20:33:48.406570 np0000156149 neutron-periodic-workers[105536]: DEBUG cotyledon.oslo_config_glue [-] ovn.ovn_sb_ca_cert = /opt/stack/data/CA/int-ca/ca-chain.pem {{(pid=105536) log_opt_values /opt/stack/data/venv/lib/python3.12/site-packages/oslo_config/cfg.py:2824}}
Feb 17 20:33:48.406570 np0000156149 neutron-periodic-workers[105536]: DEBUG cotyledon.oslo_config_glue [-] ovn.ovn_sb_certificate = /opt/stack/data/CA/int-ca/devstack-cert.crt {{(pid=105536) log_opt_values /opt/stack/data/venv/lib/python3.12/site-packages/oslo_config/cfg.py:2824}}
Feb 17 20:33:48.406570 np0000156149 neutron-periodic-workers[105536]: DEBUG cotyledon.oslo_config_glue [-] ovn.ovn_sb_connection = ['ssl:162.253.55.195:6642'] {{(pid=105536) log_opt_values /opt/stack/data/venv/lib/python3.12/site-packages/oslo_config/cfg.py:2824}}
Feb 17 20:33:48.406784 np0000156149 neutron-periodic-workers[105536]: DEBUG cotyledon.oslo_config_glue [-] ovn.ovn_sb_private_key = /opt/stack/data/CA/int-ca/private/devstack-cert.key {{(pid=105536) log_opt_values /opt/stack/data/venv/lib/python3.12/site-packages/oslo_config/cfg.py:2824}}
Feb 17 20:33:48.406784 np0000156149 neutron-periodic-workers[105536]: DEBUG cotyledon.oslo_config_glue [-] ovn.ovs_create_tap = False {{(pid=105536) log_opt_values /opt/stack/data/venv/lib/python3.12/site-packages/oslo_config/cfg.py:2824}}
Feb 17 20:33:48.406784 np0000156149 neutron-periodic-workers[105536]: DEBUG cotyledon.oslo_config_glue [-] ovn.ovsdb_connection_timeout = 180 {{(pid=105536) log_opt_values /opt/stack/data/venv/lib/python3.12/site-packages/oslo_config/cfg.py:2824}}
Feb 17 20:33:48.406784 np0000156149 neutron-periodic-workers[105536]: DEBUG cotyledon.oslo_config_glue [-] ovn.ovsdb_log_level = INFO {{(pid=105536) log_opt_values /opt/stack/data/venv/lib/python3.12/site-packages/oslo_config/cfg.py:2824}}
Feb 17 20:33:48.406784 np0000156149 neutron-periodic-workers[105536]: DEBUG cotyledon.oslo_config_glue [-] ovn.ovsdb_probe_interval = 60000 {{(pid=105536) log_opt_values /opt/stack/data/venv/lib/python3.12/site-packages/oslo_config/cfg.py:2824}}
Feb 17 20:33:48.406784 np0000156149 neutron-periodic-workers[105536]: DEBUG cotyledon.oslo_config_glue [-] ovn.ovsdb_retry_max_interval = 180 {{(pid=105536) log_opt_values /opt/stack/data/venv/lib/python3.12/site-packages/oslo_config/cfg.py:2824}}
Feb 17 20:33:48.406784 np0000156149 neutron-periodic-workers[105536]: DEBUG cotyledon.oslo_config_glue [-] ovn.stateless_nat_enabled = False {{(pid=105536) log_opt_values /opt/stack/data/venv/lib/python3.12/site-packages/oslo_config/cfg.py:2824}}
Feb 17 20:33:48.406784 np0000156149 neutron-periodic-workers[105536]: DEBUG cotyledon.oslo_config_glue [-] ovn.vhost_sock_dir = /var/run/openvswitch {{(pid=105536) log_opt_values /opt/stack/data/venv/lib/python3.12/site-packages/oslo_config/cfg.py:2824}}
Feb 17 20:33:48.406784 np0000156149 neutron-periodic-workers[105536]: DEBUG cotyledon.oslo_config_glue [-] OVS.bridge_mac_table_size = 50000 {{(pid=105536) log_opt_values /opt/stack/data/venv/lib/python3.12/site-packages/oslo_config/cfg.py:2824}}
Feb 17 20:33:48.407066 np0000156149 neutron-periodic-workers[105536]: DEBUG cotyledon.oslo_config_glue [-] OVS.igmp_flood = False {{(pid=105536) log_opt_values /opt/stack/data/venv/lib/python3.12/site-packages/oslo_config/cfg.py:2824}}
Feb 17 20:33:48.407066 np0000156149 neutron-periodic-workers[105536]: DEBUG cotyledon.oslo_config_glue [-] OVS.igmp_flood_reports = True {{(pid=105536) log_opt_values /opt/stack/data/venv/lib/python3.12/site-packages/oslo_config/cfg.py:2824}}
Feb 17 20:33:48.407066 np0000156149 neutron-periodic-workers[105536]: DEBUG cotyledon.oslo_config_glue [-] OVS.igmp_flood_unregistered = False {{(pid=105536) log_opt_values /opt/stack/data/venv/lib/python3.12/site-packages/oslo_config/cfg.py:2824}}
Feb 17 20:33:48.407066 np0000156149 neutron-periodic-workers[105536]: DEBUG cotyledon.oslo_config_glue [-] OVS.igmp_snooping_enable = False {{(pid=105536) log_opt_values /opt/stack/data/venv/lib/python3.12/site-packages/oslo_config/cfg.py:2824}}
Feb 17 20:33:48.407066 np0000156149 neutron-periodic-workers[105536]: DEBUG cotyledon.oslo_config_glue [-] OVS.ovsdb_timeout = 10 {{(pid=105536) log_opt_values /opt/stack/data/venv/lib/python3.12/site-packages/oslo_config/cfg.py:2824}}
Feb 17 20:33:48.407066 np0000156149 neutron-periodic-workers[105536]: DEBUG cotyledon.oslo_config_glue [-] ovn_nb_global.fdb_removal_limit = 0 {{(pid=105536) log_opt_values /opt/stack/data/venv/lib/python3.12/site-packages/oslo_config/cfg.py:2824}}
Feb 17 20:33:48.407066 np0000156149 neutron-periodic-workers[105536]: DEBUG cotyledon.oslo_config_glue [-] ovn_nb_global.ignore_lsp_down = False {{(pid=105536) log_opt_values /opt/stack/data/venv/lib/python3.12/site-packages/oslo_config/cfg.py:2824}}
Feb 17 20:33:48.407066 np0000156149 neutron-periodic-workers[105536]: DEBUG cotyledon.oslo_config_glue [-] ovn_nb_global.mac_binding_removal_limit = 0 {{(pid=105536) log_opt_values /opt/stack/data/venv/lib/python3.12/site-packages/oslo_config/cfg.py:2824}}
Feb 17 20:33:48.407066 np0000156149 neutron-periodic-workers[105536]: DEBUG cotyledon.oslo_config_glue [-] ******************************************************************************** {{(pid=105536) log_opt_values /opt/stack/data/venv/lib/python3.12/site-packages/oslo_config/cfg.py:2828}}
Feb 17 20:33:48.407388 np0000156149 neutron-periodic-workers[105536]: DEBUG cotyledon._service_worker [-] Run service ServiceWrapper(0) [105536] {{(pid=105536) wait_forever /opt/stack/data/venv/lib/python3.12/site-packages/cotyledon/_service_worker.py:218}}
Feb 17 20:33:58.045124 np0000156149 neutron-periodic-workers[104668]: DEBUG dbcounter [-] [104668] Writing DB stats neutron:SELECT=4 {{(pid=104668) stat_writer /opt/stack/data/venv/lib/python3.12/site-packages/dbcounter.py:115}}
Feb 17 20:34:27.380939 np0000156149 neutron-periodic-workers[105511]: DEBUG oslo_db.sqlalchemy.engines [None req-be4af2f2-b584-471b-8eb2-84054a0317d9 None None] Parent process 104668 forked (105511) with an open database connection, which is being discarded and recreated. {{(pid=105511) checkout /opt/stack/data/venv/lib/python3.12/site-packages/oslo_db/sqlalchemy/engines.py:402}}
Feb 17 20:34:27.390288 np0000156149 neutron-periodic-workers[105511]: DEBUG dbcounter [-] [105511] Writer thread running {{(pid=105511) stat_writer /opt/stack/data/venv/lib/python3.12/site-packages/dbcounter.py:102}}
Feb 17 20:34:27.407985 np0000156149 neutron-periodic-workers[105511]: DEBUG oslo.service.backend._threading.loopingcall [None req-be4af2f2-b584-471b-8eb2-84054a0317d9 None None] Fixed interval looping call 'neutron.plugins.ml2.plugin.DhcpAgentSchedulerDbMixin.remove_networks_from_down_agents' sleeping for 36.96 seconds {{(pid=105511) _run_loop /opt/stack/data/venv/lib/python3.12/site-packages/oslo_service/backend/_threading/loopingcall.py:125}}
Feb 17 20:34:33.414743 np0000156149 neutron-periodic-workers[105520]: DEBUG dbcounter [-] [105520] Writer thread running {{(pid=105520) stat_writer /opt/stack/data/venv/lib/python3.12/site-packages/dbcounter.py:102}}
Feb 17 20:34:33.424014 np0000156149 neutron-periodic-workers[105520]: DEBUG neutron.db.agents_db [None req-e2c27fbc-4786-418a-8639-90d1a952c68e None None] Agent healthcheck: found 0 active agents {{(pid=105520) agent_health_check /opt/stack/neutron/neutron/db/agents_db.py:317}}
Feb 17 20:34:33.424218 np0000156149 neutron-periodic-workers[105520]: DEBUG oslo.service.backend._threading.loopingcall [None req-e2c27fbc-4786-418a-8639-90d1a952c68e None None] Fixed interval looping call 'neutron.plugins.ml2.plugin.AgentDbMixin.agent_health_check' sleeping for 36.96 seconds {{(pid=105520) _run_loop /opt/stack/data/venv/lib/python3.12/site-packages/oslo_service/backend/_threading/loopingcall.py:125}}
Feb 17 20:34:37.406688 np0000156149 neutron-periodic-workers[105511]: DEBUG dbcounter [-] [105511] Writing DB stats neutron:SELECT=3 {{(pid=105511) stat_writer /opt/stack/data/venv/lib/python3.12/site-packages/dbcounter.py:115}}
Feb 17 20:34:43.415319 np0000156149 neutron-periodic-workers[105520]: DEBUG dbcounter [-] [105520] Writing DB stats neutron:SELECT=1 {{(pid=105520) stat_writer /opt/stack/data/venv/lib/python3.12/site-packages/dbcounter.py:115}}
Feb 17 20:35:04.378566 np0000156149 neutron-periodic-workers[105511]: DEBUG oslo.service.backend._threading.loopingcall [None req-be4af2f2-b584-471b-8eb2-84054a0317d9 None None] Fixed interval looping call 'neutron.plugins.ml2.plugin.DhcpAgentSchedulerDbMixin.remove_networks_from_down_agents' sleeping for 36.99 seconds {{(pid=105511) _run_loop /opt/stack/data/venv/lib/python3.12/site-packages/oslo_service/backend/_threading/loopingcall.py:125}}
Feb 17 20:35:10.391598 np0000156149 neutron-periodic-workers[105520]: DEBUG neutron.db.agents_db [None req-e2c27fbc-4786-418a-8639-90d1a952c68e None None] Agent healthcheck: found 0 active agents {{(pid=105520) agent_health_check /opt/stack/neutron/neutron/db/agents_db.py:317}}
Feb 17 20:35:10.391598 np0000156149 neutron-periodic-workers[105520]: DEBUG oslo.service.backend._threading.loopingcall [None req-e2c27fbc-4786-418a-8639-90d1a952c68e None None] Fixed interval looping call 'neutron.plugins.ml2.plugin.AgentDbMixin.agent_health_check' sleeping for 36.99 seconds {{(pid=105520) _run_loop /opt/stack/data/venv/lib/python3.12/site-packages/oslo_service/backend/_threading/loopingcall.py:125}}
Feb 17 20:35:14.377856 np0000156149 neutron-periodic-workers[105511]: DEBUG dbcounter [-] [105511] Writing DB stats neutron:SELECT=3 {{(pid=105511) stat_writer /opt/stack/data/venv/lib/python3.12/site-packages/dbcounter.py:115}}
Feb 17 20:35:20.389780 np0000156149 neutron-periodic-workers[105520]: DEBUG dbcounter [-] [105520] Writing DB stats neutron:SELECT=1 {{(pid=105520) stat_writer /opt/stack/data/venv/lib/python3.12/site-packages/dbcounter.py:115}}
Feb 17 20:35:41.376830 np0000156149 neutron-periodic-workers[105511]: DEBUG oslo.service.backend._threading.loopingcall [None req-be4af2f2-b584-471b-8eb2-84054a0317d9 None None] Fixed interval looping call 'neutron.plugins.ml2.plugin.DhcpAgentSchedulerDbMixin.remove_networks_from_down_agents' sleeping for 36.99 seconds {{(pid=105511) _run_loop /opt/stack/data/venv/lib/python3.12/site-packages/oslo_service/backend/_threading/loopingcall.py:125}}
Feb 17 20:35:47.389034 np0000156149 neutron-periodic-workers[105520]: DEBUG neutron.db.agents_db [None req-e2c27fbc-4786-418a-8639-90d1a952c68e None None] Agent healthcheck: found 0 active agents {{(pid=105520) agent_health_check /opt/stack/neutron/neutron/db/agents_db.py:317}}
Feb 17 20:35:47.390600 np0000156149 neutron-periodic-workers[105520]: DEBUG oslo.service.backend._threading.loopingcall [None req-e2c27fbc-4786-418a-8639-90d1a952c68e None None] Fixed interval looping call 'neutron.plugins.ml2.plugin.AgentDbMixin.agent_health_check' sleeping for 36.99 seconds {{(pid=105520) _run_loop /opt/stack/data/venv/lib/python3.12/site-packages/oslo_service/backend/_threading/loopingcall.py:125}}
Feb 17 20:35:48.414631 np0000156149 neutron-periodic-workers[105526]: DEBUG dbcounter [-] [105526] Writer thread running {{(pid=105526) stat_writer /opt/stack/data/venv/lib/python3.12/site-packages/dbcounter.py:102}}
Feb 17 20:35:48.416681 np0000156149 neutron-periodic-workers[105526]: DEBUG oslo.service.backend._threading.loopingcall [None req-da63ecf1-f091-48fb-8172-c39b0d2265ff None None] Fixed interval looping call 'neutron.db.quota.driver_nolock.DbQuotaNoLockDriver._remove_expired_reservations' sleeping for 119.97 seconds {{(pid=105526) _run_loop /opt/stack/data/venv/lib/python3.12/site-packages/oslo_service/backend/_threading/loopingcall.py:125}}
Feb 17 20:35:51.375643 np0000156149 neutron-periodic-workers[105511]: DEBUG dbcounter [-] [105511] Writing DB stats neutron:SELECT=3 {{(pid=105511) stat_writer /opt/stack/data/venv/lib/python3.12/site-packages/dbcounter.py:115}}
Feb 17 20:35:57.387049 np0000156149 neutron-periodic-workers[105520]: DEBUG dbcounter [-] [105520] Writing DB stats neutron:SELECT=1 {{(pid=105520) stat_writer /opt/stack/data/venv/lib/python3.12/site-packages/dbcounter.py:115}}
Feb 17 20:35:58.415472 np0000156149 neutron-periodic-workers[105526]: DEBUG dbcounter [-] [105526] Writing DB stats neutron:DELETE=1 {{(pid=105526) stat_writer /opt/stack/data/venv/lib/python3.12/site-packages/dbcounter.py:115}}
Feb 17 20:36:18.379947 np0000156149 neutron-periodic-workers[105511]: DEBUG oslo.service.backend._threading.loopingcall [None req-be4af2f2-b584-471b-8eb2-84054a0317d9 None None] Fixed interval looping call 'neutron.plugins.ml2.plugin.DhcpAgentSchedulerDbMixin.remove_networks_from_down_agents' sleeping for 36.99 seconds {{(pid=105511) _run_loop /opt/stack/data/venv/lib/python3.12/site-packages/oslo_service/backend/_threading/loopingcall.py:125}}
Feb 17 20:36:24.395648 np0000156149 neutron-periodic-workers[105520]: DEBUG neutron.db.agents_db [None req-e2c27fbc-4786-418a-8639-90d1a952c68e None None] Agent healthcheck: found 0 active agents {{(pid=105520) agent_health_check /opt/stack/neutron/neutron/db/agents_db.py:317}}
Feb 17 20:36:24.396432 np0000156149 neutron-periodic-workers[105520]: DEBUG oslo.service.backend._threading.loopingcall [None req-e2c27fbc-4786-418a-8639-90d1a952c68e None None] Fixed interval looping call 'neutron.plugins.ml2.plugin.AgentDbMixin.agent_health_check' sleeping for 36.99 seconds {{(pid=105520) _run_loop /opt/stack/data/venv/lib/python3.12/site-packages/oslo_service/backend/_threading/loopingcall.py:125}}
Feb 17 20:36:28.378497 np0000156149 neutron-periodic-workers[105511]: DEBUG dbcounter [-] [105511] Writing DB stats neutron:SELECT=3 {{(pid=105511) stat_writer /opt/stack/data/venv/lib/python3.12/site-packages/dbcounter.py:115}}
Feb 17 20:36:34.393968 np0000156149 neutron-periodic-workers[105520]: DEBUG dbcounter [-] [105520] Writing DB stats neutron:SELECT=1 {{(pid=105520) stat_writer /opt/stack/data/venv/lib/python3.12/site-packages/dbcounter.py:115}}
Feb 17 20:36:55.381537 np0000156149 neutron-periodic-workers[105511]: DEBUG oslo.service.backend._threading.loopingcall [None req-be4af2f2-b584-471b-8eb2-84054a0317d9 None None] Fixed interval looping call 'neutron.plugins.ml2.plugin.DhcpAgentSchedulerDbMixin.remove_networks_from_down_agents' sleeping for 36.99 seconds {{(pid=105511) _run_loop /opt/stack/data/venv/lib/python3.12/site-packages/oslo_service/backend/_threading/loopingcall.py:125}}
Feb 17 20:37:01.391904 np0000156149 neutron-periodic-workers[105520]: DEBUG neutron.db.agents_db [None req-e2c27fbc-4786-418a-8639-90d1a952c68e None None] Agent healthcheck: found 0 active agents {{(pid=105520) agent_health_check /opt/stack/neutron/neutron/db/agents_db.py:317}}
Feb 17 20:37:01.392371 np0000156149 neutron-periodic-workers[105520]: DEBUG oslo.service.backend._threading.loopingcall [None req-e2c27fbc-4786-418a-8639-90d1a952c68e None None] Fixed interval looping call 'neutron.plugins.ml2.plugin.AgentDbMixin.agent_health_check' sleeping for 36.99 seconds {{(pid=105520) _run_loop /opt/stack/data/venv/lib/python3.12/site-packages/oslo_service/backend/_threading/loopingcall.py:125}}
Feb 17 20:37:05.380661 np0000156149 neutron-periodic-workers[105511]: DEBUG dbcounter [-] [105511] Writing DB stats neutron:SELECT=3 {{(pid=105511) stat_writer /opt/stack/data/venv/lib/python3.12/site-packages/dbcounter.py:115}}
Feb 17 20:37:11.390175 np0000156149 neutron-periodic-workers[105520]: DEBUG dbcounter [-] [105520] Writing DB stats neutron:SELECT=1 {{(pid=105520) stat_writer /opt/stack/data/venv/lib/python3.12/site-packages/dbcounter.py:115}}
Feb 17 20:37:32.382209 np0000156149 neutron-periodic-workers[105511]: DEBUG oslo.service.backend._threading.loopingcall [None req-be4af2f2-b584-471b-8eb2-84054a0317d9 None None] Fixed interval looping call 'neutron.plugins.ml2.plugin.DhcpAgentSchedulerDbMixin.remove_networks_from_down_agents' sleeping for 36.99 seconds {{(pid=105511) _run_loop /opt/stack/data/venv/lib/python3.12/site-packages/oslo_service/backend/_threading/loopingcall.py:125}}
Feb 17 20:37:38.390409 np0000156149 neutron-periodic-workers[105520]: DEBUG neutron.db.agents_db [None req-e2c27fbc-4786-418a-8639-90d1a952c68e None None] Agent healthcheck: found 0 active agents {{(pid=105520) agent_health_check /opt/stack/neutron/neutron/db/agents_db.py:317}}
Feb 17 20:37:38.391048 np0000156149 neutron-periodic-workers[105520]: DEBUG oslo.service.backend._threading.loopingcall [None req-e2c27fbc-4786-418a-8639-90d1a952c68e None None] Fixed interval looping call 'neutron.plugins.ml2.plugin.AgentDbMixin.agent_health_check' sleeping for 36.99 seconds {{(pid=105520) _run_loop /opt/stack/data/venv/lib/python3.12/site-packages/oslo_service/backend/_threading/loopingcall.py:125}}
Feb 17 20:37:42.381374 np0000156149 neutron-periodic-workers[105511]: DEBUG dbcounter [-] [105511] Writing DB stats neutron:SELECT=3 {{(pid=105511) stat_writer /opt/stack/data/venv/lib/python3.12/site-packages/dbcounter.py:115}}
Feb 17 20:37:42.467001 np0000156149 neutron-periodic-workers[105536]: DEBUG dbcounter [-] [105536] Writer thread running {{(pid=105536) stat_writer /opt/stack/data/venv/lib/python3.12/site-packages/dbcounter.py:102}}
Feb 17 20:37:42.484802 np0000156149 neutron-periodic-workers[105536]: DEBUG oslo.service.backend._threading.loopingcall [None req-ea04de68-5ce4-4dcd-aec8-749109e93770 None None] Fixed interval looping call 'neutron.services.ovn_l3.plugin.L3_NAT_dbonly_mixin._clean_garbage' sleeping for 299.92 seconds {{(pid=105536) _run_loop /opt/stack/data/venv/lib/python3.12/site-packages/oslo_service/backend/_threading/loopingcall.py:125}}
Feb 17 20:37:48.388846 np0000156149 neutron-periodic-workers[105520]: DEBUG dbcounter [-] [105520] Writing DB stats neutron:SELECT=1 {{(pid=105520) stat_writer /opt/stack/data/venv/lib/python3.12/site-packages/dbcounter.py:115}}
Feb 17 20:37:48.393033 np0000156149 neutron-periodic-workers[105526]: DEBUG oslo.service.backend._threading.loopingcall [None req-da63ecf1-f091-48fb-8172-c39b0d2265ff None None] Fixed interval looping call 'neutron.db.quota.driver_nolock.DbQuotaNoLockDriver._remove_expired_reservations' sleeping for 119.99 seconds {{(pid=105526) _run_loop /opt/stack/data/venv/lib/python3.12/site-packages/oslo_service/backend/_threading/loopingcall.py:125}}
Feb 17 20:37:52.468572 np0000156149 neutron-periodic-workers[105536]: DEBUG dbcounter [-] [105536] Writing DB stats neutron:SELECT=1 {{(pid=105536) stat_writer /opt/stack/data/venv/lib/python3.12/site-packages/dbcounter.py:115}}
Feb 17 20:37:58.391529 np0000156149 neutron-periodic-workers[105526]: DEBUG dbcounter [-] [105526] Writing DB stats neutron:DELETE=1 {{(pid=105526) stat_writer /opt/stack/data/venv/lib/python3.12/site-packages/dbcounter.py:115}}
Feb 17 20:38:09.381018 np0000156149 neutron-periodic-workers[105511]: DEBUG oslo.service.backend._threading.loopingcall [None req-be4af2f2-b584-471b-8eb2-84054a0317d9 None None] Fixed interval looping call 'neutron.plugins.ml2.plugin.DhcpAgentSchedulerDbMixin.remove_networks_from_down_agents' sleeping for 36.99 seconds {{(pid=105511) _run_loop /opt/stack/data/venv/lib/python3.12/site-packages/oslo_service/backend/_threading/loopingcall.py:125}}
Feb 17 20:38:15.387192 np0000156149 neutron-periodic-workers[105520]: DEBUG neutron.db.agents_db [None req-e2c27fbc-4786-418a-8639-90d1a952c68e None None] Agent healthcheck: found 0 active agents {{(pid=105520) agent_health_check /opt/stack/neutron/neutron/db/agents_db.py:317}}
Feb 17 20:38:15.387839 np0000156149 neutron-periodic-workers[105520]: DEBUG oslo.service.backend._threading.loopingcall [None req-e2c27fbc-4786-418a-8639-90d1a952c68e None None] Fixed interval looping call 'neutron.plugins.ml2.plugin.AgentDbMixin.agent_health_check' sleeping for 36.99 seconds {{(pid=105520) _run_loop /opt/stack/data/venv/lib/python3.12/site-packages/oslo_service/backend/_threading/loopingcall.py:125}}
Feb 17 20:38:19.380160 np0000156149 neutron-periodic-workers[105511]: DEBUG dbcounter [-] [105511] Writing DB stats neutron:SELECT=3 {{(pid=105511) stat_writer /opt/stack/data/venv/lib/python3.12/site-packages/dbcounter.py:115}}
Feb 17 20:38:25.385965 np0000156149 neutron-periodic-workers[105520]: DEBUG dbcounter [-] [105520] Writing DB stats neutron:SELECT=1 {{(pid=105520) stat_writer /opt/stack/data/venv/lib/python3.12/site-packages/dbcounter.py:115}}
Feb 17 20:38:46.381059 np0000156149 neutron-periodic-workers[105511]: DEBUG oslo.service.backend._threading.loopingcall [None req-be4af2f2-b584-471b-8eb2-84054a0317d9 None None] Fixed interval looping call 'neutron.plugins.ml2.plugin.DhcpAgentSchedulerDbMixin.remove_networks_from_down_agents' sleeping for 36.99 seconds {{(pid=105511) _run_loop /opt/stack/data/venv/lib/python3.12/site-packages/oslo_service/backend/_threading/loopingcall.py:125}}
Feb 17 20:38:52.389518 np0000156149 neutron-periodic-workers[105520]: DEBUG neutron.db.agents_db [None req-e2c27fbc-4786-418a-8639-90d1a952c68e None None] Agent healthcheck: found 0 active agents {{(pid=105520) agent_health_check /opt/stack/neutron/neutron/db/agents_db.py:317}}
Feb 17 20:38:52.390441 np0000156149 neutron-periodic-workers[105520]: DEBUG oslo.service.backend._threading.loopingcall [None req-e2c27fbc-4786-418a-8639-90d1a952c68e None None] Fixed interval looping call 'neutron.plugins.ml2.plugin.AgentDbMixin.agent_health_check' sleeping for 36.99 seconds {{(pid=105520) _run_loop /opt/stack/data/venv/lib/python3.12/site-packages/oslo_service/backend/_threading/loopingcall.py:125}}
Feb 17 20:38:56.380202 np0000156149 neutron-periodic-workers[105511]: DEBUG dbcounter [-] [105511] Writing DB stats neutron:SELECT=3 {{(pid=105511) stat_writer /opt/stack/data/venv/lib/python3.12/site-packages/dbcounter.py:115}}
Feb 17 20:39:02.385279 np0000156149 neutron-periodic-workers[105520]: DEBUG dbcounter [-] [105520] Writing DB stats neutron:SELECT=1 {{(pid=105520) stat_writer /opt/stack/data/venv/lib/python3.12/site-packages/dbcounter.py:115}}
Feb 17 20:39:23.383142 np0000156149 neutron-periodic-workers[105511]: DEBUG oslo.service.backend._threading.loopingcall [None req-be4af2f2-b584-471b-8eb2-84054a0317d9 None None] Fixed interval looping call 'neutron.plugins.ml2.plugin.DhcpAgentSchedulerDbMixin.remove_networks_from_down_agents' sleeping for 36.99 seconds {{(pid=105511) _run_loop /opt/stack/data/venv/lib/python3.12/site-packages/oslo_service/backend/_threading/loopingcall.py:125}}
Feb 17 20:39:29.385996 np0000156149 neutron-periodic-workers[105520]: DEBUG neutron.db.agents_db [None req-e2c27fbc-4786-418a-8639-90d1a952c68e None None] Agent healthcheck: found 0 active agents {{(pid=105520) agent_health_check /opt/stack/neutron/neutron/db/agents_db.py:317}}
Feb 17 20:39:29.385996 np0000156149 neutron-periodic-workers[105520]: DEBUG oslo.service.backend._threading.loopingcall [None req-e2c27fbc-4786-418a-8639-90d1a952c68e None None] Fixed interval looping call 'neutron.plugins.ml2.plugin.AgentDbMixin.agent_health_check' sleeping for 36.99 seconds {{(pid=105520) _run_loop /opt/stack/data/venv/lib/python3.12/site-packages/oslo_service/backend/_threading/loopingcall.py:125}}
Feb 17 20:39:33.381077 np0000156149 neutron-periodic-workers[105511]: DEBUG dbcounter [-] [105511] Writing DB stats neutron:SELECT=3 {{(pid=105511) stat_writer /opt/stack/data/venv/lib/python3.12/site-packages/dbcounter.py:115}}
Feb 17 20:39:39.383785 np0000156149 neutron-periodic-workers[105520]: DEBUG dbcounter [-] [105520] Writing DB stats neutron:SELECT=1 {{(pid=105520) stat_writer /opt/stack/data/venv/lib/python3.12/site-packages/dbcounter.py:115}}
Feb 17 20:39:48.389273 np0000156149 neutron-periodic-workers[105526]: DEBUG oslo.service.backend._threading.loopingcall [None req-da63ecf1-f091-48fb-8172-c39b0d2265ff None None] Fixed interval looping call 'neutron.db.quota.driver_nolock.DbQuotaNoLockDriver._remove_expired_reservations' sleeping for 119.99 seconds {{(pid=105526) _run_loop /opt/stack/data/venv/lib/python3.12/site-packages/oslo_service/backend/_threading/loopingcall.py:125}}
Feb 17 20:39:58.387788 np0000156149 neutron-periodic-workers[105526]: DEBUG dbcounter [-] [105526] Writing DB stats neutron:DELETE=1 {{(pid=105526) stat_writer /opt/stack/data/venv/lib/python3.12/site-packages/dbcounter.py:115}}
Feb 17 20:40:00.384134 np0000156149 neutron-periodic-workers[105511]: DEBUG oslo.service.backend._threading.loopingcall [None req-be4af2f2-b584-471b-8eb2-84054a0317d9 None None] Fixed interval looping call 'neutron.plugins.ml2.plugin.DhcpAgentSchedulerDbMixin.remove_networks_from_down_agents' sleeping for 36.99 seconds {{(pid=105511) _run_loop /opt/stack/data/venv/lib/python3.12/site-packages/oslo_service/backend/_threading/loopingcall.py:125}}
Feb 17 20:40:06.401448 np0000156149 neutron-periodic-workers[105520]: DEBUG neutron.db.agents_db [None req-e2c27fbc-4786-418a-8639-90d1a952c68e None None] Agent healthcheck: found 0 active agents {{(pid=105520) agent_health_check /opt/stack/neutron/neutron/db/agents_db.py:317}}
Feb 17 20:40:06.401448 np0000156149 neutron-periodic-workers[105520]: DEBUG oslo.service.backend._threading.loopingcall [None req-e2c27fbc-4786-418a-8639-90d1a952c68e None None] Fixed interval looping call 'neutron.plugins.ml2.plugin.AgentDbMixin.agent_health_check' sleeping for 36.98 seconds {{(pid=105520) _run_loop /opt/stack/data/venv/lib/python3.12/site-packages/oslo_service/backend/_threading/loopingcall.py:125}}
Feb 17 20:40:10.383932 np0000156149 neutron-periodic-workers[105511]: DEBUG dbcounter [-] [105511] Writing DB stats neutron:SELECT=3 {{(pid=105511) stat_writer /opt/stack/data/venv/lib/python3.12/site-packages/dbcounter.py:115}}
Feb 17 20:40:16.400534 np0000156149 neutron-periodic-workers[105520]: DEBUG dbcounter [-] [105520] Writing DB stats neutron:SELECT=1 {{(pid=105520) stat_writer /opt/stack/data/venv/lib/python3.12/site-packages/dbcounter.py:115}}
Feb 17 20:40:37.381405 np0000156149 neutron-periodic-workers[105511]: DEBUG oslo.service.backend._threading.loopingcall [None req-be4af2f2-b584-471b-8eb2-84054a0317d9 None None] Fixed interval looping call 'neutron.plugins.ml2.plugin.DhcpAgentSchedulerDbMixin.remove_networks_from_down_agents' sleeping for 36.99 seconds {{(pid=105511) _run_loop /opt/stack/data/venv/lib/python3.12/site-packages/oslo_service/backend/_threading/loopingcall.py:125}}
Feb 17 20:40:43.386931 np0000156149 neutron-periodic-workers[105520]: DEBUG neutron.db.agents_db [None req-e2c27fbc-4786-418a-8639-90d1a952c68e None None] Agent healthcheck: found 0 active agents {{(pid=105520) agent_health_check /opt/stack/neutron/neutron/db/agents_db.py:317}}
Feb 17 20:40:43.387522 np0000156149 neutron-periodic-workers[105520]: DEBUG oslo.service.backend._threading.loopingcall [None req-e2c27fbc-4786-418a-8639-90d1a952c68e None None] Fixed interval looping call 'neutron.plugins.ml2.plugin.AgentDbMixin.agent_health_check' sleeping for 36.99 seconds {{(pid=105520) _run_loop /opt/stack/data/venv/lib/python3.12/site-packages/oslo_service/backend/_threading/loopingcall.py:125}}
Feb 17 20:40:47.379963 np0000156149 neutron-periodic-workers[105511]: DEBUG dbcounter [-] [105511] Writing DB stats neutron:SELECT=3 {{(pid=105511) stat_writer /opt/stack/data/venv/lib/python3.12/site-packages/dbcounter.py:115}}
Feb 17 20:40:53.385083 np0000156149 neutron-periodic-workers[105520]: DEBUG dbcounter [-] [105520] Writing DB stats neutron:SELECT=1 {{(pid=105520) stat_writer /opt/stack/data/venv/lib/python3.12/site-packages/dbcounter.py:115}}
Feb 17 20:41:14.379946 np0000156149 neutron-periodic-workers[105511]: DEBUG oslo.service.backend._threading.loopingcall [None req-be4af2f2-b584-471b-8eb2-84054a0317d9 None None] Fixed interval looping call 'neutron.plugins.ml2.plugin.DhcpAgentSchedulerDbMixin.remove_networks_from_down_agents' sleeping for 36.99 seconds {{(pid=105511) _run_loop /opt/stack/data/venv/lib/python3.12/site-packages/oslo_service/backend/_threading/loopingcall.py:125}}
Feb 17 20:41:20.382316 np0000156149 neutron-periodic-workers[105520]: DEBUG neutron.db.agents_db [None req-e2c27fbc-4786-418a-8639-90d1a952c68e None None] Agent healthcheck: found 0 active agents {{(pid=105520) agent_health_check /opt/stack/neutron/neutron/db/agents_db.py:317}}
Feb 17 20:41:20.382949 np0000156149 neutron-periodic-workers[105520]: DEBUG oslo.service.backend._threading.loopingcall [None req-e2c27fbc-4786-418a-8639-90d1a952c68e None None] Fixed interval looping call 'neutron.plugins.ml2.plugin.AgentDbMixin.agent_health_check' sleeping for 36.99 seconds {{(pid=105520) _run_loop /opt/stack/data/venv/lib/python3.12/site-packages/oslo_service/backend/_threading/loopingcall.py:125}}
Feb 17 20:41:24.379217 np0000156149 neutron-periodic-workers[105511]: DEBUG dbcounter [-] [105511] Writing DB stats neutron:SELECT=3 {{(pid=105511) stat_writer /opt/stack/data/venv/lib/python3.12/site-packages/dbcounter.py:115}}
Feb 17 20:41:30.380756 np0000156149 neutron-periodic-workers[105520]: DEBUG dbcounter [-] [105520] Writing DB stats neutron:SELECT=1 {{(pid=105520) stat_writer /opt/stack/data/venv/lib/python3.12/site-packages/dbcounter.py:115}}
Feb 17 20:41:48.384980 np0000156149 neutron-periodic-workers[105526]: DEBUG oslo.service.backend._threading.loopingcall [None req-da63ecf1-f091-48fb-8172-c39b0d2265ff None None] Fixed interval looping call 'neutron.db.quota.driver_nolock.DbQuotaNoLockDriver._remove_expired_reservations' sleeping for 120.00 seconds {{(pid=105526) _run_loop /opt/stack/data/venv/lib/python3.12/site-packages/oslo_service/backend/_threading/loopingcall.py:125}}
Feb 17 20:41:51.380699 np0000156149 neutron-periodic-workers[105511]: DEBUG oslo.service.backend._threading.loopingcall [None req-be4af2f2-b584-471b-8eb2-84054a0317d9 None None] Fixed interval looping call 'neutron.plugins.ml2.plugin.DhcpAgentSchedulerDbMixin.remove_networks_from_down_agents' sleeping for 36.99 seconds {{(pid=105511) _run_loop /opt/stack/data/venv/lib/python3.12/site-packages/oslo_service/backend/_threading/loopingcall.py:125}}
Feb 17 20:41:57.378196 np0000156149 neutron-periodic-workers[105520]: DEBUG neutron.db.agents_db [None req-e2c27fbc-4786-418a-8639-90d1a952c68e None None] Agent healthcheck: found 0 active agents {{(pid=105520) agent_health_check /opt/stack/neutron/neutron/db/agents_db.py:317}}
Feb 17 20:41:57.378724 np0000156149 neutron-periodic-workers[105520]: DEBUG oslo.service.backend._threading.loopingcall [None req-e2c27fbc-4786-418a-8639-90d1a952c68e None None] Fixed interval looping call 'neutron.plugins.ml2.plugin.AgentDbMixin.agent_health_check' sleeping for 36.99 seconds {{(pid=105520) _run_loop /opt/stack/data/venv/lib/python3.12/site-packages/oslo_service/backend/_threading/loopingcall.py:125}}
Feb 17 20:41:58.383798 np0000156149 neutron-periodic-workers[105526]: DEBUG dbcounter [-] [105526] Writing DB stats neutron:DELETE=1 {{(pid=105526) stat_writer /opt/stack/data/venv/lib/python3.12/site-packages/dbcounter.py:115}}
Feb 17 20:42:01.379669 np0000156149 neutron-periodic-workers[105511]: DEBUG dbcounter [-] [105511] Writing DB stats neutron:SELECT=3 {{(pid=105511) stat_writer /opt/stack/data/venv/lib/python3.12/site-packages/dbcounter.py:115}}
Feb 17 20:42:07.383719 np0000156149 neutron-periodic-workers[105520]: DEBUG dbcounter [-] [105520] Writing DB stats neutron:SELECT=1 {{(pid=105520) stat_writer /opt/stack/data/venv/lib/python3.12/site-packages/dbcounter.py:115}}
Feb 17 20:42:28.379116 np0000156149 neutron-periodic-workers[105511]: DEBUG oslo.service.backend._threading.loopingcall [None req-be4af2f2-b584-471b-8eb2-84054a0317d9 None None] Fixed interval looping call 'neutron.plugins.ml2.plugin.DhcpAgentSchedulerDbMixin.remove_networks_from_down_agents' sleeping for 36.99 seconds {{(pid=105511) _run_loop /opt/stack/data/venv/lib/python3.12/site-packages/oslo_service/backend/_threading/loopingcall.py:125}}
Feb 17 20:42:34.374226 np0000156149 neutron-periodic-workers[105520]: DEBUG neutron.db.agents_db [None req-e2c27fbc-4786-418a-8639-90d1a952c68e None None] Agent healthcheck: found 0 active agents {{(pid=105520) agent_health_check /opt/stack/neutron/neutron/db/agents_db.py:317}}
Feb 17 20:42:34.374226 np0000156149 neutron-periodic-workers[105520]: DEBUG oslo.service.backend._threading.loopingcall [None req-e2c27fbc-4786-418a-8639-90d1a952c68e None None] Fixed interval looping call 'neutron.plugins.ml2.plugin.AgentDbMixin.agent_health_check' sleeping for 36.99 seconds {{(pid=105520) _run_loop /opt/stack/data/venv/lib/python3.12/site-packages/oslo_service/backend/_threading/loopingcall.py:125}}
Feb 17 20:42:38.378760 np0000156149 neutron-periodic-workers[105511]: DEBUG dbcounter [-] [105511] Writing DB stats neutron:SELECT=3 {{(pid=105511) stat_writer /opt/stack/data/venv/lib/python3.12/site-packages/dbcounter.py:115}}
Feb 17 20:42:42.418791 np0000156149 neutron-periodic-workers[105536]: DEBUG oslo.service.backend._threading.loopingcall [None req-ea04de68-5ce4-4dcd-aec8-749109e93770 None None] Fixed interval looping call 'neutron.services.ovn_l3.plugin.L3_NAT_dbonly_mixin._clean_garbage' sleeping for 299.99 seconds {{(pid=105536) _run_loop /opt/stack/data/venv/lib/python3.12/site-packages/oslo_service/backend/_threading/loopingcall.py:125}}
Feb 17 20:42:44.372075 np0000156149 neutron-periodic-workers[105520]: DEBUG dbcounter [-] [105520] Writing DB stats neutron:SELECT=1 {{(pid=105520) stat_writer /opt/stack/data/venv/lib/python3.12/site-packages/dbcounter.py:115}}
Feb 17 20:42:52.411337 np0000156149 neutron-periodic-workers[105536]: DEBUG dbcounter [-] [105536] Writing DB stats neutron:SELECT=1 {{(pid=105536) stat_writer /opt/stack/data/venv/lib/python3.12/site-packages/dbcounter.py:115}}
Feb 17 20:43:05.376008 np0000156149 neutron-periodic-workers[105511]: DEBUG oslo.service.backend._threading.loopingcall [None req-be4af2f2-b584-471b-8eb2-84054a0317d9 None None] Fixed interval looping call 'neutron.plugins.ml2.plugin.DhcpAgentSchedulerDbMixin.remove_networks_from_down_agents' sleeping for 36.99 seconds {{(pid=105511) _run_loop /opt/stack/data/venv/lib/python3.12/site-packages/oslo_service/backend/_threading/loopingcall.py:125}}
Feb 17 20:43:11.369968 np0000156149 neutron-periodic-workers[105520]: DEBUG neutron.db.agents_db [None req-e2c27fbc-4786-418a-8639-90d1a952c68e None None] Agent healthcheck: found 0 active agents {{(pid=105520) agent_health_check /opt/stack/neutron/neutron/db/agents_db.py:317}}
Feb 17 20:43:11.370676 np0000156149 neutron-periodic-workers[105520]: DEBUG oslo.service.backend._threading.loopingcall [None req-e2c27fbc-4786-418a-8639-90d1a952c68e None None] Fixed interval looping call 'neutron.plugins.ml2.plugin.AgentDbMixin.agent_health_check' sleeping for 36.99 seconds {{(pid=105520) _run_loop /opt/stack/data/venv/lib/python3.12/site-packages/oslo_service/backend/_threading/loopingcall.py:125}}
Feb 17 20:43:15.375315 np0000156149 neutron-periodic-workers[105511]: DEBUG dbcounter [-] [105511] Writing DB stats neutron:SELECT=3 {{(pid=105511) stat_writer /opt/stack/data/venv/lib/python3.12/site-packages/dbcounter.py:115}}
Feb 17 20:43:21.368584 np0000156149 neutron-periodic-workers[105520]: DEBUG dbcounter [-] [105520] Writing DB stats neutron:SELECT=1 {{(pid=105520) stat_writer /opt/stack/data/venv/lib/python3.12/site-packages/dbcounter.py:115}}
Feb 17 20:43:42.376202 np0000156149 neutron-periodic-workers[105511]: DEBUG oslo.service.backend._threading.loopingcall [None req-be4af2f2-b584-471b-8eb2-84054a0317d9 None None] Fixed interval looping call 'neutron.plugins.ml2.plugin.DhcpAgentSchedulerDbMixin.remove_networks_from_down_agents' sleeping for 36.99 seconds {{(pid=105511) _run_loop /opt/stack/data/venv/lib/python3.12/site-packages/oslo_service/backend/_threading/loopingcall.py:125}}
Feb 17 20:43:48.367057 np0000156149 neutron-periodic-workers[105520]: DEBUG neutron.db.agents_db [None req-e2c27fbc-4786-418a-8639-90d1a952c68e None None] Agent healthcheck: found 0 active agents {{(pid=105520) agent_health_check /opt/stack/neutron/neutron/db/agents_db.py:317}}
Feb 17 20:43:48.367761 np0000156149 neutron-periodic-workers[105520]: DEBUG oslo.service.backend._threading.loopingcall [None req-e2c27fbc-4786-418a-8639-90d1a952c68e None None] Fixed interval looping call 'neutron.plugins.ml2.plugin.AgentDbMixin.agent_health_check' sleeping for 36.99 seconds {{(pid=105520) _run_loop /opt/stack/data/venv/lib/python3.12/site-packages/oslo_service/backend/_threading/loopingcall.py:125}}
Feb 17 20:43:48.389742 np0000156149 neutron-periodic-workers[105526]: DEBUG oslo.service.backend._threading.loopingcall [None req-da63ecf1-f091-48fb-8172-c39b0d2265ff None None] Fixed interval looping call 'neutron.db.quota.driver_nolock.DbQuotaNoLockDriver._remove_expired_reservations' sleeping for 120.00 seconds {{(pid=105526) _run_loop /opt/stack/data/venv/lib/python3.12/site-packages/oslo_service/backend/_threading/loopingcall.py:125}}
