Feb 17 20:34:19.188548 np0000156149 systemd[1]: Starting devstack@n-api-meta.service - Devstack devstack@n-api-meta.service...
Feb 17 20:34:19.201430 np0000156149 devstack@n-api-meta.service[108764]: [uWSGI] getting INI configuration from /etc/nova/nova-metadata-uwsgi.ini
Feb 17 20:34:19.202230 np0000156149 devstack@n-api-meta.service[108764]: open("./http_plugin.so"): No such file or directory [core/utils.c line 3709]
Feb 17 20:34:19.202230 np0000156149 devstack@n-api-meta.service[108764]: !!! UNABLE to load uWSGI plugin: ./http_plugin.so: cannot open shared object file: No such file or directory !!!
Feb 17 20:34:19.202230 np0000156149 devstack@n-api-meta.service[108764]: open("./python3_plugin.so"): No such file or directory [core/utils.c line 3709]
Feb 17 20:34:19.202230 np0000156149 devstack@n-api-meta.service[108764]: !!! UNABLE to load uWSGI plugin: ./python3_plugin.so: cannot open shared object file: No such file or directory !!!
Feb 17 20:34:19.202230 np0000156149 devstack@n-api-meta.service[108764]: *** Starting uWSGI 2.0.31 (64bit) on [Tue Feb 17 20:34:19 2026] ***
Feb 17 20:34:19.202230 np0000156149 devstack@n-api-meta.service[108764]: compiled with version: 13.3.0 on 17 February 2026 20:24:00
Feb 17 20:34:19.202230 np0000156149 devstack@n-api-meta.service[108764]: os: Linux-6.8.0-100-generic #100-Ubuntu SMP PREEMPT_DYNAMIC Tue Jan 13 16:40:06 UTC 2026
Feb 17 20:34:19.202230 np0000156149 devstack@n-api-meta.service[108764]: nodename: np0000156149
Feb 17 20:34:19.202230 np0000156149 devstack@n-api-meta.service[108764]: machine: x86_64
Feb 17 20:34:19.202230 np0000156149 devstack@n-api-meta.service[108764]: clock source: unix
Feb 17 20:34:19.202230 np0000156149 devstack@n-api-meta.service[108764]: pcre jit disabled
Feb 17 20:34:19.202230 np0000156149 devstack@n-api-meta.service[108764]: detected number of CPU cores: 16
Feb 17 20:34:19.202230 np0000156149 devstack@n-api-meta.service[108764]: current working directory: /
Feb 17 20:34:19.202230 np0000156149 devstack@n-api-meta.service[108764]: detected binary path: /opt/stack/data/venv/bin/uwsgi
Feb 17 20:34:19.202230 np0000156149 devstack@n-api-meta.service[108764]: your processes number limit is 256923
Feb 17 20:34:19.202230 np0000156149 devstack@n-api-meta.service[108764]: your memory page size is 4096 bytes
Feb 17 20:34:19.202230 np0000156149 devstack@n-api-meta.service[108764]: detected max file descriptor number: 2048
Feb 17 20:34:19.202230 np0000156149 devstack@n-api-meta.service[108764]: lock engine: pthread robust mutexes
Feb 17 20:34:19.202230 np0000156149 devstack@n-api-meta.service[108764]: thunder lock: enabled
Feb 17 20:34:19.202230 np0000156149 devstack@n-api-meta.service[108764]: uWSGI http bound on 0.0.0.0:8775 fd 5
Feb 17 20:34:19.202230 np0000156149 devstack@n-api-meta.service[108764]: uwsgi socket 0 bound to TCP address 127.0.0.1:37009 (port auto-assigned) fd 4
Feb 17 20:34:19.202230 np0000156149 devstack@n-api-meta.service[108764]: Python version: 3.12.3 (main, Jan 22 2026, 20:57:42) [GCC 13.3.0]
Feb 17 20:34:19.202230 np0000156149 devstack@n-api-meta.service[108764]: PEP 405 virtualenv detected: /opt/stack/data/venv
Feb 17 20:34:19.202230 np0000156149 devstack@n-api-meta.service[108764]: Set PythonHome to /opt/stack/data/venv
Feb 17 20:34:19.239280 np0000156149 devstack@n-api-meta.service[108764]: Python main interpreter initialized at 0x7f009e0a3668
Feb 17 20:34:19.239280 np0000156149 devstack@n-api-meta.service[108764]: python threads support enabled
Feb 17 20:34:19.239280 np0000156149 devstack@n-api-meta.service[108764]: your server socket listen backlog is limited to 100 connections
Feb 17 20:34:19.239280 np0000156149 devstack@n-api-meta.service[108764]: your mercy for graceful operations on workers is 80 seconds
Feb 17 20:34:19.239867 np0000156149 devstack@n-api-meta.service[108764]: mapped 671795 bytes (656 KB) for 4 cores
Feb 17 20:34:19.240072 np0000156149 devstack@n-api-meta.service[108764]: *** Operational MODE: preforking ***
Feb 17 20:34:19.240350 np0000156149 devstack@n-api-meta.service[108764]: *** uWSGI is running in multiple interpreter mode ***
Feb 17 20:34:19.240350 np0000156149 devstack@n-api-meta.service[108764]: spawned uWSGI master process (pid: 108764)
Feb 17 20:34:19.240538 np0000156149 systemd[1]: Started devstack@n-api-meta.service - Devstack devstack@n-api-meta.service.
Feb 17 20:34:19.241467 np0000156149 devstack@n-api-meta.service[108764]: spawned uWSGI worker 1 (pid: 108767, cores: 1)
Feb 17 20:34:19.241948 np0000156149 devstack@n-api-meta.service[108764]: spawned uWSGI worker 2 (pid: 108768, cores: 1)
Feb 17 20:34:19.242439 np0000156149 devstack@n-api-meta.service[108764]: spawned uWSGI worker 3 (pid: 108769, cores: 1)
Feb 17 20:34:19.242936 np0000156149 devstack@n-api-meta.service[108764]: spawned uWSGI worker 4 (pid: 108770, cores: 1)
Feb 17 20:34:19.243461 np0000156149 devstack@n-api-meta.service[108764]: spawned uWSGI http 1 (pid: 108771)
Feb 17 20:34:19.243461 np0000156149 devstack@n-api-meta.service[108764]: running "unix_signal:15 gracefully_kill_them_all" (master-start)...
Feb 17 20:34:19.654439 np0000156149 devstack@n-api-meta.service[108767]: Service is starting with native threading. This is currently experimental. Do not use it in production without first testing it in pre-production.
Feb 17 20:34:19.665273 np0000156149 devstack@n-api-meta.service[108768]: Service is starting with native threading. This is currently experimental. Do not use it in production without first testing it in pre-production.
Feb 17 20:34:19.671582 np0000156149 devstack@n-api-meta.service[108770]: Service is starting with native threading. This is currently experimental. Do not use it in production without first testing it in pre-production.
Feb 17 20:34:19.686062 np0000156149 devstack@n-api-meta.service[108769]: Service is starting with native threading. This is currently experimental. Do not use it in production without first testing it in pre-production.
Feb 17 20:34:21.260548 np0000156149 devstack@n-api-meta.service[108768]: INFO dbcounter [None req-f3a57873-cf9f-4f95-b94d-ae18f8a80d6e None None] Registered counter for database nova_api
Feb 17 20:34:21.275744 np0000156149 devstack@n-api-meta.service[108768]: DEBUG oslo_db.sqlalchemy.engines [None req-f3a57873-cf9f-4f95-b94d-ae18f8a80d6e None None] MySQL server mode set to STRICT_TRANS_TABLES,STRICT_ALL_TABLES,NO_ZERO_IN_DATE,NO_ZERO_DATE,ERROR_FOR_DIVISION_BY_ZERO,TRADITIONAL,NO_ENGINE_SUBSTITUTION {{(pid=108768) _check_effective_sql_mode /opt/stack/data/venv/lib/python3.12/site-packages/oslo_db/sqlalchemy/engines.py:325}}
Feb 17 20:34:21.300309 np0000156149 devstack@n-api-meta.service[108769]: INFO dbcounter [None req-9f11d085-0b56-4203-bd37-07136d976b8d None None] Registered counter for database nova_api
Feb 17 20:34:21.309182 np0000156149 devstack@n-api-meta.service[108768]: DEBUG dbcounter [-] [108768] Writer thread running {{(pid=108768) stat_writer /opt/stack/data/venv/lib/python3.12/site-packages/dbcounter.py:102}}
Feb 17 20:34:21.311553 np0000156149 devstack@n-api-meta.service[108768]: DEBUG nova.context [None req-f3a57873-cf9f-4f95-b94d-ae18f8a80d6e None None] Found 2 cells: 00000000-0000-0000-0000-000000000000(cell0),6d5f72c9-440e-4334-a375-e678f7d19d46(cell1) {{(pid=108768) load_cells /opt/stack/nova/nova/context.py:509}}
Feb 17 20:34:21.311793 np0000156149 devstack@n-api-meta.service[108768]: INFO nova.utils [None req-f3a57873-cf9f-4f95-b94d-ae18f8a80d6e None None] The cell worker thread pool MainProcess.cell_worker is initialized
Feb 17 20:34:21.313666 np0000156149 devstack@n-api-meta.service[108768]: DEBUG oslo_concurrency.lockutils [None req-f3a57873-cf9f-4f95-b94d-ae18f8a80d6e None None] Acquiring lock "00000000-0000-0000-0000-000000000000" by "nova.context.set_target_cell..get_or_set_cached_cell_and_set_connections" {{(pid=108768) inner /opt/stack/data/venv/lib/python3.12/site-packages/oslo_concurrency/lockutils.py:506}}
Feb 17 20:34:21.313832 np0000156149 devstack@n-api-meta.service[108768]: DEBUG oslo_concurrency.lockutils [None req-f3a57873-cf9f-4f95-b94d-ae18f8a80d6e None None] Lock "00000000-0000-0000-0000-000000000000" acquired by "nova.context.set_target_cell..get_or_set_cached_cell_and_set_connections" :: waited 0.000s {{(pid=108768) inner /opt/stack/data/venv/lib/python3.12/site-packages/oslo_concurrency/lockutils.py:519}}
Feb 17 20:34:21.314304 np0000156149 devstack@n-api-meta.service[108768]: DEBUG oslo_concurrency.lockutils [None req-f3a57873-cf9f-4f95-b94d-ae18f8a80d6e None None] Lock "00000000-0000-0000-0000-000000000000" "released" by "nova.context.set_target_cell..get_or_set_cached_cell_and_set_connections" :: held 0.000s {{(pid=108768) inner /opt/stack/data/venv/lib/python3.12/site-packages/oslo_concurrency/lockutils.py:538}}
Feb 17 20:34:21.315298 np0000156149 devstack@n-api-meta.service[108768]: DEBUG oslo_concurrency.lockutils [None req-f3a57873-cf9f-4f95-b94d-ae18f8a80d6e None None] Acquiring lock "6d5f72c9-440e-4334-a375-e678f7d19d46" by "nova.context.set_target_cell..get_or_set_cached_cell_and_set_connections" {{(pid=108768) inner /opt/stack/data/venv/lib/python3.12/site-packages/oslo_concurrency/lockutils.py:506}}
Feb 17 20:34:21.315455 np0000156149 devstack@n-api-meta.service[108768]: DEBUG oslo_concurrency.lockutils [None req-f3a57873-cf9f-4f95-b94d-ae18f8a80d6e None None] Lock "6d5f72c9-440e-4334-a375-e678f7d19d46" acquired by "nova.context.set_target_cell..get_or_set_cached_cell_and_set_connections" :: waited 0.000s {{(pid=108768) inner /opt/stack/data/venv/lib/python3.12/site-packages/oslo_concurrency/lockutils.py:519}}
Feb 17 20:34:21.316367 np0000156149 devstack@n-api-meta.service[108768]: DEBUG oslo_concurrency.lockutils [None req-f3a57873-cf9f-4f95-b94d-ae18f8a80d6e None None] Lock "6d5f72c9-440e-4334-a375-e678f7d19d46" "released" by "nova.context.set_target_cell..get_or_set_cached_cell_and_set_connections" :: held 0.001s {{(pid=108768) inner /opt/stack/data/venv/lib/python3.12/site-packages/oslo_concurrency/lockutils.py:538}}
Feb 17 20:34:21.319051 np0000156149 devstack@n-api-meta.service[108769]: DEBUG oslo_db.sqlalchemy.engines [None req-9f11d085-0b56-4203-bd37-07136d976b8d None None] MySQL server mode set to STRICT_TRANS_TABLES,STRICT_ALL_TABLES,NO_ZERO_IN_DATE,NO_ZERO_DATE,ERROR_FOR_DIVISION_BY_ZERO,TRADITIONAL,NO_ENGINE_SUBSTITUTION {{(pid=108769) _check_effective_sql_mode /opt/stack/data/venv/lib/python3.12/site-packages/oslo_db/sqlalchemy/engines.py:325}}
Feb 17 20:34:21.320228 np0000156149 devstack@n-api-meta.service[108768]: INFO dbcounter [None req-f3a57873-cf9f-4f95-b94d-ae18f8a80d6e None None] Registered counter for database nova_cell0
Feb 17 20:34:21.325783 np0000156149 devstack@n-api-meta.service[108768]: INFO dbcounter [None req-f3a57873-cf9f-4f95-b94d-ae18f8a80d6e None None] Registered counter for database nova_cell1
Feb 17 20:34:21.327565 np0000156149 devstack@n-api-meta.service[108767]: INFO dbcounter [None req-249dc014-bda4-4275-8309-7356a650f1a8 None None] Registered counter for database nova_api
Feb 17 20:34:21.346196 np0000156149 devstack@n-api-meta.service[108768]: DEBUG oslo_db.sqlalchemy.engines [None req-f3a57873-cf9f-4f95-b94d-ae18f8a80d6e None None] MySQL server mode set to STRICT_TRANS_TABLES,STRICT_ALL_TABLES,NO_ZERO_IN_DATE,NO_ZERO_DATE,ERROR_FOR_DIVISION_BY_ZERO,TRADITIONAL,NO_ENGINE_SUBSTITUTION {{(pid=108768) _check_effective_sql_mode /opt/stack/data/venv/lib/python3.12/site-packages/oslo_db/sqlalchemy/engines.py:325}}
Feb 17 20:34:21.362846 np0000156149 devstack@n-api-meta.service[108768]: DEBUG oslo_db.sqlalchemy.engines [None req-f3a57873-cf9f-4f95-b94d-ae18f8a80d6e None None] MySQL server mode set to STRICT_TRANS_TABLES,STRICT_ALL_TABLES,NO_ZERO_IN_DATE,NO_ZERO_DATE,ERROR_FOR_DIVISION_BY_ZERO,TRADITIONAL,NO_ENGINE_SUBSTITUTION {{(pid=108768) _check_effective_sql_mode /opt/stack/data/venv/lib/python3.12/site-packages/oslo_db/sqlalchemy/engines.py:325}}
Feb 17 20:34:21.363412 np0000156149 devstack@n-api-meta.service[108769]: DEBUG dbcounter [-] [108769] Writer thread running {{(pid=108769) stat_writer /opt/stack/data/venv/lib/python3.12/site-packages/dbcounter.py:102}}
Feb 17 20:34:21.367057 np0000156149 devstack@n-api-meta.service[108769]: DEBUG nova.context [None req-9f11d085-0b56-4203-bd37-07136d976b8d None None] Found 2 cells: 00000000-0000-0000-0000-000000000000(cell0),6d5f72c9-440e-4334-a375-e678f7d19d46(cell1) {{(pid=108769) load_cells /opt/stack/nova/nova/context.py:509}}
Feb 17 20:34:21.367461 np0000156149 devstack@n-api-meta.service[108769]: INFO nova.utils [None req-9f11d085-0b56-4203-bd37-07136d976b8d None None] The cell worker thread pool MainProcess.cell_worker is initialized
Feb 17 20:34:21.370399 np0000156149 devstack@n-api-meta.service[108769]: DEBUG oslo_concurrency.lockutils [None req-9f11d085-0b56-4203-bd37-07136d976b8d None None] Acquiring lock "00000000-0000-0000-0000-000000000000" by "nova.context.set_target_cell..get_or_set_cached_cell_and_set_connections" {{(pid=108769) inner /opt/stack/data/venv/lib/python3.12/site-packages/oslo_concurrency/lockutils.py:506}}
Feb 17 20:34:21.370647 np0000156149 devstack@n-api-meta.service[108769]: DEBUG oslo_concurrency.lockutils [None req-9f11d085-0b56-4203-bd37-07136d976b8d None None] Lock "00000000-0000-0000-0000-000000000000" acquired by "nova.context.set_target_cell..get_or_set_cached_cell_and_set_connections" :: waited 0.000s {{(pid=108769) inner /opt/stack/data/venv/lib/python3.12/site-packages/oslo_concurrency/lockutils.py:519}}
Feb 17 20:34:21.371276 np0000156149 devstack@n-api-meta.service[108769]: DEBUG oslo_concurrency.lockutils [None req-9f11d085-0b56-4203-bd37-07136d976b8d None None] Lock "00000000-0000-0000-0000-000000000000" "released" by "nova.context.set_target_cell..get_or_set_cached_cell_and_set_connections" :: held 0.001s {{(pid=108769) inner /opt/stack/data/venv/lib/python3.12/site-packages/oslo_concurrency/lockutils.py:538}}
Feb 17 20:34:21.371637 np0000156149 devstack@n-api-meta.service[108767]: DEBUG oslo_db.sqlalchemy.engines [None req-249dc014-bda4-4275-8309-7356a650f1a8 None None] MySQL server mode set to STRICT_TRANS_TABLES,STRICT_ALL_TABLES,NO_ZERO_IN_DATE,NO_ZERO_DATE,ERROR_FOR_DIVISION_BY_ZERO,TRADITIONAL,NO_ENGINE_SUBSTITUTION {{(pid=108767) _check_effective_sql_mode /opt/stack/data/venv/lib/python3.12/site-packages/oslo_db/sqlalchemy/engines.py:325}}
Feb 17 20:34:21.372427 np0000156149 devstack@n-api-meta.service[108769]: DEBUG oslo_concurrency.lockutils [None req-9f11d085-0b56-4203-bd37-07136d976b8d None None] Acquiring lock "6d5f72c9-440e-4334-a375-e678f7d19d46" by "nova.context.set_target_cell..get_or_set_cached_cell_and_set_connections" {{(pid=108769) inner /opt/stack/data/venv/lib/python3.12/site-packages/oslo_concurrency/lockutils.py:506}}
Feb 17 20:34:21.372568 np0000156149 devstack@n-api-meta.service[108769]: DEBUG oslo_concurrency.lockutils [None req-9f11d085-0b56-4203-bd37-07136d976b8d None None] Lock "6d5f72c9-440e-4334-a375-e678f7d19d46" acquired by "nova.context.set_target_cell..get_or_set_cached_cell_and_set_connections" :: waited 0.000s {{(pid=108769) inner /opt/stack/data/venv/lib/python3.12/site-packages/oslo_concurrency/lockutils.py:519}}
Feb 17 20:34:21.373651 np0000156149 devstack@n-api-meta.service[108769]: DEBUG oslo_concurrency.lockutils [None req-9f11d085-0b56-4203-bd37-07136d976b8d None None] Lock "6d5f72c9-440e-4334-a375-e678f7d19d46" "released" by "nova.context.set_target_cell..get_or_set_cached_cell_and_set_connections" :: held 0.001s {{(pid=108769) inner /opt/stack/data/venv/lib/python3.12/site-packages/oslo_concurrency/lockutils.py:538}}
Feb 17 20:34:21.377600 np0000156149 devstack@n-api-meta.service[108769]: INFO dbcounter [None req-9f11d085-0b56-4203-bd37-07136d976b8d None None] Registered counter for database nova_cell0
Feb 17 20:34:21.384910 np0000156149 devstack@n-api-meta.service[108769]: INFO dbcounter [None req-9f11d085-0b56-4203-bd37-07136d976b8d None None] Registered counter for database nova_cell1
Feb 17 20:34:21.385002 np0000156149 devstack@n-api-meta.service[108770]: INFO dbcounter [None req-4f54db12-1da2-4ce4-b22a-3b643129c575 None None] Registered counter for database nova_api
Feb 17 20:34:21.397463 np0000156149 devstack@n-api-meta.service[108769]: DEBUG oslo_db.sqlalchemy.engines [None req-9f11d085-0b56-4203-bd37-07136d976b8d None None] MySQL server mode set to STRICT_TRANS_TABLES,STRICT_ALL_TABLES,NO_ZERO_IN_DATE,NO_ZERO_DATE,ERROR_FOR_DIVISION_BY_ZERO,TRADITIONAL,NO_ENGINE_SUBSTITUTION {{(pid=108769) _check_effective_sql_mode /opt/stack/data/venv/lib/python3.12/site-packages/oslo_db/sqlalchemy/engines.py:325}}
Feb 17 20:34:21.403175 np0000156149 devstack@n-api-meta.service[108769]: DEBUG oslo_db.sqlalchemy.engines [None req-9f11d085-0b56-4203-bd37-07136d976b8d None None] MySQL server mode set to STRICT_TRANS_TABLES,STRICT_ALL_TABLES,NO_ZERO_IN_DATE,NO_ZERO_DATE,ERROR_FOR_DIVISION_BY_ZERO,TRADITIONAL,NO_ENGINE_SUBSTITUTION {{(pid=108769) _check_effective_sql_mode /opt/stack/data/venv/lib/python3.12/site-packages/oslo_db/sqlalchemy/engines.py:325}}
Feb 17 20:34:21.411133 np0000156149 devstack@n-api-meta.service[108767]: DEBUG dbcounter [-] [108767] Writer thread running {{(pid=108767) stat_writer /opt/stack/data/venv/lib/python3.12/site-packages/dbcounter.py:102}}
Feb 17 20:34:21.413562 np0000156149 devstack@n-api-meta.service[108767]: DEBUG nova.context [None req-249dc014-bda4-4275-8309-7356a650f1a8 None None] Found 2 cells: 00000000-0000-0000-0000-000000000000(cell0),6d5f72c9-440e-4334-a375-e678f7d19d46(cell1) {{(pid=108767) load_cells /opt/stack/nova/nova/context.py:509}}
Feb 17 20:34:21.413814 np0000156149 devstack@n-api-meta.service[108767]: INFO nova.utils [None req-249dc014-bda4-4275-8309-7356a650f1a8 None None] The cell worker thread pool MainProcess.cell_worker is initialized
Feb 17 20:34:21.415149 np0000156149 devstack@n-api-meta.service[108770]: DEBUG oslo_db.sqlalchemy.engines [None req-4f54db12-1da2-4ce4-b22a-3b643129c575 None None] MySQL server mode set to STRICT_TRANS_TABLES,STRICT_ALL_TABLES,NO_ZERO_IN_DATE,NO_ZERO_DATE,ERROR_FOR_DIVISION_BY_ZERO,TRADITIONAL,NO_ENGINE_SUBSTITUTION {{(pid=108770) _check_effective_sql_mode /opt/stack/data/venv/lib/python3.12/site-packages/oslo_db/sqlalchemy/engines.py:325}}
Feb 17 20:34:21.416096 np0000156149 devstack@n-api-meta.service[108767]: DEBUG oslo_concurrency.lockutils [None req-249dc014-bda4-4275-8309-7356a650f1a8 None None] Acquiring lock "00000000-0000-0000-0000-000000000000" by "nova.context.set_target_cell..get_or_set_cached_cell_and_set_connections" {{(pid=108767) inner /opt/stack/data/venv/lib/python3.12/site-packages/oslo_concurrency/lockutils.py:506}}
Feb 17 20:34:21.416096 np0000156149 devstack@n-api-meta.service[108767]: DEBUG oslo_concurrency.lockutils [None req-249dc014-bda4-4275-8309-7356a650f1a8 None None] Lock "00000000-0000-0000-0000-000000000000" acquired by "nova.context.set_target_cell..get_or_set_cached_cell_and_set_connections" :: waited 0.000s {{(pid=108767) inner /opt/stack/data/venv/lib/python3.12/site-packages/oslo_concurrency/lockutils.py:519}}
Feb 17 20:34:21.416330 np0000156149 devstack@n-api-meta.service[108767]: DEBUG oslo_concurrency.lockutils [None req-249dc014-bda4-4275-8309-7356a650f1a8 None None] Lock "00000000-0000-0000-0000-000000000000" "released" by "nova.context.set_target_cell..get_or_set_cached_cell_and_set_connections" :: held 0.000s {{(pid=108767) inner /opt/stack/data/venv/lib/python3.12/site-packages/oslo_concurrency/lockutils.py:538}}
Feb 17 20:34:21.417034 np0000156149 devstack@n-api-meta.service[108767]: DEBUG oslo_concurrency.lockutils [None req-249dc014-bda4-4275-8309-7356a650f1a8 None None] Acquiring lock "6d5f72c9-440e-4334-a375-e678f7d19d46" by "nova.context.set_target_cell..get_or_set_cached_cell_and_set_connections" {{(pid=108767) inner /opt/stack/data/venv/lib/python3.12/site-packages/oslo_concurrency/lockutils.py:506}}
Feb 17 20:34:21.417156 np0000156149 devstack@n-api-meta.service[108767]: DEBUG oslo_concurrency.lockutils [None req-249dc014-bda4-4275-8309-7356a650f1a8 None None] Lock "6d5f72c9-440e-4334-a375-e678f7d19d46" acquired by "nova.context.set_target_cell..get_or_set_cached_cell_and_set_connections" :: waited 0.000s {{(pid=108767) inner /opt/stack/data/venv/lib/python3.12/site-packages/oslo_concurrency/lockutils.py:519}}
Feb 17 20:34:21.418030 np0000156149 devstack@n-api-meta.service[108767]: DEBUG oslo_concurrency.lockutils [None req-249dc014-bda4-4275-8309-7356a650f1a8 None None] Lock "6d5f72c9-440e-4334-a375-e678f7d19d46" "released" by "nova.context.set_target_cell..get_or_set_cached_cell_and_set_connections" :: held 0.001s {{(pid=108767) inner /opt/stack/data/venv/lib/python3.12/site-packages/oslo_concurrency/lockutils.py:538}}
Feb 17 20:34:21.420821 np0000156149 devstack@n-api-meta.service[108767]: INFO dbcounter [None req-249dc014-bda4-4275-8309-7356a650f1a8 None None] Registered counter for database nova_cell0
Feb 17 20:34:21.426339 np0000156149 devstack@n-api-meta.service[108767]: INFO dbcounter [None req-249dc014-bda4-4275-8309-7356a650f1a8 None None] Registered counter for database nova_cell1
Feb 17 20:34:21.440116 np0000156149 devstack@n-api-meta.service[108767]: DEBUG oslo_db.sqlalchemy.engines [None req-249dc014-bda4-4275-8309-7356a650f1a8 None None] MySQL server mode set to STRICT_TRANS_TABLES,STRICT_ALL_TABLES,NO_ZERO_IN_DATE,NO_ZERO_DATE,ERROR_FOR_DIVISION_BY_ZERO,TRADITIONAL,NO_ENGINE_SUBSTITUTION {{(pid=108767) _check_effective_sql_mode /opt/stack/data/venv/lib/python3.12/site-packages/oslo_db/sqlalchemy/engines.py:325}}
Feb 17 20:34:21.452286 np0000156149 devstack@n-api-meta.service[108768]: DEBUG dbcounter [-] [108768] Writer thread running {{(pid=108768) stat_writer /opt/stack/data/venv/lib/python3.12/site-packages/dbcounter.py:102}}
Feb 17 20:34:21.458525 np0000156149 devstack@n-api-meta.service[108767]: DEBUG oslo_db.sqlalchemy.engines [None req-249dc014-bda4-4275-8309-7356a650f1a8 None None] MySQL server mode set to STRICT_TRANS_TABLES,STRICT_ALL_TABLES,NO_ZERO_IN_DATE,NO_ZERO_DATE,ERROR_FOR_DIVISION_BY_ZERO,TRADITIONAL,NO_ENGINE_SUBSTITUTION {{(pid=108767) _check_effective_sql_mode /opt/stack/data/venv/lib/python3.12/site-packages/oslo_db/sqlalchemy/engines.py:325}}
Feb 17 20:34:21.462559 np0000156149 devstack@n-api-meta.service[108768]: DEBUG dbcounter [-] [108768] Writer thread running {{(pid=108768) stat_writer /opt/stack/data/venv/lib/python3.12/site-packages/dbcounter.py:102}}
Feb 17 20:34:21.463495 np0000156149 devstack@n-api-meta.service[108770]: DEBUG dbcounter [-] [108770] Writer thread running {{(pid=108770) stat_writer /opt/stack/data/venv/lib/python3.12/site-packages/dbcounter.py:102}}
Feb 17 20:34:21.466215 np0000156149 devstack@n-api-meta.service[108770]: DEBUG nova.context [None req-4f54db12-1da2-4ce4-b22a-3b643129c575 None None] Found 2 cells: 00000000-0000-0000-0000-000000000000(cell0),6d5f72c9-440e-4334-a375-e678f7d19d46(cell1) {{(pid=108770) load_cells /opt/stack/nova/nova/context.py:509}}
Feb 17 20:34:21.466478 np0000156149 devstack@n-api-meta.service[108770]: INFO nova.utils [None req-4f54db12-1da2-4ce4-b22a-3b643129c575 None None] The cell worker thread pool MainProcess.cell_worker is initialized
Feb 17 20:34:21.468139 np0000156149 devstack@n-api-meta.service[108768]: INFO dbcounter [None req-f3a57873-cf9f-4f95-b94d-ae18f8a80d6e None None] Registered counter for database nova_cell0
Feb 17 20:34:21.468438 np0000156149 devstack@n-api-meta.service[108770]: DEBUG oslo_concurrency.lockutils [None req-4f54db12-1da2-4ce4-b22a-3b643129c575 None None] Acquiring lock "00000000-0000-0000-0000-000000000000" by "nova.context.set_target_cell..get_or_set_cached_cell_and_set_connections" {{(pid=108770) inner /opt/stack/data/venv/lib/python3.12/site-packages/oslo_concurrency/lockutils.py:506}}
Feb 17 20:34:21.468652 np0000156149 devstack@n-api-meta.service[108770]: DEBUG oslo_concurrency.lockutils [None req-4f54db12-1da2-4ce4-b22a-3b643129c575 None None] Lock "00000000-0000-0000-0000-000000000000" acquired by "nova.context.set_target_cell..get_or_set_cached_cell_and_set_connections" :: waited 0.000s {{(pid=108770) inner /opt/stack/data/venv/lib/python3.12/site-packages/oslo_concurrency/lockutils.py:519}}
Feb 17 20:34:21.469021 np0000156149 devstack@n-api-meta.service[108770]: DEBUG oslo_concurrency.lockutils [None req-4f54db12-1da2-4ce4-b22a-3b643129c575 None None] Lock "00000000-0000-0000-0000-000000000000" "released" by "nova.context.set_target_cell..get_or_set_cached_cell_and_set_connections" :: held 0.000s {{(pid=108770) inner /opt/stack/data/venv/lib/python3.12/site-packages/oslo_concurrency/lockutils.py:538}}
Feb 17 20:34:21.469718 np0000156149 devstack@n-api-meta.service[108770]: DEBUG oslo_concurrency.lockutils [None req-4f54db12-1da2-4ce4-b22a-3b643129c575 None None] Acquiring lock "6d5f72c9-440e-4334-a375-e678f7d19d46" by "nova.context.set_target_cell..get_or_set_cached_cell_and_set_connections" {{(pid=108770) inner /opt/stack/data/venv/lib/python3.12/site-packages/oslo_concurrency/lockutils.py:506}}
Feb 17 20:34:21.469868 np0000156149 devstack@n-api-meta.service[108770]: DEBUG oslo_concurrency.lockutils [None req-4f54db12-1da2-4ce4-b22a-3b643129c575 None None] Lock "6d5f72c9-440e-4334-a375-e678f7d19d46" acquired by "nova.context.set_target_cell..get_or_set_cached_cell_and_set_connections" :: waited 0.000s {{(pid=108770) inner /opt/stack/data/venv/lib/python3.12/site-packages/oslo_concurrency/lockutils.py:519}}
Feb 17 20:34:21.470833 np0000156149 devstack@n-api-meta.service[108770]: DEBUG oslo_concurrency.lockutils [None req-4f54db12-1da2-4ce4-b22a-3b643129c575 None None] Lock "6d5f72c9-440e-4334-a375-e678f7d19d46" "released" by "nova.context.set_target_cell..get_or_set_cached_cell_and_set_connections" :: held 0.001s {{(pid=108770) inner /opt/stack/data/venv/lib/python3.12/site-packages/oslo_concurrency/lockutils.py:538}}
Feb 17 20:34:21.474226 np0000156149 devstack@n-api-meta.service[108770]: INFO dbcounter [None req-4f54db12-1da2-4ce4-b22a-3b643129c575 None None] Registered counter for database nova_cell0
Feb 17 20:34:21.476867 np0000156149 devstack@n-api-meta.service[108768]: DEBUG oslo_db.sqlalchemy.engines [None req-f3a57873-cf9f-4f95-b94d-ae18f8a80d6e None None] MySQL server mode set to STRICT_TRANS_TABLES,STRICT_ALL_TABLES,NO_ZERO_IN_DATE,NO_ZERO_DATE,ERROR_FOR_DIVISION_BY_ZERO,TRADITIONAL,NO_ENGINE_SUBSTITUTION {{(pid=108768) _check_effective_sql_mode /opt/stack/data/venv/lib/python3.12/site-packages/oslo_db/sqlalchemy/engines.py:325}}
Feb 17 20:34:21.480331 np0000156149 devstack@n-api-meta.service[108770]: INFO dbcounter [None req-4f54db12-1da2-4ce4-b22a-3b643129c575 None None] Registered counter for database nova_cell1
Feb 17 20:34:21.488730 np0000156149 devstack@n-api-meta.service[108768]: DEBUG dbcounter [-] [108768] Writer thread running {{(pid=108768) stat_writer /opt/stack/data/venv/lib/python3.12/site-packages/dbcounter.py:102}}
Feb 17 20:34:21.499295 np0000156149 devstack@n-api-meta.service[108770]: DEBUG oslo_db.sqlalchemy.engines [None req-4f54db12-1da2-4ce4-b22a-3b643129c575 None None] MySQL server mode set to STRICT_TRANS_TABLES,STRICT_ALL_TABLES,NO_ZERO_IN_DATE,NO_ZERO_DATE,ERROR_FOR_DIVISION_BY_ZERO,TRADITIONAL,NO_ENGINE_SUBSTITUTION {{(pid=108770) _check_effective_sql_mode /opt/stack/data/venv/lib/python3.12/site-packages/oslo_db/sqlalchemy/engines.py:325}}
Feb 17 20:34:21.516949 np0000156149 devstack@n-api-meta.service[108770]: DEBUG oslo_db.sqlalchemy.engines [None req-4f54db12-1da2-4ce4-b22a-3b643129c575 None None] MySQL server mode set to STRICT_TRANS_TABLES,STRICT_ALL_TABLES,NO_ZERO_IN_DATE,NO_ZERO_DATE,ERROR_FOR_DIVISION_BY_ZERO,TRADITIONAL,NO_ENGINE_SUBSTITUTION {{(pid=108770) _check_effective_sql_mode /opt/stack/data/venv/lib/python3.12/site-packages/oslo_db/sqlalchemy/engines.py:325}}
Feb 17 20:34:21.519078 np0000156149 devstack@n-api-meta.service[108769]: DEBUG dbcounter [-] [108769] Writer thread running {{(pid=108769) stat_writer /opt/stack/data/venv/lib/python3.12/site-packages/dbcounter.py:102}}
Feb 17 20:34:21.519751 np0000156149 devstack@n-api-meta.service[108769]: DEBUG dbcounter [-] [108769] Writer thread running {{(pid=108769) stat_writer /opt/stack/data/venv/lib/python3.12/site-packages/dbcounter.py:102}}
Feb 17 20:34:21.525777 np0000156149 devstack@n-api-meta.service[108769]: INFO dbcounter [None req-9f11d085-0b56-4203-bd37-07136d976b8d None None] Registered counter for database nova_cell0
Feb 17 20:34:21.534553 np0000156149 devstack@n-api-meta.service[108767]: DEBUG dbcounter [-] [108767] Writer thread running {{(pid=108767) stat_writer /opt/stack/data/venv/lib/python3.12/site-packages/dbcounter.py:102}}
Feb 17 20:34:21.538100 np0000156149 devstack@n-api-meta.service[108768]: WARNING nova.api.metadata.handler [None req-f3a57873-cf9f-4f95-b94d-ae18f8a80d6e None None] metadata_proxy_shared_secret is not configured, the metadata information returned by the proxy cannot be trusted
Feb 17 20:34:21.539256 np0000156149 devstack@n-api-meta.service[108769]: DEBUG oslo_db.sqlalchemy.engines [None req-9f11d085-0b56-4203-bd37-07136d976b8d None None] MySQL server mode set to STRICT_TRANS_TABLES,STRICT_ALL_TABLES,NO_ZERO_IN_DATE,NO_ZERO_DATE,ERROR_FOR_DIVISION_BY_ZERO,TRADITIONAL,NO_ENGINE_SUBSTITUTION {{(pid=108769) _check_effective_sql_mode /opt/stack/data/venv/lib/python3.12/site-packages/oslo_db/sqlalchemy/engines.py:325}}
Feb 17 20:34:21.540399 np0000156149 devstack@n-api-meta.service[108768]: DEBUG nova.api.openstack.wsgi_app [None req-f3a57873-cf9f-4f95-b94d-ae18f8a80d6e None None] ******************************************************************************** {{(pid=108768) log_opt_values /opt/stack/data/venv/lib/python3.12/site-packages/oslo_config/cfg.py:2804}}
Feb 17 20:34:21.540497 np0000156149 devstack@n-api-meta.service[108768]: DEBUG nova.api.openstack.wsgi_app [None req-f3a57873-cf9f-4f95-b94d-ae18f8a80d6e None None] Configuration options gathered from: {{(pid=108768) log_opt_values /opt/stack/data/venv/lib/python3.12/site-packages/oslo_config/cfg.py:2805}}
Feb 17 20:34:21.540615 np0000156149 devstack@n-api-meta.service[108768]: DEBUG nova.api.openstack.wsgi_app [None req-f3a57873-cf9f-4f95-b94d-ae18f8a80d6e None None] command line args: [] {{(pid=108768) log_opt_values /opt/stack/data/venv/lib/python3.12/site-packages/oslo_config/cfg.py:2806}}
Feb 17 20:34:21.540751 np0000156149 devstack@n-api-meta.service[108768]: DEBUG nova.api.openstack.wsgi_app [None req-f3a57873-cf9f-4f95-b94d-ae18f8a80d6e None None] config files: ['/etc/nova/api-paste.ini', '/etc/nova/nova.conf'] {{(pid=108768) log_opt_values /opt/stack/data/venv/lib/python3.12/site-packages/oslo_config/cfg.py:2807}}
Feb 17 20:34:21.540832 np0000156149 devstack@n-api-meta.service[108768]: DEBUG nova.api.openstack.wsgi_app [None req-f3a57873-cf9f-4f95-b94d-ae18f8a80d6e None None] ================================================================================ {{(pid=108768) log_opt_values /opt/stack/data/venv/lib/python3.12/site-packages/oslo_config/cfg.py:2809}}
Feb 17 20:34:21.541047 np0000156149 devstack@n-api-meta.service[108768]: DEBUG nova.api.openstack.wsgi_app [None req-f3a57873-cf9f-4f95-b94d-ae18f8a80d6e None None] allow_resize_to_same_host = True {{(pid=108768) log_opt_values /opt/stack/data/venv/lib/python3.12/site-packages/oslo_config/cfg.py:2817}}
Feb 17 20:34:21.541175 np0000156149 devstack@n-api-meta.service[108768]: DEBUG nova.api.openstack.wsgi_app [None req-f3a57873-cf9f-4f95-b94d-ae18f8a80d6e None None] arq_binding_timeout = 300 {{(pid=108768) log_opt_values /opt/stack/data/venv/lib/python3.12/site-packages/oslo_config/cfg.py:2817}}
Feb 17 20:34:21.541300 np0000156149 devstack@n-api-meta.service[108768]: DEBUG nova.api.openstack.wsgi_app [None req-f3a57873-cf9f-4f95-b94d-ae18f8a80d6e None None] block_device_allocate_retries = 60 {{(pid=108768) log_opt_values /opt/stack/data/venv/lib/python3.12/site-packages/oslo_config/cfg.py:2817}}
Feb 17 20:34:21.541471 np0000156149 devstack@n-api-meta.service[108768]: DEBUG nova.api.openstack.wsgi_app [None req-f3a57873-cf9f-4f95-b94d-ae18f8a80d6e None None] block_device_allocate_retries_interval = 3 {{(pid=108768) log_opt_values /opt/stack/data/venv/lib/python3.12/site-packages/oslo_config/cfg.py:2817}}
Feb 17 20:34:21.541751 np0000156149 devstack@n-api-meta.service[108768]: DEBUG nova.api.openstack.wsgi_app [None req-f3a57873-cf9f-4f95-b94d-ae18f8a80d6e None None] cell_worker_thread_pool_size = 5 {{(pid=108768) log_opt_values /opt/stack/data/venv/lib/python3.12/site-packages/oslo_config/cfg.py:2817}}
Feb 17 20:34:21.541885 np0000156149 devstack@n-api-meta.service[108768]: DEBUG nova.api.openstack.wsgi_app [None req-f3a57873-cf9f-4f95-b94d-ae18f8a80d6e None None] cert = self.pem {{(pid=108768) log_opt_values /opt/stack/data/venv/lib/python3.12/site-packages/oslo_config/cfg.py:2817}}
Feb 17 20:34:21.542074 np0000156149 devstack@n-api-meta.service[108768]: DEBUG nova.api.openstack.wsgi_app [None req-f3a57873-cf9f-4f95-b94d-ae18f8a80d6e None None] compute_driver = libvirt.LibvirtDriver {{(pid=108768) log_opt_values /opt/stack/data/venv/lib/python3.12/site-packages/oslo_config/cfg.py:2817}}
Feb 17 20:34:21.542190 np0000156149 devstack@n-api-meta.service[108768]: DEBUG nova.api.openstack.wsgi_app [None req-f3a57873-cf9f-4f95-b94d-ae18f8a80d6e None None] compute_monitors = [] {{(pid=108768) log_opt_values /opt/stack/data/venv/lib/python3.12/site-packages/oslo_config/cfg.py:2817}}
Feb 17 20:34:21.542310 np0000156149 devstack@n-api-meta.service[108768]: DEBUG nova.api.openstack.wsgi_app [None req-f3a57873-cf9f-4f95-b94d-ae18f8a80d6e None None] config_dir = [] {{(pid=108768) log_opt_values /opt/stack/data/venv/lib/python3.12/site-packages/oslo_config/cfg.py:2817}}
Feb 17 20:34:21.542447 np0000156149 devstack@n-api-meta.service[108768]: DEBUG nova.api.openstack.wsgi_app [None req-f3a57873-cf9f-4f95-b94d-ae18f8a80d6e None None] config_drive_format = iso9660 {{(pid=108768) log_opt_values /opt/stack/data/venv/lib/python3.12/site-packages/oslo_config/cfg.py:2817}}
Feb 17 20:34:21.542556 np0000156149 devstack@n-api-meta.service[108768]: DEBUG nova.api.openstack.wsgi_app [None req-f3a57873-cf9f-4f95-b94d-ae18f8a80d6e None None] config_file = ['/etc/nova/api-paste.ini', '/etc/nova/nova.conf'] {{(pid=108768) log_opt_values /opt/stack/data/venv/lib/python3.12/site-packages/oslo_config/cfg.py:2817}}
Feb 17 20:34:21.542712 np0000156149 devstack@n-api-meta.service[108768]: DEBUG nova.api.openstack.wsgi_app [None req-f3a57873-cf9f-4f95-b94d-ae18f8a80d6e None None] config_source = [] {{(pid=108768) log_opt_values /opt/stack/data/venv/lib/python3.12/site-packages/oslo_config/cfg.py:2817}}
Feb 17 20:34:21.542836 np0000156149 devstack@n-api-meta.service[108768]: DEBUG nova.api.openstack.wsgi_app [None req-f3a57873-cf9f-4f95-b94d-ae18f8a80d6e None None] console_host = np0000156149 {{(pid=108768) log_opt_values /opt/stack/data/venv/lib/python3.12/site-packages/oslo_config/cfg.py:2817}}
Feb 17 20:34:21.542973 np0000156149 devstack@n-api-meta.service[108768]: DEBUG nova.api.openstack.wsgi_app [None req-f3a57873-cf9f-4f95-b94d-ae18f8a80d6e None None] control_exchange = nova {{(pid=108768) log_opt_values /opt/stack/data/venv/lib/python3.12/site-packages/oslo_config/cfg.py:2817}}
Feb 17 20:34:21.543096 np0000156149 devstack@n-api-meta.service[108768]: DEBUG nova.api.openstack.wsgi_app [None req-f3a57873-cf9f-4f95-b94d-ae18f8a80d6e None None] cpu_allocation_ratio = None {{(pid=108768) log_opt_values /opt/stack/data/venv/lib/python3.12/site-packages/oslo_config/cfg.py:2817}}
Feb 17 20:34:21.543219 np0000156149 devstack@n-api-meta.service[108768]: DEBUG nova.api.openstack.wsgi_app [None req-f3a57873-cf9f-4f95-b94d-ae18f8a80d6e None None] daemon = False {{(pid=108768) log_opt_values /opt/stack/data/venv/lib/python3.12/site-packages/oslo_config/cfg.py:2817}}
Feb 17 20:34:21.543354 np0000156149 devstack@n-api-meta.service[108768]: DEBUG nova.api.openstack.wsgi_app [None req-f3a57873-cf9f-4f95-b94d-ae18f8a80d6e None None] debug = True {{(pid=108768) log_opt_values /opt/stack/data/venv/lib/python3.12/site-packages/oslo_config/cfg.py:2817}}
Feb 17 20:34:21.543467 np0000156149 devstack@n-api-meta.service[108768]: DEBUG nova.api.openstack.wsgi_app [None req-f3a57873-cf9f-4f95-b94d-ae18f8a80d6e None None] default_access_ip_network_name = None {{(pid=108768) log_opt_values /opt/stack/data/venv/lib/python3.12/site-packages/oslo_config/cfg.py:2817}}
Feb 17 20:34:21.543626 np0000156149 devstack@n-api-meta.service[108768]: DEBUG nova.api.openstack.wsgi_app [None req-f3a57873-cf9f-4f95-b94d-ae18f8a80d6e None None] default_availability_zone = nova {{(pid=108768) log_opt_values /opt/stack/data/venv/lib/python3.12/site-packages/oslo_config/cfg.py:2817}}
Feb 17 20:34:21.543702 np0000156149 devstack@n-api-meta.service[108767]: DEBUG dbcounter [-] [108767] Writer thread running {{(pid=108767) stat_writer /opt/stack/data/venv/lib/python3.12/site-packages/dbcounter.py:102}}
Feb 17 20:34:21.543757 np0000156149 devstack@n-api-meta.service[108768]: DEBUG nova.api.openstack.wsgi_app [None req-f3a57873-cf9f-4f95-b94d-ae18f8a80d6e None None] default_ephemeral_format = ext4 {{(pid=108768) log_opt_values /opt/stack/data/venv/lib/python3.12/site-packages/oslo_config/cfg.py:2817}}
Feb 17 20:34:21.543838 np0000156149 devstack@n-api-meta.service[108768]: DEBUG nova.api.openstack.wsgi_app [None req-f3a57873-cf9f-4f95-b94d-ae18f8a80d6e None None] default_green_pool_size = 1000 {{(pid=108768) log_opt_values /opt/stack/data/venv/lib/python3.12/site-packages/oslo_config/cfg.py:2817}}
Feb 17 20:34:21.544058 np0000156149 devstack@n-api-meta.service[108768]: DEBUG nova.api.openstack.wsgi_app [None req-f3a57873-cf9f-4f95-b94d-ae18f8a80d6e None None] default_log_levels = ['amqp=WARN', 'boto=WARN', 'sqlalchemy=WARN', 'suds=INFO', 'oslo.messaging=INFO', 'oslo_messaging=INFO', 'iso8601=WARN', 'requests.packages.urllib3.connectionpool=WARN', 'urllib3.connectionpool=WARN', 'websocket=WARN', 'requests.packages.urllib3.util.retry=WARN', 'urllib3.util.retry=WARN', 'keystonemiddleware=WARN', 'routes.middleware=WARN', 'stevedore=WARN', 'taskflow=WARN', 'keystoneauth=WARN', 'oslo.cache=INFO', 'oslo_policy=INFO', 'dogpile.core.dogpile=INFO', 'glanceclient=WARN', 'oslo.privsep.daemon=INFO'] {{(pid=108768) log_opt_values /opt/stack/data/venv/lib/python3.12/site-packages/oslo_config/cfg.py:2817}}
Feb 17 20:34:21.544212 np0000156149 devstack@n-api-meta.service[108768]: DEBUG nova.api.openstack.wsgi_app [None req-f3a57873-cf9f-4f95-b94d-ae18f8a80d6e None None] default_schedule_zone = None {{(pid=108768) log_opt_values /opt/stack/data/venv/lib/python3.12/site-packages/oslo_config/cfg.py:2817}}
Feb 17 20:34:21.544288 np0000156149 devstack@n-api-meta.service[108768]: DEBUG nova.api.openstack.wsgi_app [None req-f3a57873-cf9f-4f95-b94d-ae18f8a80d6e None None] default_thread_pool_size = 10 {{(pid=108768) log_opt_values /opt/stack/data/venv/lib/python3.12/site-packages/oslo_config/cfg.py:2817}}
Feb 17 20:34:21.544402 np0000156149 devstack@n-api-meta.service[108768]: DEBUG nova.api.openstack.wsgi_app [None req-f3a57873-cf9f-4f95-b94d-ae18f8a80d6e None None] disk_allocation_ratio = None {{(pid=108768) log_opt_values /opt/stack/data/venv/lib/python3.12/site-packages/oslo_config/cfg.py:2817}}
Feb 17 20:34:21.544521 np0000156149 devstack@n-api-meta.service[108768]: DEBUG nova.api.openstack.wsgi_app [None req-f3a57873-cf9f-4f95-b94d-ae18f8a80d6e None None] enable_new_services = True {{(pid=108768) log_opt_values /opt/stack/data/venv/lib/python3.12/site-packages/oslo_config/cfg.py:2817}}
Feb 17 20:34:21.544640 np0000156149 devstack@n-api-meta.service[108768]: DEBUG nova.api.openstack.wsgi_app [None req-f3a57873-cf9f-4f95-b94d-ae18f8a80d6e None None] flat_injected = False {{(pid=108768) log_opt_values /opt/stack/data/venv/lib/python3.12/site-packages/oslo_config/cfg.py:2817}}
Feb 17 20:34:21.544760 np0000156149 devstack@n-api-meta.service[108768]: DEBUG nova.api.openstack.wsgi_app [None req-f3a57873-cf9f-4f95-b94d-ae18f8a80d6e None None] force_config_drive = False {{(pid=108768) log_opt_values /opt/stack/data/venv/lib/python3.12/site-packages/oslo_config/cfg.py:2817}}
Feb 17 20:34:21.544996 np0000156149 devstack@n-api-meta.service[108768]: DEBUG nova.api.openstack.wsgi_app [None req-f3a57873-cf9f-4f95-b94d-ae18f8a80d6e None None] force_raw_images = True {{(pid=108768) log_opt_values /opt/stack/data/venv/lib/python3.12/site-packages/oslo_config/cfg.py:2817}}
Feb 17 20:34:21.545137 np0000156149 devstack@n-api-meta.service[108768]: DEBUG nova.api.openstack.wsgi_app [None req-f3a57873-cf9f-4f95-b94d-ae18f8a80d6e None None] graceful_shutdown_timeout = 5 {{(pid=108768) log_opt_values /opt/stack/data/venv/lib/python3.12/site-packages/oslo_config/cfg.py:2817}}
Feb 17 20:34:21.545264 np0000156149 devstack@n-api-meta.service[108768]: DEBUG nova.api.openstack.wsgi_app [None req-f3a57873-cf9f-4f95-b94d-ae18f8a80d6e None None] heal_instance_info_cache_interval = -1 {{(pid=108768) log_opt_values /opt/stack/data/venv/lib/python3.12/site-packages/oslo_config/cfg.py:2817}}
Feb 17 20:34:21.545446 np0000156149 devstack@n-api-meta.service[108768]: DEBUG nova.api.openstack.wsgi_app [None req-f3a57873-cf9f-4f95-b94d-ae18f8a80d6e None None] host = np0000156149 {{(pid=108768) log_opt_values /opt/stack/data/venv/lib/python3.12/site-packages/oslo_config/cfg.py:2817}}
Feb 17 20:34:21.545573 np0000156149 devstack@n-api-meta.service[108768]: DEBUG nova.api.openstack.wsgi_app [None req-f3a57873-cf9f-4f95-b94d-ae18f8a80d6e None None] initial_cpu_allocation_ratio = 4.0 {{(pid=108768) log_opt_values /opt/stack/data/venv/lib/python3.12/site-packages/oslo_config/cfg.py:2817}}
Feb 17 20:34:21.545697 np0000156149 devstack@n-api-meta.service[108768]: DEBUG nova.api.openstack.wsgi_app [None req-f3a57873-cf9f-4f95-b94d-ae18f8a80d6e None None] initial_disk_allocation_ratio = 1.0 {{(pid=108768) log_opt_values /opt/stack/data/venv/lib/python3.12/site-packages/oslo_config/cfg.py:2817}}
Feb 17 20:34:21.545818 np0000156149 devstack@n-api-meta.service[108768]: DEBUG nova.api.openstack.wsgi_app [None req-f3a57873-cf9f-4f95-b94d-ae18f8a80d6e None None] initial_ram_allocation_ratio = 1.0 {{(pid=108768) log_opt_values /opt/stack/data/venv/lib/python3.12/site-packages/oslo_config/cfg.py:2817}}
Feb 17 20:34:21.546007 np0000156149 devstack@n-api-meta.service[108768]: DEBUG nova.api.openstack.wsgi_app [None req-f3a57873-cf9f-4f95-b94d-ae18f8a80d6e None None] injected_network_template = /opt/stack/nova/nova/virt/interfaces.template {{(pid=108768) log_opt_values /opt/stack/data/venv/lib/python3.12/site-packages/oslo_config/cfg.py:2817}}
Feb 17 20:34:21.546131 np0000156149 devstack@n-api-meta.service[108768]: DEBUG nova.api.openstack.wsgi_app [None req-f3a57873-cf9f-4f95-b94d-ae18f8a80d6e None None] instance_build_timeout = 0 {{(pid=108768) log_opt_values /opt/stack/data/venv/lib/python3.12/site-packages/oslo_config/cfg.py:2817}}
Feb 17 20:34:21.546254 np0000156149 devstack@n-api-meta.service[108768]: DEBUG nova.api.openstack.wsgi_app [None req-f3a57873-cf9f-4f95-b94d-ae18f8a80d6e None None] instance_delete_interval = 300 {{(pid=108768) log_opt_values /opt/stack/data/venv/lib/python3.12/site-packages/oslo_config/cfg.py:2817}}
Feb 17 20:34:21.546379 np0000156149 devstack@n-api-meta.service[108768]: DEBUG nova.api.openstack.wsgi_app [None req-f3a57873-cf9f-4f95-b94d-ae18f8a80d6e None None] instance_format = [instance: %(uuid)s] {{(pid=108768) log_opt_values /opt/stack/data/venv/lib/python3.12/site-packages/oslo_config/cfg.py:2817}}
Feb 17 20:34:21.546503 np0000156149 devstack@n-api-meta.service[108768]: DEBUG nova.api.openstack.wsgi_app [None req-f3a57873-cf9f-4f95-b94d-ae18f8a80d6e None None] instance_name_template = instance-%08x {{(pid=108768) log_opt_values /opt/stack/data/venv/lib/python3.12/site-packages/oslo_config/cfg.py:2817}}
Feb 17 20:34:21.546625 np0000156149 devstack@n-api-meta.service[108768]: DEBUG nova.api.openstack.wsgi_app [None req-f3a57873-cf9f-4f95-b94d-ae18f8a80d6e None None] instance_usage_audit = False {{(pid=108768) log_opt_values /opt/stack/data/venv/lib/python3.12/site-packages/oslo_config/cfg.py:2817}}
Feb 17 20:34:21.547134 np0000156149 devstack@n-api-meta.service[108768]: DEBUG nova.api.openstack.wsgi_app [None req-f3a57873-cf9f-4f95-b94d-ae18f8a80d6e None None] instance_usage_audit_period = month {{(pid=108768) log_opt_values /opt/stack/data/venv/lib/python3.12/site-packages/oslo_config/cfg.py:2817}}
Feb 17 20:34:21.547270 np0000156149 devstack@n-api-meta.service[108768]: DEBUG nova.api.openstack.wsgi_app [None req-f3a57873-cf9f-4f95-b94d-ae18f8a80d6e None None] instance_uuid_format = [instance: %(uuid)s] {{(pid=108768) log_opt_values /opt/stack/data/venv/lib/python3.12/site-packages/oslo_config/cfg.py:2817}}
Feb 17 20:34:21.547397 np0000156149 devstack@n-api-meta.service[108768]: DEBUG nova.api.openstack.wsgi_app [None req-f3a57873-cf9f-4f95-b94d-ae18f8a80d6e None None] instances_path = /opt/stack/data/nova/instances {{(pid=108768) log_opt_values /opt/stack/data/venv/lib/python3.12/site-packages/oslo_config/cfg.py:2817}}
Feb 17 20:34:21.547526 np0000156149 devstack@n-api-meta.service[108768]: DEBUG nova.api.openstack.wsgi_app [None req-f3a57873-cf9f-4f95-b94d-ae18f8a80d6e None None] internal_service_availability_zone = internal {{(pid=108768) log_opt_values /opt/stack/data/venv/lib/python3.12/site-packages/oslo_config/cfg.py:2817}}
Feb 17 20:34:21.547642 np0000156149 devstack@n-api-meta.service[108768]: DEBUG nova.api.openstack.wsgi_app [None req-f3a57873-cf9f-4f95-b94d-ae18f8a80d6e None None] key = None {{(pid=108768) log_opt_values /opt/stack/data/venv/lib/python3.12/site-packages/oslo_config/cfg.py:2817}}
Feb 17 20:34:21.547764 np0000156149 devstack@n-api-meta.service[108768]: DEBUG nova.api.openstack.wsgi_app [None req-f3a57873-cf9f-4f95-b94d-ae18f8a80d6e None None] live_migration_retry_count = 30 {{(pid=108768) log_opt_values /opt/stack/data/venv/lib/python3.12/site-packages/oslo_config/cfg.py:2817}}
Feb 17 20:34:21.547902 np0000156149 devstack@n-api-meta.service[108767]: INFO dbcounter [None req-249dc014-bda4-4275-8309-7356a650f1a8 None None] Registered counter for database nova_cell0
Feb 17 20:34:21.547946 np0000156149 devstack@n-api-meta.service[108768]: DEBUG nova.api.openstack.wsgi_app [None req-f3a57873-cf9f-4f95-b94d-ae18f8a80d6e None None] log_color = False {{(pid=108768) log_opt_values /opt/stack/data/venv/lib/python3.12/site-packages/oslo_config/cfg.py:2817}}
Feb 17 20:34:21.548037 np0000156149 devstack@n-api-meta.service[108768]: DEBUG nova.api.openstack.wsgi_app [None req-f3a57873-cf9f-4f95-b94d-ae18f8a80d6e None None] log_config_append = None {{(pid=108768) log_opt_values /opt/stack/data/venv/lib/python3.12/site-packages/oslo_config/cfg.py:2817}}
Feb 17 20:34:21.548165 np0000156149 devstack@n-api-meta.service[108768]: DEBUG nova.api.openstack.wsgi_app [None req-f3a57873-cf9f-4f95-b94d-ae18f8a80d6e None None] log_date_format = %Y-%m-%d %H:%M:%S {{(pid=108768) log_opt_values /opt/stack/data/venv/lib/python3.12/site-packages/oslo_config/cfg.py:2817}}
Feb 17 20:34:21.548288 np0000156149 devstack@n-api-meta.service[108768]: DEBUG nova.api.openstack.wsgi_app [None req-f3a57873-cf9f-4f95-b94d-ae18f8a80d6e None None] log_dir = None {{(pid=108768) log_opt_values /opt/stack/data/venv/lib/python3.12/site-packages/oslo_config/cfg.py:2817}}
Feb 17 20:34:21.548456 np0000156149 devstack@n-api-meta.service[108768]: DEBUG nova.api.openstack.wsgi_app [None req-f3a57873-cf9f-4f95-b94d-ae18f8a80d6e None None] log_file = None {{(pid=108768) log_opt_values /opt/stack/data/venv/lib/python3.12/site-packages/oslo_config/cfg.py:2817}}
Feb 17 20:34:21.548547 np0000156149 devstack@n-api-meta.service[108768]: DEBUG nova.api.openstack.wsgi_app [None req-f3a57873-cf9f-4f95-b94d-ae18f8a80d6e None None] log_options = True {{(pid=108768) log_opt_values /opt/stack/data/venv/lib/python3.12/site-packages/oslo_config/cfg.py:2817}}
Feb 17 20:34:21.548673 np0000156149 devstack@n-api-meta.service[108768]: DEBUG nova.api.openstack.wsgi_app [None req-f3a57873-cf9f-4f95-b94d-ae18f8a80d6e None None] log_rotate_interval = 1 {{(pid=108768) log_opt_values /opt/stack/data/venv/lib/python3.12/site-packages/oslo_config/cfg.py:2817}}
Feb 17 20:34:21.548798 np0000156149 devstack@n-api-meta.service[108768]: DEBUG nova.api.openstack.wsgi_app [None req-f3a57873-cf9f-4f95-b94d-ae18f8a80d6e None None] log_rotate_interval_type = days {{(pid=108768) log_opt_values /opt/stack/data/venv/lib/python3.12/site-packages/oslo_config/cfg.py:2817}}
Feb 17 20:34:21.548966 np0000156149 devstack@n-api-meta.service[108768]: DEBUG nova.api.openstack.wsgi_app [None req-f3a57873-cf9f-4f95-b94d-ae18f8a80d6e None None] log_rotation_type = none {{(pid=108768) log_opt_values /opt/stack/data/venv/lib/python3.12/site-packages/oslo_config/cfg.py:2817}}
Feb 17 20:34:21.549066 np0000156149 devstack@n-api-meta.service[108768]: DEBUG nova.api.openstack.wsgi_app [None req-f3a57873-cf9f-4f95-b94d-ae18f8a80d6e None None] logging_context_format_string = %(color)s%(levelname)s %(name)s [%(global_request_id)s %(request_id)s %(project_name)s %(user_name)s%(color)s] %(instance)s%(color)s%(message)s {{(pid=108768) log_opt_values /opt/stack/data/venv/lib/python3.12/site-packages/oslo_config/cfg.py:2817}}
Feb 17 20:34:21.549152 np0000156149 devstack@n-api-meta.service[108768]: DEBUG nova.api.openstack.wsgi_app [None req-f3a57873-cf9f-4f95-b94d-ae18f8a80d6e None None] logging_debug_format_suffix = {{(pid=%(process)d) %(funcName)s %(pathname)s:%(lineno)d}} {{(pid=108768) log_opt_values /opt/stack/data/venv/lib/python3.12/site-packages/oslo_config/cfg.py:2817}}
Feb 17 20:34:21.549278 np0000156149 devstack@n-api-meta.service[108768]: DEBUG nova.api.openstack.wsgi_app [None req-f3a57873-cf9f-4f95-b94d-ae18f8a80d6e None None] logging_default_format_string = %(color)s%(levelname)s %(name)s [-%(color)s] %(instance)s%(color)s%(message)s {{(pid=108768) log_opt_values /opt/stack/data/venv/lib/python3.12/site-packages/oslo_config/cfg.py:2817}}
