+ COMMAND=start + start + for KEYSTONE_WSGI_SCRIPT in keystone-wsgi-public ++ type -p keystone-wsgi-public + cp -a /var/lib/openstack/bin/keystone-wsgi-public /var/www/cgi-bin/keystone/ + '[' -f /etc/apache2/envvars ']' + source /etc/apache2/envvars ++ unset HOME ++ '[' '' '!=' '' ']' ++ SUFFIX= ++ export APACHE_RUN_USER=www-data ++ APACHE_RUN_USER=www-data ++ export APACHE_RUN_GROUP=www-data ++ APACHE_RUN_GROUP=www-data ++ export APACHE_PID_FILE=/var/run/apache2/apache2.pid ++ APACHE_PID_FILE=/var/run/apache2/apache2.pid ++ export APACHE_RUN_DIR=/var/run/apache2 ++ APACHE_RUN_DIR=/var/run/apache2 ++ export APACHE_LOCK_DIR=/var/lock/apache2 ++ APACHE_LOCK_DIR=/var/lock/apache2 ++ export APACHE_LOG_DIR=/var/log/apache2 ++ APACHE_LOG_DIR=/var/log/apache2 ++ export LANG=C ++ LANG=C ++ export LANG + '[' -f /var/run/apache2/apache2.pid ']' + exec apache2 -DFOREGROUND AH00558: apache2: Could not reliably determine the server's fully qualified domain name, using 10.0.0.99. Set the 'ServerName' directive globally to suppress this message AH00558: apache2: Could not reliably determine the server's fully qualified domain name, using 10.0.0.99. Set the 'ServerName' directive globally to suppress this message
[Fri Apr 17 00:42:23.276253 2026] [mpm_event:notice] [pid 1:tid 140489288161152] AH00489: Apache/2.4.58 (Ubuntu) mod_wsgi/5.0.0 Python/3.12 configured -- resuming normal operations
[Fri Apr 17 00:42:23.276400 2026] [core:notice] [pid 1:tid 140489288161152] AH00094: Command line: 'apache2 -D FOREGROUND'
[Fri Apr 17 00:43:22.630307 2026] [wsgi:error] [pid 10:tid 140488651388608] /var/lib/openstack/lib/python3.12/site-packages/oslo_utils/importutils.py:77: EventletDeprecationWarning:
[Fri Apr 17 00:43:22.630430 2026] [wsgi:error] [pid 10:tid 140488651388608] Eventlet is deprecated. It is currently being maintained in bugfix mode, and
[Fri Apr 17 00:43:22.630442 2026] [wsgi:error] [pid 10:tid 140488651388608] we strongly recommend against using it for new projects.
[Fri Apr 17 00:43:22.630452 2026] [wsgi:error] [pid 10:tid 140488651388608]
[Fri Apr 17 00:43:22.630462 2026] [wsgi:error] [pid 10:tid 140488651388608] If you are already using Eventlet, we recommend migrating to a different
[Fri Apr 17 00:43:22.630473 2026] [wsgi:error] [pid 10:tid 140488651388608] framework. For more detail see
[Fri Apr 17 00:43:22.630483 2026] [wsgi:error] [pid 10:tid 140488651388608] https://eventlet.readthedocs.io/en/latest/asyncio/migration.html
[Fri Apr 17 00:43:22.630494 2026] [wsgi:error] [pid 10:tid 140488651388608]
[Fri Apr 17 00:43:22.630503 2026] [wsgi:error] [pid 10:tid 140488651388608] __import__(import_str)
[Fri Apr 17 00:43:22.675572 2026] [wsgi:error] [pid 9:tid 140488651388608] /var/lib/openstack/lib/python3.12/site-packages/oslo_utils/importutils.py:77: EventletDeprecationWarning:
[Fri Apr 17 00:43:22.675629 2026] [wsgi:error] [pid 9:tid 140488651388608] Eventlet is deprecated. It is currently being maintained in bugfix mode, and
[Fri Apr 17 00:43:22.675631 2026] [wsgi:error] [pid 9:tid 140488651388608] we strongly recommend against using it for new projects.
[Fri Apr 17 00:43:22.675632 2026] [wsgi:error] [pid 9:tid 140488651388608]
[Fri Apr 17 00:43:22.675633 2026] [wsgi:error] [pid 9:tid 140488651388608] If you are already using Eventlet, we recommend migrating to a different
[Fri Apr 17 00:43:22.675635 2026] [wsgi:error] [pid 9:tid 140488651388608] framework. For more detail see
[Fri Apr 17 00:43:22.675636 2026] [wsgi:error] [pid 9:tid 140488651388608] https://eventlet.readthedocs.io/en/latest/asyncio/migration.html
[Fri Apr 17 00:43:22.675637 2026] [wsgi:error] [pid 9:tid 140488651388608]
[Fri Apr 17 00:43:22.675638 2026] [wsgi:error] [pid 9:tid 140488651388608] __import__(import_str) 10.0.0.111 - - [17/Apr/2026:00:43:21 +0000] "GET /v3/ HTTP/1.1" 200 249 10.0.0.111 - - [17/Apr/2026:00:43:21 +0000] "GET /v3/ HTTP/1.1" 200 249
[Fri Apr 17 00:43:35.950212 2026] [wsgi:error] [pid 12:tid 140488651388608] /var/lib/openstack/lib/python3.12/site-packages/oslo_utils/importutils.py:77: EventletDeprecationWarning:
[Fri Apr 17 00:43:35.950254 2026] [wsgi:error] [pid 12:tid 140488651388608] Eventlet is deprecated. It is currently being maintained in bugfix mode, and
[Fri Apr 17 00:43:35.950256 2026] [wsgi:error] [pid 12:tid 140488651388608] we strongly recommend against using it for new projects.
[Fri Apr 17 00:43:35.950257 2026] [wsgi:error] [pid 12:tid 140488651388608]
[Fri Apr 17 00:43:35.950258 2026] [wsgi:error] [pid 12:tid 140488651388608] If you are already using Eventlet, we recommend migrating to a different
[Fri Apr 17 00:43:35.950260 2026] [wsgi:error] [pid 12:tid 140488651388608] framework. For more detail see
[Fri Apr 17 00:43:35.950261 2026] [wsgi:error] [pid 12:tid 140488651388608] https://eventlet.readthedocs.io/en/latest/asyncio/migration.html
[Fri Apr 17 00:43:35.950262 2026] [wsgi:error] [pid 12:tid 140488651388608]
[Fri Apr 17 00:43:35.950263 2026] [wsgi:error] [pid 12:tid 140488651388608] __import__(import_str) 10.0.0.55 - - [17/Apr/2026:00:43:35 +0000] "GET / HTTP/1.1" 300 295
[Fri Apr 17 00:43:41.381192 2026] [wsgi:error] [pid 11:tid 140488651388608] /var/lib/openstack/lib/python3.12/site-packages/oslo_utils/importutils.py:77: EventletDeprecationWarning:
[Fri Apr 17 00:43:41.381326 2026] [wsgi:error] [pid 11:tid 140488651388608] Eventlet is deprecated. It is currently being maintained in bugfix mode, and
[Fri Apr 17 00:43:41.381339 2026] [wsgi:error] [pid 11:tid 140488651388608] we strongly recommend against using it for new projects.
[Fri Apr 17 00:43:41.381349 2026] [wsgi:error] [pid 11:tid 140488651388608]
[Fri Apr 17 00:43:41.381359 2026] [wsgi:error] [pid 11:tid 140488651388608] If you are already using Eventlet, we recommend migrating to a different
[Fri Apr 17 00:43:41.381369 2026] [wsgi:error] [pid 11:tid 140488651388608] framework. For more detail see
[Fri Apr 17 00:43:41.381380 2026] [wsgi:error] [pid 11:tid 140488651388608] https://eventlet.readthedocs.io/en/latest/asyncio/migration.html
[Fri Apr 17 00:43:41.381392 2026] [wsgi:error] [pid 11:tid 140488651388608]
[Fri Apr 17 00:43:41.381402 2026] [wsgi:error] [pid 11:tid 140488651388608] __import__(import_str)
[Fri Apr 17 00:43:46.089420 2026] [wsgi:error] [pid 11:tid 140488651388608] [remote 10.0.0.55:59656] 2026-04-17 00:43:46.086 11 WARNING keystone.identity.core [None req-99944fd0-693a-4caf-9f0a-aa11b1ce602a - - - - - -] Invalid domain name (atmosphere) found in config file name: keystone.exception.DomainNotFound: Could not find domain: atmosphere.
[Fri Apr 17 00:43:46.147783 2026] [wsgi:error] [pid 11:tid 140488651388608] [remote 10.0.0.55:59656] 2026-04-17 00:43:46.147 11 WARNING keystone.common.password_hashing [None req-99944fd0-693a-4caf-9f0a-aa11b1ce602a - - - - - -] Truncating password to algorithm specific maximum length 72 characters.
[Fri Apr 17 00:43:46.434173 2026] [wsgi:error] [pid 11:tid 140488651388608] [remote 10.0.0.55:59656] 2026-04-17 00:43:46.433 11 WARNING keystone.common.fernet_utils [None req-99944fd0-693a-4caf-9f0a-aa11b1ce602a - - - - - -] key_repository is world readable: /etc/keystone/fernet-keys/ 10.0.0.55 - - [17/Apr/2026:00:43:40 +0000] "POST /v3/auth/tokens HTTP/1.1" 201 1360
[Fri Apr 17 00:43:46.769150 2026] [wsgi:error] [pid 10:tid 140488651388608] [remote 10.0.0.55:59656] 2026-04-17 00:43:46.766 10 WARNING keystone.identity.core [None req-4240e403-4163-4302-b507-4be71aa26010 - - - - - -] Invalid domain name (atmosphere) found in config file name: keystone.exception.DomainNotFound: Could not find domain: atmosphere. 10.0.0.55 - - [17/Apr/2026:00:43:46 +0000] "POST /v3/domains HTTP/1.1" 201 261 10.0.0.248 - - [17/Apr/2026:00:43:58 +0000] "GET / HTTP/1.1" 300 295
[Fri Apr 17 00:43:58.754324 2026] [wsgi:error] [pid 12:tid 140488651388608] [remote 10.0.0.248:40070] 2026-04-17 00:43:58.753 12 WARNING keystone.common.password_hashing [None req-e4602ca2-fb40-452f-89e2-2ea080949e48 - - - - - -] Truncating password to algorithm specific maximum length 72 characters.
[Fri Apr 17 00:43:59.022843 2026] [wsgi:error] [pid 12:tid 140488651388608] [remote 10.0.0.248:40070] 2026-04-17 00:43:59.022 12 WARNING keystone.common.fernet_utils [None req-e4602ca2-fb40-452f-89e2-2ea080949e48 - - - - - -] key_repository is world readable: /etc/keystone/fernet-keys/ 10.0.0.248 - - [17/Apr/2026:00:43:58 +0000] "POST /v3/auth/tokens HTTP/1.1" 201 1360 10.0.0.248 - - [17/Apr/2026:00:43:59 +0000] "GET /v3/roles/admin HTTP/1.1" 404 83
[Fri Apr 17 00:43:59.235465 2026] [wsgi:error] [pid 10:tid 140488651388608] [remote 10.0.0.248:40070] 2026-04-17 00:43:59.235 10 WARNING keystone.common.rbac_enforcer.enforcer [None req-2c7a3528-7502-4148-acd7-b3e7d2a95fa8 da2cf26c2f664f2fb27160d569e3a8aa 531b07ef8d3a4214b7d1d627369ae61a - - default default] Deprecated policy rules found. Use oslopolicy-policy-generator and oslopolicy-policy-upgrade to detect and resolve deprecated policies in your configuration. 10.0.0.248 - - [17/Apr/2026:00:43:59 +0000] "GET /v3/roles?name=admin HTTP/1.1" 200 389
[Fri Apr 17 00:43:59.628114 2026] [wsgi:error] [pid 9:tid 140488651388608] [remote 10.0.0.248:40070] 2026-04-17 00:43:59.627 9 WARNING keystone.common.rbac_enforcer.enforcer [None req-7b525548-8351-49ae-a651-834967dd2dee da2cf26c2f664f2fb27160d569e3a8aa 531b07ef8d3a4214b7d1d627369ae61a - - default default] Deprecated policy rules found. Use oslopolicy-policy-generator and oslopolicy-policy-upgrade to detect and resolve deprecated policies in your configuration. 10.0.0.248 - - [17/Apr/2026:00:43:59 +0000] "GET /v3/users/admin-RegionOne HTTP/1.1" 404 93
[Fri Apr 17 00:43:59.801996 2026] [wsgi:error] [pid 12:tid 140488651388608] [remote 10.0.0.248:40070] 2026-04-17 00:43:59.801 12 WARNING keystone.common.rbac_enforcer.enforcer [None req-346f97f0-56c0-46d8-b079-fa1eb0911c69 da2cf26c2f664f2fb27160d569e3a8aa 531b07ef8d3a4214b7d1d627369ae61a - - default default] Deprecated policy rules found. Use oslopolicy-policy-generator and oslopolicy-policy-upgrade to detect and resolve deprecated policies in your configuration. 10.0.0.248 - - [17/Apr/2026:00:43:59 +0000] "GET /v3/users?name=admin-RegionOne HTTP/1.1" 200 422
[Fri Apr 17 00:43:59.986191 2026] [wsgi:error] [pid 11:tid 140488651388608] [remote 10.0.0.248:40070] 2026-04-17 00:43:59.985 11 WARNING keystone.common.rbac_enforcer.enforcer [None req-e511e96a-9aae-4aae-849d-5f0d315a66ab da2cf26c2f664f2fb27160d569e3a8aa 531b07ef8d3a4214b7d1d627369ae61a - - default default] Deprecated policy rules found. Use oslopolicy-policy-generator and oslopolicy-policy-upgrade to detect and resolve deprecated policies in your configuration. 10.0.0.248 - - [17/Apr/2026:00:43:59 +0000] "GET /v3/domains/default HTTP/1.1" 200 224 10.0.0.248 - - [17/Apr/2026:00:43:59 +0000] "PUT /v3/domains/default/users/da2cf26c2f664f2fb27160d569e3a8aa/roles/c0664e708d8f4dfcb9c603624ed7ffee HTTP/1.1" 204 - 10.0.0.111 - - [17/Apr/2026:00:44:09 +0000] "GET / HTTP/1.1" 300 281 10.0.0.111 - - [17/Apr/2026:00:44:11 +0000] "GET /v3 HTTP/1.1" 200 266
[Fri Apr 17 00:44:11.327211 2026] [wsgi:error] [pid 11:tid 140488651388608] [remote 10.0.0.111:47972] 2026-04-17 00:44:11.326 11 WARNING keystone.common.password_hashing [None req-d014de99-2917-468b-a43c-ff62269f2e57 - - - - - -] Truncating password to algorithm specific maximum length 72 characters.
[Fri Apr 17 00:44:11.603793 2026] [wsgi:error] [pid 11:tid 140488651388608] [remote 10.0.0.111:47972] 2026-04-17 00:44:11.603 11 WARNING keystone.common.fernet_utils [None req-d014de99-2917-468b-a43c-ff62269f2e57 - - - - - -] key_repository is world readable: /etc/keystone/fernet-keys/ 10.0.0.111 - - [17/Apr/2026:00:44:11 +0000] "POST /v3/auth/tokens HTTP/1.1" 201 1360 10.0.0.111 - - [17/Apr/2026:00:44:11 +0000] "GET / HTTP/1.1" 300 281 10.0.0.111 - - [17/Apr/2026:00:44:11 +0000] "GET /v3/domains/atmosphere HTTP/1.1" 404 90 10.0.0.111 - - [17/Apr/2026:00:44:11 +0000] "GET /v3/domains?name=atmosphere HTTP/1.1" 200 370 10.0.0.111 - - [17/Apr/2026:00:44:11 +0000] "GET /v3/domains/403b3a3361274534b584d287cc01816a HTTP/1.1" 200 247 10.0.0.111 - - [17/Apr/2026:00:44:12 +0000] "GET /v3 HTTP/1.1" 200 266
[Fri Apr 17 00:44:12.759963 2026] [wsgi:error] [pid 9:tid 140488651388608] [remote 10.0.0.111:47960] 2026-04-17 00:44:12.759 9 WARNING keystone.common.password_hashing [None req-00801562-ee20-4981-94a8-3447649ac549 - - - - - -] Truncating password to algorithm specific maximum length 72 characters.
[Fri Apr 17 00:44:13.028479 2026] [wsgi:error] [pid 9:tid 140488651388608] [remote 10.0.0.111:47960] 2026-04-17 00:44:13.028 9 WARNING keystone.common.fernet_utils [None req-00801562-ee20-4981-94a8-3447649ac549 - - - - - -] key_repository is world readable: /etc/keystone/fernet-keys/ 10.0.0.111 - - [17/Apr/2026:00:44:12 +0000] "POST /v3/auth/tokens HTTP/1.1" 201 1360 10.0.0.111 - - [17/Apr/2026:00:44:13 +0000] "GET / HTTP/1.1" 300 281 10.0.0.111 - - [17/Apr/2026:00:44:13 +0000] "GET /v3/OS-FEDERATION/identity_providers/atmosphere HTTP/1.1" 404 101 10.0.0.111 - - [17/Apr/2026:00:44:13 +0000] "GET /v3/OS-FEDERATION/identity_providers HTTP/1.1" 200 156 10.0.0.111 - - [17/Apr/2026:00:44:13 +0000] "PUT /v3/OS-FEDERATION/identity_providers/atmosphere HTTP/1.1" 201 342 10.0.0.111 - - [17/Apr/2026:00:44:13 +0000] "GET /v3 HTTP/1.1" 200 266
[Fri Apr 17 00:44:13.864677 2026] [wsgi:error] [pid 11:tid 140488651388608] [remote 10.0.0.111:47972] 2026-04-17 00:44:13.864 11 WARNING keystone.common.password_hashing [None req-ded5582e-d09b-4511-88e7-2544bb67572e - - - - - -] Truncating password to algorithm specific maximum length 72 characters.
[Fri Apr 17 00:44:14.138316 2026] [wsgi:error] [pid 11:tid 140488651388608] [remote 10.0.0.111:47972] 2026-04-17 00:44:14.138 11 WARNING keystone.common.fernet_utils [None req-ded5582e-d09b-4511-88e7-2544bb67572e - - - - - -] key_repository is world readable: /etc/keystone/fernet-keys/ 10.0.0.111 - - [17/Apr/2026:00:44:13 +0000] "POST /v3/auth/tokens HTTP/1.1" 201 1360 10.0.0.111 - - [17/Apr/2026:00:44:14 +0000] "GET / HTTP/1.1" 300 281 10.0.0.111 - - [17/Apr/2026:00:44:14 +0000] "GET /v3/OS-FEDERATION/mappings/atmosphere-openid HTTP/1.1" 404 98 10.0.0.111 - - [17/Apr/2026:00:44:14 +0000] "GET /v3/OS-FEDERATION/mappings HTTP/1.1" 200 136 10.0.0.111 - - [17/Apr/2026:00:44:14 +0000] "PUT /v3/OS-FEDERATION/mappings/atmosphere-openid HTTP/1.1" 201 357 10.0.0.111 - - [17/Apr/2026:00:44:14 +0000] "GET /v3 HTTP/1.1" 200 266
[Fri Apr 17 00:44:14.990139 2026] [wsgi:error] [pid 9:tid 140488651388608] [remote 10.0.0.111:47972] 2026-04-17 00:44:14.989 9 WARNING keystone.common.password_hashing [None req-16e13431-a1cf-4001-a6ea-3a04db07fbdb - - - - - -] Truncating password to algorithm specific maximum length 72 characters.
[Fri Apr 17 00:44:15.266817 2026] [wsgi:error] [pid 9:tid 140488651388608] [remote 10.0.0.111:47972] 2026-04-17 00:44:15.266 9 WARNING keystone.common.fernet_utils [None req-16e13431-a1cf-4001-a6ea-3a04db07fbdb - - - - - -] key_repository is world readable: /etc/keystone/fernet-keys/ 10.0.0.111 - - [17/Apr/2026:00:44:14 +0000] "POST /v3/auth/tokens HTTP/1.1" 201 1360 10.0.0.111 - - [17/Apr/2026:00:44:15 +0000] "GET / HTTP/1.1" 300 281 10.0.0.111 - - [17/Apr/2026:00:44:15 +0000] "GET /v3/OS-FEDERATION/identity_providers/atmosphere/protocols/openid?idp_id=atmosphere HTTP/1.1" 404 131 10.0.0.111 - - [17/Apr/2026:00:44:15 +0000] "GET /v3/OS-FEDERATION/identity_providers/atmosphere/protocols HTTP/1.1" 200 168 10.0.0.111 - - [17/Apr/2026:00:44:15 +0000] "PUT /v3/OS-FEDERATION/identity_providers/atmosphere/protocols/openid HTTP/1.1" 201 224 10.0.0.111 - - [17/Apr/2026:00:44:21 +0000] "GET /v3/ HTTP/1.1" 200 249 10.0.0.111 - - [17/Apr/2026:00:44:21 +0000] "GET /v3/ HTTP/1.1" 200 249 10.0.0.111 - - [17/Apr/2026:00:45:21 +0000] "GET /v3/ HTTP/1.1" 200 249 10.0.0.111 - - [17/Apr/2026:00:45:21 +0000] "GET /v3/ HTTP/1.1" 200 249 10.0.0.69 - - [17/Apr/2026:00:45:38 +0000] "GET / HTTP/1.1" 300 295
[Fri Apr 17 00:45:38.313228 2026] [wsgi:error] [pid 11:tid 140488651388608] [remote 10.0.0.69:50278] 2026-04-17 00:45:38.313 11 WARNING keystone.common.password_hashing [None req-4de9e088-93a4-4cbc-b0d1-2b322c22ae43 - - - - - -] Truncating password to algorithm specific maximum length 72 characters.
[Fri Apr 17 00:45:38.581934 2026] [wsgi:error] [pid 11:tid 140488651388608] [remote 10.0.0.69:50278] 2026-04-17 00:45:38.581 11 WARNING keystone.common.fernet_utils [None req-4de9e088-93a4-4cbc-b0d1-2b322c22ae43 - - - - - -] key_repository is world readable: /etc/keystone/fernet-keys/ 10.0.0.69 - - [17/Apr/2026:00:45:38 +0000] "POST /v3/auth/tokens HTTP/1.1" 201 1360 10.0.0.69 - - [17/Apr/2026:00:45:38 +0000] "GET /v3/services HTTP/1.1" 200 355 10.0.0.69 - - [17/Apr/2026:00:45:42 +0000] "GET / HTTP/1.1" 300 295
[Fri Apr 17 00:45:42.101559 2026] [wsgi:error] [pid 12:tid 140488651388608] [remote 10.0.0.69:50294] 2026-04-17 00:45:42.101 12 WARNING keystone.common.password_hashing [None req-2dab4893-dad4-498d-93de-c448e4f32bcb - - - - - -] Truncating password to algorithm specific maximum length 72 characters.
[Fri Apr 17 00:45:42.382404 2026] [wsgi:error] [pid 12:tid 140488651388608] [remote 10.0.0.69:50294] 2026-04-17 00:45:42.382 12 WARNING keystone.common.fernet_utils [None req-2dab4893-dad4-498d-93de-c448e4f32bcb - - - - - -] key_repository is world readable: /etc/keystone/fernet-keys/ 10.0.0.69 - - [17/Apr/2026:00:45:42 +0000] "POST /v3/auth/tokens HTTP/1.1" 201 1360 10.0.0.69 - - [17/Apr/2026:00:45:42 +0000] "GET /v3/services HTTP/1.1" 200 355 10.0.0.69 - - [17/Apr/2026:00:45:45 +0000] "GET / HTTP/1.1" 300 295
[Fri Apr 17 00:45:45.858094 2026] [wsgi:error] [pid 10:tid 140488651388608] [remote 10.0.0.69:50298] 2026-04-17 00:45:45.857 10 WARNING keystone.common.password_hashing [None req-47886358-c921-434b-894f-a9d40a08cd28 - - - - - -] Truncating password to algorithm specific maximum length 72 characters.
[Fri Apr 17 00:45:46.133991 2026] [wsgi:error] [pid 10:tid 140488651388608] [remote 10.0.0.69:50298] 2026-04-17 00:45:46.133 10 WARNING keystone.common.fernet_utils [None req-47886358-c921-434b-894f-a9d40a08cd28 - - - - - -] key_repository is world readable: /etc/keystone/fernet-keys/ 10.0.0.69 - - [17/Apr/2026:00:45:45 +0000] "POST /v3/auth/tokens HTTP/1.1" 201 1360 10.0.0.69 - - [17/Apr/2026:00:45:46 +0000] "GET /v3/services HTTP/1.1" 200 355 10.0.0.69 - - [17/Apr/2026:00:45:49 +0000] "GET / HTTP/1.1" 300 295
[Fri Apr 17 00:45:49.635127 2026] [wsgi:error] [pid 9:tid 140488651388608] [remote 10.0.0.69:45540] 2026-04-17 00:45:49.634 9 WARNING keystone.common.password_hashing [None req-e328e3bc-e892-4839-8cae-290badf63017 - - - - - -] Truncating password to algorithm specific maximum length 72 characters.
[Fri Apr 17 00:45:49.906147 2026] [wsgi:error] [pid 9:tid 140488651388608] [remote 10.0.0.69:45540] 2026-04-17 00:45:49.905 9 WARNING keystone.common.fernet_utils [None req-e328e3bc-e892-4839-8cae-290badf63017 - - - - - -] key_repository is world readable: /etc/keystone/fernet-keys/ 10.0.0.69 - - [17/Apr/2026:00:45:49 +0000] "POST /v3/auth/tokens HTTP/1.1" 201 1360 10.0.0.69 - - [17/Apr/2026:00:45:50 +0000] "POST /v3/services HTTP/1.1" 201 296 10.0.0.196 - - [17/Apr/2026:00:46:01 +0000] "GET / HTTP/1.1" 300 295
[Fri Apr 17 00:46:01.444730 2026] [wsgi:error] [pid 11:tid 140488651388608] [remote 10.0.0.196:57138] 2026-04-17 00:46:01.444 11 WARNING keystone.common.password_hashing [None req-f91d99ab-306f-4d3a-9b82-bcc100aec3ce - - - - - -] Truncating password to algorithm specific maximum length 72 characters. 10.0.0.196 - - [17/Apr/2026:00:46:01 +0000] "GET / HTTP/1.1" 300 295
[Fri Apr 17 00:46:01.579731 2026] [wsgi:error] [pid 10:tid 140488651388608] [remote 10.0.0.196:57144] 2026-04-17 00:46:01.579 10 WARNING keystone.common.password_hashing [None req-9ae4b28a-a1bf-4bf5-9e29-b51649b8eaab - - - - - -] Truncating password to algorithm specific maximum length 72 characters. 10.0.0.196 - - [17/Apr/2026:00:46:01 +0000] "GET / HTTP/1.1" 300 295
[Fri Apr 17 00:46:01.627228 2026] [wsgi:error] [pid 9:tid 140488651388608] [remote 10.0.0.196:57158] 2026-04-17 00:46:01.626 9 WARNING keystone.common.password_hashing [None req-db47ce9c-d91e-45e0-97cd-3591fd0cd2a7 - - - - - -] Truncating password to algorithm specific maximum length 72 characters.
[Fri Apr 17 00:46:01.722661 2026] [wsgi:error] [pid 11:tid 140488651388608] [remote 10.0.0.196:57138] 2026-04-17 00:46:01.722 11 WARNING keystone.common.fernet_utils [None req-f91d99ab-306f-4d3a-9b82-bcc100aec3ce - - - - - -] key_repository is world readable: /etc/keystone/fernet-keys/ 10.0.0.196 - - [17/Apr/2026:00:46:01 +0000] "POST /v3/auth/tokens HTTP/1.1" 201 1464
[Fri Apr 17 00:46:01.850559 2026] [wsgi:error] [pid 10:tid 140488651388608] [remote 10.0.0.196:57144] 2026-04-17 00:46:01.850 10 WARNING keystone.common.fernet_utils [None req-9ae4b28a-a1bf-4bf5-9e29-b51649b8eaab - - - - - -] key_repository is world readable: /etc/keystone/fernet-keys/ 10.0.0.196 - - [17/Apr/2026:00:46:01 +0000] "GET /v3/services HTTP/1.1" 200 639 10.0.0.196 - - [17/Apr/2026:00:46:01 +0000] "POST /v3/auth/tokens HTTP/1.1" 201 1464
[Fri Apr 17 00:46:01.915595 2026] [wsgi:error] [pid 9:tid 140488651388608] [remote 10.0.0.196:57158] 2026-04-17 00:46:01.915 9 WARNING keystone.common.fernet_utils [None req-db47ce9c-d91e-45e0-97cd-3591fd0cd2a7 - - - - - -] key_repository is world readable: /etc/keystone/fernet-keys/ 10.0.0.196 - - [17/Apr/2026:00:46:01 +0000] "POST /v3/auth/tokens HTTP/1.1" 201 1464 10.0.0.196 - - [17/Apr/2026:00:46:01 +0000] "GET /v3/services HTTP/1.1" 200 639 10.0.0.196 - - [17/Apr/2026:00:46:02 +0000] "GET /v3/services HTTP/1.1" 200 639 10.0.0.196 - - [17/Apr/2026:00:46:03 +0000] "GET / HTTP/1.1" 300 295
[Fri Apr 17 00:46:03.272276 2026] [wsgi:error] [pid 9:tid 140488651388608] [remote 10.0.0.196:57170] 2026-04-17 00:46:03.272 9 WARNING keystone.common.password_hashing [None req-be9d7c8c-9ecc-4eaa-bc1c-5214d1f86413 - - - - - -] Truncating password to algorithm specific maximum length 72 characters. 10.0.0.196 - - [17/Apr/2026:00:46:03 +0000] "GET / HTTP/1.1" 300 295 10.0.0.196 - - [17/Apr/2026:00:46:03 +0000] "GET / HTTP/1.1" 300 295
[Fri Apr 17 00:46:03.446264 2026] [wsgi:error] [pid 12:tid 140488651388608] [remote 10.0.0.196:57176] 2026-04-17 00:46:03.446 12 WARNING keystone.common.password_hashing [None req-2bc23ddd-9dea-4648-978d-6b8df6229aef - - - - - -] Truncating password to algorithm specific maximum length 72 characters.
[Fri Apr 17 00:46:03.468289 2026] [wsgi:error] [pid 11:tid 140488651388608] [remote 10.0.0.196:57188] 2026-04-17 00:46:03.468 11 WARNING keystone.common.password_hashing [None req-9cade3d8-1bab-4b45-a084-a9b9c3d5965c - - - - - -] Truncating password to algorithm specific maximum length 72 characters.
[Fri Apr 17 00:46:03.551594 2026] [wsgi:error] [pid 9:tid 140488651388608] [remote 10.0.0.196:57170] 2026-04-17 00:46:03.551 9 WARNING keystone.common.fernet_utils [None req-be9d7c8c-9ecc-4eaa-bc1c-5214d1f86413 - - - - - -] key_repository is world readable: /etc/keystone/fernet-keys/ 10.0.0.196 - - [17/Apr/2026:00:46:03 +0000] "POST /v3/auth/tokens HTTP/1.1" 201 1464 10.0.0.196 - - [17/Apr/2026:00:46:03 +0000] "GET /v3/endpoints HTTP/1.1" 200 1227 10.0.0.196 - - [17/Apr/2026:00:46:03 +0000] "GET /v3/services/703a12dfe3f94b01a6e22eab3ddf344a HTTP/1.1" 200 233 10.0.0.196 - - [17/Apr/2026:00:46:03 +0000] "GET /v3/services/703a12dfe3f94b01a6e22eab3ddf344a HTTP/1.1" 200 233 10.0.0.196 - - [17/Apr/2026:00:46:03 +0000] "GET /v3/services/703a12dfe3f94b01a6e22eab3ddf344a HTTP/1.1" 200 233
[Fri Apr 17 00:46:03.737423 2026] [wsgi:error] [pid 12:tid 140488651388608] [remote 10.0.0.196:57176] 2026-04-17 00:46:03.737 12 WARNING keystone.common.fernet_utils [None req-2bc23ddd-9dea-4648-978d-6b8df6229aef - - - - - -] key_repository is world readable: /etc/keystone/fernet-keys/ 10.0.0.196 - - [17/Apr/2026:00:46:03 +0000] "POST /v3/auth/tokens HTTP/1.1" 201 1464
[Fri Apr 17 00:46:03.747907 2026] [wsgi:error] [pid 11:tid 140488651388608] [remote 10.0.0.196:57188] 2026-04-17 00:46:03.747 11 WARNING keystone.common.fernet_utils [None req-9cade3d8-1bab-4b45-a084-a9b9c3d5965c - - - - - -] key_repository is world readable: /etc/keystone/fernet-keys/ 10.0.0.196 - - [17/Apr/2026:00:46:03 +0000] "POST /v3/auth/tokens HTTP/1.1" 201 1464 10.0.0.196 - - [17/Apr/2026:00:46:03 +0000] "GET /v3/endpoints HTTP/1.1" 200 1227 10.0.0.196 - - [17/Apr/2026:00:46:03 +0000] "GET /v3/endpoints HTTP/1.1" 200 1227 10.0.0.196 - - [17/Apr/2026:00:46:03 +0000] "GET /v3/services/703a12dfe3f94b01a6e22eab3ddf344a HTTP/1.1" 200 233 10.0.0.196 - - [17/Apr/2026:00:46:03 +0000] "GET /v3/services/703a12dfe3f94b01a6e22eab3ddf344a HTTP/1.1" 200 233 10.0.0.196 - - [17/Apr/2026:00:46:03 +0000] "GET /v3/services/703a12dfe3f94b01a6e22eab3ddf344a HTTP/1.1" 200 233 10.0.0.196 - - [17/Apr/2026:00:46:03 +0000] "GET /v3/services/703a12dfe3f94b01a6e22eab3ddf344a HTTP/1.1" 200 233 10.0.0.196 - - [17/Apr/2026:00:46:03 +0000] "GET /v3/services/703a12dfe3f94b01a6e22eab3ddf344a HTTP/1.1" 200 233 10.0.0.196 - - [17/Apr/2026:00:46:03 +0000] "GET /v3/services/703a12dfe3f94b01a6e22eab3ddf344a HTTP/1.1" 200 233 10.0.0.196 - - [17/Apr/2026:00:46:05 +0000] "GET / HTTP/1.1" 300 295
[Fri Apr 17 00:46:05.105446 2026] [wsgi:error] [pid 9:tid 140488651388608] [remote 10.0.0.196:57190] 2026-04-17 00:46:05.105 9 WARNING keystone.common.password_hashing [None req-af06150f-7073-40b7-9313-f9aae5a702bd - - - - - -] Truncating password to algorithm specific maximum length 72 characters.
[Fri Apr 17 00:46:05.383804 2026] [wsgi:error] [pid 9:tid 140488651388608] [remote 10.0.0.196:57190] 2026-04-17 00:46:05.383 9 WARNING keystone.common.fernet_utils [None req-af06150f-7073-40b7-9313-f9aae5a702bd - - - - - -] key_repository is world readable: /etc/keystone/fernet-keys/ 10.0.0.196 - - [17/Apr/2026:00:46:05 +0000] "GET / HTTP/1.1" 300 295 10.0.0.196 - - [17/Apr/2026:00:46:05 +0000] "POST /v3/auth/tokens HTTP/1.1" 201 1464
[Fri Apr 17 00:46:05.403009 2026] [wsgi:error] [pid 11:tid 140488651388608] [remote 10.0.0.196:57192] 2026-04-17 00:46:05.402 11 WARNING keystone.common.password_hashing [None req-d7c12dd5-d044-4475-8833-4173b8aaeb6d - - - - - -] Truncating password to algorithm specific maximum length 72 characters. 10.0.0.196 - - [17/Apr/2026:00:46:05 +0000] "GET / HTTP/1.1" 300 295
[Fri Apr 17 00:46:05.480176 2026] [wsgi:error] [pid 12:tid 140488651388608] [remote 10.0.0.196:57206] 2026-04-17 00:46:05.479 12 WARNING keystone.common.password_hashing [None req-2aa3593d-b206-47a4-8b52-81fdca14b3bc - - - - - -] Truncating password to algorithm specific maximum length 72 characters. 10.0.0.196 - - [17/Apr/2026:00:46:05 +0000] "GET /v3/services/0cb7f2f0b1f745a29bbe35da3db0f59c HTTP/1.1" 200 296 10.0.0.196 - - [17/Apr/2026:00:46:05 +0000] "GET /v3/regions/RegionOne HTTP/1.1" 200 173
[Fri Apr 17 00:46:05.686214 2026] [wsgi:error] [pid 11:tid 140488651388608] [remote 10.0.0.196:57192] 2026-04-17 00:46:05.685 11 WARNING keystone.common.fernet_utils [None req-d7c12dd5-d044-4475-8833-4173b8aaeb6d - - - - - -] key_repository is world readable: /etc/keystone/fernet-keys/ 10.0.0.196 - - [17/Apr/2026:00:46:05 +0000] "POST /v3/auth/tokens HTTP/1.1" 201 1464 10.0.0.196 - - [17/Apr/2026:00:46:05 +0000] "POST /v3/endpoints HTTP/1.1" 201 380
[Fri Apr 17 00:46:05.767043 2026] [wsgi:error] [pid 12:tid 140488651388608] [remote 10.0.0.196:57206] 2026-04-17 00:46:05.766 12 WARNING keystone.common.fernet_utils [None req-2aa3593d-b206-47a4-8b52-81fdca14b3bc - - - - - -] key_repository is world readable: /etc/keystone/fernet-keys/ 10.0.0.196 - - [17/Apr/2026:00:46:05 +0000] "POST /v3/auth/tokens HTTP/1.1" 201 1641 10.0.0.196 - - [17/Apr/2026:00:46:05 +0000] "GET /v3/services/0cb7f2f0b1f745a29bbe35da3db0f59c HTTP/1.1" 200 296 10.0.0.196 - - [17/Apr/2026:00:46:05 +0000] "GET /v3/regions/RegionOne HTTP/1.1" 200 173 10.0.0.196 - - [17/Apr/2026:00:46:05 +0000] "POST /v3/endpoints HTTP/1.1" 201 370 10.0.0.196 - - [17/Apr/2026:00:46:05 +0000] "GET /v3/services/0cb7f2f0b1f745a29bbe35da3db0f59c HTTP/1.1" 200 296 10.0.0.196 - - [17/Apr/2026:00:46:05 +0000] "GET /v3/regions/RegionOne HTTP/1.1" 200 173 10.0.0.196 - - [17/Apr/2026:00:46:05 +0000] "POST /v3/endpoints HTTP/1.1" 201 383 10.0.0.196 - - [17/Apr/2026:00:46:07 +0000] "GET / HTTP/1.1" 300 295
[Fri Apr 17 00:46:07.052086 2026] [wsgi:error] [pid 12:tid 140488651388608] [remote 10.0.0.196:57218] 2026-04-17 00:46:07.051 12 WARNING keystone.common.password_hashing [None req-49e5fc91-4c8f-4198-aac4-46e8b9da956a - - - - - -] Truncating password to algorithm specific maximum length 72 characters.
[Fri Apr 17 00:46:07.324045 2026] [wsgi:error] [pid 12:tid 140488651388608] [remote 10.0.0.196:57218] 2026-04-17 00:46:07.323 12 WARNING keystone.common.fernet_utils [None req-49e5fc91-4c8f-4198-aac4-46e8b9da956a - - - - - -] key_repository is world readable: /etc/keystone/fernet-keys/ 10.0.0.196 - - [17/Apr/2026:00:46:07 +0000] "POST /v3/auth/tokens HTTP/1.1" 201 1992 10.0.0.196 - - [17/Apr/2026:00:46:07 +0000] "GET / HTTP/1.1" 300 295
[Fri Apr 17 00:46:07.405473 2026] [wsgi:error] [pid 11:tid 140488651388608] [remote 10.0.0.196:57222] 2026-04-17 00:46:07.405 11 WARNING keystone.common.password_hashing [None req-0675ea03-0487-4045-bf1d-b0525c9f8b93 - - - - - -] Truncating password to algorithm specific maximum length 72 characters. 10.0.0.196 - - [17/Apr/2026:00:46:07 +0000] "GET / HTTP/1.1" 300 295
[Fri Apr 17 00:46:07.446757 2026] [wsgi:error] [pid 12:tid 140488651388608] [remote 10.0.0.196:57226] 2026-04-17 00:46:07.446 12 WARNING keystone.common.password_hashing [None req-3bc05668-92e9-4bb4-b444-09a4485390c9 - - - - - -] Truncating password to algorithm specific maximum length 72 characters. 10.0.0.196 - - [17/Apr/2026:00:46:07 +0000] "GET /v3/endpoints/793f2bc2079c4df6b0f882ee524f50b5 HTTP/1.1" 200 380 10.0.0.196 - - [17/Apr/2026:00:46:07 +0000] "GET /v3/services/0cb7f2f0b1f745a29bbe35da3db0f59c HTTP/1.1" 200 296
[Fri Apr 17 00:46:07.677167 2026] [wsgi:error] [pid 11:tid 140488651388608] [remote 10.0.0.196:57222] 2026-04-17 00:46:07.676 11 WARNING keystone.common.fernet_utils [None req-0675ea03-0487-4045-bf1d-b0525c9f8b93 - - - - - -] key_repository is world readable: /etc/keystone/fernet-keys/ 10.0.0.196 - - [17/Apr/2026:00:46:07 +0000] "POST /v3/auth/tokens HTTP/1.1" 201 1992
[Fri Apr 17 00:46:07.722483 2026] [wsgi:error] [pid 12:tid 140488651388608] [remote 10.0.0.196:57226] 2026-04-17 00:46:07.722 12 WARNING keystone.common.fernet_utils [None req-3bc05668-92e9-4bb4-b444-09a4485390c9 - - - - - -] key_repository is world readable: /etc/keystone/fernet-keys/ 10.0.0.196 - - [17/Apr/2026:00:46:07 +0000] "POST /v3/auth/tokens HTTP/1.1" 201 1992 10.0.0.196 - - [17/Apr/2026:00:46:07 +0000] "GET /v3/endpoints/e4cd8d4443e04c8cb4be255136634715 HTTP/1.1" 200 370 10.0.0.196 - - [17/Apr/2026:00:46:07 +0000] "GET /v3/services/0cb7f2f0b1f745a29bbe35da3db0f59c HTTP/1.1" 200 296 10.0.0.196 - - [17/Apr/2026:00:46:07 +0000] "GET /v3/endpoints/cecae8b1392f4447ad33522eb25c6a3c HTTP/1.1" 200 383 10.0.0.196 - - [17/Apr/2026:00:46:07 +0000] "GET /v3/services/0cb7f2f0b1f745a29bbe35da3db0f59c HTTP/1.1" 200 296 10.0.0.171 - - [17/Apr/2026:00:46:19 +0000] "GET / HTTP/1.1" 300 295
[Fri Apr 17 00:46:19.568292 2026] [wsgi:error] [pid 9:tid 140488651388608] [remote 10.0.0.171:50252] 2026-04-17 00:46:19.568 9 WARNING keystone.common.password_hashing [None req-a928acea-020e-4db7-ae47-65884d0ae9a1 - - - - - -] Truncating password to algorithm specific maximum length 72 characters.
[Fri Apr 17 00:46:19.843834 2026] [wsgi:error] [pid 9:tid 140488651388608] [remote 10.0.0.171:50252] 2026-04-17 00:46:19.843 9 WARNING keystone.common.fernet_utils [None req-a928acea-020e-4db7-ae47-65884d0ae9a1 - - - - - -] key_repository is world readable: /etc/keystone/fernet-keys/ 10.0.0.171 - - [17/Apr/2026:00:46:19 +0000] "POST /v3/auth/tokens HTTP/1.1" 201 1992 10.0.0.171 - - [17/Apr/2026:00:46:19 +0000] "POST /v3/domains HTTP/1.1" 201 284 10.0.0.171 - - [17/Apr/2026:00:46:21 +0000] "GET / HTTP/1.1" 300 295
[Fri Apr 17 00:46:21.345928 2026] [wsgi:error] [pid 10:tid 140488651388608] [remote 10.0.0.171:50262] 2026-04-17 00:46:21.345 10 WARNING keystone.common.password_hashing [None req-46a2f1b5-776a-42bf-8556-7cf81eaaf989 - - - - - -] Truncating password to algorithm specific maximum length 72 characters.
[Fri Apr 17 00:46:21.628177 2026] [wsgi:error] [pid 10:tid 140488651388608] [remote 10.0.0.171:50262] 2026-04-17 00:46:21.627 10 WARNING keystone.common.fernet_utils [None req-46a2f1b5-776a-42bf-8556-7cf81eaaf989 - - - - - -] key_repository is world readable: /etc/keystone/fernet-keys/ 10.0.0.171 - - [17/Apr/2026:00:46:21 +0000] "POST /v3/auth/tokens HTTP/1.1" 201 1992 10.0.0.111 - - [17/Apr/2026:00:46:21 +0000] "GET /v3/ HTTP/1.1" 200 249 10.0.0.111 - - [17/Apr/2026:00:46:21 +0000] "GET /v3/ HTTP/1.1" 200 249
[Fri Apr 17 00:46:21.822055 2026] [wsgi:error] [pid 9:tid 140488651388608] [remote 10.0.0.171:50262] 2026-04-17 00:46:21.805 9 ERROR keystone.server.flask.application [None req-24279e9f-9db4-4b66-814a-73649b7c37b2 da2cf26c2f664f2fb27160d569e3a8aa 531b07ef8d3a4214b7d1d627369ae61a - - default default] Conflict occurred attempting to store project - it is not permitted to have two projects acting as domains with the same name: service.: keystone.exception.Conflict: Conflict occurred attempting to store project - it is not permitted to have two projects acting as domains with the same name: service.
[Fri Apr 17 00:46:21.822075 2026] [wsgi:error] [pid 9:tid 140488651388608] [remote 10.0.0.171:50262] 2026-04-17 00:46:21.805 9 ERROR keystone.server.flask.application
Traceback (most recent call last):
[Fri Apr 17 00:46:21.822077 2026] [wsgi:error] [pid 9:tid 140488651388608] [remote 10.0.0.171:50262] 2026-04-17 00:46:21.805 9 ERROR keystone.server.flask.application
File "/var/lib/openstack/lib/python3.12/site-packages/sqlalchemy/engine/base.py", line 1967, in _exec_single_context
[Fri Apr 17 00:46:21.822079 2026] [wsgi:error] [pid 9:tid 140488651388608] [remote 10.0.0.171:50262] 2026-04-17 00:46:21.805 9 ERROR keystone.server.flask.application self.dialect.do_execute(
[Fri Apr 17 00:46:21.822080 2026] [wsgi:error] [pid 9:tid 140488651388608] [remote 10.0.0.171:50262] 2026-04-17 00:46:21.805 9 ERROR keystone.server.flask.application
File "/var/lib/openstack/lib/python3.12/site-packages/sqlalchemy/engine/default.py", line 952, in do_execute
[Fri Apr 17 00:46:21.822082 2026] [wsgi:error] [pid 9:tid 140488651388608] [remote 10.0.0.171:50262] 2026-04-17 00:46:21.805 9 ERROR keystone.server.flask.application cursor.execute(statement, parameters)
[Fri Apr 17 00:46:21.822084 2026] [wsgi:error] [pid 9:tid 140488651388608] [remote 10.0.0.171:50262] 2026-04-17 00:46:21.805 9 ERROR keystone.server.flask.application
File "/var/lib/openstack/lib/python3.12/site-packages/pymysql/cursors.py", line 153, in execute
[Fri Apr 17 00:46:21.822086 2026] [wsgi:error] [pid 9:tid 140488651388608] [remote 10.0.0.171:50262] 2026-04-17 00:46:21.805 9 ERROR keystone.server.flask.application result = self._query(query)
[Fri Apr 17 00:46:21.822087 2026] [wsgi:error] [pid 9:tid 140488651388608] [remote 10.0.0.171:50262] 2026-04-17 00:46:21.805 9 ERROR keystone.server.flask.application ^^^^^^^^^^^^^^^^^^
[Fri Apr 17 00:46:21.822088 2026] [wsgi:error] [pid 9:tid 140488651388608] [remote 10.0.0.171:50262] 2026-04-17 00:46:21.805 9 ERROR keystone.server.flask.application
File "/var/lib/openstack/lib/python3.12/site-packages/pymysql/cursors.py", line 322, in _query
[Fri Apr 17 00:46:21.822090 2026] [wsgi:error] [pid 9:tid 140488651388608] [remote 10.0.0.171:50262] 2026-04-17 00:46:21.805 9 ERROR keystone.server.flask.application conn.query(q)
[Fri Apr 17 00:46:21.822093 2026] [wsgi:error] [pid 9:tid 140488651388608] [remote 10.0.0.171:50262] 2026-04-17 00:46:21.805 9 ERROR keystone.server.flask.application
File "/var/lib/openstack/lib/python3.12/site-packages/pymysql/connections.py", line 575, in query
[Fri Apr 17 00:46:21.822095 2026] [wsgi:error] [pid 9:tid 140488651388608] [remote 10.0.0.171:50262] 2026-04-17 00:46:21.805 9 ERROR keystone.server.flask.application self._affected_rows = self._read_query_result(unbuffered=unbuffered)
[Fri Apr 17 00:46:21.822096 2026] [wsgi:error] [pid 9:tid 140488651388608] [remote 10.0.0.171:50262] 2026-04-17 00:46:21.805 9 ERROR keystone.server.flask.application ^^^^^^^^^^^^^^^^^^^^^^^^^^^^^^^^^^^^^^^^^^^^^^
[Fri Apr 17 00:46:21.822098 2026] [wsgi:error] [pid 9:tid 140488651388608] [remote 10.0.0.171:50262] 2026-04-17 00:46:21.805 9 ERROR keystone.server.flask.application
File "/var/lib/openstack/lib/python3.12/site-packages/pymysql/connections.py", line 826, in _read_query_result
[Fri Apr 17 00:46:21.822099 2026] [wsgi:error] [pid 9:tid 140488651388608] [remote 10.0.0.171:50262] 2026-04-17 00:46:21.805 9 ERROR keystone.server.flask.application result.read()
[Fri Apr 17 00:46:21.822102 2026] [wsgi:error] [pid 9:tid 140488651388608] [remote 10.0.0.171:50262] 2026-04-17 00:46:21.805 9 ERROR keystone.server.flask.application
File "/var/lib/openstack/lib/python3.12/site-packages/pymysql/connections.py", line 1203, in read
[Fri Apr 17 00:46:21.822103 2026] [wsgi:error] [pid 9:tid 140488651388608] [remote 10.0.0.171:50262] 2026-04-17 00:46:21.805 9 ERROR keystone.server.flask.application first_packet = self.connection._read_packet()
[Fri Apr 17 00:46:21.822105 2026] [wsgi:error] [pid 9:tid 140488651388608] [remote 10.0.0.171:50262] 2026-04-17 00:46:21.805 9 ERROR keystone.server.flask.application ^^^^^^^^^^^^^^^^^^^^^^^^^^^^^^
[Fri Apr 17 00:46:21.822106 2026] [wsgi:error] [pid 9:tid 140488651388608] [remote 10.0.0.171:50262] 2026-04-17 00:46:21.805 9 ERROR keystone.server.flask.application
File "/var/lib/openstack/lib/python3.12/site-packages/pymysql/connections.py", line 782, in _read_packet
[Fri Apr 17 00:46:21.822108 2026] [wsgi:error] [pid 9:tid 140488651388608] [remote 10.0.0.171:50262] 2026-04-17 00:46:21.805 9 ERROR keystone.server.flask.application packet.raise_for_error()
[Fri Apr 17 00:46:21.822109 2026] [wsgi:error] [pid 9:tid 140488651388608] [remote 10.0.0.171:50262] 2026-04-17 00:46:21.805 9 ERROR keystone.server.flask.application
File "/var/lib/openstack/lib/python3.12/site-packages/pymysql/protocol.py", line 219, in raise_for_error
[Fri Apr 17 00:46:21.822110 2026] [wsgi:error] [pid 9:tid 140488651388608] [remote 10.0.0.171:50262] 2026-04-17 00:46:21.805 9 ERROR keystone.server.flask.application err.raise_mysql_exception(self._data)
[Fri Apr 17 00:46:21.822112 2026] [wsgi:error] [pid 9:tid 140488651388608] [remote 10.0.0.171:50262] 2026-04-17 00:46:21.805 9 ERROR keystone.server.flask.application
File "/var/lib/openstack/lib/python3.12/site-packages/pymysql/err.py", line 150, in raise_mysql_exception
[Fri Apr 17 00:46:21.822113 2026] [wsgi:error] [pid 9:tid 140488651388608] [remote 10.0.0.171:50262] 2026-04-17 00:46:21.805 9 ERROR keystone.server.flask.application raise errorclass(errno, errval)
[Fri Apr 17 00:46:21.822137 2026] [wsgi:error] [pid 9:tid 140488651388608] [remote 10.0.0.171:50262] 2026-04-17 00:46:21.805 9 ERROR keystone.server.flask.application pymysql.err.IntegrityError: (1062, "Duplicate entry '<>-service' for key 'project.ixu_project_name_domain_id'")
[Fri Apr 17 00:46:21.822139 2026] [wsgi:error] [pid 9:tid 140488651388608] [remote 10.0.0.171:50262] 2026-04-17 00:46:21.805 9 ERROR keystone.server.flask.application
[Fri Apr 17 00:46:21.822141 2026] [wsgi:error] [pid 9:tid 140488651388608] [remote 10.0.0.171:50262] 2026-04-17 00:46:21.805 9 ERROR keystone.server.flask.application The above exception was the direct cause of the following exception:
[Fri Apr 17 00:46:21.822142 2026] [wsgi:error] [pid 9:tid 140488651388608] [remote 10.0.0.171:50262] 2026-04-17 00:46:21.805 9 ERROR keystone.server.flask.application
[Fri Apr 17 00:46:21.822143 2026] [wsgi:error] [pid 9:tid 140488651388608] [remote 10.0.0.171:50262] 2026-04-17 00:46:21.805 9 ERROR keystone.server.flask.application
Traceback (most recent call last):
[Fri Apr 17 00:46:21.822145 2026] [wsgi:error] [pid 9:tid 140488651388608] [remote 10.0.0.171:50262] 2026-04-17 00:46:21.805 9 ERROR keystone.server.flask.application
File "/var/lib/openstack/lib/python3.12/site-packages/keystone/common/sql/core.py", line 575, in wrapper
[Fri Apr 17 00:46:21.822147 2026] [wsgi:error] [pid 9:tid 140488651388608] [remote 10.0.0.171:50262] 2026-04-17 00:46:21.805 9 ERROR keystone.server.flask.application return method(*args, **kwargs)
[Fri Apr 17 00:46:21.822148 2026] [wsgi:error] [pid 9:tid 140488651388608] [remote 10.0.0.171:50262] 2026-04-17 00:46:21.805 9 ERROR keystone.server.flask.application ^^^^^^^^^^^^^^^^^^^^^^^
[Fri Apr 17 00:46:21.822150 2026] [wsgi:error] [pid 9:tid 140488651388608] [remote 10.0.0.171:50262] 2026-04-17 00:46:21.805 9 ERROR keystone.server.flask.application
File "/var/lib/openstack/lib/python3.12/site-packages/keystone/resource/backends/sql.py", line 278, in create_project
[Fri Apr 17 00:46:21.822151 2026] [wsgi:error] [pid 9:tid 140488651388608] [remote 10.0.0.171:50262] 2026-04-17 00:46:21.805 9 ERROR keystone.server.flask.application with sql.session_for_write() as session:
[Fri Apr 17 00:46:21.822153 2026] [wsgi:error] [pid 9:tid 140488651388608] [remote 10.0.0.171:50262] 2026-04-17 00:46:21.805 9 ERROR keystone.server.flask.application
File "/usr/lib/python3.12/contextlib.py", line 144, in __exit__
[Fri Apr 17 00:46:21.822154 2026] [wsgi:error] [pid 9:tid 140488651388608] [remote 10.0.0.171:50262] 2026-04-17 00:46:21.805 9 ERROR keystone.server.flask.application next(self.gen)
[Fri Apr 17 00:46:21.822156 2026] [wsgi:error] [pid 9:tid 140488651388608] [remote 10.0.0.171:50262] 2026-04-17 00:46:21.805 9 ERROR keystone.server.flask.application
File "/var/lib/openstack/lib/python3.12/site-packages/oslo_db/sqlalchemy/enginefacade.py", line 1175, in _transaction_scope
[Fri Apr 17 00:46:21.822157 2026] [wsgi:error] [pid 9:tid 140488651388608] [remote 10.0.0.171:50262] 2026-04-17 00:46:21.805 9 ERROR keystone.server.flask.application with current._produce_block(
[Fri Apr 17 00:46:21.822159 2026] [wsgi:error] [pid 9:tid 140488651388608] [remote 10.0.0.171:50262] 2026-04-17 00:46:21.805 9 ERROR keystone.server.flask.application
File "/usr/lib/python3.12/contextlib.py", line 144, in __exit__
[Fri Apr 17 00:46:21.822162 2026] [wsgi:error] [pid 9:tid 140488651388608] [remote 10.0.0.171:50262] 2026-04-17 00:46:21.805 9 ERROR keystone.server.flask.application next(self.gen)
[Fri Apr 17 00:46:21.822163 2026] [wsgi:error] [pid 9:tid 140488651388608] [remote 10.0.0.171:50262] 2026-04-17 00:46:21.805 9 ERROR keystone.server.flask.application
File "/var/lib/openstack/lib/python3.12/site-packages/oslo_db/sqlalchemy/enginefacade.py", line 837, in _session
[Fri Apr 17 00:46:21.822165 2026] [wsgi:error] [pid 9:tid 140488651388608] [remote 10.0.0.171:50262] 2026-04-17 00:46:21.805 9 ERROR keystone.server.flask.application with excutils.save_and_reraise_exception():
[Fri Apr 17 00:46:21.822168 2026] [wsgi:error] [pid 9:tid 140488651388608] [remote 10.0.0.171:50262] 2026-04-17 00:46:21.805 9 ERROR keystone.server.flask.application
File "/var/lib/openstack/lib/python3.12/site-packages/oslo_utils/excutils.py", line 271, in __exit__
[Fri Apr 17 00:46:21.822170 2026] [wsgi:error] [pid 9:tid 140488651388608] [remote 10.0.0.171:50262] 2026-04-17 00:46:21.805 9 ERROR keystone.server.flask.application self.force_reraise()
[Fri Apr 17 00:46:21.822171 2026] [wsgi:error] [pid 9:tid 140488651388608] [remote 10.0.0.171:50262] 2026-04-17 00:46:21.805 9 ERROR keystone.server.flask.application
File "/var/lib/openstack/lib/python3.12/site-packages/oslo_utils/excutils.py", line 233, in force_reraise
[Fri Apr 17 00:46:21.822173 2026] [wsgi:error] [pid 9:tid 140488651388608] [remote 10.0.0.171:50262] 2026-04-17 00:46:21.805 9 ERROR keystone.server.flask.application raise self.value
[Fri Apr 17 00:46:21.822175 2026] [wsgi:error] [pid 9:tid 140488651388608] [remote 10.0.0.171:50262] 2026-04-17 00:46:21.805 9 ERROR keystone.server.flask.application
File "/var/lib/openstack/lib/python3.12/site-packages/oslo_db/sqlalchemy/enginefacade.py", line 835, in _session
[Fri Apr 17 00:46:21.822177 2026] [wsgi:error] [pid 9:tid 140488651388608] [remote 10.0.0.171:50262] 2026-04-17 00:46:21.805 9 ERROR keystone.server.flask.application self._end_session_transaction(self.session)
[Fri Apr 17 00:46:21.822178 2026] [wsgi:error] [pid 9:tid 140488651388608] [remote 10.0.0.171:50262] 2026-04-17 00:46:21.805 9 ERROR keystone.server.flask.application
File "/var/lib/openstack/lib/python3.12/site-packages/oslo_db/sqlalchemy/enginefacade.py", line 748, in _end_session_transaction
[Fri Apr 17 00:46:21.822180 2026] [wsgi:error] [pid 9:tid 140488651388608] [remote 10.0.0.171:50262] 2026-04-17 00:46:21.805 9 ERROR keystone.server.flask.application session.commit()
[Fri Apr 17 00:46:21.822183 2026] [wsgi:error] [pid 9:tid 140488651388608] [remote 10.0.0.171:50262] 2026-04-17 00:46:21.805 9 ERROR keystone.server.flask.application
File "/var/lib/openstack/lib/python3.12/site-packages/sqlalchemy/orm/session.py", line 2030, in commit
[Fri Apr 17 00:46:21.822185 2026] [wsgi:error] [pid 9:tid 140488651388608] [remote 10.0.0.171:50262] 2026-04-17 00:46:21.805 9 ERROR keystone.server.flask.application trans.commit(_to_root=True)
[Fri Apr 17 00:46:21.822187 2026] [wsgi:error] [pid 9:tid 140488651388608] [remote 10.0.0.171:50262] 2026-04-17 00:46:21.805 9 ERROR keystone.server.flask.application File "", line 2, in commit
[Fri Apr 17 00:46:21.822189 2026] [wsgi:error] [pid 9:tid 140488651388608] [remote 10.0.0.171:50262] 2026-04-17 00:46:21.805 9 ERROR keystone.server.flask.application
File "/var/lib/openstack/lib/python3.12/site-packages/sqlalchemy/orm/state_changes.py", line 137, in _go
[Fri Apr 17 00:46:21.822191 2026] [wsgi:error] [pid 9:tid 140488651388608] [remote 10.0.0.171:50262] 2026-04-17 00:46:21.805 9 ERROR keystone.server.flask.application ret_value = fn(self, *arg, **kw)
[Fri Apr 17 00:46:21.822193 2026] [wsgi:error] [pid 9:tid 140488651388608] [remote 10.0.0.171:50262] 2026-04-17 00:46:21.805 9 ERROR keystone.server.flask.application ^^^^^^^^^^^^^^^^^^^^
[Fri Apr 17 00:46:21.822194 2026] [wsgi:error] [pid 9:tid 140488651388608] [remote 10.0.0.171:50262] 2026-04-17 00:46:21.805 9 ERROR keystone.server.flask.application
File "/var/lib/openstack/lib/python3.12/site-packages/sqlalchemy/orm/session.py", line 1311, in commit
[Fri Apr 17 00:46:21.822196 2026] [wsgi:error] [pid 9:tid 140488651388608] [remote 10.0.0.171:50262] 2026-04-17 00:46:21.805 9 ERROR keystone.server.flask.application self._prepare_impl()
[Fri Apr 17 00:46:21.822197 2026] [wsgi:error] [pid 9:tid 140488651388608] [remote 10.0.0.171:50262] 2026-04-17 00:46:21.805 9 ERROR keystone.server.flask.application File "", line 2, in _prepare_impl
[Fri Apr 17 00:46:21.822199 2026] [wsgi:error] [pid 9:tid 140488651388608] [remote 10.0.0.171:50262] 2026-04-17 00:46:21.805 9 ERROR keystone.server.flask.application
File "/var/lib/openstack/lib/python3.12/site-packages/sqlalchemy/orm/state_changes.py", line 137, in _go
[Fri Apr 17 00:46:21.822200 2026] [wsgi:error] [pid 9:tid 140488651388608] [remote 10.0.0.171:50262] 2026-04-17 00:46:21.805 9 ERROR keystone.server.flask.application ret_value = fn(self, *arg, **kw)
[Fri Apr 17 00:46:21.822202 2026] [wsgi:error] [pid 9:tid 140488651388608] [remote 10.0.0.171:50262] 2026-04-17 00:46:21.805 9 ERROR keystone.server.flask.application ^^^^^^^^^^^^^^^^^^^^
[Fri Apr 17 00:46:21.822203 2026] [wsgi:error] [pid 9:tid 140488651388608] [remote 10.0.0.171:50262] 2026-04-17 00:46:21.805 9 ERROR keystone.server.flask.application
File "/var/lib/openstack/lib/python3.12/site-packages/sqlalchemy/orm/session.py", line 1286, in _prepare_impl
[Fri Apr 17 00:46:21.822205 2026] [wsgi:error] [pid 9:tid 140488651388608] [remote 10.0.0.171:50262] 2026-04-17 00:46:21.805 9 ERROR keystone.server.flask.application self.session.flush()
[Fri Apr 17 00:46:21.822207 2026] [wsgi:error] [pid 9:tid 140488651388608] [remote 10.0.0.171:50262] 2026-04-17 00:46:21.805 9 ERROR keystone.server.flask.application
File "/var/lib/openstack/lib/python3.12/site-packages/sqlalchemy/orm/session.py", line 4331, in flush
[Fri Apr 17 00:46:21.822209 2026] [wsgi:error] [pid 9:tid 140488651388608] [remote 10.0.0.171:50262] 2026-04-17 00:46:21.805 9 ERROR keystone.server.flask.application self._flush(objects)
[Fri Apr 17 00:46:21.822211 2026] [wsgi:error] [pid 9:tid 140488651388608] [remote 10.0.0.171:50262] 2026-04-17 00:46:21.805 9 ERROR keystone.server.flask.application
File "/var/lib/openstack/lib/python3.12/site-packages/sqlalchemy/orm/session.py", line 4466, in _flush
[Fri Apr 17 00:46:21.822213 2026] [wsgi:error] [pid 9:tid 140488651388608] [remote 10.0.0.171:50262] 2026-04-17 00:46:21.805 9 ERROR keystone.server.flask.application with util.safe_reraise():
[Fri Apr 17 00:46:21.822215 2026] [wsgi:error] [pid 9:tid 140488651388608] [remote 10.0.0.171:50262] 2026-04-17 00:46:21.805 9 ERROR keystone.server.flask.application
File "/var/lib/openstack/lib/python3.12/site-packages/sqlalchemy/util/langhelpers.py", line 121, in __exit__
[Fri Apr 17 00:46:21.822218 2026] [wsgi:error] [pid 9:tid 140488651388608] [remote 10.0.0.171:50262] 2026-04-17 00:46:21.805 9 ERROR keystone.server.flask.application raise exc_value.with_traceback(exc_tb)
[Fri Apr 17 00:46:21.822220 2026] [wsgi:error] [pid 9:tid 140488651388608] [remote 10.0.0.171:50262] 2026-04-17 00:46:21.805 9 ERROR keystone.server.flask.application
File "/var/lib/openstack/lib/python3.12/site-packages/sqlalchemy/orm/session.py", line 4427, in _flush
[Fri Apr 17 00:46:21.822222 2026] [wsgi:error] [pid 9:tid 140488651388608] [remote 10.0.0.171:50262] 2026-04-17 00:46:21.805 9 ERROR keystone.server.flask.application flush_context.execute()
[Fri Apr 17 00:46:21.822223 2026] [wsgi:error] [pid 9:tid 140488651388608] [remote 10.0.0.171:50262] 2026-04-17 00:46:21.805 9 ERROR keystone.server.flask.application
File "/var/lib/openstack/lib/python3.12/site-packages/sqlalchemy/orm/unitofwork.py", line 466, in execute
