2026-06-28 21:11:48.680 9 INFO neutron.wsgi [None req-8824ba28-946f-448e-af3d-5350fa99c6b5 883a0435f2e24d7c83eab7638d9a199a 2dca40d7a10d4cf0a1becda25c2e9694 - - default default] 10.0.0.15 "POST /v2.0/vpn/ipsec-site-connections HTTP/1.1" status: 400 len: 343 time: 0.0071621
2026-06-28 21:11:48.696 9 INFO neutron.wsgi [None req-d785e58d-4fc0-4fec-8392-9d273b9ffde8 883a0435f2e24d7c83eab7638d9a199a 2dca40d7a10d4cf0a1becda25c2e9694 - - default default] 10.0.0.15 "GET /v2.0/vpn/endpoint-groups HTTP/1.1" status: 200 len: 1102 time: 0.0117111
2026-06-28 21:11:48.725 9 INFO neutron.wsgi [None req-8798cfaa-40e7-4b4d-ace1-8c6018c07085 883a0435f2e24d7c83eab7638d9a199a 2dca40d7a10d4cf0a1becda25c2e9694 - - default default] 10.0.0.15 "DELETE /v2.0/vpn/endpoint-groups/34374468-19d1-4713-ac7b-e063e9cdb351 HTTP/1.1" status: 204 len: 168 time: 0.0244966
2026-06-28 21:11:48.744 10 INFO neutron.wsgi [None req-de7c23f2-40fb-477f-a275-6e3dc8d6a202 883a0435f2e24d7c83eab7638d9a199a 2dca40d7a10d4cf0a1becda25c2e9694 - - default default] 10.0.0.15 "GET /v2.0/vpn/endpoint-groups HTTP/1.1" status: 200 len: 826 time: 0.0140355
2026-06-28 21:11:48.754 10 WARNING neutron_lib.context [None req-e312a9da-f17e-43c0-9d24-c4cb5539adbb 883a0435f2e24d7c83eab7638d9a199a 2dca40d7a10d4cf0a1becda25c2e9694 - - default default] Method 'is_advsvc' is deprecated since 2023.2 release (neutron-lib 3.8.0) and will be removed once support for the old RBAC API policies will be removed from Neutron. Please use method 'is_service_role' instead.
2026-06-28 21:11:48.795 10 INFO neutron.wsgi [None req-e312a9da-f17e-43c0-9d24-c4cb5539adbb 883a0435f2e24d7c83eab7638d9a199a 2dca40d7a10d4cf0a1becda25c2e9694 - - default default] 10.0.0.15 "POST /v2.0/vpn/endpoint-groups HTTP/1.1" status: 201 len: 489 time: 0.0450587
2026-06-28 21:11:48.805 10 WARNING neutron_lib.context [None req-6accb3b5-73ca-4d9e-82e9-fdbe56c36d59 883a0435f2e24d7c83eab7638d9a199a 2dca40d7a10d4cf0a1becda25c2e9694 - - default default] Method 'is_advsvc' is deprecated since 2023.2 release (neutron-lib 3.8.0) and will be removed once support for the old RBAC API policies will be removed from Neutron. Please use method 'is_service_role' instead.
2026-06-28 21:11:48.861 10 INFO neutron.wsgi [None req-6accb3b5-73ca-4d9e-82e9-fdbe56c36d59 883a0435f2e24d7c83eab7638d9a199a 2dca40d7a10d4cf0a1becda25c2e9694 - - default default] 10.0.0.15 "POST /v2.0/vpn/endpoint-groups HTTP/1.1" status: 201 len: 500 time: 0.0615957
2026-06-28 21:11:48.871 9 WARNING neutron_lib.context [None req-bd422167-cd9f-4660-a422-aec87617b14c 883a0435f2e24d7c83eab7638d9a199a 2dca40d7a10d4cf0a1becda25c2e9694 - - default default] Method 'is_advsvc' is deprecated since 2023.2 release (neutron-lib 3.8.0) and will be removed once support for the old RBAC API policies will be removed from Neutron. Please use method 'is_service_role' instead.
2026-06-28 21:11:49.702 10 INFO neutron.wsgi [None req-1740ec1a-e636-4bc3-af38-de3509be9592 d2eef338a29041b2b00b37c432379f8d 74c328985d2d4a5b976a3c9bf55900a5 - - default default] 199.204.45.162 "GET /v2.0/ports?device_id=25bea579-d2a7-424b-a54a-5fe280c9c7ba HTTP/1.1" status: 200 len: 4943 time: 0.0566773
2026-06-28 21:11:49.757 9 INFO neutron.db.ovn_revision_numbers_db [None req-bd422167-cd9f-4660-a422-aec87617b14c 883a0435f2e24d7c83eab7638d9a199a 2dca40d7a10d4cf0a1becda25c2e9694 - - default default] Successfully bumped revision number for resource dc0a8ea5-56c9-44da-95c8-dfdf5c13dbe0 (type: routers) to 6
2026-06-28 21:11:49.793 9 INFO neutron.wsgi [None req-bd422167-cd9f-4660-a422-aec87617b14c 883a0435f2e24d7c83eab7638d9a199a 2dca40d7a10d4cf0a1becda25c2e9694 - - default default] 10.0.0.15 "POST /v2.0/vpn/ipsec-site-connections HTTP/1.1" status: 201 len: 1043 time: 0.9272034
2026-06-28 21:11:50.500 9 INFO neutron.db.ovn_revision_numbers_db [None req-93139777-86f8-4bc8-a974-ac3245b0f726 883a0435f2e24d7c83eab7638d9a199a 2dca40d7a10d4cf0a1becda25c2e9694 - - default default] Successfully bumped revision number for resource dc0a8ea5-56c9-44da-95c8-dfdf5c13dbe0 (type: routers) to 7
2026-06-28 21:11:50.521 9 INFO neutron.wsgi [None req-93139777-86f8-4bc8-a974-ac3245b0f726 883a0435f2e24d7c83eab7638d9a199a 2dca40d7a10d4cf0a1becda25c2e9694 - - default default] 10.0.0.15 "DELETE /v2.0/vpn/ipsec-site-connections/33d93973-708a-4063-8c55-0261134b622b HTTP/1.1" status: 204 len: 168 time: 0.7234249
2026-06-28 21:11:50.540 9 INFO neutron.wsgi [None req-c6275d48-94e3-4a77-8f5a-5f4e4c5b6af7 883a0435f2e24d7c83eab7638d9a199a 2dca40d7a10d4cf0a1becda25c2e9694 - - default default] 10.0.0.15 "GET /v2.0/vpn/ipsec-site-connections HTTP/1.1" status: 200 len: 989 time: 0.0132737
2026-06-28 21:11:50.555 9 INFO neutron.api.v2.resource [None req-1115b9d3-d53b-413f-a27a-00ea8d58af07 883a0435f2e24d7c83eab7638d9a199a 2dca40d7a10d4cf0a1becda25c2e9694 - - default default] delete failed (client error): The resource could not be found.
2026-06-28 21:11:50.557 9 INFO neutron.wsgi [None req-1115b9d3-d53b-413f-a27a-00ea8d58af07 883a0435f2e24d7c83eab7638d9a199a 2dca40d7a10d4cf0a1becda25c2e9694 - - default default] 10.0.0.15 "DELETE /v2.0/vpn/ipsec-site-connections/33d93973-708a-4063-8c55-0261134b622b HTTP/1.1" status: 404 len: 355 time: 0.0104213
2026-06-28 21:11:50.576 9 INFO neutron.wsgi [None req-a03e2168-de5b-4b7e-a159-7d8fb582091d 883a0435f2e24d7c83eab7638d9a199a 2dca40d7a10d4cf0a1becda25c2e9694 - - default default] 10.0.0.15 "GET /v2.0/vpn/endpoint-groups HTTP/1.1" status: 200 len: 1382 time: 0.0156131
2026-06-28 21:11:50.609 9 INFO neutron.wsgi [None req-a07fccea-4914-422a-be74-7d9da165b58c 883a0435f2e24d7c83eab7638d9a199a 2dca40d7a10d4cf0a1becda25c2e9694 - - default default] 10.0.0.15 "DELETE /v2.0/vpn/endpoint-groups/a3c0493a-0f0f-4307-a780-90486828b439 HTTP/1.1" status: 204 len: 168 time: 0.0258639
2026-06-28 21:11:50.627 9 INFO neutron.wsgi [None req-cfdd2c73-4175-4d0c-8190-7e2a8d8ef15a 883a0435f2e24d7c83eab7638d9a199a 2dca40d7a10d4cf0a1becda25c2e9694 - - default default] 10.0.0.15 "GET /v2.0/vpn/endpoint-groups HTTP/1.1" status: 200 len: 1098 time: 0.0116925
2026-06-28 21:11:50.640 9 INFO neutron.wsgi [None req-7dc7b17c-f2eb-440d-83f9-bd114e03076d 883a0435f2e24d7c83eab7638d9a199a 2dca40d7a10d4cf0a1becda25c2e9694 - - default default] 10.0.0.15 "GET /v2.0/vpn/endpoint-groups HTTP/1.1" status: 200 len: 1098 time: 0.0102408
2026-06-28 21:11:50.670 9 INFO neutron.wsgi [None req-20d3a7e1-c200-46fa-825a-e97eb3698541 883a0435f2e24d7c83eab7638d9a199a 2dca40d7a10d4cf0a1becda25c2e9694 - - default default] 10.0.0.15 "DELETE /v2.0/vpn/endpoint-groups/156d5b8b-a008-413b-a6d0-8f34f392f2b5 HTTP/1.1" status: 204 len: 168 time: 0.0262198
2026-06-28 21:11:50.684 9 INFO neutron.wsgi [None req-22d6bd1e-7601-4f12-811f-75afa0e4a948 883a0435f2e24d7c83eab7638d9a199a 2dca40d7a10d4cf0a1becda25c2e9694 - - default default] 10.0.0.15 "GET /v2.0/vpn/endpoint-groups HTTP/1.1" status: 200 len: 826 time: 0.0101957
2026-06-28 21:11:50.695 9 WARNING neutron_lib.context [None req-b48f6992-6650-4915-b1d5-03ab87789edf 883a0435f2e24d7c83eab7638d9a199a 2dca40d7a10d4cf0a1becda25c2e9694 - - default default] Method 'is_advsvc' is deprecated since 2023.2 release (neutron-lib 3.8.0) and will be removed once support for the old RBAC API policies will be removed from Neutron. Please use method 'is_service_role' instead.
2026-06-28 21:11:50.789 10 INFO neutron.wsgi [None req-a5f65283-dff5-4520-bef1-a4ad05412e1d d2eef338a29041b2b00b37c432379f8d 74c328985d2d4a5b976a3c9bf55900a5 - - default default] 199.204.45.162 "GET /v2.0/ports?device_id=25bea579-d2a7-424b-a54a-5fe280c9c7ba HTTP/1.1" status: 200 len: 4943 time: 0.0694847
2026-06-28 21:11:51.020 10 WARNING neutron_lib.context [None req-9129be33-7617-4deb-9d5b-5bc800ad2d7b c3a31d79c2a44c08bed470b5efa0090f 7f821534f5b2453f92ff24f8b582e366 - - default default] Method 'is_advsvc' is deprecated since 2023.2 release (neutron-lib 3.8.0) and will be removed once support for the old RBAC API policies will be removed from Neutron. Please use method 'is_service_role' instead.
2026-06-28 21:11:51.077 10 INFO neutron.wsgi [None req-9129be33-7617-4deb-9d5b-5bc800ad2d7b c3a31d79c2a44c08bed470b5efa0090f 7f821534f5b2453f92ff24f8b582e366 - - default default] 10.0.0.15 "POST /v2.0/subnetpools HTTP/1.1" status: 201 len: 715 time: 0.2282352
2026-06-28 21:11:51.154 9 INFO neutron.wsgi [None req-de01853d-4ac1-4f8a-a4bb-e1a3238da303 c3a31d79c2a44c08bed470b5efa0090f 7f821534f5b2453f92ff24f8b582e366 - - default default] 10.0.0.15 "PUT /v2.0/subnetpools/5c1ed516-599b-464a-a395-a6798a7eaf48/tags HTTP/1.1" status: 200 len: 218 time: 0.0710781
2026-06-28 21:11:51.192 10 INFO neutron.wsgi [None req-6d4012f8-7c25-4998-a08d-39242b728533 c3a31d79c2a44c08bed470b5efa0090f 7f821534f5b2453f92ff24f8b582e366 - - default default] 10.0.0.15 "GET /v2.0/subnetpools/5c1ed516-599b-464a-a395-a6798a7eaf48/tags HTTP/1.1" status: 200 len: 218 time: 0.0315154
2026-06-28 21:11:51.232 10 INFO neutron.wsgi [None req-31b1090b-67a5-4852-8d70-d84cf96401e5 c3a31d79c2a44c08bed470b5efa0090f 7f821534f5b2453f92ff24f8b582e366 - - default default] 10.0.0.15 "PUT /v2.0/subnetpools/5c1ed516-599b-464a-a395-a6798a7eaf48/tags/green HTTP/1.1" status: 201 len: 201 time: 0.0349495
2026-06-28 21:11:51.260 10 INFO neutron.wsgi [None req-faea6214-91a0-4a4c-b2e2-02c0cdf3d501 c3a31d79c2a44c08bed470b5efa0090f 7f821534f5b2453f92ff24f8b582e366 - - default default] 10.0.0.15 "GET /v2.0/subnetpools/5c1ed516-599b-464a-a395-a6798a7eaf48/tags HTTP/1.1" status: 200 len: 227 time: 0.0227578
2026-06-28 21:11:51.294 10 INFO neutron.wsgi [None req-102e28f4-21a1-4a27-a08f-c58202e9ba99 c3a31d79c2a44c08bed470b5efa0090f 7f821534f5b2453f92ff24f8b582e366 - - default default] 10.0.0.15 "PUT /v2.0/subnetpools/5c1ed516-599b-464a-a395-a6798a7eaf48/tags/red HTTP/1.1" status: 201 len: 201 time: 0.0231261
2026-06-28 21:11:51.319 10 INFO neutron.wsgi [None req-f79e9e10-877a-43b4-85e5-d213b96146d3 c3a31d79c2a44c08bed470b5efa0090f 7f821534f5b2453f92ff24f8b582e366 - - default default] 10.0.0.15 "GET /v2.0/subnetpools/5c1ed516-599b-464a-a395-a6798a7eaf48/tags HTTP/1.1" status: 200 len: 227 time: 0.0193501
2026-06-28 21:11:51.395 9 INFO neutron.wsgi [None req-f98ca9fd-938e-4b45-b50d-c7553022c229 c3a31d79c2a44c08bed470b5efa0090f 7f821534f5b2453f92ff24f8b582e366 - - default default] 10.0.0.15 "PUT /v2.0/subnetpools/5c1ed516-599b-464a-a395-a6798a7eaf48/tags/black.or.white HTTP/1.1" status: 201 len: 201 time: 0.0713081
2026-06-28 21:11:51.429 10 INFO neutron.wsgi [None req-e3629d36-a66d-4718-9fae-4f876f393844 c3a31d79c2a44c08bed470b5efa0090f 7f821534f5b2453f92ff24f8b582e366 - - default default] 10.0.0.15 "GET /v2.0/subnetpools/5c1ed516-599b-464a-a395-a6798a7eaf48/tags HTTP/1.1" status: 200 len: 245 time: 0.0278692
2026-06-28 21:11:51.488 10 INFO neutron.wsgi [None req-32eae0c5-ff40-4fef-acc6-7820c5ae96dd c3a31d79c2a44c08bed470b5efa0090f 7f821534f5b2453f92ff24f8b582e366 - - default default] 10.0.0.15 "PUT /v2.0/subnetpools/5c1ed516-599b-464a-a395-a6798a7eaf48/tags HTTP/1.1" status: 200 len: 230 time: 0.0496490
2026-06-28 21:11:51.527 10 INFO neutron.wsgi [None req-56092255-a683-482a-a334-12645b28e468 c3a31d79c2a44c08bed470b5efa0090f 7f821534f5b2453f92ff24f8b582e366 - - default default] 10.0.0.15 "GET /v2.0/subnetpools/5c1ed516-599b-464a-a395-a6798a7eaf48/tags HTTP/1.1" status: 200 len: 230 time: 0.0339372
2026-06-28 21:11:51.532 9 INFO neutron.db.ovn_revision_numbers_db [None req-b48f6992-6650-4915-b1d5-03ab87789edf 883a0435f2e24d7c83eab7638d9a199a 2dca40d7a10d4cf0a1becda25c2e9694 - - default default] Successfully bumped revision number for resource dc0a8ea5-56c9-44da-95c8-dfdf5c13dbe0 (type: routers) to 8
2026-06-28 21:11:51.552 10 INFO neutron.wsgi [None req-1fe520c2-0e67-4108-aeea-a29eb30d8c82 c3a31d79c2a44c08bed470b5efa0090f 7f821534f5b2453f92ff24f8b582e366 - - default default] 10.0.0.15 "GET /v2.0/subnetpools/5c1ed516-599b-464a-a395-a6798a7eaf48/tags/red HTTP/1.1" status: 204 len: 168 time: 0.0185244
2026-06-28 21:11:51.572 9 INFO neutron.wsgi [None req-b48f6992-6650-4915-b1d5-03ab87789edf 883a0435f2e24d7c83eab7638d9a199a 2dca40d7a10d4cf0a1becda25c2e9694 - - default default] 10.0.0.15 "POST /v2.0/vpn/ipsec-site-connections HTTP/1.1" status: 201 len: 1003 time: 0.8811660
2026-06-28 21:11:51.594 10 INFO neutron.api.v2.resource [None req-59ac628f-d358-4f08-a328-ca2660b1a0c0 c3a31d79c2a44c08bed470b5efa0090f 7f821534f5b2453f92ff24f8b582e366 - - default default] show failed (client error): The resource could not be found.
2026-06-28 21:11:51.598 10 INFO neutron.wsgi [None req-59ac628f-d358-4f08-a328-ca2660b1a0c0 c3a31d79c2a44c08bed470b5efa0090f 7f821534f5b2453f92ff24f8b582e366 - - default default] 10.0.0.15 "GET /v2.0/subnetpools/5c1ed516-599b-464a-a395-a6798a7eaf48/tags/green HTTP/1.1" status: 404 len: 299 time: 0.0410705
2026-06-28 21:11:51.855 10 INFO neutron.wsgi [-] 10.0.0.218 "GET / HTTP/1.1" status: 200 len: 246 time: 0.0020080
2026-06-28 21:11:51.857 10 INFO neutron.wsgi [-] 10.0.0.218 "GET / HTTP/1.1" status: 200 len: 246 time: 0.0008757
2026-06-28 21:11:51.874 10 INFO neutron.wsgi [None req-55dc6eb4-c02f-46d6-ac30-b2e96e328d30 d2eef338a29041b2b00b37c432379f8d 74c328985d2d4a5b976a3c9bf55900a5 - - default default] 199.204.45.162 "GET /v2.0/ports?device_id=25bea579-d2a7-424b-a54a-5fe280c9c7ba HTTP/1.1" status: 200 len: 4943 time: 0.0685706
2026-06-28 21:11:51.892 9 INFO neutron.wsgi [None req-af3bff79-7f68-4806-8e89-ffa6784af601 c3a31d79c2a44c08bed470b5efa0090f 7f821534f5b2453f92ff24f8b582e366 - - default default] 10.0.0.15 "DELETE /v2.0/subnetpools/5c1ed516-599b-464a-a395-a6798a7eaf48/tags/red HTTP/1.1" status: 204 len: 168 time: 0.2873976
2026-06-28 21:11:51.932 9 INFO neutron.wsgi [None req-18b9bf9e-553c-4174-b98b-fb89c7c14a9e c3a31d79c2a44c08bed470b5efa0090f 7f821534f5b2453f92ff24f8b582e366 - - default default] 10.0.0.15 "GET /v2.0/subnetpools/5c1ed516-599b-464a-a395-a6798a7eaf48/tags HTTP/1.1" status: 200 len: 223 time: 0.0341301
2026-06-28 21:11:51.970 10 INFO neutron.api.v2.resource [None req-735b2ea3-df37-4220-9703-dc4e9f310cd8 c3a31d79c2a44c08bed470b5efa0090f 7f821534f5b2453f92ff24f8b582e366 - - default default] delete failed (client error): The resource could not be found.
2026-06-28 21:11:51.971 10 INFO neutron.wsgi [None req-735b2ea3-df37-4220-9703-dc4e9f310cd8 c3a31d79c2a44c08bed470b5efa0090f 7f821534f5b2453f92ff24f8b582e366 - - default default] 10.0.0.15 "DELETE /v2.0/subnetpools/5c1ed516-599b-464a-a395-a6798a7eaf48/tags/green HTTP/1.1" status: 404 len: 299 time: 0.0322552
2026-06-28 21:11:52.014 10 INFO neutron.wsgi [None req-8578e926-6cb5-4866-bd1c-12b565f9b1ed c3a31d79c2a44c08bed470b5efa0090f 7f821534f5b2453f92ff24f8b582e366 - - default default] 10.0.0.15 "DELETE /v2.0/subnetpools/5c1ed516-599b-464a-a395-a6798a7eaf48/tags HTTP/1.1" status: 204 len: 168 time: 0.0380778
2026-06-28 21:11:52.061 9 INFO neutron.wsgi [None req-9e067430-2b95-404a-b5e2-f956c3515fc6 c3a31d79c2a44c08bed470b5efa0090f 7f821534f5b2453f92ff24f8b582e366 - - default default] 10.0.0.15 "GET /v2.0/subnetpools/5c1ed516-599b-464a-a395-a6798a7eaf48/tags HTTP/1.1" status: 200 len: 205 time: 0.0418103
2026-06-28 21:11:52.169 9 INFO neutron.wsgi [None req-a0d9d59f-59b6-429f-9a95-ec73d338a7dc c3a31d79c2a44c08bed470b5efa0090f 7f821534f5b2453f92ff24f8b582e366 - - default default] 10.0.0.15 "DELETE /v2.0/subnetpools/5c1ed516-599b-464a-a395-a6798a7eaf48 HTTP/1.1" status: 204 len: 168 time: 0.1023355
2026-06-28 21:11:52.608 9 INFO neutron.db.ovn_revision_numbers_db [None req-2fea8d01-1fb3-4f99-a654-fc59d49b21da 883a0435f2e24d7c83eab7638d9a199a 2dca40d7a10d4cf0a1becda25c2e9694 - - default default] Successfully bumped revision number for resource dc0a8ea5-56c9-44da-95c8-dfdf5c13dbe0 (type: routers) to 9
2026-06-28 21:11:52.632 9 INFO neutron.wsgi [None req-2fea8d01-1fb3-4f99-a654-fc59d49b21da 883a0435f2e24d7c83eab7638d9a199a 2dca40d7a10d4cf0a1becda25c2e9694 - - default default] 10.0.0.15 "DELETE /v2.0/vpn/ipsec-site-connections/d79cad66-5860-4f74-a491-f0116e91e185 HTTP/1.1" status: 204 len: 168 time: 1.0558891
2026-06-28 21:11:52.646 9 INFO neutron.wsgi [None req-50f46163-acba-4cca-b451-13c74ff78eeb 883a0435f2e24d7c83eab7638d9a199a 2dca40d7a10d4cf0a1becda25c2e9694 - - default default] 10.0.0.15 "GET /v2.0/vpn/ipsec-site-connections HTTP/1.1" status: 200 len: 989 time: 0.0105503
2026-06-28 21:11:52.658 9 INFO neutron.api.v2.resource [None req-fe0f3272-d087-4c34-8223-f1d601d68359 883a0435f2e24d7c83eab7638d9a199a 2dca40d7a10d4cf0a1becda25c2e9694 - - default default] delete failed (client error): The resource could not be found.
2026-06-28 21:11:52.660 9 INFO neutron.wsgi [None req-fe0f3272-d087-4c34-8223-f1d601d68359 883a0435f2e24d7c83eab7638d9a199a 2dca40d7a10d4cf0a1becda25c2e9694 - - default default] 10.0.0.15 "DELETE /v2.0/vpn/ipsec-site-connections/d79cad66-5860-4f74-a491-f0116e91e185 HTTP/1.1" status: 404 len: 355 time: 0.0107608
2026-06-28 21:11:52.669 9 WARNING neutron_lib.context [None req-7454bcc2-eb51-406d-8b7d-211011ad8903 883a0435f2e24d7c83eab7638d9a199a 2dca40d7a10d4cf0a1becda25c2e9694 - - default default] Method 'is_advsvc' is deprecated since 2023.2 release (neutron-lib 3.8.0) and will be removed once support for the old RBAC API policies will be removed from Neutron. Please use method 'is_service_role' instead.
2026-06-28 21:11:52.705 9 INFO neutron.wsgi [None req-7454bcc2-eb51-406d-8b7d-211011ad8903 883a0435f2e24d7c83eab7638d9a199a 2dca40d7a10d4cf0a1becda25c2e9694 - - default default] 10.0.0.15 "POST /v2.0/vpn/endpoint-groups HTTP/1.1" status: 201 len: 489 time: 0.0396590
2026-06-28 21:11:52.725 9 INFO neutron.wsgi [None req-c5945781-863f-4b38-9b9b-2941bb5c57dc 883a0435f2e24d7c83eab7638d9a199a 2dca40d7a10d4cf0a1becda25c2e9694 - - default default] 10.0.0.15 "PUT /v2.0/vpn/endpoint-groups/67210823-398a-4f1a-95fd-b09732e2c5ee HTTP/1.1" status: 200 len: 484 time: 0.0158544
2026-06-28 21:11:52.738 9 INFO neutron.wsgi [None req-01d5794b-1c5a-42de-b65b-553f84a9e5f8 883a0435f2e24d7c83eab7638d9a199a 2dca40d7a10d4cf0a1becda25c2e9694 - - default default] 10.0.0.15 "GET /v2.0/vpn/endpoint-groups/67210823-398a-4f1a-95fd-b09732e2c5ee HTTP/1.1" status: 200 len: 484 time: 0.0101194
2026-06-28 21:11:52.769 9 INFO neutron.wsgi [None req-49a3e540-b404-408c-81f9-916910cdc489 883a0435f2e24d7c83eab7638d9a199a 2dca40d7a10d4cf0a1becda25c2e9694 - - default default] 10.0.0.15 "DELETE /v2.0/vpn/endpoint-groups/67210823-398a-4f1a-95fd-b09732e2c5ee HTTP/1.1" status: 204 len: 168 time: 0.0255051
2026-06-28 21:11:52.786 9 INFO neutron.wsgi [None req-6a467212-5f2e-4da6-84e2-b68e0110cc1c 883a0435f2e24d7c83eab7638d9a199a 2dca40d7a10d4cf0a1becda25c2e9694 - - default default] 10.0.0.15 "GET /v2.0/vpn/endpoint-groups HTTP/1.1" status: 200 len: 826 time: 0.0125601
2026-06-28 21:11:52.802 9 INFO neutron.wsgi [None req-b887b19f-e341-444e-80ec-54e3f54b2726 883a0435f2e24d7c83eab7638d9a199a 2dca40d7a10d4cf0a1becda25c2e9694 - - default default] 10.0.0.15 "GET /v2.0/vpn/endpoint-groups HTTP/1.1" status: 200 len: 826 time: 0.0122163
2026-06-28 21:11:52.817 9 WARNING neutron_lib.context [None req-b6219790-c73b-4340-8cc1-5991e3eefc0d 883a0435f2e24d7c83eab7638d9a199a 2dca40d7a10d4cf0a1becda25c2e9694 - - default default] Method 'is_advsvc' is deprecated since 2023.2 release (neutron-lib 3.8.0) and will be removed once support for the old RBAC API policies will be removed from Neutron. Please use method 'is_service_role' instead.
2026-06-28 21:11:52.854 9 INFO neutron.wsgi [None req-b6219790-c73b-4340-8cc1-5991e3eefc0d 883a0435f2e24d7c83eab7638d9a199a 2dca40d7a10d4cf0a1becda25c2e9694 - - default default] 10.0.0.15 "POST /v2.0/vpn/ikepolicies HTTP/1.1" status: 201 len: 601 time: 0.0437610
2026-06-28 21:11:52.890 9 INFO neutron.wsgi [None req-18ac3e3b-561f-4ad3-ba94-3166746f4a00 883a0435f2e24d7c83eab7638d9a199a 2dca40d7a10d4cf0a1becda25c2e9694 - - default default] 10.0.0.15 "PUT /v2.0/vpn/ikepolicies/125785bb-f666-45b9-9b67-5cf4f939488a HTTP/1.1" status: 200 len: 612 time: 0.0289345
2026-06-28 21:11:52.926 10 INFO neutron.wsgi [None req-3103c1fc-21de-4f5d-9105-7689b3f3571c 883a0435f2e24d7c83eab7638d9a199a 2dca40d7a10d4cf0a1becda25c2e9694 - - default default] 10.0.0.15 "GET /v2.0/vpn/ikepolicies/125785bb-f666-45b9-9b67-5cf4f939488a HTTP/1.1" status: 200 len: 612 time: 0.0248644
2026-06-28 21:11:52.955 10 INFO neutron.wsgi [None req-6e013d93-6673-41d3-a5bd-18fd8388a30c d2eef338a29041b2b00b37c432379f8d 74c328985d2d4a5b976a3c9bf55900a5 - - default default] 199.204.45.162 "GET /v2.0/ports?device_id=25bea579-d2a7-424b-a54a-5fe280c9c7ba HTTP/1.1" status: 200 len: 4943 time: 0.0647347
2026-06-28 21:11:52.956 9 INFO neutron.wsgi [None req-7c2ff4bb-0200-4c01-89e5-7bf9b96d0189 883a0435f2e24d7c83eab7638d9a199a 2dca40d7a10d4cf0a1becda25c2e9694 - - default default] 10.0.0.15 "DELETE /v2.0/vpn/ikepolicies/125785bb-f666-45b9-9b67-5cf4f939488a HTTP/1.1" status: 204 len: 168 time: 0.0258851
2026-06-28 21:11:52.971 9 INFO neutron.wsgi [None req-a22805ae-b666-4fef-8a68-2a0e2ce4035c 883a0435f2e24d7c83eab7638d9a199a 2dca40d7a10d4cf0a1becda25c2e9694 - - default default] 10.0.0.15 "GET /v2.0/vpn/ikepolicies HTTP/1.1" status: 200 len: 602 time: 0.0117397
2026-06-28 21:11:52.985 9 INFO neutron.wsgi [None req-1b7ef5a6-2716-4855-9147-5f4509cad5f4 883a0435f2e24d7c83eab7638d9a199a 2dca40d7a10d4cf0a1becda25c2e9694 - - default default] 10.0.0.15 "GET /v2.0/vpn/ikepolicies HTTP/1.1" status: 200 len: 602 time: 0.0098844
2026-06-28 21:11:52.995 9 WARNING neutron_lib.context [None req-3becdb72-c1cf-439d-a766-1cfabbcafdd6 883a0435f2e24d7c83eab7638d9a199a 2dca40d7a10d4cf0a1becda25c2e9694 - - default default] Method 'is_advsvc' is deprecated since 2023.2 release (neutron-lib 3.8.0) and will be removed once support for the old RBAC API policies will be removed from Neutron. Please use method 'is_service_role' instead.
2026-06-28 21:11:53.041 9 INFO neutron.wsgi [None req-3becdb72-c1cf-439d-a766-1cfabbcafdd6 883a0435f2e24d7c83eab7638d9a199a 2dca40d7a10d4cf0a1becda25c2e9694 - - default default] 10.0.0.15 "POST /v2.0/vpn/ipsecpolicies HTTP/1.1" status: 201 len: 611 time: 0.0519466
2026-06-28 21:11:53.073 10 INFO neutron.wsgi [None req-891c0af1-757c-4c86-9d3d-77c36eea6d96 883a0435f2e24d7c83eab7638d9a199a 2dca40d7a10d4cf0a1becda25c2e9694 - - default default] 10.0.0.15 "PUT /v2.0/vpn/ipsecpolicies/5909df09-5cf9-45de-b8a3-217b7cf36378 HTTP/1.1" status: 200 len: 625 time: 0.0262260
2026-06-28 21:11:53.105 10 INFO neutron.wsgi [None req-bd55bafb-8c76-4e43-a3d5-3a3e0eb49a6e 883a0435f2e24d7c83eab7638d9a199a 2dca40d7a10d4cf0a1becda25c2e9694 - - default default] 10.0.0.15 "DELETE /v2.0/vpn/ipsecpolicies/5909df09-5cf9-45de-b8a3-217b7cf36378 HTTP/1.1" status: 204 len: 168 time: 0.0274990
2026-06-28 21:11:53.119 9 INFO neutron.api.v2.resource [None req-bc4d7be2-7a97-49a0-a60d-eb2f16ba9d3e 883a0435f2e24d7c83eab7638d9a199a 2dca40d7a10d4cf0a1becda25c2e9694 - - default default] delete failed (client error): The resource could not be found.
2026-06-28 21:11:53.120 9 INFO neutron.wsgi [None req-bc4d7be2-7a97-49a0-a60d-eb2f16ba9d3e 883a0435f2e24d7c83eab7638d9a199a 2dca40d7a10d4cf0a1becda25c2e9694 - - default default] 10.0.0.15 "DELETE /v2.0/vpn/ipsecpolicies/5909df09-5cf9-45de-b8a3-217b7cf36378 HTTP/1.1" status: 404 len: 346 time: 0.0092676
2026-06-28 21:11:53.145 9 INFO neutron.api.v2.resource [None req-87d5d25c-0b66-42c7-88f2-fa94c31bca8f 883a0435f2e24d7c83eab7638d9a199a 2dca40d7a10d4cf0a1becda25c2e9694 - - default default] delete failed (client error): The resource could not be found.
2026-06-28 21:11:53.146 9 INFO neutron.wsgi [None req-87d5d25c-0b66-42c7-88f2-fa94c31bca8f 883a0435f2e24d7c83eab7638d9a199a 2dca40d7a10d4cf0a1becda25c2e9694 - - default default] 10.0.0.15 "DELETE /v2.0/vpn/ipsecpolicies/5909df09-5cf9-45de-b8a3-217b7cf36378 HTTP/1.1" status: 404 len: 346 time: 0.0217741
2026-06-28 21:11:53.160 9 WARNING neutron_lib.context [None req-20d42324-8956-48a4-94f1-38607a6ff767 883a0435f2e24d7c83eab7638d9a199a 2dca40d7a10d4cf0a1becda25c2e9694 - - default default] Method 'is_advsvc' is deprecated since 2023.2 release (neutron-lib 3.8.0) and will be removed once support for the old RBAC API policies will be removed from Neutron. Please use method 'is_service_role' instead.
2026-06-28 21:11:53.178 9 INFO neutron.db.ovn_revision_numbers_db [None req-796e0ecc-ee8e-4e8d-86f9-15afe8305c84 d2eef338a29041b2b00b37c432379f8d 74c328985d2d4a5b976a3c9bf55900a5 - - default default] Successfully bumped revision number for resource d4d239f6-91f3-45a4-8e88-b9c3cbc7bb27 (type: security_groups) to 1
2026-06-28 21:11:53.196 9 INFO neutron.db.ovn_revision_numbers_db [None req-796e0ecc-ee8e-4e8d-86f9-15afe8305c84 d2eef338a29041b2b00b37c432379f8d 74c328985d2d4a5b976a3c9bf55900a5 - - default default] Successfully bumped revision number for resource 3590895f-6637-4dce-b7d8-ff56026bbb51 (type: security_group_rules) to 0
2026-06-28 21:11:53.212 9 INFO neutron.db.ovn_revision_numbers_db [None req-796e0ecc-ee8e-4e8d-86f9-15afe8305c84 d2eef338a29041b2b00b37c432379f8d 74c328985d2d4a5b976a3c9bf55900a5 - - default default] Successfully bumped revision number for resource af19d685-f212-49ba-ab3a-793c5bfb5f8d (type: security_group_rules) to 0
2026-06-28 21:11:53.226 9 INFO neutron.db.ovn_revision_numbers_db [None req-796e0ecc-ee8e-4e8d-86f9-15afe8305c84 d2eef338a29041b2b00b37c432379f8d 74c328985d2d4a5b976a3c9bf55900a5 - - default default] Successfully bumped revision number for resource bafc544f-b003-478a-8746-8aa9a61593bd (type: security_group_rules) to 0
2026-06-28 21:11:53.239 9 INFO neutron.db.ovn_revision_numbers_db [None req-796e0ecc-ee8e-4e8d-86f9-15afe8305c84 d2eef338a29041b2b00b37c432379f8d 74c328985d2d4a5b976a3c9bf55900a5 - - default default] Successfully bumped revision number for resource ef4198b9-86c7-4305-b3c4-f882d838e962 (type: security_group_rules) to 0
2026-06-28 21:11:53.265 9 INFO neutron.db.segments_db [None req-20d42324-8956-48a4-94f1-38607a6ff767 883a0435f2e24d7c83eab7638d9a199a 2dca40d7a10d4cf0a1becda25c2e9694 - - default default] Added segment af14b140-7b47-4ea9-b137-960029524ab6 of type geneve for network 41541bd0-b4da-4b01-84d2-52c67d0a9fe9
2026-06-28 21:11:53.274 9 INFO neutron.wsgi [None req-796e0ecc-ee8e-4e8d-86f9-15afe8305c84 d2eef338a29041b2b00b37c432379f8d 74c328985d2d4a5b976a3c9bf55900a5 - - default default] 10.0.0.15 "GET /v2.0/security-groups?tenant_id=7f821534f5b2453f92ff24f8b582e366&name=default HTTP/1.1" status: 200 len: 3120 time: 0.3557549
2026-06-28 21:11:53.440 9 INFO neutron.db.ovn_revision_numbers_db [None req-20d42324-8956-48a4-94f1-38607a6ff767 883a0435f2e24d7c83eab7638d9a199a 2dca40d7a10d4cf0a1becda25c2e9694 - - default default] Successfully bumped revision number for resource 41541bd0-b4da-4b01-84d2-52c67d0a9fe9 (type: networks) to 1
2026-06-28 21:11:53.570 10 INFO neutron.wsgi [None req-2086434a-b06d-43e4-943a-bdfa5640096a d2eef338a29041b2b00b37c432379f8d 74c328985d2d4a5b976a3c9bf55900a5 - - default default] 10.0.0.15 "DELETE /v2.0/security-groups/d4d239f6-91f3-45a4-8e88-b9c3cbc7bb27 HTTP/1.1" status: 204 len: 168 time: 0.2883513
2026-06-28 21:11:53.651 9 WARNING neutron.scheduler.dhcp_agent_scheduler [None req-20d42324-8956-48a4-94f1-38607a6ff767 883a0435f2e24d7c83eab7638d9a199a 2dca40d7a10d4cf0a1becda25c2e9694 - - default default] No more DHCP agents
2026-06-28 21:11:53.653 9 WARNING neutron.api.rpc.agentnotifiers.dhcp_rpc_agent_api [None req-20d42324-8956-48a4-94f1-38607a6ff767 883a0435f2e24d7c83eab7638d9a199a 2dca40d7a10d4cf0a1becda25c2e9694 - - default default] Unable to schedule network 41541bd0-b4da-4b01-84d2-52c67d0a9fe9: no agents available; will retry on subsequent port and subnet creation events.
2026-06-28 21:11:53.751 9 INFO neutron.db.ovn_revision_numbers_db [None req-20d42324-8956-48a4-94f1-38607a6ff767 883a0435f2e24d7c83eab7638d9a199a 2dca40d7a10d4cf0a1becda25c2e9694 - - default default] Successfully bumped revision number for resource c8d097e8-9bfe-42d6-b7af-a6e6bdc995b7 (type: ports) to 1
2026-06-28 21:11:53.775 9 INFO neutron.wsgi [None req-20d42324-8956-48a4-94f1-38607a6ff767 883a0435f2e24d7c83eab7638d9a199a 2dca40d7a10d4cf0a1becda25c2e9694 - - default default] 10.0.0.15 "POST /v2.0/networks HTTP/1.1" status: 201 len: 831 time: 0.6221561
2026-06-28 21:11:53.789 10 WARNING neutron_lib.context [None req-0326f693-f274-40c5-816a-230ced8553a9 883a0435f2e24d7c83eab7638d9a199a 2dca40d7a10d4cf0a1becda25c2e9694 - - default default] Method 'is_advsvc' is deprecated since 2023.2 release (neutron-lib 3.8.0) and will be removed once support for the old RBAC API policies will be removed from Neutron. Please use method 'is_service_role' instead.
2026-06-28 21:11:53.860 9 INFO neutron.db.ovn_revision_numbers_db [None req-984f5e69-78ad-4572-a850-9dbf0d1e3994 d2eef338a29041b2b00b37c432379f8d 74c328985d2d4a5b976a3c9bf55900a5 - - default default] Successfully bumped revision number for resource 8adfa93b-c48c-4bf3-81b3-4ea34ba188d8 (type: security_groups) to 1
2026-06-28 21:11:53.880 9 INFO neutron.db.ovn_revision_numbers_db [None req-984f5e69-78ad-4572-a850-9dbf0d1e3994 d2eef338a29041b2b00b37c432379f8d 74c328985d2d4a5b976a3c9bf55900a5 - - default default] Successfully bumped revision number for resource 48c8808c-e65c-4baa-9637-9247b2255e60 (type: security_group_rules) to 0
2026-06-28 21:11:53.894 9 INFO neutron.db.ovn_revision_numbers_db [None req-984f5e69-78ad-4572-a850-9dbf0d1e3994 d2eef338a29041b2b00b37c432379f8d 74c328985d2d4a5b976a3c9bf55900a5 - - default default] Successfully bumped revision number for resource 542074e6-6b57-439d-a38f-d430df275043 (type: security_group_rules) to 0
2026-06-28 21:11:53.911 9 INFO neutron.db.ovn_revision_numbers_db [None req-984f5e69-78ad-4572-a850-9dbf0d1e3994 d2eef338a29041b2b00b37c432379f8d 74c328985d2d4a5b976a3c9bf55900a5 - - default default] Successfully bumped revision number for resource 79ffeadb-8ed1-43ab-9533-e0c036108a93 (type: security_group_rules) to 0
2026-06-28 21:11:53.924 9 INFO neutron.db.ovn_revision_numbers_db [None req-984f5e69-78ad-4572-a850-9dbf0d1e3994 d2eef338a29041b2b00b37c432379f8d 74c328985d2d4a5b976a3c9bf55900a5 - - default default] Successfully bumped revision number for resource d9825ae3-6b42-49af-91e1-f9abc63b0740 (type: security_group_rules) to 0
2026-06-28 21:11:53.946 9 INFO neutron.wsgi [None req-984f5e69-78ad-4572-a850-9dbf0d1e3994 d2eef338a29041b2b00b37c432379f8d 74c328985d2d4a5b976a3c9bf55900a5 - - default default] 10.0.0.15 "GET /v2.0/security-groups?tenant_id=fea0b32415b74aeba1227fe769d378dc&name=default HTTP/1.1" status: 200 len: 3120 time: 0.2344198
2026-06-28 21:11:54.036 10 INFO neutron.wsgi [None req-6fd913c7-9ec4-4cdc-9d90-9e733cd8c360 d2eef338a29041b2b00b37c432379f8d 74c328985d2d4a5b976a3c9bf55900a5 - - default default] 199.204.45.162 "GET /v2.0/ports?device_id=25bea579-d2a7-424b-a54a-5fe280c9c7ba HTTP/1.1" status: 200 len: 4943 time: 0.0649831
2026-06-28 21:11:54.084 10 WARNING neutron.scheduler.dhcp_agent_scheduler [None req-0326f693-f274-40c5-816a-230ced8553a9 883a0435f2e24d7c83eab7638d9a199a 2dca40d7a10d4cf0a1becda25c2e9694 - - default default] No more DHCP agents
2026-06-28 21:11:54.088 10 WARNING neutron.api.rpc.agentnotifiers.dhcp_rpc_agent_api [None req-0326f693-f274-40c5-816a-230ced8553a9 883a0435f2e24d7c83eab7638d9a199a 2dca40d7a10d4cf0a1becda25c2e9694 - - default default] Unable to schedule network 41541bd0-b4da-4b01-84d2-52c67d0a9fe9: no agents available; will retry on subsequent port and subnet creation events.
2026-06-28 21:11:54.300 10 INFO neutron.wsgi [None req-cc785a08-dbb8-45fa-b4bd-7b44111bd850 d2eef338a29041b2b00b37c432379f8d 74c328985d2d4a5b976a3c9bf55900a5 - - default default] 10.0.0.15 "DELETE /v2.0/security-groups/8adfa93b-c48c-4bf3-81b3-4ea34ba188d8 HTTP/1.1" status: 204 len: 168 time: 0.3463237
2026-06-28 21:11:54.700 10 INFO neutron.db.ovn_revision_numbers_db [None req-0326f693-f274-40c5-816a-230ced8553a9 883a0435f2e24d7c83eab7638d9a199a 2dca40d7a10d4cf0a1becda25c2e9694 - - default default] Successfully bumped revision number for resource c8d097e8-9bfe-42d6-b7af-a6e6bdc995b7 (type: ports) to 2
2026-06-28 21:11:54.749 10 INFO neutron.db.ovn_revision_numbers_db [None req-0326f693-f274-40c5-816a-230ced8553a9 883a0435f2e24d7c83eab7638d9a199a 2dca40d7a10d4cf0a1becda25c2e9694 - - default default] Successfully bumped revision number for resource c07f7d8f-3469-4401-bd1c-363b55895d8d (type: subnets) to 0
2026-06-28 21:11:54.764 10 INFO neutron.wsgi [None req-0326f693-f274-40c5-816a-230ced8553a9 883a0435f2e24d7c83eab7638d9a199a 2dca40d7a10d4cf0a1becda25c2e9694 - - default default] 10.0.0.15 "POST /v2.0/subnets HTTP/1.1" status: 201 len: 804 time: 0.9820206
2026-06-28 21:11:54.777 10 WARNING neutron_lib.context [None req-5a557cc5-93d4-403e-a380-11a3702fa747 883a0435f2e24d7c83eab7638d9a199a 2dca40d7a10d4cf0a1becda25c2e9694 - - default default] Method 'is_advsvc' is deprecated since 2023.2 release (neutron-lib 3.8.0) and will be removed once support for the old RBAC API policies will be removed from Neutron. Please use method 'is_service_role' instead.
2026-06-28 21:11:55.101 10 INFO neutron.wsgi [None req-13312afc-f7e3-40e4-8a45-813ade5948fb d2eef338a29041b2b00b37c432379f8d 74c328985d2d4a5b976a3c9bf55900a5 - - default default] 199.204.45.162 "GET /v2.0/ports?device_id=25bea579-d2a7-424b-a54a-5fe280c9c7ba HTTP/1.1" status: 200 len: 4943 time: 0.0496211
2026-06-28 21:11:55.352 10 WARNING neutron.scheduler.dhcp_agent_scheduler [None req-5a557cc5-93d4-403e-a380-11a3702fa747 883a0435f2e24d7c83eab7638d9a199a 2dca40d7a10d4cf0a1becda25c2e9694 - - default default] No more DHCP agents
2026-06-28 21:11:55.356 10 WARNING neutron.api.rpc.agentnotifiers.dhcp_rpc_agent_api [None req-5a557cc5-93d4-403e-a380-11a3702fa747 883a0435f2e24d7c83eab7638d9a199a 2dca40d7a10d4cf0a1becda25c2e9694 - - default default] Unable to schedule network 627ae799-41e7-4b99-a266-e6819f3efeea: no agents available; will retry on subsequent port and subnet creation events.
2026-06-28 21:11:55.558 10 INFO neutron.db.ovn_revision_numbers_db [None req-5a557cc5-93d4-403e-a380-11a3702fa747 883a0435f2e24d7c83eab7638d9a199a 2dca40d7a10d4cf0a1becda25c2e9694 - - default default] Successfully bumped revision number for resource 43ca3d78-a432-4803-b51d-b96f94fddcdd (type: ports) to 1
2026-06-28 21:11:56.402 10 INFO neutron.wsgi [None req-71958b2d-a094-468b-ae18-013a4937ffeb d2eef338a29041b2b00b37c432379f8d 74c328985d2d4a5b976a3c9bf55900a5 - - default default] 199.204.45.162 "GET /v2.0/ports?device_id=25bea579-d2a7-424b-a54a-5fe280c9c7ba HTTP/1.1" status: 200 len: 4943 time: 0.2859573
2026-06-28 21:11:56.505 10 INFO neutron.plugins.ml2.drivers.ovn.mech_driver.ovsdb.commands [None req-d70cb03b-6988-4b06-aa71-fabb86920f28 - - - - - -] Schedule LRP lrp-43ca3d78-a432-4803-b51d-b96f94fddcdd on gateway 24b08f20-25d3-42e2-bf61-0070493b5c15 with priority 1
2026-06-28 21:11:56.515 10 INFO neutron.plugins.ml2.drivers.ovn.mech_driver.mech_driver [None req-1d65ad99-8fc9-481d-bb79-66381bb4d9e1 - - - - - -] OVN reports status up for port: 43ca3d78-a432-4803-b51d-b96f94fddcdd
2026-06-28 21:11:56.537 10 INFO neutron.plugins.ml2.plugin [None req-1d65ad99-8fc9-481d-bb79-66381bb4d9e1 - - - - - -] Attempt 1 to provision port 43ca3d78-a432-4803-b51d-b96f94fddcdd
2026-06-28 21:11:56.582 10 INFO neutron.db.ovn_revision_numbers_db [None req-5a557cc5-93d4-403e-a380-11a3702fa747 883a0435f2e24d7c83eab7638d9a199a 2dca40d7a10d4cf0a1becda25c2e9694 - - default default] Successfully bumped revision number for resource 43ca3d78-a432-4803-b51d-b96f94fddcdd (type: router_ports) to 1
2026-06-28 21:11:56.657 10 INFO neutron.db.ovn_revision_numbers_db [None req-5a557cc5-93d4-403e-a380-11a3702fa747 883a0435f2e24d7c83eab7638d9a199a 2dca40d7a10d4cf0a1becda25c2e9694 - - default default] Successfully bumped revision number for resource 39092937-9894-4e98-b17f-eaeb000efd41 (type: routers) to 2
2026-06-28 21:11:56.675 10 INFO neutron.wsgi [None req-5a557cc5-93d4-403e-a380-11a3702fa747 883a0435f2e24d7c83eab7638d9a199a 2dca40d7a10d4cf0a1becda25c2e9694 - - default default] 10.0.0.15 "POST /v2.0/routers HTTP/1.1" status: 201 len: 1135 time: 1.9023008
2026-06-28 21:11:56.905 10 INFO neutron.wsgi [req-1efd430f-9bf0-4218-8374-f7d8903cfb63 req-6134654d-04e0-49c6-b239-22948e54d3e7 2a18de7827d842e4b15a7b3374d4b458 ddbe28d5850a480a9c3d787add2804f7 - - 777a9442082b4ad1b5873a62e50eded7 777a9442082b4ad1b5873a62e50eded7] 199.204.45.162 "GET /v2.0/ports/e935b189-684c-4135-8b21-0fbf354da2ee HTTP/1.1" status: 200 len: 1229 time: 0.0420785
2026-06-28 21:11:57.348 10 INFO neutron.wsgi [req-1efd430f-9bf0-4218-8374-f7d8903cfb63 req-a388370c-1dba-4cd4-ad89-a7ef1bb5a735 d2eef338a29041b2b00b37c432379f8d 74c328985d2d4a5b976a3c9bf55900a5 - - default default] 199.204.45.162 "DELETE /v2.0/ports/e935b189-684c-4135-8b21-0fbf354da2ee HTTP/1.1" status: 204 len: 173 time: 0.4360912
2026-06-28 21:11:57.420 10 INFO neutron.notifiers.nova [-] Nova event matching ['req-81bcca94-43b1-4fda-95c3-2dade2bdd61b'] response: {'server_uuid': '25bea579-d2a7-424b-a54a-5fe280c9c7ba', 'name': 'network-vif-deleted', 'tag': 'e935b189-684c-4135-8b21-0fbf354da2ee', 'status': 'completed', 'code': 200}
2026-06-28 21:11:57.510 10 INFO neutron.wsgi [None req-f0ce8b90-c5d7-4162-86b5-39acba920f42 d2eef338a29041b2b00b37c432379f8d 74c328985d2d4a5b976a3c9bf55900a5 - - default default] 199.204.45.162 "GET /v2.0/ports?device_id=25bea579-d2a7-424b-a54a-5fe280c9c7ba HTTP/1.1" status: 200 len: 3922 time: 0.0892098
2026-06-28 21:11:57.530 10 INFO neutron.wsgi [req-1efd430f-9bf0-4218-8374-f7d8903cfb63 req-b4783036-169c-481e-8bbe-4e275244b94d 2a18de7827d842e4b15a7b3374d4b458 ddbe28d5850a480a9c3d787add2804f7 - - 777a9442082b4ad1b5873a62e50eded7 777a9442082b4ad1b5873a62e50eded7] 199.204.45.162 "GET /v2.0/ports?tenant_id=74c328985d2d4a5b976a3c9bf55900a5&device_id=25bea579-d2a7-424b-a54a-5fe280c9c7ba HTTP/1.1" status: 200 len: 3922 time: 0.1214824
2026-06-28 21:11:57.570 10 INFO neutron.pecan_wsgi.hooks.translation [None req-0a1c2c6d-8ed8-42ed-b393-9698a49d742f d2eef338a29041b2b00b37c432379f8d 74c328985d2d4a5b976a3c9bf55900a5 - - default default] DELETE failed (client error): The resource could not be found.
2026-06-28 21:11:57.573 10 INFO neutron.wsgi [None req-0a1c2c6d-8ed8-42ed-b393-9698a49d742f d2eef338a29041b2b00b37c432379f8d 74c328985d2d4a5b976a3c9bf55900a5 - - default default] 199.204.45.162 "DELETE /v2.0/ports/e935b189-684c-4135-8b21-0fbf354da2ee HTTP/1.1" status: 404 len: 338 time: 0.0394413
2026-06-28 21:11:57.618 10 WARNING neutron.scheduler.dhcp_agent_scheduler [None req-675e9f56-01fe-47bf-b25b-06afa59c97a8 883a0435f2e24d7c83eab7638d9a199a 2dca40d7a10d4cf0a1becda25c2e9694 - - default default] No more DHCP agents
2026-06-28 21:11:57.622 10 WARNING neutron.api.rpc.agentnotifiers.dhcp_rpc_agent_api [None req-675e9f56-01fe-47bf-b25b-06afa59c97a8 883a0435f2e24d7c83eab7638d9a199a 2dca40d7a10d4cf0a1becda25c2e9694 - - default default] Unable to schedule network 41541bd0-b4da-4b01-84d2-52c67d0a9fe9: no agents available; will retry on subsequent port and subnet creation events.
2026-06-28 21:11:57.636 10 INFO neutron.wsgi [req-1efd430f-9bf0-4218-8374-f7d8903cfb63 req-e9265716-a612-42b8-8aa0-1c47376b080e 2a18de7827d842e4b15a7b3374d4b458 ddbe28d5850a480a9c3d787add2804f7 - - 777a9442082b4ad1b5873a62e50eded7 777a9442082b4ad1b5873a62e50eded7] 199.204.45.162 "GET /v2.0/networks?id=99ee376c-f9b9-43be-8ca2-2ae807e30b0e&id=36a241da-7424-428d-9aa7-3c7c1e75e0d4&id=083093cb-ae78-4b4f-8ae9-2652d49481a5&id=617bded5-7200-4dc9-a46d-5a68828a5949 HTTP/1.1" status: 200 len: 3308 time: 0.0958040
2026-06-28 21:11:57.665 10 INFO neutron.wsgi [req-1efd430f-9bf0-4218-8374-f7d8903cfb63 req-a7235b4c-0a4d-4129-8226-4e29d359845a 2a18de7827d842e4b15a7b3374d4b458 ddbe28d5850a480a9c3d787add2804f7 - - 777a9442082b4ad1b5873a62e50eded7 777a9442082b4ad1b5873a62e50eded7] 199.204.45.162 "GET /v2.0/floatingips?fixed_ip_address=172.24.1.212&port_id=9fb85b02-6da2-4c37-8987-ea24049aaaf1 HTTP/1.1" status: 200 len: 217 time: 0.0202389
2026-06-28 21:11:57.703 10 INFO neutron.wsgi [None req-1b1832a3-4730-47ab-b429-fe6c49a36127 d2eef338a29041b2b00b37c432379f8d 74c328985d2d4a5b976a3c9bf55900a5 - - default default] 199.204.45.162 "GET /v2.0/extensions/security-group HTTP/1.1" status: 200 len: 369 time: 0.0062063
2026-06-28 21:11:57.713 10 INFO neutron.wsgi [None req-c2545cb1-e563-40b9-9c14-4ffde4396e4f d2eef338a29041b2b00b37c432379f8d 74c328985d2d4a5b976a3c9bf55900a5 - - default default] 199.204.45.162 "GET /v2.0/extensions/dns-integration HTTP/1.1" status: 200 len: 371 time: 0.0058932
2026-06-28 21:11:57.727 10 INFO neutron.wsgi [None req-b7a066a9-a122-4a99-a280-9f1f7d39020d d2eef338a29041b2b00b37c432379f8d 74c328985d2d4a5b976a3c9bf55900a5 - - default default] 199.204.45.162 "GET /v2.0/extensions/qos HTTP/1.1" status: 200 len: 365 time: 0.0055196
2026-06-28 21:11:57.731 10 INFO neutron.wsgi [req-1efd430f-9bf0-4218-8374-f7d8903cfb63 req-b6421088-3f86-43e9-bf18-4d69292afa51 2a18de7827d842e4b15a7b3374d4b458 ddbe28d5850a480a9c3d787add2804f7 - - 777a9442082b4ad1b5873a62e50eded7 777a9442082b4ad1b5873a62e50eded7] 199.204.45.162 "GET /v2.0/subnets?id=c3156a25-85b8-4722-8a5d-3c768f0118e0 HTTP/1.1" status: 200 len: 829 time: 0.0542076
2026-06-28 21:11:57.736 10 INFO neutron.wsgi [None req-d14ff52c-0c7a-4980-b245-0d464e89ef25 d2eef338a29041b2b00b37c432379f8d 74c328985d2d4a5b976a3c9bf55900a5 - - default default] 199.204.45.162 "GET /v2.0/extensions/allowed-address-pairs HTTP/1.1" status: 200 len: 383 time: 0.0046108
2026-06-28 21:11:57.772 10 INFO neutron.wsgi [req-1efd430f-9bf0-4218-8374-f7d8903cfb63 req-5c6a8fc6-7a6b-494a-b5de-5673f2906cd4 2a18de7827d842e4b15a7b3374d4b458 ddbe28d5850a480a9c3d787add2804f7 - - 777a9442082b4ad1b5873a62e50eded7 777a9442082b4ad1b5873a62e50eded7] 199.204.45.162 "GET /v2.0/ports?network_id=99ee376c-f9b9-43be-8ca2-2ae807e30b0e&device_owner=network%3Adhcp HTTP/1.1" status: 200 len: 210 time: 0.0326853
2026-06-28 21:11:57.806 10 INFO neutron.wsgi [None req-c3ef9735-de42-4081-aaee-a0c5d61d8f50 d2eef338a29041b2b00b37c432379f8d 74c328985d2d4a5b976a3c9bf55900a5 - - default default] 199.204.45.162 "GET /v2.0/subnets/f3ed6479-f6ee-4993-b458-8b732a937ce6 HTTP/1.1" status: 200 len: 850 time: 0.0602703
2026-06-28 21:11:57.867 10 INFO neutron.wsgi [None req-d04afc2b-4522-4a0f-a109-3568f458cfe4 d2eef338a29041b2b00b37c432379f8d 74c328985d2d4a5b976a3c9bf55900a5 - - default default] 199.204.45.162 "GET /v2.0/ports/23eac189-7e90-4174-a167-76bc3a0ea31d HTTP/1.1" status: 200 len: 1340 time: 0.0487485
2026-06-28 21:11:57.905 10 INFO neutron.wsgi [req-1efd430f-9bf0-4218-8374-f7d8903cfb63 req-fe3884a1-217c-4cd9-89e4-43415e0fef98 2a18de7827d842e4b15a7b3374d4b458 ddbe28d5850a480a9c3d787add2804f7 - - 777a9442082b4ad1b5873a62e50eded7 777a9442082b4ad1b5873a62e50eded7] 199.204.45.162 "GET /v2.0/networks/99ee376c-f9b9-43be-8ca2-2ae807e30b0e?fields=segments HTTP/1.1" status: 200 len: 212 time: 0.1159270
2026-06-28 21:11:57.920 10 INFO neutron.wsgi [None req-2290db5a-3c02-43bb-bb4d-d3906f632da4 d2eef338a29041b2b00b37c432379f8d 74c328985d2d4a5b976a3c9bf55900a5 - - default default] 199.204.45.162 "GET /v2.0/ports/577188b0-d1bc-42c3-b890-541f00801634 HTTP/1.1" status: 200 len: 1515 time: 0.0454340
2026-06-28 21:11:57.929 10 INFO neutron.db.ovn_revision_numbers_db [None req-675e9f56-01fe-47bf-b25b-06afa59c97a8 883a0435f2e24d7c83eab7638d9a199a 2dca40d7a10d4cf0a1becda25c2e9694 - - default default] Successfully bumped revision number for resource ae5840b6-366a-4bf8-9c1d-31de10739af1 (type: ports) to 1
2026-06-28 21:11:57.975 9 WARNING neutron_lib.context [None req-6d3d9aff-938e-4146-9100-63438098fba5 77bd9c87108d4a85a9272d1965d59393 31510ea9e79c4b18a26b08ec0784846a - - default default] Method 'is_advsvc' is deprecated since 2023.2 release (neutron-lib 3.8.0) and will be removed once support for the old RBAC API policies will be removed from Neutron. Please use method 'is_service_role' instead.
2026-06-28 21:11:58.121 9 INFO neutron.db.ovn_revision_numbers_db [None req-6d3d9aff-938e-4146-9100-63438098fba5 77bd9c87108d4a85a9272d1965d59393 31510ea9e79c4b18a26b08ec0784846a - - default default] Successfully bumped revision number for resource 394e3d9b-8663-416c-93f1-cfd08e789b09 (type: security_groups) to 1
2026-06-28 21:11:58.135 9 INFO neutron.db.ovn_revision_numbers_db [None req-6d3d9aff-938e-4146-9100-63438098fba5 77bd9c87108d4a85a9272d1965d59393 31510ea9e79c4b18a26b08ec0784846a - - default default] Successfully bumped revision number for resource 305dcca8-2f42-4d3d-b2a7-274de776caba (type: security_group_rules) to 0
2026-06-28 21:11:58.151 9 INFO neutron.db.ovn_revision_numbers_db [None req-6d3d9aff-938e-4146-9100-63438098fba5 77bd9c87108d4a85a9272d1965d59393 31510ea9e79c4b18a26b08ec0784846a - - default default] Successfully bumped revision number for resource 64d311e7-23b8-4374-8efa-78bc2249bb69 (type: security_group_rules) to 0
2026-06-28 21:11:58.169 9 INFO neutron.db.ovn_revision_numbers_db [None req-6d3d9aff-938e-4146-9100-63438098fba5 77bd9c87108d4a85a9272d1965d59393 31510ea9e79c4b18a26b08ec0784846a - - default default] Successfully bumped revision number for resource 9fc95d61-0842-41f9-9eca-a6174bbe13f2 (type: security_group_rules) to 0
2026-06-28 21:11:58.185 9 INFO neutron.db.ovn_revision_numbers_db [None req-6d3d9aff-938e-4146-9100-63438098fba5 77bd9c87108d4a85a9272d1965d59393 31510ea9e79c4b18a26b08ec0784846a - - default default] Successfully bumped revision number for resource ae27663e-4d6e-424b-a423-bd37494ac442 (type: security_group_rules) to 0
2026-06-28 21:11:58.248 9 INFO neutron.db.segments_db [None req-6d3d9aff-938e-4146-9100-63438098fba5 77bd9c87108d4a85a9272d1965d59393 31510ea9e79c4b18a26b08ec0784846a - - default default] Added segment a536fb2e-af38-483f-a0d0-fbbf4fe719a6 of type geneve for network 8e745c7d-8a63-4fe2-9e7c-64729f514b3a
2026-06-28 21:11:58.248 10 INFO neutron.wsgi [None req-ad9826cb-7f02-4c3b-98ef-ce3f0ee326b1 d2eef338a29041b2b00b37c432379f8d 74c328985d2d4a5b976a3c9bf55900a5 - - default default] 199.204.45.162 "GET /v2.0/subnets/f3ed6479-f6ee-4993-b458-8b732a937ce6 HTTP/1.1" status: 200 len: 850 time: 0.3161030
2026-06-28 21:11:58.324 10 INFO neutron.wsgi [req-1efd430f-9bf0-4218-8374-f7d8903cfb63 req-c8d56447-cfe6-40c4-8b4e-e4774cf495ce 2a18de7827d842e4b15a7b3374d4b458 ddbe28d5850a480a9c3d787add2804f7 - - 777a9442082b4ad1b5873a62e50eded7 777a9442082b4ad1b5873a62e50eded7] 199.204.45.162 "GET /v2.0/networks/99ee376c-f9b9-43be-8ca2-2ae807e30b0e?fields=provider%3Aphysical_network&fields=provider%3Anetwork_type HTTP/1.1" status: 200 len: 277 time: 0.4011660
2026-06-28 21:11:58.368 10 INFO neutron.wsgi [req-1efd430f-9bf0-4218-8374-f7d8903cfb63 req-ad067717-2295-4290-b953-c678ea87f872 2a18de7827d842e4b15a7b3374d4b458 ddbe28d5850a480a9c3d787add2804f7 - - 777a9442082b4ad1b5873a62e50eded7 777a9442082b4ad1b5873a62e50eded7] 199.204.45.162 "GET /v2.0/floatingips?fixed_ip_address=10.1.1.59&port_id=577188b0-d1bc-42c3-b890-541f00801634 HTTP/1.1" status: 200 len: 217 time: 0.0359232
2026-06-28 21:11:58.406 9 INFO neutron.db.ovn_revision_numbers_db [None req-6d3d9aff-938e-4146-9100-63438098fba5 77bd9c87108d4a85a9272d1965d59393 31510ea9e79c4b18a26b08ec0784846a - - default default] Successfully bumped revision number for resource 8e745c7d-8a63-4fe2-9e7c-64729f514b3a (type: networks) to 1
2026-06-28 21:11:58.425 10 INFO neutron.wsgi [None req-b9f8c2c9-1a63-447a-9ba0-c7e347435def d2eef338a29041b2b00b37c432379f8d 74c328985d2d4a5b976a3c9bf55900a5 - - default default] 199.204.45.162 "GET /v2.0/networks/36a241da-7424-428d-9aa7-3c7c1e75e0d4 HTTP/1.1" status: 200 len: 1002 time: 0.1704841
2026-06-28 21:11:58.461 10 INFO neutron.wsgi [req-1efd430f-9bf0-4218-8374-f7d8903cfb63 req-703e8b50-4bed-4847-864e-315c78df3b5a 2a18de7827d842e4b15a7b3374d4b458 ddbe28d5850a480a9c3d787add2804f7 - - 777a9442082b4ad1b5873a62e50eded7 777a9442082b4ad1b5873a62e50eded7] 199.204.45.162 "GET /v2.0/subnets?id=f3ed6479-f6ee-4993-b458-8b732a937ce6 HTTP/1.1" status: 200 len: 853 time: 0.0751417
2026-06-28 21:11:58.499 10 INFO neutron.wsgi [req-1efd430f-9bf0-4218-8374-f7d8903cfb63 req-0d06354b-1af7-4977-af8e-d6afa7608641 2a18de7827d842e4b15a7b3374d4b458 ddbe28d5850a480a9c3d787add2804f7 - - 777a9442082b4ad1b5873a62e50eded7 777a9442082b4ad1b5873a62e50eded7] 199.204.45.162 "GET /v2.0/ports?network_id=36a241da-7424-428d-9aa7-3c7c1e75e0d4&device_owner=network%3Adhcp HTTP/1.1" status: 200 len: 210 time: 0.0292165
2026-06-28 21:11:58.507 10 INFO neutron.wsgi [None req-0736f791-cee4-4db5-b431-1b4a41d5a8d3 d2eef338a29041b2b00b37c432379f8d 74c328985d2d4a5b976a3c9bf55900a5 - - default default] 199.204.45.162 "GET /v2.0/ports/23eac189-7e90-4174-a167-76bc3a0ea31d HTTP/1.1" status: 200 len: 1340 time: 0.0713978
2026-06-28 21:11:58.589 10 INFO neutron.wsgi [None req-24091ce1-d58a-47ce-ab52-35df3d7c1200 d2eef338a29041b2b00b37c432379f8d 74c328985d2d4a5b976a3c9bf55900a5 - - default default] 199.204.45.162 "GET /v2.0/subnets/f3ed6479-f6ee-4993-b458-8b732a937ce6 HTTP/1.1" status: 200 len: 850 time: 0.0669384
2026-06-28 21:11:58.620 9 WARNING neutron.scheduler.dhcp_agent_scheduler [None req-6d3d9aff-938e-4146-9100-63438098fba5 77bd9c87108d4a85a9272d1965d59393 31510ea9e79c4b18a26b08ec0784846a - - default default] No more DHCP agents
2026-06-28 21:11:58.625 9 WARNING neutron.api.rpc.agentnotifiers.dhcp_rpc_agent_api [None req-6d3d9aff-938e-4146-9100-63438098fba5 77bd9c87108d4a85a9272d1965d59393 31510ea9e79c4b18a26b08ec0784846a - - default default] Unable to schedule network 8e745c7d-8a63-4fe2-9e7c-64729f514b3a: no agents available; will retry on subsequent port and subnet creation events.
2026-06-28 21:11:58.646 10 INFO neutron.wsgi [req-1efd430f-9bf0-4218-8374-f7d8903cfb63 req-84df8569-bc4a-49b7-b103-3d52ec8ae54c 2a18de7827d842e4b15a7b3374d4b458 ddbe28d5850a480a9c3d787add2804f7 - - 777a9442082b4ad1b5873a62e50eded7 777a9442082b4ad1b5873a62e50eded7] 199.204.45.162 "GET /v2.0/networks/36a241da-7424-428d-9aa7-3c7c1e75e0d4?fields=segments HTTP/1.1" status: 200 len: 212 time: 0.1366701
