2026-06-28 21:07:42.445 10 WARNING neutron.plugins.ml2.drivers.ovn.mech_driver.ovsdb.ovn_client [None req-1d65ad99-8fc9-481d-bb79-66381bb4d9e1 - - - - - -] No hosting information found for port 10da79e2-2134-48b8-8270-fa4c0fc32154: RuntimeError: No hosting information found for port 10da79e2-2134-48b8-8270-fa4c0fc32154
2026-06-28 21:07:42.537 9 INFO neutron.db.ovn_revision_numbers_db [req-92bb5ae2-b97e-4033-8664-c2211b526b65 req-b5171140-3011-4df0-929a-00d2c62e0ea2 966c227538d5411a93e7feb7c00b1288 52293616ffa04a8583e06d266d46ed29 - - default default] Successfully bumped revision number for resource 9c8bd5c4-395b-4af3-8b78-f6345f46d7fb (type: ports) to 6
2026-06-28 21:07:42.550 9 INFO neutron.wsgi [req-92bb5ae2-b97e-4033-8664-c2211b526b65 req-b5171140-3011-4df0-929a-00d2c62e0ea2 966c227538d5411a93e7feb7c00b1288 52293616ffa04a8583e06d266d46ed29 - - default default] 199.204.45.162 "PUT /v2.0/ports/9c8bd5c4-395b-4af3-8b78-f6345f46d7fb HTTP/1.1" status: 200 len: 1171 time: 0.5391831 /var/lib/openstack/lib/python3.10/site-packages/pycadf/identifier.py:71: UserWarning: Invalid uuid: neutron. To ensure interoperability, identifiers should be a valid uuid. warnings.warn(('Invalid uuid: %s. To ensure interoperability, '
2026-06-28 21:07:42.614 9 INFO neutron.wsgi [req-92bb5ae2-b97e-4033-8664-c2211b526b65 req-41a3fd67-39d5-4099-ba8c-f938c9b94fc9 2a18de7827d842e4b15a7b3374d4b458 ddbe28d5850a480a9c3d787add2804f7 - - 777a9442082b4ad1b5873a62e50eded7 777a9442082b4ad1b5873a62e50eded7] 199.204.45.162 "GET /v2.0/ports?tenant_id=52293616ffa04a8583e06d266d46ed29&device_id=97c6ee21-8598-473a-8d09-4074da786635 HTTP/1.1" status: 200 len: 1413 time: 0.0444350
2026-06-28 21:07:42.650 9 INFO neutron.notifiers.nova [-] Nova event matching ['req-eed1e164-da5d-420b-b7d2-f6684bc6041a'] response: {'server_uuid': '33d54bce-dca6-4009-8447-e8fc9fd3de14', 'name': 'network-vif-plugged', 'status': 'completed', 'tag': 'e1d85ede-8256-457e-b177-f0e723a26f01', 'code': 200}
2026-06-28 21:07:42.650 9 INFO neutron.notifiers.nova [-] Nova event matching ['req-eed1e164-da5d-420b-b7d2-f6684bc6041a'] response: {'server_uuid': '33d54bce-dca6-4009-8447-e8fc9fd3de14', 'name': 'network-vif-plugged', 'status': 'completed', 'tag': 'e1d85ede-8256-457e-b177-f0e723a26f01', 'code': 200}
2026-06-28 21:07:42.650 9 INFO neutron.notifiers.nova [-] Nova event matching ['req-eed1e164-da5d-420b-b7d2-f6684bc6041a'] response: {'name': 'network-changed', 'server_uuid': '97c6ee21-8598-473a-8d09-4074da786635', 'tag': '9c8bd5c4-395b-4af3-8b78-f6345f46d7fb', 'status': 'completed', 'code': 200}
2026-06-28 21:07:42.680 9 INFO neutron.wsgi [req-92bb5ae2-b97e-4033-8664-c2211b526b65 req-a1ea0578-2f4a-4d4f-968e-2a72babddd0a 2a18de7827d842e4b15a7b3374d4b458 ddbe28d5850a480a9c3d787add2804f7 - - 777a9442082b4ad1b5873a62e50eded7 777a9442082b4ad1b5873a62e50eded7] 199.204.45.162 "GET /v2.0/networks?id=6f7eeaf1-da98-4fa7-bdd6-760674962ddf HTTP/1.1" status: 200 len: 981 time: 0.0617955
2026-06-28 21:07:42.730 9 INFO neutron.wsgi [req-92bb5ae2-b97e-4033-8664-c2211b526b65 req-30690c94-5727-4648-8aa4-1ae39022d07b 2a18de7827d842e4b15a7b3374d4b458 ddbe28d5850a480a9c3d787add2804f7 - - 777a9442082b4ad1b5873a62e50eded7 777a9442082b4ad1b5873a62e50eded7] 199.204.45.162 "GET /v2.0/floatingips?fixed_ip_address=10.100.0.14&port_id=9c8bd5c4-395b-4af3-8b78-f6345f46d7fb HTTP/1.1" status: 200 len: 1060 time: 0.0445855
2026-06-28 21:07:42.814 9 INFO neutron.wsgi [req-92bb5ae2-b97e-4033-8664-c2211b526b65 req-64a61864-1b09-410e-bce4-e1b07db63879 2a18de7827d842e4b15a7b3374d4b458 ddbe28d5850a480a9c3d787add2804f7 - - 777a9442082b4ad1b5873a62e50eded7 777a9442082b4ad1b5873a62e50eded7] 199.204.45.162 "GET /v2.0/subnets?id=2e51bebd-f1c6-4e3d-913a-7e5e14ae5b9d HTTP/1.1" status: 200 len: 876 time: 0.0572190
2026-06-28 21:07:42.847 9 INFO neutron.wsgi [req-92bb5ae2-b97e-4033-8664-c2211b526b65 req-07aef81e-b8f9-412b-8787-7b62b21fc604 2a18de7827d842e4b15a7b3374d4b458 ddbe28d5850a480a9c3d787add2804f7 - - 777a9442082b4ad1b5873a62e50eded7 777a9442082b4ad1b5873a62e50eded7] 199.204.45.162 "GET /v2.0/ports?network_id=6f7eeaf1-da98-4fa7-bdd6-760674962ddf&device_owner=network%3Adhcp HTTP/1.1" status: 200 len: 210 time: 0.0230215
2026-06-28 21:07:42.929 9 INFO neutron.wsgi [req-92bb5ae2-b97e-4033-8664-c2211b526b65 req-f458dd74-5104-4e20-a230-e3d74a35e162 2a18de7827d842e4b15a7b3374d4b458 ddbe28d5850a480a9c3d787add2804f7 - - 777a9442082b4ad1b5873a62e50eded7 777a9442082b4ad1b5873a62e50eded7] 199.204.45.162 "GET /v2.0/networks/6f7eeaf1-da98-4fa7-bdd6-760674962ddf?fields=segments HTTP/1.1" status: 200 len: 212 time: 0.0725555
2026-06-28 21:07:42.963 10 INFO neutron.wsgi [req-26b4d634-2db4-4659-8e54-e625e620b434 req-9fc68a20-b18e-46ae-b3fc-4935a122df70 44f0e01c860c4a028cda457f55acbaa0 1b4973e414d5498f9d2ad17cfed6513e - - default default] 10.0.0.146 "GET /v2.0/ports?device_id=33d54bce-dca6-4009-8447-e8fc9fd3de14 HTTP/1.1" status: 200 len: 1170 time: 0.0478339
2026-06-28 21:07:42.997 9 INFO neutron.wsgi [req-92bb5ae2-b97e-4033-8664-c2211b526b65 req-46929e34-70c4-4320-a98c-69c701dd0c91 2a18de7827d842e4b15a7b3374d4b458 ddbe28d5850a480a9c3d787add2804f7 - - 777a9442082b4ad1b5873a62e50eded7 777a9442082b4ad1b5873a62e50eded7] 199.204.45.162 "GET /v2.0/networks/6f7eeaf1-da98-4fa7-bdd6-760674962ddf?fields=provider%3Aphysical_network&fields=provider%3Anetwork_type HTTP/1.1" status: 200 len: 277 time: 0.0630782
2026-06-28 21:07:43.058 10 INFO neutron.wsgi [req-26b4d634-2db4-4659-8e54-e625e620b434 req-0b0a8ecd-b2b7-4027-9eab-51317240a789 44f0e01c860c4a028cda457f55acbaa0 1b4973e414d5498f9d2ad17cfed6513e - - default default] 10.0.0.146 "GET /v2.0/security-groups?id=96e1d38d-a85c-4d4c-9dd1-1bcd20593b5e&fields=id&fields=name HTTP/1.1" status: 200 len: 286 time: 0.0865362
2026-06-28 21:07:43.091 9 INFO neutron.wsgi [req-10644ab6-6bde-4a93-aaf2-1d770ad69929 req-3120bae1-7c7b-49d1-9980-00b3f1804f47 2a18de7827d842e4b15a7b3374d4b458 ddbe28d5850a480a9c3d787add2804f7 - - 777a9442082b4ad1b5873a62e50eded7 777a9442082b4ad1b5873a62e50eded7] 199.204.45.162 "GET /v2.0/ports?tenant_id=52293616ffa04a8583e06d266d46ed29&device_id=97c6ee21-8598-473a-8d09-4074da786635 HTTP/1.1" status: 200 len: 1413 time: 0.0455568
2026-06-28 21:07:43.158 9 INFO neutron.wsgi [req-10644ab6-6bde-4a93-aaf2-1d770ad69929 req-5afa9ad0-d5c1-4fa6-821c-be6cbaec146a 2a18de7827d842e4b15a7b3374d4b458 ddbe28d5850a480a9c3d787add2804f7 - - 777a9442082b4ad1b5873a62e50eded7 777a9442082b4ad1b5873a62e50eded7] 199.204.45.162 "GET /v2.0/networks?id=6f7eeaf1-da98-4fa7-bdd6-760674962ddf HTTP/1.1" status: 200 len: 981 time: 0.0615036
2026-06-28 21:07:43.207 9 INFO neutron.wsgi [req-10644ab6-6bde-4a93-aaf2-1d770ad69929 req-abb71bb8-76e5-4cd5-9387-4e997abbb491 2a18de7827d842e4b15a7b3374d4b458 ddbe28d5850a480a9c3d787add2804f7 - - 777a9442082b4ad1b5873a62e50eded7 777a9442082b4ad1b5873a62e50eded7] 199.204.45.162 "GET /v2.0/floatingips?fixed_ip_address=10.100.0.14&port_id=9c8bd5c4-395b-4af3-8b78-f6345f46d7fb HTTP/1.1" status: 200 len: 1060 time: 0.0407150
2026-06-28 21:07:43.237 9 INFO neutron.wsgi [req-10644ab6-6bde-4a93-aaf2-1d770ad69929 req-22a29593-c80b-4704-89e4-234ad4242ef9 2a18de7827d842e4b15a7b3374d4b458 ddbe28d5850a480a9c3d787add2804f7 - - 777a9442082b4ad1b5873a62e50eded7 777a9442082b4ad1b5873a62e50eded7] 199.204.45.162 "GET /v2.0/subnets?id=2e51bebd-f1c6-4e3d-913a-7e5e14ae5b9d HTTP/1.1" status: 200 len: 876 time: 0.0265834
2026-06-28 21:07:43.260 9 INFO neutron.wsgi [req-10644ab6-6bde-4a93-aaf2-1d770ad69929 req-1a31b1c7-6fe6-4afc-9251-07c1dc45c739 2a18de7827d842e4b15a7b3374d4b458 ddbe28d5850a480a9c3d787add2804f7 - - 777a9442082b4ad1b5873a62e50eded7 777a9442082b4ad1b5873a62e50eded7] 199.204.45.162 "GET /v2.0/ports?network_id=6f7eeaf1-da98-4fa7-bdd6-760674962ddf&device_owner=network%3Adhcp HTTP/1.1" status: 200 len: 210 time: 0.0153689
2026-06-28 21:07:43.311 9 INFO neutron.wsgi [req-10644ab6-6bde-4a93-aaf2-1d770ad69929 req-2512a581-d7ac-4a8a-9223-9c6e56ddb4a6 2a18de7827d842e4b15a7b3374d4b458 ddbe28d5850a480a9c3d787add2804f7 - - 777a9442082b4ad1b5873a62e50eded7 777a9442082b4ad1b5873a62e50eded7] 199.204.45.162 "GET /v2.0/networks/6f7eeaf1-da98-4fa7-bdd6-760674962ddf?fields=segments HTTP/1.1" status: 200 len: 212 time: 0.0464966
2026-06-28 21:07:43.383 9 INFO neutron.wsgi [req-10644ab6-6bde-4a93-aaf2-1d770ad69929 req-75bbd872-6fd2-43b5-9c06-6840e46ba057 2a18de7827d842e4b15a7b3374d4b458 ddbe28d5850a480a9c3d787add2804f7 - - 777a9442082b4ad1b5873a62e50eded7 777a9442082b4ad1b5873a62e50eded7] 199.204.45.162 "GET /v2.0/networks/6f7eeaf1-da98-4fa7-bdd6-760674962ddf?fields=provider%3Aphysical_network&fields=provider%3Anetwork_type HTTP/1.1" status: 200 len: 277 time: 0.0637095
2026-06-28 21:07:43.418 9 INFO neutron.plugins.ml2.drivers.ovn.mech_driver.mech_driver [None req-bc6461f3-1275-43a0-91fe-a76c0f325952 - - - - - -] OVN reports status down for port: e1d85ede-8256-457e-b177-f0e723a26f01
2026-06-28 21:07:43.486 9 INFO neutron.wsgi [req-d5959ba9-0282-4784-9fe7-a272b0239cce req-707e3912-d7b4-4364-86ba-298bbcb7afc9 44f0e01c860c4a028cda457f55acbaa0 1b4973e414d5498f9d2ad17cfed6513e - - default default] 10.0.0.146 "GET /v2.0/ports?device_id=33d54bce-dca6-4009-8447-e8fc9fd3de14 HTTP/1.1" status: 200 len: 1170 time: 0.1200006
2026-06-28 21:07:43.535 9 INFO neutron.wsgi [req-d5959ba9-0282-4784-9fe7-a272b0239cce req-9bf214c6-5e3a-445a-a365-4d0b1a96492d 44f0e01c860c4a028cda457f55acbaa0 1b4973e414d5498f9d2ad17cfed6513e - - default default] 10.0.0.146 "GET /v2.0/security-groups?id=96e1d38d-a85c-4d4c-9dd1-1bcd20593b5e&fields=id&fields=name HTTP/1.1" status: 200 len: 286 time: 0.0410316
2026-06-28 21:07:43.734 9 INFO neutron.wsgi [req-3f301fc8-0d8b-402c-8cd9-d4c410ce50e4 req-9a863b3c-a7ef-4d8a-9168-e0aacdcf06f8 44f0e01c860c4a028cda457f55acbaa0 1b4973e414d5498f9d2ad17cfed6513e - - default default] 199.204.45.162 "GET /v2.0/ports?device_id=33d54bce-dca6-4009-8447-e8fc9fd3de14 HTTP/1.1" status: 200 len: 1168 time: 0.0432496
2026-06-28 21:07:43.747 9 INFO neutron.db.ovn_revision_numbers_db [None req-bc6461f3-1275-43a0-91fe-a76c0f325952 - - - - - -] Successfully bumped revision number for resource e1d85ede-8256-457e-b177-f0e723a26f01 (type: ports) to 5
2026-06-28 21:07:44.033 9 INFO neutron.wsgi [req-3f301fc8-0d8b-402c-8cd9-d4c410ce50e4 req-d9da6d92-3829-4816-b5e9-13ca8bb1d968 44f0e01c860c4a028cda457f55acbaa0 1b4973e414d5498f9d2ad17cfed6513e - - default default] 199.204.45.162 "DELETE /v2.0/ports/e1d85ede-8256-457e-b177-f0e723a26f01 HTTP/1.1" status: 204 len: 173 time: 0.2928853
2026-06-28 21:07:44.232 10 INFO neutron.wsgi [req-668fe8ef-63a6-4367-8c97-c66f8bcbcfbb req-becc5ba4-623d-46ed-b8a0-50ad4bfe7003 966c227538d5411a93e7feb7c00b1288 52293616ffa04a8583e06d266d46ed29 - - default default] 10.0.0.146 "GET /v2.0/ports?device_id=97c6ee21-8598-473a-8d09-4074da786635 HTTP/1.1" status: 200 len: 1174 time: 0.0459158
2026-06-28 21:07:44.238 10 INFO neutron.plugins.ml2.drivers.ovn.mech_driver.mech_driver [None req-1d65ad99-8fc9-481d-bb79-66381bb4d9e1 - - - - - -] OVN reports status down for port: 9c8bd5c4-395b-4af3-8b78-f6345f46d7fb
2026-06-28 21:07:44.288 10 INFO neutron.wsgi [req-668fe8ef-63a6-4367-8c97-c66f8bcbcfbb req-988db822-cba6-4282-bb7f-8daeb474e732 966c227538d5411a93e7feb7c00b1288 52293616ffa04a8583e06d266d46ed29 - - default default] 10.0.0.146 "GET /v2.0/security-groups?id=bcb2dce4-b6c8-4e6a-bf2c-39551d2cd94a&fields=id&fields=name HTTP/1.1" status: 200 len: 313 time: 0.0502677
2026-06-28 21:07:44.422 10 INFO neutron.notifiers.nova [-] Nova event matching ['req-722d6c2d-fa5d-48b6-b52c-459efabef1bb'] response: {'server_uuid': '97c6ee21-8598-473a-8d09-4074da786635', 'name': 'network-vif-unplugged', 'status': 'completed', 'tag': '9c8bd5c4-395b-4af3-8b78-f6345f46d7fb', 'code': 200} /var/lib/openstack/lib/python3.10/site-packages/pycadf/identifier.py:71: UserWarning: Invalid uuid: neutron. To ensure interoperability, identifiers should be a valid uuid. warnings.warn(('Invalid uuid: %s. To ensure interoperability, '
2026-06-28 21:07:44.570 10 INFO neutron.db.ovn_revision_numbers_db [None req-1d65ad99-8fc9-481d-bb79-66381bb4d9e1 - - - - - -] Successfully bumped revision number for resource 9c8bd5c4-395b-4af3-8b78-f6345f46d7fb (type: ports) to 7
2026-06-28 21:07:44.610 9 INFO neutron.wsgi [req-cadb9704-e6fa-4757-869d-87054efde107 req-4968ad3b-d732-46db-b87e-a91c1227cf5f 966c227538d5411a93e7feb7c00b1288 52293616ffa04a8583e06d266d46ed29 - - default default] 199.204.45.162 "GET /v2.0/ports?device_id=97c6ee21-8598-473a-8d09-4074da786635 HTTP/1.1" status: 200 len: 1172 time: 0.1054602
2026-06-28 21:07:44.641 10 INFO neutron.wsgi [req-00aa2449-0832-47e7-bbd1-e84bd9a66bff req-66bc55b3-ba39-45ef-83e7-6d75a4e054fa 44f0e01c860c4a028cda457f55acbaa0 1b4973e414d5498f9d2ad17cfed6513e - - default default] 10.0.0.146 "GET /v2.0/ports?device_id=33d54bce-dca6-4009-8447-e8fc9fd3de14 HTTP/1.1" status: 200 len: 210 time: 0.0225506
2026-06-28 21:07:44.694 9 INFO neutron.notifiers.nova [-] Nova event matching ['req-c85d6a2f-58a0-4426-8311-5ebc1c1d90ea'] response: {'server_uuid': '33d54bce-dca6-4009-8447-e8fc9fd3de14', 'name': 'network-vif-unplugged', 'status': 'completed', 'tag': 'e1d85ede-8256-457e-b177-f0e723a26f01', 'code': 200}
2026-06-28 21:07:44.694 9 INFO neutron.notifiers.nova [-] Nova event matching ['req-c85d6a2f-58a0-4426-8311-5ebc1c1d90ea'] response: {'server_uuid': '33d54bce-dca6-4009-8447-e8fc9fd3de14', 'name': 'network-vif-unplugged', 'status': 'completed', 'tag': 'e1d85ede-8256-457e-b177-f0e723a26f01', 'code': 200}
2026-06-28 21:07:44.694 9 INFO neutron.notifiers.nova [-] Nova event matching ['req-c85d6a2f-58a0-4426-8311-5ebc1c1d90ea'] response: {'server_uuid': '33d54bce-dca6-4009-8447-e8fc9fd3de14', 'name': 'network-vif-deleted', 'tag': 'e1d85ede-8256-457e-b177-f0e723a26f01', 'status': 'completed', 'code': 200}
2026-06-28 21:07:44.732 10 INFO neutron.db.ovn_revision_numbers_db [None req-448bf786-1b04-49da-bca2-781040ecc54e d2eef338a29041b2b00b37c432379f8d 74c328985d2d4a5b976a3c9bf55900a5 - - default default] Successfully bumped revision number for resource c737df2b-8c1e-4006-a117-540c47ec1a1a (type: security_groups) to 1
2026-06-28 21:07:44.744 10 INFO neutron.db.ovn_revision_numbers_db [None req-448bf786-1b04-49da-bca2-781040ecc54e d2eef338a29041b2b00b37c432379f8d 74c328985d2d4a5b976a3c9bf55900a5 - - default default] Successfully bumped revision number for resource 2eb83492-fc30-4b02-a2f2-25f6092491c0 (type: security_group_rules) to 0
2026-06-28 21:07:44.758 10 INFO neutron.db.ovn_revision_numbers_db [None req-448bf786-1b04-49da-bca2-781040ecc54e d2eef338a29041b2b00b37c432379f8d 74c328985d2d4a5b976a3c9bf55900a5 - - default default] Successfully bumped revision number for resource 3b4e67d1-e42f-4d24-a6fc-1d322d0f4b01 (type: security_group_rules) to 0
2026-06-28 21:07:44.773 10 INFO neutron.db.ovn_revision_numbers_db [None req-448bf786-1b04-49da-bca2-781040ecc54e d2eef338a29041b2b00b37c432379f8d 74c328985d2d4a5b976a3c9bf55900a5 - - default default] Successfully bumped revision number for resource 42797369-010d-44cb-be31-1657f30946b6 (type: security_group_rules) to 0
2026-06-28 21:07:44.790 10 INFO neutron.db.ovn_revision_numbers_db [None req-448bf786-1b04-49da-bca2-781040ecc54e d2eef338a29041b2b00b37c432379f8d 74c328985d2d4a5b976a3c9bf55900a5 - - default default] Successfully bumped revision number for resource cfebad4a-046c-4dd9-88f7-711674f06608 (type: security_group_rules) to 0
2026-06-28 21:07:44.806 10 INFO neutron.wsgi [None req-448bf786-1b04-49da-bca2-781040ecc54e d2eef338a29041b2b00b37c432379f8d 74c328985d2d4a5b976a3c9bf55900a5 - - default default] 10.0.0.15 "GET /v2.0/security-groups?tenant_id=8aaed1f78cf44c029353386eac4b803e&name=default HTTP/1.1" status: 200 len: 3120 time: 0.4521592 /var/lib/openstack/lib/python3.10/site-packages/pycadf/identifier.py:71: UserWarning: Invalid uuid: neutron. To ensure interoperability, identifiers should be a valid uuid. warnings.warn(('Invalid uuid: %s. To ensure interoperability, '
2026-06-28 21:07:44.978 9 INFO neutron.db.l3_db [req-cadb9704-e6fa-4757-869d-87054efde107 req-a41062ba-5f35-43cf-9a3c-954957ff89d0 966c227538d5411a93e7feb7c00b1288 52293616ffa04a8583e06d266d46ed29 - - default default] Floating IP a148c93d-0c42-420f-bb8e-5aac2a4e8cb2 disassociated. External IP: 10.96.250.218, port: 9c8bd5c4-395b-4af3-8b78-f6345f46d7fb.
2026-06-28 21:07:45.029 10 INFO neutron.wsgi [None req-bf7dcdbb-2f07-4ae9-a46f-63161b0fad61 d2eef338a29041b2b00b37c432379f8d 74c328985d2d4a5b976a3c9bf55900a5 - - default default] 10.0.0.15 "DELETE /v2.0/security-groups/c737df2b-8c1e-4006-a117-540c47ec1a1a HTTP/1.1" status: 204 len: 168 time: 0.2187684
2026-06-28 21:07:45.089 9 INFO neutron.wsgi [req-cadb9704-e6fa-4757-869d-87054efde107 req-a41062ba-5f35-43cf-9a3c-954957ff89d0 966c227538d5411a93e7feb7c00b1288 52293616ffa04a8583e06d266d46ed29 - - default default] 199.204.45.162 "DELETE /v2.0/ports/9c8bd5c4-395b-4af3-8b78-f6345f46d7fb HTTP/1.1" status: 204 len: 173 time: 0.4751914 /var/lib/openstack/lib/python3.10/site-packages/pycadf/identifier.py:71: UserWarning: Invalid uuid: neutron. To ensure interoperability, identifiers should be a valid uuid. warnings.warn(('Invalid uuid: %s. To ensure interoperability, '
2026-06-28 21:07:45.248 10 INFO neutron.db.ovn_revision_numbers_db [None req-ac78df9e-f10e-4fce-b216-d777ccda5987 d2eef338a29041b2b00b37c432379f8d 74c328985d2d4a5b976a3c9bf55900a5 - - default default] Successfully bumped revision number for resource eac6fd2a-1c67-43a8-8c1c-c179dcc890b7 (type: security_groups) to 1
2026-06-28 21:07:45.266 10 INFO neutron.db.ovn_revision_numbers_db [None req-ac78df9e-f10e-4fce-b216-d777ccda5987 d2eef338a29041b2b00b37c432379f8d 74c328985d2d4a5b976a3c9bf55900a5 - - default default] Successfully bumped revision number for resource 015984aa-37d2-438b-92f3-198cd992d659 (type: security_group_rules) to 0
2026-06-28 21:07:45.285 10 INFO neutron.db.ovn_revision_numbers_db [None req-ac78df9e-f10e-4fce-b216-d777ccda5987 d2eef338a29041b2b00b37c432379f8d 74c328985d2d4a5b976a3c9bf55900a5 - - default default] Successfully bumped revision number for resource 55c5cded-0a84-4a40-a9b0-8ccca3e10f50 (type: security_group_rules) to 0
2026-06-28 21:07:45.303 10 INFO neutron.db.ovn_revision_numbers_db [None req-ac78df9e-f10e-4fce-b216-d777ccda5987 d2eef338a29041b2b00b37c432379f8d 74c328985d2d4a5b976a3c9bf55900a5 - - default default] Successfully bumped revision number for resource eb77b4f4-7765-4624-b520-2cdde90d3c90 (type: security_group_rules) to 0
2026-06-28 21:07:45.318 10 INFO neutron.db.ovn_revision_numbers_db [None req-ac78df9e-f10e-4fce-b216-d777ccda5987 d2eef338a29041b2b00b37c432379f8d 74c328985d2d4a5b976a3c9bf55900a5 - - default default] Successfully bumped revision number for resource f9e69c4a-4fe4-4637-ae61-3283b9767056 (type: security_group_rules) to 0
2026-06-28 21:07:45.351 10 INFO neutron.wsgi [None req-ac78df9e-f10e-4fce-b216-d777ccda5987 d2eef338a29041b2b00b37c432379f8d 74c328985d2d4a5b976a3c9bf55900a5 - - default default] 10.0.0.15 "GET /v2.0/security-groups?tenant_id=0ce3337c1baf4af6b6fd505ee1a8512d&name=default HTTP/1.1" status: 200 len: 3120 time: 0.2294278
2026-06-28 21:07:45.417 10 INFO neutron.wsgi [req-56dcf814-cd5d-4e6e-a9d0-bf25b1d01c8b req-d2c63c33-6659-4e5e-95ad-c7cdc946fdce 966c227538d5411a93e7feb7c00b1288 52293616ffa04a8583e06d266d46ed29 - - default default] 10.0.0.146 "GET /v2.0/ports?device_id=97c6ee21-8598-473a-8d09-4074da786635 HTTP/1.1" status: 200 len: 210 time: 0.0290952
2026-06-28 21:07:45.603 9 INFO neutron.wsgi [None req-4ecc3072-40de-42e3-81b0-f0f3dfaa097c d2eef338a29041b2b00b37c432379f8d 74c328985d2d4a5b976a3c9bf55900a5 - - default default] 10.0.0.15 "DELETE /v2.0/security-groups/eac6fd2a-1c67-43a8-8c1c-c179dcc890b7 HTTP/1.1" status: 204 len: 168 time: 0.2467082
2026-06-28 21:07:46.000 10 INFO neutron.wsgi [req-08cf3801-7c76-422a-a05a-3fa5bdf1f463 req-d9672f06-047c-41a3-9606-23dd864d7ef8 ac79b705355e4f66b4680b2982c7ef9c 457f194600bf4b59900a2844a86f626d - - default default] 10.0.0.146 "GET /v2.0/ports?device_id=bee644fd-be01-41fb-956c-0bb155681ccc HTTP/1.1" status: 200 len: 1170 time: 0.0973058
2026-06-28 21:07:46.054 10 INFO neutron.wsgi [req-08cf3801-7c76-422a-a05a-3fa5bdf1f463 req-026fcc62-f5a4-4dd0-8423-3e46464bf98f ac79b705355e4f66b4680b2982c7ef9c 457f194600bf4b59900a2844a86f626d - - default default] 10.0.0.146 "GET /v2.0/security-groups?id=1a9ef049-f076-417b-9f0a-1589125111d8&fields=id&fields=name HTTP/1.1" status: 200 len: 312 time: 0.0472369
2026-06-28 21:07:46.226 9 INFO neutron.wsgi [req-d81d5c9b-6466-445f-9d71-27a090bd27a3 req-690bf773-f05d-4dc9-96a9-3d4255de7739 ac79b705355e4f66b4680b2982c7ef9c 457f194600bf4b59900a2844a86f626d - - default default] 10.0.0.146 "GET /v2.0/ports?device_id=bee644fd-be01-41fb-956c-0bb155681ccc HTTP/1.1" status: 200 len: 1170 time: 0.0850351
2026-06-28 21:07:46.288 9 INFO neutron.wsgi [req-d81d5c9b-6466-445f-9d71-27a090bd27a3 req-36485059-8db6-40e2-afab-f34656ef961b ac79b705355e4f66b4680b2982c7ef9c 457f194600bf4b59900a2844a86f626d - - default default] 10.0.0.146 "GET /v2.0/security-groups?id=1a9ef049-f076-417b-9f0a-1589125111d8&fields=id&fields=name HTTP/1.1" status: 200 len: 312 time: 0.0519083
2026-06-28 21:07:46.471 10 INFO neutron.notifiers.nova [-] Nova event matching ['req-f363eda6-75db-49ac-b71d-18523eaae328'] response: {'server_uuid': '97c6ee21-8598-473a-8d09-4074da786635', 'name': 'network-vif-unplugged', 'status': 'completed', 'tag': '9c8bd5c4-395b-4af3-8b78-f6345f46d7fb', 'code': 200}
2026-06-28 21:07:46.637 9 INFO neutron.wsgi [req-549c3c9a-7448-48ca-b66d-8ff0b7a9fd3a req-5c3edfcb-7099-46f4-a98b-ca5cb51e4104 ac79b705355e4f66b4680b2982c7ef9c 457f194600bf4b59900a2844a86f626d - - default default] 10.0.0.146 "GET /v2.0/ports?device_id=bee644fd-be01-41fb-956c-0bb155681ccc HTTP/1.1" status: 200 len: 1170 time: 0.0479624
2026-06-28 21:07:46.929 9 INFO neutron.wsgi [req-96cf74d9-7257-452f-a57c-c9c7a3618fde req-ee85cb6b-003f-40c9-925e-c30e5765b46a 2a18de7827d842e4b15a7b3374d4b458 ddbe28d5850a480a9c3d787add2804f7 - - 777a9442082b4ad1b5873a62e50eded7 777a9442082b4ad1b5873a62e50eded7] 199.204.45.162 "GET /v2.0/ports?tenant_id=457f194600bf4b59900a2844a86f626d&device_id=bee644fd-be01-41fb-956c-0bb155681ccc HTTP/1.1" status: 200 len: 1409 time: 0.2709291
2026-06-28 21:07:46.930 9 INFO neutron.notifiers.nova [-] Nova event matching ['req-fb13a650-d227-4b94-8f5b-ce2029dfd97a'] response: {'server_uuid': '97c6ee21-8598-473a-8d09-4074da786635', 'name': 'network-vif-deleted', 'tag': '9c8bd5c4-395b-4af3-8b78-f6345f46d7fb', 'status': 'completed', 'code': 200}
2026-06-28 21:07:46.937 9 INFO neutron.wsgi [req-549c3c9a-7448-48ca-b66d-8ff0b7a9fd3a req-87f984a8-3d86-463d-b813-eba20e47fea6 ac79b705355e4f66b4680b2982c7ef9c 457f194600bf4b59900a2844a86f626d - - default default] 10.0.0.146 "GET /v2.0/security-groups?id=1a9ef049-f076-417b-9f0a-1589125111d8&fields=id&fields=name HTTP/1.1" status: 200 len: 312 time: 0.2906795
2026-06-28 21:07:46.975 9 INFO neutron.wsgi [None req-36159fc1-a8aa-4730-b50a-3e91ee8a0f63 966c227538d5411a93e7feb7c00b1288 52293616ffa04a8583e06d266d46ed29 - - default default] 10.0.0.15 "DELETE /v2.0/security-groups/bcb2dce4-b6c8-4e6a-bf2c-39551d2cd94a HTTP/1.1" status: 204 len: 168 time: 0.4565866
2026-06-28 21:07:46.992 9 INFO neutron.api.v2.resource [None req-5fe10a7a-aa49-4653-b6b6-3b02f50f835b 966c227538d5411a93e7feb7c00b1288 52293616ffa04a8583e06d266d46ed29 - - default default] show failed (client error): The resource could not be found.
2026-06-28 21:07:46.994 9 INFO neutron.wsgi [None req-5fe10a7a-aa49-4653-b6b6-3b02f50f835b 966c227538d5411a93e7feb7c00b1288 52293616ffa04a8583e06d266d46ed29 - - default default] 10.0.0.15 "GET /v2.0/security-groups/bcb2dce4-b6c8-4e6a-bf2c-39551d2cd94a HTTP/1.1" status: 404 len: 347 time: 0.0127757
2026-06-28 21:07:47.027 9 INFO neutron.wsgi [req-96cf74d9-7257-452f-a57c-c9c7a3618fde req-84bfe30f-6a86-4f41-babc-966a333d8c6d 2a18de7827d842e4b15a7b3374d4b458 ddbe28d5850a480a9c3d787add2804f7 - - 777a9442082b4ad1b5873a62e50eded7 777a9442082b4ad1b5873a62e50eded7] 199.204.45.162 "GET /v2.0/networks?id=e8451a2d-c17e-42fb-bb4d-57da6f305651 HTTP/1.1" status: 200 len: 973 time: 0.0888898
2026-06-28 21:07:47.035 10 INFO neutron.wsgi [None req-492e82d2-fa4a-49ee-8f07-55db9e1ed219 d2eef338a29041b2b00b37c432379f8d 74c328985d2d4a5b976a3c9bf55900a5 - - default default] 10.0.0.15 "PUT /v2.0/routers/1895e555-072d-43fa-b413-93386b90d7d1/remove_router_interface HTTP/1.1" status: 200 len: 503 time: 1.3360975 /var/lib/openstack/lib/python3.10/site-packages/pycadf/identifier.py:71: UserWarning: Invalid uuid: neutron. To ensure interoperability, identifiers should be a valid uuid. warnings.warn(('Invalid uuid: %s. To ensure interoperability, '
2026-06-28 21:07:47.103 9 INFO neutron.wsgi [req-96cf74d9-7257-452f-a57c-c9c7a3618fde req-c166be6e-64eb-4c8e-ac44-87d24ef78230 2a18de7827d842e4b15a7b3374d4b458 ddbe28d5850a480a9c3d787add2804f7 - - 777a9442082b4ad1b5873a62e50eded7 777a9442082b4ad1b5873a62e50eded7] 199.204.45.162 "GET /v2.0/floatingips?fixed_ip_address=10.100.0.3&port_id=d5a7622c-7f7d-4ecb-9cac-0e7c417c03f0 HTTP/1.1" status: 200 len: 1059 time: 0.0525188
2026-06-28 21:07:47.145 9 INFO neutron.wsgi [req-96cf74d9-7257-452f-a57c-c9c7a3618fde req-cfcf6056-4657-4e37-82fd-4df30ae2ef97 2a18de7827d842e4b15a7b3374d4b458 ddbe28d5850a480a9c3d787add2804f7 - - 777a9442082b4ad1b5873a62e50eded7 777a9442082b4ad1b5873a62e50eded7] 199.204.45.162 "GET /v2.0/subnets?id=42c3d4f2-9dd7-49ce-9c60-a4b261e096b1 HTTP/1.1" status: 200 len: 868 time: 0.0347462
2026-06-28 21:07:47.174 9 INFO neutron.wsgi [req-96cf74d9-7257-452f-a57c-c9c7a3618fde req-112ba9d7-d578-42b8-b31a-3baee68b7340 2a18de7827d842e4b15a7b3374d4b458 ddbe28d5850a480a9c3d787add2804f7 - - 777a9442082b4ad1b5873a62e50eded7 777a9442082b4ad1b5873a62e50eded7] 199.204.45.162 "GET /v2.0/ports?network_id=e8451a2d-c17e-42fb-bb4d-57da6f305651&device_owner=network%3Adhcp HTTP/1.1" status: 200 len: 210 time: 0.0249622
2026-06-28 21:07:47.254 9 INFO neutron.wsgi [req-96cf74d9-7257-452f-a57c-c9c7a3618fde req-c8032f41-fb36-49e4-a8a2-28b145332605 2a18de7827d842e4b15a7b3374d4b458 ddbe28d5850a480a9c3d787add2804f7 - - 777a9442082b4ad1b5873a62e50eded7 777a9442082b4ad1b5873a62e50eded7] 199.204.45.162 "GET /v2.0/networks/e8451a2d-c17e-42fb-bb4d-57da6f305651?fields=segments HTTP/1.1" status: 200 len: 212 time: 0.0701940
2026-06-28 21:07:47.334 9 INFO neutron.wsgi [req-96cf74d9-7257-452f-a57c-c9c7a3618fde req-0df9bce6-0122-4402-9251-82883cf310ff 2a18de7827d842e4b15a7b3374d4b458 ddbe28d5850a480a9c3d787add2804f7 - - 777a9442082b4ad1b5873a62e50eded7 777a9442082b4ad1b5873a62e50eded7] 199.204.45.162 "GET /v2.0/networks/e8451a2d-c17e-42fb-bb4d-57da6f305651?fields=provider%3Aphysical_network&fields=provider%3Anetwork_type HTTP/1.1" status: 200 len: 277 time: 0.0592902
2026-06-28 21:07:47.471 9 INFO neutron.wsgi [None req-38aeacb0-c098-473d-a094-61f8c3fd9c3e 966c227538d5411a93e7feb7c00b1288 52293616ffa04a8583e06d266d46ed29 - - default default] 10.0.0.15 "DELETE /v2.0/floatingips/a148c93d-0c42-420f-bb8e-5aac2a4e8cb2 HTTP/1.1" status: 204 len: 168 time: 0.4731014
2026-06-28 21:07:47.565 10 INFO neutron.plugins.ml2.drivers.ovn.mech_driver.mech_driver [None req-1d65ad99-8fc9-481d-bb79-66381bb4d9e1 - - - - - -] OVN reports status down for port: d5a7622c-7f7d-4ecb-9cac-0e7c417c03f0
2026-06-28 21:07:48.071 10 INFO neutron.wsgi [req-9190d3d7-8805-4c8e-8377-5046af791661 req-db3bde13-1e71-4bdd-88be-21eb1a9c7e61 ac79b705355e4f66b4680b2982c7ef9c 457f194600bf4b59900a2844a86f626d - - default default] 10.0.0.146 "GET /v2.0/ports?device_id=bee644fd-be01-41fb-956c-0bb155681ccc HTTP/1.1" status: 200 len: 1168 time: 0.0743170
2026-06-28 21:07:48.135 10 INFO neutron.db.ovn_revision_numbers_db [None req-1d65ad99-8fc9-481d-bb79-66381bb4d9e1 - - - - - -] Successfully bumped revision number for resource d5a7622c-7f7d-4ecb-9cac-0e7c417c03f0 (type: ports) to 5
2026-06-28 21:07:48.171 10 INFO neutron.wsgi [req-9190d3d7-8805-4c8e-8377-5046af791661 req-bd4fddec-3422-4307-aec4-a941a41c9fd4 ac79b705355e4f66b4680b2982c7ef9c 457f194600bf4b59900a2844a86f626d - - default default] 10.0.0.146 "GET /v2.0/security-groups?id=1a9ef049-f076-417b-9f0a-1589125111d8&fields=id&fields=name HTTP/1.1" status: 200 len: 312 time: 0.0845125
2026-06-28 21:07:48.173 10 WARNING neutron.plugins.ml2.drivers.ovn.mech_driver.ovsdb.ovn_client [None req-1d65ad99-8fc9-481d-bb79-66381bb4d9e1 - - - - - -] Logical_Switch_Port %s host information not removed, the port state is up
2026-06-28 21:07:48.173 10 INFO neutron.plugins.ml2.drivers.ovn.mech_driver.mech_driver [None req-1d65ad99-8fc9-481d-bb79-66381bb4d9e1 - - - - - -] OVN reports status up for port: d5a7622c-7f7d-4ecb-9cac-0e7c417c03f0
2026-06-28 21:07:48.233 10 INFO neutron.plugins.ml2.plugin [None req-1d65ad99-8fc9-481d-bb79-66381bb4d9e1 - - - - - -] Attempt 1 to provision port d5a7622c-7f7d-4ecb-9cac-0e7c417c03f0
2026-06-28 21:07:48.491 10 INFO neutron.wsgi [None req-ad3968fd-9ca8-411d-a44e-43e009afd363 d2eef338a29041b2b00b37c432379f8d 74c328985d2d4a5b976a3c9bf55900a5 - - default default] 10.0.0.15 "DELETE /v2.0/routers/1895e555-072d-43fa-b413-93386b90d7d1 HTTP/1.1" status: 204 len: 168 time: 1.4471474
2026-06-28 21:07:48.520 10 INFO neutron.notifiers.nova [-] Nova event matching ['req-5110273b-8508-4981-abbf-865898e21788'] response: {'server_uuid': 'bee644fd-be01-41fb-956c-0bb155681ccc', 'name': 'network-vif-unplugged', 'status': 'completed', 'tag': 'd5a7622c-7f7d-4ecb-9cac-0e7c417c03f0', 'code': 200}
2026-06-28 21:07:48.520 10 INFO neutron.notifiers.nova [-] Nova event matching ['req-5110273b-8508-4981-abbf-865898e21788'] response: {'server_uuid': 'bee644fd-be01-41fb-956c-0bb155681ccc', 'name': 'network-vif-unplugged', 'status': 'completed', 'tag': 'd5a7622c-7f7d-4ecb-9cac-0e7c417c03f0', 'code': 200}
2026-06-28 21:07:48.520 10 INFO neutron.notifiers.nova [-] Nova event matching ['req-5110273b-8508-4981-abbf-865898e21788'] response: {'server_uuid': 'bee644fd-be01-41fb-956c-0bb155681ccc', 'name': 'network-vif-plugged', 'status': 'completed', 'tag': 'd5a7622c-7f7d-4ecb-9cac-0e7c417c03f0', 'code': 200}
2026-06-28 21:07:48.534 9 INFO neutron.db.ovn_revision_numbers_db [None req-a9a859a2-a4ac-4ff6-bbc1-1a4a120e2427 d2eef338a29041b2b00b37c432379f8d 74c328985d2d4a5b976a3c9bf55900a5 - - default default] Successfully bumped revision number for resource 399c65e3-8f9b-4ad5-af37-d00b57685904 (type: security_groups) to 1
2026-06-28 21:07:48.554 9 INFO neutron.db.ovn_revision_numbers_db [None req-a9a859a2-a4ac-4ff6-bbc1-1a4a120e2427 d2eef338a29041b2b00b37c432379f8d 74c328985d2d4a5b976a3c9bf55900a5 - - default default] Successfully bumped revision number for resource 0a3cc9b4-1d0c-497a-857a-f202e7ecd1e4 (type: security_group_rules) to 0
2026-06-28 21:07:48.577 9 INFO neutron.db.ovn_revision_numbers_db [None req-a9a859a2-a4ac-4ff6-bbc1-1a4a120e2427 d2eef338a29041b2b00b37c432379f8d 74c328985d2d4a5b976a3c9bf55900a5 - - default default] Successfully bumped revision number for resource 3f4a6e28-f8f6-48de-9c71-c13b959380b1 (type: security_group_rules) to 0
2026-06-28 21:07:48.599 9 INFO neutron.db.ovn_revision_numbers_db [None req-a9a859a2-a4ac-4ff6-bbc1-1a4a120e2427 d2eef338a29041b2b00b37c432379f8d 74c328985d2d4a5b976a3c9bf55900a5 - - default default] Successfully bumped revision number for resource 4ea1431a-afd8-48ee-bc0a-a45c8fd2b57e (type: security_group_rules) to 0
2026-06-28 21:07:48.623 9 INFO neutron.db.ovn_revision_numbers_db [None req-a9a859a2-a4ac-4ff6-bbc1-1a4a120e2427 d2eef338a29041b2b00b37c432379f8d 74c328985d2d4a5b976a3c9bf55900a5 - - default default] Successfully bumped revision number for resource f864ff55-8813-4a32-b435-8e821ab4dac1 (type: security_group_rules) to 0
2026-06-28 21:07:48.653 9 INFO neutron.wsgi [None req-a9a859a2-a4ac-4ff6-bbc1-1a4a120e2427 d2eef338a29041b2b00b37c432379f8d 74c328985d2d4a5b976a3c9bf55900a5 - - default default] 10.0.0.15 "GET /v2.0/security-groups?tenant_id=f48239a8cf204a799606c7967237398f&name=default HTTP/1.1" status: 200 len: 3120 time: 0.5860004
2026-06-28 21:07:48.736 9 INFO neutron.wsgi [None req-c102eaa1-4444-4211-a7e9-4ce8482391ce d2eef338a29041b2b00b37c432379f8d 74c328985d2d4a5b976a3c9bf55900a5 - - default default] 10.0.0.15 "DELETE /v2.0/subnets/ebbd5454-0cca-4ad4-b72a-776b77b4a663 HTTP/1.1" status: 204 len: 168 time: 0.2362916
2026-06-28 21:07:48.757 10 INFO neutron.db.ovn_revision_numbers_db [None req-1d65ad99-8fc9-481d-bb79-66381bb4d9e1 - - - - - -] Successfully bumped revision number for resource d5a7622c-7f7d-4ecb-9cac-0e7c417c03f0 (type: ports) to 6
2026-06-28 21:07:48.990 9 INFO neutron.wsgi [None req-ced31e1c-5bc3-4e64-b155-ee78d1974930 d2eef338a29041b2b00b37c432379f8d 74c328985d2d4a5b976a3c9bf55900a5 - - default default] 10.0.0.15 "DELETE /v2.0/security-groups/399c65e3-8f9b-4ad5-af37-d00b57685904 HTTP/1.1" status: 204 len: 168 time: 0.3292630
2026-06-28 21:07:49.200 9 INFO neutron.services.segments.plugin [-] Segment 4db9dd38-c2a6-4c8e-b3ae-ad773e5f45bc resource provider aggregate not found
2026-06-28 21:07:49.206 9 INFO neutron.services.segments.plugin [-] Segment 4db9dd38-c2a6-4c8e-b3ae-ad773e5f45bc resource provider aggregate not found
2026-06-28 21:07:49.220 9 INFO neutron.services.segments.plugin [-] Segment 4db9dd38-c2a6-4c8e-b3ae-ad773e5f45bc resource provider not found; error: Placement Client Error (4xx): {"errors": [{"status": 404, "title": "Not Found", "detail": "The resource could not be found.\n\n No resource provider with uuid 4db9dd38-c2a6-4c8e-b3ae-ad773e5f45bc found for delete ", "request_id": "req-8ede37f6-9ee4-4b16-b5d9-7c05cfd34226"}]}
2026-06-28 21:07:49.225 9 INFO neutron.services.segments.plugin [-] Segment 4db9dd38-c2a6-4c8e-b3ae-ad773e5f45bc resource provider not found; error: Placement Client Error (4xx): {"errors": [{"status": 404, "title": "Not Found", "detail": "The resource could not be found.\n\n No resource provider with uuid 4db9dd38-c2a6-4c8e-b3ae-ad773e5f45bc found for delete ", "request_id": "req-377e2afb-2884-4bcf-a1ef-956cb401b454"}]}
2026-06-28 21:07:49.235 9 INFO neutron.wsgi [None req-5b552c94-39e3-4f3c-b93d-ea0bc979e65d d2eef338a29041b2b00b37c432379f8d 74c328985d2d4a5b976a3c9bf55900a5 - - default default] 10.0.0.15 "DELETE /v2.0/networks/f2d9b602-45b6-4b7f-b57d-535dd00c38a2 HTTP/1.1" status: 204 len: 168 time: 0.4940088 /var/lib/openstack/lib/python3.10/site-packages/pycadf/identifier.py:71: UserWarning: Invalid uuid: neutron. To ensure interoperability, identifiers should be a valid uuid. warnings.warn(('Invalid uuid: %s. To ensure interoperability, '
2026-06-28 21:07:49.339 10 INFO neutron.wsgi [req-60caf679-2ec9-4384-8681-ab22c8276dde req-e07a678c-82a4-4849-9929-9be9c6cf081d ac79b705355e4f66b4680b2982c7ef9c 457f194600bf4b59900a2844a86f626d - - default default] 10.0.0.146 "GET /v2.0/ports?device_id=bee644fd-be01-41fb-956c-0bb155681ccc HTTP/1.1" status: 200 len: 1170 time: 0.0661628
2026-06-28 21:07:49.410 10 INFO neutron.wsgi [req-60caf679-2ec9-4384-8681-ab22c8276dde req-a586403f-5053-4971-a7b0-543969fc1a9d ac79b705355e4f66b4680b2982c7ef9c 457f194600bf4b59900a2844a86f626d - - default default] 10.0.0.146 "GET /v2.0/security-groups?id=1a9ef049-f076-417b-9f0a-1589125111d8&fields=id&fields=name HTTP/1.1" status: 200 len: 312 time: 0.0625503
2026-06-28 21:07:49.504 9 INFO neutron.wsgi [None req-4d26ed6b-f8c1-40c7-8f22-dc2a5812ed51 d2eef338a29041b2b00b37c432379f8d 74c328985d2d4a5b976a3c9bf55900a5 - - default default] 10.0.0.15 "GET /v2.0/security-groups?tenant_id=1b4973e414d5498f9d2ad17cfed6513e&name=default HTTP/1.1" status: 200 len: 3120 time: 0.0617759
2026-06-28 21:07:49.604 10 INFO neutron.wsgi [None req-3adb4187-346a-46d6-9123-8703d642a3b9 d2eef338a29041b2b00b37c432379f8d 74c328985d2d4a5b976a3c9bf55900a5 - - default default] 10.0.0.15 "PUT /v2.0/routers/534d5883-a29b-47ba-adf6-827afb69bf7e/remove_router_interface HTTP/1.1" status: 200 len: 503 time: 2.0653741 /var/lib/openstack/lib/python3.10/site-packages/pycadf/identifier.py:71: UserWarning: Invalid uuid: neutron. To ensure interoperability, identifiers should be a valid uuid. warnings.warn(('Invalid uuid: %s. To ensure interoperability, '
2026-06-28 21:07:49.745 9 INFO neutron.wsgi [None req-cece90c5-d0f9-42eb-9651-eca44ba0ae5e d2eef338a29041b2b00b37c432379f8d 74c328985d2d4a5b976a3c9bf55900a5 - - default default] 10.0.0.15 "DELETE /v2.0/security-groups/96e1d38d-a85c-4d4c-9dd1-1bcd20593b5e HTTP/1.1" status: 204 len: 168 time: 0.2361944
2026-06-28 21:07:50.546 10 INFO neutron.wsgi [None req-6d112c9f-68d7-4257-8ef6-96d2a9969dc6 d2eef338a29041b2b00b37c432379f8d 74c328985d2d4a5b976a3c9bf55900a5 - - default default] 10.0.0.15 "DELETE /v2.0/routers/534d5883-a29b-47ba-adf6-827afb69bf7e HTTP/1.1" status: 204 len: 168 time: 0.9374506
2026-06-28 21:07:50.568 10 INFO neutron.notifiers.nova [-] Nova event matching ['req-db8b86b0-7056-4be2-aa82-80c8c0646994'] response: {'server_uuid': 'bee644fd-be01-41fb-956c-0bb155681ccc', 'name': 'network-vif-plugged', 'status': 'completed', 'tag': 'd5a7622c-7f7d-4ecb-9cac-0e7c417c03f0', 'code': 200}
2026-06-28 21:07:50.740 10 INFO neutron.wsgi [None req-d99a5b50-4d15-40f2-9dc3-f72652fb9eb1 d2eef338a29041b2b00b37c432379f8d 74c328985d2d4a5b976a3c9bf55900a5 - - default default] 10.0.0.15 "DELETE /v2.0/subnets/2e51bebd-f1c6-4e3d-913a-7e5e14ae5b9d HTTP/1.1" status: 204 len: 168 time: 0.1889606
2026-06-28 21:07:51.142 10 INFO neutron.services.segments.plugin [-] Segment 2a5dbad0-955a-48d5-b54c-b290fdb9ccb3 resource provider aggregate not found
2026-06-28 21:07:51.157 10 INFO neutron.services.segments.plugin [-] Segment 2a5dbad0-955a-48d5-b54c-b290fdb9ccb3 resource provider aggregate not found
2026-06-28 21:07:51.158 9 WARNING neutron_lib.context [None req-9462b459-190a-4717-bdfc-f976c3fff73d f3bf1422bf6641eea87df159df4c3112 55d6a0077dfe4bc5a954f87b94ed87a7 - - default default] Method 'is_advsvc' is deprecated since 2023.2 release (neutron-lib 3.8.0) and will be removed once support for the old RBAC API policies will be removed from Neutron. Please use method 'is_service_role' instead.
2026-06-28 21:07:51.158 9 WARNING neutron_lib.context [None req-9462b459-190a-4717-bdfc-f976c3fff73d f3bf1422bf6641eea87df159df4c3112 55d6a0077dfe4bc5a954f87b94ed87a7 - - default default] Method 'is_advsvc' is deprecated since 2023.2 release (neutron-lib 3.8.0) and will be removed once support for the old RBAC API policies will be removed from Neutron. Please use method 'is_service_role' instead.
2026-06-28 21:07:51.162 10 INFO neutron.services.segments.plugin [-] Segment 2a5dbad0-955a-48d5-b54c-b290fdb9ccb3 resource provider not found; error: Placement Client Error (4xx): {"errors": [{"status": 404, "title": "Not Found", "detail": "The resource could not be found.\n\n No resource provider with uuid 2a5dbad0-955a-48d5-b54c-b290fdb9ccb3 found for delete ", "request_id": "req-672a5582-f736-452c-9f4a-99a149c1dcdf"}]}
2026-06-28 21:07:51.173 10 INFO neutron.wsgi [None req-7bcf86b9-d9b5-48fb-8141-a6ac40dea7cf d2eef338a29041b2b00b37c432379f8d 74c328985d2d4a5b976a3c9bf55900a5 - - default default] 10.0.0.15 "DELETE /v2.0/networks/6f7eeaf1-da98-4fa7-bdd6-760674962ddf HTTP/1.1" status: 204 len: 168 time: 0.4246686
2026-06-28 21:07:51.175 10 INFO neutron.services.segments.plugin [-] Segment 2a5dbad0-955a-48d5-b54c-b290fdb9ccb3 resource provider not found; error: Placement Client Error (4xx): {"errors": [{"status": 404, "title": "Not Found", "detail": "The resource could not be found.\n\n No resource provider with uuid 2a5dbad0-955a-48d5-b54c-b290fdb9ccb3 found for delete ", "request_id": "req-8c6f1f3d-2763-435f-b050-e0c6d7c6c657"}]}
2026-06-28 21:07:51.293 9 INFO neutron.db.ovn_revision_numbers_db [None req-9462b459-190a-4717-bdfc-f976c3fff73d f3bf1422bf6641eea87df159df4c3112 55d6a0077dfe4bc5a954f87b94ed87a7 - - default default] Successfully bumped revision number for resource 82fdb436-9ea0-4642-8358-22a207bc7e18 (type: security_groups) to 1
2026-06-28 21:07:51.307 9 INFO neutron.db.ovn_revision_numbers_db [None req-9462b459-190a-4717-bdfc-f976c3fff73d f3bf1422bf6641eea87df159df4c3112 55d6a0077dfe4bc5a954f87b94ed87a7 - - default default] Successfully bumped revision number for resource 06888233-8309-4b02-b03c-5a19ff184eac (type: security_group_rules) to 0
2026-06-28 21:07:51.328 9 INFO neutron.db.ovn_revision_numbers_db [None req-9462b459-190a-4717-bdfc-f976c3fff73d f3bf1422bf6641eea87df159df4c3112 55d6a0077dfe4bc5a954f87b94ed87a7 - - default default] Successfully bumped revision number for resource 96081209-461e-453c-8012-37d813fb76a3 (type: security_group_rules) to 0
2026-06-28 21:07:51.347 9 INFO neutron.db.ovn_revision_numbers_db [None req-9462b459-190a-4717-bdfc-f976c3fff73d f3bf1422bf6641eea87df159df4c3112 55d6a0077dfe4bc5a954f87b94ed87a7 - - default default] Successfully bumped revision number for resource b66057ce-6886-4cac-83ba-9a1b2f0b062d (type: security_group_rules) to 0
2026-06-28 21:07:51.359 9 INFO neutron.wsgi [None req-b95665ae-6e7c-42b7-abc8-1dde65f2f4d4 d2eef338a29041b2b00b37c432379f8d 74c328985d2d4a5b976a3c9bf55900a5 - - default default] 10.0.0.15 "GET /v2.0/security-groups?tenant_id=52293616ffa04a8583e06d266d46ed29&name=default HTTP/1.1" status: 200 len: 3120 time: 0.0461257
2026-06-28 21:07:51.375 9 INFO neutron.db.ovn_revision_numbers_db [None req-9462b459-190a-4717-bdfc-f976c3fff73d f3bf1422bf6641eea87df159df4c3112 55d6a0077dfe4bc5a954f87b94ed87a7 - - default default] Successfully bumped revision number for resource dfcb91dd-fdea-4534-ab72-b565f842e0fb (type: security_group_rules) to 0
2026-06-28 21:07:51.470 9 INFO neutron.db.segments_db [None req-9462b459-190a-4717-bdfc-f976c3fff73d f3bf1422bf6641eea87df159df4c3112 55d6a0077dfe4bc5a954f87b94ed87a7 - - default default] Added segment dc9e6cd5-e22c-482b-8232-5115804fcd8d of type geneve for network ab3cdbbf-8189-49a2-835c-d500cac42ed3
2026-06-28 21:07:51.628 9 INFO neutron.db.segments_db [None req-9462b459-190a-4717-bdfc-f976c3fff73d f3bf1422bf6641eea87df159df4c3112 55d6a0077dfe4bc5a954f87b94ed87a7 - - default default] Added segment 2b68a7d1-53cd-44c2-9364-13874b0ea77e of type geneve for network 61d5d56f-0e7f-437a-b50b-bc1c5bb285fd
2026-06-28 21:07:51.677 9 INFO neutron.wsgi [None req-c098eb49-affd-4570-b820-5dd9c14a0922 d2eef338a29041b2b00b37c432379f8d 74c328985d2d4a5b976a3c9bf55900a5 - - default default] 10.0.0.15 "DELETE /v2.0/security-groups/74bc6b8a-b0c5-4994-a432-baeb7f6690cd HTTP/1.1" status: 204 len: 168 time: 0.3128049
2026-06-28 21:07:51.786 9 INFO neutron.db.ovn_revision_numbers_db [None req-9462b459-190a-4717-bdfc-f976c3fff73d f3bf1422bf6641eea87df159df4c3112 55d6a0077dfe4bc5a954f87b94ed87a7 - - default default] Successfully bumped revision number for resource ab3cdbbf-8189-49a2-835c-d500cac42ed3 (type: networks) to 1
2026-06-28 21:07:51.856 9 INFO neutron.wsgi [-] 10.0.0.218 "GET / HTTP/1.1" status: 200 len: 246 time: 0.0016956
2026-06-28 21:07:51.857 10 INFO neutron.wsgi [-] 10.0.0.218 "GET / HTTP/1.1" status: 200 len: 246 time: 0.0033472
2026-06-28 21:07:52.005 9 WARNING neutron.scheduler.dhcp_agent_scheduler [None req-9462b459-190a-4717-bdfc-f976c3fff73d f3bf1422bf6641eea87df159df4c3112 55d6a0077dfe4bc5a954f87b94ed87a7 - - default default] No more DHCP agents
2026-06-28 21:07:52.006 9 WARNING neutron.api.rpc.agentnotifiers.dhcp_rpc_agent_api [None req-9462b459-190a-4717-bdfc-f976c3fff73d f3bf1422bf6641eea87df159df4c3112 55d6a0077dfe4bc5a954f87b94ed87a7 - - default default] Unable to schedule network ab3cdbbf-8189-49a2-835c-d500cac42ed3: no agents available; will retry on subsequent port and subnet creation events.
2026-06-28 21:07:52.089 9 INFO neutron.db.ovn_revision_numbers_db [None req-9462b459-190a-4717-bdfc-f976c3fff73d f3bf1422bf6641eea87df159df4c3112 55d6a0077dfe4bc5a954f87b94ed87a7 - - default default] Successfully bumped revision number for resource 6ca9aa6c-a978-4a12-8a84-b6d5bc095f2a (type: ports) to 1
2026-06-28 21:07:52.155 9 INFO neutron.db.ovn_revision_numbers_db [None req-9462b459-190a-4717-bdfc-f976c3fff73d f3bf1422bf6641eea87df159df4c3112 55d6a0077dfe4bc5a954f87b94ed87a7 - - default default] Successfully bumped revision number for resource 61d5d56f-0e7f-437a-b50b-bc1c5bb285fd (type: networks) to 1
2026-06-28 21:07:52.322 9 WARNING neutron.scheduler.dhcp_agent_scheduler [None req-9462b459-190a-4717-bdfc-f976c3fff73d f3bf1422bf6641eea87df159df4c3112 55d6a0077dfe4bc5a954f87b94ed87a7 - - default default] No more DHCP agents
2026-06-28 21:07:52.324 9 WARNING neutron.api.rpc.agentnotifiers.dhcp_rpc_agent_api [None req-9462b459-190a-4717-bdfc-f976c3fff73d f3bf1422bf6641eea87df159df4c3112 55d6a0077dfe4bc5a954f87b94ed87a7 - - default default] Unable to schedule network 61d5d56f-0e7f-437a-b50b-bc1c5bb285fd: no agents available; will retry on subsequent port and subnet creation events.
2026-06-28 21:07:52.430 9 INFO neutron.db.ovn_revision_numbers_db [None req-9462b459-190a-4717-bdfc-f976c3fff73d f3bf1422bf6641eea87df159df4c3112 55d6a0077dfe4bc5a954f87b94ed87a7 - - default default] Successfully bumped revision number for resource ea615599-02f8-4454-a82d-5889bdb17a9e (type: ports) to 1
2026-06-28 21:07:52.464 9 INFO neutron.wsgi [None req-9462b459-190a-4717-bdfc-f976c3fff73d f3bf1422bf6641eea87df159df4c3112 55d6a0077dfe4bc5a954f87b94ed87a7 - - default default] 10.0.0.15 "POST /v2.0/networks HTTP/1.1" status: 201 len: 1446 time: 1.4938521
2026-06-28 21:07:52.570 9 INFO neutron.wsgi [None req-1f7316e0-bdb0-4fd4-871c-3276f4d7932e f3bf1422bf6641eea87df159df4c3112 55d6a0077dfe4bc5a954f87b94ed87a7 - - default default] 10.0.0.15 "GET /v2.0/networks HTTP/1.1" status: 200 len: 2052 time: 0.1000462
2026-06-28 21:07:52.897 9 INFO neutron.services.segments.plugin [-] Segment dc9e6cd5-e22c-482b-8232-5115804fcd8d resource provider aggregate not found
2026-06-28 21:07:52.900 9 INFO neutron.services.segments.plugin [-] Segment dc9e6cd5-e22c-482b-8232-5115804fcd8d resource provider aggregate not found
2026-06-28 21:07:52.919 9 INFO neutron.services.segments.plugin [-] Segment dc9e6cd5-e22c-482b-8232-5115804fcd8d resource provider not found; error: Placement Client Error (4xx): {"errors": [{"status": 404, "title": "Not Found", "detail": "The resource could not be found.\n\n No resource provider with uuid dc9e6cd5-e22c-482b-8232-5115804fcd8d found for delete ", "request_id": "req-6f5becc1-f406-4fb2-a0de-62fa989f3f67"}]}
2026-06-28 21:07:52.920 9 INFO neutron.services.segments.plugin [-] Segment dc9e6cd5-e22c-482b-8232-5115804fcd8d resource provider not found; error: Placement Client Error (4xx): {"errors": [{"status": 404, "title": "Not Found", "detail": "The resource could not be found.\n\n No resource provider with uuid dc9e6cd5-e22c-482b-8232-5115804fcd8d found for delete ", "request_id": "req-09e45e4f-0975-4871-95f8-c909ac09bbac"}]}
2026-06-28 21:07:52.954 9 INFO neutron.wsgi [None req-fec1389c-29f2-48d2-b73f-a2c2cb52b1cd f3bf1422bf6641eea87df159df4c3112 55d6a0077dfe4bc5a954f87b94ed87a7 - - default default] 10.0.0.15 "DELETE /v2.0/networks/ab3cdbbf-8189-49a2-835c-d500cac42ed3 HTTP/1.1" status: 204 len: 168 time: 0.3784959
2026-06-28 21:07:53.384 10 INFO neutron.services.segments.plugin [-] Segment 2b68a7d1-53cd-44c2-9364-13874b0ea77e resource provider aggregate not found
2026-06-28 21:07:53.391 10 INFO neutron.services.segments.plugin [-] Segment 2b68a7d1-53cd-44c2-9364-13874b0ea77e resource provider aggregate not found
2026-06-28 21:07:53.404 10 INFO neutron.services.segments.plugin [-] Segment 2b68a7d1-53cd-44c2-9364-13874b0ea77e resource provider not found; error: Placement Client Error (4xx): {"errors": [{"status": 404, "title": "Not Found", "detail": "The resource could not be found.\n\n No resource provider with uuid 2b68a7d1-53cd-44c2-9364-13874b0ea77e found for delete ", "request_id": "req-4d40de3d-9c48-4036-a6e5-5603d413c4a1"}]}
2026-06-28 21:07:53.408 10 INFO neutron.services.segments.plugin [-] Segment 2b68a7d1-53cd-44c2-9364-13874b0ea77e resource provider not found; error: Placement Client Error (4xx): {"errors": [{"status": 404, "title": "Not Found", "detail": "The resource could not be found.\n\n No resource provider with uuid 2b68a7d1-53cd-44c2-9364-13874b0ea77e found for delete ", "request_id": "req-cb19c838-6ca7-48b5-a66d-b1c6b38aa77c"}]}
2026-06-28 21:07:53.434 10 INFO neutron.wsgi [None req-3bbffff6-dd70-4d01-a89f-f40b339b32e7 f3bf1422bf6641eea87df159df4c3112 55d6a0077dfe4bc5a954f87b94ed87a7 - - default default] 10.0.0.15 "DELETE /v2.0/networks/61d5d56f-0e7f-437a-b50b-bc1c5bb285fd HTTP/1.1" status: 204 len: 168 time: 0.4745390
2026-06-28 21:07:53.520 9 INFO neutron.wsgi [None req-41c16475-c7c7-4a9d-b81d-812c2524d0d2 f3bf1422bf6641eea87df159df4c3112 55d6a0077dfe4bc5a954f87b94ed87a7 - - default default] 10.0.0.15 "GET /v2.0/networks HTTP/1.1" status: 200 len: 845 time: 0.0751216
2026-06-28 21:07:53.530 9 WARNING neutron_lib.context [None req-45ca4c04-347a-4dbd-b6c0-9222952bcee3 f3bf1422bf6641eea87df159df4c3112 55d6a0077dfe4bc5a954f87b94ed87a7 - - default default] Method 'is_advsvc' is deprecated since 2023.2 release (neutron-lib 3.8.0) and will be removed once support for the old RBAC API policies will be removed from Neutron. Please use method 'is_service_role' instead.
2026-06-28 21:07:53.606 9 INFO neutron.db.segments_db [None req-45ca4c04-347a-4dbd-b6c0-9222952bcee3 f3bf1422bf6641eea87df159df4c3112 55d6a0077dfe4bc5a954f87b94ed87a7 - - default default] Added segment b3379a41-022d-4800-9dd0-4229209043b8 of type geneve for network 845f5094-6f3d-435f-9af3-52179ba8338c
2026-06-28 21:07:53.732 9 INFO neutron.db.ovn_revision_numbers_db [None req-45ca4c04-347a-4dbd-b6c0-9222952bcee3 f3bf1422bf6641eea87df159df4c3112 55d6a0077dfe4bc5a954f87b94ed87a7 - - default default] Successfully bumped revision number for resource 845f5094-6f3d-435f-9af3-52179ba8338c (type: networks) to 1
2026-06-28 21:07:53.936 9 WARNING neutron.scheduler.dhcp_agent_scheduler [None req-45ca4c04-347a-4dbd-b6c0-9222952bcee3 f3bf1422bf6641eea87df159df4c3112 55d6a0077dfe4bc5a954f87b94ed87a7 - - default default] No more DHCP agents
