2026-06-28 21:08:38.720 9 INFO neutron.db.segments_db [None req-412ed44b-62a6-4709-a365-3aa41b6e41fc fbb48a8cdefa432597a686f132bbe02d fc7ca5345f344514b302857ab6c561e7 - - default default] Added segment 8d69544a-6676-4af1-a084-e8945c77c589 of type geneve for network 7b0914b5-bcf0-487d-ad72-4f6e6570661f
2026-06-28 21:08:38.839 9 INFO neutron.db.segments_db [None req-412ed44b-62a6-4709-a365-3aa41b6e41fc fbb48a8cdefa432597a686f132bbe02d fc7ca5345f344514b302857ab6c561e7 - - default default] Added segment a32236b1-84da-47cd-a018-b38fccd8519b of type geneve for network a0680355-6c62-4391-8b66-7460dd42dde6
2026-06-28 21:08:38.984 9 INFO neutron.db.ovn_revision_numbers_db [None req-412ed44b-62a6-4709-a365-3aa41b6e41fc fbb48a8cdefa432597a686f132bbe02d fc7ca5345f344514b302857ab6c561e7 - - default default] Successfully bumped revision number for resource 7b0914b5-bcf0-487d-ad72-4f6e6570661f (type: networks) to 1
2026-06-28 21:08:39.100 10 INFO neutron.wsgi [None req-722d7f2e-3e02-4acf-bb9b-881979163707 34ee6be9c10a4afda40a812b22554e21 b9e6b944daa94b00808699f9f2497a9a - - default default] 10.0.0.15 "GET /v2.0/ports/55a00711-71b6-47f6-9469-583cde2a8b7f HTTP/1.1" status: 200 len: 1147 time: 0.0676281
2026-06-28 21:08:39.124 9 WARNING neutron.plugins.ml2.drivers.ovn.mech_driver.ovsdb.ovn_client [None req-bc6461f3-1275-43a0-91fe-a76c0f325952 - - - - - -] No hosting information found for port a77da0bf-9c3e-40d9-89f0-295400d130a4: RuntimeError: No hosting information found for port a77da0bf-9c3e-40d9-89f0-295400d130a4
2026-06-28 21:08:39.125 9 INFO neutron.plugins.ml2.drivers.ovn.mech_driver.mech_driver [None req-bc6461f3-1275-43a0-91fe-a76c0f325952 - - - - - -] OVN reports status up for port: 55a00711-71b6-47f6-9469-583cde2a8b7f
2026-06-28 21:08:39.150 9 INFO neutron.plugins.ml2.plugin [None req-bc6461f3-1275-43a0-91fe-a76c0f325952 - - - - - -] Attempt 1 to provision port 55a00711-71b6-47f6-9469-583cde2a8b7f
2026-06-28 21:08:39.479 9 WARNING neutron.scheduler.dhcp_agent_scheduler [None req-412ed44b-62a6-4709-a365-3aa41b6e41fc fbb48a8cdefa432597a686f132bbe02d fc7ca5345f344514b302857ab6c561e7 - - default default] No more DHCP agents
2026-06-28 21:08:39.480 9 WARNING neutron.api.rpc.agentnotifiers.dhcp_rpc_agent_api [None req-412ed44b-62a6-4709-a365-3aa41b6e41fc fbb48a8cdefa432597a686f132bbe02d fc7ca5345f344514b302857ab6c561e7 - - default default] Unable to schedule network 7b0914b5-bcf0-487d-ad72-4f6e6570661f: no agents available; will retry on subsequent port and subnet creation events.
2026-06-28 21:08:39.641 9 INFO neutron.db.ovn_revision_numbers_db [None req-412ed44b-62a6-4709-a365-3aa41b6e41fc fbb48a8cdefa432597a686f132bbe02d fc7ca5345f344514b302857ab6c561e7 - - default default] Successfully bumped revision number for resource 93264f28-e28a-482c-a95d-b616c8086acf (type: ports) to 1
2026-06-28 21:08:39.740 9 INFO neutron.db.ovn_revision_numbers_db [None req-412ed44b-62a6-4709-a365-3aa41b6e41fc fbb48a8cdefa432597a686f132bbe02d fc7ca5345f344514b302857ab6c561e7 - - default default] Successfully bumped revision number for resource a0680355-6c62-4391-8b66-7460dd42dde6 (type: networks) to 1
2026-06-28 21:08:39.989 9 WARNING neutron.scheduler.dhcp_agent_scheduler [None req-412ed44b-62a6-4709-a365-3aa41b6e41fc fbb48a8cdefa432597a686f132bbe02d fc7ca5345f344514b302857ab6c561e7 - - default default] No more DHCP agents
2026-06-28 21:08:39.991 9 WARNING neutron.api.rpc.agentnotifiers.dhcp_rpc_agent_api [None req-412ed44b-62a6-4709-a365-3aa41b6e41fc fbb48a8cdefa432597a686f132bbe02d fc7ca5345f344514b302857ab6c561e7 - - default default] Unable to schedule network a0680355-6c62-4391-8b66-7460dd42dde6: no agents available; will retry on subsequent port and subnet creation events.
2026-06-28 21:08:39.993 9 INFO neutron.db.ovn_revision_numbers_db [None req-bc6461f3-1275-43a0-91fe-a76c0f325952 - - - - - -] Successfully bumped revision number for resource 55a00711-71b6-47f6-9469-583cde2a8b7f (type: ports) to 2
2026-06-28 21:08:40.116 9 INFO neutron.db.ovn_revision_numbers_db [None req-412ed44b-62a6-4709-a365-3aa41b6e41fc fbb48a8cdefa432597a686f132bbe02d fc7ca5345f344514b302857ab6c561e7 - - default default] Successfully bumped revision number for resource c3b2f0d4-ac90-40ee-8011-a43f67344417 (type: ports) to 1
2026-06-28 21:08:40.147 10 INFO neutron.wsgi [None req-bceba362-9ec4-48b1-bff0-012eb9552aed 34ee6be9c10a4afda40a812b22554e21 b9e6b944daa94b00808699f9f2497a9a - - default default] 10.0.0.15 "GET /v2.0/ports/55a00711-71b6-47f6-9469-583cde2a8b7f HTTP/1.1" status: 200 len: 1149 time: 0.0395851
2026-06-28 21:08:40.154 9 INFO neutron.wsgi [None req-412ed44b-62a6-4709-a365-3aa41b6e41fc fbb48a8cdefa432597a686f132bbe02d fc7ca5345f344514b302857ab6c561e7 - - default default] 10.0.0.15 "POST /v2.0/networks HTTP/1.1" status: 201 len: 1445 time: 1.9819894
2026-06-28 21:08:40.158 9 INFO neutron.db.ovn_revision_numbers_db [None req-bc6461f3-1275-43a0-91fe-a76c0f325952 - - - - - -] Successfully bumped revision number for resource 55a00711-71b6-47f6-9469-583cde2a8b7f (type: router_ports) to 2
2026-06-28 21:08:40.237 10 INFO neutron.wsgi [None req-0311f649-27a0-4f4f-aa13-ee1cb0ccb130 fbb48a8cdefa432597a686f132bbe02d fc7ca5345f344514b302857ab6c561e7 - - default default] 10.0.0.15 "GET /v2.0/networks HTTP/1.1" status: 200 len: 2051 time: 0.0776780
2026-06-28 21:08:40.444 9 WARNING neutron_lib.context [None req-3e59b23e-8cef-4bda-b6c3-457df3a4737e ef533376c2464a4ea8b0b53cdfbd7c38 0815b61ee63a4418beb53b2825ea8876 - - default default] Method 'is_advsvc' is deprecated since 2023.2 release (neutron-lib 3.8.0) and will be removed once support for the old RBAC API policies will be removed from Neutron. Please use method 'is_service_role' instead.
2026-06-28 21:08:40.759 9 INFO neutron.db.ovn_revision_numbers_db [None req-3e59b23e-8cef-4bda-b6c3-457df3a4737e ef533376c2464a4ea8b0b53cdfbd7c38 0815b61ee63a4418beb53b2825ea8876 - - default default] Successfully bumped revision number for resource 2e2bad46-d571-4451-95db-f7122b090289 (type: security_groups) to 1
2026-06-28 21:08:40.799 9 INFO neutron.db.ovn_revision_numbers_db [None req-3e59b23e-8cef-4bda-b6c3-457df3a4737e ef533376c2464a4ea8b0b53cdfbd7c38 0815b61ee63a4418beb53b2825ea8876 - - default default] Successfully bumped revision number for resource 0879f277-16d1-4905-9dc6-ff1b5b25d6e6 (type: security_group_rules) to 0
2026-06-28 21:08:40.823 9 INFO neutron.db.ovn_revision_numbers_db [None req-3e59b23e-8cef-4bda-b6c3-457df3a4737e ef533376c2464a4ea8b0b53cdfbd7c38 0815b61ee63a4418beb53b2825ea8876 - - default default] Successfully bumped revision number for resource 260070c3-a73d-4340-a116-fd97a368e9f2 (type: security_group_rules) to 0
2026-06-28 21:08:40.856 9 INFO neutron.db.ovn_revision_numbers_db [None req-3e59b23e-8cef-4bda-b6c3-457df3a4737e ef533376c2464a4ea8b0b53cdfbd7c38 0815b61ee63a4418beb53b2825ea8876 - - default default] Successfully bumped revision number for resource 5fc918e0-b9ef-46fa-b2a3-5a1feb95fd59 (type: security_group_rules) to 0
2026-06-28 21:08:40.868 9 INFO neutron.services.segments.plugin [-] Segment 8d69544a-6676-4af1-a084-e8945c77c589 resource provider aggregate not found
2026-06-28 21:08:40.876 9 INFO neutron.services.segments.plugin [-] Segment 8d69544a-6676-4af1-a084-e8945c77c589 resource provider aggregate not found
2026-06-28 21:08:40.896 9 INFO neutron.services.segments.plugin [-] Segment 8d69544a-6676-4af1-a084-e8945c77c589 resource provider not found; error: Placement Client Error (4xx): {"errors": [{"status": 404, "title": "Not Found", "detail": "The resource could not be found.\n\n No resource provider with uuid 8d69544a-6676-4af1-a084-e8945c77c589 found for delete ", "request_id": "req-ef424430-98d4-49fd-aaef-91d443811d8a"}]}
2026-06-28 21:08:40.908 9 INFO neutron.db.ovn_revision_numbers_db [None req-3e59b23e-8cef-4bda-b6c3-457df3a4737e ef533376c2464a4ea8b0b53cdfbd7c38 0815b61ee63a4418beb53b2825ea8876 - - default default] Successfully bumped revision number for resource b6d25ca7-3cbf-48bc-a1a4-9d9b29267785 (type: security_group_rules) to 0
2026-06-28 21:08:40.915 9 INFO neutron.services.segments.plugin [-] Segment 8d69544a-6676-4af1-a084-e8945c77c589 resource provider not found; error: Placement Client Error (4xx): {"errors": [{"status": 404, "title": "Not Found", "detail": "The resource could not be found.\n\n No resource provider with uuid 8d69544a-6676-4af1-a084-e8945c77c589 found for delete ", "request_id": "req-0b0b568f-c554-4341-99e0-ce60251e4000"}]}
2026-06-28 21:08:40.947 9 INFO neutron.wsgi [None req-edd663e3-93e7-4a1f-be2a-f5f4046f3a4c fbb48a8cdefa432597a686f132bbe02d fc7ca5345f344514b302857ab6c561e7 - - default default] 10.0.0.15 "DELETE /v2.0/networks/7b0914b5-bcf0-487d-ad72-4f6e6570661f HTTP/1.1" status: 204 len: 168 time: 0.6976533
2026-06-28 21:08:40.977 9 INFO neutron.db.segments_db [None req-3e59b23e-8cef-4bda-b6c3-457df3a4737e ef533376c2464a4ea8b0b53cdfbd7c38 0815b61ee63a4418beb53b2825ea8876 - - default default] Added segment f7abd608-3488-4847-9ba5-4a25c5c79a4b of type geneve for network 36a241da-7424-428d-9aa7-3c7c1e75e0d4
2026-06-28 21:08:41.280 10 INFO neutron.db.ovn_revision_numbers_db [None req-0e1dd60d-7557-4b20-8909-e97d9bbe1a2e d2eef338a29041b2b00b37c432379f8d 74c328985d2d4a5b976a3c9bf55900a5 - - default default] Successfully bumped revision number for resource 774511fe-777c-44d1-b0ec-2edab63a6240 (type: security_groups) to 1
2026-06-28 21:08:41.302 10 INFO neutron.db.ovn_revision_numbers_db [None req-0e1dd60d-7557-4b20-8909-e97d9bbe1a2e d2eef338a29041b2b00b37c432379f8d 74c328985d2d4a5b976a3c9bf55900a5 - - default default] Successfully bumped revision number for resource 528f9c20-1ee6-426d-85e3-7d67179beb1d (type: security_group_rules) to 0
2026-06-28 21:08:41.319 10 INFO neutron.db.ovn_revision_numbers_db [None req-0e1dd60d-7557-4b20-8909-e97d9bbe1a2e d2eef338a29041b2b00b37c432379f8d 74c328985d2d4a5b976a3c9bf55900a5 - - default default] Successfully bumped revision number for resource 5cfc47c0-c489-4283-9cd0-e2ca5511f846 (type: security_group_rules) to 0
2026-06-28 21:08:41.360 9 INFO neutron.wsgi [None req-f3fc6077-b7dc-4eff-af2d-26b1d49e60a2 34ee6be9c10a4afda40a812b22554e21 b9e6b944daa94b00808699f9f2497a9a - - default default] 10.0.0.15 "PUT /v2.0/routers/c550f08f-1076-491e-85d0-703d60719238/remove_router_interface HTTP/1.1" status: 200 len: 503 time: 1.2091727
2026-06-28 21:08:41.366 10 INFO neutron.db.ovn_revision_numbers_db [None req-0e1dd60d-7557-4b20-8909-e97d9bbe1a2e d2eef338a29041b2b00b37c432379f8d 74c328985d2d4a5b976a3c9bf55900a5 - - default default] Successfully bumped revision number for resource 7c00e6a3-bd43-4b15-9d27-5a6fef03effb (type: security_group_rules) to 0 /var/lib/openstack/lib/python3.10/site-packages/pycadf/identifier.py:71: UserWarning: Invalid uuid: neutron. To ensure interoperability, identifiers should be a valid uuid. warnings.warn(('Invalid uuid: %s. To ensure interoperability, '
2026-06-28 21:08:41.385 9 INFO neutron.db.ovn_revision_numbers_db [None req-3e59b23e-8cef-4bda-b6c3-457df3a4737e ef533376c2464a4ea8b0b53cdfbd7c38 0815b61ee63a4418beb53b2825ea8876 - - default default] Successfully bumped revision number for resource 36a241da-7424-428d-9aa7-3c7c1e75e0d4 (type: networks) to 1
2026-06-28 21:08:41.409 10 INFO neutron.services.segments.plugin [-] Segment a32236b1-84da-47cd-a018-b38fccd8519b resource provider aggregate not found
2026-06-28 21:08:41.416 10 INFO neutron.services.segments.plugin [-] Segment a32236b1-84da-47cd-a018-b38fccd8519b resource provider aggregate not found
2026-06-28 21:08:41.422 10 INFO neutron.db.ovn_revision_numbers_db [None req-0e1dd60d-7557-4b20-8909-e97d9bbe1a2e d2eef338a29041b2b00b37c432379f8d 74c328985d2d4a5b976a3c9bf55900a5 - - default default] Successfully bumped revision number for resource e5a2eb16-b62e-4d1f-89f7-b8d039b55fce (type: security_group_rules) to 0
2026-06-28 21:08:41.437 10 INFO neutron.services.segments.plugin [-] Segment a32236b1-84da-47cd-a018-b38fccd8519b resource provider not found; error: Placement Client Error (4xx): {"errors": [{"status": 404, "title": "Not Found", "detail": "The resource could not be found.\n\n No resource provider with uuid a32236b1-84da-47cd-a018-b38fccd8519b found for delete ", "request_id": "req-f3ade090-acb3-4da9-b096-cde731216841"}]}
2026-06-28 21:08:41.438 10 INFO neutron.services.segments.plugin [-] Segment a32236b1-84da-47cd-a018-b38fccd8519b resource provider not found; error: Placement Client Error (4xx): {"errors": [{"status": 404, "title": "Not Found", "detail": "The resource could not be found.\n\n No resource provider with uuid a32236b1-84da-47cd-a018-b38fccd8519b found for delete ", "request_id": "req-48d0fd3d-1f14-40a6-bbc9-09ca2b082db9"}]}
2026-06-28 21:08:41.445 10 INFO neutron.wsgi [None req-0e1dd60d-7557-4b20-8909-e97d9bbe1a2e d2eef338a29041b2b00b37c432379f8d 74c328985d2d4a5b976a3c9bf55900a5 - - default default] 10.0.0.15 "GET /v2.0/security-groups?tenant_id=b7abfdd00f5c422dbf020e0980e0858a&name=default HTTP/1.1" status: 200 len: 3120 time: 0.4589853
2026-06-28 21:08:41.474 10 INFO neutron.wsgi [None req-b666be30-5fa3-4add-bda3-2b817da31930 fbb48a8cdefa432597a686f132bbe02d fc7ca5345f344514b302857ab6c561e7 - - default default] 10.0.0.15 "DELETE /v2.0/networks/a0680355-6c62-4391-8b66-7460dd42dde6 HTTP/1.1" status: 204 len: 168 time: 0.5217545
2026-06-28 21:08:41.500 9 INFO neutron.wsgi [None req-7a313dd8-871d-4137-ac4e-2172e789de04 34ee6be9c10a4afda40a812b22554e21 b9e6b944daa94b00808699f9f2497a9a - - default default] 10.0.0.15 "GET /v2.0/ports/a77da0bf-9c3e-40d9-89f0-295400d130a4 HTTP/1.1" status: 200 len: 1141 time: 0.1343539
2026-06-28 21:08:41.601 9 INFO neutron.wsgi [None req-5708e17a-7988-4f51-bf62-c50afcc7300e fbb48a8cdefa432597a686f132bbe02d fc7ca5345f344514b302857ab6c561e7 - - default default] 10.0.0.15 "GET /v2.0/networks HTTP/1.1" status: 200 len: 845 time: 0.1214828
2026-06-28 21:08:41.619 10 WARNING neutron_lib.context [None req-9656da61-2608-42fe-b8c4-23e87a6e5a2c fbb48a8cdefa432597a686f132bbe02d fc7ca5345f344514b302857ab6c561e7 - - default default] Method 'is_advsvc' is deprecated since 2023.2 release (neutron-lib 3.8.0) and will be removed once support for the old RBAC API policies will be removed from Neutron. Please use method 'is_service_role' instead.
2026-06-28 21:08:41.644 9 WARNING neutron.scheduler.dhcp_agent_scheduler [None req-3e59b23e-8cef-4bda-b6c3-457df3a4737e ef533376c2464a4ea8b0b53cdfbd7c38 0815b61ee63a4418beb53b2825ea8876 - - default default] No more DHCP agents
2026-06-28 21:08:41.646 9 WARNING neutron.api.rpc.agentnotifiers.dhcp_rpc_agent_api [None req-3e59b23e-8cef-4bda-b6c3-457df3a4737e ef533376c2464a4ea8b0b53cdfbd7c38 0815b61ee63a4418beb53b2825ea8876 - - default default] Unable to schedule network 36a241da-7424-428d-9aa7-3c7c1e75e0d4: no agents available; will retry on subsequent port and subnet creation events.
2026-06-28 21:08:41.727 9 INFO neutron.db.ovn_revision_numbers_db [None req-3e59b23e-8cef-4bda-b6c3-457df3a4737e ef533376c2464a4ea8b0b53cdfbd7c38 0815b61ee63a4418beb53b2825ea8876 - - default default] Successfully bumped revision number for resource 7126a2e3-87f5-4ed1-99fe-cdf623b06f89 (type: ports) to 1
2026-06-28 21:08:41.749 9 INFO neutron.wsgi [None req-3e59b23e-8cef-4bda-b6c3-457df3a4737e ef533376c2464a4ea8b0b53cdfbd7c38 0815b61ee63a4418beb53b2825ea8876 - - default default] 10.0.0.15 "POST /v2.0/networks HTTP/1.1" status: 201 len: 839 time: 1.6054204
2026-06-28 21:08:41.759 9 WARNING neutron_lib.context [None req-bd995eac-e53c-417d-a152-2d6fbe95063c ef533376c2464a4ea8b0b53cdfbd7c38 0815b61ee63a4418beb53b2825ea8876 - - default default] Method 'is_advsvc' is deprecated since 2023.2 release (neutron-lib 3.8.0) and will be removed once support for the old RBAC API policies will be removed from Neutron. Please use method 'is_service_role' instead.
2026-06-28 21:08:41.789 10 INFO neutron.db.segments_db [None req-9656da61-2608-42fe-b8c4-23e87a6e5a2c fbb48a8cdefa432597a686f132bbe02d fc7ca5345f344514b302857ab6c561e7 - - default default] Added segment 68df8964-5a2f-4cb4-bc92-c62c72cae655 of type geneve for network be8b950f-a72e-4998-8663-f2c2b4cd38e0
2026-06-28 21:08:41.885 10 INFO neutron.wsgi [None req-eb15e647-b542-4fbc-86cc-e2ff5e70bd57 d2eef338a29041b2b00b37c432379f8d 74c328985d2d4a5b976a3c9bf55900a5 - - default default] 10.0.0.15 "DELETE /v2.0/security-groups/774511fe-777c-44d1-b0ec-2edab63a6240 HTTP/1.1" status: 204 len: 168 time: 0.4302797
2026-06-28 21:08:41.986 10 INFO neutron.db.ovn_revision_numbers_db [None req-9656da61-2608-42fe-b8c4-23e87a6e5a2c fbb48a8cdefa432597a686f132bbe02d fc7ca5345f344514b302857ab6c561e7 - - default default] Successfully bumped revision number for resource be8b950f-a72e-4998-8663-f2c2b4cd38e0 (type: networks) to 1
2026-06-28 21:08:41.997 9 WARNING neutron.scheduler.dhcp_agent_scheduler [None req-bd995eac-e53c-417d-a152-2d6fbe95063c ef533376c2464a4ea8b0b53cdfbd7c38 0815b61ee63a4418beb53b2825ea8876 - - default default] No more DHCP agents
2026-06-28 21:08:42.001 9 WARNING neutron.api.rpc.agentnotifiers.dhcp_rpc_agent_api [None req-bd995eac-e53c-417d-a152-2d6fbe95063c ef533376c2464a4ea8b0b53cdfbd7c38 0815b61ee63a4418beb53b2825ea8876 - - default default] Unable to schedule network 36a241da-7424-428d-9aa7-3c7c1e75e0d4: no agents available; will retry on subsequent port and subnet creation events.
2026-06-28 21:08:42.391 10 WARNING neutron.scheduler.dhcp_agent_scheduler [None req-9656da61-2608-42fe-b8c4-23e87a6e5a2c fbb48a8cdefa432597a686f132bbe02d fc7ca5345f344514b302857ab6c561e7 - - default default] No more DHCP agents
2026-06-28 21:08:42.398 10 WARNING neutron.api.rpc.agentnotifiers.dhcp_rpc_agent_api [None req-9656da61-2608-42fe-b8c4-23e87a6e5a2c fbb48a8cdefa432597a686f132bbe02d fc7ca5345f344514b302857ab6c561e7 - - default default] Unable to schedule network be8b950f-a72e-4998-8663-f2c2b4cd38e0: no agents available; will retry on subsequent port and subnet creation events.
2026-06-28 21:08:42.514 10 INFO neutron.db.ovn_revision_numbers_db [None req-9656da61-2608-42fe-b8c4-23e87a6e5a2c fbb48a8cdefa432597a686f132bbe02d fc7ca5345f344514b302857ab6c561e7 - - default default] Successfully bumped revision number for resource 55ef3531-be7b-4130-a568-60046f725df4 (type: ports) to 1
2026-06-28 21:08:42.563 10 INFO neutron.wsgi [None req-9656da61-2608-42fe-b8c4-23e87a6e5a2c fbb48a8cdefa432597a686f132bbe02d fc7ca5345f344514b302857ab6c561e7 - - default default] 10.0.0.15 "POST /v2.0/networks HTTP/1.1" status: 201 len: 849 time: 0.9549658
2026-06-28 21:08:42.573 10 WARNING neutron_lib.context [None req-03bb919e-77ee-4482-895f-ac4ac695c6f3 fbb48a8cdefa432597a686f132bbe02d fc7ca5345f344514b302857ab6c561e7 - - default default] Method 'is_advsvc' is deprecated since 2023.2 release (neutron-lib 3.8.0) and will be removed once support for the old RBAC API policies will be removed from Neutron. Please use method 'is_service_role' instead.
2026-06-28 21:08:42.614 9 INFO neutron.db.ovn_revision_numbers_db [None req-bd995eac-e53c-417d-a152-2d6fbe95063c ef533376c2464a4ea8b0b53cdfbd7c38 0815b61ee63a4418beb53b2825ea8876 - - default default] Successfully bumped revision number for resource 7126a2e3-87f5-4ed1-99fe-cdf623b06f89 (type: ports) to 2
2026-06-28 21:08:42.637 10 INFO neutron.wsgi [None req-bfcbcdaa-b7e4-481a-be4c-8c56af1ce29b 34ee6be9c10a4afda40a812b22554e21 b9e6b944daa94b00808699f9f2497a9a - - default default] 10.0.0.15 "PUT /v2.0/routers/c550f08f-1076-491e-85d0-703d60719238/remove_router_interface HTTP/1.1" status: 200 len: 503 time: 1.1331637 /var/lib/openstack/lib/python3.10/site-packages/pycadf/identifier.py:71: UserWarning: Invalid uuid: neutron. To ensure interoperability, identifiers should be a valid uuid. warnings.warn(('Invalid uuid: %s. To ensure interoperability, '
2026-06-28 21:08:42.652 9 INFO neutron.db.ovn_revision_numbers_db [None req-bd995eac-e53c-417d-a152-2d6fbe95063c ef533376c2464a4ea8b0b53cdfbd7c38 0815b61ee63a4418beb53b2825ea8876 - - default default] Successfully bumped revision number for resource f3ed6479-f6ee-4993-b458-8b732a937ce6 (type: subnets) to 0
2026-06-28 21:08:42.666 10 INFO neutron.wsgi [None req-b6842214-e16c-476b-8fe7-05c78a0413ad 34ee6be9c10a4afda40a812b22554e21 b9e6b944daa94b00808699f9f2497a9a - - default default] 10.0.0.15 "GET /v2.0/ports?device_id=c550f08f-1076-491e-85d0-703d60719238 HTTP/1.1" status: 200 len: 205 time: 0.0209150
2026-06-28 21:08:42.669 9 INFO neutron.wsgi [None req-bd995eac-e53c-417d-a152-2d6fbe95063c ef533376c2464a4ea8b0b53cdfbd7c38 0815b61ee63a4418beb53b2825ea8876 - - default default] 10.0.0.15 "POST /v2.0/subnets HTTP/1.1" status: 201 len: 832 time: 0.9148607
2026-06-28 21:08:42.722 10 INFO neutron.db.segments_db [None req-03bb919e-77ee-4482-895f-ac4ac695c6f3 fbb48a8cdefa432597a686f132bbe02d fc7ca5345f344514b302857ab6c561e7 - - default default] Added segment 11c80ac8-c304-4ae0-916c-3b272287af8d of type geneve for network 88c89b42-4074-4b0f-809a-5f2f3a672710
2026-06-28 21:08:42.861 9 INFO neutron.wsgi [None req-fcadae05-81e5-4519-99a4-097abee950f9 e1ae60e2418042628a65828cb846dbc8 4caeeb8e8c144eed9e6de0af34d83146 - - default default] 10.0.0.15 "GET /v2.0/subnetpools?name=shared-default-subnetpool-v6 HTTP/1.1" status: 200 len: 212 time: 0.1865525
2026-06-28 21:08:42.871 9 WARNING neutron_lib.context [None req-6d6cc75e-ee27-4bb0-af7e-01a1ff960b46 ef533376c2464a4ea8b0b53cdfbd7c38 0815b61ee63a4418beb53b2825ea8876 - - default default] Method 'is_advsvc' is deprecated since 2023.2 release (neutron-lib 3.8.0) and will be removed once support for the old RBAC API policies will be removed from Neutron. Please use method 'is_service_role' instead.
2026-06-28 21:08:42.953 10 INFO neutron.wsgi [None req-215ab04d-1c44-4897-a8d9-5dc6e56eeac8 34ee6be9c10a4afda40a812b22554e21 b9e6b944daa94b00808699f9f2497a9a - - default default] 10.0.0.15 "DELETE /v2.0/routers/c550f08f-1076-491e-85d0-703d60719238 HTTP/1.1" status: 204 len: 168 time: 0.2796533
2026-06-28 21:08:42.963 10 INFO neutron.db.ovn_revision_numbers_db [None req-03bb919e-77ee-4482-895f-ac4ac695c6f3 fbb48a8cdefa432597a686f132bbe02d fc7ca5345f344514b302857ab6c561e7 - - default default] Successfully bumped revision number for resource 88c89b42-4074-4b0f-809a-5f2f3a672710 (type: networks) to 1
2026-06-28 21:08:43.140 9 WARNING neutron.scheduler.dhcp_agent_scheduler [None req-6d6cc75e-ee27-4bb0-af7e-01a1ff960b46 ef533376c2464a4ea8b0b53cdfbd7c38 0815b61ee63a4418beb53b2825ea8876 - - default default] No more DHCP agents
2026-06-28 21:08:43.144 9 WARNING neutron.api.rpc.agentnotifiers.dhcp_rpc_agent_api [None req-6d6cc75e-ee27-4bb0-af7e-01a1ff960b46 ef533376c2464a4ea8b0b53cdfbd7c38 0815b61ee63a4418beb53b2825ea8876 - - default default] Unable to schedule network 36a241da-7424-428d-9aa7-3c7c1e75e0d4: no agents available; will retry on subsequent port and subnet creation events.
2026-06-28 21:08:43.177 10 WARNING neutron.scheduler.dhcp_agent_scheduler [None req-03bb919e-77ee-4482-895f-ac4ac695c6f3 fbb48a8cdefa432597a686f132bbe02d fc7ca5345f344514b302857ab6c561e7 - - default default] No more DHCP agents
2026-06-28 21:08:43.179 10 WARNING neutron.api.rpc.agentnotifiers.dhcp_rpc_agent_api [None req-03bb919e-77ee-4482-895f-ac4ac695c6f3 fbb48a8cdefa432597a686f132bbe02d fc7ca5345f344514b302857ab6c561e7 - - default default] Unable to schedule network 88c89b42-4074-4b0f-809a-5f2f3a672710: no agents available; will retry on subsequent port and subnet creation events.
2026-06-28 21:08:43.180 9 INFO neutron.db.ovn_revision_numbers_db [None req-6d6cc75e-ee27-4bb0-af7e-01a1ff960b46 ef533376c2464a4ea8b0b53cdfbd7c38 0815b61ee63a4418beb53b2825ea8876 - - default default] Successfully bumped revision number for resource 12a7fa3a-acf0-4fae-a101-23ab43e6ef3c (type: subnets) to 0
2026-06-28 21:08:43.196 9 INFO neutron.wsgi [None req-6d6cc75e-ee27-4bb0-af7e-01a1ff960b46 ef533376c2464a4ea8b0b53cdfbd7c38 0815b61ee63a4418beb53b2825ea8876 - - default default] 10.0.0.15 "POST /v2.0/subnets HTTP/1.1" status: 201 len: 906 time: 0.3307493
2026-06-28 21:08:43.201 10 INFO neutron.wsgi [None req-f2dd3c61-55cd-46e7-a502-fe24a1fe88e4 34ee6be9c10a4afda40a812b22554e21 b9e6b944daa94b00808699f9f2497a9a - - default default] 10.0.0.15 "DELETE /v2.0/subnets/201b22ea-bfac-4004-84ab-49333f82104f HTTP/1.1" status: 204 len: 168 time: 0.2431097
2026-06-28 21:08:43.207 9 WARNING neutron_lib.context [None req-b7dc423e-71c5-4276-a948-9a481da2cbe9 ef533376c2464a4ea8b0b53cdfbd7c38 0815b61ee63a4418beb53b2825ea8876 - - default default] Method 'is_advsvc' is deprecated since 2023.2 release (neutron-lib 3.8.0) and will be removed once support for the old RBAC API policies will be removed from Neutron. Please use method 'is_service_role' instead.
2026-06-28 21:08:43.269 10 INFO neutron.db.ovn_revision_numbers_db [None req-03bb919e-77ee-4482-895f-ac4ac695c6f3 fbb48a8cdefa432597a686f132bbe02d fc7ca5345f344514b302857ab6c561e7 - - default default] Successfully bumped revision number for resource 72faca99-93d8-496d-8191-ab1ee52a2245 (type: ports) to 1
2026-06-28 21:08:43.292 10 INFO neutron.wsgi [None req-03bb919e-77ee-4482-895f-ac4ac695c6f3 fbb48a8cdefa432597a686f132bbe02d fc7ca5345f344514b302857ab6c561e7 - - default default] 10.0.0.15 "POST /v2.0/networks HTTP/1.1" status: 201 len: 848 time: 0.7243392
2026-06-28 21:08:43.302 10 WARNING neutron_lib.context [None req-7a54503d-de63-4606-9128-a18ef5c52282 fbb48a8cdefa432597a686f132bbe02d fc7ca5345f344514b302857ab6c561e7 - - default default] Method 'is_advsvc' is deprecated since 2023.2 release (neutron-lib 3.8.0) and will be removed once support for the old RBAC API policies will be removed from Neutron. Please use method 'is_service_role' instead.
2026-06-28 21:08:43.338 10 WARNING neutron_lib.context [None req-7a54503d-de63-4606-9128-a18ef5c52282 fbb48a8cdefa432597a686f132bbe02d fc7ca5345f344514b302857ab6c561e7 - - default default] Method 'is_advsvc' is deprecated since 2023.2 release (neutron-lib 3.8.0) and will be removed once support for the old RBAC API policies will be removed from Neutron. Please use method 'is_service_role' instead.
2026-06-28 21:08:43.368 9 INFO neutron.db.segments_db [None req-b7dc423e-71c5-4276-a948-9a481da2cbe9 ef533376c2464a4ea8b0b53cdfbd7c38 0815b61ee63a4418beb53b2825ea8876 - - default default] Added segment 5cce158d-80ad-4022-9cfb-4cdc956948a5 of type geneve for network 083093cb-ae78-4b4f-8ae9-2652d49481a5
2026-06-28 21:08:43.506 9 INFO neutron.wsgi [None req-65ea0583-1279-4e8f-9822-e33d734e3dbb 34ee6be9c10a4afda40a812b22554e21 b9e6b944daa94b00808699f9f2497a9a - - default default] 10.0.0.15 "DELETE /v2.0/subnets/f81f2712-ef36-42d4-9a1e-f3906ac51098 HTTP/1.1" status: 204 len: 168 time: 0.2965250
2026-06-28 21:08:43.577 9 INFO neutron.db.ovn_revision_numbers_db [None req-b7dc423e-71c5-4276-a948-9a481da2cbe9 ef533376c2464a4ea8b0b53cdfbd7c38 0815b61ee63a4418beb53b2825ea8876 - - default default] Successfully bumped revision number for resource 083093cb-ae78-4b4f-8ae9-2652d49481a5 (type: networks) to 1
2026-06-28 21:08:43.801 9 WARNING neutron.scheduler.dhcp_agent_scheduler [None req-b7dc423e-71c5-4276-a948-9a481da2cbe9 ef533376c2464a4ea8b0b53cdfbd7c38 0815b61ee63a4418beb53b2825ea8876 - - default default] No more DHCP agents
2026-06-28 21:08:43.805 9 WARNING neutron.api.rpc.agentnotifiers.dhcp_rpc_agent_api [None req-b7dc423e-71c5-4276-a948-9a481da2cbe9 ef533376c2464a4ea8b0b53cdfbd7c38 0815b61ee63a4418beb53b2825ea8876 - - default default] Unable to schedule network 083093cb-ae78-4b4f-8ae9-2652d49481a5: no agents available; will retry on subsequent port and subnet creation events.
2026-06-28 21:08:43.885 10 WARNING neutron.scheduler.dhcp_agent_scheduler [None req-7a54503d-de63-4606-9128-a18ef5c52282 fbb48a8cdefa432597a686f132bbe02d fc7ca5345f344514b302857ab6c561e7 - - default default] No more DHCP agents
2026-06-28 21:08:43.891 10 WARNING neutron.api.rpc.agentnotifiers.dhcp_rpc_agent_api [None req-7a54503d-de63-4606-9128-a18ef5c52282 fbb48a8cdefa432597a686f132bbe02d fc7ca5345f344514b302857ab6c561e7 - - default default] Unable to schedule network be8b950f-a72e-4998-8663-f2c2b4cd38e0: no agents available; will retry on subsequent port and subnet creation events.
2026-06-28 21:08:43.914 9 INFO neutron.db.ovn_revision_numbers_db [None req-b7dc423e-71c5-4276-a948-9a481da2cbe9 ef533376c2464a4ea8b0b53cdfbd7c38 0815b61ee63a4418beb53b2825ea8876 - - default default] Successfully bumped revision number for resource 9a4a4aeb-afc2-4714-af5d-221c47542195 (type: ports) to 1 /var/lib/openstack/lib/python3.10/site-packages/pycadf/identifier.py:71: UserWarning: Invalid uuid: neutron. To ensure interoperability, identifiers should be a valid uuid. warnings.warn(('Invalid uuid: %s. To ensure interoperability, '
2026-06-28 21:08:43.923 10 INFO neutron.wsgi [None req-4812bbf4-d377-4007-af65-d0dfd1971f41 3fea811c5e4d4430b571869637ed159f accc9cb351074867baa665efc77b97e3 - - default default] 10.0.0.15 "GET /v2.0/extensions HTTP/1.1" status: 200 len: 18678 time: 0.1920435
2026-06-28 21:08:43.936 9 INFO neutron.wsgi [None req-9e4f73ce-25a1-4d67-990e-4e002e48ec3c 3fea811c5e4d4430b571869637ed159f accc9cb351074867baa665efc77b97e3 - - default default] 10.0.0.15 "GET /v2.0/extensions/address-group HTTP/1.1" status: 200 len: 353 time: 0.0056889
2026-06-28 21:08:43.943 9 INFO neutron.wsgi [None req-b7dc423e-71c5-4276-a948-9a481da2cbe9 ef533376c2464a4ea8b0b53cdfbd7c38 0815b61ee63a4418beb53b2825ea8876 - - default default] 10.0.0.15 "POST /v2.0/networks HTTP/1.1" status: 201 len: 836 time: 0.7408376
2026-06-28 21:08:43.948 9 INFO neutron.wsgi [None req-2b65f9f3-374c-48c1-bc66-0a457aa39871 3fea811c5e4d4430b571869637ed159f accc9cb351074867baa665efc77b97e3 - - default default] 10.0.0.15 "GET /v2.0/extensions/address-scope HTTP/1.1" status: 200 len: 357 time: 0.0073724
2026-06-28 21:08:43.954 9 WARNING neutron_lib.context [None req-21e76d88-04df-462b-92a2-958b34b9e71c ef533376c2464a4ea8b0b53cdfbd7c38 0815b61ee63a4418beb53b2825ea8876 - - default default] Method 'is_advsvc' is deprecated since 2023.2 release (neutron-lib 3.8.0) and will be removed once support for the old RBAC API policies will be removed from Neutron. Please use method 'is_service_role' instead.
2026-06-28 21:08:43.961 10 INFO neutron.services.segments.plugin [-] Segment 229dd3be-58df-4c03-a202-52667869d120 resource provider aggregate not found
2026-06-28 21:08:43.966 10 INFO neutron.services.segments.plugin [-] Segment 229dd3be-58df-4c03-a202-52667869d120 resource provider aggregate not found
2026-06-28 21:08:43.976 10 INFO neutron.wsgi [None req-05abd078-4c9a-439e-b23c-fb24707ed9f8 3fea811c5e4d4430b571869637ed159f accc9cb351074867baa665efc77b97e3 - - default default] 10.0.0.15 "GET /v2.0/extensions/agent HTTP/1.1" status: 200 len: 347 time: 0.0169728
2026-06-28 21:08:43.984 10 INFO neutron.services.segments.plugin [-] Segment 229dd3be-58df-4c03-a202-52667869d120 resource provider not found; error: Placement Client Error (4xx): {"errors": [{"status": 404, "title": "Not Found", "detail": "The resource could not be found.\n\n No resource provider with uuid 229dd3be-58df-4c03-a202-52667869d120 found for delete ", "request_id": "req-11e6e656-5549-47ad-af0c-de9e183d99fd"}]}
2026-06-28 21:08:43.991 9 INFO neutron.wsgi [None req-6986f56c-15a2-4974-83cc-3f58f407249e 3fea811c5e4d4430b571869637ed159f accc9cb351074867baa665efc77b97e3 - - default default] 10.0.0.15 "GET /v2.0/extensions/allowed-address-pairs HTTP/1.1" status: 200 len: 378 time: 0.0079398
2026-06-28 21:08:43.992 10 INFO neutron.services.segments.plugin [-] Segment 229dd3be-58df-4c03-a202-52667869d120 resource provider not found; error: Placement Client Error (4xx): {"errors": [{"status": 404, "title": "Not Found", "detail": "The resource could not be found.\n\n No resource provider with uuid 229dd3be-58df-4c03-a202-52667869d120 found for delete ", "request_id": "req-0567cfa7-178d-44fa-b800-a4df0692949e"}]}
2026-06-28 21:08:44.008 10 INFO neutron.wsgi [None req-6e2e8268-8200-4574-b8f7-f9ae636a5ed8 3fea811c5e4d4430b571869637ed159f accc9cb351074867baa665efc77b97e3 - - default default] 10.0.0.15 "GET /v2.0/extensions/auto-allocated-topology HTTP/1.1" status: 200 len: 394 time: 0.0058060
2026-06-28 21:08:44.022 9 INFO neutron.wsgi [None req-3576379e-4616-4e98-ab5d-74b5e783e730 3fea811c5e4d4430b571869637ed159f accc9cb351074867baa665efc77b97e3 - - default default] 10.0.0.15 "GET /v2.0/extensions/availability_zone HTTP/1.1" status: 200 len: 372 time: 0.0090308
2026-06-28 21:08:44.028 10 INFO neutron.wsgi [None req-303e2a71-faf9-4cd0-9e37-200b216ae17f 34ee6be9c10a4afda40a812b22554e21 b9e6b944daa94b00808699f9f2497a9a - - default default] 10.0.0.15 "DELETE /v2.0/networks/4428b2f4-9715-42a8-b8ac-3fcd5e77de8f HTTP/1.1" status: 204 len: 168 time: 0.5155737
2026-06-28 21:08:44.031 9 INFO neutron.wsgi [None req-f5dda657-2b89-4fba-b4bd-ab18303f599d 3fea811c5e4d4430b571869637ed159f accc9cb351074867baa665efc77b97e3 - - default default] 10.0.0.15 "GET /v2.0/extensions/default-subnetpools HTTP/1.1" status: 200 len: 405 time: 0.0047975
2026-06-28 21:08:44.040 10 INFO neutron.wsgi [None req-3834845c-a163-4598-b9c5-4fcf130fa904 3fea811c5e4d4430b571869637ed159f accc9cb351074867baa665efc77b97e3 - - default default] 10.0.0.15 "GET /v2.0/extensions/dhcp_agent_scheduler HTTP/1.1" status: 200 len: 381 time: 0.0047350
2026-06-28 21:08:44.041 10 INFO neutron.db.ovn_revision_numbers_db [None req-7a54503d-de63-4606-9128-a18ef5c52282 fbb48a8cdefa432597a686f132bbe02d fc7ca5345f344514b302857ab6c561e7 - - default default] Successfully bumped revision number for resource 2eb080e4-9e49-4523-a487-4c39dec49bff (type: ports) to 1
2026-06-28 21:08:44.057 9 INFO neutron.wsgi [None req-cc52b9c6-e819-49df-a6a1-faa3a7748ec0 3fea811c5e4d4430b571869637ed159f accc9cb351074867baa665efc77b97e3 - - default default] 10.0.0.15 "GET /v2.0/extensions/dns-integration HTTP/1.1" status: 200 len: 366 time: 0.0120618
2026-06-28 21:08:44.068 10 INFO neutron.wsgi [None req-08f46936-9968-4b49-a596-f40381f74771 3fea811c5e4d4430b571869637ed159f accc9cb351074867baa665efc77b97e3 - - default default] 10.0.0.15 "GET /v2.0/extensions/dns-domain-ports HTTP/1.1" status: 200 len: 399 time: 0.0043368
2026-06-28 21:08:44.082 10 INFO neutron.wsgi [None req-1a514894-189b-40b1-8fcd-b70039636ee6 3fea811c5e4d4430b571869637ed159f accc9cb351074867baa665efc77b97e3 - - default default] 10.0.0.15 "GET /v2.0/extensions/dns-integration-domain-keywords HTTP/1.1" status: 200 len: 477 time: 0.0084660
2026-06-28 21:08:44.083 10 WARNING neutron.scheduler.dhcp_agent_scheduler [None req-7a54503d-de63-4606-9128-a18ef5c52282 fbb48a8cdefa432597a686f132bbe02d fc7ca5345f344514b302857ab6c561e7 - - default default] No more DHCP agents
2026-06-28 21:08:44.085 10 WARNING neutron.api.rpc.agentnotifiers.dhcp_rpc_agent_api [None req-7a54503d-de63-4606-9128-a18ef5c52282 fbb48a8cdefa432597a686f132bbe02d fc7ca5345f344514b302857ab6c561e7 - - default default] Unable to schedule network 88c89b42-4074-4b0f-809a-5f2f3a672710: no agents available; will retry on subsequent port and subnet creation events. /var/lib/openstack/lib/python3.10/site-packages/pycadf/identifier.py:71: UserWarning: Invalid uuid: neutron. To ensure interoperability, identifiers should be a valid uuid. warnings.warn(('Invalid uuid: %s. To ensure interoperability, '
2026-06-28 21:08:44.094 10 INFO neutron.wsgi [None req-37da7c50-3344-4bba-9b81-6f3d550eee18 3fea811c5e4d4430b571869637ed159f accc9cb351074867baa665efc77b97e3 - - default default] 10.0.0.15 "GET /v2.0/extensions/empty-string-filtering HTTP/1.1" status: 200 len: 413 time: 0.0058782
2026-06-28 21:08:44.112 9 INFO neutron.wsgi [None req-8933147b-945d-4fda-ae57-490fd4c6e7c9 3fea811c5e4d4430b571869637ed159f accc9cb351074867baa665efc77b97e3 - - default default] 10.0.0.15 "GET /v2.0/extensions/external-net HTTP/1.1" status: 200 len: 394 time: 0.0102026
2026-06-28 21:08:44.129 9 INFO neutron.wsgi [None req-3fc7ab3c-206e-40cd-b35d-d07c9a5085c1 3fea811c5e4d4430b571869637ed159f accc9cb351074867baa665efc77b97e3 - - default default] 10.0.0.15 "GET /v2.0/extensions/extra_dhcp_opt HTTP/1.1" status: 200 len: 498 time: 0.0096865
2026-06-28 21:08:44.144 10 INFO neutron.wsgi [None req-859408d9-4cdc-4132-b82e-cfe655ae9bc2 3fea811c5e4d4430b571869637ed159f accc9cb351074867baa665efc77b97e3 - - default default] 10.0.0.15 "GET /v2.0/extensions/extraroute HTTP/1.1" status: 200 len: 375 time: 0.0067871
2026-06-28 21:08:44.156 10 INFO neutron.wsgi [None req-341178ec-3849-49f5-a8fe-3d7a92fb0447 3fea811c5e4d4430b571869637ed159f accc9cb351074867baa665efc77b97e3 - - default default] 10.0.0.15 "GET /v2.0/extensions/floating-ip-port-forwarding-detail HTTP/1.1" status: 200 len: 465 time: 0.0069048
2026-06-28 21:08:44.167 10 INFO neutron.wsgi [None req-0031a59e-fa7f-4193-b899-cb7d9d785cdd 3fea811c5e4d4430b571869637ed159f accc9cb351074867baa665efc77b97e3 - - default default] 10.0.0.15 "GET /v2.0/extensions/fip-port-details HTTP/1.1" status: 200 len: 406 time: 0.0051708
2026-06-28 21:08:44.189 9 INFO neutron.wsgi [None req-9fb02dac-c89b-4b08-baf5-cafa7ebb98d5 3fea811c5e4d4430b571869637ed159f accc9cb351074867baa665efc77b97e3 - - default default] 10.0.0.15 "GET /v2.0/extensions/flavors HTTP/1.1" status: 200 len: 387 time: 0.0108435
2026-06-28 21:08:44.198 10 INFO neutron.wsgi [None req-b918e789-f42d-49d5-a457-0383d1006559 3fea811c5e4d4430b571869637ed159f accc9cb351074867baa665efc77b97e3 - - default default] 10.0.0.15 "GET /v2.0/extensions/floatingip-pools HTTP/1.1" status: 200 len: 382 time: 0.0058656
2026-06-28 21:08:44.199 10 INFO neutron.db.ovn_revision_numbers_db [None req-7a54503d-de63-4606-9128-a18ef5c52282 fbb48a8cdefa432597a686f132bbe02d fc7ca5345f344514b302857ab6c561e7 - - default default] Successfully bumped revision number for resource 68cf553b-3092-4226-be82-cd49722d06e6 (type: ports) to 1
2026-06-28 21:08:44.209 10 INFO neutron.wsgi [None req-8c75cea5-24b1-4945-a5ba-293c010c77cd 3fea811c5e4d4430b571869637ed159f accc9cb351074867baa665efc77b97e3 - - default default] 10.0.0.15 "GET /v2.0/extensions/ip_allocation HTTP/1.1" status: 200 len: 356 time: 0.0044699
2026-06-28 21:08:44.219 9 INFO neutron.wsgi [None req-4888845f-92be-4349-8bb8-9bf4b240bf43 3fea811c5e4d4430b571869637ed159f accc9cb351074867baa665efc77b97e3 - - default default] 10.0.0.15 "GET /v2.0/extensions/l2_adjacency HTTP/1.1" status: 200 len: 372 time: 0.0067258
2026-06-28 21:08:44.228 10 INFO neutron.wsgi [None req-faa0b674-e601-4c63-ab24-41ddc945c94d 3fea811c5e4d4430b571869637ed159f accc9cb351074867baa665efc77b97e3 - - default default] 10.0.0.15 "GET /v2.0/extensions/router HTTP/1.1" status: 200 len: 450 time: 0.0051441
2026-06-28 21:08:44.238 10 INFO neutron.wsgi [None req-0bbadcd1-f559-4eb3-84ca-53bbed4e45e7 3fea811c5e4d4430b571869637ed159f accc9cb351074867baa665efc77b97e3 - - default default] 10.0.0.15 "GET /v2.0/extensions/enable-default-route-bfd HTTP/1.1" status: 200 len: 406 time: 0.0051947
2026-06-28 21:08:44.242 10 INFO neutron.wsgi [None req-7a54503d-de63-4606-9128-a18ef5c52282 fbb48a8cdefa432597a686f132bbe02d fc7ca5345f344514b302857ab6c561e7 - - default default] 10.0.0.15 "POST /v2.0/ports HTTP/1.1" status: 201 len: 1706 time: 0.9445484
2026-06-28 21:08:44.250 9 INFO neutron.wsgi [None req-c7f4aeca-2639-4907-bb85-0d47bf0245db 3fea811c5e4d4430b571869637ed159f accc9cb351074867baa665efc77b97e3 - - default default] 10.0.0.15 "GET /v2.0/extensions/enable-default-route-ecmp HTTP/1.1" status: 200 len: 409 time: 0.0060656
2026-06-28 21:08:44.259 10 INFO neutron.wsgi [None req-7f1b436f-2d0f-4d40-8039-adeb4e9c28ff 3fea811c5e4d4430b571869637ed159f accc9cb351074867baa665efc77b97e3 - - default default] 10.0.0.15 "GET /v2.0/extensions/ext-gw-mode HTTP/1.1" status: 200 len: 462 time: 0.0058482
2026-06-28 21:08:44.279 9 INFO neutron.wsgi [None req-19e97688-8a39-4c14-abba-8fb200ed2569 3fea811c5e4d4430b571869637ed159f accc9cb351074867baa665efc77b97e3 - - default default] 10.0.0.15 "GET /v2.0/extensions/l3-ha HTTP/1.1" status: 200 len: 360 time: 0.0119417
2026-06-28 21:08:44.297 9 INFO neutron.wsgi [None req-5f622a7d-9fa8-4647-9a03-a889fde84649 3fea811c5e4d4430b571869637ed159f accc9cb351074867baa665efc77b97e3 - - default default] 10.0.0.15 "GET /v2.0/extensions/external-gateway-multihoming HTTP/1.1" status: 200 len: 421 time: 0.0072129
2026-06-28 21:08:44.311 9 INFO neutron.wsgi [None req-440ad760-c773-4dd7-9729-dcef3a2e59b5 3fea811c5e4d4430b571869637ed159f accc9cb351074867baa665efc77b97e3 - - default default] 10.0.0.15 "GET /v2.0/extensions/l3-flavors HTTP/1.1" status: 200 len: 366 time: 0.0075073
2026-06-28 21:08:44.323 9 INFO neutron.wsgi [None req-c06a6420-d67c-46a7-b22c-3a8ceb289c92 3fea811c5e4d4430b571869637ed159f accc9cb351074867baa665efc77b97e3 - - default default] 10.0.0.15 "GET /v2.0/extensions/logging HTTP/1.1" status: 200 len: 407 time: 0.0066674
2026-06-28 21:08:44.334 9 INFO neutron.wsgi [None req-4b8bf9b8-3d51-4043-ac4d-59157874c2c0 3fea811c5e4d4430b571869637ed159f accc9cb351074867baa665efc77b97e3 - - default default] 10.0.0.15 "GET /v2.0/extensions/multi-provider HTTP/1.1" status: 200 len: 406 time: 0.0049987
2026-06-28 21:08:44.346 9 INFO neutron.wsgi [None req-c4ae9c63-effe-4d5f-b5e5-f79f1ffaafe1 3fea811c5e4d4430b571869637ed159f accc9cb351074867baa665efc77b97e3 - - default default] 10.0.0.15 "GET /v2.0/extensions/net-mtu HTTP/1.1" status: 200 len: 370 time: 0.0049281
2026-06-28 21:08:44.370 9 INFO neutron.wsgi [None req-98c21b89-d807-4e4c-a222-399577c632d9 3fea811c5e4d4430b571869637ed159f accc9cb351074867baa665efc77b97e3 - - default default] 10.0.0.15 "GET /v2.0/extensions/net-mtu-writable HTTP/1.1" status: 200 len: 401 time: 0.0067410
2026-06-28 21:08:44.383 9 WARNING neutron.scheduler.dhcp_agent_scheduler [None req-21e76d88-04df-462b-92a2-958b34b9e71c ef533376c2464a4ea8b0b53cdfbd7c38 0815b61ee63a4418beb53b2825ea8876 - - default default] No more DHCP agents
2026-06-28 21:08:44.389 9 INFO neutron.wsgi [None req-9fab65b9-5020-4723-86c2-ce7127964587 3fea811c5e4d4430b571869637ed159f accc9cb351074867baa665efc77b97e3 - - default default] 10.0.0.15 "GET /v2.0/extensions/network_availability_zone HTTP/1.1" status: 200 len: 394 time: 0.0089965
2026-06-28 21:08:44.392 9 WARNING neutron.api.rpc.agentnotifiers.dhcp_rpc_agent_api [None req-21e76d88-04df-462b-92a2-958b34b9e71c ef533376c2464a4ea8b0b53cdfbd7c38 0815b61ee63a4418beb53b2825ea8876 - - default default] Unable to schedule network 083093cb-ae78-4b4f-8ae9-2652d49481a5: no agents available; will retry on subsequent port and subnet creation events.
2026-06-28 21:08:44.419 9 INFO neutron.wsgi [None req-c406c468-3471-49eb-b823-3c360369fb50 3fea811c5e4d4430b571869637ed159f accc9cb351074867baa665efc77b97e3 - - default default] 10.0.0.15 "GET /v2.0/extensions/network-ip-availability HTTP/1.1" status: 200 len: 410 time: 0.0173593
2026-06-28 21:08:44.433 9 INFO neutron.wsgi [None req-d7b68958-d229-422b-91bb-fcc460497241 3fea811c5e4d4430b571869637ed159f accc9cb351074867baa665efc77b97e3 - - default default] 10.0.0.15 "GET /v2.0/extensions/pagination HTTP/1.1" status: 200 len: 386 time: 0.0049767
2026-06-28 21:08:44.444 9 INFO neutron.wsgi [None req-87b78238-9bcd-4869-a802-c5e6ddaaa5a0 3fea811c5e4d4430b571869637ed159f accc9cb351074867baa665efc77b97e3 - - default default] 10.0.0.15 "GET /v2.0/extensions/port-device-profile HTTP/1.1" status: 200 len: 383 time: 0.0054519
2026-06-28 21:08:44.463 9 INFO neutron.wsgi [None req-6910d7bb-6a67-41a7-904c-e0abc3f8b402 3fea811c5e4d4430b571869637ed159f accc9cb351074867baa665efc77b97e3 - - default default] 10.0.0.15 "GET /v2.0/extensions/port-mac-address-regenerate HTTP/1.1" status: 200 len: 403 time: 0.0143657
2026-06-28 21:08:44.475 9 INFO neutron.wsgi [None req-4d7bb81f-0bf3-4a69-8e7c-55c15cc32360 3fea811c5e4d4430b571869637ed159f accc9cb351074867baa665efc77b97e3 - - default default] 10.0.0.15 "GET /v2.0/extensions/port-numa-affinity-policy HTTP/1.1" status: 200 len: 392 time: 0.0041487
2026-06-28 21:08:44.490 9 INFO neutron.wsgi [None req-7bfd2383-4435-44dd-868a-90abc464b846 3fea811c5e4d4430b571869637ed159f accc9cb351074867baa665efc77b97e3 - - default default] 10.0.0.15 "GET /v2.0/extensions/port-resource-request HTTP/1.1" status: 200 len: 379 time: 0.0054109
2026-06-28 21:08:44.501 9 INFO neutron.wsgi [None req-835c11d0-ace4-405a-ba4c-d6ba321dc48f 3fea811c5e4d4430b571869637ed159f accc9cb351074867baa665efc77b97e3 - - default default] 10.0.0.15 "GET /v2.0/extensions/port-resource-request-groups HTTP/1.1" status: 200 len: 465 time: 0.0047395
2026-06-28 21:08:44.510 10 INFO neutron.wsgi [None req-f0975ede-bacc-4850-a49b-5001d81f8722 3fea811c5e4d4430b571869637ed159f accc9cb351074867baa665efc77b97e3 - - default default] 10.0.0.15 "GET /v2.0/extensions/binding HTTP/1.1" status: 200 len: 387 time: 0.0044663
2026-06-28 21:08:44.522 9 INFO neutron.wsgi [None req-ed545121-ad82-462d-8934-550b0b77a5cd 3fea811c5e4d4430b571869637ed159f accc9cb351074867baa665efc77b97e3 - - default default] 10.0.0.15 "GET /v2.0/extensions/binding-extended HTTP/1.1" status: 200 len: 406 time: 0.0079236
2026-06-28 21:08:44.531 9 INFO neutron.wsgi [None req-5409acc7-3f49-4b49-a876-63bb3f5746a9 3fea811c5e4d4430b571869637ed159f accc9cb351074867baa665efc77b97e3 - - default default] 10.0.0.15 "GET /v2.0/extensions/port-security HTTP/1.1" status: 200 len: 354 time: 0.0043747
2026-06-28 21:08:44.543 10 INFO neutron.wsgi [None req-9aa946c9-1db2-4977-81d7-3154aececf5b 3fea811c5e4d4430b571869637ed159f accc9cb351074867baa665efc77b97e3 - - default default] 10.0.0.15 "GET /v2.0/extensions/project-id HTTP/1.1" status: 200 len: 398 time: 0.0076416
2026-06-28 21:08:44.551 10 INFO neutron.wsgi [None req-00398581-57ff-4f82-b111-939ce29a9ad3 3fea811c5e4d4430b571869637ed159f accc9cb351074867baa665efc77b97e3 - - default default] 10.0.0.15 "GET /v2.0/extensions/provider HTTP/1.1" status: 200 len: 385 time: 0.0043960
2026-06-28 21:08:44.566 9 INFO neutron.wsgi [None req-c35b6fa2-3104-4349-bf98-c66dbbe94d6f 3fea811c5e4d4430b571869637ed159f accc9cb351074867baa665efc77b97e3 - - default default] 10.0.0.15 "GET /v2.0/extensions/qos HTTP/1.1" status: 200 len: 360 time: 0.0065322
2026-06-28 21:08:44.577 9 INFO neutron.wsgi [None req-b7cad2e5-f26c-4caa-8095-6dba960291da 3fea811c5e4d4430b571869637ed159f accc9cb351074867baa665efc77b97e3 - - default default] 10.0.0.15 "GET /v2.0/extensions/qos-bw-limit-direction HTTP/1.1" status: 200 len: 452 time: 0.0068622
2026-06-28 21:08:44.587 10 INFO neutron.wsgi [None req-57fc1328-9d22-4f9d-9bbf-20a091de7b40 3fea811c5e4d4430b571869637ed159f accc9cb351074867baa665efc77b97e3 - - default default] 10.0.0.15 "GET /v2.0/extensions/qos-bw-minimum-ingress HTTP/1.1" status: 200 len: 445 time: 0.0058672
2026-06-28 21:08:44.599 10 INFO neutron.wsgi [None req-279e09fe-9070-432c-a18b-258ed7361a52 3fea811c5e4d4430b571869637ed159f accc9cb351074867baa665efc77b97e3 - - default default] 10.0.0.15 "GET /v2.0/extensions/qos-default HTTP/1.1" status: 200 len: 377 time: 0.0060089
2026-06-28 21:08:44.607 10 INFO neutron.wsgi [None req-f37fa207-b123-42f8-9a3b-324fbdd037b6 fbb48a8cdefa432597a686f132bbe02d fc7ca5345f344514b302857ab6c561e7 - - default default] 10.0.0.15 "GET /v2.0/ports HTTP/1.1" status: 200 len: 3213 time: 0.3602979
2026-06-28 21:08:44.613 10 INFO neutron.wsgi [None req-85fef5cc-2389-4504-aca3-0e7b4a9a596b 3fea811c5e4d4430b571869637ed159f accc9cb351074867baa665efc77b97e3 - - default default] 10.0.0.15 "GET /v2.0/extensions/qos-fip HTTP/1.1" status: 200 len: 372 time: 0.0043817
2026-06-28 21:08:44.623 10 INFO neutron.wsgi [None req-d02abe3e-4c47-43bd-8e61-e9f27514a8ae 3fea811c5e4d4430b571869637ed159f accc9cb351074867baa665efc77b97e3 - - default default] 10.0.0.15 "GET /v2.0/extensions/qos-gateway-ip HTTP/1.1" status: 200 len: 391 time: 0.0053637
2026-06-28 21:08:44.640 10 INFO neutron.wsgi [None req-78158d26-9a79-4155-b93f-b818c41415d4 3fea811c5e4d4430b571869637ed159f accc9cb351074867baa665efc77b97e3 - - default default] 10.0.0.15 "GET /v2.0/extensions/qos-port-network-policy HTTP/1.1" status: 200 len: 403 time: 0.0067565
2026-06-28 21:08:44.650 10 INFO neutron.wsgi [None req-177b7f9f-b46e-4257-9578-c609f82bb3ca 3fea811c5e4d4430b571869637ed159f accc9cb351074867baa665efc77b97e3 - - default default] 10.0.0.15 "GET /v2.0/extensions/qos-pps-minimum HTTP/1.1" status: 200 len: 397 time: 0.0049281
2026-06-28 21:08:44.659 10 INFO neutron.wsgi [None req-c3f7a1cf-ce83-4ec1-b8f0-4f48a811f1c4 3fea811c5e4d4430b571869637ed159f accc9cb351074867baa665efc77b97e3 - - default default] 10.0.0.15 "GET /v2.0/extensions/qos-pps-minimum-rule-alias HTTP/1.1" status: 200 len: 471 time: 0.0044734
2026-06-28 21:08:44.667 10 INFO neutron.wsgi [None req-b42a0812-b687-4275-bfb3-07dd9570860c 3fea811c5e4d4430b571869637ed159f accc9cb351074867baa665efc77b97e3 - - default default] 10.0.0.15 "GET /v2.0/extensions/qos-pps HTTP/1.1" status: 200 len: 389 time: 0.0044408
2026-06-28 21:08:44.675 10 INFO neutron.wsgi [None req-cc275357-72fd-4e9f-b43c-8eeb089e7de9 3fea811c5e4d4430b571869637ed159f accc9cb351074867baa665efc77b97e3 - - default default] 10.0.0.15 "GET /v2.0/extensions/qos-rule-type-details HTTP/1.1" status: 200 len: 423 time: 0.0042324
2026-06-28 21:08:44.687 10 INFO neutron.wsgi [None req-57507a47-5834-4cd0-8ac5-55dd40153746 3fea811c5e4d4430b571869637ed159f accc9cb351074867baa665efc77b97e3 - - default default] 10.0.0.15 "GET /v2.0/extensions/qos-rule-type-filter HTTP/1.1" status: 200 len: 567 time: 0.0078788
2026-06-28 21:08:44.695 10 INFO neutron.wsgi [None req-36006691-a0b9-42be-8ab8-98746ee72c0b 3fea811c5e4d4430b571869637ed159f accc9cb351074867baa665efc77b97e3 - - default default] 10.0.0.15 "GET /v2.0/extensions/qos-rules-alias HTTP/1.1" status: 200 len: 448 time: 0.0033798
2026-06-28 21:08:44.704 10 INFO neutron.wsgi [None req-c5ca9cdb-c0e0-47bd-9249-950ea69f428d 3fea811c5e4d4430b571869637ed159f accc9cb351074867baa665efc77b97e3 - - default default] 10.0.0.15 "GET /v2.0/extensions/quota-check-limit HTTP/1.1" status: 200 len: 420 time: 0.0042596
2026-06-28 21:08:44.712 10 INFO neutron.wsgi [None req-1a7add5c-e38c-4ee7-8933-080616e0ddfd 3fea811c5e4d4430b571869637ed159f accc9cb351074867baa665efc77b97e3 - - default default] 10.0.0.15 "GET /v2.0/extensions/quotas HTTP/1.1" status: 200 len: 386 time: 0.0045087
