2026-06-28 21:06:58.041 10 INFO neutron.db.ovn_revision_numbers_db [None req-5b8b4665-6980-4c14-8b4d-747b24599273 d2eef338a29041b2b00b37c432379f8d 74c328985d2d4a5b976a3c9bf55900a5 - - default default] Successfully bumped revision number for resource ae8c52c7-33d4-4484-a430-8149bf918f1d (type: ports) to 1
2026-06-28 21:06:58.060 9 INFO neutron.db.ovn_revision_numbers_db [None req-af802c95-f15f-4dd4-a4a3-11e25de081b5 - - - - - -] Successfully bumped revision number for resource 11b96fa4-7a0e-49d6-8cc0-6309b01422d0 (type: ports) to 4
2026-06-28 21:06:58.152 9 INFO neutron.db.ovn_revision_numbers_db [None req-c89348fc-ca73-47d6-ae10-7427ca287f4e d2eef338a29041b2b00b37c432379f8d 74c328985d2d4a5b976a3c9bf55900a5 - - default default] Successfully bumped revision number for resource 61975644-67b1-4e06-a12e-069450510e80 (type: ports) to 1
2026-06-28 21:06:58.268 9 INFO neutron.plugins.ml2.drivers.ovn.mech_driver.mech_driver [None req-bc6461f3-1275-43a0-91fe-a76c0f325952 - - - - - -] OVN reports status up for port: a13d9fa8-0eef-41f4-bda8-edd36b33c5f6
2026-06-28 21:06:58.268 10 INFO neutron.db.ovn_revision_numbers_db [None req-fdd7ce79-3845-4fe0-b6cc-e949185f39b6 d2eef338a29041b2b00b37c432379f8d 74c328985d2d4a5b976a3c9bf55900a5 - - default default] Successfully bumped revision number for resource 0a18088d-6de6-48d9-95b8-b67d7c127083 (type: ports) to 2
2026-06-28 21:06:58.279 9 WARNING neutron.scheduler.dhcp_agent_scheduler [None req-c89348fc-ca73-47d6-ae10-7427ca287f4e d2eef338a29041b2b00b37c432379f8d 74c328985d2d4a5b976a3c9bf55900a5 - - default default] No more DHCP agents
2026-06-28 21:06:58.281 9 WARNING neutron.api.rpc.agentnotifiers.dhcp_rpc_agent_api [None req-c89348fc-ca73-47d6-ae10-7427ca287f4e d2eef338a29041b2b00b37c432379f8d 74c328985d2d4a5b976a3c9bf55900a5 - - default default] Unable to schedule network 5cfaa844-126a-4097-a6cb-1e83df493130: no agents available; will retry on subsequent port and subnet creation events.
2026-06-28 21:06:58.346 10 WARNING neutron.scheduler.dhcp_agent_scheduler [None req-5b8b4665-6980-4c14-8b4d-747b24599273 d2eef338a29041b2b00b37c432379f8d 74c328985d2d4a5b976a3c9bf55900a5 - - default default] No more DHCP agents
2026-06-28 21:06:58.360 10 WARNING neutron.api.rpc.agentnotifiers.dhcp_rpc_agent_api [None req-5b8b4665-6980-4c14-8b4d-747b24599273 d2eef338a29041b2b00b37c432379f8d 74c328985d2d4a5b976a3c9bf55900a5 - - default default] Unable to schedule network 912a219b-8959-4288-ae92-76bfcb5a02c9: no agents available; will retry on subsequent port and subnet creation events.
2026-06-28 21:06:58.363 10 INFO neutron.db.ovn_revision_numbers_db [None req-fdd7ce79-3845-4fe0-b6cc-e949185f39b6 d2eef338a29041b2b00b37c432379f8d 74c328985d2d4a5b976a3c9bf55900a5 - - default default] Successfully bumped revision number for resource bbee9c6c-87d7-4109-b75a-2837bd9f3a8c (type: subnets) to 0
2026-06-28 21:06:58.401 10 INFO neutron.wsgi [None req-fdd7ce79-3845-4fe0-b6cc-e949185f39b6 d2eef338a29041b2b00b37c432379f8d 74c328985d2d4a5b976a3c9bf55900a5 - - default default] 10.0.0.15 "POST /v2.0/subnets HTTP/1.1" status: 201 len: 866 time: 1.8936222
2026-06-28 21:06:58.405 10 ERROR ovsdbapp.backend.ovs_idl.command [None req-d05f5319-5039-480c-83b1-87f48be2708e d2eef338a29041b2b00b37c432379f8d 74c328985d2d4a5b976a3c9bf55900a5 - - default default] Error executing command (DbGetCommand): ovsdbapp.backend.ovs_idl.idlutils.RowNotFound: Cannot find Logical_Router_Port with name=lrp-491bc440-bb88-47d1-a199-1100d67305d3
2026-06-28 21:06:58.405 10 ERROR ovsdbapp.backend.ovs_idl.command
Traceback (most recent call last):
2026-06-28 21:06:58.405 10 ERROR ovsdbapp.backend.ovs_idl.command
File "/var/lib/openstack/lib/python3.10/site-packages/ovsdbapp/backend/ovs_idl/command.py", line 47, in execute
2026-06-28 21:06:58.405 10 ERROR ovsdbapp.backend.ovs_idl.command self.run_idl(None)
2026-06-28 21:06:58.405 10 ERROR ovsdbapp.backend.ovs_idl.command
File "/var/lib/openstack/lib/python3.10/site-packages/ovsdbapp/backend/ovs_idl/command.py", line 235, in run_idl
2026-06-28 21:06:58.405 10 ERROR ovsdbapp.backend.ovs_idl.command record = self.api.lookup(self.table, self.record)
2026-06-28 21:06:58.405 10 ERROR ovsdbapp.backend.ovs_idl.command
File "/var/lib/openstack/lib/python3.10/site-packages/ovsdbapp/backend/ovs_idl/__init__.py", line 184, in lookup
2026-06-28 21:06:58.405 10 ERROR ovsdbapp.backend.ovs_idl.command return self._lookup(table, record)
2026-06-28 21:06:58.405 10 ERROR ovsdbapp.backend.ovs_idl.command
File "/var/lib/openstack/lib/python3.10/site-packages/ovsdbapp/backend/ovs_idl/__init__.py", line 235, in _lookup
2026-06-28 21:06:58.405 10 ERROR ovsdbapp.backend.ovs_idl.command row = idlutils.row_by_value(self, rl.table, rl.column, record)
2026-06-28 21:06:58.405 10 ERROR ovsdbapp.backend.ovs_idl.command
File "/var/lib/openstack/lib/python3.10/site-packages/ovsdbapp/backend/ovs_idl/idlutils.py", line 114, in row_by_value
2026-06-28 21:06:58.405 10 ERROR ovsdbapp.backend.ovs_idl.command raise RowNotFound(table=table, col=column, match=match)
2026-06-28 21:06:58.405 10 ERROR ovsdbapp.backend.ovs_idl.command ovsdbapp.backend.ovs_idl.idlutils.RowNotFound: Cannot find Logical_Router_Port with name=lrp-491bc440-bb88-47d1-a199-1100d67305d3
2026-06-28 21:06:58.405 10 ERROR ovsdbapp.backend.ovs_idl.command 
2026-06-28 21:06:58.405 10 ERROR neutron_lib.callbacks.manager [None req-d05f5319-5039-480c-83b1-87f48be2708e d2eef338a29041b2b00b37c432379f8d 74c328985d2d4a5b976a3c9bf55900a5 - - default default] Error during notification for neutron.services.ovn_l3.plugin.OVNL3RouterPlugin._port_update-8747529712349 port, after_update: ovsdbapp.backend.ovs_idl.idlutils.RowNotFound: Cannot find Logical_Router_Port with name=lrp-491bc440-bb88-47d1-a199-1100d67305d3
2026-06-28 21:06:58.405 10 ERROR neutron_lib.callbacks.manager
Traceback (most recent call last):
2026-06-28 21:06:58.405 10 ERROR neutron_lib.callbacks.manager
File "/var/lib/openstack/lib/python3.10/site-packages/neutron_lib/callbacks/manager.py", line 189, in _notify_loop
2026-06-28 21:06:58.405 10 ERROR neutron_lib.callbacks.manager callback.method(resource, event, trigger, payload=payload)
2026-06-28 21:06:58.405 10 ERROR neutron_lib.callbacks.manager
File "/var/lib/openstack/lib/python3.10/site-packages/neutron/services/ovn_l3/plugin.py", line 391, in _port_update
2026-06-28 21:06:58.405 10 ERROR neutron_lib.callbacks.manager l3plugin._ovn_client.update_router_port(context,
2026-06-28 21:06:58.405 10 ERROR neutron_lib.callbacks.manager
File "/var/lib/openstack/lib/python3.10/site-packages/neutron/plugins/ml2/drivers/ovn/mech_driver/ovsdb/ovn_client.py", line 1878, in update_router_port
2026-06-28 21:06:58.405 10 ERROR neutron_lib.callbacks.manager self._update_lrouter_port(context, port, if_exists=if_exists,
2026-06-28 21:06:58.405 10 ERROR neutron_lib.callbacks.manager
File "/var/lib/openstack/lib/python3.10/site-packages/neutron/plugins/ml2/drivers/ovn/mech_driver/ovsdb/ovn_client.py", line 1855, in _update_lrouter_port
2026-06-28 21:06:58.405 10 ERROR neutron_lib.callbacks.manager external_ids = self._nb_idl.db_get(
2026-06-28 21:06:58.405 10 ERROR neutron_lib.callbacks.manager
File "/var/lib/openstack/lib/python3.10/site-packages/ovsdbapp/backend/ovs_idl/command.py", line 47, in execute
2026-06-28 21:06:58.405 10 ERROR neutron_lib.callbacks.manager self.run_idl(None)
2026-06-28 21:06:58.405 10 ERROR neutron_lib.callbacks.manager
File "/var/lib/openstack/lib/python3.10/site-packages/ovsdbapp/backend/ovs_idl/command.py", line 235, in run_idl
2026-06-28 21:06:58.405 10 ERROR neutron_lib.callbacks.manager record = self.api.lookup(self.table, self.record)
2026-06-28 21:06:58.405 10 ERROR neutron_lib.callbacks.manager
File "/var/lib/openstack/lib/python3.10/site-packages/ovsdbapp/backend/ovs_idl/__init__.py", line 184, in lookup
2026-06-28 21:06:58.405 10 ERROR neutron_lib.callbacks.manager return self._lookup(table, record)
2026-06-28 21:06:58.405 10 ERROR neutron_lib.callbacks.manager
File "/var/lib/openstack/lib/python3.10/site-packages/ovsdbapp/backend/ovs_idl/__init__.py", line 235, in _lookup
2026-06-28 21:06:58.405 10 ERROR neutron_lib.callbacks.manager row = idlutils.row_by_value(self, rl.table, rl.column, record)
2026-06-28 21:06:58.405 10 ERROR neutron_lib.callbacks.manager
File "/var/lib/openstack/lib/python3.10/site-packages/ovsdbapp/backend/ovs_idl/idlutils.py", line 114, in row_by_value
2026-06-28 21:06:58.405 10 ERROR neutron_lib.callbacks.manager raise RowNotFound(table=table, col=column, match=match)
2026-06-28 21:06:58.405 10 ERROR neutron_lib.callbacks.manager ovsdbapp.backend.ovs_idl.idlutils.RowNotFound: Cannot find Logical_Router_Port with name=lrp-491bc440-bb88-47d1-a199-1100d67305d3
2026-06-28 21:06:58.405 10 ERROR neutron_lib.callbacks.manager 
2026-06-28 21:06:58.451 9 INFO neutron.plugins.ml2.plugin [None req-bc6461f3-1275-43a0-91fe-a76c0f325952 - - - - - -] Attempt 1 to provision port a13d9fa8-0eef-41f4-bda8-edd36b33c5f6
2026-06-28 21:06:58.545 9 INFO neutron.db.ovn_revision_numbers_db [None req-af802c95-f15f-4dd4-a4a3-11e25de081b5 - - - - - -] Successfully bumped revision number for resource 11b96fa4-7a0e-49d6-8cc0-6309b01422d0 (type: router_ports) to 4
2026-06-28 21:06:58.588 9 INFO neutron.plugins.ml2.drivers.ovn.mech_driver.ovsdb.ovsdb_monitor [None req-af802c95-f15f-4dd4-a4a3-11e25de081b5 - - - - - -] Router ded37c9a-76e2-472f-81aa-4d1e7124dc59 is bound to host instance
2026-06-28 21:06:58.808 9 INFO neutron.plugins.ml2.drivers.ovn.mech_driver.mech_driver [None req-bc6461f3-1275-43a0-91fe-a76c0f325952 - - - - - -] OVN reports status up for port: 491bc440-bb88-47d1-a199-1100d67305d3
2026-06-28 21:06:58.819 9 INFO neutron.plugins.ml2.plugin [None req-bc6461f3-1275-43a0-91fe-a76c0f325952 - - - - - -] Attempt 1 to provision port 491bc440-bb88-47d1-a199-1100d67305d3
2026-06-28 21:06:59.007 10 INFO neutron.db.ovn_revision_numbers_db [None req-d05f5319-5039-480c-83b1-87f48be2708e d2eef338a29041b2b00b37c432379f8d 74c328985d2d4a5b976a3c9bf55900a5 - - default default] Successfully bumped revision number for resource 491bc440-bb88-47d1-a199-1100d67305d3 (type: ports) to 1
2026-06-28 21:06:59.135 10 INFO neutron.db.ovn_revision_numbers_db [None req-cb8b4ea4-caaf-4349-980b-ed6263d4a8a1 - - - - - -] Successfully bumped revision number for resource a13d9fa8-0eef-41f4-bda8-edd36b33c5f6 (type: ports) to 4
2026-06-28 21:06:59.210 10 WARNING neutron.scheduler.dhcp_agent_scheduler [None req-d05f5319-5039-480c-83b1-87f48be2708e d2eef338a29041b2b00b37c432379f8d 74c328985d2d4a5b976a3c9bf55900a5 - - default default] No more DHCP agents
2026-06-28 21:06:59.219 10 WARNING neutron.api.rpc.agentnotifiers.dhcp_rpc_agent_api [None req-d05f5319-5039-480c-83b1-87f48be2708e d2eef338a29041b2b00b37c432379f8d 74c328985d2d4a5b976a3c9bf55900a5 - - default default] Unable to schedule network 60dfe1e1-f3c4-45c3-9cd2-85f6319dba65: no agents available; will retry on subsequent port and subnet creation events.
2026-06-28 21:06:59.641 9 INFO neutron.db.ovn_revision_numbers_db [None req-c89348fc-ca73-47d6-ae10-7427ca287f4e d2eef338a29041b2b00b37c432379f8d 74c328985d2d4a5b976a3c9bf55900a5 - - default default] Successfully bumped revision number for resource 61975644-67b1-4e06-a12e-069450510e80 (type: router_ports) to 1
2026-06-28 21:06:59.643 9 INFO neutron.db.ovn_revision_numbers_db [None req-bc6461f3-1275-43a0-91fe-a76c0f325952 - - - - - -] Successfully bumped revision number for resource 491bc440-bb88-47d1-a199-1100d67305d3 (type: ports) to 2
2026-06-28 21:06:59.647 9 INFO neutron.wsgi [None req-c89348fc-ca73-47d6-ae10-7427ca287f4e d2eef338a29041b2b00b37c432379f8d 74c328985d2d4a5b976a3c9bf55900a5 - - default default] 10.0.0.15 "PUT /v2.0/routers/ded37c9a-76e2-472f-81aa-4d1e7124dc59/add_router_interface HTTP/1.1" status: 200 len: 503 time: 3.7403052
2026-06-28 21:06:59.735 10 WARNING neutron.scheduler.dhcp_agent_scheduler [None req-18be983f-c5f4-46d8-8681-d2ac7efae4c6 d2eef338a29041b2b00b37c432379f8d 74c328985d2d4a5b976a3c9bf55900a5 - - default default] No more DHCP agents
2026-06-28 21:06:59.766 10 WARNING neutron.api.rpc.agentnotifiers.dhcp_rpc_agent_api [None req-18be983f-c5f4-46d8-8681-d2ac7efae4c6 d2eef338a29041b2b00b37c432379f8d 74c328985d2d4a5b976a3c9bf55900a5 - - default default] Unable to schedule network 627ae799-41e7-4b99-a266-e6819f3efeea: no agents available; will retry on subsequent port and subnet creation events.
2026-06-28 21:06:59.800 9 ERROR ovsdbapp.backend.ovs_idl.command [None req-bc6461f3-1275-43a0-91fe-a76c0f325952 - - - - - -] Error executing command (DbGetCommand): ovsdbapp.backend.ovs_idl.idlutils.RowNotFound: Cannot find Logical_Router_Port with name=lrp-491bc440-bb88-47d1-a199-1100d67305d3
2026-06-28 21:06:59.800 9 ERROR ovsdbapp.backend.ovs_idl.command
Traceback (most recent call last):
2026-06-28 21:06:59.800 9 ERROR ovsdbapp.backend.ovs_idl.command
File "/var/lib/openstack/lib/python3.10/site-packages/ovsdbapp/backend/ovs_idl/command.py", line 47, in execute
2026-06-28 21:06:59.800 9 ERROR ovsdbapp.backend.ovs_idl.command self.run_idl(None)
2026-06-28 21:06:59.800 9 ERROR ovsdbapp.backend.ovs_idl.command
File "/var/lib/openstack/lib/python3.10/site-packages/ovsdbapp/backend/ovs_idl/command.py", line 235, in run_idl
2026-06-28 21:06:59.800 9 ERROR ovsdbapp.backend.ovs_idl.command record = self.api.lookup(self.table, self.record)
2026-06-28 21:06:59.800 9 ERROR ovsdbapp.backend.ovs_idl.command
File "/var/lib/openstack/lib/python3.10/site-packages/ovsdbapp/backend/ovs_idl/__init__.py", line 184, in lookup
2026-06-28 21:06:59.800 9 ERROR ovsdbapp.backend.ovs_idl.command return self._lookup(table, record)
2026-06-28 21:06:59.800 9 ERROR ovsdbapp.backend.ovs_idl.command
File "/var/lib/openstack/lib/python3.10/site-packages/ovsdbapp/backend/ovs_idl/__init__.py", line 235, in _lookup
2026-06-28 21:06:59.800 9 ERROR ovsdbapp.backend.ovs_idl.command row = idlutils.row_by_value(self, rl.table, rl.column, record)
2026-06-28 21:06:59.800 9 ERROR ovsdbapp.backend.ovs_idl.command
File "/var/lib/openstack/lib/python3.10/site-packages/ovsdbapp/backend/ovs_idl/idlutils.py", line 114, in row_by_value
2026-06-28 21:06:59.800 9 ERROR ovsdbapp.backend.ovs_idl.command raise RowNotFound(table=table, col=column, match=match)
2026-06-28 21:06:59.800 9 ERROR ovsdbapp.backend.ovs_idl.command ovsdbapp.backend.ovs_idl.idlutils.RowNotFound: Cannot find Logical_Router_Port with name=lrp-491bc440-bb88-47d1-a199-1100d67305d3
2026-06-28 21:06:59.800 9 ERROR ovsdbapp.backend.ovs_idl.command 
2026-06-28 21:06:59.801 9 ERROR neutron_lib.callbacks.manager [None req-bc6461f3-1275-43a0-91fe-a76c0f325952 - - - - - -] Error during notification for neutron.services.ovn_l3.plugin.OVNL3RouterPlugin._port_update-8747529712349 port, after_update: ovsdbapp.backend.ovs_idl.idlutils.RowNotFound: Cannot find Logical_Router_Port with name=lrp-491bc440-bb88-47d1-a199-1100d67305d3
2026-06-28 21:06:59.801 9 ERROR neutron_lib.callbacks.manager
Traceback (most recent call last):
2026-06-28 21:06:59.801 9 ERROR neutron_lib.callbacks.manager
File "/var/lib/openstack/lib/python3.10/site-packages/neutron_lib/callbacks/manager.py", line 189, in _notify_loop
2026-06-28 21:06:59.801 9 ERROR neutron_lib.callbacks.manager callback.method(resource, event, trigger, payload=payload)
2026-06-28 21:06:59.801 9 ERROR neutron_lib.callbacks.manager
File "/var/lib/openstack/lib/python3.10/site-packages/neutron/services/ovn_l3/plugin.py", line 391, in _port_update
2026-06-28 21:06:59.801 9 ERROR neutron_lib.callbacks.manager l3plugin._ovn_client.update_router_port(context,
2026-06-28 21:06:59.801 9 ERROR neutron_lib.callbacks.manager
File "/var/lib/openstack/lib/python3.10/site-packages/neutron/plugins/ml2/drivers/ovn/mech_driver/ovsdb/ovn_client.py", line 1878, in update_router_port
2026-06-28 21:06:59.801 9 ERROR neutron_lib.callbacks.manager self._update_lrouter_port(context, port, if_exists=if_exists,
2026-06-28 21:06:59.801 9 ERROR neutron_lib.callbacks.manager
File "/var/lib/openstack/lib/python3.10/site-packages/neutron/plugins/ml2/drivers/ovn/mech_driver/ovsdb/ovn_client.py", line 1855, in _update_lrouter_port
2026-06-28 21:06:59.801 9 ERROR neutron_lib.callbacks.manager external_ids = self._nb_idl.db_get(
2026-06-28 21:06:59.801 9 ERROR neutron_lib.callbacks.manager
File "/var/lib/openstack/lib/python3.10/site-packages/ovsdbapp/backend/ovs_idl/command.py", line 47, in execute
2026-06-28 21:06:59.801 9 ERROR neutron_lib.callbacks.manager self.run_idl(None)
2026-06-28 21:06:59.801 9 ERROR neutron_lib.callbacks.manager
File "/var/lib/openstack/lib/python3.10/site-packages/ovsdbapp/backend/ovs_idl/command.py", line 235, in run_idl
2026-06-28 21:06:59.801 9 ERROR neutron_lib.callbacks.manager record = self.api.lookup(self.table, self.record)
2026-06-28 21:06:59.801 9 ERROR neutron_lib.callbacks.manager
File "/var/lib/openstack/lib/python3.10/site-packages/ovsdbapp/backend/ovs_idl/__init__.py", line 184, in lookup
2026-06-28 21:06:59.801 9 ERROR neutron_lib.callbacks.manager return self._lookup(table, record)
2026-06-28 21:06:59.801 9 ERROR neutron_lib.callbacks.manager
File "/var/lib/openstack/lib/python3.10/site-packages/ovsdbapp/backend/ovs_idl/__init__.py", line 235, in _lookup
2026-06-28 21:06:59.801 9 ERROR neutron_lib.callbacks.manager row = idlutils.row_by_value(self, rl.table, rl.column, record)
2026-06-28 21:06:59.801 9 ERROR neutron_lib.callbacks.manager
File "/var/lib/openstack/lib/python3.10/site-packages/ovsdbapp/backend/ovs_idl/idlutils.py", line 114, in row_by_value
2026-06-28 21:06:59.801 9 ERROR neutron_lib.callbacks.manager raise RowNotFound(table=table, col=column, match=match)
2026-06-28 21:06:59.801 9 ERROR neutron_lib.callbacks.manager ovsdbapp.backend.ovs_idl.idlutils.RowNotFound: Cannot find Logical_Router_Port with name=lrp-491bc440-bb88-47d1-a199-1100d67305d3
2026-06-28 21:06:59.801 9 ERROR neutron_lib.callbacks.manager 
2026-06-28 21:06:59.856 9 INFO neutron.db.ovn_revision_numbers_db [None req-af802c95-f15f-4dd4-a4a3-11e25de081b5 - - - - - -] Successfully bumped revision number for resource cb91fb19-25ea-4e61-847b-396a755529ba (type: ports) to 1
2026-06-28 21:06:59.910 10 INFO neutron.db.ovn_revision_numbers_db [None req-cb8b4ea4-caaf-4349-980b-ed6263d4a8a1 - - - - - -] Successfully bumped revision number for resource a13d9fa8-0eef-41f4-bda8-edd36b33c5f6 (type: router_ports) to 4
2026-06-28 21:07:00.096 10 INFO neutron.db.ovn_revision_numbers_db [None req-18be983f-c5f4-46d8-8681-d2ac7efae4c6 d2eef338a29041b2b00b37c432379f8d 74c328985d2d4a5b976a3c9bf55900a5 - - default default] Successfully bumped revision number for resource 86341d60-9016-42db-aebb-57d0500ceceb (type: ports) to 1
2026-06-28 21:07:00.272 10 INFO neutron.db.ovn_revision_numbers_db [None req-5b8b4665-6980-4c14-8b4d-747b24599273 d2eef338a29041b2b00b37c432379f8d 74c328985d2d4a5b976a3c9bf55900a5 - - default default] Successfully bumped revision number for resource ae8c52c7-33d4-4484-a430-8149bf918f1d (type: router_ports) to 1
2026-06-28 21:07:00.278 10 INFO neutron.wsgi [None req-5b8b4665-6980-4c14-8b4d-747b24599273 d2eef338a29041b2b00b37c432379f8d 74c328985d2d4a5b976a3c9bf55900a5 - - default default] 10.0.0.15 "PUT /v2.0/routers/40d77913-345b-41fb-b51f-eb339b18945a/add_router_interface HTTP/1.1" status: 200 len: 503 time: 5.2402632
2026-06-28 21:07:00.449 9 INFO neutron.db.ovn_revision_numbers_db [None req-af802c95-f15f-4dd4-a4a3-11e25de081b5 - - - - - -] Successfully bumped revision number for resource cb91fb19-25ea-4e61-847b-396a755529ba (type: router_ports) to 3
2026-06-28 21:07:00.554 9 WARNING neutron_lib.context [req-b0fee59c-41b0-4fe4-a496-b27d9653984d req-22c4fca6-5943-4dfe-926c-8726f7a979bb 4aab04f1da124f42934fe81cb5df544b f55b47247b124ab1bd2d0834579f5089 - - default default] Method 'is_advsvc' is deprecated since 2023.2 release (neutron-lib 3.8.0) and will be removed once support for the old RBAC API policies will be removed from Neutron. Please use method 'is_service_role' instead.
2026-06-28 21:07:00.692 9 INFO neutron.db.ovn_revision_numbers_db [None req-af802c95-f15f-4dd4-a4a3-11e25de081b5 - - - - - -] Successfully bumped revision number for resource cb91fb19-25ea-4e61-847b-396a755529ba (type: ports) to 2
2026-06-28 21:07:00.719 9 INFO neutron.db.ovn_revision_numbers_db [req-b0fee59c-41b0-4fe4-a496-b27d9653984d req-22c4fca6-5943-4dfe-926c-8726f7a979bb 4aab04f1da124f42934fe81cb5df544b f55b47247b124ab1bd2d0834579f5089 - - default default] Successfully bumped revision number for resource 55b94da3-5a0d-4d41-839a-05fea07aec5a (type: security_groups) to 1
2026-06-28 21:07:00.741 9 INFO neutron.db.ovn_revision_numbers_db [req-b0fee59c-41b0-4fe4-a496-b27d9653984d req-22c4fca6-5943-4dfe-926c-8726f7a979bb 4aab04f1da124f42934fe81cb5df544b f55b47247b124ab1bd2d0834579f5089 - - default default] Successfully bumped revision number for resource b13416ea-d2ad-4875-9e88-81363777bc42 (type: security_group_rules) to 0
2026-06-28 21:07:00.779 9 INFO neutron.db.ovn_revision_numbers_db [req-b0fee59c-41b0-4fe4-a496-b27d9653984d req-22c4fca6-5943-4dfe-926c-8726f7a979bb 4aab04f1da124f42934fe81cb5df544b f55b47247b124ab1bd2d0834579f5089 - - default default] Successfully bumped revision number for resource d5fda846-ce31-4dd0-a1c7-d3154ce0741e (type: security_group_rules) to 0
2026-06-28 21:07:00.802 9 INFO neutron.wsgi [req-b0fee59c-41b0-4fe4-a496-b27d9653984d req-22c4fca6-5943-4dfe-926c-8726f7a979bb 4aab04f1da124f42934fe81cb5df544b f55b47247b124ab1bd2d0834579f5089 - - default default] 10.0.0.146 "POST /v2.0/security-groups HTTP/1.1" status: 201 len: 1890 time: 0.3010678
2026-06-28 21:07:00.866 10 INFO neutron.db.ovn_revision_numbers_db [None req-d05f5319-5039-480c-83b1-87f48be2708e d2eef338a29041b2b00b37c432379f8d 74c328985d2d4a5b976a3c9bf55900a5 - - default default] Successfully bumped revision number for resource 491bc440-bb88-47d1-a199-1100d67305d3 (type: router_ports) to 1
2026-06-28 21:07:00.871 10 INFO neutron.wsgi [None req-d05f5319-5039-480c-83b1-87f48be2708e d2eef338a29041b2b00b37c432379f8d 74c328985d2d4a5b976a3c9bf55900a5 - - default default] 10.0.0.15 "PUT /v2.0/routers/3bf067bf-8eb7-4f6c-9f1e-252049cdc5fe/add_router_interface HTTP/1.1" status: 200 len: 503 time: 5.3189807
2026-06-28 21:07:00.875 9 INFO neutron.wsgi [req-b8736173-6a13-4c9e-b06e-7fd4063ff1d6 req-1e37c134-360f-4f02-b0a7-b8c925aaac64 4aab04f1da124f42934fe81cb5df544b f55b47247b124ab1bd2d0834579f5089 - - default default] 10.0.0.146 "GET /v2.0/security-groups/55b94da3-5a0d-4d41-839a-05fea07aec5a HTTP/1.1" status: 200 len: 1885 time: 0.0380054
2026-06-28 21:07:00.890 9 WARNING neutron_lib.context [req-b8736173-6a13-4c9e-b06e-7fd4063ff1d6 req-9a38313e-80bb-4aca-8f0f-98d01a38b9c1 4aab04f1da124f42934fe81cb5df544b f55b47247b124ab1bd2d0834579f5089 - - default default] Method 'is_advsvc' is deprecated since 2023.2 release (neutron-lib 3.8.0) and will be removed once support for the old RBAC API policies will be removed from Neutron. Please use method 'is_service_role' instead.
2026-06-28 21:07:01.057 10 INFO neutron.plugins.ml2.drivers.ovn.mech_driver.ovsdb.commands [None req-d70cb03b-6988-4b06-aa71-fabb86920f28 - - - - - -] Schedule LRP lrp-86341d60-9016-42db-aebb-57d0500ceceb on gateway 24b08f20-25d3-42e2-bf61-0070493b5c15 with priority 1
2026-06-28 21:07:01.102 9 INFO neutron.db.ovn_revision_numbers_db [req-b8736173-6a13-4c9e-b06e-7fd4063ff1d6 req-9a38313e-80bb-4aca-8f0f-98d01a38b9c1 4aab04f1da124f42934fe81cb5df544b f55b47247b124ab1bd2d0834579f5089 - - default default] Successfully bumped revision number for resource 073e33d5-9aa5-445d-8e10-9a57bf4301a9 (type: security_group_rules) to 0
2026-06-28 21:07:01.110 10 INFO neutron.db.ovn_revision_numbers_db [None req-18be983f-c5f4-46d8-8681-d2ac7efae4c6 d2eef338a29041b2b00b37c432379f8d 74c328985d2d4a5b976a3c9bf55900a5 - - default default] Successfully bumped revision number for resource 86341d60-9016-42db-aebb-57d0500ceceb (type: router_ports) to 1
2026-06-28 21:07:01.129 9 INFO neutron.wsgi [req-b8736173-6a13-4c9e-b06e-7fd4063ff1d6 req-9a38313e-80bb-4aca-8f0f-98d01a38b9c1 4aab04f1da124f42934fe81cb5df544b f55b47247b124ab1bd2d0834579f5089 - - default default] 10.0.0.146 "POST /v2.0/security-group-rules HTTP/1.1" status: 201 len: 818 time: 0.2454896
2026-06-28 21:07:01.130 9 INFO neutron.db.ovn_revision_numbers_db [None req-af802c95-f15f-4dd4-a4a3-11e25de081b5 - - - - - -] Successfully bumped revision number for resource cb91fb19-25ea-4e61-847b-396a755529ba (type: ports) to 4
2026-06-28 21:07:01.130 10 WARNING neutron_lib.context [req-ac0a7105-2ea1-4cae-82f5-04b039078fb4 req-afd32cd5-2b06-4abc-9bf4-c834ee537fb3 e7f69025389641f3bd4f8fc2338832e9 bb8fd6f170db498ba5d00e63bcb1e837 - - default default] Method 'is_advsvc' is deprecated since 2023.2 release (neutron-lib 3.8.0) and will be removed once support for the old RBAC API policies will be removed from Neutron. Please use method 'is_service_role' instead.
2026-06-28 21:07:01.180 9 WARNING neutron_lib.context [req-47135e96-a8a6-4651-a131-04dfc1c8c35e req-343e945f-f360-4582-8ed6-7886573add13 4aab04f1da124f42934fe81cb5df544b f55b47247b124ab1bd2d0834579f5089 - - default default] Method 'is_advsvc' is deprecated since 2023.2 release (neutron-lib 3.8.0) and will be removed once support for the old RBAC API policies will be removed from Neutron. Please use method 'is_service_role' instead.
2026-06-28 21:07:01.199 10 INFO neutron.db.ovn_revision_numbers_db [None req-18be983f-c5f4-46d8-8681-d2ac7efae4c6 d2eef338a29041b2b00b37c432379f8d 74c328985d2d4a5b976a3c9bf55900a5 - - default default] Successfully bumped revision number for resource c73ac251-6227-4094-848f-8c13757a4fbb (type: routers) to 2
2026-06-28 21:07:01.216 10 INFO neutron.wsgi [None req-18be983f-c5f4-46d8-8681-d2ac7efae4c6 d2eef338a29041b2b00b37c432379f8d 74c328985d2d4a5b976a3c9bf55900a5 - - default default] 10.0.0.15 "POST /v2.0/routers HTTP/1.1" status: 201 len: 1168 time: 2.8060632
2026-06-28 21:07:01.265 10 INFO neutron.db.ovn_revision_numbers_db [req-ac0a7105-2ea1-4cae-82f5-04b039078fb4 req-afd32cd5-2b06-4abc-9bf4-c834ee537fb3 e7f69025389641f3bd4f8fc2338832e9 bb8fd6f170db498ba5d00e63bcb1e837 - - default default] Successfully bumped revision number for resource 9563cbd8-f1ce-476e-a20f-03db10dfa4e6 (type: security_groups) to 1
2026-06-28 21:07:01.278 10 INFO neutron.db.ovn_revision_numbers_db [req-ac0a7105-2ea1-4cae-82f5-04b039078fb4 req-afd32cd5-2b06-4abc-9bf4-c834ee537fb3 e7f69025389641f3bd4f8fc2338832e9 bb8fd6f170db498ba5d00e63bcb1e837 - - default default] Successfully bumped revision number for resource 18b4c895-9c8e-46ca-8072-f7d2d13dcab0 (type: security_group_rules) to 0
2026-06-28 21:07:01.291 10 INFO neutron.db.ovn_revision_numbers_db [req-ac0a7105-2ea1-4cae-82f5-04b039078fb4 req-afd32cd5-2b06-4abc-9bf4-c834ee537fb3 e7f69025389641f3bd4f8fc2338832e9 bb8fd6f170db498ba5d00e63bcb1e837 - - default default] Successfully bumped revision number for resource a982dbf0-5360-4b0d-91f0-5bf9361b390e (type: security_group_rules) to 0
2026-06-28 21:07:01.311 10 INFO neutron.wsgi [req-ac0a7105-2ea1-4cae-82f5-04b039078fb4 req-afd32cd5-2b06-4abc-9bf4-c834ee537fb3 e7f69025389641f3bd4f8fc2338832e9 bb8fd6f170db498ba5d00e63bcb1e837 - - default default] 10.0.0.146 "POST /v2.0/security-groups HTTP/1.1" status: 201 len: 1886 time: 0.2454815
2026-06-28 21:07:01.413 10 WARNING neutron_lib.context [None req-1e37607c-f5bf-41b2-98c1-246b9cb4ff04 9f5adc65def7445b98ef9d55b9929c7e 51589db2e668477d8e42b5f8cb9ba580 - - default default] Method 'is_advsvc' is deprecated since 2023.2 release (neutron-lib 3.8.0) and will be removed once support for the old RBAC API policies will be removed from Neutron. Please use method 'is_service_role' instead.
2026-06-28 21:07:01.423 10 WARNING neutron_lib.context [req-68a73df3-e946-407c-999b-fd3f2bb6901d req-0754582d-f7d4-4869-807c-51f2670678cb e7f69025389641f3bd4f8fc2338832e9 bb8fd6f170db498ba5d00e63bcb1e837 - - default default] Method 'is_advsvc' is deprecated since 2023.2 release (neutron-lib 3.8.0) and will be removed once support for the old RBAC API policies will be removed from Neutron. Please use method 'is_service_role' instead.
2026-06-28 21:07:01.441 9 INFO neutron.db.ovn_revision_numbers_db [req-47135e96-a8a6-4651-a131-04dfc1c8c35e req-343e945f-f360-4582-8ed6-7886573add13 4aab04f1da124f42934fe81cb5df544b f55b47247b124ab1bd2d0834579f5089 - - default default] Successfully bumped revision number for resource 3718a579-937b-4e9f-a586-43e021858b57 (type: security_groups) to 1
2026-06-28 21:07:01.470 9 INFO neutron.db.ovn_revision_numbers_db [req-47135e96-a8a6-4651-a131-04dfc1c8c35e req-343e945f-f360-4582-8ed6-7886573add13 4aab04f1da124f42934fe81cb5df544b f55b47247b124ab1bd2d0834579f5089 - - default default] Successfully bumped revision number for resource 44a02f70-e2fd-418a-9d81-ed17112f267d (type: security_group_rules) to 0
2026-06-28 21:07:01.499 9 INFO neutron.db.ovn_revision_numbers_db [req-47135e96-a8a6-4651-a131-04dfc1c8c35e req-343e945f-f360-4582-8ed6-7886573add13 4aab04f1da124f42934fe81cb5df544b f55b47247b124ab1bd2d0834579f5089 - - default default] Successfully bumped revision number for resource 92e73317-5e37-4e1e-824d-70747be5e3a9 (type: security_group_rules) to 0
2026-06-28 21:07:01.531 9 INFO neutron.wsgi [req-47135e96-a8a6-4651-a131-04dfc1c8c35e req-343e945f-f360-4582-8ed6-7886573add13 4aab04f1da124f42934fe81cb5df544b f55b47247b124ab1bd2d0834579f5089 - - default default] 10.0.0.146 "POST /v2.0/security-groups HTTP/1.1" status: 201 len: 1890 time: 0.3621840
2026-06-28 21:07:01.552 10 INFO neutron.db.ovn_revision_numbers_db [None req-1e37607c-f5bf-41b2-98c1-246b9cb4ff04 9f5adc65def7445b98ef9d55b9929c7e 51589db2e668477d8e42b5f8cb9ba580 - - default default] Successfully bumped revision number for resource 8ef91b12-f3a6-442c-b77e-1a1bcf0e9333 (type: security_groups) to 1
2026-06-28 21:07:01.564 9 INFO neutron.db.ovn_revision_numbers_db [None req-af802c95-f15f-4dd4-a4a3-11e25de081b5 - - - - - -] Successfully bumped revision number for resource cb91fb19-25ea-4e61-847b-396a755529ba (type: router_ports) to 4
2026-06-28 21:07:01.564 10 INFO neutron.db.ovn_revision_numbers_db [None req-1e37607c-f5bf-41b2-98c1-246b9cb4ff04 9f5adc65def7445b98ef9d55b9929c7e 51589db2e668477d8e42b5f8cb9ba580 - - default default] Successfully bumped revision number for resource 29147137-8c35-4e39-bca6-562f5c174526 (type: security_group_rules) to 0
2026-06-28 21:07:01.572 10 INFO neutron.db.ovn_revision_numbers_db [req-68a73df3-e946-407c-999b-fd3f2bb6901d req-0754582d-f7d4-4869-807c-51f2670678cb e7f69025389641f3bd4f8fc2338832e9 bb8fd6f170db498ba5d00e63bcb1e837 - - default default] Successfully bumped revision number for resource 41df6470-0a27-40e4-bbe5-cf29e0f235e7 (type: security_groups) to 1
2026-06-28 21:07:01.585 10 INFO neutron.db.ovn_revision_numbers_db [None req-1e37607c-f5bf-41b2-98c1-246b9cb4ff04 9f5adc65def7445b98ef9d55b9929c7e 51589db2e668477d8e42b5f8cb9ba580 - - default default] Successfully bumped revision number for resource f8c01623-bd58-4bfc-bce2-6340b13dda56 (type: security_group_rules) to 0
2026-06-28 21:07:01.609 10 INFO neutron.wsgi [None req-1e37607c-f5bf-41b2-98c1-246b9cb4ff04 9f5adc65def7445b98ef9d55b9929c7e 51589db2e668477d8e42b5f8cb9ba580 - - default default] 10.0.0.15 "POST /v2.0/security-groups HTTP/1.1" status: 201 len: 1860 time: 0.2006719
2026-06-28 21:07:01.615 10 INFO neutron.db.ovn_revision_numbers_db [req-68a73df3-e946-407c-999b-fd3f2bb6901d req-0754582d-f7d4-4869-807c-51f2670678cb e7f69025389641f3bd4f8fc2338832e9 bb8fd6f170db498ba5d00e63bcb1e837 - - default default] Successfully bumped revision number for resource 9ca57de6-fee1-4c28-ba7c-abc625ac8aff (type: security_group_rules) to 0
2026-06-28 21:07:01.620 10 WARNING neutron_lib.context [None req-5f665aa6-14e0-4b47-ba6a-c0c3fa9945e6 9f5adc65def7445b98ef9d55b9929c7e 51589db2e668477d8e42b5f8cb9ba580 - - default default] Method 'is_advsvc' is deprecated since 2023.2 release (neutron-lib 3.8.0) and will be removed once support for the old RBAC API policies will be removed from Neutron. Please use method 'is_service_role' instead.
2026-06-28 21:07:01.641 10 INFO neutron.db.ovn_revision_numbers_db [req-68a73df3-e946-407c-999b-fd3f2bb6901d req-0754582d-f7d4-4869-807c-51f2670678cb e7f69025389641f3bd4f8fc2338832e9 bb8fd6f170db498ba5d00e63bcb1e837 - - default default] Successfully bumped revision number for resource b88a3f11-e193-4fdb-8142-88393f89ff9d (type: security_group_rules) to 0
2026-06-28 21:07:01.660 10 INFO neutron.wsgi [req-68a73df3-e946-407c-999b-fd3f2bb6901d req-0754582d-f7d4-4869-807c-51f2670678cb e7f69025389641f3bd4f8fc2338832e9 bb8fd6f170db498ba5d00e63bcb1e837 - - default default] 10.0.0.146 "POST /v2.0/security-groups HTTP/1.1" status: 201 len: 1885 time: 0.2428567
2026-06-28 21:07:01.692 10 WARNING neutron_lib.context [req-d24e02ce-44c6-4428-81f5-aa716f7b5293 req-77e539b6-e8ef-4b1c-af83-50b7e1ed51fb e7f69025389641f3bd4f8fc2338832e9 bb8fd6f170db498ba5d00e63bcb1e837 - - default default] Method 'is_advsvc' is deprecated since 2023.2 release (neutron-lib 3.8.0) and will be removed once support for the old RBAC API policies will be removed from Neutron. Please use method 'is_service_role' instead.
2026-06-28 21:07:01.719 9 INFO neutron.wsgi [req-bcc06b25-2047-4284-8267-844301d8b95d req-91582fbd-2efc-4d1c-a8a0-808ad151cfe0 4aab04f1da124f42934fe81cb5df544b f55b47247b124ab1bd2d0834579f5089 - - default default] 10.0.0.146 "GET /v2.0/security-groups/3718a579-937b-4e9f-a586-43e021858b57 HTTP/1.1" status: 200 len: 1885 time: 0.1617541
2026-06-28 21:07:01.720 9 INFO neutron.plugins.ml2.drivers.ovn.mech_driver.ovsdb.ovsdb_monitor [None req-af802c95-f15f-4dd4-a4a3-11e25de081b5 - - - - - -] Router c73ac251-6227-4094-848f-8c13757a4fbb is bound to host instance
2026-06-28 21:07:01.739 9 WARNING neutron_lib.context [req-bcc06b25-2047-4284-8267-844301d8b95d req-6b09e5ca-7bff-41d9-9c5f-fff3a612ce0d 4aab04f1da124f42934fe81cb5df544b f55b47247b124ab1bd2d0834579f5089 - - default default] Method 'is_advsvc' is deprecated since 2023.2 release (neutron-lib 3.8.0) and will be removed once support for the old RBAC API policies will be removed from Neutron. Please use method 'is_service_role' instead.
2026-06-28 21:07:01.803 10 INFO neutron.plugins.ml2.drivers.ovn.mech_driver.mech_driver [None req-1d65ad99-8fc9-481d-bb79-66381bb4d9e1 - - - - - -] OVN reports status up for port: ae8c52c7-33d4-4484-a430-8149bf918f1d
2026-06-28 21:07:01.813 10 INFO neutron.db.ovn_revision_numbers_db [None req-5f665aa6-14e0-4b47-ba6a-c0c3fa9945e6 9f5adc65def7445b98ef9d55b9929c7e 51589db2e668477d8e42b5f8cb9ba580 - - default default] Successfully bumped revision number for resource 7362fafc-7a82-4e6a-8fa6-56a0eb0304d9 (type: security_group_rules) to 0
2026-06-28 21:07:01.818 10 INFO neutron.plugins.ml2.plugin [None req-1d65ad99-8fc9-481d-bb79-66381bb4d9e1 - - - - - -] Attempt 1 to provision port ae8c52c7-33d4-4484-a430-8149bf918f1d
2026-06-28 21:07:01.854 10 INFO neutron.wsgi [None req-5f665aa6-14e0-4b47-ba6a-c0c3fa9945e6 9f5adc65def7445b98ef9d55b9929c7e 51589db2e668477d8e42b5f8cb9ba580 - - default default] 10.0.0.15 "POST /v2.0/security-group-rules HTTP/1.1" status: 201 len: 796 time: 0.2393343
2026-06-28 21:07:01.872 10 WARNING neutron_lib.context [None req-c503e39d-ecca-4159-9adc-cb0d2bef0775 9f5adc65def7445b98ef9d55b9929c7e 51589db2e668477d8e42b5f8cb9ba580 - - default default] Method 'is_advsvc' is deprecated since 2023.2 release (neutron-lib 3.8.0) and will be removed once support for the old RBAC API policies will be removed from Neutron. Please use method 'is_service_role' instead.
2026-06-28 21:07:01.885 10 INFO neutron.db.ovn_revision_numbers_db [req-d24e02ce-44c6-4428-81f5-aa716f7b5293 req-77e539b6-e8ef-4b1c-af83-50b7e1ed51fb e7f69025389641f3bd4f8fc2338832e9 bb8fd6f170db498ba5d00e63bcb1e837 - - default default] Successfully bumped revision number for resource c13fb4d2-39a8-4d97-ab09-4a51a1e4636d (type: security_groups) to 1
2026-06-28 21:07:01.900 10 INFO neutron.db.ovn_revision_numbers_db [req-d24e02ce-44c6-4428-81f5-aa716f7b5293 req-77e539b6-e8ef-4b1c-af83-50b7e1ed51fb e7f69025389641f3bd4f8fc2338832e9 bb8fd6f170db498ba5d00e63bcb1e837 - - default default] Successfully bumped revision number for resource 574ca04f-4e55-491b-918e-469be6d58e27 (type: security_group_rules) to 0
2026-06-28 21:07:01.927 10 INFO neutron.db.ovn_revision_numbers_db [req-d24e02ce-44c6-4428-81f5-aa716f7b5293 req-77e539b6-e8ef-4b1c-af83-50b7e1ed51fb e7f69025389641f3bd4f8fc2338832e9 bb8fd6f170db498ba5d00e63bcb1e837 - - default default] Successfully bumped revision number for resource 8216da83-5324-465c-918e-308e2d186235 (type: security_group_rules) to 0
2026-06-28 21:07:01.958 10 INFO neutron.wsgi [req-d24e02ce-44c6-4428-81f5-aa716f7b5293 req-77e539b6-e8ef-4b1c-af83-50b7e1ed51fb e7f69025389641f3bd4f8fc2338832e9 bb8fd6f170db498ba5d00e63bcb1e837 - - default default] 10.0.0.146 "POST /v2.0/security-groups HTTP/1.1" status: 201 len: 1886 time: 0.2758830
2026-06-28 21:07:01.989 9 INFO neutron.db.ovn_revision_numbers_db [req-bcc06b25-2047-4284-8267-844301d8b95d req-6b09e5ca-7bff-41d9-9c5f-fff3a612ce0d 4aab04f1da124f42934fe81cb5df544b f55b47247b124ab1bd2d0834579f5089 - - default default] Successfully bumped revision number for resource fc2c454f-ba78-4b88-a420-37ec032882a9 (type: security_group_rules) to 0
2026-06-28 21:07:02.039 9 INFO neutron.wsgi [req-bcc06b25-2047-4284-8267-844301d8b95d req-6b09e5ca-7bff-41d9-9c5f-fff3a612ce0d 4aab04f1da124f42934fe81cb5df544b f55b47247b124ab1bd2d0834579f5089 - - default default] 10.0.0.146 "POST /v2.0/security-group-rules HTTP/1.1" status: 201 len: 818 time: 0.3099849
2026-06-28 21:07:02.149 9 INFO neutron.wsgi [req-ae02fcb7-90c2-481a-b652-09f3a327c67b req-c7986f3c-4f9e-432b-9054-8f9612bab519 4aab04f1da124f42934fe81cb5df544b f55b47247b124ab1bd2d0834579f5089 - - default default] 10.0.0.146 "GET /v2.0/security-groups/3718a579-937b-4e9f-a586-43e021858b57 HTTP/1.1" status: 200 len: 2510 time: 0.0797644
2026-06-28 21:07:02.159 9 WARNING neutron.scheduler.dhcp_agent_scheduler [None req-7c95f417-78b4-4c39-80ee-b371bde3933b d2eef338a29041b2b00b37c432379f8d 74c328985d2d4a5b976a3c9bf55900a5 - - default default] No more DHCP agents
2026-06-28 21:07:02.165 9 WARNING neutron_lib.context [req-ae02fcb7-90c2-481a-b652-09f3a327c67b req-a77486d6-7d24-4640-bc85-b505c42ee113 4aab04f1da124f42934fe81cb5df544b f55b47247b124ab1bd2d0834579f5089 - - default default] Method 'is_advsvc' is deprecated since 2023.2 release (neutron-lib 3.8.0) and will be removed once support for the old RBAC API policies will be removed from Neutron. Please use method 'is_service_role' instead.
2026-06-28 21:07:02.167 9 WARNING neutron.api.rpc.agentnotifiers.dhcp_rpc_agent_api [None req-7c95f417-78b4-4c39-80ee-b371bde3933b d2eef338a29041b2b00b37c432379f8d 74c328985d2d4a5b976a3c9bf55900a5 - - default default] Unable to schedule network ba50763b-aa64-4605-97ba-1f9b15b76419: no agents available; will retry on subsequent port and subnet creation events.
2026-06-28 21:07:02.174 10 INFO neutron.wsgi [req-9da2118e-6d75-48df-bfdb-3218d9703ad0 req-d999655b-fa05-4dc8-a3c1-7be9c14937ce e7f69025389641f3bd4f8fc2338832e9 bb8fd6f170db498ba5d00e63bcb1e837 - - default default] 10.0.0.146 "GET /v2.0/security-groups?tenant_id=bb8fd6f170db498ba5d00e63bcb1e837 HTTP/1.1" status: 200 len: 8103 time: 0.1844864
2026-06-28 21:07:02.223 10 INFO neutron.db.ovn_revision_numbers_db [None req-c503e39d-ecca-4159-9adc-cb0d2bef0775 9f5adc65def7445b98ef9d55b9929c7e 51589db2e668477d8e42b5f8cb9ba580 - - default default] Successfully bumped revision number for resource e438ef3b-1647-4a23-aff4-31df6475f726 (type: security_group_rules) to 0
2026-06-28 21:07:02.230 10 INFO neutron.wsgi [req-9da2118e-6d75-48df-bfdb-3218d9703ad0 req-ad4b48ce-2ff0-466a-ba65-f984acd6b173 e7f69025389641f3bd4f8fc2338832e9 bb8fd6f170db498ba5d00e63bcb1e837 - - default default] 10.0.0.146 "GET /v2.0/security-groups/d5f75b0a-96b2-4575-9389-c8431841f4d9 HTTP/1.1" status: 200 len: 3118 time: 0.0463471
2026-06-28 21:07:02.268 10 INFO neutron.wsgi [None req-c503e39d-ecca-4159-9adc-cb0d2bef0775 9f5adc65def7445b98ef9d55b9929c7e 51589db2e668477d8e42b5f8cb9ba580 - - default default] 10.0.0.15 "POST /v2.0/security-group-rules HTTP/1.1" status: 201 len: 801 time: 0.4083793
2026-06-28 21:07:02.283 10 WARNING neutron_lib.context [None req-71a8bca0-da78-4686-9c80-733182e1afec 9f5adc65def7445b98ef9d55b9929c7e 51589db2e668477d8e42b5f8cb9ba580 - - default default] Method 'is_advsvc' is deprecated since 2023.2 release (neutron-lib 3.8.0) and will be removed once support for the old RBAC API policies will be removed from Neutron. Please use method 'is_service_role' instead.
2026-06-28 21:07:02.295 10 INFO neutron.wsgi [req-9da2118e-6d75-48df-bfdb-3218d9703ad0 req-f96955e6-2214-4399-8066-3557194fefb5 e7f69025389641f3bd4f8fc2338832e9 bb8fd6f170db498ba5d00e63bcb1e837 - - default default] 10.0.0.146 "GET /v2.0/security-groups/d5f75b0a-96b2-4575-9389-c8431841f4d9 HTTP/1.1" status: 200 len: 3118 time: 0.0579519
2026-06-28 21:07:02.428 10 INFO neutron.wsgi [req-371084cf-9b81-423a-9da1-8e190e42335c req-4701f9ef-f4f4-497e-9370-eba6eaf90f58 e7f69025389641f3bd4f8fc2338832e9 bb8fd6f170db498ba5d00e63bcb1e837 - - default default] 10.0.0.146 "GET /v2.0/security-groups/9563cbd8-f1ce-476e-a20f-03db10dfa4e6 HTTP/1.1" status: 200 len: 1881 time: 0.1015475
2026-06-28 21:07:02.440 9 INFO neutron.db.ovn_revision_numbers_db [req-ae02fcb7-90c2-481a-b652-09f3a327c67b req-a77486d6-7d24-4640-bc85-b505c42ee113 4aab04f1da124f42934fe81cb5df544b f55b47247b124ab1bd2d0834579f5089 - - default default] Successfully bumped revision number for resource 0fac9368-5aca-4f99-9b9a-a2a1d4ac8941 (type: security_group_rules) to 0
2026-06-28 21:07:02.442 9 INFO neutron.db.ovn_revision_numbers_db [None req-7c95f417-78b4-4c39-80ee-b371bde3933b d2eef338a29041b2b00b37c432379f8d 74c328985d2d4a5b976a3c9bf55900a5 - - default default] Successfully bumped revision number for resource 8c130445-16ae-44ce-b4ad-38538b1d58d2 (type: ports) to 1
2026-06-28 21:07:02.488 9 INFO neutron.wsgi [req-ae02fcb7-90c2-481a-b652-09f3a327c67b req-a77486d6-7d24-4640-bc85-b505c42ee113 4aab04f1da124f42934fe81cb5df544b f55b47247b124ab1bd2d0834579f5089 - - default default] 10.0.0.146 "POST /v2.0/security-group-rules HTTP/1.1" status: 201 len: 823 time: 0.3301270
2026-06-28 21:07:02.562 9 INFO neutron.wsgi [req-b43e5e57-8b4a-45e3-8e9e-beb4585366a9 req-4bd5bbd4-53b7-4e7e-ba4c-a8685a649a6a 4aab04f1da124f42934fe81cb5df544b f55b47247b124ab1bd2d0834579f5089 - - default default] 10.0.0.146 "GET /v2.0/security-groups/3718a579-937b-4e9f-a586-43e021858b57 HTTP/1.1" status: 200 len: 3140 time: 0.0421591
2026-06-28 21:07:02.625 9 INFO neutron.wsgi [req-99532e3c-4900-4531-a9e9-014536b097e6 req-6c9f0456-87d9-4a72-acc5-97c0d6b9a872 4aab04f1da124f42934fe81cb5df544b f55b47247b124ab1bd2d0834579f5089 - - default default] 10.0.0.146 "GET /v2.0/security-group-rules/0fac9368-5aca-4f99-9b9a-a2a1d4ac8941 HTTP/1.1" status: 200 len: 815 time: 0.0297093
2026-06-28 21:07:02.653 10 INFO neutron.db.ovn_revision_numbers_db [None req-1d65ad99-8fc9-481d-bb79-66381bb4d9e1 - - - - - -] Successfully bumped revision number for resource ae8c52c7-33d4-4484-a430-8149bf918f1d (type: ports) to 2
2026-06-28 21:07:02.689 9 INFO neutron.wsgi [req-99532e3c-4900-4531-a9e9-014536b097e6 req-6a06d1da-8edf-4b6b-93ca-6e8a28a77d42 4aab04f1da124f42934fe81cb5df544b f55b47247b124ab1bd2d0834579f5089 - - default default] 10.0.0.146 "GET /v2.0/security-groups/3718a579-937b-4e9f-a586-43e021858b57 HTTP/1.1" status: 200 len: 3140 time: 0.0554159
2026-06-28 21:07:02.691 10 INFO neutron.wsgi [req-371084cf-9b81-423a-9da1-8e190e42335c req-2ff905a3-634f-4a54-a8cd-e6235441db25 e7f69025389641f3bd4f8fc2338832e9 bb8fd6f170db498ba5d00e63bcb1e837 - - default default] 10.0.0.146 "DELETE /v2.0/security-groups/9563cbd8-f1ce-476e-a20f-03db10dfa4e6 HTTP/1.1" status: 204 len: 173 time: 0.2523165
2026-06-28 21:07:02.731 10 INFO neutron.api.v2.resource [req-82600c8a-f5d3-4b79-b58a-1257eeea7fb2 req-d97e6699-4a3d-4614-b172-e4874198039d e7f69025389641f3bd4f8fc2338832e9 bb8fd6f170db498ba5d00e63bcb1e837 - - default default] show failed (client error): The resource could not be found.
2026-06-28 21:07:02.732 10 INFO neutron.wsgi [req-82600c8a-f5d3-4b79-b58a-1257eeea7fb2 req-d97e6699-4a3d-4614-b172-e4874198039d e7f69025389641f3bd4f8fc2338832e9 bb8fd6f170db498ba5d00e63bcb1e837 - - default default] 10.0.0.146 "GET /v2.0/security-groups/9563cbd8-f1ce-476e-a20f-03db10dfa4e6 HTTP/1.1" status: 404 len: 352 time: 0.0196941
2026-06-28 21:07:02.790 10 WARNING neutron.scheduler.dhcp_agent_scheduler [None req-71a8bca0-da78-4686-9c80-733182e1afec 9f5adc65def7445b98ef9d55b9929c7e 51589db2e668477d8e42b5f8cb9ba580 - - default default] No more DHCP agents
2026-06-28 21:07:02.800 10 WARNING neutron.api.rpc.agentnotifiers.dhcp_rpc_agent_api [None req-71a8bca0-da78-4686-9c80-733182e1afec 9f5adc65def7445b98ef9d55b9929c7e 51589db2e668477d8e42b5f8cb9ba580 - - default default] Unable to schedule network 627ae799-41e7-4b99-a266-e6819f3efeea: no agents available; will retry on subsequent port and subnet creation events.
2026-06-28 21:07:02.812 10 INFO neutron.wsgi [req-0eb996bd-5156-49ea-8d70-86649973f5ad req-06b89325-ce17-4534-8633-4310b0c0b969 e7f69025389641f3bd4f8fc2338832e9 bb8fd6f170db498ba5d00e63bcb1e837 - - default default] 10.0.0.146 "GET /v2.0/security-groups/41df6470-0a27-40e4-bbe5-cf29e0f235e7 HTTP/1.1" status: 200 len: 1880 time: 0.0573032
2026-06-28 21:07:02.891 10 INFO neutron.db.ovn_revision_numbers_db [None req-1d65ad99-8fc9-481d-bb79-66381bb4d9e1 - - - - - -] Successfully bumped revision number for resource ae8c52c7-33d4-4484-a430-8149bf918f1d (type: router_ports) to 2
2026-06-28 21:07:02.940 9 INFO neutron.db.ovn_revision_numbers_db [None req-af802c95-f15f-4dd4-a4a3-11e25de081b5 - - - - - -] Successfully bumped revision number for resource 86341d60-9016-42db-aebb-57d0500ceceb (type: ports) to 1
2026-06-28 21:07:03.015 10 INFO neutron.wsgi [req-0eb996bd-5156-49ea-8d70-86649973f5ad req-195aed7f-7be8-4bc3-9920-cb9f66058c5e e7f69025389641f3bd4f8fc2338832e9 bb8fd6f170db498ba5d00e63bcb1e837 - - default default] 10.0.0.146 "DELETE /v2.0/security-groups/41df6470-0a27-40e4-bbe5-cf29e0f235e7 HTTP/1.1" status: 204 len: 173 time: 0.1940188
2026-06-28 21:07:03.047 10 INFO neutron.api.v2.resource [req-6d159f3a-9d91-4d26-8907-991e92aa58a7 req-ef9fa1d0-525c-4ae3-81e7-2e028f127e00 e7f69025389641f3bd4f8fc2338832e9 bb8fd6f170db498ba5d00e63bcb1e837 - - default default] show failed (client error): The resource could not be found.
2026-06-28 21:07:03.048 10 INFO neutron.wsgi [req-6d159f3a-9d91-4d26-8907-991e92aa58a7 req-ef9fa1d0-525c-4ae3-81e7-2e028f127e00 e7f69025389641f3bd4f8fc2338832e9 bb8fd6f170db498ba5d00e63bcb1e837 - - default default] 10.0.0.146 "GET /v2.0/security-groups/41df6470-0a27-40e4-bbe5-cf29e0f235e7 HTTP/1.1" status: 404 len: 352 time: 0.0137262
2026-06-28 21:07:03.067 9 INFO neutron.wsgi [req-99532e3c-4900-4531-a9e9-014536b097e6 req-7c7ffb2b-a29d-4abf-961f-e148b0c26eeb 4aab04f1da124f42934fe81cb5df544b f55b47247b124ab1bd2d0834579f5089 - - default default] 10.0.0.146 "DELETE /v2.0/security-group-rules/0fac9368-5aca-4f99-9b9a-a2a1d4ac8941 HTTP/1.1" status: 204 len: 173 time: 0.3692687
2026-06-28 21:07:03.112 10 INFO neutron.wsgi [req-fba2f16e-e22b-4dd3-ac7f-81938efc3ffe req-c106f041-84c5-4e0a-b8a0-f4b9a2c36283 e7f69025389641f3bd4f8fc2338832e9 bb8fd6f170db498ba5d00e63bcb1e837 - - default default] 10.0.0.146 "GET /v2.0/security-groups/c13fb4d2-39a8-4d97-ab09-4a51a1e4636d HTTP/1.1" status: 200 len: 1881 time: 0.0429060
2026-06-28 21:07:03.147 9 INFO neutron.wsgi [req-400b2dcb-d92f-4f68-96d5-868d96109cb9 req-2d35d803-a6e4-4d0a-8277-4eda2fc2406c 4aab04f1da124f42934fe81cb5df544b f55b47247b124ab1bd2d0834579f5089 - - default default] 10.0.0.146 "GET /v2.0/security-groups/3718a579-937b-4e9f-a586-43e021858b57 HTTP/1.1" status: 200 len: 2510 time: 0.0507009
2026-06-28 21:07:03.147 10 INFO neutron.wsgi [None req-71a8bca0-da78-4686-9c80-733182e1afec 9f5adc65def7445b98ef9d55b9929c7e 51589db2e668477d8e42b5f8cb9ba580 - - default default] 10.0.0.15 "POST /v2.0/floatingips HTTP/1.1" status: 201 len: 751 time: 0.8711362
2026-06-28 21:07:03.227 10 INFO neutron.wsgi [req-fba2f16e-e22b-4dd3-ac7f-81938efc3ffe req-f964701c-0462-4d69-b15d-6b3b8f0cc1c8 e7f69025389641f3bd4f8fc2338832e9 bb8fd6f170db498ba5d00e63bcb1e837 - - default default] 10.0.0.146 "DELETE /v2.0/security-groups/c13fb4d2-39a8-4d97-ab09-4a51a1e4636d HTTP/1.1" status: 204 len: 173 time: 0.1059530
2026-06-28 21:07:03.263 10 INFO neutron.api.v2.resource [req-076fdd58-2154-4b03-a1a7-e191971a0fc2 req-3d62dbdf-4747-439f-82be-a530c26acb2e e7f69025389641f3bd4f8fc2338832e9 bb8fd6f170db498ba5d00e63bcb1e837 - - default default] show failed (client error): The resource could not be found.
2026-06-28 21:07:03.264 10 INFO neutron.wsgi [req-076fdd58-2154-4b03-a1a7-e191971a0fc2 req-3d62dbdf-4747-439f-82be-a530c26acb2e e7f69025389641f3bd4f8fc2338832e9 bb8fd6f170db498ba5d00e63bcb1e837 - - default default] 10.0.0.146 "GET /v2.0/security-groups/c13fb4d2-39a8-4d97-ab09-4a51a1e4636d HTTP/1.1" status: 404 len: 352 time: 0.0140688
2026-06-28 21:07:03.333 10 INFO neutron.wsgi [req-953cf936-8a63-42d6-8ce9-e627e36bc7d5 req-5cecc60e-6b56-4469-9313-3dde53704aa1 e7f69025389641f3bd4f8fc2338832e9 bb8fd6f170db498ba5d00e63bcb1e837 - - default default] 10.0.0.146 "GET /v2.0/security-groups?tenant_id=bb8fd6f170db498ba5d00e63bcb1e837 HTTP/1.1" status: 200 len: 3121 time: 0.0419261
2026-06-28 21:07:03.377 10 INFO neutron.wsgi [req-953cf936-8a63-42d6-8ce9-e627e36bc7d5 req-5534ee3c-9ecb-45ec-aaa8-a845e6c95382 e7f69025389641f3bd4f8fc2338832e9 bb8fd6f170db498ba5d00e63bcb1e837 - - default default] 10.0.0.146 "GET /v2.0/security-groups/d5f75b0a-96b2-4575-9389-c8431841f4d9 HTTP/1.1" status: 200 len: 3118 time: 0.0386693
