2026-06-28 21:08:10.589 10 INFO neutron.wsgi [req-57e94c6b-de8c-48ff-8bdf-3787fd8701ea req-b994c0a4-2cb0-4fd9-85fa-897ae7c7a9d4 4316c09563094d8c88c9332122dca96b 39c3798870dd4491bedb898a722c9dbd - - default default] 10.0.0.146 "GET /v2.0/security-groups?id=6ef5d266-005c-43f0-8865-d7d317dc5c2c&fields=id&fields=name HTTP/1.1" status: 200 len: 312 time: 0.0484607
2026-06-28 21:08:10.728 9 INFO neutron.wsgi [req-e2d68849-d277-4f3c-b32e-dbea4d0fcd00 req-28be28a7-83bc-4df5-b71c-911ffeeffe74 4316c09563094d8c88c9332122dca96b 39c3798870dd4491bedb898a722c9dbd - - default default] 10.0.0.146 "GET /v2.0/ports?device_id=60f9b599-c65a-46d9-9ae6-32ad2114c8fb HTTP/1.1" status: 200 len: 1170 time: 0.0606840
2026-06-28 21:08:10.864 9 INFO neutron.wsgi [None req-fb709d5a-143c-4afa-a2a3-6cff2699421a d2eef338a29041b2b00b37c432379f8d 74c328985d2d4a5b976a3c9bf55900a5 - - default default] 10.0.0.15 "PUT /v2.0/routers/0ef0c6c6-765b-4f2f-af8b-c265d2a9e407/remove_router_interface HTTP/1.1" status: 200 len: 503 time: 2.0504789
2026-06-28 21:08:10.997 9 INFO neutron.wsgi [None req-799d5960-6e46-4fc9-a6b0-edd5ea728fbb 4fef727516904a20b1a3fd6b649884a9 2bca66e9715942029c62ab73d4fdaefb - - default default] 10.0.0.15 "DELETE /v2.0/ports/f9d50baa-0ff1-43e1-9ab1-d83f336733a4 HTTP/1.1" status: 204 len: 168 time: 0.8510230 /var/lib/openstack/lib/python3.10/site-packages/pycadf/identifier.py:71: UserWarning: Invalid uuid: neutron. To ensure interoperability, identifiers should be a valid uuid. warnings.warn(('Invalid uuid: %s. To ensure interoperability, '
2026-06-28 21:08:11.048 9 INFO neutron.pecan_wsgi.hooks.translation [None req-32cfca27-8229-430c-986b-919d3e05b90d 4fef727516904a20b1a3fd6b649884a9 2bca66e9715942029c62ab73d4fdaefb - - default default] DELETE failed (client error): The resource could not be found.
2026-06-28 21:08:11.051 9 INFO neutron.wsgi [None req-32cfca27-8229-430c-986b-919d3e05b90d 4fef727516904a20b1a3fd6b649884a9 2bca66e9715942029c62ab73d4fdaefb - - default default] 10.0.0.15 "DELETE /v2.0/ports/f9d50baa-0ff1-43e1-9ab1-d83f336733a4 HTTP/1.1" status: 404 len: 333 time: 0.0472662
2026-06-28 21:08:11.316 9 INFO neutron.pecan_wsgi.hooks.translation [None req-83372ba1-99d0-46bd-a7a6-f8e64b054a97 4fef727516904a20b1a3fd6b649884a9 2bca66e9715942029c62ab73d4fdaefb - - default default] GET failed (client error): The resource could not be found.
2026-06-28 21:08:11.318 9 INFO neutron.wsgi [None req-83372ba1-99d0-46bd-a7a6-f8e64b054a97 4fef727516904a20b1a3fd6b649884a9 2bca66e9715942029c62ab73d4fdaefb - - default default] 10.0.0.15 "GET /v2.0/ports/f9d50baa-0ff1-43e1-9ab1-d83f336733a4 HTTP/1.1" status: 404 len: 333 time: 0.2575023
2026-06-28 21:08:11.424 10 INFO neutron.db.ovn_revision_numbers_db [None req-370386d1-abea-4be1-96c5-a978f3770a17 15c64b40ee57472a885e75ef007fabc2 8fb3d37b7be84457afa562899b579570 - - default default] Successfully bumped revision number for resource 0499b3e3-7db5-4edb-bb9d-74f466facff8 (type: ports) to 2
2026-06-28 21:08:11.482 10 INFO neutron.db.ovn_revision_numbers_db [None req-370386d1-abea-4be1-96c5-a978f3770a17 15c64b40ee57472a885e75ef007fabc2 8fb3d37b7be84457afa562899b579570 - - default default] Successfully bumped revision number for resource 48436912-edeb-4903-b84b-ff7e49dcc989 (type: subnets) to 1
2026-06-28 21:08:11.485 10 INFO neutron.wsgi [None req-370386d1-abea-4be1-96c5-a978f3770a17 15c64b40ee57472a885e75ef007fabc2 8fb3d37b7be84457afa562899b579570 - - default default] 10.0.0.15 "PUT /v2.0/subnets/48436912-edeb-4903-b84b-ff7e49dcc989 HTTP/1.1" status: 200 len: 826 time: 1.2319028
2026-06-28 21:08:11.681 9 INFO neutron.wsgi [None req-b0d3bdba-c3e5-43c9-892b-b387c76edad9 4fef727516904a20b1a3fd6b649884a9 2bca66e9715942029c62ab73d4fdaefb - - default default] 10.0.0.15 "DELETE /v2.0/subnets/17b445c4-bf5b-493d-b180-5c98100d781f HTTP/1.1" status: 204 len: 168 time: 0.3579671
2026-06-28 21:08:11.853 9 INFO neutron.db.ovn_revision_numbers_db [None req-5fd7417d-9a18-4f59-8ad7-fe84a1abe4ec 4316c09563094d8c88c9332122dca96b 39c3798870dd4491bedb898a722c9dbd - - default default] Successfully bumped revision number for resource 7c4e6faa-5431-41c3-a273-5db06c5b9d7c (type: floatingips) to 1
2026-06-28 21:08:12.023 9 INFO neutron.db.ovn_revision_numbers_db [None req-5fd7417d-9a18-4f59-8ad7-fe84a1abe4ec 4316c09563094d8c88c9332122dca96b 39c3798870dd4491bedb898a722c9dbd - - default default] Successfully bumped revision number for resource 7c4e6faa-5431-41c3-a273-5db06c5b9d7c (type: floatingips) to 2
2026-06-28 21:08:12.023 9 INFO neutron.db.l3_db [None req-5fd7417d-9a18-4f59-8ad7-fe84a1abe4ec 4316c09563094d8c88c9332122dca96b 39c3798870dd4491bedb898a722c9dbd - - default default] Floating IP 7c4e6faa-5431-41c3-a273-5db06c5b9d7c associated. External IP: 10.96.250.210, port: f79bbf1e-9ee0-49fe-b2b5-ab6a530cebe3.
2026-06-28 21:08:12.061 9 INFO neutron.wsgi [None req-5fd7417d-9a18-4f59-8ad7-fe84a1abe4ec 4316c09563094d8c88c9332122dca96b 39c3798870dd4491bedb898a722c9dbd - - default default] 10.0.0.15 "PUT /v2.0/floatingips/7c4e6faa-5431-41c3-a273-5db06c5b9d7c HTTP/1.1" status: 200 len: 1049 time: 1.3194654
2026-06-28 21:08:12.105 9 INFO neutron.notifiers.nova [-] Nova event matching ['req-852c5972-70a3-444f-baa7-ec505eb76e5b'] response: {'name': 'network-changed', 'server_uuid': '60f9b599-c65a-46d9-9ae6-32ad2114c8fb', 'tag': 'f79bbf1e-9ee0-49fe-b2b5-ab6a530cebe3', 'status': 'completed', 'code': 200} /var/lib/openstack/lib/python3.10/site-packages/pycadf/identifier.py:71: UserWarning: Invalid uuid: neutron. To ensure interoperability, identifiers should be a valid uuid. warnings.warn(('Invalid uuid: %s. To ensure interoperability, '
2026-06-28 21:08:12.175 9 INFO neutron.wsgi [req-ac628b16-c5e0-4751-af05-0e509b6dc0f5 req-f0cc73b9-0058-47c7-bfd8-095543c3b095 2a18de7827d842e4b15a7b3374d4b458 ddbe28d5850a480a9c3d787add2804f7 - - 777a9442082b4ad1b5873a62e50eded7 777a9442082b4ad1b5873a62e50eded7] 199.204.45.162 "GET /v2.0/ports?tenant_id=39c3798870dd4491bedb898a722c9dbd&device_id=60f9b599-c65a-46d9-9ae6-32ad2114c8fb HTTP/1.1" status: 200 len: 1409 time: 0.0475516
2026-06-28 21:08:12.237 9 INFO neutron.services.segments.plugin [-] Segment bea19c07-7504-4353-a77c-80adfbc3fa04 resource provider aggregate not found
2026-06-28 21:08:12.252 9 INFO neutron.services.segments.plugin [-] Segment bea19c07-7504-4353-a77c-80adfbc3fa04 resource provider aggregate not found
2026-06-28 21:08:12.268 9 INFO neutron.services.segments.plugin [-] Segment bea19c07-7504-4353-a77c-80adfbc3fa04 resource provider not found; error: Placement Client Error (4xx): {"errors": [{"status": 404, "title": "Not Found", "detail": "The resource could not be found.\n\n No resource provider with uuid bea19c07-7504-4353-a77c-80adfbc3fa04 found for delete ", "request_id": "req-7490f7b0-122e-4b01-aa8e-ae0c6e67f47c"}]}
2026-06-28 21:08:12.274 9 INFO neutron.services.segments.plugin [-] Segment bea19c07-7504-4353-a77c-80adfbc3fa04 resource provider not found; error: Placement Client Error (4xx): {"errors": [{"status": 404, "title": "Not Found", "detail": "The resource could not be found.\n\n No resource provider with uuid bea19c07-7504-4353-a77c-80adfbc3fa04 found for delete ", "request_id": "req-3873f649-72ea-4fd0-8134-53e25a46c91d"}]}
2026-06-28 21:08:12.285 9 INFO neutron.wsgi [None req-dfe8e71d-3dba-4e58-bc72-aa52d32a3307 4fef727516904a20b1a3fd6b649884a9 2bca66e9715942029c62ab73d4fdaefb - - default default] 10.0.0.15 "DELETE /v2.0/networks/b29acc82-4064-4820-86ec-bb123dc20460 HTTP/1.1" status: 204 len: 168 time: 0.5975747
2026-06-28 21:08:12.289 10 INFO neutron.wsgi [None req-d8ebce92-5a56-4451-ad8a-2889b792ce16 d2eef338a29041b2b00b37c432379f8d 74c328985d2d4a5b976a3c9bf55900a5 - - default default] 10.0.0.15 "DELETE /v2.0/routers/0ef0c6c6-765b-4f2f-af8b-c265d2a9e407 HTTP/1.1" status: 204 len: 168 time: 1.3957908
2026-06-28 21:08:12.300 10 WARNING neutron_lib.context [None req-7a9754c9-db0d-44d9-9705-93c728781118 4fef727516904a20b1a3fd6b649884a9 2bca66e9715942029c62ab73d4fdaefb - - default default] Method 'is_advsvc' is deprecated since 2023.2 release (neutron-lib 3.8.0) and will be removed once support for the old RBAC API policies will be removed from Neutron. Please use method 'is_service_role' instead.
2026-06-28 21:08:12.336 9 INFO neutron.wsgi [req-ac628b16-c5e0-4751-af05-0e509b6dc0f5 req-4fd82a29-d382-41c4-a982-c525fa9db627 2a18de7827d842e4b15a7b3374d4b458 ddbe28d5850a480a9c3d787add2804f7 - - 777a9442082b4ad1b5873a62e50eded7 777a9442082b4ad1b5873a62e50eded7] 199.204.45.162 "GET /v2.0/networks?id=8a5626d8-23e2-4a85-9124-6d8ce00a1c18 HTTP/1.1" status: 200 len: 968 time: 0.1371541
2026-06-28 21:08:12.356 10 INFO neutron.services.segments.plugin [-] Segment 0fb82361-dc76-48a3-a357-36d0e614da45 resource provider aggregate not found
2026-06-28 21:08:12.360 10 INFO neutron.services.segments.plugin [-] Segment 0fb82361-dc76-48a3-a357-36d0e614da45 resource provider aggregate not found
2026-06-28 21:08:12.374 10 INFO neutron.wsgi [req-797b3454-42bd-40a5-bac3-589f62861a06 req-dce41d45-9935-4c39-beb0-57665673d9fa 4316c09563094d8c88c9332122dca96b 39c3798870dd4491bedb898a722c9dbd - - default default] 10.0.0.146 "GET /v2.0/ports?device_id=60f9b599-c65a-46d9-9ae6-32ad2114c8fb HTTP/1.1" status: 200 len: 1170 time: 0.2547164
2026-06-28 21:08:12.397 10 INFO neutron.services.segments.plugin [-] Segment 0fb82361-dc76-48a3-a357-36d0e614da45 resource provider not found; error: Placement Client Error (4xx): {"errors": [{"status": 404, "title": "Not Found", "detail": "The resource could not be found.\n\n No resource provider with uuid 0fb82361-dc76-48a3-a357-36d0e614da45 found for delete ", "request_id": "req-8d702d13-b7d7-4f57-a67a-ccfbf39151bd"}]}
2026-06-28 21:08:12.399 10 INFO neutron.services.segments.plugin [-] Segment 0fb82361-dc76-48a3-a357-36d0e614da45 resource provider not found; error: Placement Client Error (4xx): {"errors": [{"status": 404, "title": "Not Found", "detail": "The resource could not be found.\n\n No resource provider with uuid 0fb82361-dc76-48a3-a357-36d0e614da45 found for delete ", "request_id": "req-6e1f45fd-f1d4-4fea-9774-73a9adfefbbd"}]}
2026-06-28 21:08:12.424 9 INFO neutron.wsgi [req-ac628b16-c5e0-4751-af05-0e509b6dc0f5 req-c64c70eb-60f4-4105-a6b9-b6fbf3235673 2a18de7827d842e4b15a7b3374d4b458 ddbe28d5850a480a9c3d787add2804f7 - - 777a9442082b4ad1b5873a62e50eded7 777a9442082b4ad1b5873a62e50eded7] 199.204.45.162 "GET /v2.0/floatingips?fixed_ip_address=10.100.0.7&port_id=f79bbf1e-9ee0-49fe-b2b5-ab6a530cebe3 HTTP/1.1" status: 200 len: 1059 time: 0.0796881
2026-06-28 21:08:12.474 10 INFO neutron.wsgi [None req-ca676b91-9f45-4896-906f-cee8bad6e27f 15c64b40ee57472a885e75ef007fabc2 8fb3d37b7be84457afa562899b579570 - - default default] 10.0.0.15 "DELETE /v2.0/networks/92e11491-73fc-4b0b-bae6-019f16f2ef8c HTTP/1.1" status: 204 len: 168 time: 0.9807224
2026-06-28 21:08:12.481 9 INFO neutron.wsgi [req-ac628b16-c5e0-4751-af05-0e509b6dc0f5 req-08aa02a5-9b91-4c34-b3d9-2f58cd21be79 2a18de7827d842e4b15a7b3374d4b458 ddbe28d5850a480a9c3d787add2804f7 - - 777a9442082b4ad1b5873a62e50eded7 777a9442082b4ad1b5873a62e50eded7] 199.204.45.162 "GET /v2.0/subnets?id=6fc07511-acdb-4e33-ada6-2462cea4ee2d HTTP/1.1" status: 200 len: 863 time: 0.0477233
2026-06-28 21:08:12.495 10 INFO neutron.wsgi [req-797b3454-42bd-40a5-bac3-589f62861a06 req-0530980a-bd5d-4fd7-9a08-27815272b652 4316c09563094d8c88c9332122dca96b 39c3798870dd4491bedb898a722c9dbd - - default default] 10.0.0.146 "GET /v2.0/security-groups?id=6ef5d266-005c-43f0-8865-d7d317dc5c2c&fields=id&fields=name HTTP/1.1" status: 200 len: 312 time: 0.1107073
2026-06-28 21:08:12.510 9 INFO neutron.pecan_wsgi.hooks.translation [None req-d596d42d-74c6-4bb5-af8d-273a01701032 15c64b40ee57472a885e75ef007fabc2 8fb3d37b7be84457afa562899b579570 - - default default] DELETE failed (client error): The resource could not be found.
2026-06-28 21:08:12.513 9 INFO neutron.wsgi [None req-d596d42d-74c6-4bb5-af8d-273a01701032 15c64b40ee57472a885e75ef007fabc2 8fb3d37b7be84457afa562899b579570 - - default default] 10.0.0.15 "DELETE /v2.0/networks/92e11491-73fc-4b0b-bae6-019f16f2ef8c HTTP/1.1" status: 404 len: 339 time: 0.0296910
2026-06-28 21:08:12.518 10 INFO neutron.db.segments_db [None req-7a9754c9-db0d-44d9-9705-93c728781118 4fef727516904a20b1a3fd6b649884a9 2bca66e9715942029c62ab73d4fdaefb - - default default] Added segment 71fb462f-845e-4449-a651-0e734758e033 of type geneve for network 88ce0462-d657-4756-8f9b-5c5c828cd860
2026-06-28 21:08:12.522 9 INFO neutron.wsgi [req-ac628b16-c5e0-4751-af05-0e509b6dc0f5 req-24e9425b-1762-40ba-b5d6-d2888f760df8 2a18de7827d842e4b15a7b3374d4b458 ddbe28d5850a480a9c3d787add2804f7 - - 777a9442082b4ad1b5873a62e50eded7 777a9442082b4ad1b5873a62e50eded7] 199.204.45.162 "GET /v2.0/ports?network_id=8a5626d8-23e2-4a85-9124-6d8ce00a1c18&device_owner=network%3Adhcp HTTP/1.1" status: 200 len: 210 time: 0.0303996
2026-06-28 21:08:12.603 9 INFO neutron.wsgi [req-ac628b16-c5e0-4751-af05-0e509b6dc0f5 req-9f5e8270-7121-4462-b1ef-0a6adbc6c9ba 2a18de7827d842e4b15a7b3374d4b458 ddbe28d5850a480a9c3d787add2804f7 - - 777a9442082b4ad1b5873a62e50eded7 777a9442082b4ad1b5873a62e50eded7] 199.204.45.162 "GET /v2.0/networks/8a5626d8-23e2-4a85-9124-6d8ce00a1c18?fields=segments HTTP/1.1" status: 200 len: 212 time: 0.0710537
2026-06-28 21:08:12.639 9 INFO neutron.wsgi [None req-b8126c63-44f0-4692-897a-44a3e012d872 d2eef338a29041b2b00b37c432379f8d 74c328985d2d4a5b976a3c9bf55900a5 - - default default] 10.0.0.15 "DELETE /v2.0/subnets/42c3d4f2-9dd7-49ce-9c60-a4b261e096b1 HTTP/1.1" status: 204 len: 168 time: 0.3442297
2026-06-28 21:08:12.653 10 INFO neutron.wsgi [None req-3c8a6ae6-b354-4025-a7fc-7fdbdf2af000 15c64b40ee57472a885e75ef007fabc2 8fb3d37b7be84457afa562899b579570 - - default default] 10.0.0.15 "GET /v2.0/networks?router%3Aexternal=True HTTP/1.1" status: 200 len: 845 time: 0.1327684
2026-06-28 21:08:12.707 10 INFO neutron.db.ovn_revision_numbers_db [None req-7a9754c9-db0d-44d9-9705-93c728781118 4fef727516904a20b1a3fd6b649884a9 2bca66e9715942029c62ab73d4fdaefb - - default default] Successfully bumped revision number for resource 88ce0462-d657-4756-8f9b-5c5c828cd860 (type: networks) to 1
2026-06-28 21:08:12.736 9 INFO neutron.wsgi [req-ac628b16-c5e0-4751-af05-0e509b6dc0f5 req-38623344-9d11-4c80-9176-455f6a90fd32 2a18de7827d842e4b15a7b3374d4b458 ddbe28d5850a480a9c3d787add2804f7 - - 777a9442082b4ad1b5873a62e50eded7 777a9442082b4ad1b5873a62e50eded7] 199.204.45.162 "GET /v2.0/networks/8a5626d8-23e2-4a85-9124-6d8ce00a1c18?fields=provider%3Aphysical_network&fields=provider%3Anetwork_type HTTP/1.1" status: 200 len: 277 time: 0.1252327
2026-06-28 21:08:12.740 9 INFO neutron.wsgi [None req-0c3b6c12-bc62-4b7f-85ee-514cf3f00b73 15c64b40ee57472a885e75ef007fabc2 8fb3d37b7be84457afa562899b579570 - - default default] 10.0.0.15 "GET /v2.0/subnets?network_id=627ae799-41e7-4b99-a266-e6819f3efeea HTTP/1.1" status: 200 len: 820 time: 0.0812376
2026-06-28 21:08:12.756 9 INFO neutron.wsgi [None req-6a731fdf-e035-4883-8fb5-993c72c34ad0 15c64b40ee57472a885e75ef007fabc2 8fb3d37b7be84457afa562899b579570 - - default default] 10.0.0.15 "GET /v2.0/extensions HTTP/1.1" status: 200 len: 18678 time: 0.0116348
2026-06-28 21:08:12.785 9 INFO neutron.plugins.ml2.drivers.ovn.mech_driver.mech_driver [None req-bc6461f3-1275-43a0-91fe-a76c0f325952 - - - - - -] OVN reports status down for port: f79bbf1e-9ee0-49fe-b2b5-ab6a530cebe3
2026-06-28 21:08:12.794 9 INFO neutron.wsgi [req-96b39d9d-b72c-4a35-998f-159392f16ae2 req-2d18e39f-6971-488d-8d33-e8950c071a42 4316c09563094d8c88c9332122dca96b 39c3798870dd4491bedb898a722c9dbd - - default default] 10.0.0.146 "GET /v2.0/ports?device_id=60f9b599-c65a-46d9-9ae6-32ad2114c8fb HTTP/1.1" status: 200 len: 1170 time: 0.0541151
2026-06-28 21:08:12.875 9 INFO neutron.wsgi [req-96b39d9d-b72c-4a35-998f-159392f16ae2 req-c3f7251d-5721-4eef-bfb9-e63d96b0f8cb 4316c09563094d8c88c9332122dca96b 39c3798870dd4491bedb898a722c9dbd - - default default] 10.0.0.146 "GET /v2.0/security-groups?id=6ef5d266-005c-43f0-8865-d7d317dc5c2c&fields=id&fields=name HTTP/1.1" status: 200 len: 312 time: 0.0719867
2026-06-28 21:08:12.919 10 INFO neutron.wsgi [None req-d80230f6-a7e5-455a-a279-9de99cbe22a0 15c64b40ee57472a885e75ef007fabc2 8fb3d37b7be84457afa562899b579570 - - default default] 10.0.0.15 "GET /v2.0/networks HTTP/1.1" status: 200 len: 1508 time: 0.1560948
2026-06-28 21:08:12.992 10 WARNING neutron.scheduler.dhcp_agent_scheduler [None req-7a9754c9-db0d-44d9-9705-93c728781118 4fef727516904a20b1a3fd6b649884a9 2bca66e9715942029c62ab73d4fdaefb - - default default] No more DHCP agents
2026-06-28 21:08:12.997 10 INFO neutron.wsgi [None req-775a99bf-0456-4a19-a6be-ae8579c13cc2 15c64b40ee57472a885e75ef007fabc2 8fb3d37b7be84457afa562899b579570 - - default default] 10.0.0.15 "GET /v2.0/subnets HTTP/1.1" status: 200 len: 1460 time: 0.0681572
2026-06-28 21:08:12.997 10 WARNING neutron.api.rpc.agentnotifiers.dhcp_rpc_agent_api [None req-7a9754c9-db0d-44d9-9705-93c728781118 4fef727516904a20b1a3fd6b649884a9 2bca66e9715942029c62ab73d4fdaefb - - default default] Unable to schedule network 88ce0462-d657-4756-8f9b-5c5c828cd860: no agents available; will retry on subsequent port and subnet creation events.
2026-06-28 21:08:13.083 10 INFO neutron.wsgi [None req-7ff29b38-1e5c-435e-9e90-8cdd2ba761b5 15c64b40ee57472a885e75ef007fabc2 8fb3d37b7be84457afa562899b579570 - - default default] 10.0.0.15 "GET /v2.0/networks/78c68d36-96b9-49e0-b9f8-76aab41c1206 HTTP/1.1" status: 200 len: 867 time: 0.0781672
2026-06-28 21:08:13.098 10 INFO neutron.db.ovn_revision_numbers_db [None req-7a9754c9-db0d-44d9-9705-93c728781118 4fef727516904a20b1a3fd6b649884a9 2bca66e9715942029c62ab73d4fdaefb - - default default] Successfully bumped revision number for resource d6387004-91d3-4e7b-bdc0-ceaa82624e6a (type: ports) to 1
2026-06-28 21:08:13.123 10 INFO neutron.wsgi [None req-31aa88bb-c28b-4d91-b92c-810f9f8db50c 15c64b40ee57472a885e75ef007fabc2 8fb3d37b7be84457afa562899b579570 - - default default] 10.0.0.15 "GET /v2.0/subnets/15a1de01-fa0b-4b93-8693-83e8b18886cb HTTP/1.1" status: 200 len: 843 time: 0.0311797
2026-06-28 21:08:13.125 10 INFO neutron.wsgi [None req-7a9754c9-db0d-44d9-9705-93c728781118 4fef727516904a20b1a3fd6b649884a9 2bca66e9715942029c62ab73d4fdaefb - - default default] 10.0.0.15 "POST /v2.0/networks HTTP/1.1" status: 201 len: 830 time: 0.8319874
2026-06-28 21:08:13.133 9 INFO neutron.wsgi [req-0aff7c9a-a968-42a5-bafb-e989eda25d87 req-e2aab73b-eb29-46b1-a535-acef1defd7da 4316c09563094d8c88c9332122dca96b 39c3798870dd4491bedb898a722c9dbd - - default default] 199.204.45.162 "GET /v2.0/ports?device_id=60f9b599-c65a-46d9-9ae6-32ad2114c8fb HTTP/1.1" status: 200 len: 1168 time: 0.0540702
2026-06-28 21:08:13.139 10 WARNING neutron_lib.context [None req-f3ab1908-8f07-4444-ba40-e8cf17e504f8 4fef727516904a20b1a3fd6b649884a9 2bca66e9715942029c62ab73d4fdaefb - - default default] Method 'is_advsvc' is deprecated since 2023.2 release (neutron-lib 3.8.0) and will be removed once support for the old RBAC API policies will be removed from Neutron. Please use method 'is_service_role' instead.
2026-06-28 21:08:13.150 10 INFO neutron.pecan_wsgi.hooks.translation [None req-94c64ea1-f046-4d91-b317-da99343dad00 15c64b40ee57472a885e75ef007fabc2 8fb3d37b7be84457afa562899b579570 - - default default] DELETE failed (client error): The resource could not be found.
2026-06-28 21:08:13.153 10 INFO neutron.wsgi [None req-94c64ea1-f046-4d91-b317-da99343dad00 15c64b40ee57472a885e75ef007fabc2 8fb3d37b7be84457afa562899b579570 - - default default] 10.0.0.15 "DELETE /v2.0/subnets/48436912-edeb-4903-b84b-ff7e49dcc989 HTTP/1.1" status: 404 len: 337 time: 0.0230563
2026-06-28 21:08:13.187 9 INFO neutron.pecan_wsgi.hooks.translation [None req-2bb9370c-5f28-40a6-8fdc-88237b8cdb7a 15c64b40ee57472a885e75ef007fabc2 8fb3d37b7be84457afa562899b579570 - - default default] DELETE failed (client error): The resource could not be found.
2026-06-28 21:08:13.190 9 INFO neutron.wsgi [None req-2bb9370c-5f28-40a6-8fdc-88237b8cdb7a 15c64b40ee57472a885e75ef007fabc2 8fb3d37b7be84457afa562899b579570 - - default default] 10.0.0.15 "DELETE /v2.0/networks/92e11491-73fc-4b0b-bae6-019f16f2ef8c HTTP/1.1" status: 404 len: 339 time: 0.0276871
2026-06-28 21:08:13.239 9 INFO neutron.db.ovn_revision_numbers_db [None req-bc6461f3-1275-43a0-91fe-a76c0f325952 - - - - - -] Successfully bumped revision number for resource f79bbf1e-9ee0-49fe-b2b5-ab6a530cebe3 (type: ports) to 5
2026-06-28 21:08:13.253 9 INFO neutron.wsgi [None req-1b06b8bc-f738-4f90-9635-50693ba32c30 d2eef338a29041b2b00b37c432379f8d 74c328985d2d4a5b976a3c9bf55900a5 - - default default] 10.0.0.15 "DELETE /v2.0/networks/e8451a2d-c17e-42fb-bb4d-57da6f305651 HTTP/1.1" status: 204 len: 168 time: 0.6085334
2026-06-28 21:08:13.571 10 INFO neutron.wsgi [None req-5591621a-c4b3-4d38-8a5e-4b76f886035e d2eef338a29041b2b00b37c432379f8d 74c328985d2d4a5b976a3c9bf55900a5 - - default default] 10.0.0.15 "GET /v2.0/security-groups?tenant_id=457f194600bf4b59900a2844a86f626d&name=default HTTP/1.1" status: 200 len: 3120 time: 0.0911813
2026-06-28 21:08:13.754 9 INFO neutron.db.l3_db [req-0aff7c9a-a968-42a5-bafb-e989eda25d87 req-61e9f51f-c3ed-4666-9f64-731e9dbbe294 4316c09563094d8c88c9332122dca96b 39c3798870dd4491bedb898a722c9dbd - - default default] Floating IP 7c4e6faa-5431-41c3-a273-5db06c5b9d7c disassociated. External IP: 10.96.250.210, port: f79bbf1e-9ee0-49fe-b2b5-ab6a530cebe3.
2026-06-28 21:08:13.818 10 INFO neutron.wsgi [None req-3ae7153f-2cb7-428e-b832-8c7c1b27b30e 15c64b40ee57472a885e75ef007fabc2 8fb3d37b7be84457afa562899b579570 - - default default] 10.0.0.15 "DELETE /v2.0/subnets/15a1de01-fa0b-4b93-8693-83e8b18886cb HTTP/1.1" status: 204 len: 168 time: 0.6212094
2026-06-28 21:08:13.826 10 WARNING neutron.scheduler.dhcp_agent_scheduler [None req-f3ab1908-8f07-4444-ba40-e8cf17e504f8 4fef727516904a20b1a3fd6b649884a9 2bca66e9715942029c62ab73d4fdaefb - - default default] No more DHCP agents /var/lib/openstack/lib/python3.10/site-packages/pycadf/identifier.py:71: UserWarning: Invalid uuid: neutron. To ensure interoperability, identifiers should be a valid uuid. warnings.warn(('Invalid uuid: %s. To ensure interoperability, '
2026-06-28 21:08:13.834 10 WARNING neutron.api.rpc.agentnotifiers.dhcp_rpc_agent_api [None req-f3ab1908-8f07-4444-ba40-e8cf17e504f8 4fef727516904a20b1a3fd6b649884a9 2bca66e9715942029c62ab73d4fdaefb - - default default] Unable to schedule network 88ce0462-d657-4756-8f9b-5c5c828cd860: no agents available; will retry on subsequent port and subnet creation events.
2026-06-28 21:08:13.888 9 INFO neutron.wsgi [req-0aff7c9a-a968-42a5-bafb-e989eda25d87 req-61e9f51f-c3ed-4666-9f64-731e9dbbe294 4316c09563094d8c88c9332122dca96b 39c3798870dd4491bedb898a722c9dbd - - default default] 199.204.45.162 "DELETE /v2.0/ports/f79bbf1e-9ee0-49fe-b2b5-ab6a530cebe3 HTTP/1.1" status: 204 len: 173 time: 0.7503057
2026-06-28 21:08:13.996 10 INFO neutron.wsgi [req-942af0db-7492-4cb6-bf4e-864cae67f1d0 req-f058cfbe-2c95-444c-82a0-79212b1bd046 4316c09563094d8c88c9332122dca96b 39c3798870dd4491bedb898a722c9dbd - - default default] 10.0.0.146 "GET /v2.0/ports?device_id=60f9b599-c65a-46d9-9ae6-32ad2114c8fb HTTP/1.1" status: 200 len: 210 time: 0.0311222
2026-06-28 21:08:14.071 10 INFO neutron.wsgi [None req-b7a6e659-1562-4564-a058-52f4f4ab1e28 d2eef338a29041b2b00b37c432379f8d 74c328985d2d4a5b976a3c9bf55900a5 - - default default] 10.0.0.15 "DELETE /v2.0/security-groups/7d52b082-6358-466b-8ccd-780efb816faa HTTP/1.1" status: 204 len: 168 time: 0.4923644
2026-06-28 21:08:14.153 9 INFO neutron.notifiers.nova [-] Nova event matching ['req-3164f2b4-179b-4383-b8a5-fb0f9e4c6651'] response: {'server_uuid': '60f9b599-c65a-46d9-9ae6-32ad2114c8fb', 'name': 'network-vif-unplugged', 'status': 'completed', 'tag': 'f79bbf1e-9ee0-49fe-b2b5-ab6a530cebe3', 'code': 200}
2026-06-28 21:08:14.153 9 INFO neutron.notifiers.nova [-] Nova event matching ['req-3164f2b4-179b-4383-b8a5-fb0f9e4c6651'] response: {'server_uuid': '60f9b599-c65a-46d9-9ae6-32ad2114c8fb', 'name': 'network-vif-unplugged', 'status': 'completed', 'tag': 'f79bbf1e-9ee0-49fe-b2b5-ab6a530cebe3', 'code': 200}
2026-06-28 21:08:14.154 9 INFO neutron.notifiers.nova [-] Nova event matching ['req-3164f2b4-179b-4383-b8a5-fb0f9e4c6651'] response: {'server_uuid': '60f9b599-c65a-46d9-9ae6-32ad2114c8fb', 'name': 'network-vif-deleted', 'tag': 'f79bbf1e-9ee0-49fe-b2b5-ab6a530cebe3', 'status': 'completed', 'code': 200}
2026-06-28 21:08:14.286 9 INFO neutron.services.segments.plugin [-] Segment b75eb6af-3f5d-49d3-bdf5-3ec5791d52f7 resource provider aggregate not found
2026-06-28 21:08:14.292 9 INFO neutron.services.segments.plugin [-] Segment b75eb6af-3f5d-49d3-bdf5-3ec5791d52f7 resource provider aggregate not found
2026-06-28 21:08:14.302 9 INFO neutron.services.segments.plugin [-] Segment b75eb6af-3f5d-49d3-bdf5-3ec5791d52f7 resource provider not found; error: Placement Client Error (4xx): {"errors": [{"status": 404, "title": "Not Found", "detail": "The resource could not be found.\n\n No resource provider with uuid b75eb6af-3f5d-49d3-bdf5-3ec5791d52f7 found for delete ", "request_id": "req-62d95ccf-ccd5-4642-b361-3b8b9624d6d9"}]}
2026-06-28 21:08:14.309 9 INFO neutron.services.segments.plugin [-] Segment b75eb6af-3f5d-49d3-bdf5-3ec5791d52f7 resource provider not found; error: Placement Client Error (4xx): {"errors": [{"status": 404, "title": "Not Found", "detail": "The resource could not be found.\n\n No resource provider with uuid b75eb6af-3f5d-49d3-bdf5-3ec5791d52f7 found for delete ", "request_id": "req-855fdebe-c1fa-41f3-b83a-05302e536ca9"}]}
2026-06-28 21:08:14.424 10 INFO neutron.services.segments.plugin [-] Segment 7255c79a-732e-441d-9f49-b108d5db02df resource provider aggregate not found
2026-06-28 21:08:14.430 10 INFO neutron.services.segments.plugin [-] Segment 7255c79a-732e-441d-9f49-b108d5db02df resource provider aggregate not found
2026-06-28 21:08:14.436 10 INFO neutron.wsgi [None req-7b2480dd-f074-43d6-96e0-71e2184761d1 15c64b40ee57472a885e75ef007fabc2 8fb3d37b7be84457afa562899b579570 - - default default] 10.0.0.15 "DELETE /v2.0/networks/78c68d36-96b9-49e0-b9f8-76aab41c1206 HTTP/1.1" status: 204 len: 168 time: 0.6105769
2026-06-28 21:08:14.446 10 INFO neutron.services.segments.plugin [-] Segment 7255c79a-732e-441d-9f49-b108d5db02df resource provider not found; error: Placement Client Error (4xx): {"errors": [{"status": 404, "title": "Not Found", "detail": "The resource could not be found.\n\n No resource provider with uuid 7255c79a-732e-441d-9f49-b108d5db02df found for delete ", "request_id": "req-528bf902-e92a-4eee-8649-2ae862e1192c"}]}
2026-06-28 21:08:14.458 10 INFO neutron.services.segments.plugin [-] Segment 7255c79a-732e-441d-9f49-b108d5db02df resource provider not found; error: Placement Client Error (4xx): {"errors": [{"status": 404, "title": "Not Found", "detail": "The resource could not be found.\n\n No resource provider with uuid 7255c79a-732e-441d-9f49-b108d5db02df found for delete ", "request_id": "req-87569647-0350-4082-88fc-ae228cf7def4"}]}
2026-06-28 21:08:14.539 10 INFO neutron.db.ovn_revision_numbers_db [None req-f3ab1908-8f07-4444-ba40-e8cf17e504f8 4fef727516904a20b1a3fd6b649884a9 2bca66e9715942029c62ab73d4fdaefb - - default default] Successfully bumped revision number for resource d6387004-91d3-4e7b-bdc0-ceaa82624e6a (type: ports) to 2
2026-06-28 21:08:14.576 10 INFO neutron.db.ovn_revision_numbers_db [None req-f3ab1908-8f07-4444-ba40-e8cf17e504f8 4fef727516904a20b1a3fd6b649884a9 2bca66e9715942029c62ab73d4fdaefb - - default default] Successfully bumped revision number for resource fc138f7c-4e9b-421a-ace0-cbfe36c44c5b (type: subnets) to 0
2026-06-28 21:08:14.592 10 INFO neutron.wsgi [None req-f3ab1908-8f07-4444-ba40-e8cf17e504f8 4fef727516904a20b1a3fd6b649884a9 2bca66e9715942029c62ab73d4fdaefb - - default default] 10.0.0.15 "POST /v2.0/subnets HTTP/1.1" status: 201 len: 801 time: 1.4572208
2026-06-28 21:08:14.603 10 WARNING neutron_lib.context [None req-a851e852-37de-4d8e-ba3b-481fd4b23f40 4fef727516904a20b1a3fd6b649884a9 2bca66e9715942029c62ab73d4fdaefb - - default default] Method 'is_advsvc' is deprecated since 2023.2 release (neutron-lib 3.8.0) and will be removed once support for the old RBAC API policies will be removed from Neutron. Please use method 'is_service_role' instead.
2026-06-28 21:08:14.904 10 WARNING neutron.scheduler.dhcp_agent_scheduler [None req-a851e852-37de-4d8e-ba3b-481fd4b23f40 4fef727516904a20b1a3fd6b649884a9 2bca66e9715942029c62ab73d4fdaefb - - default default] No more DHCP agents
2026-06-28 21:08:14.911 10 WARNING neutron.api.rpc.agentnotifiers.dhcp_rpc_agent_api [None req-a851e852-37de-4d8e-ba3b-481fd4b23f40 4fef727516904a20b1a3fd6b649884a9 2bca66e9715942029c62ab73d4fdaefb - - default default] Unable to schedule network 88ce0462-d657-4756-8f9b-5c5c828cd860: no agents available; will retry on subsequent port and subnet creation events. /var/lib/openstack/lib/python3.10/site-packages/pycadf/identifier.py:71: UserWarning: Invalid uuid: neutron. To ensure interoperability, identifiers should be a valid uuid. warnings.warn(('Invalid uuid: %s. To ensure interoperability, '
2026-06-28 21:08:15.095 10 INFO neutron.db.ovn_revision_numbers_db [None req-a851e852-37de-4d8e-ba3b-481fd4b23f40 4fef727516904a20b1a3fd6b649884a9 2bca66e9715942029c62ab73d4fdaefb - - default default] Successfully bumped revision number for resource 95e4d620-241b-49eb-9d75-0b904480d4c5 (type: ports) to 1
2026-06-28 21:08:15.120 10 INFO neutron.wsgi [None req-a851e852-37de-4d8e-ba3b-481fd4b23f40 4fef727516904a20b1a3fd6b649884a9 2bca66e9715942029c62ab73d4fdaefb - - default default] 10.0.0.15 "POST /v2.0/ports HTTP/1.1" status: 201 len: 1110 time: 0.5233045
2026-06-28 21:08:15.201 9 INFO neutron.wsgi [None req-68a38f7e-54c5-41b0-a213-5f978d101a9e 4316c09563094d8c88c9332122dca96b 39c3798870dd4491bedb898a722c9dbd - - default default] 10.0.0.15 "DELETE /v2.0/security-groups/6ef5d266-005c-43f0-8865-d7d317dc5c2c HTTP/1.1" status: 204 len: 168 time: 0.1265631
2026-06-28 21:08:15.207 10 INFO neutron.wsgi [None req-3a9270fc-5712-4879-bb80-472d006d8b7a d2eef338a29041b2b00b37c432379f8d 74c328985d2d4a5b976a3c9bf55900a5 - - default default] 10.0.0.15 "GET /v2.0/security-groups?tenant_id=8fb3d37b7be84457afa562899b579570&name=default HTTP/1.1" status: 200 len: 3120 time: 0.2185528
2026-06-28 21:08:15.220 9 INFO neutron.api.v2.resource [None req-f1d3cf11-ba53-429d-a769-3b2986afb2a5 4316c09563094d8c88c9332122dca96b 39c3798870dd4491bedb898a722c9dbd - - default default] show failed (client error): The resource could not be found.
2026-06-28 21:08:15.221 9 INFO neutron.wsgi [None req-f1d3cf11-ba53-429d-a769-3b2986afb2a5 4316c09563094d8c88c9332122dca96b 39c3798870dd4491bedb898a722c9dbd - - default default] 10.0.0.15 "GET /v2.0/security-groups/6ef5d266-005c-43f0-8865-d7d317dc5c2c HTTP/1.1" status: 404 len: 347 time: 0.0139306
2026-06-28 21:08:15.525 10 INFO neutron.wsgi [None req-a32433f5-2735-45a8-b85a-381f1b59647c d2eef338a29041b2b00b37c432379f8d 74c328985d2d4a5b976a3c9bf55900a5 - - default default] 10.0.0.15 "DELETE /v2.0/security-groups/528c6ee4-12e1-4539-919e-5a3594b648fb HTTP/1.1" status: 204 len: 168 time: 0.3072670
2026-06-28 21:08:15.536 10 INFO neutron.wsgi [None req-e13b7fd8-e963-4133-bd1a-48ac1a6720d1 4fef727516904a20b1a3fd6b649884a9 2bca66e9715942029c62ab73d4fdaefb - - default default] 10.0.0.15 "DELETE /v2.0/ports/95e4d620-241b-49eb-9d75-0b904480d4c5 HTTP/1.1" status: 204 len: 168 time: 0.4109335
2026-06-28 21:08:15.558 10 INFO neutron.pecan_wsgi.hooks.translation [None req-85650af9-e3e6-4e14-9c3a-51e5345f0321 4fef727516904a20b1a3fd6b649884a9 2bca66e9715942029c62ab73d4fdaefb - - default default] GET failed (client error): The resource could not be found.
2026-06-28 21:08:15.559 10 INFO neutron.wsgi [None req-85650af9-e3e6-4e14-9c3a-51e5345f0321 4fef727516904a20b1a3fd6b649884a9 2bca66e9715942029c62ab73d4fdaefb - - default default] 10.0.0.15 "GET /v2.0/ports/95e4d620-241b-49eb-9d75-0b904480d4c5 HTTP/1.1" status: 404 len: 333 time: 0.0187352
2026-06-28 21:08:15.592 9 INFO neutron.wsgi [None req-740f35f8-fbea-4235-bf82-603e1c9c57f5 4316c09563094d8c88c9332122dca96b 39c3798870dd4491bedb898a722c9dbd - - default default] 10.0.0.15 "DELETE /v2.0/floatingips/7c4e6faa-5431-41c3-a273-5db06c5b9d7c HTTP/1.1" status: 204 len: 168 time: 0.3658168
2026-06-28 21:08:15.758 10 INFO neutron.wsgi [None req-28da99f3-7331-4651-8978-ddbe8b9382dc 4fef727516904a20b1a3fd6b649884a9 2bca66e9715942029c62ab73d4fdaefb - - default default] 10.0.0.15 "DELETE /v2.0/subnets/fc138f7c-4e9b-421a-ace0-cbfe36c44c5b HTTP/1.1" status: 204 len: 168 time: 0.1938128
2026-06-28 21:08:16.146 10 INFO neutron.wsgi [None req-98284f16-64f6-45f9-8d41-a0070a078c48 4fef727516904a20b1a3fd6b649884a9 2bca66e9715942029c62ab73d4fdaefb - - default default] 10.0.0.15 "DELETE /v2.0/networks/88ce0462-d657-4756-8f9b-5c5c828cd860 HTTP/1.1" status: 204 len: 168 time: 0.3834176
2026-06-28 21:08:16.159 10 WARNING neutron_lib.context [None req-e9a38178-1f18-457e-8de2-8502c0c8699f 4fef727516904a20b1a3fd6b649884a9 2bca66e9715942029c62ab73d4fdaefb - - default default] Method 'is_advsvc' is deprecated since 2023.2 release (neutron-lib 3.8.0) and will be removed once support for the old RBAC API policies will be removed from Neutron. Please use method 'is_service_role' instead.
2026-06-28 21:08:16.464 10 INFO neutron.services.segments.plugin [-] Segment 71fb462f-845e-4449-a651-0e734758e033 resource provider aggregate not found
2026-06-28 21:08:16.475 10 WARNING neutron.scheduler.dhcp_agent_scheduler [None req-e9a38178-1f18-457e-8de2-8502c0c8699f 4fef727516904a20b1a3fd6b649884a9 2bca66e9715942029c62ab73d4fdaefb - - default default] No more DHCP agents
2026-06-28 21:08:16.478 10 WARNING neutron.api.rpc.agentnotifiers.dhcp_rpc_agent_api [None req-e9a38178-1f18-457e-8de2-8502c0c8699f 4fef727516904a20b1a3fd6b649884a9 2bca66e9715942029c62ab73d4fdaefb - - default default] Unable to schedule network 21ed2dee-157f-4ff6-a90b-31b8b9faaee0: no agents available; will retry on subsequent port and subnet creation events.
2026-06-28 21:08:16.481 10 INFO neutron.services.segments.plugin [-] Segment 71fb462f-845e-4449-a651-0e734758e033 resource provider not found; error: Placement Client Error (4xx): {"errors": [{"status": 404, "title": "Not Found", "detail": "The resource could not be found.\n\n No resource provider with uuid 71fb462f-845e-4449-a651-0e734758e033 found for delete ", "request_id": "req-bf0eb527-4b82-4310-b4e9-312253b7c05a"}]}
2026-06-28 21:08:16.481 10 INFO neutron.services.segments.plugin [-] Segment 71fb462f-845e-4449-a651-0e734758e033 resource provider aggregate not found
2026-06-28 21:08:16.507 10 INFO neutron.services.segments.plugin [-] Segment 71fb462f-845e-4449-a651-0e734758e033 resource provider not found; error: Placement Client Error (4xx): {"errors": [{"status": 404, "title": "Not Found", "detail": "The resource could not be found.\n\n No resource provider with uuid 71fb462f-845e-4449-a651-0e734758e033 found for delete ", "request_id": "req-60dbccdf-3d35-4b61-b1d7-bbdfbe2bf9e5"}]}
2026-06-28 21:08:16.569 10 INFO neutron.db.ovn_revision_numbers_db [None req-e9a38178-1f18-457e-8de2-8502c0c8699f 4fef727516904a20b1a3fd6b649884a9 2bca66e9715942029c62ab73d4fdaefb - - default default] Successfully bumped revision number for resource ce485059-7a89-4a8d-a274-c7800f78871c (type: ports) to 1
2026-06-28 21:08:16.604 10 INFO neutron.wsgi [None req-e9a38178-1f18-457e-8de2-8502c0c8699f 4fef727516904a20b1a3fd6b649884a9 2bca66e9715942029c62ab73d4fdaefb - - default default] 10.0.0.15 "POST /v2.0/ports HTTP/1.1" status: 201 len: 974 time: 0.4491713 /var/lib/openstack/lib/python3.10/site-packages/pycadf/identifier.py:71: UserWarning: Invalid uuid: neutron. To ensure interoperability, identifiers should be a valid uuid. warnings.warn(('Invalid uuid: %s. To ensure interoperability, '
2026-06-28 21:08:16.732 9 INFO neutron.wsgi [None req-5c56ca5b-3691-4183-9974-507d82c17938 d2eef338a29041b2b00b37c432379f8d 74c328985d2d4a5b976a3c9bf55900a5 - - default default] 10.0.0.15 "PUT /v2.0/routers/9b6ecef9-3308-4a35-9c45-63863fb1f8d2/remove_router_interface HTTP/1.1" status: 200 len: 503 time: 1.1352704 /var/lib/openstack/lib/python3.10/site-packages/pycadf/identifier.py:71: UserWarning: Invalid uuid: neutron. To ensure interoperability, identifiers should be a valid uuid. warnings.warn(('Invalid uuid: %s. To ensure interoperability, '
2026-06-28 21:08:16.904 9 INFO neutron.plugins.ml2.drivers.ovn.mech_driver.mech_driver [None req-bc6461f3-1275-43a0-91fe-a76c0f325952 - - - - - -] OVN reports status down for port: ce485059-7a89-4a8d-a274-c7800f78871c
2026-06-28 21:08:16.940 10 INFO neutron.db.ovn_revision_numbers_db [None req-bc2191e1-9aa6-46ad-8905-414875d2193a 4fef727516904a20b1a3fd6b649884a9 2bca66e9715942029c62ab73d4fdaefb - - default default] Successfully bumped revision number for resource ce485059-7a89-4a8d-a274-c7800f78871c (type: ports) to 2
2026-06-28 21:08:16.951 10 INFO neutron.wsgi [None req-bc2191e1-9aa6-46ad-8905-414875d2193a 4fef727516904a20b1a3fd6b649884a9 2bca66e9715942029c62ab73d4fdaefb - - default default] 10.0.0.15 "PUT /v2.0/ports/ce485059-7a89-4a8d-a274-c7800f78871c HTTP/1.1" status: 200 len: 946 time: 0.3415349 /var/lib/openstack/lib/python3.10/site-packages/pycadf/identifier.py:71: UserWarning: Invalid uuid: neutron. To ensure interoperability, identifiers should be a valid uuid. warnings.warn(('Invalid uuid: %s. To ensure interoperability, '
2026-06-28 21:08:17.273 10 INFO neutron.wsgi [None req-36539fb1-6a6a-4f3e-ae0b-d051f08f2be2 4fef727516904a20b1a3fd6b649884a9 2bca66e9715942029c62ab73d4fdaefb - - default default] 10.0.0.15 "DELETE /v2.0/ports/ce485059-7a89-4a8d-a274-c7800f78871c HTTP/1.1" status: 204 len: 168 time: 0.3173361
2026-06-28 21:08:17.320 10 INFO neutron.wsgi [None req-5a63b5d1-2d6b-4074-90da-20ef4a357cb1 4fef727516904a20b1a3fd6b649884a9 2bca66e9715942029c62ab73d4fdaefb - - default default] 10.0.0.15 "GET /v2.0/ports HTTP/1.1" status: 200 len: 1728 time: 0.0433533
2026-06-28 21:08:17.342 10 INFO neutron.pecan_wsgi.hooks.translation [None req-7207b269-6b77-4287-b4f7-7bfb22ec854b 4fef727516904a20b1a3fd6b649884a9 2bca66e9715942029c62ab73d4fdaefb - - default default] GET failed (client error): The resource could not be found.
2026-06-28 21:08:17.344 10 INFO neutron.wsgi [None req-7207b269-6b77-4287-b4f7-7bfb22ec854b 4fef727516904a20b1a3fd6b649884a9 2bca66e9715942029c62ab73d4fdaefb - - default default] 10.0.0.15 "GET /v2.0/ports/ce485059-7a89-4a8d-a274-c7800f78871c HTTP/1.1" status: 404 len: 333 time: 0.0174141
2026-06-28 21:08:17.471 9 INFO neutron.wsgi [None req-bd2a189f-edec-4675-8c60-834fa65184eb 4fef727516904a20b1a3fd6b649884a9 2bca66e9715942029c62ab73d4fdaefb - - default default] 10.0.0.15 "GET /v2.0/ports HTTP/1.1" status: 200 len: 1728 time: 0.1162510
2026-06-28 21:08:17.493 10 WARNING neutron_lib.context [None req-0aca21f3-f311-4e08-9b5c-64a5742f4a0f b9c8612ce11b4855a3a7411f67e562da b209dae4ceb94cbf889eb8ff3323ba8b - - default default] Method 'is_advsvc' is deprecated since 2023.2 release (neutron-lib 3.8.0) and will be removed once support for the old RBAC API policies will be removed from Neutron. Please use method 'is_service_role' instead.
2026-06-28 21:08:17.533 10 INFO neutron.wsgi [None req-4d1c1972-7192-4b3c-9191-8f66041e6276 4fef727516904a20b1a3fd6b649884a9 2bca66e9715942029c62ab73d4fdaefb - - default default] 10.0.0.15 "GET /v2.0/ports/5eaa5ae0-80dd-4a7c-9075-68cb888c2233 HTTP/1.1" status: 200 len: 968 time: 0.0550532
2026-06-28 21:08:17.561 10 INFO neutron.pecan_wsgi.hooks.translation [None req-8c0733f7-9719-4000-9889-43fe608a70dd 4fef727516904a20b1a3fd6b649884a9 2bca66e9715942029c62ab73d4fdaefb - - default default] DELETE failed (client error): The resource could not be found.
2026-06-28 21:08:17.563 10 INFO neutron.wsgi [None req-8c0733f7-9719-4000-9889-43fe608a70dd 4fef727516904a20b1a3fd6b649884a9 2bca66e9715942029c62ab73d4fdaefb - - default default] 10.0.0.15 "DELETE /v2.0/ports/95e4d620-241b-49eb-9d75-0b904480d4c5 HTTP/1.1" status: 404 len: 333 time: 0.0207846
2026-06-28 21:08:17.585 10 INFO neutron.pecan_wsgi.hooks.translation [None req-12dca5fc-0d15-4aed-8466-063b16b320b4 4fef727516904a20b1a3fd6b649884a9 2bca66e9715942029c62ab73d4fdaefb - - default default] DELETE failed (client error): The resource could not be found.
2026-06-28 21:08:17.587 10 INFO neutron.wsgi [None req-12dca5fc-0d15-4aed-8466-063b16b320b4 4fef727516904a20b1a3fd6b649884a9 2bca66e9715942029c62ab73d4fdaefb - - default default] 10.0.0.15 "DELETE /v2.0/subnets/fc138f7c-4e9b-421a-ace0-cbfe36c44c5b HTTP/1.1" status: 404 len: 337 time: 0.0179374
2026-06-28 21:08:17.611 10 INFO neutron.pecan_wsgi.hooks.translation [None req-62131544-0a2f-410d-9396-b0bc0c64677d 4fef727516904a20b1a3fd6b649884a9 2bca66e9715942029c62ab73d4fdaefb - - default default] DELETE failed (client error): The resource could not be found.
2026-06-28 21:08:17.613 10 INFO neutron.wsgi [None req-62131544-0a2f-410d-9396-b0bc0c64677d 4fef727516904a20b1a3fd6b649884a9 2bca66e9715942029c62ab73d4fdaefb - - default default] 10.0.0.15 "DELETE /v2.0/subnets/17b445c4-bf5b-493d-b180-5c98100d781f HTTP/1.1" status: 404 len: 337 time: 0.0202115
2026-06-28 21:08:17.723 10 INFO neutron.db.ovn_revision_numbers_db [None req-0aca21f3-f311-4e08-9b5c-64a5742f4a0f b9c8612ce11b4855a3a7411f67e562da b209dae4ceb94cbf889eb8ff3323ba8b - - default default] Successfully bumped revision number for resource 2bab7a00-a855-4d2d-b847-0b2572dc2a70 (type: security_groups) to 1
2026-06-28 21:08:17.740 10 INFO neutron.db.ovn_revision_numbers_db [None req-0aca21f3-f311-4e08-9b5c-64a5742f4a0f b9c8612ce11b4855a3a7411f67e562da b209dae4ceb94cbf889eb8ff3323ba8b - - default default] Successfully bumped revision number for resource 3c81e971-39d5-4f6b-a0ce-90f0a0ac0f5a (type: security_group_rules) to 0
2026-06-28 21:08:17.742 9 INFO neutron.wsgi [None req-8da578fb-285a-40b0-827b-d7c290ea8cab d2eef338a29041b2b00b37c432379f8d 74c328985d2d4a5b976a3c9bf55900a5 - - default default] 10.0.0.15 "DELETE /v2.0/routers/9b6ecef9-3308-4a35-9c45-63863fb1f8d2 HTTP/1.1" status: 204 len: 168 time: 1.0048447
2026-06-28 21:08:17.763 10 INFO neutron.db.ovn_revision_numbers_db [None req-0aca21f3-f311-4e08-9b5c-64a5742f4a0f b9c8612ce11b4855a3a7411f67e562da b209dae4ceb94cbf889eb8ff3323ba8b - - default default] Successfully bumped revision number for resource 900baaf4-68b3-4931-9e86-f75ee1780e6e (type: security_group_rules) to 0
2026-06-28 21:08:17.779 10 INFO neutron.db.ovn_revision_numbers_db [None req-0aca21f3-f311-4e08-9b5c-64a5742f4a0f b9c8612ce11b4855a3a7411f67e562da b209dae4ceb94cbf889eb8ff3323ba8b - - default default] Successfully bumped revision number for resource 97b19994-fc2e-4480-abc0-c90ec194b323 (type: security_group_rules) to 0
2026-06-28 21:08:17.806 10 INFO neutron.db.ovn_revision_numbers_db [None req-0aca21f3-f311-4e08-9b5c-64a5742f4a0f b9c8612ce11b4855a3a7411f67e562da b209dae4ceb94cbf889eb8ff3323ba8b - - default default] Successfully bumped revision number for resource e3b85e92-2cd9-40c8-91c3-57a7ffdbcc5b (type: security_group_rules) to 0
2026-06-28 21:08:17.867 10 INFO neutron.db.segments_db [None req-0aca21f3-f311-4e08-9b5c-64a5742f4a0f b9c8612ce11b4855a3a7411f67e562da b209dae4ceb94cbf889eb8ff3323ba8b - - default default] Added segment b55baf0b-735d-45b7-920b-0d03f23edfcc of type geneve for network f2762005-15f3-4596-a994-075d14c13cf4
2026-06-28 21:08:17.896 10 INFO neutron.wsgi [None req-9ceff5e3-0941-4951-ac88-fdecd3de3a90 4fef727516904a20b1a3fd6b649884a9 2bca66e9715942029c62ab73d4fdaefb - - default default] 10.0.0.15 "DELETE /v2.0/ports/5eaa5ae0-80dd-4a7c-9075-68cb888c2233 HTTP/1.1" status: 204 len: 168 time: 0.2757885
2026-06-28 21:08:18.001 9 INFO neutron.wsgi [None req-2855c20e-33a0-4c9f-b6ad-7ea28a81a079 d2eef338a29041b2b00b37c432379f8d 74c328985d2d4a5b976a3c9bf55900a5 - - default default] 10.0.0.15 "DELETE /v2.0/subnets/6fc07511-acdb-4e33-ada6-2462cea4ee2d HTTP/1.1" status: 204 len: 168 time: 0.2557623
2026-06-28 21:08:18.026 10 INFO neutron.db.ovn_revision_numbers_db [None req-0aca21f3-f311-4e08-9b5c-64a5742f4a0f b9c8612ce11b4855a3a7411f67e562da b209dae4ceb94cbf889eb8ff3323ba8b - - default default] Successfully bumped revision number for resource f2762005-15f3-4596-a994-075d14c13cf4 (type: networks) to 1
2026-06-28 21:08:18.210 10 WARNING neutron.scheduler.dhcp_agent_scheduler [None req-0aca21f3-f311-4e08-9b5c-64a5742f4a0f b9c8612ce11b4855a3a7411f67e562da b209dae4ceb94cbf889eb8ff3323ba8b - - default default] No more DHCP agents
2026-06-28 21:08:18.212 10 WARNING neutron.api.rpc.agentnotifiers.dhcp_rpc_agent_api [None req-0aca21f3-f311-4e08-9b5c-64a5742f4a0f b9c8612ce11b4855a3a7411f67e562da b209dae4ceb94cbf889eb8ff3323ba8b - - default default] Unable to schedule network f2762005-15f3-4596-a994-075d14c13cf4: no agents available; will retry on subsequent port and subnet creation events.
2026-06-28 21:08:18.290 10 INFO neutron.db.ovn_revision_numbers_db [None req-0aca21f3-f311-4e08-9b5c-64a5742f4a0f b9c8612ce11b4855a3a7411f67e562da b209dae4ceb94cbf889eb8ff3323ba8b - - default default] Successfully bumped revision number for resource 02d4970b-837b-404e-971a-87f93467288e (type: ports) to 1
2026-06-28 21:08:18.317 10 INFO neutron.wsgi [None req-0aca21f3-f311-4e08-9b5c-64a5742f4a0f b9c8612ce11b4855a3a7411f67e562da b209dae4ceb94cbf889eb8ff3323ba8b - - default default] 10.0.0.15 "POST /v2.0/networks HTTP/1.1" status: 201 len: 848 time: 0.9648569
2026-06-28 21:08:18.327 10 WARNING neutron_lib.context [None req-3b9514df-a169-4869-99ca-8994a66482eb b9c8612ce11b4855a3a7411f67e562da b209dae4ceb94cbf889eb8ff3323ba8b - - default default] Method 'is_advsvc' is deprecated since 2023.2 release (neutron-lib 3.8.0) and will be removed once support for the old RBAC API policies will be removed from Neutron. Please use method 'is_service_role' instead. /var/lib/openstack/lib/python3.10/site-packages/pycadf/identifier.py:71: UserWarning: Invalid uuid: neutron. To ensure interoperability, identifiers should be a valid uuid. warnings.warn(('Invalid uuid: %s. To ensure interoperability, '
2026-06-28 21:08:18.632 10 WARNING neutron.scheduler.dhcp_agent_scheduler [None req-3b9514df-a169-4869-99ca-8994a66482eb b9c8612ce11b4855a3a7411f67e562da b209dae4ceb94cbf889eb8ff3323ba8b - - default default] No more DHCP agents
2026-06-28 21:08:18.634 10 WARNING neutron.api.rpc.agentnotifiers.dhcp_rpc_agent_api [None req-3b9514df-a169-4869-99ca-8994a66482eb b9c8612ce11b4855a3a7411f67e562da b209dae4ceb94cbf889eb8ff3323ba8b - - default default] Unable to schedule network f2762005-15f3-4596-a994-075d14c13cf4: no agents available; will retry on subsequent port and subnet creation events.
2026-06-28 21:08:18.659 9 INFO neutron.services.segments.plugin [-] Segment 2b72d17f-7446-47e3-904e-e5ff8767f2ea resource provider aggregate not found
2026-06-28 21:08:18.664 9 INFO neutron.services.segments.plugin [-] Segment 2b72d17f-7446-47e3-904e-e5ff8767f2ea resource provider aggregate not found
2026-06-28 21:08:18.686 9 INFO neutron.services.segments.plugin [-] Segment 2b72d17f-7446-47e3-904e-e5ff8767f2ea resource provider not found; error: Placement Client Error (4xx): {"errors": [{"status": 404, "title": "Not Found", "detail": "The resource could not be found.\n\n No resource provider with uuid 2b72d17f-7446-47e3-904e-e5ff8767f2ea found for delete ", "request_id": "req-cff9579b-3869-4f96-88dc-21ced01526fe"}]}
2026-06-28 21:08:18.688 9 INFO neutron.services.segments.plugin [-] Segment 2b72d17f-7446-47e3-904e-e5ff8767f2ea resource provider not found; error: Placement Client Error (4xx): {"errors": [{"status": 404, "title": "Not Found", "detail": "The resource could not be found.\n\n No resource provider with uuid 2b72d17f-7446-47e3-904e-e5ff8767f2ea found for delete ", "request_id": "req-978d4a62-46dc-41ea-9b56-b9534d6cff1b"}]}
2026-06-28 21:08:18.726 9 INFO neutron.wsgi [None req-d88a114a-9756-4709-a2c1-91d59d79065e 4fef727516904a20b1a3fd6b649884a9 2bca66e9715942029c62ab73d4fdaefb - - default default] 10.0.0.15 "DELETE /v2.0/networks/21ed2dee-157f-4ff6-a90b-31b8b9faaee0 HTTP/1.1" status: 204 len: 168 time: 0.8228285
2026-06-28 21:08:18.741 10 INFO neutron.db.ovn_revision_numbers_db [None req-3b9514df-a169-4869-99ca-8994a66482eb b9c8612ce11b4855a3a7411f67e562da b209dae4ceb94cbf889eb8ff3323ba8b - - default default] Successfully bumped revision number for resource a2e2dfff-8d18-4349-8d33-5b0d5c1d6e11 (type: ports) to 1
2026-06-28 21:08:18.778 10 INFO neutron.wsgi [None req-3b9514df-a169-4869-99ca-8994a66482eb b9c8612ce11b4855a3a7411f67e562da b209dae4ceb94cbf889eb8ff3323ba8b - - default default] 10.0.0.15 "POST /v2.0/ports HTTP/1.1" status: 201 len: 977 time: 0.4565427
2026-06-28 21:08:18.789 9 WARNING neutron_lib.context [None req-c7612e2d-95e0-472f-b0c2-d002e22f2731 b9c8612ce11b4855a3a7411f67e562da b209dae4ceb94cbf889eb8ff3323ba8b - - default default] Method 'is_advsvc' is deprecated since 2023.2 release (neutron-lib 3.8.0) and will be removed once support for the old RBAC API policies will be removed from Neutron. Please use method 'is_service_role' instead.
2026-06-28 21:08:18.793 10 INFO neutron.db.ovn_revision_numbers_db [None req-38647d58-d6f1-41c9-ab84-6566736364f4 d2eef338a29041b2b00b37c432379f8d 74c328985d2d4a5b976a3c9bf55900a5 - - default default] Successfully bumped revision number for resource 8991f625-0c8c-4b0b-a628-fed779570761 (type: security_groups) to 1
2026-06-28 21:08:18.805 10 INFO neutron.db.ovn_revision_numbers_db [None req-38647d58-d6f1-41c9-ab84-6566736364f4 d2eef338a29041b2b00b37c432379f8d 74c328985d2d4a5b976a3c9bf55900a5 - - default default] Successfully bumped revision number for resource 26c0be52-ac40-456d-8544-ffeaf5d8c717 (type: security_group_rules) to 0
2026-06-28 21:08:18.806 9 INFO neutron.wsgi [None req-b09586b0-c707-4be1-8a3a-f0199c839013 d2eef338a29041b2b00b37c432379f8d 74c328985d2d4a5b976a3c9bf55900a5 - - default default] 10.0.0.15 "DELETE /v2.0/networks/8a5626d8-23e2-4a85-9124-6d8ce00a1c18 HTTP/1.1" status: 204 len: 168 time: 0.7995129
