2026-06-28 21:07:03.423 10 INFO neutron.wsgi [req-953cf936-8a63-42d6-8ce9-e627e36bc7d5 req-8248075e-a42e-4514-b551-18f670f381ed e7f69025389641f3bd4f8fc2338832e9 bb8fd6f170db498ba5d00e63bcb1e837 - - default default] 10.0.0.146 "GET /v2.0/security-groups/d5f75b0a-96b2-4575-9389-c8431841f4d9 HTTP/1.1" status: 200 len: 3118 time: 0.0368402
2026-06-28 21:07:03.433 9 INFO neutron.wsgi [req-400b2dcb-d92f-4f68-96d5-868d96109cb9 req-de5f758b-154d-4b8b-b23b-340d58fa071c 4aab04f1da124f42934fe81cb5df544b f55b47247b124ab1bd2d0834579f5089 - - default default] 10.0.0.146 "DELETE /v2.0/security-groups/3718a579-937b-4e9f-a586-43e021858b57 HTTP/1.1" status: 204 len: 173 time: 0.2714009
2026-06-28 21:07:03.438 9 ERROR ovsdbapp.backend.ovs_idl.command [None req-7c95f417-78b4-4c39-80ee-b371bde3933b d2eef338a29041b2b00b37c432379f8d 74c328985d2d4a5b976a3c9bf55900a5 - - default default] Error executing command (DbGetCommand): ovsdbapp.backend.ovs_idl.idlutils.RowNotFound: Cannot find Logical_Router_Port with name=lrp-8c130445-16ae-44ce-b4ad-38538b1d58d2
2026-06-28 21:07:03.438 9 ERROR ovsdbapp.backend.ovs_idl.command
Traceback (most recent call last):
2026-06-28 21:07:03.438 9 ERROR ovsdbapp.backend.ovs_idl.command
File "/var/lib/openstack/lib/python3.10/site-packages/ovsdbapp/backend/ovs_idl/command.py", line 47, in execute
2026-06-28 21:07:03.438 9 ERROR ovsdbapp.backend.ovs_idl.command self.run_idl(None)
2026-06-28 21:07:03.438 9 ERROR ovsdbapp.backend.ovs_idl.command
File "/var/lib/openstack/lib/python3.10/site-packages/ovsdbapp/backend/ovs_idl/command.py", line 235, in run_idl
2026-06-28 21:07:03.438 9 ERROR ovsdbapp.backend.ovs_idl.command record = self.api.lookup(self.table, self.record)
2026-06-28 21:07:03.438 9 ERROR ovsdbapp.backend.ovs_idl.command
File "/var/lib/openstack/lib/python3.10/site-packages/ovsdbapp/backend/ovs_idl/__init__.py", line 184, in lookup
2026-06-28 21:07:03.438 9 ERROR ovsdbapp.backend.ovs_idl.command return self._lookup(table, record)
2026-06-28 21:07:03.438 9 ERROR ovsdbapp.backend.ovs_idl.command
File "/var/lib/openstack/lib/python3.10/site-packages/ovsdbapp/backend/ovs_idl/__init__.py", line 235, in _lookup
2026-06-28 21:07:03.438 9 ERROR ovsdbapp.backend.ovs_idl.command row = idlutils.row_by_value(self, rl.table, rl.column, record)
2026-06-28 21:07:03.438 9 ERROR ovsdbapp.backend.ovs_idl.command
File "/var/lib/openstack/lib/python3.10/site-packages/ovsdbapp/backend/ovs_idl/idlutils.py", line 114, in row_by_value
2026-06-28 21:07:03.438 9 ERROR ovsdbapp.backend.ovs_idl.command raise RowNotFound(table=table, col=column, match=match)
2026-06-28 21:07:03.438 9 ERROR ovsdbapp.backend.ovs_idl.command ovsdbapp.backend.ovs_idl.idlutils.RowNotFound: Cannot find Logical_Router_Port with name=lrp-8c130445-16ae-44ce-b4ad-38538b1d58d2
2026-06-28 21:07:03.438 9 ERROR ovsdbapp.backend.ovs_idl.command 
2026-06-28 21:07:03.439 9 ERROR neutron_lib.callbacks.manager [None req-7c95f417-78b4-4c39-80ee-b371bde3933b d2eef338a29041b2b00b37c432379f8d 74c328985d2d4a5b976a3c9bf55900a5 - - default default] Error during notification for neutron.services.ovn_l3.plugin.OVNL3RouterPlugin._port_update-8747529712349 port, after_update: ovsdbapp.backend.ovs_idl.idlutils.RowNotFound: Cannot find Logical_Router_Port with name=lrp-8c130445-16ae-44ce-b4ad-38538b1d58d2
2026-06-28 21:07:03.439 9 ERROR neutron_lib.callbacks.manager
Traceback (most recent call last):
2026-06-28 21:07:03.439 9 ERROR neutron_lib.callbacks.manager
File "/var/lib/openstack/lib/python3.10/site-packages/neutron_lib/callbacks/manager.py", line 189, in _notify_loop
2026-06-28 21:07:03.439 9 ERROR neutron_lib.callbacks.manager callback.method(resource, event, trigger, payload=payload)
2026-06-28 21:07:03.439 9 ERROR neutron_lib.callbacks.manager
File "/var/lib/openstack/lib/python3.10/site-packages/neutron/services/ovn_l3/plugin.py", line 391, in _port_update
2026-06-28 21:07:03.439 9 ERROR neutron_lib.callbacks.manager l3plugin._ovn_client.update_router_port(context,
2026-06-28 21:07:03.439 9 ERROR neutron_lib.callbacks.manager
File "/var/lib/openstack/lib/python3.10/site-packages/neutron/plugins/ml2/drivers/ovn/mech_driver/ovsdb/ovn_client.py", line 1878, in update_router_port
2026-06-28 21:07:03.439 9 ERROR neutron_lib.callbacks.manager self._update_lrouter_port(context, port, if_exists=if_exists,
2026-06-28 21:07:03.439 9 ERROR neutron_lib.callbacks.manager
File "/var/lib/openstack/lib/python3.10/site-packages/neutron/plugins/ml2/drivers/ovn/mech_driver/ovsdb/ovn_client.py", line 1855, in _update_lrouter_port
2026-06-28 21:07:03.439 9 ERROR neutron_lib.callbacks.manager external_ids = self._nb_idl.db_get(
2026-06-28 21:07:03.439 9 ERROR neutron_lib.callbacks.manager
File "/var/lib/openstack/lib/python3.10/site-packages/ovsdbapp/backend/ovs_idl/command.py", line 47, in execute
2026-06-28 21:07:03.439 9 ERROR neutron_lib.callbacks.manager self.run_idl(None)
2026-06-28 21:07:03.439 9 ERROR neutron_lib.callbacks.manager
File "/var/lib/openstack/lib/python3.10/site-packages/ovsdbapp/backend/ovs_idl/command.py", line 235, in run_idl
2026-06-28 21:07:03.439 9 ERROR neutron_lib.callbacks.manager record = self.api.lookup(self.table, self.record)
2026-06-28 21:07:03.439 9 ERROR neutron_lib.callbacks.manager
File "/var/lib/openstack/lib/python3.10/site-packages/ovsdbapp/backend/ovs_idl/__init__.py", line 184, in lookup
2026-06-28 21:07:03.439 9 ERROR neutron_lib.callbacks.manager return self._lookup(table, record)
2026-06-28 21:07:03.439 9 ERROR neutron_lib.callbacks.manager
File "/var/lib/openstack/lib/python3.10/site-packages/ovsdbapp/backend/ovs_idl/__init__.py", line 235, in _lookup
2026-06-28 21:07:03.439 9 ERROR neutron_lib.callbacks.manager row = idlutils.row_by_value(self, rl.table, rl.column, record)
2026-06-28 21:07:03.439 9 ERROR neutron_lib.callbacks.manager
File "/var/lib/openstack/lib/python3.10/site-packages/ovsdbapp/backend/ovs_idl/idlutils.py", line 114, in row_by_value
2026-06-28 21:07:03.439 9 ERROR neutron_lib.callbacks.manager raise RowNotFound(table=table, col=column, match=match)
2026-06-28 21:07:03.439 9 ERROR neutron_lib.callbacks.manager ovsdbapp.backend.ovs_idl.idlutils.RowNotFound: Cannot find Logical_Router_Port with name=lrp-8c130445-16ae-44ce-b4ad-38538b1d58d2
2026-06-28 21:07:03.439 9 ERROR neutron_lib.callbacks.manager 
2026-06-28 21:07:03.475 10 INFO neutron.api.v2.resource [req-4e8d2dda-5f89-4fb5-becc-fd4a0894cf93 req-55b379f9-c5ab-4458-9173-3fe9eb35d74f e7f69025389641f3bd4f8fc2338832e9 bb8fd6f170db498ba5d00e63bcb1e837 - - default default] show failed (client error): The resource could not be found.
2026-06-28 21:07:03.477 10 INFO neutron.wsgi [req-4e8d2dda-5f89-4fb5-becc-fd4a0894cf93 req-55b379f9-c5ab-4458-9173-3fe9eb35d74f e7f69025389641f3bd4f8fc2338832e9 bb8fd6f170db498ba5d00e63bcb1e837 - - default default] 10.0.0.146 "GET /v2.0/security-groups/c13fb4d2-39a8-4d97-ab09-4a51a1e4636d HTTP/1.1" status: 404 len: 352 time: 0.0208738
2026-06-28 21:07:03.502 9 INFO neutron.wsgi [req-2e19f157-2b3c-43b6-b810-3d3611b0a32b req-a4fbbb88-566c-473c-ba10-347b825c26c6 4aab04f1da124f42934fe81cb5df544b f55b47247b124ab1bd2d0834579f5089 - - default default] 10.0.0.146 "GET /v2.0/security-groups/55b94da3-5a0d-4d41-839a-05fea07aec5a HTTP/1.1" status: 200 len: 2510 time: 0.0530863
2026-06-28 21:07:03.511 10 INFO neutron.api.v2.resource [req-64fbeab7-a4b3-481e-80d7-44aadbd8685d req-12b785b3-2196-4cdb-9e20-a8f34fb66e81 e7f69025389641f3bd4f8fc2338832e9 bb8fd6f170db498ba5d00e63bcb1e837 - - default default] show failed (client error): The resource could not be found.
2026-06-28 21:07:03.512 10 INFO neutron.wsgi [req-64fbeab7-a4b3-481e-80d7-44aadbd8685d req-12b785b3-2196-4cdb-9e20-a8f34fb66e81 e7f69025389641f3bd4f8fc2338832e9 bb8fd6f170db498ba5d00e63bcb1e837 - - default default] 10.0.0.146 "GET /v2.0/security-groups/41df6470-0a27-40e4-bbe5-cf29e0f235e7 HTTP/1.1" status: 404 len: 352 time: 0.0110407
2026-06-28 21:07:03.545 10 INFO neutron.api.v2.resource [req-c1347dd3-83f2-4e77-aece-c471596af899 req-eee3d0ea-02a5-4fe5-beca-d42e09566511 e7f69025389641f3bd4f8fc2338832e9 bb8fd6f170db498ba5d00e63bcb1e837 - - default default] show failed (client error): The resource could not be found.
2026-06-28 21:07:03.546 10 INFO neutron.wsgi [req-c1347dd3-83f2-4e77-aece-c471596af899 req-eee3d0ea-02a5-4fe5-beca-d42e09566511 e7f69025389641f3bd4f8fc2338832e9 bb8fd6f170db498ba5d00e63bcb1e837 - - default default] 10.0.0.146 "GET /v2.0/security-groups/9563cbd8-f1ce-476e-a20f-03db10dfa4e6 HTTP/1.1" status: 404 len: 352 time: 0.0134237
2026-06-28 21:07:03.623 9 INFO neutron.db.ovn_revision_numbers_db [None req-af802c95-f15f-4dd4-a4a3-11e25de081b5 - - - - - -] Successfully bumped revision number for resource 86341d60-9016-42db-aebb-57d0500ceceb (type: router_ports) to 3
2026-06-28 21:07:03.697 9 INFO neutron.wsgi [req-2e19f157-2b3c-43b6-b810-3d3611b0a32b req-8d4e58aa-095a-4513-9c88-b6ac5d58b82b 4aab04f1da124f42934fe81cb5df544b f55b47247b124ab1bd2d0834579f5089 - - default default] 10.0.0.146 "DELETE /v2.0/security-groups/55b94da3-5a0d-4d41-839a-05fea07aec5a HTTP/1.1" status: 204 len: 173 time: 0.1909642
2026-06-28 21:07:03.735 9 INFO neutron.db.ovn_revision_numbers_db [None req-7c95f417-78b4-4c39-80ee-b371bde3933b d2eef338a29041b2b00b37c432379f8d 74c328985d2d4a5b976a3c9bf55900a5 - - default default] Successfully bumped revision number for resource 8c130445-16ae-44ce-b4ad-38538b1d58d2 (type: ports) to 1
2026-06-28 21:07:03.947 9 WARNING neutron.scheduler.dhcp_agent_scheduler [None req-7c95f417-78b4-4c39-80ee-b371bde3933b d2eef338a29041b2b00b37c432379f8d 74c328985d2d4a5b976a3c9bf55900a5 - - default default] No more DHCP agents
2026-06-28 21:07:03.954 9 WARNING neutron.api.rpc.agentnotifiers.dhcp_rpc_agent_api [None req-7c95f417-78b4-4c39-80ee-b371bde3933b d2eef338a29041b2b00b37c432379f8d 74c328985d2d4a5b976a3c9bf55900a5 - - default default] Unable to schedule network ba50763b-aa64-4605-97ba-1f9b15b76419: no agents available; will retry on subsequent port and subnet creation events.
2026-06-28 21:07:03.991 9 INFO neutron.db.ovn_revision_numbers_db [None req-af802c95-f15f-4dd4-a4a3-11e25de081b5 - - - - - -] Successfully bumped revision number for resource 86341d60-9016-42db-aebb-57d0500ceceb (type: ports) to 2
2026-06-28 21:07:04.442 9 WARNING neutron.plugins.ml2.drivers.ovn.mech_driver.ovsdb.ovn_client [None req-bc6461f3-1275-43a0-91fe-a76c0f325952 - - - - - -] No hosting information found for port 491bc440-bb88-47d1-a199-1100d67305d3: RuntimeError: No hosting information found for port 491bc440-bb88-47d1-a199-1100d67305d3
2026-06-28 21:07:04.443 9 INFO neutron.plugins.ml2.drivers.ovn.mech_driver.mech_driver [None req-bc6461f3-1275-43a0-91fe-a76c0f325952 - - - - - -] OVN reports status up for port: 8c130445-16ae-44ce-b4ad-38538b1d58d2
2026-06-28 21:07:04.453 9 INFO neutron.plugins.ml2.plugin [None req-bc6461f3-1275-43a0-91fe-a76c0f325952 - - - - - -] Attempt 1 to provision port 8c130445-16ae-44ce-b4ad-38538b1d58d2
2026-06-28 21:07:04.487 9 INFO neutron.db.ovn_revision_numbers_db [None req-af802c95-f15f-4dd4-a4a3-11e25de081b5 - - - - - -] Successfully bumped revision number for resource 86341d60-9016-42db-aebb-57d0500ceceb (type: ports) to 4
2026-06-28 21:07:05.131 9 INFO neutron.db.ovn_revision_numbers_db [None req-af802c95-f15f-4dd4-a4a3-11e25de081b5 - - - - - -] Successfully bumped revision number for resource 86341d60-9016-42db-aebb-57d0500ceceb (type: router_ports) to 4
2026-06-28 21:07:05.239 9 INFO neutron.db.ovn_revision_numbers_db [None req-7c95f417-78b4-4c39-80ee-b371bde3933b d2eef338a29041b2b00b37c432379f8d 74c328985d2d4a5b976a3c9bf55900a5 - - default default] Successfully bumped revision number for resource 8c130445-16ae-44ce-b4ad-38538b1d58d2 (type: router_ports) to 1
2026-06-28 21:07:05.246 9 INFO neutron.wsgi [None req-7c95f417-78b4-4c39-80ee-b371bde3933b d2eef338a29041b2b00b37c432379f8d 74c328985d2d4a5b976a3c9bf55900a5 - - default default] 10.0.0.15 "PUT /v2.0/routers/c73ac251-6227-4094-848f-8c13757a4fbb/add_router_interface HTTP/1.1" status: 200 len: 503 time: 4.0228531
2026-06-28 21:07:05.280 9 INFO neutron.db.ovn_revision_numbers_db [None req-bc6461f3-1275-43a0-91fe-a76c0f325952 - - - - - -] Successfully bumped revision number for resource 8c130445-16ae-44ce-b4ad-38538b1d58d2 (type: ports) to 2
2026-06-28 21:07:05.452 9 INFO neutron.db.ovn_revision_numbers_db [None req-bc6461f3-1275-43a0-91fe-a76c0f325952 - - - - - -] Successfully bumped revision number for resource 8c130445-16ae-44ce-b4ad-38538b1d58d2 (type: router_ports) to 2
2026-06-28 21:07:05.687 10 INFO neutron.wsgi [None req-36a90425-a645-4123-991c-b0fe39d12624 d2eef338a29041b2b00b37c432379f8d 74c328985d2d4a5b976a3c9bf55900a5 - - default default] 10.0.0.15 "PUT /v2.0/routers/40d77913-345b-41fb-b51f-eb339b18945a/remove_router_interface HTTP/1.1" status: 200 len: 503 time: 2.1306007 /var/lib/openstack/lib/python3.10/site-packages/pycadf/identifier.py:71: UserWarning: Invalid uuid: neutron. To ensure interoperability, identifiers should be a valid uuid. warnings.warn(('Invalid uuid: %s. To ensure interoperability, '
2026-06-28 21:07:05.730 9 WARNING neutron_lib.context [None req-c7ca1c23-f7ab-4034-876c-5ff94aedf69a a8cf97e485874dcfaacf8fdf86c7ac66 fcc4db12ca3d4721b4f29be701c4d28c - - default default] Method 'is_advsvc' is deprecated since 2023.2 release (neutron-lib 3.8.0) and will be removed once support for the old RBAC API policies will be removed from Neutron. Please use method 'is_service_role' instead.
2026-06-28 21:07:05.826 10 INFO neutron.wsgi [None req-fe2c122a-a6c6-4d07-97e0-eecce48097f2 d2eef338a29041b2b00b37c432379f8d 74c328985d2d4a5b976a3c9bf55900a5 - - default default] 10.0.0.15 "PUT /v2.0/routers/ded37c9a-76e2-472f-81aa-4d1e7124dc59/remove_router_interface HTTP/1.1" status: 200 len: 503 time: 2.1175435
2026-06-28 21:07:05.859 9 INFO neutron.db.ovn_revision_numbers_db [None req-c7ca1c23-f7ab-4034-876c-5ff94aedf69a a8cf97e485874dcfaacf8fdf86c7ac66 fcc4db12ca3d4721b4f29be701c4d28c - - default default] Successfully bumped revision number for resource cfb084f9-7e0d-42e5-b034-bde6a248a7cd (type: security_groups) to 1
2026-06-28 21:07:05.881 9 INFO neutron.db.ovn_revision_numbers_db [None req-c7ca1c23-f7ab-4034-876c-5ff94aedf69a a8cf97e485874dcfaacf8fdf86c7ac66 fcc4db12ca3d4721b4f29be701c4d28c - - default default] Successfully bumped revision number for resource 562c12a8-bcff-4006-8c50-95f5e779ef42 (type: security_group_rules) to 0
2026-06-28 21:07:05.896 9 INFO neutron.db.ovn_revision_numbers_db [None req-c7ca1c23-f7ab-4034-876c-5ff94aedf69a a8cf97e485874dcfaacf8fdf86c7ac66 fcc4db12ca3d4721b4f29be701c4d28c - - default default] Successfully bumped revision number for resource fecf9afd-da32-45bd-ab9a-843c6306563d (type: security_group_rules) to 0
2026-06-28 21:07:05.928 9 INFO neutron.wsgi [None req-c7ca1c23-f7ab-4034-876c-5ff94aedf69a a8cf97e485874dcfaacf8fdf86c7ac66 fcc4db12ca3d4721b4f29be701c4d28c - - default default] 10.0.0.15 "POST /v2.0/security-groups HTTP/1.1" status: 201 len: 1860 time: 0.2059779
2026-06-28 21:07:05.939 9 WARNING neutron_lib.context [None req-78218c0c-8b89-474f-8634-4990b0715ebe a8cf97e485874dcfaacf8fdf86c7ac66 fcc4db12ca3d4721b4f29be701c4d28c - - default default] Method 'is_advsvc' is deprecated since 2023.2 release (neutron-lib 3.8.0) and will be removed once support for the old RBAC API policies will be removed from Neutron. Please use method 'is_service_role' instead.
2026-06-28 21:07:06.115 9 INFO neutron.db.ovn_revision_numbers_db [None req-78218c0c-8b89-474f-8634-4990b0715ebe a8cf97e485874dcfaacf8fdf86c7ac66 fcc4db12ca3d4721b4f29be701c4d28c - - default default] Successfully bumped revision number for resource 98b91f33-ba7d-41ff-a0d7-79bd95b0a0aa (type: security_group_rules) to 0
2026-06-28 21:07:06.151 9 INFO neutron.wsgi [None req-78218c0c-8b89-474f-8634-4990b0715ebe a8cf97e485874dcfaacf8fdf86c7ac66 fcc4db12ca3d4721b4f29be701c4d28c - - default default] 10.0.0.15 "POST /v2.0/security-group-rules HTTP/1.1" status: 201 len: 796 time: 0.2168362
2026-06-28 21:07:06.162 9 WARNING neutron_lib.context [None req-be022a3d-778c-46c2-a775-006e715b1c49 a8cf97e485874dcfaacf8fdf86c7ac66 fcc4db12ca3d4721b4f29be701c4d28c - - default default] Method 'is_advsvc' is deprecated since 2023.2 release (neutron-lib 3.8.0) and will be removed once support for the old RBAC API policies will be removed from Neutron. Please use method 'is_service_role' instead.
2026-06-28 21:07:06.475 9 INFO neutron.db.ovn_revision_numbers_db [None req-be022a3d-778c-46c2-a775-006e715b1c49 a8cf97e485874dcfaacf8fdf86c7ac66 fcc4db12ca3d4721b4f29be701c4d28c - - default default] Successfully bumped revision number for resource 83863ef6-4a83-45b0-b704-d216c6af4d18 (type: security_group_rules) to 0
2026-06-28 21:07:06.517 9 INFO neutron.wsgi [None req-be022a3d-778c-46c2-a775-006e715b1c49 a8cf97e485874dcfaacf8fdf86c7ac66 fcc4db12ca3d4721b4f29be701c4d28c - - default default] 10.0.0.15 "POST /v2.0/security-group-rules HTTP/1.1" status: 201 len: 801 time: 0.3607724
2026-06-28 21:07:06.518 10 INFO neutron.wsgi [None req-9f610e73-7a8c-4fdc-a19f-bffa12e2d1c9 d2eef338a29041b2b00b37c432379f8d 74c328985d2d4a5b976a3c9bf55900a5 - - default default] 10.0.0.15 "DELETE /v2.0/routers/40d77913-345b-41fb-b51f-eb339b18945a HTTP/1.1" status: 204 len: 168 time: 0.8260794 /var/lib/openstack/lib/python3.10/site-packages/pycadf/identifier.py:71: UserWarning: Invalid uuid: neutron. To ensure interoperability, identifiers should be a valid uuid. warnings.warn(('Invalid uuid: %s. To ensure interoperability, '
2026-06-28 21:07:06.526 9 WARNING neutron_lib.context [None req-a68b18de-d807-4525-a290-eb0e4956b222 a8cf97e485874dcfaacf8fdf86c7ac66 fcc4db12ca3d4721b4f29be701c4d28c - - default default] Method 'is_advsvc' is deprecated since 2023.2 release (neutron-lib 3.8.0) and will be removed once support for the old RBAC API policies will be removed from Neutron. Please use method 'is_service_role' instead.
2026-06-28 21:07:06.729 10 INFO neutron.wsgi [None req-c9e6a4eb-1e08-42eb-87d8-2e17a3c72220 d2eef338a29041b2b00b37c432379f8d 74c328985d2d4a5b976a3c9bf55900a5 - - default default] 10.0.0.15 "DELETE /v2.0/subnets/e5f1d44f-d42c-4293-a071-c7a4c55e0764 HTTP/1.1" status: 204 len: 168 time: 0.2065585
2026-06-28 21:07:06.855 10 INFO neutron.wsgi [-] 10.0.0.218 "GET / HTTP/1.1" status: 200 len: 246 time: 0.0017061
2026-06-28 21:07:06.857 10 INFO neutron.wsgi [-] 10.0.0.218 "GET / HTTP/1.1" status: 200 len: 246 time: 0.0010381
2026-06-28 21:07:06.965 9 INFO neutron.wsgi [None req-079c5170-8f93-4d14-a7e0-af7420108826 d2eef338a29041b2b00b37c432379f8d 74c328985d2d4a5b976a3c9bf55900a5 - - default default] 10.0.0.15 "DELETE /v2.0/routers/ded37c9a-76e2-472f-81aa-4d1e7124dc59 HTTP/1.1" status: 204 len: 168 time: 1.1340148
2026-06-28 21:07:07.015 9 WARNING neutron.scheduler.dhcp_agent_scheduler [None req-a68b18de-d807-4525-a290-eb0e4956b222 a8cf97e485874dcfaacf8fdf86c7ac66 fcc4db12ca3d4721b4f29be701c4d28c - - default default] No more DHCP agents
2026-06-28 21:07:07.017 9 WARNING neutron.api.rpc.agentnotifiers.dhcp_rpc_agent_api [None req-a68b18de-d807-4525-a290-eb0e4956b222 a8cf97e485874dcfaacf8fdf86c7ac66 fcc4db12ca3d4721b4f29be701c4d28c - - default default] Unable to schedule network 627ae799-41e7-4b99-a266-e6819f3efeea: no agents available; will retry on subsequent port and subnet creation events.
2026-06-28 21:07:07.265 10 INFO neutron.wsgi [None req-66cf3647-97a2-401a-a8d2-97d77bad521d d2eef338a29041b2b00b37c432379f8d 74c328985d2d4a5b976a3c9bf55900a5 - - default default] 10.0.0.15 "DELETE /v2.0/networks/912a219b-8959-4288-ae92-76bfcb5a02c9 HTTP/1.1" status: 204 len: 168 time: 0.5318563
2026-06-28 21:07:07.301 10 INFO neutron.wsgi [None req-cdb157b5-c38f-400c-aebb-af8138185663 d2eef338a29041b2b00b37c432379f8d 74c328985d2d4a5b976a3c9bf55900a5 - - default default] 10.0.0.15 "DELETE /v2.0/subnets/35b35eb5-63db-4d60-8744-3b9be066005a HTTP/1.1" status: 204 len: 168 time: 0.3265350
2026-06-28 21:07:07.367 9 INFO neutron.wsgi [None req-a68b18de-d807-4525-a290-eb0e4956b222 a8cf97e485874dcfaacf8fdf86c7ac66 fcc4db12ca3d4721b4f29be701c4d28c - - default default] 10.0.0.15 "POST /v2.0/floatingips HTTP/1.1" status: 201 len: 751 time: 0.8452733
2026-06-28 21:07:07.433 10 INFO neutron.wsgi [None req-f826af9c-5950-40b6-a508-c6ecea895b4b d2eef338a29041b2b00b37c432379f8d 74c328985d2d4a5b976a3c9bf55900a5 - - default default] 10.0.0.15 "GET /v2.0/security-groups?tenant_id=bb8fd6f170db498ba5d00e63bcb1e837&name=default HTTP/1.1" status: 200 len: 3116 time: 0.0456400
2026-06-28 21:07:07.679 9 INFO neutron.wsgi [None req-1e44d368-3fc0-4f7c-abe9-f0669f83cc41 d2eef338a29041b2b00b37c432379f8d 74c328985d2d4a5b976a3c9bf55900a5 - - default default] 10.0.0.15 "DELETE /v2.0/security-groups/d5f75b0a-96b2-4575-9389-c8431841f4d9 HTTP/1.1" status: 204 len: 168 time: 0.2391462
2026-06-28 21:07:07.745 10 INFO neutron.wsgi [None req-56779587-331e-4cbd-ab17-389c16f2f297 d2eef338a29041b2b00b37c432379f8d 74c328985d2d4a5b976a3c9bf55900a5 - - default default] 10.0.0.15 "DELETE /v2.0/networks/5cfaa844-126a-4097-a6cb-1e83df493130 HTTP/1.1" status: 204 len: 168 time: 0.4392078
2026-06-28 21:07:07.753 10 INFO neutron.services.segments.plugin [-] Segment 8a586e32-7946-4acf-83e3-f12c4751522e resource provider aggregate not found
2026-06-28 21:07:07.770 10 INFO neutron.services.segments.plugin [-] Segment 8a586e32-7946-4acf-83e3-f12c4751522e resource provider not found; error: Placement Client Error (4xx): {"errors": [{"status": 404, "title": "Not Found", "detail": "The resource could not be found.\n\n No resource provider with uuid 8a586e32-7946-4acf-83e3-f12c4751522e found for delete ", "request_id": "req-2a7e6be9-190f-40e6-aa13-3001e276c6c1"}]}
2026-06-28 21:07:07.800 10 INFO neutron.services.segments.plugin [-] Segment 8a586e32-7946-4acf-83e3-f12c4751522e resource provider aggregate not found
2026-06-28 21:07:07.815 10 INFO neutron.services.segments.plugin [-] Segment 8a586e32-7946-4acf-83e3-f12c4751522e resource provider not found; error: Placement Client Error (4xx): {"errors": [{"status": 404, "title": "Not Found", "detail": "The resource could not be found.\n\n No resource provider with uuid 8a586e32-7946-4acf-83e3-f12c4751522e found for delete ", "request_id": "req-f5267e30-95f1-4677-b7d7-4a89914aac0c"}]}
2026-06-28 21:07:07.872 10 INFO neutron.wsgi [req-d947d683-8556-4848-841b-bb823149065d req-afa553ef-60fd-4c16-9d97-ae4711b78ace a8cf97e485874dcfaacf8fdf86c7ac66 fcc4db12ca3d4721b4f29be701c4d28c - - default default] 10.0.0.146 "GET /v2.0/security-groups?name=tempest-securitygroup--1291002264&fields=id&tenant_id=fcc4db12ca3d4721b4f29be701c4d28c HTTP/1.1" status: 200 len: 267 time: 0.0455880
2026-06-28 21:07:07.878 9 INFO neutron.wsgi [req-1851f205-afe4-4587-bae0-3dae86d55d96 req-3a20b173-b992-48b7-826d-7664366ff93d 9f5adc65def7445b98ef9d55b9929c7e 51589db2e668477d8e42b5f8cb9ba580 - - default default] 10.0.0.146 "GET /v2.0/security-groups?name=tempest-securitygroup--298566693&fields=id&tenant_id=51589db2e668477d8e42b5f8cb9ba580 HTTP/1.1" status: 200 len: 267 time: 0.0496743
2026-06-28 21:07:07.978 10 INFO neutron.wsgi [req-d947d683-8556-4848-841b-bb823149065d req-04b19fc2-c09b-426e-ae7d-af599eb3de30 a8cf97e485874dcfaacf8fdf86c7ac66 fcc4db12ca3d4721b4f29be701c4d28c - - default default] 10.0.0.146 "GET /v2.0/networks?id=ba50763b-aa64-4605-97ba-1f9b15b76419 HTTP/1.1" status: 200 len: 875 time: 0.0987039
2026-06-28 21:07:08.009 10 INFO neutron.wsgi [req-d947d683-8556-4848-841b-bb823149065d req-5d8cdbf9-d09b-4556-8445-81f7a08d7200 a8cf97e485874dcfaacf8fdf86c7ac66 fcc4db12ca3d4721b4f29be701c4d28c - - default default] 10.0.0.146 "GET /v2.0/quotas/fcc4db12ca3d4721b4f29be701c4d28c HTTP/1.1" status: 200 len: 491 time: 0.0233572
2026-06-28 21:07:08.091 9 INFO neutron.wsgi [req-1851f205-afe4-4587-bae0-3dae86d55d96 req-def3b7c7-603e-48e0-990f-d9e554de7cd8 9f5adc65def7445b98ef9d55b9929c7e 51589db2e668477d8e42b5f8cb9ba580 - - default default] 10.0.0.146 "GET /v2.0/networks?id=60dfe1e1-f3c4-45c3-9cd2-85f6319dba65 HTTP/1.1" status: 200 len: 878 time: 0.2067444
2026-06-28 21:07:08.116 9 INFO neutron.wsgi [req-1851f205-afe4-4587-bae0-3dae86d55d96 req-a5d6be2b-fa56-42e4-998b-f38178146164 9f5adc65def7445b98ef9d55b9929c7e 51589db2e668477d8e42b5f8cb9ba580 - - default default] 10.0.0.146 "GET /v2.0/quotas/51589db2e668477d8e42b5f8cb9ba580 HTTP/1.1" status: 200 len: 491 time: 0.0187247
2026-06-28 21:07:08.203 9 INFO neutron.wsgi [req-1851f205-afe4-4587-bae0-3dae86d55d96 req-bf96499d-2f11-4415-92c4-338ff5b97e43 9f5adc65def7445b98ef9d55b9929c7e 51589db2e668477d8e42b5f8cb9ba580 - - default default] 10.0.0.146 "GET /v2.0/ports?tenant_id=51589db2e668477d8e42b5f8cb9ba580&fields=id HTTP/1.1" status: 200 len: 302 time: 0.0808110
2026-06-28 21:07:08.223 10 WARNING neutron.plugins.ml2.drivers.ovn.mech_driver.ovsdb.ovn_client [None req-1d65ad99-8fc9-481d-bb79-66381bb4d9e1 - - - - - -] No port found with ID ae8c52c7-33d4-4484-a430-8149bf918f1d: RuntimeError: No port found with ID ae8c52c7-33d4-4484-a430-8149bf918f1d
2026-06-28 21:07:08.223 10 INFO neutron.plugins.ml2.drivers.ovn.mech_driver.mech_driver [None req-1d65ad99-8fc9-481d-bb79-66381bb4d9e1 - - - - - -] OVN reports status up for port: 61975644-67b1-4e06-a12e-069450510e80
2026-06-28 21:07:08.252 10 INFO neutron.plugins.ml2.drivers.ovn.mech_driver.mech_driver [None req-1d65ad99-8fc9-481d-bb79-66381bb4d9e1 - - - - - -] OVN reports status up for port: 86341d60-9016-42db-aebb-57d0500ceceb
2026-06-28 21:07:08.256 10 INFO neutron.wsgi [None req-db8d2b70-ecba-4334-86c3-74d5b14f110a d2eef338a29041b2b00b37c432379f8d 74c328985d2d4a5b976a3c9bf55900a5 - - default default] 10.0.0.15 "GET /v2.0/security-groups?tenant_id=f55b47247b124ab1bd2d0834579f5089&name=default HTTP/1.1" status: 200 len: 3116 time: 0.2553797
2026-06-28 21:07:08.276 10 INFO neutron.plugins.ml2.plugin [None req-1d65ad99-8fc9-481d-bb79-66381bb4d9e1 - - - - - -] Attempt 1 to provision port 86341d60-9016-42db-aebb-57d0500ceceb
2026-06-28 21:07:08.338 10 INFO neutron.wsgi [req-d947d683-8556-4848-841b-bb823149065d req-06796c83-84c3-4545-838f-6d5085653fda a8cf97e485874dcfaacf8fdf86c7ac66 fcc4db12ca3d4721b4f29be701c4d28c - - default default] 10.0.0.146 "GET /v2.0/ports?tenant_id=fcc4db12ca3d4721b4f29be701c4d28c&fields=id HTTP/1.1" status: 200 len: 302 time: 0.3216507
2026-06-28 21:07:08.491 9 INFO neutron.wsgi [None req-7419a637-b0c3-4cb1-a342-c442588b0d78 d2eef338a29041b2b00b37c432379f8d 74c328985d2d4a5b976a3c9bf55900a5 - - default default] 10.0.0.15 "DELETE /v2.0/security-groups/14dcc91d-9cdc-48df-b883-6adf92ba363d HTTP/1.1" status: 204 len: 168 time: 0.2263584
2026-06-28 21:07:08.687 9 INFO neutron.wsgi [req-1851f205-afe4-4587-bae0-3dae86d55d96 req-aad1c2fb-3396-4abf-812e-095c39227ead 2a18de7827d842e4b15a7b3374d4b458 ddbe28d5850a480a9c3d787add2804f7 - - 777a9442082b4ad1b5873a62e50eded7 777a9442082b4ad1b5873a62e50eded7] 10.0.0.146 "GET /v2.0/extensions HTTP/1.1" status: 200 len: 18683 time: 0.0495970
2026-06-28 21:07:08.752 9 INFO neutron.wsgi [req-1851f205-afe4-4587-bae0-3dae86d55d96 req-5d4c8d79-7d82-4d9d-8019-3c9e24d84b3e 2a18de7827d842e4b15a7b3374d4b458 ddbe28d5850a480a9c3d787add2804f7 - - 777a9442082b4ad1b5873a62e50eded7 777a9442082b4ad1b5873a62e50eded7] 10.0.0.146 "GET /v2.0/networks/60dfe1e1-f3c4-45c3-9cd2-85f6319dba65?fields=segments HTTP/1.1" status: 200 len: 212 time: 0.0554690
2026-06-28 21:07:08.798 10 INFO neutron.wsgi [req-d947d683-8556-4848-841b-bb823149065d req-3bfe74dd-e1e9-4bcd-a19d-a772bcd20670 2a18de7827d842e4b15a7b3374d4b458 ddbe28d5850a480a9c3d787add2804f7 - - 777a9442082b4ad1b5873a62e50eded7 777a9442082b4ad1b5873a62e50eded7] 10.0.0.146 "GET /v2.0/extensions HTTP/1.1" status: 200 len: 18683 time: 0.1366231
2026-06-28 21:07:08.818 9 INFO neutron.wsgi [req-1851f205-afe4-4587-bae0-3dae86d55d96 req-9851a71d-77b2-4eb8-a941-659d4de0a0ce 2a18de7827d842e4b15a7b3374d4b458 ddbe28d5850a480a9c3d787add2804f7 - - 777a9442082b4ad1b5873a62e50eded7 777a9442082b4ad1b5873a62e50eded7] 10.0.0.146 "GET /v2.0/networks/60dfe1e1-f3c4-45c3-9cd2-85f6319dba65?fields=provider%3Aphysical_network&fields=provider%3Anetwork_type HTTP/1.1" status: 200 len: 277 time: 0.0573790
2026-06-28 21:07:08.872 10 INFO neutron.wsgi [req-d947d683-8556-4848-841b-bb823149065d req-b75063b9-d63b-4faf-a934-b18822943c7b 2a18de7827d842e4b15a7b3374d4b458 ddbe28d5850a480a9c3d787add2804f7 - - 777a9442082b4ad1b5873a62e50eded7 777a9442082b4ad1b5873a62e50eded7] 10.0.0.146 "GET /v2.0/networks/ba50763b-aa64-4605-97ba-1f9b15b76419?fields=segments HTTP/1.1" status: 200 len: 212 time: 0.0689445
2026-06-28 21:07:08.940 10 INFO neutron.wsgi [req-d947d683-8556-4848-841b-bb823149065d req-e590381e-5f8f-4c97-aa20-cb0091738c88 2a18de7827d842e4b15a7b3374d4b458 ddbe28d5850a480a9c3d787add2804f7 - - 777a9442082b4ad1b5873a62e50eded7 777a9442082b4ad1b5873a62e50eded7] 10.0.0.146 "GET /v2.0/networks/ba50763b-aa64-4605-97ba-1f9b15b76419?fields=provider%3Aphysical_network&fields=provider%3Anetwork_type HTTP/1.1" status: 200 len: 277 time: 0.0591030
2026-06-28 21:07:09.184 10 INFO neutron.wsgi [req-dd2bbb59-bf24-46e4-8391-9cfd3302f826 req-8f539cbe-afea-4424-b0b7-6bb51c12cf09 a8cf97e485874dcfaacf8fdf86c7ac66 fcc4db12ca3d4721b4f29be701c4d28c - - default default] 10.0.0.146 "GET /v2.0/ports?device_id=cf5a874b-ee34-49de-b3b4-4977579ea137 HTTP/1.1" status: 200 len: 210 time: 0.0301032
2026-06-28 21:07:09.193 9 INFO neutron.wsgi [req-bab7a71c-4a16-4858-abca-e4491e8b6fdf req-9f5474b3-0cf0-476f-8036-2e48fc40a29b 9f5adc65def7445b98ef9d55b9929c7e 51589db2e668477d8e42b5f8cb9ba580 - - default default] 10.0.0.146 "GET /v2.0/ports?device_id=2a4fcd17-0761-45f8-8fc1-fd3e0e1c0172 HTTP/1.1" status: 200 len: 210 time: 0.0389831
2026-06-28 21:07:09.794 10 INFO neutron.services.segments.plugin [-] Segment 9a3eb509-621a-4e84-a245-0a9ea0a50d34 resource provider aggregate not found
2026-06-28 21:07:09.811 10 INFO neutron.services.segments.plugin [-] Segment 9a3eb509-621a-4e84-a245-0a9ea0a50d34 resource provider not found; error: Placement Client Error (4xx): {"errors": [{"status": 404, "title": "Not Found", "detail": "The resource could not be found.\n\n No resource provider with uuid 9a3eb509-621a-4e84-a245-0a9ea0a50d34 found for delete ", "request_id": "req-01b93388-3758-4ddf-9d6e-89666226fae1"}]}
2026-06-28 21:07:09.831 10 INFO neutron.services.segments.plugin [-] Segment 9a3eb509-621a-4e84-a245-0a9ea0a50d34 resource provider aggregate not found
2026-06-28 21:07:09.857 10 INFO neutron.services.segments.plugin [-] Segment 9a3eb509-621a-4e84-a245-0a9ea0a50d34 resource provider not found; error: Placement Client Error (4xx): {"errors": [{"status": 404, "title": "Not Found", "detail": "The resource could not be found.\n\n No resource provider with uuid 9a3eb509-621a-4e84-a245-0a9ea0a50d34 found for delete ", "request_id": "req-e6ded5d0-1834-4447-a275-918f65778171"}]}
2026-06-28 21:07:09.886 9 INFO neutron.db.ovn_revision_numbers_db [None req-f797e94b-57a1-46bb-9e04-cb83e13cd7b8 d2eef338a29041b2b00b37c432379f8d 74c328985d2d4a5b976a3c9bf55900a5 - - default default] Successfully bumped revision number for resource 74bc6b8a-b0c5-4994-a432-baeb7f6690cd (type: security_groups) to 1
2026-06-28 21:07:09.905 9 INFO neutron.db.ovn_revision_numbers_db [None req-f797e94b-57a1-46bb-9e04-cb83e13cd7b8 d2eef338a29041b2b00b37c432379f8d 74c328985d2d4a5b976a3c9bf55900a5 - - default default] Successfully bumped revision number for resource 2effec2f-9c52-4443-8303-cd6411930a29 (type: security_group_rules) to 0
2026-06-28 21:07:09.924 9 INFO neutron.db.ovn_revision_numbers_db [None req-f797e94b-57a1-46bb-9e04-cb83e13cd7b8 d2eef338a29041b2b00b37c432379f8d 74c328985d2d4a5b976a3c9bf55900a5 - - default default] Successfully bumped revision number for resource b4c182b4-97c6-4020-bbc7-e249c5a71d02 (type: security_group_rules) to 0
2026-06-28 21:07:09.939 9 INFO neutron.db.ovn_revision_numbers_db [None req-f797e94b-57a1-46bb-9e04-cb83e13cd7b8 d2eef338a29041b2b00b37c432379f8d 74c328985d2d4a5b976a3c9bf55900a5 - - default default] Successfully bumped revision number for resource b5e47c6f-5765-4366-96d4-1c9442f30f22 (type: security_group_rules) to 0
2026-06-28 21:07:09.956 9 INFO neutron.db.ovn_revision_numbers_db [None req-f797e94b-57a1-46bb-9e04-cb83e13cd7b8 d2eef338a29041b2b00b37c432379f8d 74c328985d2d4a5b976a3c9bf55900a5 - - default default] Successfully bumped revision number for resource f84d2230-f076-43c7-8628-de1fb4739502 (type: security_group_rules) to 0
2026-06-28 21:07:10.013 9 INFO neutron.db.segments_db [None req-f797e94b-57a1-46bb-9e04-cb83e13cd7b8 d2eef338a29041b2b00b37c432379f8d 74c328985d2d4a5b976a3c9bf55900a5 - - default default] Added segment 2a5dbad0-955a-48d5-b54c-b290fdb9ccb3 of type geneve for network 6f7eeaf1-da98-4fa7-bdd6-760674962ddf
2026-06-28 21:07:10.156 9 INFO neutron.db.ovn_revision_numbers_db [None req-f797e94b-57a1-46bb-9e04-cb83e13cd7b8 d2eef338a29041b2b00b37c432379f8d 74c328985d2d4a5b976a3c9bf55900a5 - - default default] Successfully bumped revision number for resource 6f7eeaf1-da98-4fa7-bdd6-760674962ddf (type: networks) to 1
2026-06-28 21:07:10.310 10 INFO neutron.wsgi [req-8ce85622-f817-4f8d-bbee-93f3f9b81064 req-ec765b0d-ae1d-4025-b637-dfa0620e37fb a8cf97e485874dcfaacf8fdf86c7ac66 fcc4db12ca3d4721b4f29be701c4d28c - - default default] 10.0.0.146 "GET /v2.0/ports?device_id=cf5a874b-ee34-49de-b3b4-4977579ea137 HTTP/1.1" status: 200 len: 210 time: 0.0209880
2026-06-28 21:07:10.310 9 INFO neutron.wsgi [req-be3aa9a5-9982-4233-a9ce-fc41c0bf5a41 req-80cdab15-9493-4388-b4f2-80402641342b 9f5adc65def7445b98ef9d55b9929c7e 51589db2e668477d8e42b5f8cb9ba580 - - default default] 10.0.0.146 "GET /v2.0/ports?device_id=2a4fcd17-0761-45f8-8fc1-fd3e0e1c0172 HTTP/1.1" status: 200 len: 210 time: 0.0191784
2026-06-28 21:07:10.349 9 WARNING neutron.scheduler.dhcp_agent_scheduler [None req-f797e94b-57a1-46bb-9e04-cb83e13cd7b8 d2eef338a29041b2b00b37c432379f8d 74c328985d2d4a5b976a3c9bf55900a5 - - default default] No more DHCP agents
2026-06-28 21:07:10.351 9 WARNING neutron.api.rpc.agentnotifiers.dhcp_rpc_agent_api [None req-f797e94b-57a1-46bb-9e04-cb83e13cd7b8 d2eef338a29041b2b00b37c432379f8d 74c328985d2d4a5b976a3c9bf55900a5 - - default default] Unable to schedule network 6f7eeaf1-da98-4fa7-bdd6-760674962ddf: no agents available; will retry on subsequent port and subnet creation events.
2026-06-28 21:07:10.361 10 INFO neutron.db.ovn_revision_numbers_db [None req-0795b576-552d-40df-b9f4-95e837c4b0df d2eef338a29041b2b00b37c432379f8d 74c328985d2d4a5b976a3c9bf55900a5 - - default default] Successfully bumped revision number for resource 7d52b082-6358-466b-8ccd-780efb816faa (type: security_groups) to 1
2026-06-28 21:07:10.374 10 INFO neutron.db.ovn_revision_numbers_db [None req-0795b576-552d-40df-b9f4-95e837c4b0df d2eef338a29041b2b00b37c432379f8d 74c328985d2d4a5b976a3c9bf55900a5 - - default default] Successfully bumped revision number for resource 2d7c42b7-f450-4638-9286-b6de56c271ba (type: security_group_rules) to 0
2026-06-28 21:07:10.394 10 INFO neutron.db.ovn_revision_numbers_db [None req-0795b576-552d-40df-b9f4-95e837c4b0df d2eef338a29041b2b00b37c432379f8d 74c328985d2d4a5b976a3c9bf55900a5 - - default default] Successfully bumped revision number for resource 684ea93a-f203-458a-9739-7b8a98b0816b (type: security_group_rules) to 0
2026-06-28 21:07:10.422 10 INFO neutron.db.ovn_revision_numbers_db [None req-0795b576-552d-40df-b9f4-95e837c4b0df d2eef338a29041b2b00b37c432379f8d 74c328985d2d4a5b976a3c9bf55900a5 - - default default] Successfully bumped revision number for resource 9b4b4eb4-05c7-4a07-845b-45a6a5858904 (type: security_group_rules) to 0
2026-06-28 21:07:10.434 9 INFO neutron.db.ovn_revision_numbers_db [None req-f797e94b-57a1-46bb-9e04-cb83e13cd7b8 d2eef338a29041b2b00b37c432379f8d 74c328985d2d4a5b976a3c9bf55900a5 - - default default] Successfully bumped revision number for resource 1f90dd79-4d0d-4f14-a481-0c0a2049a227 (type: ports) to 1
2026-06-28 21:07:10.438 10 INFO neutron.db.ovn_revision_numbers_db [None req-0795b576-552d-40df-b9f4-95e837c4b0df d2eef338a29041b2b00b37c432379f8d 74c328985d2d4a5b976a3c9bf55900a5 - - default default] Successfully bumped revision number for resource f0e53fa7-d3df-4d55-ad67-d2283053a48b (type: security_group_rules) to 0
2026-06-28 21:07:10.480 9 INFO neutron.wsgi [None req-f797e94b-57a1-46bb-9e04-cb83e13cd7b8 d2eef338a29041b2b00b37c432379f8d 74c328985d2d4a5b976a3c9bf55900a5 - - default default] 10.0.0.15 "POST /v2.0/networks HTTP/1.1" status: 201 len: 953 time: 0.9477191
2026-06-28 21:07:10.494 10 INFO neutron.db.segments_db [None req-0795b576-552d-40df-b9f4-95e837c4b0df d2eef338a29041b2b00b37c432379f8d 74c328985d2d4a5b976a3c9bf55900a5 - - default default] Added segment b75eb6af-3f5d-49d3-bdf5-3ec5791d52f7 of type geneve for network e8451a2d-c17e-42fb-bb4d-57da6f305651
2026-06-28 21:07:10.587 9 WARNING neutron.plugins.ml2.drivers.ovn.mech_driver.ovsdb.ovn_client [None req-bc6461f3-1275-43a0-91fe-a76c0f325952 - - - - - -] No hosting information found for port 8c130445-16ae-44ce-b4ad-38538b1d58d2: RuntimeError: No hosting information found for port 8c130445-16ae-44ce-b4ad-38538b1d58d2
2026-06-28 21:07:10.628 10 INFO neutron.db.ovn_revision_numbers_db [None req-0795b576-552d-40df-b9f4-95e837c4b0df d2eef338a29041b2b00b37c432379f8d 74c328985d2d4a5b976a3c9bf55900a5 - - default default] Successfully bumped revision number for resource e8451a2d-c17e-42fb-bb4d-57da6f305651 (type: networks) to 1
2026-06-28 21:07:10.663 9 WARNING neutron.scheduler.dhcp_agent_scheduler [None req-5aee2ade-a625-4b20-ba2b-977645278205 d2eef338a29041b2b00b37c432379f8d 74c328985d2d4a5b976a3c9bf55900a5 - - default default] No more DHCP agents
2026-06-28 21:07:10.669 9 WARNING neutron.api.rpc.agentnotifiers.dhcp_rpc_agent_api [None req-5aee2ade-a625-4b20-ba2b-977645278205 d2eef338a29041b2b00b37c432379f8d 74c328985d2d4a5b976a3c9bf55900a5 - - default default] Unable to schedule network 6f7eeaf1-da98-4fa7-bdd6-760674962ddf: no agents available; will retry on subsequent port and subnet creation events.
2026-06-28 21:07:10.727 9 INFO neutron.wsgi [req-1851f205-afe4-4587-bae0-3dae86d55d96 req-67d86c11-51e4-49f2-b1b9-5127b3acb51a 9f5adc65def7445b98ef9d55b9929c7e 51589db2e668477d8e42b5f8cb9ba580 - - default default] 199.204.45.162 "GET /v2.0/networks?id=60dfe1e1-f3c4-45c3-9cd2-85f6319dba65 HTTP/1.1" status: 200 len: 878 time: 0.1105547
2026-06-28 21:07:10.745 10 INFO neutron.wsgi [req-d947d683-8556-4848-841b-bb823149065d req-01d22399-780d-4fcd-890f-a7ced507909f a8cf97e485874dcfaacf8fdf86c7ac66 fcc4db12ca3d4721b4f29be701c4d28c - - default default] 199.204.45.162 "GET /v2.0/networks?id=ba50763b-aa64-4605-97ba-1f9b15b76419 HTTP/1.1" status: 200 len: 875 time: 0.1283665
2026-06-28 21:07:10.815 9 INFO neutron.wsgi [req-1851f205-afe4-4587-bae0-3dae86d55d96 req-27f75a51-d04a-42ed-9aad-9a71b21c6c95 9f5adc65def7445b98ef9d55b9929c7e 51589db2e668477d8e42b5f8cb9ba580 - - default default] 199.204.45.162 "GET /v2.0/security-groups?fields=id&fields=name&tenant_id=51589db2e668477d8e42b5f8cb9ba580 HTTP/1.1" status: 200 len: 379 time: 0.0623868
2026-06-28 21:07:10.819 10 INFO neutron.wsgi [req-d947d683-8556-4848-841b-bb823149065d req-38648f27-7914-4402-8870-5f46c4049bd4 a8cf97e485874dcfaacf8fdf86c7ac66 fcc4db12ca3d4721b4f29be701c4d28c - - default default] 199.204.45.162 "GET /v2.0/security-groups?fields=id&fields=name&tenant_id=fcc4db12ca3d4721b4f29be701c4d28c HTTP/1.1" status: 200 len: 380 time: 0.0657110
2026-06-28 21:07:10.824 10 WARNING neutron.scheduler.dhcp_agent_scheduler [None req-0795b576-552d-40df-b9f4-95e837c4b0df d2eef338a29041b2b00b37c432379f8d 74c328985d2d4a5b976a3c9bf55900a5 - - default default] No more DHCP agents
2026-06-28 21:07:10.830 10 WARNING neutron_lib.context [req-d947d683-8556-4848-841b-bb823149065d req-47263967-c8b4-4b51-98e2-26d487095cc5 a8cf97e485874dcfaacf8fdf86c7ac66 fcc4db12ca3d4721b4f29be701c4d28c - - default default] Method 'is_advsvc' is deprecated since 2023.2 release (neutron-lib 3.8.0) and will be removed once support for the old RBAC API policies will be removed from Neutron. Please use method 'is_service_role' instead.
2026-06-28 21:07:10.833 10 WARNING neutron.api.rpc.agentnotifiers.dhcp_rpc_agent_api [None req-0795b576-552d-40df-b9f4-95e837c4b0df d2eef338a29041b2b00b37c432379f8d 74c328985d2d4a5b976a3c9bf55900a5 - - default default] Unable to schedule network e8451a2d-c17e-42fb-bb4d-57da6f305651: no agents available; will retry on subsequent port and subnet creation events.
2026-06-28 21:07:10.834 9 WARNING neutron_lib.context [req-1851f205-afe4-4587-bae0-3dae86d55d96 req-24797ffb-6f41-4ca9-8fe6-c6653d6547ef 9f5adc65def7445b98ef9d55b9929c7e 51589db2e668477d8e42b5f8cb9ba580 - - default default] Method 'is_advsvc' is deprecated since 2023.2 release (neutron-lib 3.8.0) and will be removed once support for the old RBAC API policies will be removed from Neutron. Please use method 'is_service_role' instead.
2026-06-28 21:07:10.952 10 INFO neutron.db.ovn_revision_numbers_db [None req-0795b576-552d-40df-b9f4-95e837c4b0df d2eef338a29041b2b00b37c432379f8d 74c328985d2d4a5b976a3c9bf55900a5 - - default default] Successfully bumped revision number for resource 27795045-1cab-4392-a055-c8fefc49a0b1 (type: ports) to 1
2026-06-28 21:07:10.991 10 INFO neutron.wsgi [None req-0795b576-552d-40df-b9f4-95e837c4b0df d2eef338a29041b2b00b37c432379f8d 74c328985d2d4a5b976a3c9bf55900a5 - - default default] 10.0.0.15 "POST /v2.0/networks HTTP/1.1" status: 201 len: 945 time: 0.8631637
2026-06-28 21:07:11.305 9 WARNING neutron.scheduler.dhcp_agent_scheduler [None req-c1e93bc0-fa07-4fbb-8b6d-2095b8efc501 d2eef338a29041b2b00b37c432379f8d 74c328985d2d4a5b976a3c9bf55900a5 - - default default] No more DHCP agents
2026-06-28 21:07:11.313 9 WARNING neutron.api.rpc.agentnotifiers.dhcp_rpc_agent_api [None req-c1e93bc0-fa07-4fbb-8b6d-2095b8efc501 d2eef338a29041b2b00b37c432379f8d 74c328985d2d4a5b976a3c9bf55900a5 - - default default] Unable to schedule network e8451a2d-c17e-42fb-bb4d-57da6f305651: no agents available; will retry on subsequent port and subnet creation events.
2026-06-28 21:07:11.319 10 WARNING neutron.scheduler.dhcp_agent_scheduler [req-d947d683-8556-4848-841b-bb823149065d req-47263967-c8b4-4b51-98e2-26d487095cc5 a8cf97e485874dcfaacf8fdf86c7ac66 fcc4db12ca3d4721b4f29be701c4d28c - - default default] No more DHCP agents
2026-06-28 21:07:11.326 10 WARNING neutron.api.rpc.agentnotifiers.dhcp_rpc_agent_api [req-d947d683-8556-4848-841b-bb823149065d req-47263967-c8b4-4b51-98e2-26d487095cc5 a8cf97e485874dcfaacf8fdf86c7ac66 fcc4db12ca3d4721b4f29be701c4d28c - - default default] Unable to schedule network ba50763b-aa64-4605-97ba-1f9b15b76419: no agents available; will retry on subsequent port and subnet creation events. /var/lib/openstack/lib/python3.10/site-packages/pycadf/identifier.py:71: UserWarning: Invalid uuid: neutron. To ensure interoperability, identifiers should be a valid uuid. warnings.warn(('Invalid uuid: %s. To ensure interoperability, '
2026-06-28 21:07:11.431 10 INFO neutron.wsgi [req-3f9a4930-a950-410c-9ac6-e90b1c58b320 req-f381e925-21fa-4198-82bb-15d32cce7adf a8cf97e485874dcfaacf8fdf86c7ac66 fcc4db12ca3d4721b4f29be701c4d28c - - default default] 10.0.0.146 "GET /v2.0/ports?device_id=cf5a874b-ee34-49de-b3b4-4977579ea137 HTTP/1.1" status: 200 len: 1156 time: 0.0620525
2026-06-28 21:07:11.505 10 INFO neutron.wsgi [req-3f9a4930-a950-410c-9ac6-e90b1c58b320 req-c46520aa-4bed-4130-9468-8cd967c2fec3 a8cf97e485874dcfaacf8fdf86c7ac66 fcc4db12ca3d4721b4f29be701c4d28c - - default default] 10.0.0.146 "GET /v2.0/security-groups?id=cfb084f9-7e0d-42e5-b034-bde6a248a7cd&fields=id&fields=name HTTP/1.1" status: 200 len: 313 time: 0.0658817 /var/lib/openstack/lib/python3.10/site-packages/pycadf/identifier.py:71: UserWarning: Invalid uuid: neutron. To ensure interoperability, identifiers should be a valid uuid. warnings.warn(('Invalid uuid: %s. To ensure interoperability, '
2026-06-28 21:07:11.558 9 WARNING neutron.scheduler.dhcp_agent_scheduler [req-1851f205-afe4-4587-bae0-3dae86d55d96 req-24797ffb-6f41-4ca9-8fe6-c6653d6547ef 9f5adc65def7445b98ef9d55b9929c7e 51589db2e668477d8e42b5f8cb9ba580 - - default default] No more DHCP agents
2026-06-28 21:07:11.573 9 WARNING neutron.api.rpc.agentnotifiers.dhcp_rpc_agent_api [req-1851f205-afe4-4587-bae0-3dae86d55d96 req-24797ffb-6f41-4ca9-8fe6-c6653d6547ef 9f5adc65def7445b98ef9d55b9929c7e 51589db2e668477d8e42b5f8cb9ba580 - - default default] Unable to schedule network 60dfe1e1-f3c4-45c3-9cd2-85f6319dba65: no agents available; will retry on subsequent port and subnet creation events.
2026-06-28 21:07:11.600 10 INFO neutron.db.ovn_revision_numbers_db [req-d947d683-8556-4848-841b-bb823149065d req-47263967-c8b4-4b51-98e2-26d487095cc5 a8cf97e485874dcfaacf8fdf86c7ac66 fcc4db12ca3d4721b4f29be701c4d28c - - default default] Successfully bumped revision number for resource fb5ae9f2-a170-4937-8e09-5eee8600d99f (type: ports) to 1
2026-06-28 21:07:11.613 9 INFO neutron.wsgi [req-6912c847-fccb-41e0-9c90-0f5583793f33 req-62066d09-d13e-4ac1-88e5-10b3fbf7d196 9f5adc65def7445b98ef9d55b9929c7e 51589db2e668477d8e42b5f8cb9ba580 - - default default] 10.0.0.146 "GET /v2.0/ports?device_id=2a4fcd17-0761-45f8-8fc1-fd3e0e1c0172 HTTP/1.1" status: 200 len: 1160 time: 0.0885153 /var/lib/openstack/lib/python3.10/site-packages/pycadf/identifier.py:71: UserWarning: Invalid uuid: neutron. To ensure interoperability, identifiers should be a valid uuid. warnings.warn(('Invalid uuid: %s. To ensure interoperability, '
2026-06-28 21:07:11.633 10 INFO neutron.wsgi [req-d947d683-8556-4848-841b-bb823149065d req-47263967-c8b4-4b51-98e2-26d487095cc5 a8cf97e485874dcfaacf8fdf86c7ac66 fcc4db12ca3d4721b4f29be701c4d28c - - default default] 199.204.45.162 "POST /v2.0/ports HTTP/1.1" status: 201 len: 1158 time: 0.8071299
2026-06-28 21:07:11.644 10 INFO neutron.wsgi [req-d947d683-8556-4848-841b-bb823149065d req-b48a7a8f-c907-4d9d-ab8a-f0b72d84f8bd a8cf97e485874dcfaacf8fdf86c7ac66 fcc4db12ca3d4721b4f29be701c4d28c - - default default] 199.204.45.162 "GET /v2.0/extensions HTTP/1.1" status: 200 len: 18683 time: 0.0051486
2026-06-28 21:07:11.700 9 INFO neutron.db.ovn_revision_numbers_db [None req-5aee2ade-a625-4b20-ba2b-977645278205 d2eef338a29041b2b00b37c432379f8d 74c328985d2d4a5b976a3c9bf55900a5 - - default default] Successfully bumped revision number for resource 1f90dd79-4d0d-4f14-a481-0c0a2049a227 (type: ports) to 2
2026-06-28 21:07:11.717 9 INFO neutron.wsgi [req-6912c847-fccb-41e0-9c90-0f5583793f33 req-dde5765e-21af-4826-9915-a833acd0dd4f 9f5adc65def7445b98ef9d55b9929c7e 51589db2e668477d8e42b5f8cb9ba580 - - default default] 10.0.0.146 "GET /v2.0/security-groups?id=8ef91b12-f3a6-442c-b77e-1a1bcf0e9333&fields=id&fields=name HTTP/1.1" status: 200 len: 312 time: 0.0942652
2026-06-28 21:07:11.773 9 INFO neutron.db.ovn_revision_numbers_db [None req-5aee2ade-a625-4b20-ba2b-977645278205 d2eef338a29041b2b00b37c432379f8d 74c328985d2d4a5b976a3c9bf55900a5 - - default default] Successfully bumped revision number for resource 2e51bebd-f1c6-4e3d-913a-7e5e14ae5b9d (type: subnets) to 0
2026-06-28 21:07:11.799 9 INFO neutron.wsgi [None req-5aee2ade-a625-4b20-ba2b-977645278205 d2eef338a29041b2b00b37c432379f8d 74c328985d2d4a5b976a3c9bf55900a5 - - default default] 10.0.0.15 "POST /v2.0/subnets HTTP/1.1" status: 201 len: 873 time: 1.3137243
2026-06-28 21:07:11.820 9 INFO neutron.db.ovn_revision_numbers_db [req-1851f205-afe4-4587-bae0-3dae86d55d96 req-24797ffb-6f41-4ca9-8fe6-c6653d6547ef 9f5adc65def7445b98ef9d55b9929c7e 51589db2e668477d8e42b5f8cb9ba580 - - default default] Successfully bumped revision number for resource 5b62afee-c60e-4afe-89b4-ad725c7c8f1b (type: ports) to 1
2026-06-28 21:07:11.852 9 INFO neutron.wsgi [req-1851f205-afe4-4587-bae0-3dae86d55d96 req-24797ffb-6f41-4ca9-8fe6-c6653d6547ef 9f5adc65def7445b98ef9d55b9929c7e 51589db2e668477d8e42b5f8cb9ba580 - - default default] 199.204.45.162 "POST /v2.0/ports HTTP/1.1" status: 201 len: 1162 time: 1.0253236
2026-06-28 21:07:12.191 9 INFO neutron.db.ovn_revision_numbers_db [None req-c1e93bc0-fa07-4fbb-8b6d-2095b8efc501 d2eef338a29041b2b00b37c432379f8d 74c328985d2d4a5b976a3c9bf55900a5 - - default default] Successfully bumped revision number for resource 27795045-1cab-4392-a055-c8fefc49a0b1 (type: ports) to 2
2026-06-28 21:07:12.236 9 INFO neutron.db.ovn_revision_numbers_db [None req-c1e93bc0-fa07-4fbb-8b6d-2095b8efc501 d2eef338a29041b2b00b37c432379f8d 74c328985d2d4a5b976a3c9bf55900a5 - - default default] Successfully bumped revision number for resource 42c3d4f2-9dd7-49ce-9c60-a4b261e096b1 (type: subnets) to 0
2026-06-28 21:07:12.254 9 INFO neutron.wsgi [None req-c1e93bc0-fa07-4fbb-8b6d-2095b8efc501 d2eef338a29041b2b00b37c432379f8d 74c328985d2d4a5b976a3c9bf55900a5 - - default default] 10.0.0.15 "POST /v2.0/subnets HTTP/1.1" status: 201 len: 865 time: 1.2557814
2026-06-28 21:07:12.536 10 WARNING neutron.scheduler.dhcp_agent_scheduler [None req-2c47ca2c-fe5f-4333-848b-cec7fa9ead35 d2eef338a29041b2b00b37c432379f8d 74c328985d2d4a5b976a3c9bf55900a5 - - default default] No more DHCP agents
2026-06-28 21:07:12.539 10 WARNING neutron.api.rpc.agentnotifiers.dhcp_rpc_agent_api [None req-2c47ca2c-fe5f-4333-848b-cec7fa9ead35 d2eef338a29041b2b00b37c432379f8d 74c328985d2d4a5b976a3c9bf55900a5 - - default default] Unable to schedule network 627ae799-41e7-4b99-a266-e6819f3efeea: no agents available; will retry on subsequent port and subnet creation events.
2026-06-28 21:07:12.549 9 INFO neutron.db.ovn_revision_numbers_db [req-d947d683-8556-4848-841b-bb823149065d req-421fc588-98f8-461c-b505-9b20157c63ea 2a18de7827d842e4b15a7b3374d4b458 ddbe28d5850a480a9c3d787add2804f7 - - 777a9442082b4ad1b5873a62e50eded7 777a9442082b4ad1b5873a62e50eded7] Successfully bumped revision number for resource fb5ae9f2-a170-4937-8e09-5eee8600d99f (type: ports) to 2
