2026-06-28 20:31:41.534 10 INFO neutron.db.ovn_revision_numbers_db [None req-c190f1b6-0558-4902-9818-41076b2fc9dc d2eef338a29041b2b00b37c432379f8d 74c328985d2d4a5b976a3c9bf55900a5 - - default default] Successfully bumped revision number for resource 6cc5fa79-5b2f-47bf-a007-60eeebd64cf0 (type: security_group_rules) to 0
2026-06-28 20:31:41.548 10 INFO neutron.db.ovn_revision_numbers_db [None req-c190f1b6-0558-4902-9818-41076b2fc9dc d2eef338a29041b2b00b37c432379f8d 74c328985d2d4a5b976a3c9bf55900a5 - - default default] Successfully bumped revision number for resource 79e6c30d-b38d-43c8-9b97-bab416a7b4ff (type: security_group_rules) to 0
2026-06-28 20:31:41.562 10 WARNING neutron.services.revisions.revision_plugin [None req-c190f1b6-0558-4902-9818-41076b2fc9dc d2eef338a29041b2b00b37c432379f8d 74c328985d2d4a5b976a3c9bf55900a5 - - default default] Could not find related network for resource to bump revision.
2026-06-28 20:31:41.600 10 INFO neutron.db.segments_db [None req-c190f1b6-0558-4902-9818-41076b2fc9dc d2eef338a29041b2b00b37c432379f8d 74c328985d2d4a5b976a3c9bf55900a5 - - default default] Added segment 23cacc6f-0b48-4b87-9bcd-a64aad3eb317 of type flat for network 627ae799-41e7-4b99-a266-e6819f3efeea
2026-06-28 20:31:41.815 10 INFO neutron.db.ovn_revision_numbers_db [None req-c190f1b6-0558-4902-9818-41076b2fc9dc d2eef338a29041b2b00b37c432379f8d 74c328985d2d4a5b976a3c9bf55900a5 - - default default] Successfully bumped revision number for resource 627ae799-41e7-4b99-a266-e6819f3efeea (type: networks) to 1
2026-06-28 20:31:42.058 10 WARNING neutron.scheduler.dhcp_agent_scheduler [None req-c190f1b6-0558-4902-9818-41076b2fc9dc d2eef338a29041b2b00b37c432379f8d 74c328985d2d4a5b976a3c9bf55900a5 - - default default] No more DHCP agents
2026-06-28 20:31:42.059 10 WARNING neutron.api.rpc.agentnotifiers.dhcp_rpc_agent_api [None req-c190f1b6-0558-4902-9818-41076b2fc9dc d2eef338a29041b2b00b37c432379f8d 74c328985d2d4a5b976a3c9bf55900a5 - - default default] Unable to schedule network 627ae799-41e7-4b99-a266-e6819f3efeea: no agents available; will retry on subsequent port and subnet creation events.
2026-06-28 20:31:42.175 10 INFO neutron.db.ovn_revision_numbers_db [None req-c190f1b6-0558-4902-9818-41076b2fc9dc d2eef338a29041b2b00b37c432379f8d 74c328985d2d4a5b976a3c9bf55900a5 - - default default] Successfully bumped revision number for resource 2f2c2862-b834-43c0-943a-31e99e09947b (type: ports) to 1
2026-06-28 20:31:42.201 10 INFO neutron.wsgi [None req-c190f1b6-0558-4902-9818-41076b2fc9dc d2eef338a29041b2b00b37c432379f8d 74c328985d2d4a5b976a3c9bf55900a5 - - default default] 199.204.45.162,10.0.0.218 "POST /v2.0/networks HTTP/1.1" status: 201 len: 886 time: 1.2013252
2026-06-28 20:31:43.249 10 INFO neutron.pecan_wsgi.hooks.translation [None req-5456928b-aecc-4da6-97fe-1b5e945465e5 d2eef338a29041b2b00b37c432379f8d 74c328985d2d4a5b976a3c9bf55900a5 - - default default] GET failed (client error): The resource could not be found.
2026-06-28 20:31:43.251 10 INFO neutron.wsgi [None req-5456928b-aecc-4da6-97fe-1b5e945465e5 d2eef338a29041b2b00b37c432379f8d 74c328985d2d4a5b976a3c9bf55900a5 - - default default] 199.204.45.162,10.0.0.218 "GET /v2.0/networks/public HTTP/1.1" status: 404 len: 290 time: 0.0464337
2026-06-28 20:31:43.306 10 INFO neutron.wsgi [None req-4d659dcc-e266-4d8f-89fc-65f1634be187 d2eef338a29041b2b00b37c432379f8d 74c328985d2d4a5b976a3c9bf55900a5 - - default default] 199.204.45.162,10.0.0.218 "GET /v2.0/networks?name=public HTTP/1.1" status: 200 len: 890 time: 0.0514259
2026-06-28 20:31:43.334 10 INFO neutron.pecan_wsgi.hooks.translation [None req-a6e68b7d-d53a-4171-afb2-876164055be8 d2eef338a29041b2b00b37c432379f8d 74c328985d2d4a5b976a3c9bf55900a5 - - default default] GET failed (client error): The resource could not be found.
2026-06-28 20:31:43.335 10 INFO neutron.wsgi [None req-a6e68b7d-d53a-4171-afb2-876164055be8 d2eef338a29041b2b00b37c432379f8d 74c328985d2d4a5b976a3c9bf55900a5 - - default default] 199.204.45.162,10.0.0.218 "GET /v2.0/subnets/public-subnet?network_id=627ae799-41e7-4b99-a266-e6819f3efeea HTTP/1.1" status: 404 len: 295 time: 0.0201101
2026-06-28 20:31:43.358 10 INFO neutron.wsgi [None req-bb0b68b1-0cdc-4f36-b162-d117d846fb0f d2eef338a29041b2b00b37c432379f8d 74c328985d2d4a5b976a3c9bf55900a5 - - default default] 199.204.45.162,10.0.0.218 "GET /v2.0/subnets?name=public-subnet&network_id=627ae799-41e7-4b99-a266-e6819f3efeea HTTP/1.1" status: 200 len: 188 time: 0.0187755
2026-06-28 20:31:43.627 10 WARNING neutron.scheduler.dhcp_agent_scheduler [None req-e27f4fee-9f45-4199-beee-5545a364abff d2eef338a29041b2b00b37c432379f8d 74c328985d2d4a5b976a3c9bf55900a5 - - default default] No more DHCP agents
2026-06-28 20:31:43.630 10 WARNING neutron.api.rpc.agentnotifiers.dhcp_rpc_agent_api [None req-e27f4fee-9f45-4199-beee-5545a364abff d2eef338a29041b2b00b37c432379f8d 74c328985d2d4a5b976a3c9bf55900a5 - - default default] Unable to schedule network 627ae799-41e7-4b99-a266-e6819f3efeea: no agents available; will retry on subsequent port and subnet creation events.
2026-06-28 20:31:44.255 10 INFO neutron.db.ovn_revision_numbers_db [None req-e27f4fee-9f45-4199-beee-5545a364abff d2eef338a29041b2b00b37c432379f8d 74c328985d2d4a5b976a3c9bf55900a5 - - default default] Successfully bumped revision number for resource 2f2c2862-b834-43c0-943a-31e99e09947b (type: ports) to 2
2026-06-28 20:31:44.305 10 INFO neutron.db.ovn_revision_numbers_db [None req-e27f4fee-9f45-4199-beee-5545a364abff d2eef338a29041b2b00b37c432379f8d 74c328985d2d4a5b976a3c9bf55900a5 - - default default] Successfully bumped revision number for resource 7ee77fc9-5f7c-4be7-a108-0cf2b9b0b86e (type: subnets) to 0
2026-06-28 20:31:44.320 10 INFO neutron.wsgi [None req-e27f4fee-9f45-4199-beee-5545a364abff d2eef338a29041b2b00b37c432379f8d 74c328985d2d4a5b976a3c9bf55900a5 - - default default] 199.204.45.162,10.0.0.218 "POST /v2.0/subnets HTTP/1.1" status: 201 len: 821 time: 0.9540434
2026-06-28 20:31:51.855 10 INFO neutron.wsgi [-] 10.0.0.218 "GET / HTTP/1.1" status: 200 len: 246 time: 0.0025151
2026-06-28 20:32:06.855 9 INFO neutron.wsgi [-] 10.0.0.218 "GET / HTTP/1.1" status: 200 len: 246 time: 0.0021775
2026-06-28 20:32:21.856 9 INFO neutron.wsgi [-] 10.0.0.218 "GET / HTTP/1.1" status: 200 len: 246 time: 0.0024097
2026-06-28 20:32:21.859 9 INFO neutron.wsgi [-] 10.0.0.218 "GET / HTTP/1.1" status: 200 len: 246 time: 0.0019302
2026-06-28 20:32:36.857 9 INFO neutron.wsgi [-] 10.0.0.218 "GET / HTTP/1.1" status: 200 len: 246 time: 0.0033684
2026-06-28 20:32:36.858 10 INFO neutron.wsgi [-] 10.0.0.218 "GET / HTTP/1.1" status: 200 len: 246 time: 0.0050952
2026-06-28 20:32:51.855 9 INFO neutron.wsgi [-] 10.0.0.218 "GET / HTTP/1.1" status: 200 len: 246 time: 0.0030553
2026-06-28 20:32:51.856 10 INFO neutron.wsgi [-] 10.0.0.218 "GET / HTTP/1.1" status: 200 len: 246 time: 0.0032208
2026-06-28 20:33:06.856 10 INFO neutron.wsgi [-] 10.0.0.218 "GET / HTTP/1.1" status: 200 len: 246 time: 0.0025129
2026-06-28 20:33:06.856 9 INFO neutron.wsgi [-] 10.0.0.218 "GET / HTTP/1.1" status: 200 len: 246 time: 0.0029752
2026-06-28 20:33:21.857 9 INFO neutron.wsgi [-] 10.0.0.218 "GET / HTTP/1.1" status: 200 len: 246 time: 0.0042372
2026-06-28 20:33:21.857 10 INFO neutron.wsgi [-] 10.0.0.218 "GET / HTTP/1.1" status: 200 len: 246 time: 0.0033016
2026-06-28 20:33:36.855 10 INFO neutron.wsgi [-] 10.0.0.218 "GET / HTTP/1.1" status: 200 len: 246 time: 0.0025532
2026-06-28 20:33:36.855 9 INFO neutron.wsgi [-] 10.0.0.218 "GET / HTTP/1.1" status: 200 len: 246 time: 0.0027423
2026-06-28 20:33:51.855 9 INFO neutron.wsgi [-] 10.0.0.218 "GET / HTTP/1.1" status: 200 len: 246 time: 0.0022953
2026-06-28 20:33:51.858 9 INFO neutron.wsgi [-] 10.0.0.218 "GET / HTTP/1.1" status: 200 len: 246 time: 0.0018237
2026-06-28 20:34:06.855 9 INFO neutron.wsgi [-] 10.0.0.218 "GET / HTTP/1.1" status: 200 len: 246 time: 0.0023389
2026-06-28 20:34:06.857 10 INFO neutron.wsgi [-] 10.0.0.218 "GET / HTTP/1.1" status: 200 len: 246 time: 0.0046105
2026-06-28 20:34:21.855 10 INFO neutron.wsgi [-] 10.0.0.218 "GET / HTTP/1.1" status: 200 len: 246 time: 0.0022995
2026-06-28 20:34:21.855 9 INFO neutron.wsgi [-] 10.0.0.218 "GET / HTTP/1.1" status: 200 len: 246 time: 0.0027869
2026-06-28 20:34:36.855 9 INFO neutron.wsgi [-] 10.0.0.218 "GET / HTTP/1.1" status: 200 len: 246 time: 0.0023601
2026-06-28 20:34:36.858 9 INFO neutron.wsgi [-] 10.0.0.218 "GET / HTTP/1.1" status: 200 len: 246 time: 0.0019062
2026-06-28 20:34:51.857 10 INFO neutron.wsgi [-] 10.0.0.218 "GET / HTTP/1.1" status: 200 len: 246 time: 0.0031548
2026-06-28 20:34:51.857 9 INFO neutron.wsgi [-] 10.0.0.218 "GET / HTTP/1.1" status: 200 len: 246 time: 0.0035276
2026-06-28 20:35:06.855 10 INFO neutron.wsgi [-] 10.0.0.218 "GET / HTTP/1.1" status: 200 len: 246 time: 0.0017509
2026-06-28 20:35:06.858 10 INFO neutron.wsgi [-] 10.0.0.218 "GET / HTTP/1.1" status: 200 len: 246 time: 0.0013795
2026-06-28 20:35:21.855 10 INFO neutron.wsgi [-] 10.0.0.218 "GET / HTTP/1.1" status: 200 len: 246 time: 0.0023217
2026-06-28 20:35:21.856 9 INFO neutron.wsgi [-] 10.0.0.218 "GET / HTTP/1.1" status: 200 len: 246 time: 0.0026906
2026-06-28 20:35:36.855 10 INFO neutron.wsgi [-] 10.0.0.218 "GET / HTTP/1.1" status: 200 len: 246 time: 0.0020654
2026-06-28 20:35:36.855 9 INFO neutron.wsgi [-] 10.0.0.218 "GET / HTTP/1.1" status: 200 len: 246 time: 0.0024831
2026-06-28 20:35:51.855 9 INFO neutron.wsgi [-] 10.0.0.218 "GET / HTTP/1.1" status: 200 len: 246 time: 0.0026186
2026-06-28 20:35:51.855 10 INFO neutron.wsgi [-] 10.0.0.218 "GET / HTTP/1.1" status: 200 len: 246 time: 0.0029156
2026-06-28 20:36:06.856 10 INFO neutron.wsgi [-] 10.0.0.218 "GET / HTTP/1.1" status: 200 len: 246 time: 0.0031247
2026-06-28 20:36:06.858 10 INFO neutron.wsgi [-] 10.0.0.218 "GET / HTTP/1.1" status: 200 len: 246 time: 0.0012624
2026-06-28 20:36:12.902 10 INFO neutron.pecan_wsgi.hooks.translation [None req-39265754-6096-4f27-bd59-db86715aec5f d2eef338a29041b2b00b37c432379f8d 74c328985d2d4a5b976a3c9bf55900a5 - - default default] GET failed (client error): The resource could not be found.
2026-06-28 20:36:12.904 10 INFO neutron.wsgi [None req-39265754-6096-4f27-bd59-db86715aec5f d2eef338a29041b2b00b37c432379f8d 74c328985d2d4a5b976a3c9bf55900a5 - - default default] 199.204.45.162,10.0.0.218 "GET /v2.0/networks/lb-mgmt-net HTTP/1.1" status: 404 len: 295 time: 0.1415246
2026-06-28 20:36:12.922 10 INFO neutron.wsgi [None req-6f5e3045-02fd-48d9-b851-78062c7245e6 d2eef338a29041b2b00b37c432379f8d 74c328985d2d4a5b976a3c9bf55900a5 - - default default] 199.204.45.162,10.0.0.218 "GET /v2.0/networks?name=lb-mgmt-net HTTP/1.1" status: 200 len: 189 time: 0.0138519
2026-06-28 20:36:13.008 10 INFO neutron.db.segments_db [None req-a616dbb4-8f96-4b85-8056-a74f0ca12a61 d2eef338a29041b2b00b37c432379f8d 74c328985d2d4a5b976a3c9bf55900a5 - - default default] Added segment 175844bb-5cdd-47c5-b3fc-a48d7e175bfb of type geneve for network 99ee376c-f9b9-43be-8ca2-2ae807e30b0e
2026-06-28 20:36:13.146 10 INFO neutron.db.ovn_revision_numbers_db [None req-a616dbb4-8f96-4b85-8056-a74f0ca12a61 d2eef338a29041b2b00b37c432379f8d 74c328985d2d4a5b976a3c9bf55900a5 - - default default] Successfully bumped revision number for resource 99ee376c-f9b9-43be-8ca2-2ae807e30b0e (type: networks) to 1
2026-06-28 20:36:13.310 10 WARNING neutron.scheduler.dhcp_agent_scheduler [None req-a616dbb4-8f96-4b85-8056-a74f0ca12a61 d2eef338a29041b2b00b37c432379f8d 74c328985d2d4a5b976a3c9bf55900a5 - - default default] No more DHCP agents
2026-06-28 20:36:13.312 10 WARNING neutron.api.rpc.agentnotifiers.dhcp_rpc_agent_api [None req-a616dbb4-8f96-4b85-8056-a74f0ca12a61 d2eef338a29041b2b00b37c432379f8d 74c328985d2d4a5b976a3c9bf55900a5 - - default default] Unable to schedule network 99ee376c-f9b9-43be-8ca2-2ae807e30b0e: no agents available; will retry on subsequent port and subnet creation events.
2026-06-28 20:36:13.389 10 INFO neutron.db.ovn_revision_numbers_db [None req-a616dbb4-8f96-4b85-8056-a74f0ca12a61 d2eef338a29041b2b00b37c432379f8d 74c328985d2d4a5b976a3c9bf55900a5 - - default default] Successfully bumped revision number for resource 3ab5286c-cf92-43d2-a950-afae1267d4d6 (type: ports) to 1
2026-06-28 20:36:13.412 10 INFO neutron.wsgi [None req-a616dbb4-8f96-4b85-8056-a74f0ca12a61 d2eef338a29041b2b00b37c432379f8d 74c328985d2d4a5b976a3c9bf55900a5 - - default default] 199.204.45.162,10.0.0.218 "POST /v2.0/networks HTTP/1.1" status: 201 len: 890 time: 0.4844837 /var/lib/openstack/lib/python3.10/site-packages/pycadf/identifier.py:71: UserWarning: Invalid uuid: unknown. To ensure interoperability, identifiers should be a valid uuid. warnings.warn(('Invalid uuid: %s. To ensure interoperability, '
2026-06-28 20:36:14.886 9 INFO neutron.pecan_wsgi.hooks.translation [None req-93a39a1b-e071-4119-a5c9-4b980c02d7f8 d2eef338a29041b2b00b37c432379f8d 74c328985d2d4a5b976a3c9bf55900a5 - - default default] GET failed (client error): The resource could not be found.
2026-06-28 20:36:14.888 9 INFO neutron.wsgi [None req-93a39a1b-e071-4119-a5c9-4b980c02d7f8 d2eef338a29041b2b00b37c432379f8d 74c328985d2d4a5b976a3c9bf55900a5 - - default default] 199.204.45.162,10.0.0.218 "GET /v2.0/networks/lb-mgmt-net HTTP/1.1" status: 404 len: 295 time: 0.5879889
2026-06-28 20:36:15.060 9 WARNING oslo_policy.policy [None req-383d63fd-4c18-4ea7-a2b1-70c6879836c6 d2eef338a29041b2b00b37c432379f8d 74c328985d2d4a5b976a3c9bf55900a5 - - default default] Policies ['get_subnets_tags'] reference a rule that is not defined.
2026-06-28 20:36:15.063 9 INFO neutron.wsgi [None req-383d63fd-4c18-4ea7-a2b1-70c6879836c6 d2eef338a29041b2b00b37c432379f8d 74c328985d2d4a5b976a3c9bf55900a5 - - default default] 199.204.45.162,10.0.0.218 "GET /v2.0/networks?name=lb-mgmt-net HTTP/1.1" status: 200 len: 875 time: 0.1713130
2026-06-28 20:36:15.093 9 INFO neutron.pecan_wsgi.hooks.translation [None req-2151763a-5fce-4ec0-a073-f8eb18d37421 d2eef338a29041b2b00b37c432379f8d 74c328985d2d4a5b976a3c9bf55900a5 - - default default] GET failed (client error): The resource could not be found.
2026-06-28 20:36:15.094 9 INFO neutron.wsgi [None req-2151763a-5fce-4ec0-a073-f8eb18d37421 d2eef338a29041b2b00b37c432379f8d 74c328985d2d4a5b976a3c9bf55900a5 - - default default] 199.204.45.162,10.0.0.218 "GET /v2.0/subnets/lb-mgmt-subnet?network_id=99ee376c-f9b9-43be-8ca2-2ae807e30b0e HTTP/1.1" status: 404 len: 296 time: 0.0223870
2026-06-28 20:36:15.115 9 INFO neutron.wsgi [None req-daccd57b-29df-4ff0-87fd-0e4889874dfb d2eef338a29041b2b00b37c432379f8d 74c328985d2d4a5b976a3c9bf55900a5 - - default default] 199.204.45.162,10.0.0.218 "GET /v2.0/subnets?name=lb-mgmt-subnet&network_id=99ee376c-f9b9-43be-8ca2-2ae807e30b0e HTTP/1.1" status: 200 len: 188 time: 0.0178828
2026-06-28 20:36:15.320 9 WARNING neutron.scheduler.dhcp_agent_scheduler [None req-685d749b-700f-47db-9b8a-cef40079e3fe d2eef338a29041b2b00b37c432379f8d 74c328985d2d4a5b976a3c9bf55900a5 - - default default] No more DHCP agents
2026-06-28 20:36:15.322 9 WARNING neutron.api.rpc.agentnotifiers.dhcp_rpc_agent_api [None req-685d749b-700f-47db-9b8a-cef40079e3fe d2eef338a29041b2b00b37c432379f8d 74c328985d2d4a5b976a3c9bf55900a5 - - default default] Unable to schedule network 99ee376c-f9b9-43be-8ca2-2ae807e30b0e: no agents available; will retry on subsequent port and subnet creation events.
2026-06-28 20:36:15.322 9 INFO neutron.plugins.ml2.drivers.ovn.mech_driver.ovsdb.extensions.qos [None req-685d749b-700f-47db-9b8a-cef40079e3fe d2eef338a29041b2b00b37c432379f8d 74c328985d2d4a5b976a3c9bf55900a5 - - default default] Starting OVNClientQosExtension
2026-06-28 20:36:15.322 9 INFO neutron.plugins.ml2.drivers.ovn.mech_driver.ovsdb.extensions.placement [None req-685d749b-700f-47db-9b8a-cef40079e3fe d2eef338a29041b2b00b37c432379f8d 74c328985d2d4a5b976a3c9bf55900a5 - - default default] Starting OVNClientPlacementExtension
2026-06-28 20:36:16.010 9 INFO neutron.db.ovn_revision_numbers_db [None req-685d749b-700f-47db-9b8a-cef40079e3fe d2eef338a29041b2b00b37c432379f8d 74c328985d2d4a5b976a3c9bf55900a5 - - default default] Successfully bumped revision number for resource 3ab5286c-cf92-43d2-a950-afae1267d4d6 (type: ports) to 2
2026-06-28 20:36:16.056 9 INFO neutron.db.ovn_revision_numbers_db [None req-685d749b-700f-47db-9b8a-cef40079e3fe d2eef338a29041b2b00b37c432379f8d 74c328985d2d4a5b976a3c9bf55900a5 - - default default] Successfully bumped revision number for resource c3156a25-85b8-4722-8a5d-3c768f0118e0 (type: subnets) to 0
2026-06-28 20:36:16.077 9 INFO neutron.wsgi [None req-685d749b-700f-47db-9b8a-cef40079e3fe d2eef338a29041b2b00b37c432379f8d 74c328985d2d4a5b976a3c9bf55900a5 - - default default] 199.204.45.162,10.0.0.218 "POST /v2.0/subnets HTTP/1.1" status: 201 len: 807 time: 0.9569304
2026-06-28 20:36:17.102 10 INFO neutron.api.v2.resource [None req-9489f2c5-2ca9-4895-be1b-411ffd5a3083 d2eef338a29041b2b00b37c432379f8d 74c328985d2d4a5b976a3c9bf55900a5 - - default default] show failed (client error): The resource could not be found.
2026-06-28 20:36:17.103 10 INFO neutron.wsgi [None req-9489f2c5-2ca9-4895-be1b-411ffd5a3083 d2eef338a29041b2b00b37c432379f8d 74c328985d2d4a5b976a3c9bf55900a5 - - default default] 199.204.45.162,10.0.0.218 "GET /v2.0/security-groups/lb-health-mgr-sec-grp HTTP/1.1" status: 404 len: 313 time: 0.0371125
2026-06-28 20:36:17.138 10 INFO neutron.wsgi [None req-728659fb-ee05-4e04-b5fa-b7437c5c3d2f d2eef338a29041b2b00b37c432379f8d 74c328985d2d4a5b976a3c9bf55900a5 - - default default] 199.204.45.162,10.0.0.218 "GET /v2.0/security-groups?name=lb-health-mgr-sec-grp HTTP/1.1" status: 200 len: 197 time: 0.0327859
2026-06-28 20:36:17.262 10 INFO neutron.db.ovn_revision_numbers_db [None req-c548c02a-3689-4392-9e92-6697c8d4a962 d2eef338a29041b2b00b37c432379f8d 74c328985d2d4a5b976a3c9bf55900a5 - - default default] Successfully bumped revision number for resource 5c716993-b812-43ff-92ee-16c2c414f684 (type: security_groups) to 1
2026-06-28 20:36:17.274 10 INFO neutron.db.ovn_revision_numbers_db [None req-c548c02a-3689-4392-9e92-6697c8d4a962 d2eef338a29041b2b00b37c432379f8d 74c328985d2d4a5b976a3c9bf55900a5 - - default default] Successfully bumped revision number for resource 36b0c9e4-b8d0-425a-a0a8-9faad47897e9 (type: security_group_rules) to 0
2026-06-28 20:36:17.286 10 INFO neutron.db.ovn_revision_numbers_db [None req-c548c02a-3689-4392-9e92-6697c8d4a962 d2eef338a29041b2b00b37c432379f8d 74c328985d2d4a5b976a3c9bf55900a5 - - default default] Successfully bumped revision number for resource 6bdbab8b-fb51-47ac-91b6-796d8f21c3d5 (type: security_group_rules) to 0
2026-06-28 20:36:17.303 10 INFO neutron.wsgi [None req-c548c02a-3689-4392-9e92-6697c8d4a962 d2eef338a29041b2b00b37c432379f8d 74c328985d2d4a5b976a3c9bf55900a5 - - default default] 199.204.45.162,10.0.0.218 "POST /v2.0/security-groups HTTP/1.1" status: 201 len: 1797 time: 0.1591318
2026-06-28 20:36:18.287 10 INFO neutron.wsgi [None req-059ad3d0-eb4b-4d59-981f-1dc31a17205b d2eef338a29041b2b00b37c432379f8d 74c328985d2d4a5b976a3c9bf55900a5 - - default default] 199.204.45.162,10.0.0.218 "GET /v2.0/security-groups/5c716993-b812-43ff-92ee-16c2c414f684 HTTP/1.1" status: 200 len: 1792 time: 0.0525277
2026-06-28 20:36:18.324 10 INFO neutron.wsgi [None req-4f3dc6f1-2ebf-4cca-ac5f-98d9526157b9 d2eef338a29041b2b00b37c432379f8d 74c328985d2d4a5b976a3c9bf55900a5 - - default default] 199.204.45.162,10.0.0.218 "GET /v2.0/security-groups/5c716993-b812-43ff-92ee-16c2c414f684 HTTP/1.1" status: 200 len: 1792 time: 0.0284529
2026-06-28 20:36:18.369 10 INFO neutron.wsgi [None req-cf40e43a-74f0-49e7-9acd-d670ad1bc614 d2eef338a29041b2b00b37c432379f8d 74c328985d2d4a5b976a3c9bf55900a5 - - default default] 199.204.45.162,10.0.0.218 "GET /v2.0/security-groups/5c716993-b812-43ff-92ee-16c2c414f684 HTTP/1.1" status: 200 len: 1792 time: 0.0377052
2026-06-28 20:36:18.523 10 INFO neutron.db.ovn_revision_numbers_db [None req-5c4b8443-7f47-481e-8f9b-cf067137e4e0 d2eef338a29041b2b00b37c432379f8d 74c328985d2d4a5b976a3c9bf55900a5 - - default default] Successfully bumped revision number for resource 42edab6f-3a1e-4b69-824a-1960fb1bcdc4 (type: security_group_rules) to 0
2026-06-28 20:36:18.555 10 INFO neutron.wsgi [None req-5c4b8443-7f47-481e-8f9b-cf067137e4e0 d2eef338a29041b2b00b37c432379f8d 74c328985d2d4a5b976a3c9bf55900a5 - - default default] 199.204.45.162,10.0.0.218 "POST /v2.0/security-group-rules HTTP/1.1" status: 201 len: 781 time: 0.1749043
2026-06-28 20:36:19.433 10 INFO neutron.wsgi [None req-95d9f583-dddd-4c09-b12e-bf570520b4ac d2eef338a29041b2b00b37c432379f8d 74c328985d2d4a5b976a3c9bf55900a5 - - default default] 199.204.45.162,10.0.0.218 "GET /v2.0/security-groups/5c716993-b812-43ff-92ee-16c2c414f684 HTTP/1.1" status: 200 len: 2406 time: 0.0660367
2026-06-28 20:36:19.471 10 INFO neutron.wsgi [None req-53c0d07e-8df7-4688-aab5-a6deac87b143 d2eef338a29041b2b00b37c432379f8d 74c328985d2d4a5b976a3c9bf55900a5 - - default default] 199.204.45.162,10.0.0.218 "GET /v2.0/security-groups/5c716993-b812-43ff-92ee-16c2c414f684 HTTP/1.1" status: 200 len: 2406 time: 0.0301666
2026-06-28 20:36:19.503 10 INFO neutron.wsgi [None req-0b444d4e-7c9d-49bd-99ee-1f29c534c3c4 d2eef338a29041b2b00b37c432379f8d 74c328985d2d4a5b976a3c9bf55900a5 - - default default] 199.204.45.162,10.0.0.218 "GET /v2.0/security-groups/5c716993-b812-43ff-92ee-16c2c414f684 HTTP/1.1" status: 200 len: 2406 time: 0.0255768
2026-06-28 20:36:19.630 10 INFO neutron.db.ovn_revision_numbers_db [None req-b80a6e64-23fe-47c5-954c-39c6aa742c5f d2eef338a29041b2b00b37c432379f8d 74c328985d2d4a5b976a3c9bf55900a5 - - default default] Successfully bumped revision number for resource 05f3d4e6-dbb1-4a29-a90c-e0a2a8fe1442 (type: security_group_rules) to 0
2026-06-28 20:36:19.690 10 INFO neutron.wsgi [None req-b80a6e64-23fe-47c5-954c-39c6aa742c5f d2eef338a29041b2b00b37c432379f8d 74c328985d2d4a5b976a3c9bf55900a5 - - default default] 199.204.45.162,10.0.0.218 "POST /v2.0/security-group-rules HTTP/1.1" status: 201 len: 783 time: 0.1789131
2026-06-28 20:36:20.599 9 INFO neutron.wsgi [None req-2d7246d2-57bb-41ec-9fed-8cc432b835fb d2eef338a29041b2b00b37c432379f8d 74c328985d2d4a5b976a3c9bf55900a5 - - default default] 199.204.45.162,10.0.0.218 "GET /v2.0/security-groups/5c716993-b812-43ff-92ee-16c2c414f684 HTTP/1.1" status: 200 len: 3022 time: 0.0805492
2026-06-28 20:36:20.640 9 INFO neutron.wsgi [None req-4ba415a2-a0fe-471b-b2fc-ca313fc466db d2eef338a29041b2b00b37c432379f8d 74c328985d2d4a5b976a3c9bf55900a5 - - default default] 199.204.45.162,10.0.0.218 "GET /v2.0/security-groups/5c716993-b812-43ff-92ee-16c2c414f684 HTTP/1.1" status: 200 len: 3022 time: 0.0345449
2026-06-28 20:36:20.679 9 INFO neutron.wsgi [None req-ae8d0cac-8c94-4d87-bcef-28e953b67f1c d2eef338a29041b2b00b37c432379f8d 74c328985d2d4a5b976a3c9bf55900a5 - - default default] 199.204.45.162,10.0.0.218 "GET /v2.0/security-groups/5c716993-b812-43ff-92ee-16c2c414f684 HTTP/1.1" status: 200 len: 3022 time: 0.0318892
2026-06-28 20:36:20.848 9 INFO neutron.db.ovn_revision_numbers_db [None req-0e4aa2e4-592f-42ea-b304-1cba5645b6cc d2eef338a29041b2b00b37c432379f8d 74c328985d2d4a5b976a3c9bf55900a5 - - default default] Successfully bumped revision number for resource 2a4453bf-e473-4b7e-a03f-967ab241802a (type: security_group_rules) to 0
2026-06-28 20:36:20.878 9 INFO neutron.wsgi [None req-0e4aa2e4-592f-42ea-b304-1cba5645b6cc d2eef338a29041b2b00b37c432379f8d 74c328985d2d4a5b976a3c9bf55900a5 - - default default] 199.204.45.162,10.0.0.218 "POST /v2.0/security-group-rules HTTP/1.1" status: 201 len: 783 time: 0.1910062
2026-06-28 20:36:21.751 10 INFO neutron.wsgi [None req-3e10e9eb-eafc-45ea-8f3e-3e3413657e4f d2eef338a29041b2b00b37c432379f8d 74c328985d2d4a5b976a3c9bf55900a5 - - default default] 199.204.45.162,10.0.0.218 "GET /v2.0/security-groups/5c716993-b812-43ff-92ee-16c2c414f684 HTTP/1.1" status: 200 len: 3638 time: 0.0669749
2026-06-28 20:36:21.790 10 INFO neutron.wsgi [None req-08f988b5-3412-45a7-a308-328b99589317 d2eef338a29041b2b00b37c432379f8d 74c328985d2d4a5b976a3c9bf55900a5 - - default default] 199.204.45.162,10.0.0.218 "GET /v2.0/security-groups/5c716993-b812-43ff-92ee-16c2c414f684 HTTP/1.1" status: 200 len: 3638 time: 0.0314581
2026-06-28 20:36:21.829 10 INFO neutron.wsgi [None req-2bb24189-f317-4050-a5b0-25b0a504e62c d2eef338a29041b2b00b37c432379f8d 74c328985d2d4a5b976a3c9bf55900a5 - - default default] 199.204.45.162,10.0.0.218 "GET /v2.0/security-groups/5c716993-b812-43ff-92ee-16c2c414f684 HTTP/1.1" status: 200 len: 3638 time: 0.0316315
2026-06-28 20:36:21.856 9 INFO neutron.wsgi [-] 10.0.0.218 "GET / HTTP/1.1" status: 200 len: 246 time: 0.0024478
2026-06-28 20:36:21.859 9 INFO neutron.wsgi [-] 10.0.0.218 "GET / HTTP/1.1" status: 200 len: 246 time: 0.0018647
2026-06-28 20:36:21.992 10 INFO neutron.db.ovn_revision_numbers_db [None req-bc956342-9706-4546-88f8-b2d1af02ddf4 d2eef338a29041b2b00b37c432379f8d 74c328985d2d4a5b976a3c9bf55900a5 - - default default] Successfully bumped revision number for resource d9c911ad-adf7-4305-afba-b04732adef0d (type: security_group_rules) to 0
2026-06-28 20:36:22.029 10 INFO neutron.wsgi [None req-bc956342-9706-4546-88f8-b2d1af02ddf4 d2eef338a29041b2b00b37c432379f8d 74c328985d2d4a5b976a3c9bf55900a5 - - default default] 199.204.45.162,10.0.0.218 "POST /v2.0/security-group-rules HTTP/1.1" status: 201 len: 783 time: 0.1929147
2026-06-28 20:36:22.870 10 INFO neutron.wsgi [None req-43f534e2-facc-4b7f-9efb-be62bb097856 d2eef338a29041b2b00b37c432379f8d 74c328985d2d4a5b976a3c9bf55900a5 - - default default] 199.204.45.162,10.0.0.218 "GET /v2.0/security-groups/5c716993-b812-43ff-92ee-16c2c414f684 HTTP/1.1" status: 200 len: 4254 time: 0.0573997
2026-06-28 20:36:22.905 10 INFO neutron.wsgi [None req-c52dc52c-e303-4d00-8aad-3d3e75775d0a d2eef338a29041b2b00b37c432379f8d 74c328985d2d4a5b976a3c9bf55900a5 - - default default] 199.204.45.162,10.0.0.218 "GET /v2.0/security-groups/5c716993-b812-43ff-92ee-16c2c414f684 HTTP/1.1" status: 200 len: 4254 time: 0.0277684
2026-06-28 20:36:22.940 10 INFO neutron.wsgi [None req-2b07ca04-a392-42cc-8ffa-effbb38971c0 d2eef338a29041b2b00b37c432379f8d 74c328985d2d4a5b976a3c9bf55900a5 - - default default] 199.204.45.162,10.0.0.218 "GET /v2.0/security-groups/5c716993-b812-43ff-92ee-16c2c414f684 HTTP/1.1" status: 200 len: 4254 time: 0.0278261
2026-06-28 20:36:23.072 10 INFO neutron.db.ovn_revision_numbers_db [None req-dc94d3de-63b7-40b1-8a29-3c30aa3fab4b d2eef338a29041b2b00b37c432379f8d 74c328985d2d4a5b976a3c9bf55900a5 - - default default] Successfully bumped revision number for resource 18a48eb6-6a40-4f58-b894-edfbc6831a58 (type: security_group_rules) to 0
2026-06-28 20:36:23.095 10 INFO neutron.wsgi [None req-dc94d3de-63b7-40b1-8a29-3c30aa3fab4b d2eef338a29041b2b00b37c432379f8d 74c328985d2d4a5b976a3c9bf55900a5 - - default default] 199.204.45.162,10.0.0.218 "POST /v2.0/security-group-rules HTTP/1.1" status: 201 len: 783 time: 0.1494982
2026-06-28 20:36:24.245 9 INFO neutron.wsgi [None req-d6fc3972-8c6f-46a5-98f6-5872c6388254 d2eef338a29041b2b00b37c432379f8d 74c328985d2d4a5b976a3c9bf55900a5 - - default default] 199.204.45.162,10.0.0.218 "GET /v2.0/networks/99ee376c-f9b9-43be-8ca2-2ae807e30b0e HTTP/1.1" status: 200 len: 910 time: 0.1218448
2026-06-28 20:36:24.273 9 INFO neutron.pecan_wsgi.hooks.translation [None req-cfeb7673-f9d2-4de9-9c3f-07a37075bfce d2eef338a29041b2b00b37c432379f8d 74c328985d2d4a5b976a3c9bf55900a5 - - default default] GET failed (client error): The resource could not be found.
2026-06-28 20:36:24.275 9 INFO neutron.wsgi [None req-cfeb7673-f9d2-4de9-9c3f-07a37075bfce d2eef338a29041b2b00b37c432379f8d 74c328985d2d4a5b976a3c9bf55900a5 - - default default] 199.204.45.162,10.0.0.218 "GET /v2.0/ports/octavia-health-manager-port-instance?network_id=99ee376c-f9b9-43be-8ca2-2ae807e30b0e HTTP/1.1" status: 404 len: 314 time: 0.0211174
2026-06-28 20:36:24.305 9 INFO neutron.wsgi [None req-85139995-ffbf-496d-b274-8c8fb03ae4a9 d2eef338a29041b2b00b37c432379f8d 74c328985d2d4a5b976a3c9bf55900a5 - - default default] 199.204.45.162,10.0.0.218 "GET /v2.0/ports?name=octavia-health-manager-port-instance&network_id=99ee376c-f9b9-43be-8ca2-2ae807e30b0e HTTP/1.1" status: 200 len: 186 time: 0.0273690
2026-06-28 20:36:24.350 9 INFO neutron.wsgi [None req-a5cc5c9a-71e0-49e0-8f36-633fa565114e d2eef338a29041b2b00b37c432379f8d 74c328985d2d4a5b976a3c9bf55900a5 - - default default] 199.204.45.162,10.0.0.218 "GET /v2.0/security-groups/5c716993-b812-43ff-92ee-16c2c414f684 HTTP/1.1" status: 200 len: 4870 time: 0.0399854
2026-06-28 20:36:24.667 9 WARNING neutron.scheduler.dhcp_agent_scheduler [None req-70e2dc0e-0d23-4930-9aec-cb431e133ecc d2eef338a29041b2b00b37c432379f8d 74c328985d2d4a5b976a3c9bf55900a5 - - default default] No more DHCP agents
2026-06-28 20:36:24.670 9 WARNING neutron.api.rpc.agentnotifiers.dhcp_rpc_agent_api [None req-70e2dc0e-0d23-4930-9aec-cb431e133ecc d2eef338a29041b2b00b37c432379f8d 74c328985d2d4a5b976a3c9bf55900a5 - - default default] Unable to schedule network 99ee376c-f9b9-43be-8ca2-2ae807e30b0e: no agents available; will retry on subsequent port and subnet creation events.
2026-06-28 20:36:24.785 9 INFO neutron.db.ovn_revision_numbers_db [None req-70e2dc0e-0d23-4930-9aec-cb431e133ecc d2eef338a29041b2b00b37c432379f8d 74c328985d2d4a5b976a3c9bf55900a5 - - default default] Successfully bumped revision number for resource 20b47009-5f6f-41f2-a0bb-1e4081b31d1d (type: ports) to 1
2026-06-28 20:36:24.808 9 INFO neutron.wsgi [None req-70e2dc0e-0d23-4930-9aec-cb431e133ecc d2eef338a29041b2b00b37c432379f8d 74c328985d2d4a5b976a3c9bf55900a5 - - default default] 199.204.45.162,10.0.0.218 "POST /v2.0/ports HTTP/1.1" status: 201 len: 1281 time: 0.4489105
2026-06-28 20:36:27.648 15 INFO neutron.db.ovn_revision_numbers_db [None req-b1e499c0-e8a4-4bbf-93ee-2b1b18cf0b57 - - - - - -] Successfully bumped revision number for resource 627ae799-41e7-4b99-a266-e6819f3efeea (type: networks) to 2
2026-06-28 20:36:27.648 15 INFO neutron.plugins.ml2.drivers.ovn.mech_driver.ovsdb.maintenance [None req-b1e499c0-e8a4-4bbf-93ee-2b1b18cf0b57 - - - - - -] Maintenance task: Synchronization completed (took 0.15 seconds)
2026-06-28 20:36:30.047 10 INFO neutron.pecan_wsgi.hooks.translation [None req-c837d16d-fa9a-478b-a6ea-fece8921308a d2eef338a29041b2b00b37c432379f8d 74c328985d2d4a5b976a3c9bf55900a5 - - default default] GET failed (client error): The resource could not be found.
2026-06-28 20:36:30.048 10 INFO neutron.wsgi [None req-c837d16d-fa9a-478b-a6ea-fece8921308a d2eef338a29041b2b00b37c432379f8d 74c328985d2d4a5b976a3c9bf55900a5 - - default default] 199.204.45.162,10.0.0.218 "GET /v2.0/ports/octavia-health-manager-port-instance HTTP/1.1" status: 404 len: 314 time: 0.0497441
2026-06-28 20:36:30.098 10 INFO neutron.wsgi [None req-1bf08a9e-e96a-4d6e-8e10-f379582674db d2eef338a29041b2b00b37c432379f8d 74c328985d2d4a5b976a3c9bf55900a5 - - default default] 199.204.45.162,10.0.0.218 "GET /v2.0/ports?name=octavia-health-manager-port-instance HTTP/1.1" status: 200 len: 1279 time: 0.0456603
2026-06-28 20:36:30.495 10 INFO neutron.db.ovn_revision_numbers_db [None req-b64ae0e1-58b4-499f-bcab-60567d8fc5c2 d2eef338a29041b2b00b37c432379f8d 74c328985d2d4a5b976a3c9bf55900a5 - - default default] Successfully bumped revision number for resource 20b47009-5f6f-41f2-a0bb-1e4081b31d1d (type: ports) to 1
2026-06-28 20:36:30.729 10 INFO neutron.db.ovn_revision_numbers_db [None req-b64ae0e1-58b4-499f-bcab-60567d8fc5c2 d2eef338a29041b2b00b37c432379f8d 74c328985d2d4a5b976a3c9bf55900a5 - - default default] Successfully bumped revision number for resource 20b47009-5f6f-41f2-a0bb-1e4081b31d1d (type: ports) to 2
2026-06-28 20:36:30.747 10 INFO neutron.wsgi [None req-b64ae0e1-58b4-499f-bcab-60567d8fc5c2 d2eef338a29041b2b00b37c432379f8d 74c328985d2d4a5b976a3c9bf55900a5 - - default default] 199.204.45.162,10.0.0.218 "PUT /v2.0/ports/20b47009-5f6f-41f2-a0bb-1e4081b31d1d HTTP/1.1" status: 200 len: 1366 time: 0.6399055 /var/lib/openstack/lib/python3.10/site-packages/pycadf/identifier.py:71: UserWarning: Invalid uuid: unknown. To ensure interoperability, identifiers should be a valid uuid. warnings.warn(('Invalid uuid: %s. To ensure interoperability, '
2026-06-28 20:36:32.273 10 INFO neutron.wsgi [None req-5ab19b7c-1922-4076-8e8d-3ba808af8d96 d2eef338a29041b2b00b37c432379f8d 74c328985d2d4a5b976a3c9bf55900a5 - - default default] 199.204.45.162,10.0.0.218 "GET /v2.0/ports HTTP/1.1" status: 200 len: 3511 time: 0.0961235 /var/lib/openstack/lib/python3.10/site-packages/pycadf/identifier.py:71: UserWarning: Invalid uuid: unknown. To ensure interoperability, identifiers should be a valid uuid. warnings.warn(('Invalid uuid: %s. To ensure interoperability, '
2026-06-28 20:36:33.300 9 INFO neutron.api.v2.resource [None req-56bc6436-d5d9-41f5-a799-9bc259b4c853 d2eef338a29041b2b00b37c432379f8d 74c328985d2d4a5b976a3c9bf55900a5 - - default default] show failed (client error): The resource could not be found.
2026-06-28 20:36:33.301 9 INFO neutron.wsgi [None req-56bc6436-d5d9-41f5-a799-9bc259b4c853 d2eef338a29041b2b00b37c432379f8d 74c328985d2d4a5b976a3c9bf55900a5 - - default default] 199.204.45.162,10.0.0.218 "GET /v2.0/security-groups/lb-mgmt-sec-grp HTTP/1.1" status: 404 len: 307 time: 0.0531654
2026-06-28 20:36:33.338 9 INFO neutron.wsgi [None req-887695c8-d24c-4240-8d61-0478d76974d9 d2eef338a29041b2b00b37c432379f8d 74c328985d2d4a5b976a3c9bf55900a5 - - default default] 199.204.45.162,10.0.0.218 "GET /v2.0/security-groups?name=lb-mgmt-sec-grp HTTP/1.1" status: 200 len: 197 time: 0.0332012
2026-06-28 20:36:33.489 9 INFO neutron.db.ovn_revision_numbers_db [None req-0178f0ff-dcf4-4330-bd97-be29dc7b1845 d2eef338a29041b2b00b37c432379f8d 74c328985d2d4a5b976a3c9bf55900a5 - - default default] Successfully bumped revision number for resource 1ce0d826-fc96-4722-9090-af40b8630919 (type: security_groups) to 1
2026-06-28 20:36:33.508 9 INFO neutron.db.ovn_revision_numbers_db [None req-0178f0ff-dcf4-4330-bd97-be29dc7b1845 d2eef338a29041b2b00b37c432379f8d 74c328985d2d4a5b976a3c9bf55900a5 - - default default] Successfully bumped revision number for resource 0514fdba-b22c-42f7-ad5d-2d7418b396d4 (type: security_group_rules) to 0
2026-06-28 20:36:33.523 9 INFO neutron.db.ovn_revision_numbers_db [None req-0178f0ff-dcf4-4330-bd97-be29dc7b1845 d2eef338a29041b2b00b37c432379f8d 74c328985d2d4a5b976a3c9bf55900a5 - - default default] Successfully bumped revision number for resource 97c3195f-dc92-4318-8a38-be8b25009ab6 (type: security_group_rules) to 0
2026-06-28 20:36:33.539 9 INFO neutron.wsgi [None req-0178f0ff-dcf4-4330-bd97-be29dc7b1845 d2eef338a29041b2b00b37c432379f8d 74c328985d2d4a5b976a3c9bf55900a5 - - default default] 199.204.45.162,10.0.0.218 "POST /v2.0/security-groups HTTP/1.1" status: 201 len: 1791 time: 0.1966820
2026-06-28 20:36:34.458 10 INFO neutron.wsgi [None req-ef9292a8-1cfd-45a3-8062-c8338e861e85 d2eef338a29041b2b00b37c432379f8d 74c328985d2d4a5b976a3c9bf55900a5 - - default default] 199.204.45.162,10.0.0.218 "GET /v2.0/security-groups/1ce0d826-fc96-4722-9090-af40b8630919 HTTP/1.1" status: 200 len: 1786 time: 0.0695884
2026-06-28 20:36:34.490 10 INFO neutron.wsgi [None req-52b132fe-ea44-445d-b5f7-d2b695e5bc39 d2eef338a29041b2b00b37c432379f8d 74c328985d2d4a5b976a3c9bf55900a5 - - default default] 199.204.45.162,10.0.0.218 "GET /v2.0/security-groups/1ce0d826-fc96-4722-9090-af40b8630919 HTTP/1.1" status: 200 len: 1786 time: 0.0245805
2026-06-28 20:36:34.518 10 INFO neutron.wsgi [None req-ef197254-28da-472f-8289-0320603667f0 d2eef338a29041b2b00b37c432379f8d 74c328985d2d4a5b976a3c9bf55900a5 - - default default] 199.204.45.162,10.0.0.218 "GET /v2.0/security-groups/1ce0d826-fc96-4722-9090-af40b8630919 HTTP/1.1" status: 200 len: 1786 time: 0.0231893
2026-06-28 20:36:34.648 10 INFO neutron.db.ovn_revision_numbers_db [None req-c7b73ba4-ee9b-4019-8143-5346230ac1bd d2eef338a29041b2b00b37c432379f8d 74c328985d2d4a5b976a3c9bf55900a5 - - default default] Successfully bumped revision number for resource 2bc5f685-fd8a-4e81-99b2-b414abc6c7ac (type: security_group_rules) to 0
2026-06-28 20:36:34.670 10 INFO neutron.wsgi [None req-c7b73ba4-ee9b-4019-8143-5346230ac1bd d2eef338a29041b2b00b37c432379f8d 74c328985d2d4a5b976a3c9bf55900a5 - - default default] 199.204.45.162,10.0.0.218 "POST /v2.0/security-group-rules HTTP/1.1" status: 201 len: 803 time: 0.1451521
2026-06-28 20:36:35.533 10 INFO neutron.wsgi [None req-787dfc86-b689-4e7a-9599-bc039336ffc3 d2eef338a29041b2b00b37c432379f8d 74c328985d2d4a5b976a3c9bf55900a5 - - default default] 199.204.45.162,10.0.0.218 "GET /v2.0/security-groups/1ce0d826-fc96-4722-9090-af40b8630919 HTTP/1.1" status: 200 len: 2422 time: 0.0562572
2026-06-28 20:36:35.570 10 INFO neutron.wsgi [None req-4b48a2e6-9403-46bf-bc40-65e03be3f83d d2eef338a29041b2b00b37c432379f8d 74c328985d2d4a5b976a3c9bf55900a5 - - default default] 199.204.45.162,10.0.0.218 "GET /v2.0/security-groups/1ce0d826-fc96-4722-9090-af40b8630919 HTTP/1.1" status: 200 len: 2422 time: 0.0285859
2026-06-28 20:36:35.606 10 INFO neutron.wsgi [None req-499d402e-0fc4-43aa-8f1f-c1d6c9d54a50 d2eef338a29041b2b00b37c432379f8d 74c328985d2d4a5b976a3c9bf55900a5 - - default default] 199.204.45.162,10.0.0.218 "GET /v2.0/security-groups/1ce0d826-fc96-4722-9090-af40b8630919 HTTP/1.1" status: 200 len: 2422 time: 0.0279117
2026-06-28 20:36:35.742 10 INFO neutron.db.ovn_revision_numbers_db [None req-debd974d-48f4-45b4-8206-8a0596da7a6f d2eef338a29041b2b00b37c432379f8d 74c328985d2d4a5b976a3c9bf55900a5 - - default default] Successfully bumped revision number for resource a82cc425-412f-4575-b3da-a54544e3a658 (type: security_group_rules) to 0
2026-06-28 20:36:35.765 10 INFO neutron.wsgi [None req-debd974d-48f4-45b4-8206-8a0596da7a6f d2eef338a29041b2b00b37c432379f8d 74c328985d2d4a5b976a3c9bf55900a5 - - default default] 199.204.45.162,10.0.0.218 "POST /v2.0/security-group-rules HTTP/1.1" status: 201 len: 807 time: 0.1504986
2026-06-28 20:36:36.854 9 INFO neutron.wsgi [-] 10.0.0.218 "GET / HTTP/1.1" status: 200 len: 246 time: 0.0016880
2026-06-28 20:36:36.856 10 INFO neutron.wsgi [-] 10.0.0.218 "GET / HTTP/1.1" status: 200 len: 246 time: 0.0025268
2026-06-28 20:36:51.854 10 INFO neutron.wsgi [-] 10.0.0.218 "GET / HTTP/1.1" status: 200 len: 246 time: 0.0017297
2026-06-28 20:36:51.855 9 INFO neutron.wsgi [-] 10.0.0.218 "GET / HTTP/1.1" status: 200 len: 246 time: 0.0024171
2026-06-28 20:37:06.855 10 INFO neutron.wsgi [-] 10.0.0.218 "GET / HTTP/1.1" status: 200 len: 246 time: 0.0028653
2026-06-28 20:37:06.861 9 INFO neutron.wsgi [-] 10.0.0.218 "GET / HTTP/1.1" status: 200 len: 246 time: 0.0080948
2026-06-28 20:37:21.854 9 INFO neutron.wsgi [-] 10.0.0.218 "GET / HTTP/1.1" status: 200 len: 246 time: 0.0017323
2026-06-28 20:37:21.855 10 INFO neutron.wsgi [-] 10.0.0.218 "GET / HTTP/1.1" status: 200 len: 246 time: 0.0028515
2026-06-28 20:37:36.855 10 INFO neutron.wsgi [-] 10.0.0.218 "GET / HTTP/1.1" status: 200 len: 246 time: 0.0024767
2026-06-28 20:37:36.855 9 INFO neutron.wsgi [-] 10.0.0.218 "GET / HTTP/1.1" status: 200 len: 246 time: 0.0024948
2026-06-28 20:37:37.102 10 INFO neutron.wsgi [None req-2637fe2d-75d5-4013-9626-aee679b544c3 d2eef338a29041b2b00b37c432379f8d 74c328985d2d4a5b976a3c9bf55900a5 - - default default] 199.204.45.162,10.0.0.218 "GET /v2.0/quotas/74c328985d2d4a5b976a3c9bf55900a5 HTTP/1.1" status: 200 len: 467 time: 0.0166054 /var/lib/openstack/lib/python3.10/site-packages/neutron/extensions/quotasv2.py:139: UserWarning: Neutron quota engine will require "--force" parameter to set a quota limit without checking the resource usage. warnings.warn('Neutron quota engine will require "--force" '
2026-06-28 20:37:37.621 10 INFO neutron.wsgi [None req-e2a08497-d920-4b10-9a37-107329907c55 d2eef338a29041b2b00b37c432379f8d 74c328985d2d4a5b976a3c9bf55900a5 - - default default] 199.204.45.162,10.0.0.218 "PUT /v2.0/quotas/74c328985d2d4a5b976a3c9bf55900a5 HTTP/1.1" status: 200 len: 466 time: 0.0694642
2026-06-28 20:37:51.856 10 INFO neutron.wsgi [-] 10.0.0.218 "GET / HTTP/1.1" status: 200 len: 246 time: 0.0026031
2026-06-28 20:37:51.856 9 INFO neutron.wsgi [-] 10.0.0.218 "GET / HTTP/1.1" status: 200 len: 246 time: 0.0024965
2026-06-28 20:38:06.855 9 INFO neutron.wsgi [-] 10.0.0.218 "GET / HTTP/1.1" status: 200 len: 246 time: 0.0021379
2026-06-28 20:38:06.855 10 INFO neutron.wsgi [-] 10.0.0.218 "GET / HTTP/1.1" status: 200 len: 246 time: 0.0024481
2026-06-28 20:38:21.855 10 INFO neutron.wsgi [-] 10.0.0.218 "GET / HTTP/1.1" status: 200 len: 246 time: 0.0027974
2026-06-28 20:38:21.855 9 INFO neutron.wsgi [-] 10.0.0.218 "GET / HTTP/1.1" status: 200 len: 246 time: 0.0024953
2026-06-28 20:38:36.855 10 INFO neutron.wsgi [-] 10.0.0.218 "GET / HTTP/1.1" status: 200 len: 246 time: 0.0023894
2026-06-28 20:38:36.855 9 INFO neutron.wsgi [-] 10.0.0.218 "GET / HTTP/1.1" status: 200 len: 246 time: 0.0023279
2026-06-28 20:38:51.854 10 INFO neutron.wsgi [-] 10.0.0.218 "GET / HTTP/1.1" status: 200 len: 246 time: 0.0017676
2026-06-28 20:38:51.856 9 INFO neutron.wsgi [-] 10.0.0.218 "GET / HTTP/1.1" status: 200 len: 246 time: 0.0034366
2026-06-28 20:39:06.853 9 INFO neutron.wsgi [-] 10.0.0.218 "GET / HTTP/1.1" status: 200 len: 246 time: 0.0012658
2026-06-28 20:39:06.856 10 INFO neutron.wsgi [-] 10.0.0.218 "GET / HTTP/1.1" status: 200 len: 246 time: 0.0031009
2026-06-28 20:39:21.855 9 INFO neutron.wsgi [-] 10.0.0.218 "GET / HTTP/1.1" status: 200 len: 246 time: 0.0023756
2026-06-28 20:39:21.856 10 INFO neutron.wsgi [-] 10.0.0.218 "GET / HTTP/1.1" status: 200 len: 246 time: 0.0029707
2026-06-28 20:39:36.855 9 INFO neutron.wsgi [-] 10.0.0.218 "GET / HTTP/1.1" status: 200 len: 246 time: 0.0021329
2026-06-28 20:39:36.857 10 INFO neutron.wsgi [-] 10.0.0.218 "GET / HTTP/1.1" status: 200 len: 246 time: 0.0036120
2026-06-28 20:39:51.856 9 INFO neutron.wsgi [-] 10.0.0.218 "GET / HTTP/1.1" status: 200 len: 246 time: 0.0024078
2026-06-28 20:39:51.857 10 INFO neutron.wsgi [-] 10.0.0.218 "GET / HTTP/1.1" status: 200 len: 246 time: 0.0037847 /var/lib/openstack/lib/python3.10/site-packages/pycadf/identifier.py:71: UserWarning: Invalid uuid: neutron. To ensure interoperability, identifiers should be a valid uuid. warnings.warn(('Invalid uuid: %s. To ensure interoperability, '
2026-06-28 20:39:56.897 9 INFO neutron.pecan_wsgi.hooks.translation [None req-34ca5ed5-1bea-4ee4-8c75-aaf0a01858ff d2eef338a29041b2b00b37c432379f8d 74c328985d2d4a5b976a3c9bf55900a5 - - default default] GET failed (client error): The resource could not be found.
2026-06-28 20:39:56.902 9 INFO neutron.wsgi [None req-34ca5ed5-1bea-4ee4-8c75-aaf0a01858ff d2eef338a29041b2b00b37c432379f8d 74c328985d2d4a5b976a3c9bf55900a5 - - default default] 199.204.45.162 "GET /v2.0/ports/octavia-health-manager-port-instance HTTP/1.1" status: 404 len: 338 time: 0.2596614
2026-06-28 20:39:56.960 9 INFO neutron.wsgi [None req-d74e4764-2568-4738-9661-9ae556e9e47d d2eef338a29041b2b00b37c432379f8d 74c328985d2d4a5b976a3c9bf55900a5 - - default default] 199.204.45.162 "GET /v2.0/ports?name=octavia-health-manager-port-instance HTTP/1.1" status: 200 len: 1421 time: 0.0537376
2026-06-28 20:39:58.592 9 INFO neutron.pecan_wsgi.hooks.translation [None req-7e7f15a4-1d4f-44e2-91c5-868002e2ce8d d2eef338a29041b2b00b37c432379f8d 74c328985d2d4a5b976a3c9bf55900a5 - - default default] GET failed (client error): The resource could not be found.
2026-06-28 20:39:58.593 9 INFO neutron.wsgi [None req-7e7f15a4-1d4f-44e2-91c5-868002e2ce8d d2eef338a29041b2b00b37c432379f8d 74c328985d2d4a5b976a3c9bf55900a5 - - default default] 199.204.45.162 "GET /v2.0/ports/octavia-health-manager-port-instance HTTP/1.1" status: 404 len: 338 time: 0.0522745
2026-06-28 20:39:58.633 9 INFO neutron.wsgi [None req-8cc88885-dd4a-4473-a81e-da82da0a4467 d2eef338a29041b2b00b37c432379f8d 74c328985d2d4a5b976a3c9bf55900a5 - - default default] 199.204.45.162 "GET /v2.0/ports?name=octavia-health-manager-port-instance HTTP/1.1" status: 200 len: 1421 time: 0.0355766
2026-06-28 20:39:59.563 10 INFO neutron.plugins.ml2.drivers.ovn.mech_driver.mech_driver [-] OVN reports status up for port: 20b47009-5f6f-41f2-a0bb-1e4081b31d1d
2026-06-28 20:39:59.585 10 INFO neutron.plugins.ml2.plugin [None req-1d65ad99-8fc9-481d-bb79-66381bb4d9e1 - - - - - -] Attempt 1 to provision port 20b47009-5f6f-41f2-a0bb-1e4081b31d1d
2026-06-28 20:39:59.911 10 INFO neutron.db.ovn_revision_numbers_db [None req-1d65ad99-8fc9-481d-bb79-66381bb4d9e1 - - - - - -] Successfully bumped revision number for resource 20b47009-5f6f-41f2-a0bb-1e4081b31d1d (type: ports) to 4
2026-06-28 20:40:06.854 10 INFO neutron.wsgi [-] 10.0.0.218 "GET / HTTP/1.1" status: 200 len: 246 time: 0.0017269
2026-06-28 20:40:06.855 9 INFO neutron.wsgi [-] 10.0.0.218 "GET / HTTP/1.1" status: 200 len: 246 time: 0.0026410
2026-06-28 20:40:21.855 9 INFO neutron.wsgi [-] 10.0.0.218 "GET / HTTP/1.1" status: 200 len: 246 time: 0.0022826
2026-06-28 20:40:21.855 10 INFO neutron.wsgi [-] 10.0.0.218 "GET / HTTP/1.1" status: 200 len: 246 time: 0.0022669
2026-06-28 20:40:36.858 9 INFO neutron.wsgi [-] 10.0.0.218 "GET / HTTP/1.1" status: 200 len: 246 time: 0.0045962
2026-06-28 20:40:36.859 10 INFO neutron.wsgi [-] 10.0.0.218 "GET / HTTP/1.1" status: 200 len: 246 time: 0.0054319
2026-06-28 20:40:51.854 9 INFO neutron.wsgi [-] 10.0.0.218 "GET / HTTP/1.1" status: 200 len: 246 time: 0.0017807
2026-06-28 20:40:51.855 10 INFO neutron.wsgi [-] 10.0.0.218 "GET / HTTP/1.1" status: 200 len: 246 time: 0.0022395
2026-06-28 20:41:06.855 10 INFO neutron.wsgi [-] 10.0.0.218 "GET / HTTP/1.1" status: 200 len: 246 time: 0.0026097
2026-06-28 20:41:06.858 10 INFO neutron.wsgi [-] 10.0.0.218 "GET / HTTP/1.1" status: 200 len: 246 time: 0.0019956
2026-06-28 20:41:21.855 9 INFO neutron.wsgi [-] 10.0.0.218 "GET / HTTP/1.1" status: 200 len: 246 time: 0.0023477
2026-06-28 20:41:21.855 10 INFO neutron.wsgi [-] 10.0.0.218 "GET / HTTP/1.1" status: 200 len: 246 time: 0.0027649
2026-06-28 20:41:27.626 15 INFO neutron.db.ovn_revision_numbers_db [None req-b1e499c0-e8a4-4bbf-93ee-2b1b18cf0b57 - - - - - -] Successfully bumped revision number for resource 99ee376c-f9b9-43be-8ca2-2ae807e30b0e (type: networks) to 2
2026-06-28 20:41:27.691 15 INFO neutron.db.ovn_revision_numbers_db [None req-b1e499c0-e8a4-4bbf-93ee-2b1b18cf0b57 - - - - - -] Successfully bumped revision number for resource 5c716993-b812-43ff-92ee-16c2c414f684 (type: security_groups) to 6
2026-06-28 20:41:27.731 15 INFO neutron.db.ovn_revision_numbers_db [None req-b1e499c0-e8a4-4bbf-93ee-2b1b18cf0b57 - - - - - -] Successfully bumped revision number for resource 1ce0d826-fc96-4722-9090-af40b8630919 (type: security_groups) to 3
2026-06-28 20:41:27.731 15 INFO neutron.plugins.ml2.drivers.ovn.mech_driver.ovsdb.maintenance [None req-b1e499c0-e8a4-4bbf-93ee-2b1b18cf0b57 - - - - - -] Maintenance task: Synchronization completed (took 0.21 seconds)
2026-06-28 20:41:36.856 9 INFO neutron.wsgi [-] 10.0.0.218 "GET / HTTP/1.1" status: 200 len: 246 time: 0.0026000
2026-06-28 20:41:36.858 9 INFO neutron.wsgi [-] 10.0.0.218 "GET / HTTP/1.1" status: 200 len: 246 time: 0.0013177
2026-06-28 20:41:51.855 9 INFO neutron.wsgi [-] 10.0.0.218 "GET / HTTP/1.1" status: 200 len: 246 time: 0.0023897
2026-06-28 20:41:51.855 10 INFO neutron.wsgi [-] 10.0.0.218 "GET / HTTP/1.1" status: 200 len: 246 time: 0.0023842
2026-06-28 20:42:06.854 9 INFO neutron.wsgi [-] 10.0.0.218 "GET / HTTP/1.1" status: 200 len: 246 time: 0.0015924
2026-06-28 20:42:06.857 10 INFO neutron.wsgi [-] 10.0.0.218 "GET / HTTP/1.1" status: 200 len: 246 time: 0.0044353
2026-06-28 20:42:21.854 10 INFO neutron.wsgi [-] 10.0.0.218 "GET / HTTP/1.1" status: 200 len: 246 time: 0.0017190
2026-06-28 20:42:21.857 10 INFO neutron.wsgi [-] 10.0.0.218 "GET / HTTP/1.1" status: 200 len: 246 time: 0.0019751
2026-06-28 20:42:36.856 10 INFO neutron.wsgi [-] 10.0.0.218 "GET / HTTP/1.1" status: 200 len: 246 time: 0.0042944
2026-06-28 20:42:36.857 9 INFO neutron.wsgi [-] 10.0.0.218 "GET / HTTP/1.1" status: 200 len: 246 time: 0.0043397
2026-06-28 20:42:51.855 10 INFO neutron.wsgi [-] 10.0.0.218 "GET / HTTP/1.1" status: 200 len: 246 time: 0.0024099
2026-06-28 20:42:51.855 9 INFO neutron.wsgi [-] 10.0.0.218 "GET / HTTP/1.1" status: 200 len: 246 time: 0.0024042
2026-06-28 20:43:06.857 10 INFO neutron.wsgi [-] 10.0.0.218 "GET / HTTP/1.1" status: 200 len: 246 time: 0.0043817
2026-06-28 20:43:06.860 10 INFO neutron.wsgi [-] 10.0.0.218 "GET / HTTP/1.1" status: 200 len: 246 time: 0.0018036
2026-06-28 20:43:21.856 10 INFO neutron.wsgi [-] 10.0.0.218 "GET / HTTP/1.1" status: 200 len: 246 time: 0.0027454
2026-06-28 20:43:21.856 9 INFO neutron.wsgi [-] 10.0.0.218 "GET / HTTP/1.1" status: 200 len: 246 time: 0.0031159
2026-06-28 20:43:36.855 10 INFO neutron.wsgi [-] 10.0.0.218 "GET / HTTP/1.1" status: 200 len: 246 time: 0.0019810
2026-06-28 20:43:36.858 9 INFO neutron.wsgi [-] 10.0.0.218 "GET / HTTP/1.1" status: 200 len: 246 time: 0.0042076
2026-06-28 20:43:51.855 9 INFO neutron.wsgi [-] 10.0.0.218 "GET / HTTP/1.1" status: 200 len: 246 time: 0.0025225
2026-06-28 20:43:51.858 10 INFO neutron.wsgi [-] 10.0.0.218 "GET / HTTP/1.1" status: 200 len: 246 time: 0.0055928
2026-06-28 20:44:06.855 10 INFO neutron.wsgi [-] 10.0.0.218 "GET / HTTP/1.1" status: 200 len: 246 time: 0.0024617
2026-06-28 20:44:06.858 9 INFO neutron.wsgi [-] 10.0.0.218 "GET / HTTP/1.1" status: 200 len: 246 time: 0.0054548
2026-06-28 20:44:21.855 9 INFO neutron.wsgi [-] 10.0.0.218 "GET / HTTP/1.1" status: 200 len: 246 time: 0.0020318
2026-06-28 20:44:21.855 10 INFO neutron.wsgi [-] 10.0.0.218 "GET / HTTP/1.1" status: 200 len: 246 time: 0.0025823
2026-06-28 20:44:36.856 9 INFO neutron.wsgi [-] 10.0.0.218 "GET / HTTP/1.1" status: 200 len: 246 time: 0.0026448
2026-06-28 20:44:36.857 10 INFO neutron.wsgi [-] 10.0.0.218 "GET / HTTP/1.1" status: 200 len: 246 time: 0.0042968
2026-06-28 20:44:51.855 10 INFO neutron.wsgi [-] 10.0.0.218 "GET / HTTP/1.1" status: 200 len: 246 time: 0.0020287
2026-06-28 20:44:51.858 9 INFO neutron.wsgi [-] 10.0.0.218 "GET / HTTP/1.1" status: 200 len: 246 time: 0.0044229
2026-06-28 20:45:06.855 10 INFO neutron.wsgi [-] 10.0.0.218 "GET / HTTP/1.1" status: 200 len: 246 time: 0.0026495
