2026-06-28 21:08:29.405 9 INFO neutron.db.ovn_revision_numbers_db [None req-1675de90-3adb-4a7a-8455-bd8406beb147 34ee6be9c10a4afda40a812b22554e21 b9e6b944daa94b00808699f9f2497a9a - - default default] Successfully bumped revision number for resource 3c406f3f-987b-4234-b252-15ed3999158f (type: security_group_rules) to 0
2026-06-28 21:08:29.411 9 INFO neutron.db.ovn_revision_numbers_db [None req-e4d27c34-8c66-4374-9bbe-b440172d482b d2eef338a29041b2b00b37c432379f8d 74c328985d2d4a5b976a3c9bf55900a5 - - default default] Successfully bumped revision number for resource a3718fd8-99b0-4245-b500-442b0f27a477 (type: security_group_rules) to 0
2026-06-28 21:08:29.424 9 INFO neutron.db.ovn_revision_numbers_db [None req-1675de90-3adb-4a7a-8455-bd8406beb147 34ee6be9c10a4afda40a812b22554e21 b9e6b944daa94b00808699f9f2497a9a - - default default] Successfully bumped revision number for resource a8d3fc0b-34a3-4d6d-a800-b250334f6e73 (type: security_group_rules) to 0
2026-06-28 21:08:29.428 9 INFO neutron.db.ovn_revision_numbers_db [None req-e4d27c34-8c66-4374-9bbe-b440172d482b d2eef338a29041b2b00b37c432379f8d 74c328985d2d4a5b976a3c9bf55900a5 - - default default] Successfully bumped revision number for resource cc7f0e42-b43b-45d0-b494-4a9e2454ef0a (type: security_group_rules) to 0
2026-06-28 21:08:29.444 9 INFO neutron.db.ovn_revision_numbers_db [None req-1675de90-3adb-4a7a-8455-bd8406beb147 34ee6be9c10a4afda40a812b22554e21 b9e6b944daa94b00808699f9f2497a9a - - default default] Successfully bumped revision number for resource b24a8ed3-8a7f-4aa5-988a-e7b9592df5c3 (type: security_group_rules) to 0
2026-06-28 21:08:29.457 9 INFO neutron.wsgi [None req-e4d27c34-8c66-4374-9bbe-b440172d482b d2eef338a29041b2b00b37c432379f8d 74c328985d2d4a5b976a3c9bf55900a5 - - default default] 10.0.0.15 "GET /v2.0/security-groups?tenant_id=b10394e2ccb341bbb25038c39e2b2a4a&name=default HTTP/1.1" status: 200 len: 3120 time: 0.6113007
2026-06-28 21:08:29.501 9 INFO neutron.db.segments_db [None req-1675de90-3adb-4a7a-8455-bd8406beb147 34ee6be9c10a4afda40a812b22554e21 b9e6b944daa94b00808699f9f2497a9a - - default default] Added segment bb9546c2-c81a-493c-b655-541baea7a271 of type geneve for network 05bbff05-034d-4213-b34a-ccbd96063400
2026-06-28 21:08:29.660 9 INFO neutron.db.ovn_revision_numbers_db [None req-1675de90-3adb-4a7a-8455-bd8406beb147 34ee6be9c10a4afda40a812b22554e21 b9e6b944daa94b00808699f9f2497a9a - - default default] Successfully bumped revision number for resource 05bbff05-034d-4213-b34a-ccbd96063400 (type: networks) to 1
2026-06-28 21:08:29.710 10 INFO neutron.wsgi [None req-e897ae00-71d8-4145-b5dd-dfb8b9947834 d2eef338a29041b2b00b37c432379f8d 74c328985d2d4a5b976a3c9bf55900a5 - - default default] 10.0.0.15 "DELETE /v2.0/security-groups/bd2acbd5-d68b-4561-bb1b-9b5601366d9a HTTP/1.1" status: 204 len: 168 time: 0.2473969
2026-06-28 21:08:29.852 9 WARNING neutron.scheduler.dhcp_agent_scheduler [None req-1675de90-3adb-4a7a-8455-bd8406beb147 34ee6be9c10a4afda40a812b22554e21 b9e6b944daa94b00808699f9f2497a9a - - default default] No more DHCP agents
2026-06-28 21:08:29.854 9 WARNING neutron.api.rpc.agentnotifiers.dhcp_rpc_agent_api [None req-1675de90-3adb-4a7a-8455-bd8406beb147 34ee6be9c10a4afda40a812b22554e21 b9e6b944daa94b00808699f9f2497a9a - - default default] Unable to schedule network 05bbff05-034d-4213-b34a-ccbd96063400: no agents available; will retry on subsequent port and subnet creation events.
2026-06-28 21:08:29.936 9 INFO neutron.db.ovn_revision_numbers_db [None req-1675de90-3adb-4a7a-8455-bd8406beb147 34ee6be9c10a4afda40a812b22554e21 b9e6b944daa94b00808699f9f2497a9a - - default default] Successfully bumped revision number for resource ae711178-5cd5-4d26-8b97-93d7cd4da72e (type: ports) to 1
2026-06-28 21:08:29.957 9 INFO neutron.wsgi [None req-1675de90-3adb-4a7a-8455-bd8406beb147 34ee6be9c10a4afda40a812b22554e21 b9e6b944daa94b00808699f9f2497a9a - - default default] 10.0.0.15 "POST /v2.0/networks HTTP/1.1" status: 201 len: 832 time: 1.0518284
2026-06-28 21:08:29.967 9 WARNING neutron_lib.context [None req-ce98ba68-b444-4f34-aafa-041c272998a9 34ee6be9c10a4afda40a812b22554e21 b9e6b944daa94b00808699f9f2497a9a - - default default] Method 'is_advsvc' is deprecated since 2023.2 release (neutron-lib 3.8.0) and will be removed once support for the old RBAC API policies will be removed from Neutron. Please use method 'is_service_role' instead.
2026-06-28 21:08:29.989 10 INFO neutron.db.ovn_revision_numbers_db [None req-42444f75-a129-48a1-b6c2-397d0328f60f d2eef338a29041b2b00b37c432379f8d 74c328985d2d4a5b976a3c9bf55900a5 - - default default] Successfully bumped revision number for resource 7949af83-61d1-450b-b4d6-367d9ce5c3a0 (type: security_groups) to 1
2026-06-28 21:08:30.003 10 INFO neutron.db.ovn_revision_numbers_db [None req-42444f75-a129-48a1-b6c2-397d0328f60f d2eef338a29041b2b00b37c432379f8d 74c328985d2d4a5b976a3c9bf55900a5 - - default default] Successfully bumped revision number for resource 149f1cf8-75e8-4b97-861b-d4245cb8bd37 (type: security_group_rules) to 0
2026-06-28 21:08:30.017 10 INFO neutron.db.ovn_revision_numbers_db [None req-42444f75-a129-48a1-b6c2-397d0328f60f d2eef338a29041b2b00b37c432379f8d 74c328985d2d4a5b976a3c9bf55900a5 - - default default] Successfully bumped revision number for resource 41b761e4-204c-4472-b46d-d4fb5dfd0018 (type: security_group_rules) to 0
2026-06-28 21:08:30.030 10 INFO neutron.db.ovn_revision_numbers_db [None req-42444f75-a129-48a1-b6c2-397d0328f60f d2eef338a29041b2b00b37c432379f8d 74c328985d2d4a5b976a3c9bf55900a5 - - default default] Successfully bumped revision number for resource 71c93f15-0b37-43e8-907b-76f6a8a2d36e (type: security_group_rules) to 0
2026-06-28 21:08:30.042 10 INFO neutron.db.ovn_revision_numbers_db [None req-42444f75-a129-48a1-b6c2-397d0328f60f d2eef338a29041b2b00b37c432379f8d 74c328985d2d4a5b976a3c9bf55900a5 - - default default] Successfully bumped revision number for resource b6f13ad4-d68a-4915-84c1-b65e402f43f0 (type: security_group_rules) to 0
2026-06-28 21:08:30.050 9 INFO neutron.db.segments_db [None req-ce98ba68-b444-4f34-aafa-041c272998a9 34ee6be9c10a4afda40a812b22554e21 b9e6b944daa94b00808699f9f2497a9a - - default default] Added segment 229dd3be-58df-4c03-a202-52667869d120 of type geneve for network 4428b2f4-9715-42a8-b8ac-3fcd5e77de8f
2026-06-28 21:08:30.062 10 INFO neutron.wsgi [None req-42444f75-a129-48a1-b6c2-397d0328f60f d2eef338a29041b2b00b37c432379f8d 74c328985d2d4a5b976a3c9bf55900a5 - - default default] 10.0.0.15 "GET /v2.0/security-groups?tenant_id=0edc2091961847848325a050cfc23d85&name=default HTTP/1.1" status: 200 len: 3120 time: 0.2075043
2026-06-28 21:08:30.223 9 INFO neutron.db.ovn_revision_numbers_db [None req-ce98ba68-b444-4f34-aafa-041c272998a9 34ee6be9c10a4afda40a812b22554e21 b9e6b944daa94b00808699f9f2497a9a - - default default] Successfully bumped revision number for resource 4428b2f4-9715-42a8-b8ac-3fcd5e77de8f (type: networks) to 1
2026-06-28 21:08:30.407 9 INFO neutron.wsgi [None req-771b3d19-befb-4406-a198-ee4b639ff678 d2eef338a29041b2b00b37c432379f8d 74c328985d2d4a5b976a3c9bf55900a5 - - default default] 10.0.0.15 "DELETE /v2.0/security-groups/7949af83-61d1-450b-b4d6-367d9ce5c3a0 HTTP/1.1" status: 204 len: 168 time: 0.3378992
2026-06-28 21:08:30.434 9 WARNING neutron.scheduler.dhcp_agent_scheduler [None req-ce98ba68-b444-4f34-aafa-041c272998a9 34ee6be9c10a4afda40a812b22554e21 b9e6b944daa94b00808699f9f2497a9a - - default default] No more DHCP agents
2026-06-28 21:08:30.440 9 WARNING neutron.api.rpc.agentnotifiers.dhcp_rpc_agent_api [None req-ce98ba68-b444-4f34-aafa-041c272998a9 34ee6be9c10a4afda40a812b22554e21 b9e6b944daa94b00808699f9f2497a9a - - default default] Unable to schedule network 4428b2f4-9715-42a8-b8ac-3fcd5e77de8f: no agents available; will retry on subsequent port and subnet creation events.
2026-06-28 21:08:30.551 9 INFO neutron.db.ovn_revision_numbers_db [None req-ce98ba68-b444-4f34-aafa-041c272998a9 34ee6be9c10a4afda40a812b22554e21 b9e6b944daa94b00808699f9f2497a9a - - default default] Successfully bumped revision number for resource 9d79f18d-94c8-41e6-bca8-852893370cd5 (type: ports) to 1
2026-06-28 21:08:30.570 9 INFO neutron.wsgi [None req-ce98ba68-b444-4f34-aafa-041c272998a9 34ee6be9c10a4afda40a812b22554e21 b9e6b944daa94b00808699f9f2497a9a - - default default] 10.0.0.15 "POST /v2.0/networks HTTP/1.1" status: 201 len: 833 time: 0.6080370
2026-06-28 21:08:30.581 9 WARNING neutron_lib.context [None req-9d0c95ed-47a0-4915-9c33-3b9122a486b0 34ee6be9c10a4afda40a812b22554e21 b9e6b944daa94b00808699f9f2497a9a - - default default] Method 'is_advsvc' is deprecated since 2023.2 release (neutron-lib 3.8.0) and will be removed once support for the old RBAC API policies will be removed from Neutron. Please use method 'is_service_role' instead.
2026-06-28 21:08:30.818 9 WARNING neutron.scheduler.dhcp_agent_scheduler [None req-9d0c95ed-47a0-4915-9c33-3b9122a486b0 34ee6be9c10a4afda40a812b22554e21 b9e6b944daa94b00808699f9f2497a9a - - default default] No more DHCP agents
2026-06-28 21:08:30.820 9 WARNING neutron.api.rpc.agentnotifiers.dhcp_rpc_agent_api [None req-9d0c95ed-47a0-4915-9c33-3b9122a486b0 34ee6be9c10a4afda40a812b22554e21 b9e6b944daa94b00808699f9f2497a9a - - default default] Unable to schedule network 05bbff05-034d-4213-b34a-ccbd96063400: no agents available; will retry on subsequent port and subnet creation events.
2026-06-28 21:08:30.854 9 INFO neutron.db.ovn_revision_numbers_db [None req-9d0c95ed-47a0-4915-9c33-3b9122a486b0 34ee6be9c10a4afda40a812b22554e21 b9e6b944daa94b00808699f9f2497a9a - - default default] Successfully bumped revision number for resource f81f2712-ef36-42d4-9a1e-f3906ac51098 (type: subnets) to 0
2026-06-28 21:08:30.875 9 INFO neutron.wsgi [None req-9d0c95ed-47a0-4915-9c33-3b9122a486b0 34ee6be9c10a4afda40a812b22554e21 b9e6b944daa94b00808699f9f2497a9a - - default default] 10.0.0.15 "POST /v2.0/subnets HTTP/1.1" status: 201 len: 821 time: 0.2992227
2026-06-28 21:08:30.896 9 WARNING neutron_lib.context [None req-aa2909be-2563-49b4-a748-f8453575edd4 34ee6be9c10a4afda40a812b22554e21 b9e6b944daa94b00808699f9f2497a9a - - default default] Method 'is_advsvc' is deprecated since 2023.2 release (neutron-lib 3.8.0) and will be removed once support for the old RBAC API policies will be removed from Neutron. Please use method 'is_service_role' instead.
2026-06-28 21:08:31.168 9 WARNING neutron.scheduler.dhcp_agent_scheduler [None req-aa2909be-2563-49b4-a748-f8453575edd4 34ee6be9c10a4afda40a812b22554e21 b9e6b944daa94b00808699f9f2497a9a - - default default] No more DHCP agents
2026-06-28 21:08:31.169 9 WARNING neutron.api.rpc.agentnotifiers.dhcp_rpc_agent_api [None req-aa2909be-2563-49b4-a748-f8453575edd4 34ee6be9c10a4afda40a812b22554e21 b9e6b944daa94b00808699f9f2497a9a - - default default] Unable to schedule network 4428b2f4-9715-42a8-b8ac-3fcd5e77de8f: no agents available; will retry on subsequent port and subnet creation events.
2026-06-28 21:08:31.212 9 INFO neutron.db.ovn_revision_numbers_db [None req-aa2909be-2563-49b4-a748-f8453575edd4 34ee6be9c10a4afda40a812b22554e21 b9e6b944daa94b00808699f9f2497a9a - - default default] Successfully bumped revision number for resource 201b22ea-bfac-4004-84ab-49333f82104f (type: subnets) to 0
2026-06-28 21:08:31.233 9 INFO neutron.wsgi [None req-aa2909be-2563-49b4-a748-f8453575edd4 34ee6be9c10a4afda40a812b22554e21 b9e6b944daa94b00808699f9f2497a9a - - default default] 10.0.0.15 "POST /v2.0/subnets HTTP/1.1" status: 201 len: 830 time: 0.3452134
2026-06-28 21:08:31.245 9 WARNING neutron_lib.context [None req-a01954dd-b634-4ca5-b9e6-2ea1b51e7444 34ee6be9c10a4afda40a812b22554e21 b9e6b944daa94b00808699f9f2497a9a - - default default] Method 'is_advsvc' is deprecated since 2023.2 release (neutron-lib 3.8.0) and will be removed once support for the old RBAC API policies will be removed from Neutron. Please use method 'is_service_role' instead.
2026-06-28 21:08:31.384 9 WARNING keystonemiddleware.audit [None req-dae0b80a-43b7-4f87-a169-0a1eb44d4fc9 - - - - - -] Skipping service tempest-service-1195287391 as it have no endpoints.
2026-06-28 21:08:31.428 9 INFO neutron.db.ovn_revision_numbers_db [None req-a01954dd-b634-4ca5-b9e6-2ea1b51e7444 34ee6be9c10a4afda40a812b22554e21 b9e6b944daa94b00808699f9f2497a9a - - default default] Successfully bumped revision number for resource c550f08f-1076-491e-85d0-703d60719238 (type: routers) to 1
2026-06-28 21:08:31.447 9 INFO neutron.wsgi [None req-a01954dd-b634-4ca5-b9e6-2ea1b51e7444 34ee6be9c10a4afda40a812b22554e21 b9e6b944daa94b00808699f9f2497a9a - - default default] 10.0.0.15 "POST /v2.0/routers HTTP/1.1" status: 201 len: 805 time: 0.2075505
2026-06-28 21:08:31.656 9 INFO neutron.db.ovn_revision_numbers_db [None req-df6201b6-cb1d-4834-b73e-e6e19b756cdb d2eef338a29041b2b00b37c432379f8d 74c328985d2d4a5b976a3c9bf55900a5 - - default default] Successfully bumped revision number for resource 14d81bd2-52e5-436f-912d-ec19d5983be9 (type: security_groups) to 1
2026-06-28 21:08:31.683 9 INFO neutron.db.ovn_revision_numbers_db [None req-df6201b6-cb1d-4834-b73e-e6e19b756cdb d2eef338a29041b2b00b37c432379f8d 74c328985d2d4a5b976a3c9bf55900a5 - - default default] Successfully bumped revision number for resource 0177f4b3-67bd-4acb-af71-c83be906c595 (type: security_group_rules) to 0
2026-06-28 21:08:31.736 9 INFO neutron.db.ovn_revision_numbers_db [None req-df6201b6-cb1d-4834-b73e-e6e19b756cdb d2eef338a29041b2b00b37c432379f8d 74c328985d2d4a5b976a3c9bf55900a5 - - default default] Successfully bumped revision number for resource 07a936b7-ade4-4955-8794-324a8f489a9c (type: security_group_rules) to 0
2026-06-28 21:08:31.759 9 INFO neutron.db.ovn_revision_numbers_db [None req-df6201b6-cb1d-4834-b73e-e6e19b756cdb d2eef338a29041b2b00b37c432379f8d 74c328985d2d4a5b976a3c9bf55900a5 - - default default] Successfully bumped revision number for resource 14a09362-294e-4893-809f-b1677e71657c (type: security_group_rules) to 0
2026-06-28 21:08:31.789 9 INFO neutron.db.ovn_revision_numbers_db [None req-df6201b6-cb1d-4834-b73e-e6e19b756cdb d2eef338a29041b2b00b37c432379f8d 74c328985d2d4a5b976a3c9bf55900a5 - - default default] Successfully bumped revision number for resource 187b3066-e417-46fc-aaa8-c16f0e52bfc2 (type: security_group_rules) to 0
2026-06-28 21:08:31.819 9 INFO neutron.wsgi [None req-df6201b6-cb1d-4834-b73e-e6e19b756cdb d2eef338a29041b2b00b37c432379f8d 74c328985d2d4a5b976a3c9bf55900a5 - - default default] 10.0.0.15 "GET /v2.0/security-groups?tenant_id=9a23b92e15f7458d9b39314f4baea872&name=default HTTP/1.1" status: 200 len: 3120 time: 0.5955584
2026-06-28 21:08:31.828 10 WARNING keystonemiddleware.audit [None req-f0a4384a-5a2f-48cc-9cf3-b24f0726725b - - - - - -] Skipping service tempest-service-1195287391 as it have no endpoints.
2026-06-28 21:08:32.027 9 WARNING neutron.scheduler.dhcp_agent_scheduler [None req-dbddf0f0-b131-4c2d-b6a9-6dcbb217a5ad 34ee6be9c10a4afda40a812b22554e21 b9e6b944daa94b00808699f9f2497a9a - - default default] No more DHCP agents
2026-06-28 21:08:32.028 9 WARNING neutron.api.rpc.agentnotifiers.dhcp_rpc_agent_api [None req-dbddf0f0-b131-4c2d-b6a9-6dcbb217a5ad 34ee6be9c10a4afda40a812b22554e21 b9e6b944daa94b00808699f9f2497a9a - - default default] Unable to schedule network 05bbff05-034d-4213-b34a-ccbd96063400: no agents available; will retry on subsequent port and subnet creation events.
2026-06-28 21:08:32.078 10 INFO neutron.wsgi [None req-1bdc7f94-f903-4f5a-a903-e9ae4fcd40e3 d2eef338a29041b2b00b37c432379f8d 74c328985d2d4a5b976a3c9bf55900a5 - - default default] 10.0.0.15 "DELETE /v2.0/security-groups/14d81bd2-52e5-436f-912d-ec19d5983be9 HTTP/1.1" status: 204 len: 168 time: 0.2539263
2026-06-28 21:08:32.157 9 INFO neutron.db.ovn_revision_numbers_db [None req-dbddf0f0-b131-4c2d-b6a9-6dcbb217a5ad 34ee6be9c10a4afda40a812b22554e21 b9e6b944daa94b00808699f9f2497a9a - - default default] Successfully bumped revision number for resource a77da0bf-9c3e-40d9-89f0-295400d130a4 (type: ports) to 1
2026-06-28 21:08:32.200 9 WARNING keystonemiddleware.audit [None req-ad841429-83d0-4dd0-983f-53a5d14c0be7 - - - - - -] Skipping service tempest-service-1195287391 as it have no endpoints.
2026-06-28 21:08:32.426 9 INFO neutron.db.ovn_revision_numbers_db [None req-be90c24a-4fce-48d3-be05-df9a3fa5ecb6 d2eef338a29041b2b00b37c432379f8d 74c328985d2d4a5b976a3c9bf55900a5 - - default default] Successfully bumped revision number for resource d27bc685-805b-4b52-8043-d061d928b57e (type: security_groups) to 1
2026-06-28 21:08:32.467 9 INFO neutron.db.ovn_revision_numbers_db [None req-be90c24a-4fce-48d3-be05-df9a3fa5ecb6 d2eef338a29041b2b00b37c432379f8d 74c328985d2d4a5b976a3c9bf55900a5 - - default default] Successfully bumped revision number for resource 19e00cb8-09f0-41d2-ac6a-92006c1460e6 (type: security_group_rules) to 0
2026-06-28 21:08:32.491 10 INFO neutron.db.ovn_revision_numbers_db [None req-7630d6f6-d865-40ec-b25a-02630e71ce18 d2eef338a29041b2b00b37c432379f8d 74c328985d2d4a5b976a3c9bf55900a5 - - default default] Successfully bumped revision number for resource 42862d13-39c7-4470-bfec-328e24949a0e (type: security_groups) to 1
2026-06-28 21:08:32.492 9 INFO neutron.db.ovn_revision_numbers_db [None req-be90c24a-4fce-48d3-be05-df9a3fa5ecb6 d2eef338a29041b2b00b37c432379f8d 74c328985d2d4a5b976a3c9bf55900a5 - - default default] Successfully bumped revision number for resource 6050d5b5-6b2c-4f94-8c3c-95dfe60aa0af (type: security_group_rules) to 0
2026-06-28 21:08:32.505 10 INFO neutron.db.ovn_revision_numbers_db [None req-7630d6f6-d865-40ec-b25a-02630e71ce18 d2eef338a29041b2b00b37c432379f8d 74c328985d2d4a5b976a3c9bf55900a5 - - default default] Successfully bumped revision number for resource 0c5dccf8-b1dd-4340-a6ab-e85f4fe7773c (type: security_group_rules) to 0
2026-06-28 21:08:32.511 9 INFO neutron.db.ovn_revision_numbers_db [None req-be90c24a-4fce-48d3-be05-df9a3fa5ecb6 d2eef338a29041b2b00b37c432379f8d 74c328985d2d4a5b976a3c9bf55900a5 - - default default] Successfully bumped revision number for resource c11d1851-801c-45a8-a82e-443d555695bd (type: security_group_rules) to 0
2026-06-28 21:08:32.524 10 INFO neutron.db.ovn_revision_numbers_db [None req-7630d6f6-d865-40ec-b25a-02630e71ce18 d2eef338a29041b2b00b37c432379f8d 74c328985d2d4a5b976a3c9bf55900a5 - - default default] Successfully bumped revision number for resource 6d562dd8-ba3e-477f-a00a-c0ec35fce0fc (type: security_group_rules) to 0
2026-06-28 21:08:32.540 10 INFO neutron.db.ovn_revision_numbers_db [None req-7630d6f6-d865-40ec-b25a-02630e71ce18 d2eef338a29041b2b00b37c432379f8d 74c328985d2d4a5b976a3c9bf55900a5 - - default default] Successfully bumped revision number for resource cd4d679a-c032-474f-8df8-f5b4217fab03 (type: security_group_rules) to 0
2026-06-28 21:08:32.554 9 INFO neutron.db.ovn_revision_numbers_db [None req-be90c24a-4fce-48d3-be05-df9a3fa5ecb6 d2eef338a29041b2b00b37c432379f8d 74c328985d2d4a5b976a3c9bf55900a5 - - default default] Successfully bumped revision number for resource cb28c979-f8ef-43c4-87f9-a59961dbceff (type: security_group_rules) to 0
2026-06-28 21:08:32.555 10 INFO neutron.db.ovn_revision_numbers_db [None req-7630d6f6-d865-40ec-b25a-02630e71ce18 d2eef338a29041b2b00b37c432379f8d 74c328985d2d4a5b976a3c9bf55900a5 - - default default] Successfully bumped revision number for resource f2384fd9-5c3d-4966-83b9-2f9a824e9a22 (type: security_group_rules) to 0
2026-06-28 21:08:32.580 10 INFO neutron.wsgi [None req-7630d6f6-d865-40ec-b25a-02630e71ce18 d2eef338a29041b2b00b37c432379f8d 74c328985d2d4a5b976a3c9bf55900a5 - - default default] 10.0.0.15 "GET /v2.0/security-groups?tenant_id=fa20a15b3c4e4b0ab19a4b4abf301ecc&name=default HTTP/1.1" status: 200 len: 3120 time: 0.4776340
2026-06-28 21:08:32.584 9 INFO neutron.wsgi [None req-be90c24a-4fce-48d3-be05-df9a3fa5ecb6 d2eef338a29041b2b00b37c432379f8d 74c328985d2d4a5b976a3c9bf55900a5 - - default default] 10.0.0.15 "GET /v2.0/security-groups?tenant_id=db52802ffb994b34926af361dd9cd365&name=default HTTP/1.1" status: 200 len: 3120 time: 0.3918836
2026-06-28 21:08:32.594 9 WARNING keystonemiddleware.audit [None req-3376eff9-e99f-40a1-b489-219834a52b9e - - - - - -] Skipping service tempest-service-1195287391 as it have no endpoints.
2026-06-28 21:08:32.826 10 INFO neutron.wsgi [None req-fd409e7d-786f-475f-b928-0a46b02300d8 d2eef338a29041b2b00b37c432379f8d 74c328985d2d4a5b976a3c9bf55900a5 - - default default] 10.0.0.15 "DELETE /v2.0/security-groups/42862d13-39c7-4470-bfec-328e24949a0e HTTP/1.1" status: 204 len: 168 time: 0.2408884
2026-06-28 21:08:32.998 9 ERROR ovsdbapp.backend.ovs_idl.command [None req-dbddf0f0-b131-4c2d-b6a9-6dcbb217a5ad 34ee6be9c10a4afda40a812b22554e21 b9e6b944daa94b00808699f9f2497a9a - - default default] Error executing command (DbGetCommand): ovsdbapp.backend.ovs_idl.idlutils.RowNotFound: Cannot find Logical_Router_Port with name=lrp-a77da0bf-9c3e-40d9-89f0-295400d130a4
2026-06-28 21:08:32.998 9 ERROR ovsdbapp.backend.ovs_idl.command
Traceback (most recent call last):
2026-06-28 21:08:32.998 9 ERROR ovsdbapp.backend.ovs_idl.command
File "/var/lib/openstack/lib/python3.10/site-packages/ovsdbapp/backend/ovs_idl/command.py", line 47, in execute
2026-06-28 21:08:32.998 9 ERROR ovsdbapp.backend.ovs_idl.command self.run_idl(None)
2026-06-28 21:08:32.998 9 ERROR ovsdbapp.backend.ovs_idl.command
File "/var/lib/openstack/lib/python3.10/site-packages/ovsdbapp/backend/ovs_idl/command.py", line 235, in run_idl
2026-06-28 21:08:32.998 9 ERROR ovsdbapp.backend.ovs_idl.command record = self.api.lookup(self.table, self.record)
2026-06-28 21:08:32.998 9 ERROR ovsdbapp.backend.ovs_idl.command
File "/var/lib/openstack/lib/python3.10/site-packages/ovsdbapp/backend/ovs_idl/__init__.py", line 184, in lookup
2026-06-28 21:08:32.998 9 ERROR ovsdbapp.backend.ovs_idl.command return self._lookup(table, record)
2026-06-28 21:08:32.998 9 ERROR ovsdbapp.backend.ovs_idl.command
File "/var/lib/openstack/lib/python3.10/site-packages/ovsdbapp/backend/ovs_idl/__init__.py", line 235, in _lookup
2026-06-28 21:08:32.998 9 ERROR ovsdbapp.backend.ovs_idl.command row = idlutils.row_by_value(self, rl.table, rl.column, record)
2026-06-28 21:08:32.998 9 ERROR ovsdbapp.backend.ovs_idl.command
File "/var/lib/openstack/lib/python3.10/site-packages/ovsdbapp/backend/ovs_idl/idlutils.py", line 114, in row_by_value
2026-06-28 21:08:32.998 9 ERROR ovsdbapp.backend.ovs_idl.command raise RowNotFound(table=table, col=column, match=match)
2026-06-28 21:08:32.998 9 ERROR ovsdbapp.backend.ovs_idl.command ovsdbapp.backend.ovs_idl.idlutils.RowNotFound: Cannot find Logical_Router_Port with name=lrp-a77da0bf-9c3e-40d9-89f0-295400d130a4
2026-06-28 21:08:32.998 9 ERROR ovsdbapp.backend.ovs_idl.command 
2026-06-28 21:08:32.998 9 ERROR neutron_lib.callbacks.manager [None req-dbddf0f0-b131-4c2d-b6a9-6dcbb217a5ad 34ee6be9c10a4afda40a812b22554e21 b9e6b944daa94b00808699f9f2497a9a - - default default] Error during notification for neutron.services.ovn_l3.plugin.OVNL3RouterPlugin._port_update-8747529712349 port, after_update: ovsdbapp.backend.ovs_idl.idlutils.RowNotFound: Cannot find Logical_Router_Port with name=lrp-a77da0bf-9c3e-40d9-89f0-295400d130a4
2026-06-28 21:08:32.998 9 ERROR neutron_lib.callbacks.manager
Traceback (most recent call last):
2026-06-28 21:08:32.998 9 ERROR neutron_lib.callbacks.manager
File "/var/lib/openstack/lib/python3.10/site-packages/neutron_lib/callbacks/manager.py", line 189, in _notify_loop
2026-06-28 21:08:32.998 9 ERROR neutron_lib.callbacks.manager callback.method(resource, event, trigger, payload=payload)
2026-06-28 21:08:32.998 9 ERROR neutron_lib.callbacks.manager
File "/var/lib/openstack/lib/python3.10/site-packages/neutron/services/ovn_l3/plugin.py", line 391, in _port_update
2026-06-28 21:08:32.998 9 ERROR neutron_lib.callbacks.manager l3plugin._ovn_client.update_router_port(context,
2026-06-28 21:08:32.998 9 ERROR neutron_lib.callbacks.manager
File "/var/lib/openstack/lib/python3.10/site-packages/neutron/plugins/ml2/drivers/ovn/mech_driver/ovsdb/ovn_client.py", line 1878, in update_router_port
2026-06-28 21:08:32.998 9 ERROR neutron_lib.callbacks.manager self._update_lrouter_port(context, port, if_exists=if_exists,
2026-06-28 21:08:32.998 9 ERROR neutron_lib.callbacks.manager
File "/var/lib/openstack/lib/python3.10/site-packages/neutron/plugins/ml2/drivers/ovn/mech_driver/ovsdb/ovn_client.py", line 1855, in _update_lrouter_port
2026-06-28 21:08:32.998 9 ERROR neutron_lib.callbacks.manager external_ids = self._nb_idl.db_get(
2026-06-28 21:08:32.998 9 ERROR neutron_lib.callbacks.manager
File "/var/lib/openstack/lib/python3.10/site-packages/ovsdbapp/backend/ovs_idl/command.py", line 47, in execute
2026-06-28 21:08:32.998 9 ERROR neutron_lib.callbacks.manager self.run_idl(None)
2026-06-28 21:08:32.998 9 ERROR neutron_lib.callbacks.manager
File "/var/lib/openstack/lib/python3.10/site-packages/ovsdbapp/backend/ovs_idl/command.py", line 235, in run_idl
2026-06-28 21:08:32.998 9 ERROR neutron_lib.callbacks.manager record = self.api.lookup(self.table, self.record)
2026-06-28 21:08:32.998 9 ERROR neutron_lib.callbacks.manager
File "/var/lib/openstack/lib/python3.10/site-packages/ovsdbapp/backend/ovs_idl/__init__.py", line 184, in lookup
2026-06-28 21:08:32.998 9 ERROR neutron_lib.callbacks.manager return self._lookup(table, record)
2026-06-28 21:08:32.998 9 ERROR neutron_lib.callbacks.manager
File "/var/lib/openstack/lib/python3.10/site-packages/ovsdbapp/backend/ovs_idl/__init__.py", line 235, in _lookup
2026-06-28 21:08:32.998 9 ERROR neutron_lib.callbacks.manager row = idlutils.row_by_value(self, rl.table, rl.column, record)
2026-06-28 21:08:32.998 9 ERROR neutron_lib.callbacks.manager
File "/var/lib/openstack/lib/python3.10/site-packages/ovsdbapp/backend/ovs_idl/idlutils.py", line 114, in row_by_value
2026-06-28 21:08:32.998 9 ERROR neutron_lib.callbacks.manager raise RowNotFound(table=table, col=column, match=match)
2026-06-28 21:08:32.998 9 ERROR neutron_lib.callbacks.manager ovsdbapp.backend.ovs_idl.idlutils.RowNotFound: Cannot find Logical_Router_Port with name=lrp-a77da0bf-9c3e-40d9-89f0-295400d130a4
2026-06-28 21:08:32.998 9 ERROR neutron_lib.callbacks.manager 
2026-06-28 21:08:33.075 10 INFO neutron.db.ovn_revision_numbers_db [None req-2da75471-9aed-4960-9095-29cf3c0ad2e1 d2eef338a29041b2b00b37c432379f8d 74c328985d2d4a5b976a3c9bf55900a5 - - default default] Successfully bumped revision number for resource ea3f3355-97aa-4dba-a6d9-af68f57f86c5 (type: security_groups) to 1
2026-06-28 21:08:33.091 10 INFO neutron.db.ovn_revision_numbers_db [None req-2da75471-9aed-4960-9095-29cf3c0ad2e1 d2eef338a29041b2b00b37c432379f8d 74c328985d2d4a5b976a3c9bf55900a5 - - default default] Successfully bumped revision number for resource 0db0d730-a94e-4d33-ad42-bf2aabfa791d (type: security_group_rules) to 0
2026-06-28 21:08:33.109 10 INFO neutron.db.ovn_revision_numbers_db [None req-2da75471-9aed-4960-9095-29cf3c0ad2e1 d2eef338a29041b2b00b37c432379f8d 74c328985d2d4a5b976a3c9bf55900a5 - - default default] Successfully bumped revision number for resource 57534caa-bf54-4b5b-be5a-82d3bdc11ceb (type: security_group_rules) to 0
2026-06-28 21:08:33.128 10 INFO neutron.db.ovn_revision_numbers_db [None req-2da75471-9aed-4960-9095-29cf3c0ad2e1 d2eef338a29041b2b00b37c432379f8d 74c328985d2d4a5b976a3c9bf55900a5 - - default default] Successfully bumped revision number for resource 738ea1e6-37e0-4cbe-aeda-a858d3f77119 (type: security_group_rules) to 0
2026-06-28 21:08:33.146 10 INFO neutron.db.ovn_revision_numbers_db [None req-2da75471-9aed-4960-9095-29cf3c0ad2e1 d2eef338a29041b2b00b37c432379f8d 74c328985d2d4a5b976a3c9bf55900a5 - - default default] Successfully bumped revision number for resource c5af9e79-152e-4b87-954e-78f0c62b446d (type: security_group_rules) to 0
2026-06-28 21:08:33.161 9 INFO neutron.plugins.ml2.drivers.ovn.mech_driver.mech_driver [None req-bc6461f3-1275-43a0-91fe-a76c0f325952 - - - - - -] OVN reports status up for port: a77da0bf-9c3e-40d9-89f0-295400d130a4
2026-06-28 21:08:33.186 9 INFO neutron.plugins.ml2.plugin [None req-bc6461f3-1275-43a0-91fe-a76c0f325952 - - - - - -] Attempt 1 to provision port a77da0bf-9c3e-40d9-89f0-295400d130a4
2026-06-28 21:08:33.187 10 INFO neutron.wsgi [None req-2da75471-9aed-4960-9095-29cf3c0ad2e1 d2eef338a29041b2b00b37c432379f8d 74c328985d2d4a5b976a3c9bf55900a5 - - default default] 10.0.0.15 "GET /v2.0/security-groups?tenant_id=cf4e3b53259b41df921b0669394443f2&name=default HTTP/1.1" status: 200 len: 3120 time: 0.2629054
2026-06-28 21:08:33.212 9 INFO neutron.db.ovn_revision_numbers_db [None req-dbddf0f0-b131-4c2d-b6a9-6dcbb217a5ad 34ee6be9c10a4afda40a812b22554e21 b9e6b944daa94b00808699f9f2497a9a - - default default] Successfully bumped revision number for resource a77da0bf-9c3e-40d9-89f0-295400d130a4 (type: ports) to 1
2026-06-28 21:08:33.276 9 INFO neutron.wsgi [None req-c3ce74d5-b0ee-4d94-add3-c5874fd18828 d2eef338a29041b2b00b37c432379f8d 74c328985d2d4a5b976a3c9bf55900a5 - - default default] 10.0.0.15 "DELETE /v2.0/security-groups/d27bc685-805b-4b52-8043-d061d928b57e HTTP/1.1" status: 204 len: 168 time: 0.6860139
2026-06-28 21:08:33.343 9 WARNING neutron.scheduler.dhcp_agent_scheduler [None req-dbddf0f0-b131-4c2d-b6a9-6dcbb217a5ad 34ee6be9c10a4afda40a812b22554e21 b9e6b944daa94b00808699f9f2497a9a - - default default] No more DHCP agents
2026-06-28 21:08:33.347 9 WARNING neutron.api.rpc.agentnotifiers.dhcp_rpc_agent_api [None req-dbddf0f0-b131-4c2d-b6a9-6dcbb217a5ad 34ee6be9c10a4afda40a812b22554e21 b9e6b944daa94b00808699f9f2497a9a - - default default] Unable to schedule network 05bbff05-034d-4213-b34a-ccbd96063400: no agents available; will retry on subsequent port and subnet creation events.
2026-06-28 21:08:33.633 9 INFO neutron.db.ovn_revision_numbers_db [None req-dbddf0f0-b131-4c2d-b6a9-6dcbb217a5ad 34ee6be9c10a4afda40a812b22554e21 b9e6b944daa94b00808699f9f2497a9a - - default default] Successfully bumped revision number for resource a77da0bf-9c3e-40d9-89f0-295400d130a4 (type: router_ports) to 1
2026-06-28 21:08:33.640 9 INFO neutron.wsgi [None req-dbddf0f0-b131-4c2d-b6a9-6dcbb217a5ad 34ee6be9c10a4afda40a812b22554e21 b9e6b944daa94b00808699f9f2497a9a - - default default] 10.0.0.15 "PUT /v2.0/routers/c550f08f-1076-491e-85d0-703d60719238/add_router_interface HTTP/1.1" status: 200 len: 503 time: 2.1869347
2026-06-28 21:08:33.656 9 INFO neutron.wsgi [None req-8a7340ca-fe30-4e80-9df5-4eeca32fd31b d2eef338a29041b2b00b37c432379f8d 74c328985d2d4a5b976a3c9bf55900a5 - - default default] 10.0.0.15 "DELETE /v2.0/security-groups/ea3f3355-97aa-4dba-a6d9-af68f57f86c5 HTTP/1.1" status: 204 len: 168 time: 0.4615502
2026-06-28 21:08:33.729 10 INFO neutron.wsgi [None req-2533dbf5-7b18-4f34-9576-afa7a69933b3 34ee6be9c10a4afda40a812b22554e21 b9e6b944daa94b00808699f9f2497a9a - - default default] 10.0.0.15 "GET /v2.0/ports/a77da0bf-9c3e-40d9-89f0-295400d130a4 HTTP/1.1" status: 200 len: 1141 time: 0.0837705
2026-06-28 21:08:33.774 9 INFO neutron.db.ovn_revision_numbers_db [None req-bc6461f3-1275-43a0-91fe-a76c0f325952 - - - - - -] Successfully bumped revision number for resource a77da0bf-9c3e-40d9-89f0-295400d130a4 (type: ports) to 2
2026-06-28 21:08:33.890 9 INFO neutron.db.ovn_revision_numbers_db [None req-bc6461f3-1275-43a0-91fe-a76c0f325952 - - - - - -] Successfully bumped revision number for resource a77da0bf-9c3e-40d9-89f0-295400d130a4 (type: router_ports) to 2
2026-06-28 21:08:34.334 10 WARNING neutron.scheduler.dhcp_agent_scheduler [None req-ac3a8d6b-a07e-4b3a-a79b-e16c5af2357e 34ee6be9c10a4afda40a812b22554e21 b9e6b944daa94b00808699f9f2497a9a - - default default] No more DHCP agents
2026-06-28 21:08:34.338 10 WARNING neutron.api.rpc.agentnotifiers.dhcp_rpc_agent_api [None req-ac3a8d6b-a07e-4b3a-a79b-e16c5af2357e 34ee6be9c10a4afda40a812b22554e21 b9e6b944daa94b00808699f9f2497a9a - - default default] Unable to schedule network 4428b2f4-9715-42a8-b8ac-3fcd5e77de8f: no agents available; will retry on subsequent port and subnet creation events.
2026-06-28 21:08:34.483 10 INFO neutron.db.ovn_revision_numbers_db [None req-ac3a8d6b-a07e-4b3a-a79b-e16c5af2357e 34ee6be9c10a4afda40a812b22554e21 b9e6b944daa94b00808699f9f2497a9a - - default default] Successfully bumped revision number for resource 55a00711-71b6-47f6-9469-583cde2a8b7f (type: ports) to 1
2026-06-28 21:08:35.289 10 ERROR ovsdbapp.backend.ovs_idl.command [None req-ac3a8d6b-a07e-4b3a-a79b-e16c5af2357e 34ee6be9c10a4afda40a812b22554e21 b9e6b944daa94b00808699f9f2497a9a - - default default] Error executing command (DbGetCommand): ovsdbapp.backend.ovs_idl.idlutils.RowNotFound: Cannot find Logical_Router_Port with name=lrp-55a00711-71b6-47f6-9469-583cde2a8b7f
2026-06-28 21:08:35.289 10 ERROR ovsdbapp.backend.ovs_idl.command
Traceback (most recent call last):
2026-06-28 21:08:35.289 10 ERROR ovsdbapp.backend.ovs_idl.command
File "/var/lib/openstack/lib/python3.10/site-packages/ovsdbapp/backend/ovs_idl/command.py", line 47, in execute
2026-06-28 21:08:35.289 10 ERROR ovsdbapp.backend.ovs_idl.command self.run_idl(None)
2026-06-28 21:08:35.289 10 ERROR ovsdbapp.backend.ovs_idl.command
File "/var/lib/openstack/lib/python3.10/site-packages/ovsdbapp/backend/ovs_idl/command.py", line 235, in run_idl
2026-06-28 21:08:35.289 10 ERROR ovsdbapp.backend.ovs_idl.command record = self.api.lookup(self.table, self.record)
2026-06-28 21:08:35.289 10 ERROR ovsdbapp.backend.ovs_idl.command
File "/var/lib/openstack/lib/python3.10/site-packages/ovsdbapp/backend/ovs_idl/__init__.py", line 184, in lookup
2026-06-28 21:08:35.289 10 ERROR ovsdbapp.backend.ovs_idl.command return self._lookup(table, record)
2026-06-28 21:08:35.289 10 ERROR ovsdbapp.backend.ovs_idl.command
File "/var/lib/openstack/lib/python3.10/site-packages/ovsdbapp/backend/ovs_idl/__init__.py", line 235, in _lookup
2026-06-28 21:08:35.289 10 ERROR ovsdbapp.backend.ovs_idl.command row = idlutils.row_by_value(self, rl.table, rl.column, record)
2026-06-28 21:08:35.289 10 ERROR ovsdbapp.backend.ovs_idl.command
File "/var/lib/openstack/lib/python3.10/site-packages/ovsdbapp/backend/ovs_idl/idlutils.py", line 114, in row_by_value
2026-06-28 21:08:35.289 10 ERROR ovsdbapp.backend.ovs_idl.command raise RowNotFound(table=table, col=column, match=match)
2026-06-28 21:08:35.289 10 ERROR ovsdbapp.backend.ovs_idl.command ovsdbapp.backend.ovs_idl.idlutils.RowNotFound: Cannot find Logical_Router_Port with name=lrp-55a00711-71b6-47f6-9469-583cde2a8b7f
2026-06-28 21:08:35.289 10 ERROR ovsdbapp.backend.ovs_idl.command 
2026-06-28 21:08:35.290 10 ERROR neutron_lib.callbacks.manager [None req-ac3a8d6b-a07e-4b3a-a79b-e16c5af2357e 34ee6be9c10a4afda40a812b22554e21 b9e6b944daa94b00808699f9f2497a9a - - default default] Error during notification for neutron.services.ovn_l3.plugin.OVNL3RouterPlugin._port_update-8747529712349 port, after_update: ovsdbapp.backend.ovs_idl.idlutils.RowNotFound: Cannot find Logical_Router_Port with name=lrp-55a00711-71b6-47f6-9469-583cde2a8b7f
2026-06-28 21:08:35.290 10 ERROR neutron_lib.callbacks.manager
Traceback (most recent call last):
2026-06-28 21:08:35.290 10 ERROR neutron_lib.callbacks.manager
File "/var/lib/openstack/lib/python3.10/site-packages/neutron_lib/callbacks/manager.py", line 189, in _notify_loop
2026-06-28 21:08:35.290 10 ERROR neutron_lib.callbacks.manager callback.method(resource, event, trigger, payload=payload)
2026-06-28 21:08:35.290 10 ERROR neutron_lib.callbacks.manager
File "/var/lib/openstack/lib/python3.10/site-packages/neutron/services/ovn_l3/plugin.py", line 391, in _port_update
2026-06-28 21:08:35.290 10 ERROR neutron_lib.callbacks.manager l3plugin._ovn_client.update_router_port(context,
2026-06-28 21:08:35.290 10 ERROR neutron_lib.callbacks.manager
File "/var/lib/openstack/lib/python3.10/site-packages/neutron/plugins/ml2/drivers/ovn/mech_driver/ovsdb/ovn_client.py", line 1878, in update_router_port
2026-06-28 21:08:35.290 10 ERROR neutron_lib.callbacks.manager self._update_lrouter_port(context, port, if_exists=if_exists,
2026-06-28 21:08:35.290 10 ERROR neutron_lib.callbacks.manager
File "/var/lib/openstack/lib/python3.10/site-packages/neutron/plugins/ml2/drivers/ovn/mech_driver/ovsdb/ovn_client.py", line 1855, in _update_lrouter_port
2026-06-28 21:08:35.290 10 ERROR neutron_lib.callbacks.manager external_ids = self._nb_idl.db_get(
2026-06-28 21:08:35.290 10 ERROR neutron_lib.callbacks.manager
File "/var/lib/openstack/lib/python3.10/site-packages/ovsdbapp/backend/ovs_idl/command.py", line 47, in execute
2026-06-28 21:08:35.290 10 ERROR neutron_lib.callbacks.manager self.run_idl(None)
2026-06-28 21:08:35.290 10 ERROR neutron_lib.callbacks.manager
File "/var/lib/openstack/lib/python3.10/site-packages/ovsdbapp/backend/ovs_idl/command.py", line 235, in run_idl
2026-06-28 21:08:35.290 10 ERROR neutron_lib.callbacks.manager record = self.api.lookup(self.table, self.record)
2026-06-28 21:08:35.290 10 ERROR neutron_lib.callbacks.manager
File "/var/lib/openstack/lib/python3.10/site-packages/ovsdbapp/backend/ovs_idl/__init__.py", line 184, in lookup
2026-06-28 21:08:35.290 10 ERROR neutron_lib.callbacks.manager return self._lookup(table, record)
2026-06-28 21:08:35.290 10 ERROR neutron_lib.callbacks.manager
File "/var/lib/openstack/lib/python3.10/site-packages/ovsdbapp/backend/ovs_idl/__init__.py", line 235, in _lookup
2026-06-28 21:08:35.290 10 ERROR neutron_lib.callbacks.manager row = idlutils.row_by_value(self, rl.table, rl.column, record)
2026-06-28 21:08:35.290 10 ERROR neutron_lib.callbacks.manager
File "/var/lib/openstack/lib/python3.10/site-packages/ovsdbapp/backend/ovs_idl/idlutils.py", line 114, in row_by_value
2026-06-28 21:08:35.290 10 ERROR neutron_lib.callbacks.manager raise RowNotFound(table=table, col=column, match=match)
2026-06-28 21:08:35.290 10 ERROR neutron_lib.callbacks.manager ovsdbapp.backend.ovs_idl.idlutils.RowNotFound: Cannot find Logical_Router_Port with name=lrp-55a00711-71b6-47f6-9469-583cde2a8b7f
2026-06-28 21:08:35.290 10 ERROR neutron_lib.callbacks.manager 
2026-06-28 21:08:35.480 10 INFO neutron.db.ovn_revision_numbers_db [None req-ac3a8d6b-a07e-4b3a-a79b-e16c5af2357e 34ee6be9c10a4afda40a812b22554e21 b9e6b944daa94b00808699f9f2497a9a - - default default] Successfully bumped revision number for resource 55a00711-71b6-47f6-9469-583cde2a8b7f (type: ports) to 1
2026-06-28 21:08:35.548 10 WARNING neutron.scheduler.dhcp_agent_scheduler [None req-ac3a8d6b-a07e-4b3a-a79b-e16c5af2357e 34ee6be9c10a4afda40a812b22554e21 b9e6b944daa94b00808699f9f2497a9a - - default default] No more DHCP agents
2026-06-28 21:08:35.549 10 WARNING neutron.api.rpc.agentnotifiers.dhcp_rpc_agent_api [None req-ac3a8d6b-a07e-4b3a-a79b-e16c5af2357e 34ee6be9c10a4afda40a812b22554e21 b9e6b944daa94b00808699f9f2497a9a - - default default] Unable to schedule network 4428b2f4-9715-42a8-b8ac-3fcd5e77de8f: no agents available; will retry on subsequent port and subnet creation events.
2026-06-28 21:08:35.722 10 INFO neutron.db.ovn_revision_numbers_db [None req-ac3a8d6b-a07e-4b3a-a79b-e16c5af2357e 34ee6be9c10a4afda40a812b22554e21 b9e6b944daa94b00808699f9f2497a9a - - default default] Successfully bumped revision number for resource 55a00711-71b6-47f6-9469-583cde2a8b7f (type: router_ports) to 1
2026-06-28 21:08:35.730 10 INFO neutron.wsgi [None req-ac3a8d6b-a07e-4b3a-a79b-e16c5af2357e 34ee6be9c10a4afda40a812b22554e21 b9e6b944daa94b00808699f9f2497a9a - - default default] 10.0.0.15 "PUT /v2.0/routers/c550f08f-1076-491e-85d0-703d60719238/add_router_interface HTTP/1.1" status: 200 len: 503 time: 1.9952304
2026-06-28 21:08:35.837 10 INFO neutron.wsgi [None req-1b1b4393-e059-4eab-aec4-097d392c8069 34ee6be9c10a4afda40a812b22554e21 b9e6b944daa94b00808699f9f2497a9a - - default default] 10.0.0.15 "GET /v2.0/ports/55a00711-71b6-47f6-9469-583cde2a8b7f HTTP/1.1" status: 200 len: 1147 time: 0.1030412
2026-06-28 21:08:35.877 10 INFO neutron.wsgi [None req-b36b97d1-786f-4406-a756-621ab977ec89 34ee6be9c10a4afda40a812b22554e21 b9e6b944daa94b00808699f9f2497a9a - - default default] 10.0.0.15 "GET /v2.0/ports/55a00711-71b6-47f6-9469-583cde2a8b7f HTTP/1.1" status: 200 len: 1147 time: 0.0356452
2026-06-28 21:08:35.948 9 INFO neutron.db.ovn_revision_numbers_db [None req-c7d57711-23d8-4d1f-bfd9-262d06d13144 d2eef338a29041b2b00b37c432379f8d 74c328985d2d4a5b976a3c9bf55900a5 - - default default] Successfully bumped revision number for resource 5dafec99-92a2-43c7-b1fe-7a15d550c453 (type: security_groups) to 1
2026-06-28 21:08:35.975 9 INFO neutron.db.ovn_revision_numbers_db [None req-c7d57711-23d8-4d1f-bfd9-262d06d13144 d2eef338a29041b2b00b37c432379f8d 74c328985d2d4a5b976a3c9bf55900a5 - - default default] Successfully bumped revision number for resource 036025ba-354b-4881-b4b0-cce7bdd84b29 (type: security_group_rules) to 0
2026-06-28 21:08:35.989 9 INFO neutron.db.ovn_revision_numbers_db [None req-c7d57711-23d8-4d1f-bfd9-262d06d13144 d2eef338a29041b2b00b37c432379f8d 74c328985d2d4a5b976a3c9bf55900a5 - - default default] Successfully bumped revision number for resource 553721aa-a420-44cd-b3b0-8a17ca755042 (type: security_group_rules) to 0
2026-06-28 21:08:36.004 9 INFO neutron.db.ovn_revision_numbers_db [None req-c7d57711-23d8-4d1f-bfd9-262d06d13144 d2eef338a29041b2b00b37c432379f8d 74c328985d2d4a5b976a3c9bf55900a5 - - default default] Successfully bumped revision number for resource 8b15e879-3d95-4229-b0f7-313604b9129c (type: security_group_rules) to 0
2026-06-28 21:08:36.025 9 INFO neutron.db.ovn_revision_numbers_db [None req-c7d57711-23d8-4d1f-bfd9-262d06d13144 d2eef338a29041b2b00b37c432379f8d 74c328985d2d4a5b976a3c9bf55900a5 - - default default] Successfully bumped revision number for resource e8127725-22cb-4608-b115-94da1f140732 (type: security_group_rules) to 0
2026-06-28 21:08:36.052 9 INFO neutron.wsgi [None req-c7d57711-23d8-4d1f-bfd9-262d06d13144 d2eef338a29041b2b00b37c432379f8d 74c328985d2d4a5b976a3c9bf55900a5 - - default default] 10.0.0.15 "GET /v2.0/security-groups?tenant_id=4431a3b7db6e4344ad9a0fe15cabbbc6&name=default HTTP/1.1" status: 200 len: 3120 time: 0.4550381
2026-06-28 21:08:36.283 10 INFO neutron.wsgi [None req-31efce3d-3a0a-47e4-be11-9ccc234a26f8 d2eef338a29041b2b00b37c432379f8d 74c328985d2d4a5b976a3c9bf55900a5 - - default default] 10.0.0.15 "DELETE /v2.0/security-groups/5dafec99-92a2-43c7-b1fe-7a15d550c453 HTTP/1.1" status: 204 len: 168 time: 0.2263775
2026-06-28 21:08:36.855 10 INFO neutron.wsgi [-] 10.0.0.218 "GET / HTTP/1.1" status: 200 len: 246 time: 0.0020974
2026-06-28 21:08:36.858 9 INFO neutron.wsgi [-] 10.0.0.218 "GET / HTTP/1.1" status: 200 len: 246 time: 0.0050437
2026-06-28 21:08:36.976 9 INFO neutron.wsgi [None req-0a3179f9-e716-4b8e-bee2-d611f4229d74 34ee6be9c10a4afda40a812b22554e21 b9e6b944daa94b00808699f9f2497a9a - - default default] 10.0.0.15 "GET /v2.0/ports/55a00711-71b6-47f6-9469-583cde2a8b7f HTTP/1.1" status: 200 len: 1147 time: 0.0911267
2026-06-28 21:08:37.621 10 INFO neutron.db.ovn_revision_numbers_db [None req-c434556a-0f7a-486a-bc36-985f304c398f d2eef338a29041b2b00b37c432379f8d 74c328985d2d4a5b976a3c9bf55900a5 - - default default] Successfully bumped revision number for resource 0ca87aec-f5c5-43e0-9145-751bd6076423 (type: security_groups) to 1
2026-06-28 21:08:37.636 10 INFO neutron.db.ovn_revision_numbers_db [None req-c434556a-0f7a-486a-bc36-985f304c398f d2eef338a29041b2b00b37c432379f8d 74c328985d2d4a5b976a3c9bf55900a5 - - default default] Successfully bumped revision number for resource 8998acac-f0a5-4cd9-90ed-513eb8be89b0 (type: security_group_rules) to 0
2026-06-28 21:08:37.651 10 INFO neutron.db.ovn_revision_numbers_db [None req-c434556a-0f7a-486a-bc36-985f304c398f d2eef338a29041b2b00b37c432379f8d 74c328985d2d4a5b976a3c9bf55900a5 - - default default] Successfully bumped revision number for resource a0965281-8726-4e6f-bad2-86fa9ba606ae (type: security_group_rules) to 0
2026-06-28 21:08:37.665 10 INFO neutron.db.ovn_revision_numbers_db [None req-c434556a-0f7a-486a-bc36-985f304c398f d2eef338a29041b2b00b37c432379f8d 74c328985d2d4a5b976a3c9bf55900a5 - - default default] Successfully bumped revision number for resource e7bdf501-22f1-4b6c-826a-de890206fe10 (type: security_group_rules) to 0
2026-06-28 21:08:37.689 10 INFO neutron.db.ovn_revision_numbers_db [None req-c434556a-0f7a-486a-bc36-985f304c398f d2eef338a29041b2b00b37c432379f8d 74c328985d2d4a5b976a3c9bf55900a5 - - default default] Successfully bumped revision number for resource e9ee864e-2e75-4d22-98d6-c8fc359af6e4 (type: security_group_rules) to 0
2026-06-28 21:08:37.711 10 INFO neutron.wsgi [None req-c434556a-0f7a-486a-bc36-985f304c398f d2eef338a29041b2b00b37c432379f8d 74c328985d2d4a5b976a3c9bf55900a5 - - default default] 10.0.0.15 "GET /v2.0/security-groups?tenant_id=253f08acf6774c0a96618f22dc8abe0d&name=default HTTP/1.1" status: 200 len: 3120 time: 0.2781243
2026-06-28 21:08:37.946 9 INFO neutron.wsgi [None req-fd73ae19-cfc2-43f7-8783-a8d2bf31b316 d2eef338a29041b2b00b37c432379f8d 74c328985d2d4a5b976a3c9bf55900a5 - - default default] 10.0.0.15 "DELETE /v2.0/security-groups/0ca87aec-f5c5-43e0-9145-751bd6076423 HTTP/1.1" status: 204 len: 168 time: 0.2293527
2026-06-28 21:08:38.025 9 INFO neutron.wsgi [None req-0c8f4c92-658d-4ef6-a718-00b5fca07292 34ee6be9c10a4afda40a812b22554e21 b9e6b944daa94b00808699f9f2497a9a - - default default] 10.0.0.15 "GET /v2.0/ports/55a00711-71b6-47f6-9469-583cde2a8b7f HTTP/1.1" status: 200 len: 1147 time: 0.0444088
2026-06-28 21:08:38.219 10 INFO neutron.db.ovn_revision_numbers_db [None req-4e316e90-93ef-47f3-bb41-f42817e0e779 d2eef338a29041b2b00b37c432379f8d 74c328985d2d4a5b976a3c9bf55900a5 - - default default] Successfully bumped revision number for resource 86b2a0cd-5602-4755-9e70-88467bdb232d (type: security_groups) to 1
2026-06-28 21:08:38.236 10 INFO neutron.db.ovn_revision_numbers_db [None req-4e316e90-93ef-47f3-bb41-f42817e0e779 d2eef338a29041b2b00b37c432379f8d 74c328985d2d4a5b976a3c9bf55900a5 - - default default] Successfully bumped revision number for resource 0950c277-2225-40cb-98fd-92794eedc673 (type: security_group_rules) to 0
2026-06-28 21:08:38.253 10 INFO neutron.db.ovn_revision_numbers_db [None req-4e316e90-93ef-47f3-bb41-f42817e0e779 d2eef338a29041b2b00b37c432379f8d 74c328985d2d4a5b976a3c9bf55900a5 - - default default] Successfully bumped revision number for resource 1bb6c564-0642-400f-820b-68fd268206b2 (type: security_group_rules) to 0
2026-06-28 21:08:38.267 10 INFO neutron.db.ovn_revision_numbers_db [None req-4e316e90-93ef-47f3-bb41-f42817e0e779 d2eef338a29041b2b00b37c432379f8d 74c328985d2d4a5b976a3c9bf55900a5 - - default default] Successfully bumped revision number for resource a3d269fe-79a4-434e-bf8e-c5e9c55cc074 (type: security_group_rules) to 0
2026-06-28 21:08:38.277 10 INFO neutron.db.ovn_revision_numbers_db [None req-4e316e90-93ef-47f3-bb41-f42817e0e779 d2eef338a29041b2b00b37c432379f8d 74c328985d2d4a5b976a3c9bf55900a5 - - default default] Successfully bumped revision number for resource d986c51b-765f-44f4-9b3a-7b523b45db60 (type: security_group_rules) to 0
2026-06-28 21:08:38.298 10 INFO neutron.wsgi [None req-4e316e90-93ef-47f3-bb41-f42817e0e779 d2eef338a29041b2b00b37c432379f8d 74c328985d2d4a5b976a3c9bf55900a5 - - default default] 10.0.0.15 "GET /v2.0/security-groups?tenant_id=4ac868496e244455a64fcd780c6c23ed&name=default HTTP/1.1" status: 200 len: 3120 time: 0.2052751
2026-06-28 21:08:38.394 9 WARNING neutron_lib.context [None req-412ed44b-62a6-4709-a365-3aa41b6e41fc fbb48a8cdefa432597a686f132bbe02d fc7ca5345f344514b302857ab6c561e7 - - default default] Method 'is_advsvc' is deprecated since 2023.2 release (neutron-lib 3.8.0) and will be removed once support for the old RBAC API policies will be removed from Neutron. Please use method 'is_service_role' instead.
2026-06-28 21:08:38.394 9 WARNING neutron_lib.context [None req-412ed44b-62a6-4709-a365-3aa41b6e41fc fbb48a8cdefa432597a686f132bbe02d fc7ca5345f344514b302857ab6c561e7 - - default default] Method 'is_advsvc' is deprecated since 2023.2 release (neutron-lib 3.8.0) and will be removed once support for the old RBAC API policies will be removed from Neutron. Please use method 'is_service_role' instead.
2026-06-28 21:08:38.570 9 INFO neutron.wsgi [None req-7fcaebb7-440f-42c9-a88a-a1eb4cbe7625 d2eef338a29041b2b00b37c432379f8d 74c328985d2d4a5b976a3c9bf55900a5 - - default default] 10.0.0.15 "DELETE /v2.0/security-groups/86b2a0cd-5602-4755-9e70-88467bdb232d HTTP/1.1" status: 204 len: 168 time: 0.2675371
2026-06-28 21:08:38.581 9 INFO neutron.db.ovn_revision_numbers_db [None req-412ed44b-62a6-4709-a365-3aa41b6e41fc fbb48a8cdefa432597a686f132bbe02d fc7ca5345f344514b302857ab6c561e7 - - default default] Successfully bumped revision number for resource 0d5ff329-3a4a-4858-897f-095c212d68bb (type: security_groups) to 1
2026-06-28 21:08:38.594 9 INFO neutron.db.ovn_revision_numbers_db [None req-412ed44b-62a6-4709-a365-3aa41b6e41fc fbb48a8cdefa432597a686f132bbe02d fc7ca5345f344514b302857ab6c561e7 - - default default] Successfully bumped revision number for resource 697224c5-fac7-4256-ba78-997507e5a58c (type: security_group_rules) to 0
2026-06-28 21:08:38.608 9 INFO neutron.db.ovn_revision_numbers_db [None req-412ed44b-62a6-4709-a365-3aa41b6e41fc fbb48a8cdefa432597a686f132bbe02d fc7ca5345f344514b302857ab6c561e7 - - default default] Successfully bumped revision number for resource 8e4ad6fc-7b4a-4928-8fd9-0e23cfd55f9b (type: security_group_rules) to 0
2026-06-28 21:08:38.625 9 INFO neutron.db.ovn_revision_numbers_db [None req-412ed44b-62a6-4709-a365-3aa41b6e41fc fbb48a8cdefa432597a686f132bbe02d fc7ca5345f344514b302857ab6c561e7 - - default default] Successfully bumped revision number for resource 90503441-b1d1-472c-9b79-99cb9c8b1553 (type: security_group_rules) to 0
2026-06-28 21:08:38.637 9 INFO neutron.db.ovn_revision_numbers_db [None req-412ed44b-62a6-4709-a365-3aa41b6e41fc fbb48a8cdefa432597a686f132bbe02d fc7ca5345f344514b302857ab6c561e7 - - default default] Successfully bumped revision number for resource b6aa7745-1356-49ae-bd1a-c0368a502660 (type: security_group_rules) to 0
