2026-07-08 22:49:35.246 8 INFO placement.requestlog [req-4bb7101e-59bb-4251-9ab0-ff39ead82d32 req-39cf2422-e313-4743-bece-dd7ef9fd63c2 5ee91f64f95e468dbd979d8233797c25 5f0036a912b742d9ba64a0dd1c7bfc0a - - 560e720f65e44c67a0952ca195aab93b 560e720f65e44c67a0952ca195aab93b] 199.19.213.30 "GET /allocations/bf91acb4-6046-4b55-830c-f2e2af0801d8" status: 200 len: 258 microversion: 1.28 [pid: 8|app: 0|req: 429/859] 199.19.213.30 () {34 vars in 862 bytes} [Wed Jul 8 22:49:35 2026] GET /allocations/bf91acb4-6046-4b55-830c-f2e2af0801d8 => generated 258 bytes in 16 msecs (HTTP/1.1 200) 8 headers in 296 bytes (1 switches on core 0)
2026-07-08 22:49:35.261 7 INFO placement.requestlog [req-4bb7101e-59bb-4251-9ab0-ff39ead82d32 req-898c54dc-ec4b-46e9-9229-9e09f63617b6 5ee91f64f95e468dbd979d8233797c25 5f0036a912b742d9ba64a0dd1c7bfc0a - - 560e720f65e44c67a0952ca195aab93b 560e720f65e44c67a0952ca195aab93b] 199.19.213.30 "GET /allocations/14c5d74d-ae96-4510-bfe4-b2eabbd6ea3d" status: 200 len: 258 microversion: 1.28 [pid: 7|app: 0|req: 431/860] 199.19.213.30 () {34 vars in 862 bytes} [Wed Jul 8 22:49:35 2026] GET /allocations/14c5d74d-ae96-4510-bfe4-b2eabbd6ea3d => generated 258 bytes in 9 msecs (HTTP/1.1 200) 8 headers in 296 bytes (1 switches on core 0)
2026-07-08 22:49:36.482 8 INFO placement.requestlog [None req-9ea14d84-826f-4c85-b986-21e207db9efb - - - - - -] 10.0.0.73 "GET /" status: 200 len: 136 microversion: 1.0
2026-07-08 22:49:36.483 7 INFO placement.requestlog [None req-34cc1486-e54c-4e43-afa1-b636a9515b59 - - - - - -] 10.0.0.73 "GET /" status: 200 len: 136 microversion: 1.0
2026-07-08 22:49:46.483 7 INFO placement.requestlog [None req-ec19f9d6-8aab-450d-abbd-3f58292538d4 - - - - - -] 10.0.0.73 "GET /" status: 200 len: 136 microversion: 1.0
2026-07-08 22:49:46.483 8 INFO placement.requestlog [None req-dcf1cc71-10e3-4330-87a9-0ba22e08a0e5 - - - - - -] 10.0.0.73 "GET /" status: 200 len: 136 microversion: 1.0
2026-07-08 22:49:50.960 7 INFO placement.requestlog [req-a353e70c-7e5e-4a55-9893-6f5a18c41e3d req-fd778ea2-3fb2-4af1-8edc-e89d4e149229 5ee91f64f95e468dbd979d8233797c25 5f0036a912b742d9ba64a0dd1c7bfc0a - - 560e720f65e44c67a0952ca195aab93b 560e720f65e44c67a0952ca195aab93b] 199.19.213.30 "GET /resource_providers/a05c2b3d-ae28-4e44-8947-273fa6be5f6e/allocations" status: 200 len: 253 microversion: 1.0 [pid: 7|app: 0|req: 434/865] 199.19.213.30 () {32 vars in 856 bytes} [Wed Jul 8 22:49:50 2026] GET /resource_providers/a05c2b3d-ae28-4e44-8947-273fa6be5f6e/allocations => generated 253 bytes in 19 msecs (HTTP/1.1 200) 6 headers in 224 bytes (1 switches on core 0)
2026-07-08 22:49:50.986 8 INFO placement.requestlog [req-a353e70c-7e5e-4a55-9893-6f5a18c41e3d req-10f2fd43-b509-4acc-ad03-638be91e0d5b 5ee91f64f95e468dbd979d8233797c25 5f0036a912b742d9ba64a0dd1c7bfc0a - - 560e720f65e44c67a0952ca195aab93b 560e720f65e44c67a0952ca195aab93b] 199.19.213.30 "GET /allocations/bf91acb4-6046-4b55-830c-f2e2af0801d8" status: 200 len: 258 microversion: 1.28 [pid: 8|app: 0|req: 432/866] 199.19.213.30 () {34 vars in 862 bytes} [Wed Jul 8 22:49:50 2026] GET /allocations/bf91acb4-6046-4b55-830c-f2e2af0801d8 => generated 258 bytes in 20 msecs (HTTP/1.1 200) 8 headers in 296 bytes (1 switches on core 0)
2026-07-08 22:49:51.007 7 INFO placement.requestlog [req-a353e70c-7e5e-4a55-9893-6f5a18c41e3d req-96356dee-5393-46e0-bcb0-2d6ea15c6caa 5ee91f64f95e468dbd979d8233797c25 5f0036a912b742d9ba64a0dd1c7bfc0a - - 560e720f65e44c67a0952ca195aab93b 560e720f65e44c67a0952ca195aab93b] 199.19.213.30 "GET /allocations/14c5d74d-ae96-4510-bfe4-b2eabbd6ea3d" status: 200 len: 258 microversion: 1.28 [pid: 7|app: 0|req: 435/867] 199.19.213.30 () {34 vars in 862 bytes} [Wed Jul 8 22:49:50 2026] GET /allocations/14c5d74d-ae96-4510-bfe4-b2eabbd6ea3d => generated 258 bytes in 14 msecs (HTTP/1.1 200) 8 headers in 296 bytes (1 switches on core 0)
2026-07-08 22:49:52.071 8 INFO placement.requestlog [req-a353e70c-7e5e-4a55-9893-6f5a18c41e3d req-e0e63d32-b310-4445-a7d6-03c2ca2f3a75 5ee91f64f95e468dbd979d8233797c25 5f0036a912b742d9ba64a0dd1c7bfc0a - - 560e720f65e44c67a0952ca195aab93b 560e720f65e44c67a0952ca195aab93b] 199.19.213.30 "DELETE /allocations/14c5d74d-ae96-4510-bfe4-b2eabbd6ea3d" status: 204 len: 0 microversion: 1.0 [pid: 8|app: 0|req: 433/868] 199.19.213.30 () {34 vars in 840 bytes} [Wed Jul 8 22:49:52 2026] DELETE /allocations/14c5d74d-ae96-4510-bfe4-b2eabbd6ea3d => generated 0 bytes in 33 msecs (HTTP/1.1 204) 5 headers in 198 bytes (1 switches on core 0)
2026-07-08 22:49:56.482 7 INFO placement.requestlog [None req-f5553bb7-b6e2-4e10-8c28-54ddc88d95ea - - - - - -] 10.0.0.73 "GET /" status: 200 len: 136 microversion: 1.0
2026-07-08 22:49:56.482 8 INFO placement.requestlog [None req-12fa63b7-9327-42c7-81cf-a6d45b26afa6 - - - - - -] 10.0.0.73 "GET /" status: 200 len: 136 microversion: 1.0
2026-07-08 22:49:59.624 7 INFO placement.requestlog [None req-4b2c46d9-c05e-453a-9ddf-9f7e00730491 1d60b9cff94c48fc8b816e254fcdfba7 5f0036a912b742d9ba64a0dd1c7bfc0a - - 560e720f65e44c67a0952ca195aab93b 560e720f65e44c67a0952ca195aab93b] 10.0.0.35 "GET /resource_providers/9e2b74c2-2704-4ffc-9a60-c10d9de7fa94/aggregates" status: 404 len: 235 microversion: 1.1 [pid: 7|app: 0|req: 437/871] 10.0.0.35 () {32 vars in 815 bytes} [Wed Jul 8 22:49:59 2026] GET /resource_providers/9e2b74c2-2704-4ffc-9a60-c10d9de7fa94/aggregates => generated 235 bytes in 9 msecs (HTTP/1.1 404) 5 headers in 202 bytes (1 switches on core 0)
2026-07-08 22:49:59.628 8 INFO placement.requestlog [None req-3ec53efd-47fb-4a26-9d0e-92b8dadd6038 1d60b9cff94c48fc8b816e254fcdfba7 5f0036a912b742d9ba64a0dd1c7bfc0a - - 560e720f65e44c67a0952ca195aab93b 560e720f65e44c67a0952ca195aab93b] 10.0.0.35 "GET /resource_providers/9e2b74c2-2704-4ffc-9a60-c10d9de7fa94/aggregates" status: 404 len: 235 microversion: 1.1 [pid: 8|app: 0|req: 435/872] 10.0.0.35 () {32 vars in 815 bytes} [Wed Jul 8 22:49:59 2026] GET /resource_providers/9e2b74c2-2704-4ffc-9a60-c10d9de7fa94/aggregates => generated 235 bytes in 11 msecs (HTTP/1.1 404) 5 headers in 202 bytes (1 switches on core 0)
2026-07-08 22:49:59.663 8 INFO placement.requestlog [None req-8a65c62a-b88b-4b65-8bd8-601b20bbae1e 1d60b9cff94c48fc8b816e254fcdfba7 5f0036a912b742d9ba64a0dd1c7bfc0a - - 560e720f65e44c67a0952ca195aab93b 560e720f65e44c67a0952ca195aab93b] 10.0.0.35 "DELETE /resource_providers/9e2b74c2-2704-4ffc-9a60-c10d9de7fa94" status: 404 len: 246 microversion: 1.1 [pid: 8|app: 0|req: 436/873] 10.0.0.35 () {34 vars in 815 bytes} [Wed Jul 8 22:49:59 2026] DELETE /resource_providers/9e2b74c2-2704-4ffc-9a60-c10d9de7fa94 => generated 246 bytes in 18 msecs (HTTP/1.1 404) 6 headers in 231 bytes (1 switches on core 0)
2026-07-08 22:49:59.669 7 INFO placement.requestlog [None req-dd6616b8-fdab-4e0e-ad5d-0a1fb6722a31 1d60b9cff94c48fc8b816e254fcdfba7 5f0036a912b742d9ba64a0dd1c7bfc0a - - 560e720f65e44c67a0952ca195aab93b 560e720f65e44c67a0952ca195aab93b] 10.0.0.35 "DELETE /resource_providers/9e2b74c2-2704-4ffc-9a60-c10d9de7fa94" status: 404 len: 246 microversion: 1.1 [pid: 7|app: 0|req: 438/874] 10.0.0.35 () {34 vars in 815 bytes} [Wed Jul 8 22:49:59 2026] DELETE /resource_providers/9e2b74c2-2704-4ffc-9a60-c10d9de7fa94 => generated 246 bytes in 25 msecs (HTTP/1.1 404) 6 headers in 231 bytes (1 switches on core 0)
2026-07-08 22:50:02.511 8 INFO placement.requestlog [req-6ae635f6-97fe-4bb7-84dc-d0f33d7e0458 req-16a71e42-21d8-46f0-a938-7dc651252ca3 5ee91f64f95e468dbd979d8233797c25 5f0036a912b742d9ba64a0dd1c7bfc0a - - 560e720f65e44c67a0952ca195aab93b 560e720f65e44c67a0952ca195aab93b] 10.0.0.40 "GET /allocation_candidates?limit=1000&resources=DISK_GB%3A1%2CMEMORY_MB%3A512%2CVCPU%3A1&root_required=%21COMPUTE_STATUS_DISABLED" status: 200 len: 2642 microversion: 1.36 [pid: 8|app: 0|req: 437/875] 10.0.0.40 () {34 vars in 1011 bytes} [Wed Jul 8 22:50:02 2026] GET /allocation_candidates?limit=1000&resources=DISK_GB%3A1%2CMEMORY_MB%3A512%2CVCPU%3A1&root_required=%21COMPUTE_STATUS_DISABLED => generated 2642 bytes in 51 msecs (HTTP/1.1 200) 8 headers in 297 bytes (1 switches on core 0)
2026-07-08 22:50:02.544 7 INFO placement.requestlog [req-6ae635f6-97fe-4bb7-84dc-d0f33d7e0458 req-7a8cd552-bf5d-4bc8-a3e0-28c8835feb58 5ee91f64f95e468dbd979d8233797c25 5f0036a912b742d9ba64a0dd1c7bfc0a - - 560e720f65e44c67a0952ca195aab93b 560e720f65e44c67a0952ca195aab93b] 10.0.0.40 "GET /allocations/2ac426a8-6899-4262-80fd-4aa0b6eb3c64" status: 200 len: 19 microversion: 1.28 [pid: 7|app: 0|req: 439/876] 10.0.0.40 () {34 vars in 860 bytes} [Wed Jul 8 22:50:02 2026] GET /allocations/2ac426a8-6899-4262-80fd-4aa0b6eb3c64 => generated 19 bytes in 14 msecs (HTTP/1.1 200) 8 headers in 295 bytes (1 switches on core 0)
2026-07-08 22:50:02.623 8 INFO placement.requestlog [req-6ae635f6-97fe-4bb7-84dc-d0f33d7e0458 req-f2bf2d70-2945-46ce-b39a-fad512378f9d 5ee91f64f95e468dbd979d8233797c25 5f0036a912b742d9ba64a0dd1c7bfc0a - - 560e720f65e44c67a0952ca195aab93b 560e720f65e44c67a0952ca195aab93b] 10.0.0.40 "PUT /allocations/2ac426a8-6899-4262-80fd-4aa0b6eb3c64" status: 204 len: 0 microversion: 1.36 [pid: 8|app: 0|req: 438/877] 10.0.0.40 () {38 vars in 913 bytes} [Wed Jul 8 22:50:02 2026] PUT /allocations/2ac426a8-6899-4262-80fd-4aa0b6eb3c64 => generated 0 bytes in 72 msecs (HTTP/1.1 204) 5 headers in 199 bytes (1 switches on core 0)
2026-07-08 22:50:04.344 7 INFO placement.requestlog [req-6ae635f6-97fe-4bb7-84dc-d0f33d7e0458 req-61b4e44e-8039-4ac6-b4df-427d6e35b165 5ee91f64f95e468dbd979d8233797c25 5f0036a912b742d9ba64a0dd1c7bfc0a - - 560e720f65e44c67a0952ca195aab93b 560e720f65e44c67a0952ca195aab93b] 199.19.213.30 "GET /allocations/2ac426a8-6899-4262-80fd-4aa0b6eb3c64" status: 200 len: 258 microversion: 1.28 [pid: 7|app: 0|req: 440/878] 199.19.213.30 () {34 vars in 862 bytes} [Wed Jul 8 22:50:04 2026] GET /allocations/2ac426a8-6899-4262-80fd-4aa0b6eb3c64 => generated 258 bytes in 211 msecs (HTTP/1.1 200) 8 headers in 296 bytes (1 switches on core 0)
2026-07-08 22:50:04.825 8 INFO placement.requestlog [req-cac75fa7-2aca-4cc0-adbf-4141afa033b2 req-16e7e8d6-e59f-4a62-9ba6-11439b3f42b2 5ee91f64f95e468dbd979d8233797c25 5f0036a912b742d9ba64a0dd1c7bfc0a - - 560e720f65e44c67a0952ca195aab93b 560e720f65e44c67a0952ca195aab93b] 10.0.0.40 "GET /allocation_candidates?limit=1000&resources=DISK_GB%3A1%2CMEMORY_MB%3A512%2CVCPU%3A1&root_required=%21COMPUTE_STATUS_DISABLED" status: 200 len: 2643 microversion: 1.36 [pid: 8|app: 0|req: 439/879] 10.0.0.40 () {34 vars in 1011 bytes} [Wed Jul 8 22:50:04 2026] GET /allocation_candidates?limit=1000&resources=DISK_GB%3A1%2CMEMORY_MB%3A512%2CVCPU%3A1&root_required=%21COMPUTE_STATUS_DISABLED => generated 2643 bytes in 41 msecs (HTTP/1.1 200) 8 headers in 297 bytes (1 switches on core 0)
2026-07-08 22:50:04.869 7 INFO placement.requestlog [req-cac75fa7-2aca-4cc0-adbf-4141afa033b2 req-379dcecc-f40f-4791-81b3-34df480435a2 5ee91f64f95e468dbd979d8233797c25 5f0036a912b742d9ba64a0dd1c7bfc0a - - 560e720f65e44c67a0952ca195aab93b 560e720f65e44c67a0952ca195aab93b] 10.0.0.40 "GET /allocations/d887cd3e-05ee-4178-bb9f-593b41141f26" status: 200 len: 19 microversion: 1.28 [pid: 7|app: 0|req: 441/880] 10.0.0.40 () {34 vars in 860 bytes} [Wed Jul 8 22:50:04 2026] GET /allocations/d887cd3e-05ee-4178-bb9f-593b41141f26 => generated 19 bytes in 26 msecs (HTTP/1.1 200) 8 headers in 295 bytes (1 switches on core 0)
2026-07-08 22:50:04.932 8 INFO placement.requestlog [req-cac75fa7-2aca-4cc0-adbf-4141afa033b2 req-95772ce8-9495-4a86-88a6-9e4dd0a85010 5ee91f64f95e468dbd979d8233797c25 5f0036a912b742d9ba64a0dd1c7bfc0a - - 560e720f65e44c67a0952ca195aab93b 560e720f65e44c67a0952ca195aab93b] 10.0.0.40 "PUT /allocations/d887cd3e-05ee-4178-bb9f-593b41141f26" status: 204 len: 0 microversion: 1.36 [pid: 8|app: 0|req: 440/881] 10.0.0.40 () {38 vars in 913 bytes} [Wed Jul 8 22:50:04 2026] PUT /allocations/d887cd3e-05ee-4178-bb9f-593b41141f26 => generated 0 bytes in 57 msecs (HTTP/1.1 204) 5 headers in 199 bytes (1 switches on core 0)
2026-07-08 22:50:05.385 7 INFO placement.requestlog [req-6ae635f6-97fe-4bb7-84dc-d0f33d7e0458 req-bbb30a90-2cdd-44fa-a266-c2ab1a65a014 5ee91f64f95e468dbd979d8233797c25 5f0036a912b742d9ba64a0dd1c7bfc0a - - 560e720f65e44c67a0952ca195aab93b 560e720f65e44c67a0952ca195aab93b] 199.19.213.30 "GET /resource_providers?in_tree=a05c2b3d-ae28-4e44-8947-273fa6be5f6e" status: 200 len: 798 microversion: 1.14 [pid: 7|app: 0|req: 442/882] 199.19.213.30 () {34 vars in 891 bytes} [Wed Jul 8 22:50:05 2026] GET /resource_providers?in_tree=a05c2b3d-ae28-4e44-8947-273fa6be5f6e => generated 798 bytes in 14 msecs (HTTP/1.1 200) 6 headers in 225 bytes (1 switches on core 0)
2026-07-08 22:50:05.410 8 INFO placement.requestlog [req-6ae635f6-97fe-4bb7-84dc-d0f33d7e0458 req-d232a66f-53d7-48d4-9981-0f590ab6b3ea 5ee91f64f95e468dbd979d8233797c25 5f0036a912b742d9ba64a0dd1c7bfc0a - - 560e720f65e44c67a0952ca195aab93b 560e720f65e44c67a0952ca195aab93b] 199.19.213.30 "GET /resource_providers/a05c2b3d-ae28-4e44-8947-273fa6be5f6e/inventories" status: 200 len: 401 microversion: 1.0 [pid: 8|app: 0|req: 441/883] 199.19.213.30 () {32 vars in 856 bytes} [Wed Jul 8 22:50:05 2026] GET /resource_providers/a05c2b3d-ae28-4e44-8947-273fa6be5f6e/inventories => generated 401 bytes in 18 msecs (HTTP/1.1 200) 6 headers in 224 bytes (1 switches on core 0)
2026-07-08 22:50:05.432 7 INFO placement.requestlog [req-6ae635f6-97fe-4bb7-84dc-d0f33d7e0458 req-94d1fa72-663c-4514-8668-20fadb01c401 5ee91f64f95e468dbd979d8233797c25 5f0036a912b742d9ba64a0dd1c7bfc0a - - 560e720f65e44c67a0952ca195aab93b 560e720f65e44c67a0952ca195aab93b] 199.19.213.30 "GET /resource_providers/a05c2b3d-ae28-4e44-8947-273fa6be5f6e/aggregates" status: 200 len: 54 microversion: 1.19 [pid: 7|app: 0|req: 443/884] 199.19.213.30 () {34 vars in 898 bytes} [Wed Jul 8 22:50:05 2026] GET /resource_providers/a05c2b3d-ae28-4e44-8947-273fa6be5f6e/aggregates => generated 54 bytes in 14 msecs (HTTP/1.1 200) 8 headers in 295 bytes (1 switches on core 0)
2026-07-08 22:50:05.457 8 INFO placement.requestlog [req-6ae635f6-97fe-4bb7-84dc-d0f33d7e0458 req-f8b0e7e8-0c83-4ce6-9544-78835af9fecc 5ee91f64f95e468dbd979d8233797c25 5f0036a912b742d9ba64a0dd1c7bfc0a - - 560e720f65e44c67a0952ca195aab93b 560e720f65e44c67a0952ca195aab93b] 199.19.213.30 "GET /resource_providers/a05c2b3d-ae28-4e44-8947-273fa6be5f6e/traits" status: 200 len: 2176 microversion: 1.6 [pid: 8|app: 0|req: 442/885] 199.19.213.30 () {34 vars in 889 bytes} [Wed Jul 8 22:50:05 2026] GET /resource_providers/a05c2b3d-ae28-4e44-8947-273fa6be5f6e/traits => generated 2176 bytes in 19 msecs (HTTP/1.1 200) 6 headers in 225 bytes (1 switches on core 0)
2026-07-08 22:50:05.480 7 INFO placement.requestlog [req-6ae635f6-97fe-4bb7-84dc-d0f33d7e0458 req-65235178-9f4a-4b59-84bb-21958f5fe175 5ee91f64f95e468dbd979d8233797c25 5f0036a912b742d9ba64a0dd1c7bfc0a - - 560e720f65e44c67a0952ca195aab93b 560e720f65e44c67a0952ca195aab93b] 199.19.213.30 "GET /resource_providers/a05c2b3d-ae28-4e44-8947-273fa6be5f6e/allocations" status: 200 len: 353 microversion: 1.0 [pid: 7|app: 0|req: 444/886] 199.19.213.30 () {32 vars in 856 bytes} [Wed Jul 8 22:50:05 2026] GET /resource_providers/a05c2b3d-ae28-4e44-8947-273fa6be5f6e/allocations => generated 353 bytes in 15 msecs (HTTP/1.1 200) 6 headers in 224 bytes (1 switches on core 0)
2026-07-08 22:50:05.499 8 INFO placement.requestlog [req-6ae635f6-97fe-4bb7-84dc-d0f33d7e0458 req-34c9ce29-5efa-40ce-aabc-9503c3c00191 5ee91f64f95e468dbd979d8233797c25 5f0036a912b742d9ba64a0dd1c7bfc0a - - 560e720f65e44c67a0952ca195aab93b 560e720f65e44c67a0952ca195aab93b] 199.19.213.30 "GET /allocations/2ac426a8-6899-4262-80fd-4aa0b6eb3c64" status: 200 len: 258 microversion: 1.28 [pid: 8|app: 0|req: 443/887] 199.19.213.30 () {34 vars in 862 bytes} [Wed Jul 8 22:50:05 2026] GET /allocations/2ac426a8-6899-4262-80fd-4aa0b6eb3c64 => generated 258 bytes in 13 msecs (HTTP/1.1 200) 8 headers in 296 bytes (1 switches on core 0)
2026-07-08 22:50:05.515 7 INFO placement.requestlog [req-6ae635f6-97fe-4bb7-84dc-d0f33d7e0458 req-dd15f868-aeaa-4552-b5ea-72c92f375c77 5ee91f64f95e468dbd979d8233797c25 5f0036a912b742d9ba64a0dd1c7bfc0a - - 560e720f65e44c67a0952ca195aab93b 560e720f65e44c67a0952ca195aab93b] 199.19.213.30 "GET /allocations/d887cd3e-05ee-4178-bb9f-593b41141f26" status: 200 len: 258 microversion: 1.28 [pid: 7|app: 0|req: 445/888] 199.19.213.30 () {34 vars in 862 bytes} [Wed Jul 8 22:50:05 2026] GET /allocations/d887cd3e-05ee-4178-bb9f-593b41141f26 => generated 258 bytes in 10 msecs (HTTP/1.1 200) 8 headers in 296 bytes (1 switches on core 0)
2026-07-08 22:50:05.533 8 INFO placement.requestlog [req-6ae635f6-97fe-4bb7-84dc-d0f33d7e0458 req-b4ba7af6-8197-43a0-818b-bdfa55fc3637 5ee91f64f95e468dbd979d8233797c25 5f0036a912b742d9ba64a0dd1c7bfc0a - - 560e720f65e44c67a0952ca195aab93b 560e720f65e44c67a0952ca195aab93b] 199.19.213.30 "GET /allocations/bf91acb4-6046-4b55-830c-f2e2af0801d8" status: 200 len: 258 microversion: 1.28 [pid: 8|app: 0|req: 444/889] 199.19.213.30 () {34 vars in 862 bytes} [Wed Jul 8 22:50:05 2026] GET /allocations/bf91acb4-6046-4b55-830c-f2e2af0801d8 => generated 258 bytes in 14 msecs (HTTP/1.1 200) 8 headers in 296 bytes (1 switches on core 0)
2026-07-08 22:50:06.428 7 INFO placement.requestlog [req-cac75fa7-2aca-4cc0-adbf-4141afa033b2 req-665735c1-7c29-44e5-b081-5d3e4d852e69 5ee91f64f95e468dbd979d8233797c25 5f0036a912b742d9ba64a0dd1c7bfc0a - - 560e720f65e44c67a0952ca195aab93b 560e720f65e44c67a0952ca195aab93b] 199.19.213.30 "GET /allocations/d887cd3e-05ee-4178-bb9f-593b41141f26" status: 200 len: 258 microversion: 1.28 [pid: 7|app: 0|req: 446/890] 199.19.213.30 () {34 vars in 862 bytes} [Wed Jul 8 22:50:06 2026] GET /allocations/d887cd3e-05ee-4178-bb9f-593b41141f26 => generated 258 bytes in 15 msecs (HTTP/1.1 200) 8 headers in 296 bytes (1 switches on core 0)
2026-07-08 22:50:06.482 7 INFO placement.requestlog [None req-ad7370a8-82b9-46ba-903b-bec18182fd47 - - - - - -] 10.0.0.73 "GET /" status: 200 len: 136 microversion: 1.0
2026-07-08 22:50:06.482 8 INFO placement.requestlog [None req-8df2151a-56ae-4e7d-9338-a3577694ecf6 - - - - - -] 10.0.0.73 "GET /" status: 200 len: 136 microversion: 1.0
2026-07-08 22:50:07.616 7 INFO placement.requestlog [req-cac75fa7-2aca-4cc0-adbf-4141afa033b2 req-d0b70430-413b-4dd5-b6a9-0e6ffa564ff8 5ee91f64f95e468dbd979d8233797c25 5f0036a912b742d9ba64a0dd1c7bfc0a - - 560e720f65e44c67a0952ca195aab93b 560e720f65e44c67a0952ca195aab93b] 199.19.213.30 "GET /resource_providers/a05c2b3d-ae28-4e44-8947-273fa6be5f6e/allocations" status: 200 len: 353 microversion: 1.0 [pid: 7|app: 0|req: 448/893] 199.19.213.30 () {32 vars in 856 bytes} [Wed Jul 8 22:50:07 2026] GET /resource_providers/a05c2b3d-ae28-4e44-8947-273fa6be5f6e/allocations => generated 353 bytes in 29 msecs (HTTP/1.1 200) 6 headers in 224 bytes (1 switches on core 0)
2026-07-08 22:50:07.653 8 INFO placement.requestlog [req-cac75fa7-2aca-4cc0-adbf-4141afa033b2 req-61867f9f-be46-4b88-a4a7-8990c7eb8d26 5ee91f64f95e468dbd979d8233797c25 5f0036a912b742d9ba64a0dd1c7bfc0a - - 560e720f65e44c67a0952ca195aab93b 560e720f65e44c67a0952ca195aab93b] 199.19.213.30 "GET /allocations/2ac426a8-6899-4262-80fd-4aa0b6eb3c64" status: 200 len: 258 microversion: 1.28 [pid: 8|app: 0|req: 446/894] 199.19.213.30 () {34 vars in 862 bytes} [Wed Jul 8 22:50:07 2026] GET /allocations/2ac426a8-6899-4262-80fd-4aa0b6eb3c64 => generated 258 bytes in 23 msecs (HTTP/1.1 200) 8 headers in 296 bytes (1 switches on core 0)
2026-07-08 22:50:07.678 7 INFO placement.requestlog [req-cac75fa7-2aca-4cc0-adbf-4141afa033b2 req-48825210-febc-4ca8-8f3a-6930d94fbcc4 5ee91f64f95e468dbd979d8233797c25 5f0036a912b742d9ba64a0dd1c7bfc0a - - 560e720f65e44c67a0952ca195aab93b 560e720f65e44c67a0952ca195aab93b] 199.19.213.30 "GET /allocations/d887cd3e-05ee-4178-bb9f-593b41141f26" status: 200 len: 258 microversion: 1.28 [pid: 7|app: 0|req: 449/895] 199.19.213.30 () {34 vars in 862 bytes} [Wed Jul 8 22:50:07 2026] GET /allocations/d887cd3e-05ee-4178-bb9f-593b41141f26 => generated 258 bytes in 16 msecs (HTTP/1.1 200) 8 headers in 296 bytes (1 switches on core 0)
2026-07-08 22:50:07.701 8 INFO placement.requestlog [req-cac75fa7-2aca-4cc0-adbf-4141afa033b2 req-e0bb399b-cbab-4834-9d46-f7426838065e 5ee91f64f95e468dbd979d8233797c25 5f0036a912b742d9ba64a0dd1c7bfc0a - - 560e720f65e44c67a0952ca195aab93b 560e720f65e44c67a0952ca195aab93b] 199.19.213.30 "GET /allocations/bf91acb4-6046-4b55-830c-f2e2af0801d8" status: 200 len: 258 microversion: 1.28 [pid: 8|app: 0|req: 447/896] 199.19.213.30 () {34 vars in 862 bytes} [Wed Jul 8 22:50:07 2026] GET /allocations/bf91acb4-6046-4b55-830c-f2e2af0801d8 => generated 258 bytes in 18 msecs (HTTP/1.1 200) 8 headers in 296 bytes (1 switches on core 0)
2026-07-08 22:50:09.928 7 INFO placement.requestlog [req-a2f907e7-5ed3-4970-88cb-f1415f50384a req-a716b4ee-8384-4c4a-b105-39dc06ac5dcc 5ee91f64f95e468dbd979d8233797c25 5f0036a912b742d9ba64a0dd1c7bfc0a - - 560e720f65e44c67a0952ca195aab93b 560e720f65e44c67a0952ca195aab93b] 199.19.213.30 "GET /resource_providers/a05c2b3d-ae28-4e44-8947-273fa6be5f6e/allocations" status: 200 len: 353 microversion: 1.0 [pid: 7|app: 0|req: 450/897] 199.19.213.30 () {32 vars in 856 bytes} [Wed Jul 8 22:50:09 2026] GET /resource_providers/a05c2b3d-ae28-4e44-8947-273fa6be5f6e/allocations => generated 353 bytes in 41 msecs (HTTP/1.1 200) 6 headers in 224 bytes (1 switches on core 0)
2026-07-08 22:50:09.962 8 INFO placement.requestlog [req-a2f907e7-5ed3-4970-88cb-f1415f50384a req-39722fcc-ce9a-4432-96ef-dc33726a14aa 5ee91f64f95e468dbd979d8233797c25 5f0036a912b742d9ba64a0dd1c7bfc0a - - 560e720f65e44c67a0952ca195aab93b 560e720f65e44c67a0952ca195aab93b] 199.19.213.30 "GET /resource_providers/a05c2b3d-ae28-4e44-8947-273fa6be5f6e/allocations" status: 200 len: 353 microversion: 1.0 [pid: 8|app: 0|req: 448/898] 199.19.213.30 () {32 vars in 856 bytes} [Wed Jul 8 22:50:09 2026] GET /resource_providers/a05c2b3d-ae28-4e44-8947-273fa6be5f6e/allocations => generated 353 bytes in 25 msecs (HTTP/1.1 200) 6 headers in 224 bytes (1 switches on core 0)
2026-07-08 22:50:09.983 7 INFO placement.requestlog [req-a2f907e7-5ed3-4970-88cb-f1415f50384a req-fda7425f-a61e-45f2-82d8-a801c4dd53b4 5ee91f64f95e468dbd979d8233797c25 5f0036a912b742d9ba64a0dd1c7bfc0a - - 560e720f65e44c67a0952ca195aab93b 560e720f65e44c67a0952ca195aab93b] 199.19.213.30 "GET /allocations/2ac426a8-6899-4262-80fd-4aa0b6eb3c64" status: 200 len: 258 microversion: 1.28 [pid: 7|app: 0|req: 451/899] 199.19.213.30 () {34 vars in 862 bytes} [Wed Jul 8 22:50:09 2026] GET /allocations/2ac426a8-6899-4262-80fd-4aa0b6eb3c64 => generated 258 bytes in 14 msecs (HTTP/1.1 200) 8 headers in 296 bytes (1 switches on core 0)
2026-07-08 22:50:10.001 8 INFO placement.requestlog [req-a2f907e7-5ed3-4970-88cb-f1415f50384a req-98a00db3-5234-4feb-81f6-dadf7b1e15c7 5ee91f64f95e468dbd979d8233797c25 5f0036a912b742d9ba64a0dd1c7bfc0a - - 560e720f65e44c67a0952ca195aab93b 560e720f65e44c67a0952ca195aab93b] 199.19.213.30 "GET /allocations/d887cd3e-05ee-4178-bb9f-593b41141f26" status: 200 len: 258 microversion: 1.28 [pid: 8|app: 0|req: 449/900] 199.19.213.30 () {34 vars in 862 bytes} [Wed Jul 8 22:50:09 2026] GET /allocations/d887cd3e-05ee-4178-bb9f-593b41141f26 => generated 258 bytes in 13 msecs (HTTP/1.1 200) 8 headers in 296 bytes (1 switches on core 0)
2026-07-08 22:50:10.023 7 INFO placement.requestlog [req-a2f907e7-5ed3-4970-88cb-f1415f50384a req-921e2de5-a9e4-433c-b6a0-4538a9184799 5ee91f64f95e468dbd979d8233797c25 5f0036a912b742d9ba64a0dd1c7bfc0a - - 560e720f65e44c67a0952ca195aab93b 560e720f65e44c67a0952ca195aab93b] 199.19.213.30 "GET /allocations/bf91acb4-6046-4b55-830c-f2e2af0801d8" status: 200 len: 258 microversion: 1.28 [pid: 7|app: 0|req: 452/901] 199.19.213.30 () {34 vars in 862 bytes} [Wed Jul 8 22:50:10 2026] GET /allocations/bf91acb4-6046-4b55-830c-f2e2af0801d8 => generated 258 bytes in 13 msecs (HTTP/1.1 200) 8 headers in 296 bytes (1 switches on core 0)
2026-07-08 22:50:13.708 7 INFO placement.requestlog [None req-ec54537f-4387-4c60-8a50-0601c59de4a3 1d60b9cff94c48fc8b816e254fcdfba7 5f0036a912b742d9ba64a0dd1c7bfc0a - - 560e720f65e44c67a0952ca195aab93b 560e720f65e44c67a0952ca195aab93b] 10.0.0.35 "GET /resource_providers/55a5a65f-7591-43d3-8ce6-36c0c231bfa1/aggregates" status: 404 len: 235 microversion: 1.1 [pid: 7|app: 0|req: 453/902] 10.0.0.35 () {32 vars in 815 bytes} [Wed Jul 8 22:50:13 2026] GET /resource_providers/55a5a65f-7591-43d3-8ce6-36c0c231bfa1/aggregates => generated 235 bytes in 6 msecs (HTTP/1.1 404) 5 headers in 202 bytes (1 switches on core 0)
2026-07-08 22:50:13.710 8 INFO placement.requestlog [None req-286d8655-6d05-4a33-980d-0e56e8f71d10 1d60b9cff94c48fc8b816e254fcdfba7 5f0036a912b742d9ba64a0dd1c7bfc0a - - 560e720f65e44c67a0952ca195aab93b 560e720f65e44c67a0952ca195aab93b] 10.0.0.35 "GET /resource_providers/55a5a65f-7591-43d3-8ce6-36c0c231bfa1/aggregates" status: 404 len: 235 microversion: 1.1 [pid: 8|app: 0|req: 450/903] 10.0.0.35 () {32 vars in 815 bytes} [Wed Jul 8 22:50:13 2026] GET /resource_providers/55a5a65f-7591-43d3-8ce6-36c0c231bfa1/aggregates => generated 235 bytes in 8 msecs (HTTP/1.1 404) 5 headers in 202 bytes (1 switches on core 0)
2026-07-08 22:50:13.730 8 INFO placement.requestlog [None req-d8d830b9-b044-4d00-b8b8-3ce0ba9554cc 1d60b9cff94c48fc8b816e254fcdfba7 5f0036a912b742d9ba64a0dd1c7bfc0a - - 560e720f65e44c67a0952ca195aab93b 560e720f65e44c67a0952ca195aab93b] 10.0.0.35 "DELETE /resource_providers/55a5a65f-7591-43d3-8ce6-36c0c231bfa1" status: 404 len: 246 microversion: 1.1 [pid: 8|app: 0|req: 451/904] 10.0.0.35 () {34 vars in 815 bytes} [Wed Jul 8 22:50:13 2026] DELETE /resource_providers/55a5a65f-7591-43d3-8ce6-36c0c231bfa1 => generated 246 bytes in 8 msecs (HTTP/1.1 404) 6 headers in 231 bytes (1 switches on core 0)
2026-07-08 22:50:13.731 7 INFO placement.requestlog [None req-50c7c1ee-845e-48bf-bc7e-28f8dd29ddec 1d60b9cff94c48fc8b816e254fcdfba7 5f0036a912b742d9ba64a0dd1c7bfc0a - - 560e720f65e44c67a0952ca195aab93b 560e720f65e44c67a0952ca195aab93b] 10.0.0.35 "DELETE /resource_providers/55a5a65f-7591-43d3-8ce6-36c0c231bfa1" status: 404 len: 246 microversion: 1.1 [pid: 7|app: 0|req: 454/905] 10.0.0.35 () {34 vars in 815 bytes} [Wed Jul 8 22:50:13 2026] DELETE /resource_providers/55a5a65f-7591-43d3-8ce6-36c0c231bfa1 => generated 246 bytes in 9 msecs (HTTP/1.1 404) 6 headers in 231 bytes (1 switches on core 0)
2026-07-08 22:50:14.064 8 INFO placement.requestlog [None req-7501d423-e63e-4f06-93f6-f359d386e375 1d60b9cff94c48fc8b816e254fcdfba7 5f0036a912b742d9ba64a0dd1c7bfc0a - - 560e720f65e44c67a0952ca195aab93b 560e720f65e44c67a0952ca195aab93b] 10.0.0.35 "GET /resource_providers/465c6d78-8b48-4943-abf4-72db71610869/aggregates" status: 404 len: 235 microversion: 1.1 [pid: 8|app: 0|req: 452/906] 10.0.0.35 () {32 vars in 815 bytes} [Wed Jul 8 22:50:14 2026] GET /resource_providers/465c6d78-8b48-4943-abf4-72db71610869/aggregates => generated 235 bytes in 13 msecs (HTTP/1.1 404) 5 headers in 202 bytes (1 switches on core 0)
2026-07-08 22:50:14.066 7 INFO placement.requestlog [None req-03955e69-4cea-4146-a9b1-5e85a1c3ade6 1d60b9cff94c48fc8b816e254fcdfba7 5f0036a912b742d9ba64a0dd1c7bfc0a - - 560e720f65e44c67a0952ca195aab93b 560e720f65e44c67a0952ca195aab93b] 10.0.0.35 "GET /resource_providers/465c6d78-8b48-4943-abf4-72db71610869/aggregates" status: 404 len: 235 microversion: 1.1 [pid: 7|app: 0|req: 455/907] 10.0.0.35 () {32 vars in 815 bytes} [Wed Jul 8 22:50:14 2026] GET /resource_providers/465c6d78-8b48-4943-abf4-72db71610869/aggregates => generated 235 bytes in 10 msecs (HTTP/1.1 404) 5 headers in 202 bytes (1 switches on core 0)
2026-07-08 22:50:14.090 8 INFO placement.requestlog [None req-deab6dc3-06fc-41e2-8536-ead5f5b9587a 1d60b9cff94c48fc8b816e254fcdfba7 5f0036a912b742d9ba64a0dd1c7bfc0a - - 560e720f65e44c67a0952ca195aab93b 560e720f65e44c67a0952ca195aab93b] 10.0.0.35 "DELETE /resource_providers/465c6d78-8b48-4943-abf4-72db71610869" status: 404 len: 246 microversion: 1.1 [pid: 8|app: 0|req: 453/908] 10.0.0.35 () {34 vars in 815 bytes} [Wed Jul 8 22:50:14 2026] DELETE /resource_providers/465c6d78-8b48-4943-abf4-72db71610869 => generated 246 bytes in 12 msecs (HTTP/1.1 404) 6 headers in 231 bytes (1 switches on core 0)
2026-07-08 22:50:14.094 7 INFO placement.requestlog [None req-53674884-86a7-4b8c-bb50-00847252108f 1d60b9cff94c48fc8b816e254fcdfba7 5f0036a912b742d9ba64a0dd1c7bfc0a - - 560e720f65e44c67a0952ca195aab93b 560e720f65e44c67a0952ca195aab93b] 10.0.0.35 "DELETE /resource_providers/465c6d78-8b48-4943-abf4-72db71610869" status: 404 len: 246 microversion: 1.1 [pid: 7|app: 0|req: 456/909] 10.0.0.35 () {34 vars in 815 bytes} [Wed Jul 8 22:50:14 2026] DELETE /resource_providers/465c6d78-8b48-4943-abf4-72db71610869 => generated 246 bytes in 15 msecs (HTTP/1.1 404) 6 headers in 231 bytes (1 switches on core 0)
2026-07-08 22:50:15.752 8 INFO placement.requestlog [None req-8f5958d1-5424-4e35-9d4e-0b7194e8f073 1d60b9cff94c48fc8b816e254fcdfba7 5f0036a912b742d9ba64a0dd1c7bfc0a - - 560e720f65e44c67a0952ca195aab93b 560e720f65e44c67a0952ca195aab93b] 10.0.0.35 "GET /resource_providers/c88cdc6c-cc55-4c0a-a61e-2e3b98ac5557/aggregates" status: 404 len: 235 microversion: 1.1 [pid: 8|app: 0|req: 454/910] 10.0.0.35 () {32 vars in 815 bytes} [Wed Jul 8 22:50:15 2026] GET /resource_providers/c88cdc6c-cc55-4c0a-a61e-2e3b98ac5557/aggregates => generated 235 bytes in 10 msecs (HTTP/1.1 404) 5 headers in 202 bytes (1 switches on core 0)
2026-07-08 22:50:15.753 7 INFO placement.requestlog [None req-bfeafeb5-6526-42e7-8c91-0513673cca60 1d60b9cff94c48fc8b816e254fcdfba7 5f0036a912b742d9ba64a0dd1c7bfc0a - - 560e720f65e44c67a0952ca195aab93b 560e720f65e44c67a0952ca195aab93b] 10.0.0.35 "GET /resource_providers/c88cdc6c-cc55-4c0a-a61e-2e3b98ac5557/aggregates" status: 404 len: 235 microversion: 1.1 [pid: 7|app: 0|req: 457/911] 10.0.0.35 () {32 vars in 815 bytes} [Wed Jul 8 22:50:15 2026] GET /resource_providers/c88cdc6c-cc55-4c0a-a61e-2e3b98ac5557/aggregates => generated 235 bytes in 11 msecs (HTTP/1.1 404) 5 headers in 202 bytes (1 switches on core 0)
2026-07-08 22:50:15.778 7 INFO placement.requestlog [None req-e2204eb2-8314-45a8-b7f2-fb7736ed2dc8 1d60b9cff94c48fc8b816e254fcdfba7 5f0036a912b742d9ba64a0dd1c7bfc0a - - 560e720f65e44c67a0952ca195aab93b 560e720f65e44c67a0952ca195aab93b] 10.0.0.35 "DELETE /resource_providers/c88cdc6c-cc55-4c0a-a61e-2e3b98ac5557" status: 404 len: 246 microversion: 1.1
2026-07-08 22:50:15.778 8 INFO placement.requestlog [None req-97da1906-9b62-4fd6-8d03-bc1f5be0c915 1d60b9cff94c48fc8b816e254fcdfba7 5f0036a912b742d9ba64a0dd1c7bfc0a - - 560e720f65e44c67a0952ca195aab93b 560e720f65e44c67a0952ca195aab93b] 10.0.0.35 "DELETE /resource_providers/c88cdc6c-cc55-4c0a-a61e-2e3b98ac5557" status: 404 len: 246 microversion: 1.1 [pid: 7|app: 0|req: 458/912] 10.0.0.35 () {34 vars in 815 bytes} [Wed Jul 8 22:50:15 2026] DELETE /resource_providers/c88cdc6c-cc55-4c0a-a61e-2e3b98ac5557 => generated 246 bytes in 10 msecs (HTTP/1.1 404) 6 headers in 231 bytes (1 switches on core 0) [pid: 8|app: 0|req: 455/913] 10.0.0.35 () {34 vars in 815 bytes} [Wed Jul 8 22:50:15 2026] DELETE /resource_providers/c88cdc6c-cc55-4c0a-a61e-2e3b98ac5557 => generated 246 bytes in 10 msecs (HTTP/1.1 404) 6 headers in 231 bytes (1 switches on core 0)
2026-07-08 22:50:16.482 7 INFO placement.requestlog [None req-bfea2bb5-c5d3-4b76-8022-6508c82faa88 - - - - - -] 10.0.0.73 "GET /" status: 200 len: 136 microversion: 1.0
2026-07-08 22:50:16.482 8 INFO placement.requestlog [None req-9e2ea0c2-b919-41bc-aaa6-07e96829c619 - - - - - -] 10.0.0.73 "GET /" status: 200 len: 136 microversion: 1.0
2026-07-08 22:50:21.057 8 INFO placement.requestlog [None req-5e14ee85-d006-49ee-8d5f-2fd90a02f446 1d60b9cff94c48fc8b816e254fcdfba7 5f0036a912b742d9ba64a0dd1c7bfc0a - - 560e720f65e44c67a0952ca195aab93b 560e720f65e44c67a0952ca195aab93b] 10.0.0.35 "GET /resource_providers/0d0c449a-fe0a-48ff-9e24-44198e5dcde9/aggregates" status: 404 len: 235 microversion: 1.1 [pid: 8|app: 0|req: 457/916] 10.0.0.35 () {32 vars in 815 bytes} [Wed Jul 8 22:50:21 2026] GET /resource_providers/0d0c449a-fe0a-48ff-9e24-44198e5dcde9/aggregates => generated 235 bytes in 25 msecs (HTTP/1.1 404) 5 headers in 202 bytes (1 switches on core 0)
2026-07-08 22:50:21.066 7 INFO placement.requestlog [None req-4ecf4aa3-dd03-4f9d-9fc9-139c792e8c2f 1d60b9cff94c48fc8b816e254fcdfba7 5f0036a912b742d9ba64a0dd1c7bfc0a - - 560e720f65e44c67a0952ca195aab93b 560e720f65e44c67a0952ca195aab93b] 10.0.0.35 "GET /resource_providers/0d0c449a-fe0a-48ff-9e24-44198e5dcde9/aggregates" status: 404 len: 235 microversion: 1.1 [pid: 7|app: 0|req: 460/917] 10.0.0.35 () {32 vars in 815 bytes} [Wed Jul 8 22:50:21 2026] GET /resource_providers/0d0c449a-fe0a-48ff-9e24-44198e5dcde9/aggregates => generated 235 bytes in 37 msecs (HTTP/1.1 404) 5 headers in 202 bytes (1 switches on core 0)
2026-07-08 22:50:21.090 8 INFO placement.requestlog [None req-b1d854dc-e108-4323-8f96-6f7d7062382c 1d60b9cff94c48fc8b816e254fcdfba7 5f0036a912b742d9ba64a0dd1c7bfc0a - - 560e720f65e44c67a0952ca195aab93b 560e720f65e44c67a0952ca195aab93b] 10.0.0.35 "DELETE /resource_providers/0d0c449a-fe0a-48ff-9e24-44198e5dcde9" status: 404 len: 246 microversion: 1.1 [pid: 8|app: 0|req: 458/918] 10.0.0.35 () {34 vars in 815 bytes} [Wed Jul 8 22:50:21 2026] DELETE /resource_providers/0d0c449a-fe0a-48ff-9e24-44198e5dcde9 => generated 246 bytes in 10 msecs (HTTP/1.1 404) 6 headers in 231 bytes (1 switches on core 0)
2026-07-08 22:50:21.092 7 INFO placement.requestlog [None req-c21f5506-f1be-4bc7-9c02-8e93405f7294 1d60b9cff94c48fc8b816e254fcdfba7 5f0036a912b742d9ba64a0dd1c7bfc0a - - 560e720f65e44c67a0952ca195aab93b 560e720f65e44c67a0952ca195aab93b] 10.0.0.35 "DELETE /resource_providers/0d0c449a-fe0a-48ff-9e24-44198e5dcde9" status: 404 len: 246 microversion: 1.1 [pid: 7|app: 0|req: 461/919] 10.0.0.35 () {34 vars in 815 bytes} [Wed Jul 8 22:50:21 2026] DELETE /resource_providers/0d0c449a-fe0a-48ff-9e24-44198e5dcde9 => generated 246 bytes in 12 msecs (HTTP/1.1 404) 6 headers in 231 bytes (1 switches on core 0)
2026-07-08 22:50:21.495 7 INFO placement.requestlog [None req-39100829-b35f-45f7-8c6e-4f4bb83ed379 1d60b9cff94c48fc8b816e254fcdfba7 5f0036a912b742d9ba64a0dd1c7bfc0a - - 560e720f65e44c67a0952ca195aab93b 560e720f65e44c67a0952ca195aab93b] 10.0.0.35 "GET /resource_providers/d6994e60-6c48-404a-8174-0ec62401053d/aggregates" status: 404 len: 235 microversion: 1.1 [pid: 7|app: 0|req: 462/920] 10.0.0.35 () {32 vars in 815 bytes} [Wed Jul 8 22:50:21 2026] GET /resource_providers/d6994e60-6c48-404a-8174-0ec62401053d/aggregates => generated 235 bytes in 7 msecs (HTTP/1.1 404) 5 headers in 202 bytes (1 switches on core 0)
2026-07-08 22:50:21.502 8 INFO placement.requestlog [None req-0739ac1e-4188-4f07-85bd-664c09152675 1d60b9cff94c48fc8b816e254fcdfba7 5f0036a912b742d9ba64a0dd1c7bfc0a - - 560e720f65e44c67a0952ca195aab93b 560e720f65e44c67a0952ca195aab93b] 10.0.0.35 "GET /resource_providers/d6994e60-6c48-404a-8174-0ec62401053d/aggregates" status: 404 len: 235 microversion: 1.1 [pid: 8|app: 0|req: 459/921] 10.0.0.35 () {32 vars in 815 bytes} [Wed Jul 8 22:50:21 2026] GET /resource_providers/d6994e60-6c48-404a-8174-0ec62401053d/aggregates => generated 235 bytes in 15 msecs (HTTP/1.1 404) 5 headers in 202 bytes (1 switches on core 0)
2026-07-08 22:50:21.520 7 INFO placement.requestlog [None req-9b67943d-d5ec-44b6-94c6-c4e052efecaa 1d60b9cff94c48fc8b816e254fcdfba7 5f0036a912b742d9ba64a0dd1c7bfc0a - - 560e720f65e44c67a0952ca195aab93b 560e720f65e44c67a0952ca195aab93b] 10.0.0.35 "DELETE /resource_providers/d6994e60-6c48-404a-8174-0ec62401053d" status: 404 len: 246 microversion: 1.1 [pid: 7|app: 0|req: 463/922] 10.0.0.35 () {34 vars in 815 bytes} [Wed Jul 8 22:50:21 2026] DELETE /resource_providers/d6994e60-6c48-404a-8174-0ec62401053d => generated 246 bytes in 10 msecs (HTTP/1.1 404) 6 headers in 231 bytes (1 switches on core 0)
2026-07-08 22:50:21.525 8 INFO placement.requestlog [None req-69839505-e03f-48fa-9c80-97a0edc6697d 1d60b9cff94c48fc8b816e254fcdfba7 5f0036a912b742d9ba64a0dd1c7bfc0a - - 560e720f65e44c67a0952ca195aab93b 560e720f65e44c67a0952ca195aab93b] 10.0.0.35 "DELETE /resource_providers/d6994e60-6c48-404a-8174-0ec62401053d" status: 404 len: 246 microversion: 1.1 [pid: 8|app: 0|req: 460/923] 10.0.0.35 () {34 vars in 815 bytes} [Wed Jul 8 22:50:21 2026] DELETE /resource_providers/d6994e60-6c48-404a-8174-0ec62401053d => generated 246 bytes in 14 msecs (HTTP/1.1 404) 6 headers in 231 bytes (1 switches on core 0)
2026-07-08 22:50:21.793 7 INFO placement.requestlog [req-a25eaeeb-49d6-4cde-8a89-303b3fa2f4bf req-98704882-5b33-47f1-bd3b-4d2e17f8c205 5ee91f64f95e468dbd979d8233797c25 5f0036a912b742d9ba64a0dd1c7bfc0a - - 560e720f65e44c67a0952ca195aab93b 560e720f65e44c67a0952ca195aab93b] 10.0.0.40 "GET /allocation_candidates?limit=1000&resources=DISK_GB%3A1%2CMEMORY_MB%3A512%2CVCPU%3A1&root_required=%21COMPUTE_STATUS_DISABLED" status: 200 len: 2643 microversion: 1.36 [pid: 7|app: 0|req: 464/924] 10.0.0.40 () {34 vars in 1011 bytes} [Wed Jul 8 22:50:21 2026] GET /allocation_candidates?limit=1000&resources=DISK_GB%3A1%2CMEMORY_MB%3A512%2CVCPU%3A1&root_required=%21COMPUTE_STATUS_DISABLED => generated 2643 bytes in 53 msecs (HTTP/1.1 200) 8 headers in 297 bytes (1 switches on core 0)
2026-07-08 22:50:21.827 8 INFO placement.requestlog [req-a25eaeeb-49d6-4cde-8a89-303b3fa2f4bf req-2662365b-1f17-442c-b14b-7fe5961cb7ff 5ee91f64f95e468dbd979d8233797c25 5f0036a912b742d9ba64a0dd1c7bfc0a - - 560e720f65e44c67a0952ca195aab93b 560e720f65e44c67a0952ca195aab93b] 10.0.0.40 "GET /allocations/7c22c141-cd59-4b54-81a9-343cb31f14a8" status: 200 len: 19 microversion: 1.28 [pid: 8|app: 0|req: 461/925] 10.0.0.40 () {34 vars in 860 bytes} [Wed Jul 8 22:50:21 2026] GET /allocations/7c22c141-cd59-4b54-81a9-343cb31f14a8 => generated 19 bytes in 14 msecs (HTTP/1.1 200) 8 headers in 295 bytes (1 switches on core 0)
2026-07-08 22:50:21.885 7 INFO placement.requestlog [req-a25eaeeb-49d6-4cde-8a89-303b3fa2f4bf req-60f9f91b-0c90-40ab-944a-f4077f6955bb 5ee91f64f95e468dbd979d8233797c25 5f0036a912b742d9ba64a0dd1c7bfc0a - - 560e720f65e44c67a0952ca195aab93b 560e720f65e44c67a0952ca195aab93b] 10.0.0.40 "PUT /allocations/7c22c141-cd59-4b54-81a9-343cb31f14a8" status: 204 len: 0 microversion: 1.36 [pid: 7|app: 0|req: 465/926] 10.0.0.40 () {38 vars in 913 bytes} [Wed Jul 8 22:50:21 2026] PUT /allocations/7c22c141-cd59-4b54-81a9-343cb31f14a8 => generated 0 bytes in 51 msecs (HTTP/1.1 204) 5 headers in 199 bytes (1 switches on core 0)
2026-07-08 22:50:23.393 8 INFO placement.requestlog [req-a25eaeeb-49d6-4cde-8a89-303b3fa2f4bf req-f5b0aac0-5c5b-463d-993e-5b7934707724 5ee91f64f95e468dbd979d8233797c25 5f0036a912b742d9ba64a0dd1c7bfc0a - - 560e720f65e44c67a0952ca195aab93b 560e720f65e44c67a0952ca195aab93b] 199.19.213.30 "GET /allocations/7c22c141-cd59-4b54-81a9-343cb31f14a8" status: 200 len: 258 microversion: 1.28 [pid: 8|app: 0|req: 462/927] 199.19.213.30 () {34 vars in 862 bytes} [Wed Jul 8 22:50:23 2026] GET /allocations/7c22c141-cd59-4b54-81a9-343cb31f14a8 => generated 258 bytes in 10 msecs (HTTP/1.1 200) 8 headers in 296 bytes (1 switches on core 0)
2026-07-08 22:50:23.553 7 INFO placement.requestlog [None req-71ee9d3b-58fc-45d8-9489-02a357f1a988 1d60b9cff94c48fc8b816e254fcdfba7 5f0036a912b742d9ba64a0dd1c7bfc0a - - 560e720f65e44c67a0952ca195aab93b 560e720f65e44c67a0952ca195aab93b] 10.0.0.35 "GET /resource_providers/fc7d9f31-3502-45ec-976a-b40f13bd58b5/aggregates" status: 404 len: 235 microversion: 1.1 [pid: 7|app: 0|req: 466/928] 10.0.0.35 () {32 vars in 815 bytes} [Wed Jul 8 22:50:23 2026] GET /resource_providers/fc7d9f31-3502-45ec-976a-b40f13bd58b5/aggregates => generated 235 bytes in 16 msecs (HTTP/1.1 404) 5 headers in 202 bytes (1 switches on core 0)
2026-07-08 22:50:23.558 8 INFO placement.requestlog [None req-3cb0257d-bc6f-41a6-87a6-dfbc27106a7f 1d60b9cff94c48fc8b816e254fcdfba7 5f0036a912b742d9ba64a0dd1c7bfc0a - - 560e720f65e44c67a0952ca195aab93b 560e720f65e44c67a0952ca195aab93b] 10.0.0.35 "GET /resource_providers/fc7d9f31-3502-45ec-976a-b40f13bd58b5/aggregates" status: 404 len: 235 microversion: 1.1 [pid: 8|app: 0|req: 463/929] 10.0.0.35 () {32 vars in 815 bytes} [Wed Jul 8 22:50:23 2026] GET /resource_providers/fc7d9f31-3502-45ec-976a-b40f13bd58b5/aggregates => generated 235 bytes in 16 msecs (HTTP/1.1 404) 5 headers in 202 bytes (1 switches on core 0)
2026-07-08 22:50:23.592 7 INFO placement.requestlog [None req-9ba16c17-ceb2-44b9-a005-f3524b810fec 1d60b9cff94c48fc8b816e254fcdfba7 5f0036a912b742d9ba64a0dd1c7bfc0a - - 560e720f65e44c67a0952ca195aab93b 560e720f65e44c67a0952ca195aab93b] 10.0.0.35 "DELETE /resource_providers/fc7d9f31-3502-45ec-976a-b40f13bd58b5" status: 404 len: 246 microversion: 1.1 [pid: 7|app: 0|req: 467/930] 10.0.0.35 () {34 vars in 815 bytes} [Wed Jul 8 22:50:23 2026] DELETE /resource_providers/fc7d9f31-3502-45ec-976a-b40f13bd58b5 => generated 246 bytes in 18 msecs (HTTP/1.1 404) 6 headers in 231 bytes (1 switches on core 0)
2026-07-08 22:50:23.605 8 INFO placement.requestlog [None req-c2d1c9a3-717b-45ab-a37a-3e5574ed407f 1d60b9cff94c48fc8b816e254fcdfba7 5f0036a912b742d9ba64a0dd1c7bfc0a - - 560e720f65e44c67a0952ca195aab93b 560e720f65e44c67a0952ca195aab93b] 10.0.0.35 "DELETE /resource_providers/fc7d9f31-3502-45ec-976a-b40f13bd58b5" status: 404 len: 246 microversion: 1.1 [pid: 8|app: 0|req: 464/931] 10.0.0.35 () {34 vars in 815 bytes} [Wed Jul 8 22:50:23 2026] DELETE /resource_providers/fc7d9f31-3502-45ec-976a-b40f13bd58b5 => generated 246 bytes in 15 msecs (HTTP/1.1 404) 6 headers in 231 bytes (1 switches on core 0)
2026-07-08 22:50:23.619 7 INFO placement.requestlog [None req-12dc9068-f504-4987-91f9-7c330468b543 1d60b9cff94c48fc8b816e254fcdfba7 5f0036a912b742d9ba64a0dd1c7bfc0a - - 560e720f65e44c67a0952ca195aab93b 560e720f65e44c67a0952ca195aab93b] 10.0.0.35 "GET /resource_providers/fc250d5e-7ee7-442f-8b84-978f73cbf470/aggregates" status: 404 len: 235 microversion: 1.1 [pid: 7|app: 0|req: 468/932] 10.0.0.35 () {32 vars in 815 bytes} [Wed Jul 8 22:50:23 2026] GET /resource_providers/fc250d5e-7ee7-442f-8b84-978f73cbf470/aggregates => generated 235 bytes in 16 msecs (HTTP/1.1 404) 5 headers in 202 bytes (1 switches on core 0)
2026-07-08 22:50:23.624 8 INFO placement.requestlog [None req-c561ac48-7d43-4ab7-9b1c-519acfc8994c 1d60b9cff94c48fc8b816e254fcdfba7 5f0036a912b742d9ba64a0dd1c7bfc0a - - 560e720f65e44c67a0952ca195aab93b 560e720f65e44c67a0952ca195aab93b] 10.0.0.35 "GET /resource_providers/fc250d5e-7ee7-442f-8b84-978f73cbf470/aggregates" status: 404 len: 235 microversion: 1.1 [pid: 8|app: 0|req: 465/933] 10.0.0.35 () {32 vars in 815 bytes} [Wed Jul 8 22:50:23 2026] GET /resource_providers/fc250d5e-7ee7-442f-8b84-978f73cbf470/aggregates => generated 235 bytes in 9 msecs (HTTP/1.1 404) 5 headers in 202 bytes (1 switches on core 0)
2026-07-08 22:50:23.645 7 INFO placement.requestlog [None req-d6e47e14-1846-4aaf-b99a-4d60a935646f 1d60b9cff94c48fc8b816e254fcdfba7 5f0036a912b742d9ba64a0dd1c7bfc0a - - 560e720f65e44c67a0952ca195aab93b 560e720f65e44c67a0952ca195aab93b] 10.0.0.35 "DELETE /resource_providers/fc250d5e-7ee7-442f-8b84-978f73cbf470" status: 404 len: 246 microversion: 1.1 [pid: 7|app: 0|req: 469/934] 10.0.0.35 () {34 vars in 815 bytes} [Wed Jul 8 22:50:23 2026] DELETE /resource_providers/fc250d5e-7ee7-442f-8b84-978f73cbf470 => generated 246 bytes in 9 msecs (HTTP/1.1 404) 6 headers in 231 bytes (1 switches on core 0)
2026-07-08 22:50:23.651 8 INFO placement.requestlog [None req-2c65cfd3-9cf6-42db-9d0b-6d056bff18fd 1d60b9cff94c48fc8b816e254fcdfba7 5f0036a912b742d9ba64a0dd1c7bfc0a - - 560e720f65e44c67a0952ca195aab93b 560e720f65e44c67a0952ca195aab93b] 10.0.0.35 "DELETE /resource_providers/fc250d5e-7ee7-442f-8b84-978f73cbf470" status: 404 len: 246 microversion: 1.1 [pid: 8|app: 0|req: 466/935] 10.0.0.35 () {34 vars in 815 bytes} [Wed Jul 8 22:50:23 2026] DELETE /resource_providers/fc250d5e-7ee7-442f-8b84-978f73cbf470 => generated 246 bytes in 12 msecs (HTTP/1.1 404) 6 headers in 231 bytes (1 switches on core 0)
2026-07-08 22:50:24.435 7 INFO placement.requestlog [req-a25eaeeb-49d6-4cde-8a89-303b3fa2f4bf req-c1812eb0-7b85-4bc9-8024-6e5a87d7726a 5ee91f64f95e468dbd979d8233797c25 5f0036a912b742d9ba64a0dd1c7bfc0a - - 560e720f65e44c67a0952ca195aab93b 560e720f65e44c67a0952ca195aab93b] 199.19.213.30 "GET /resource_providers/a05c2b3d-ae28-4e44-8947-273fa6be5f6e/allocations" status: 200 len: 453 microversion: 1.0 [pid: 7|app: 0|req: 470/936] 199.19.213.30 () {32 vars in 856 bytes} [Wed Jul 8 22:50:24 2026] GET /resource_providers/a05c2b3d-ae28-4e44-8947-273fa6be5f6e/allocations => generated 453 bytes in 15 msecs (HTTP/1.1 200) 6 headers in 224 bytes (1 switches on core 0)
2026-07-08 22:50:24.454 8 INFO placement.requestlog [req-a25eaeeb-49d6-4cde-8a89-303b3fa2f4bf req-03754765-978d-4ec2-947d-0878b5f50b79 5ee91f64f95e468dbd979d8233797c25 5f0036a912b742d9ba64a0dd1c7bfc0a - - 560e720f65e44c67a0952ca195aab93b 560e720f65e44c67a0952ca195aab93b] 199.19.213.30 "GET /allocations/2ac426a8-6899-4262-80fd-4aa0b6eb3c64" status: 200 len: 258 microversion: 1.28 [pid: 8|app: 0|req: 467/937] 199.19.213.30 () {34 vars in 862 bytes} [Wed Jul 8 22:50:24 2026] GET /allocations/2ac426a8-6899-4262-80fd-4aa0b6eb3c64 => generated 258 bytes in 14 msecs (HTTP/1.1 200) 8 headers in 296 bytes (1 switches on core 0)
2026-07-08 22:50:24.470 7 INFO placement.requestlog [req-a25eaeeb-49d6-4cde-8a89-303b3fa2f4bf req-d6561dcb-65c0-448e-9201-ce2fbd9a2a32 5ee91f64f95e468dbd979d8233797c25 5f0036a912b742d9ba64a0dd1c7bfc0a - - 560e720f65e44c67a0952ca195aab93b 560e720f65e44c67a0952ca195aab93b] 199.19.213.30 "GET /allocations/d887cd3e-05ee-4178-bb9f-593b41141f26" status: 200 len: 258 microversion: 1.28 [pid: 7|app: 0|req: 471/938] 199.19.213.30 () {34 vars in 862 bytes} [Wed Jul 8 22:50:24 2026] GET /allocations/d887cd3e-05ee-4178-bb9f-593b41141f26 => generated 258 bytes in 9 msecs (HTTP/1.1 200) 8 headers in 296 bytes (1 switches on core 0)
2026-07-08 22:50:24.489 8 INFO placement.requestlog [req-a25eaeeb-49d6-4cde-8a89-303b3fa2f4bf req-43a0014f-646c-4003-afde-bc16ebbddb7d 5ee91f64f95e468dbd979d8233797c25 5f0036a912b742d9ba64a0dd1c7bfc0a - - 560e720f65e44c67a0952ca195aab93b 560e720f65e44c67a0952ca195aab93b] 199.19.213.30 "GET /allocations/bf91acb4-6046-4b55-830c-f2e2af0801d8" status: 200 len: 258 microversion: 1.28 [pid: 8|app: 0|req: 468/939] 199.19.213.30 () {34 vars in 862 bytes} [Wed Jul 8 22:50:24 2026] GET /allocations/bf91acb4-6046-4b55-830c-f2e2af0801d8 => generated 258 bytes in 12 msecs (HTTP/1.1 200) 8 headers in 296 bytes (1 switches on core 0)
2026-07-08 22:50:24.519 7 INFO placement.requestlog [req-a25eaeeb-49d6-4cde-8a89-303b3fa2f4bf req-01a29e61-dc90-408f-a5c3-114cbeaf85b1 5ee91f64f95e468dbd979d8233797c25 5f0036a912b742d9ba64a0dd1c7bfc0a - - 560e720f65e44c67a0952ca195aab93b 560e720f65e44c67a0952ca195aab93b] 199.19.213.30 "GET /allocations/7c22c141-cd59-4b54-81a9-343cb31f14a8" status: 200 len: 258 microversion: 1.28 [pid: 7|app: 0|req: 472/940] 199.19.213.30 () {34 vars in 862 bytes} [Wed Jul 8 22:50:24 2026] GET /allocations/7c22c141-cd59-4b54-81a9-343cb31f14a8 => generated 258 bytes in 24 msecs (HTTP/1.1 200) 8 headers in 296 bytes (1 switches on core 0)
2026-07-08 22:50:26.482 7 INFO placement.requestlog [None req-858e9c58-c31e-454e-a883-8199651177ec - - - - - -] 10.0.0.73 "GET /" status: 200 len: 136 microversion: 1.0
2026-07-08 22:50:26.482 8 INFO placement.requestlog [None req-a83c938e-2d97-4039-bf4f-abb7a3722594 - - - - - -] 10.0.0.73 "GET /" status: 200 len: 136 microversion: 1.0
2026-07-08 22:50:33.421 7 INFO placement.requestlog [None req-9730ed3e-b121-4af1-963d-99313c651e94 1d60b9cff94c48fc8b816e254fcdfba7 5f0036a912b742d9ba64a0dd1c7bfc0a - - 560e720f65e44c67a0952ca195aab93b 560e720f65e44c67a0952ca195aab93b] 10.0.0.35 "GET /resource_providers/3eaa3db6-2fab-49e4-8e8d-6c3a8e4e8c43/aggregates" status: 404 len: 235 microversion: 1.1 [pid: 7|app: 0|req: 474/943] 10.0.0.35 () {32 vars in 815 bytes} [Wed Jul 8 22:50:33 2026] GET /resource_providers/3eaa3db6-2fab-49e4-8e8d-6c3a8e4e8c43/aggregates => generated 235 bytes in 8 msecs (HTTP/1.1 404) 5 headers in 202 bytes (1 switches on core 0)
2026-07-08 22:50:33.428 8 INFO placement.requestlog [None req-58131e9d-574e-4173-861c-d00b4fef467d 1d60b9cff94c48fc8b816e254fcdfba7 5f0036a912b742d9ba64a0dd1c7bfc0a - - 560e720f65e44c67a0952ca195aab93b 560e720f65e44c67a0952ca195aab93b] 10.0.0.35 "GET /resource_providers/3eaa3db6-2fab-49e4-8e8d-6c3a8e4e8c43/aggregates" status: 404 len: 235 microversion: 1.1 [pid: 8|app: 0|req: 470/944] 10.0.0.35 () {32 vars in 815 bytes} [Wed Jul 8 22:50:33 2026] GET /resource_providers/3eaa3db6-2fab-49e4-8e8d-6c3a8e4e8c43/aggregates => generated 235 bytes in 12 msecs (HTTP/1.1 404) 5 headers in 202 bytes (1 switches on core 0)
2026-07-08 22:50:33.445 7 INFO placement.requestlog [None req-6db919f0-461e-4324-92a9-5bcbddf36173 1d60b9cff94c48fc8b816e254fcdfba7 5f0036a912b742d9ba64a0dd1c7bfc0a - - 560e720f65e44c67a0952ca195aab93b 560e720f65e44c67a0952ca195aab93b] 10.0.0.35 "DELETE /resource_providers/3eaa3db6-2fab-49e4-8e8d-6c3a8e4e8c43" status: 404 len: 246 microversion: 1.1 [pid: 7|app: 0|req: 475/945] 10.0.0.35 () {34 vars in 815 bytes} [Wed Jul 8 22:50:33 2026] DELETE /resource_providers/3eaa3db6-2fab-49e4-8e8d-6c3a8e4e8c43 => generated 246 bytes in 10 msecs (HTTP/1.1 404) 6 headers in 231 bytes (1 switches on core 0)
2026-07-08 22:50:33.457 8 INFO placement.requestlog [None req-86f8d98d-79d2-46bb-a9c5-641b49995b51 1d60b9cff94c48fc8b816e254fcdfba7 5f0036a912b742d9ba64a0dd1c7bfc0a - - 560e720f65e44c67a0952ca195aab93b 560e720f65e44c67a0952ca195aab93b] 10.0.0.35 "DELETE /resource_providers/3eaa3db6-2fab-49e4-8e8d-6c3a8e4e8c43" status: 404 len: 246 microversion: 1.1 [pid: 8|app: 0|req: 471/946] 10.0.0.35 () {34 vars in 815 bytes} [Wed Jul 8 22:50:33 2026] DELETE /resource_providers/3eaa3db6-2fab-49e4-8e8d-6c3a8e4e8c43 => generated 246 bytes in 21 msecs (HTTP/1.1 404) 6 headers in 231 bytes (1 switches on core 0)
2026-07-08 22:50:36.482 7 INFO placement.requestlog [None req-b474a376-1a2b-45c8-8d91-3b50bfb0a95b - - - - - -] 10.0.0.73 "GET /" status: 200 len: 136 microversion: 1.0
