2026-07-08 22:48:32.156 7 INFO neutron.api.v2.resource [None req-87af91ec-84df-4e90-9cdd-fa68e9dfec01 7a79cb4bc9ee4b94acf3491a390c90c9 0b2b3822a89042629158bc4c26ad76f4 - - default default] delete failed (client error): The resource could not be found. [pid: 7|app: 0|req: 773/1454] 10.0.0.162 () {32 vars in 723 bytes} [Wed Jul 8 22:48:32 2026] DELETE /v2.0/routers/7d86e330-106c-404c-b9df-60707dc4ab1a => generated 135 bytes in 14 msecs (HTTP/1.1 404) 4 headers in 164 bytes (1 switches on core 0)
2026-07-08 22:48:32.170 7 INFO neutron.api.v2.resource [None req-0017b698-9ad0-467f-bb33-3ff088a87b15 4f004eb7e7a8451da5626e70ab432571 be4471be67594c2d88f1415d5d0b6c0b - - default default] delete failed (client error): The resource could not be found. [pid: 7|app: 0|req: 774/1455] 10.0.0.162 () {32 vars in 731 bytes} [Wed Jul 8 22:48:32 2026] DELETE /v2.0/floatingips/6b1a4bc9-7f64-4db2-a80a-68016c4403bf => generated 144 bytes in 14 msecs (HTTP/1.1 404) 4 headers in 164 bytes (1 switches on core 0)
2026-07-08 22:48:32.185 7 INFO neutron.pecan_wsgi.hooks.translation [None req-b113fc2b-e2da-42d3-a49b-ae7783a7d7f9 7a79cb4bc9ee4b94acf3491a390c90c9 0b2b3822a89042629158bc4c26ad76f4 - - default default] DELETE failed (client error): The resource could not be found. [pid: 7|app: 0|req: 775/1456] 10.0.0.162 () {32 vars in 723 bytes} [Wed Jul 8 22:48:32 2026] DELETE /v2.0/subnets/3381f49a-2792-4ea9-99e9-1372bfc78af4 => generated 136 bytes in 16 msecs (HTTP/1.1 404) 4 headers in 164 bytes (1 switches on core 0)
2026-07-08 22:48:32.334 7 INFO neutron_taas.services.taas.taas_plugin [None req-5a8889d6-2519-4564-9506-daf39b04daf0 4f004eb7e7a8451da5626e70ab432571 be4471be67594c2d88f1415d5d0b6c0b - - default default] TaaS: Handle Delete Port: 473896d6-c212-4781-abb9-72ecd8cde669
2026-07-08 22:48:32.337 7 INFO neutron_taas.services.taas.tap_mirror_plugin [None req-5a8889d6-2519-4564-9506-daf39b04daf0 4f004eb7e7a8451da5626e70ab432571 be4471be67594c2d88f1415d5d0b6c0b - - default default] Tap Mirror: Handle Delete Port: 473896d6-c212-4781-abb9-72ecd8cde669 [pid: 8|app: 0|req: 682/1457] 10.0.0.162 () {32 vars in 723 bytes} [Wed Jul 8 22:48:31 2026] DELETE /v2.0/routers/ebad3c74-6804-48b9-8447-4f23649ee359 => generated 0 bytes in 750 msecs (HTTP/1.1 204) 2 headers in 112 bytes (1 switches on core 0) [pid: 8|app: 0|req: 683/1458] 10.0.0.162 () {32 vars in 735 bytes} [Wed Jul 8 22:48:32 2026] GET /v2.0/ports?device_id=ceb329ed-b61e-4e04-9a18-b9ca09a6933e => generated 12 bytes in 17 msecs (HTTP/1.1 200) 4 headers in 156 bytes (1 switches on core 0) [pid: 7|app: 0|req: 776/1459] 10.0.0.162 () {32 vars in 719 bytes} [Wed Jul 8 22:48:32 2026] DELETE /v2.0/ports/473896d6-c212-4781-abb9-72ecd8cde669 => generated 0 bytes in 302 msecs (HTTP/1.1 204) 3 headers in 131 bytes (1 switches on core 0)
2026-07-08 22:48:32.507 7 INFO neutron.api.v2.resource [None req-9bb19f1c-7cee-48dc-8f52-b7f28773737d 7a79cb4bc9ee4b94acf3491a390c90c9 0b2b3822a89042629158bc4c26ad76f4 - - default default] delete failed (client error): The resource could not be found. [pid: 7|app: 0|req: 777/1460] 10.0.0.162 () {32 vars in 723 bytes} [Wed Jul 8 22:48:32 2026] DELETE /v2.0/routers/ceb329ed-b61e-4e04-9a18-b9ca09a6933e => generated 135 bytes in 17 msecs (HTTP/1.1 404) 4 headers in 164 bytes (1 switches on core 0)
2026-07-08 22:48:32.624 7 INFO neutron_taas.services.taas.taas_plugin [None req-0a0dcc5d-dc54-4232-8624-3e0b9fdbc7ad 4f004eb7e7a8451da5626e70ab432571 be4471be67594c2d88f1415d5d0b6c0b - - default default] TaaS: Handle Delete Port: 666a2fc6-0414-48de-89b4-ea9cbc606352 [pid: 8|app: 0|req: 684/1461] 10.0.0.162 () {32 vars in 723 bytes} [Wed Jul 8 22:48:32 2026] DELETE /v2.0/subnets/24490baf-ca95-4cbb-8d02-ebd28563769a => generated 0 bytes in 175 msecs (HTTP/1.1 204) 3 headers in 131 bytes (1 switches on core 0)
2026-07-08 22:48:32.628 7 INFO neutron_taas.services.taas.tap_mirror_plugin [None req-0a0dcc5d-dc54-4232-8624-3e0b9fdbc7ad 4f004eb7e7a8451da5626e70ab432571 be4471be67594c2d88f1415d5d0b6c0b - - default default] Tap Mirror: Handle Delete Port: 666a2fc6-0414-48de-89b4-ea9cbc606352
2026-07-08 22:48:32.636 8 INFO neutron.pecan_wsgi.hooks.translation [None req-a952f551-4b33-4c2d-b844-1543b40a0490 7a79cb4bc9ee4b94acf3491a390c90c9 0b2b3822a89042629158bc4c26ad76f4 - - default default] DELETE failed (client error): The resource could not be found. [pid: 8|app: 0|req: 685/1462] 10.0.0.162 () {32 vars in 723 bytes} [Wed Jul 8 22:48:32 2026] DELETE /v2.0/subnets/5d64ad2d-00aa-4b21-b2b2-2e4b65c9b21b => generated 136 bytes in 13 msecs (HTTP/1.1 404) 4 headers in 164 bytes (1 switches on core 0)
2026-07-08 22:48:32.751 8 INFO neutron_taas.services.taas.taas_plugin [None req-940dfa00-850d-42fe-997f-a246c97f51eb f8aee25f7eb64e16a2e3544011e9072f d5c2904a08374d09b05aa666b0e151a7 - - default default] TaaS: Handle Delete Port: 41ac6ed7-7210-47c0-94fe-a58963a85b95
2026-07-08 22:48:32.757 8 INFO neutron_taas.services.taas.tap_mirror_plugin [None req-940dfa00-850d-42fe-997f-a246c97f51eb f8aee25f7eb64e16a2e3544011e9072f d5c2904a08374d09b05aa666b0e151a7 - - default default] Tap Mirror: Handle Delete Port: 41ac6ed7-7210-47c0-94fe-a58963a85b95 [pid: 7|app: 0|req: 778/1463] 10.0.0.162 () {32 vars in 719 bytes} [Wed Jul 8 22:48:32 2026] DELETE /v2.0/ports/666a2fc6-0414-48de-89b4-ea9cbc606352 => generated 0 bytes in 264 msecs (HTTP/1.1 204) 3 headers in 131 bytes (1 switches on core 0)
2026-07-08 22:48:32.785 7 INFO neutron.pecan_wsgi.hooks.translation [None req-04d66539-ff55-4fa2-b8cc-3912eb23556f 7a79cb4bc9ee4b94acf3491a390c90c9 0b2b3822a89042629158bc4c26ad76f4 - - default default] DELETE failed (client error): The resource could not be found. [pid: 7|app: 0|req: 779/1464] 10.0.0.162 () {32 vars in 723 bytes} [Wed Jul 8 22:48:32 2026] DELETE /v2.0/subnets/08ea1d6b-d8e9-4b52-9e3b-ca93e2527a8f => generated 136 bytes in 14 msecs (HTTP/1.1 404) 4 headers in 164 bytes (1 switches on core 0) [pid: 7|app: 0|req: 780/1465] 10.0.0.162 () {32 vars in 735 bytes} [Wed Jul 8 22:48:32 2026] GET /v2.0/ports?device_id=70f95b16-884e-4a2f-ad6d-52594f2042e1 => generated 946 bytes in 34 msecs (HTTP/1.1 200) 4 headers in 157 bytes (1 switches on core 0)
2026-07-08 22:48:32.942 8 INFO neutron.services.segments.plugin [-] Segment 3485fdea-40fd-4791-85d2-d88b9a3f65fa resource provider aggregate not found
2026-07-08 22:48:32.952 8 INFO neutron.services.segments.plugin [-] Segment 3485fdea-40fd-4791-85d2-d88b9a3f65fa resource provider aggregate not found
2026-07-08 22:48:32.972 8 INFO neutron.services.segments.plugin [-] Client error retrieving segment 3485fdea-40fd-4791-85d2-d88b9a3f65fa resource provider; error: Placement Client Error (4xx): {"errors": [{"status": 404, "title": "Not Found", "detail": "The resource could not be found.\n\n No resource provider with uuid 3485fdea-40fd-4791-85d2-d88b9a3f65fa found for delete ", "request_id": "req-9724a491-229e-4639-8a3b-08a184a394a2"}]}
2026-07-08 22:48:32.974 8 INFO neutron.services.segments.plugin [-] Client error retrieving segment 3485fdea-40fd-4791-85d2-d88b9a3f65fa resource provider; error: Placement Client Error (4xx): {"errors": [{"status": 404, "title": "Not Found", "detail": "The resource could not be found.\n\n No resource provider with uuid 3485fdea-40fd-4791-85d2-d88b9a3f65fa found for delete ", "request_id": "req-6618f3db-7662-4f94-9fbf-81763224d7c7"}]} [pid: 8|app: 0|req: 686/1466] 10.0.0.162 () {32 vars in 725 bytes} [Wed Jul 8 22:48:32 2026] DELETE /v2.0/networks/223d5043-1564-435a-acf0-da1ab9ed0f7a => generated 0 bytes in 362 msecs (HTTP/1.1 204) 3 headers in 131 bytes (1 switches on core 0)
2026-07-08 22:48:33.168 7 INFO neutron_taas.services.taas.taas_plugin [None req-64011263-b9ea-48c2-b0c1-80ee14c28216 4f004eb7e7a8451da5626e70ab432571 be4471be67594c2d88f1415d5d0b6c0b - - default default] TaaS: Handle Delete Port: db1875b4-18fb-40a0-b135-6adf60e1d0cc
2026-07-08 22:48:33.171 7 INFO neutron_taas.services.taas.tap_mirror_plugin [None req-64011263-b9ea-48c2-b0c1-80ee14c28216 4f004eb7e7a8451da5626e70ab432571 be4471be67594c2d88f1415d5d0b6c0b - - default default] Tap Mirror: Handle Delete Port: db1875b4-18fb-40a0-b135-6adf60e1d0cc [pid: 8|app: 0|req: 687/1467] 10.0.0.162 () {32 vars in 773 bytes} [Wed Jul 8 22:48:33 2026] GET /v2.0/security-groups?tenant_id=5de8314c8ada4e4eb9c09c6e24f6b712&name=default => generated 2925 bytes in 47 msecs (HTTP/1.1 200) 4 headers in 158 bytes (1 switches on core 0) [pid: 8|app: 0|req: 688/1468] 10.0.0.162 () {32 vars in 739 bytes} [Wed Jul 8 22:48:33 2026] DELETE /v2.0/security-groups/e389d632-bed8-4b5f-af11-b09468fb19a2 => generated 0 bytes in 254 msecs (HTTP/1.1 204) 2 headers in 112 bytes (1 switches on core 0) [pid: 7|app: 0|req: 781/1469] 10.0.0.162 () {34 vars in 788 bytes} [Wed Jul 8 22:48:32 2026] PUT /v2.0/routers/70f95b16-884e-4a2f-ad6d-52594f2042e1/remove_router_interface => generated 309 bytes in 922 msecs (HTTP/1.1 200) 4 headers in 157 bytes (1 switches on core 0) [pid: 8|app: 0|req: 689/1470] 10.0.0.162 () {32 vars in 773 bytes} [Wed Jul 8 22:48:33 2026] GET /v2.0/security-groups?tenant_id=0b2b3822a89042629158bc4c26ad76f4&name=default => generated 2925 bytes in 244 msecs (HTTP/1.1 200) 4 headers in 158 bytes (1 switches on core 0) /var/lib/openstack/lib/python3.12/site-packages/pycadf/identifier.py:70: UserWarning: Invalid uuid: neutron. To ensure interoperability, identifiers should be a valid uuid. warnings.warn(('Invalid uuid: %s. To ensure interoperability, ' [pid: 7|app: 0|req: 782/1471] 10.0.0.162 () {32 vars in 739 bytes} [Wed Jul 8 22:48:33 2026] DELETE /v2.0/security-groups/c44c6335-a000-4ba8-9c2d-ae080cb79638 => generated 0 bytes in 227 msecs (HTTP/1.1 204) 2 headers in 112 bytes (1 switches on core 0)
2026-07-08 22:48:34.105 8 INFO neutron_taas.services.taas.taas_plugin [None req-fa7992a2-b1f8-4605-9e94-30f3950459ac 4f004eb7e7a8451da5626e70ab432571 be4471be67594c2d88f1415d5d0b6c0b - - default default] TaaS: Handle Delete Port: d254601a-3b19-422f-986f-978667fd9b20
2026-07-08 22:48:34.108 8 INFO neutron_taas.services.taas.tap_mirror_plugin [None req-fa7992a2-b1f8-4605-9e94-30f3950459ac 4f004eb7e7a8451da5626e70ab432571 be4471be67594c2d88f1415d5d0b6c0b - - default default] Tap Mirror: Handle Delete Port: d254601a-3b19-422f-986f-978667fd9b20 [pid: 8|app: 0|req: 690/1472] 10.0.0.162 () {32 vars in 723 bytes} [Wed Jul 8 22:48:33 2026] DELETE /v2.0/routers/70f95b16-884e-4a2f-ad6d-52594f2042e1 => generated 0 bytes in 746 msecs (HTTP/1.1 204) 2 headers in 112 bytes (1 switches on core 0) [pid: 7|app: 0|req: 783/1473] 10.0.0.162 () {32 vars in 723 bytes} [Wed Jul 8 22:48:34 2026] DELETE /v2.0/subnets/97f7fe7b-aa21-4812-8fde-62de30743a47 => generated 0 bytes in 162 msecs (HTTP/1.1 204) 3 headers in 131 bytes (1 switches on core 0)
2026-07-08 22:48:34.726 8 WARNING neutron.plugins.ml2.drivers.ovn.mech_driver.ovsdb.ovn_client [None req-2f5902bf-4ba2-414e-8719-b0b01a2eae1c - - - - - -] No port found with ID db1875b4-18fb-40a0-b135-6adf60e1d0cc: RuntimeError: No port found with ID db1875b4-18fb-40a0-b135-6adf60e1d0cc
2026-07-08 22:48:34.738 8 INFO neutron.plugins.ml2.drivers.ovn.mech_driver.mech_driver [None req-2f5902bf-4ba2-414e-8719-b0b01a2eae1c - - - - - -] OVN reports status down for port: 666a2fc6-0414-48de-89b4-ea9cbc606352
2026-07-08 22:48:34.750 8 INFO neutron.plugins.ml2.drivers.ovn.mech_driver.mech_driver [None req-2f5902bf-4ba2-414e-8719-b0b01a2eae1c - - - - - -] OVN reports status down for port: 473896d6-c212-4781-abb9-72ecd8cde669
2026-07-08 22:48:34.767 8 INFO neutron.plugins.ml2.drivers.ovn.mech_driver.mech_driver [None req-2f5902bf-4ba2-414e-8719-b0b01a2eae1c - - - - - -] OVN reports status down for port: d5a4a70f-ae53-4c62-ac98-1b14db29eebb
2026-07-08 22:48:34.819 8 INFO neutron.plugins.ml2.drivers.ovn.mech_driver.mech_driver [None req-2f5902bf-4ba2-414e-8719-b0b01a2eae1c - - - - - -] OVN reports status up for port: d5a4a70f-ae53-4c62-ac98-1b14db29eebb
2026-07-08 22:48:34.892 8 INFO neutron_taas.services.taas.taas_plugin [None req-ce9eb0b6-d852-4e70-a00a-3141d4637320 4f004eb7e7a8451da5626e70ab432571 be4471be67594c2d88f1415d5d0b6c0b - - default default] TaaS: Handle Delete Port: 12671c5f-6034-4fb8-98d8-7a5df0ae293e
2026-07-08 22:48:34.904 8 INFO neutron_taas.services.taas.tap_mirror_plugin [None req-ce9eb0b6-d852-4e70-a00a-3141d4637320 4f004eb7e7a8451da5626e70ab432571 be4471be67594c2d88f1415d5d0b6c0b - - default default] Tap Mirror: Handle Delete Port: 12671c5f-6034-4fb8-98d8-7a5df0ae293e
2026-07-08 22:48:35.131 8 INFO neutron.services.segments.plugin [-] Segment 6ff1313d-c7b6-4019-bca6-bf6b7c929590 resource provider aggregate not found
2026-07-08 22:48:35.135 8 INFO neutron.services.segments.plugin [-] Segment 6ff1313d-c7b6-4019-bca6-bf6b7c929590 resource provider aggregate not found
2026-07-08 22:48:35.153 8 INFO neutron.services.segments.plugin [-] Client error retrieving segment 6ff1313d-c7b6-4019-bca6-bf6b7c929590 resource provider; error: Placement Client Error (4xx): {"errors": [{"status": 404, "title": "Not Found", "detail": "The resource could not be found.\n\n No resource provider with uuid 6ff1313d-c7b6-4019-bca6-bf6b7c929590 found for delete ", "request_id": "req-eef1726f-a595-461a-b967-481eff4b1865"}]}
2026-07-08 22:48:35.154 8 INFO neutron.services.segments.plugin [-] Client error retrieving segment 6ff1313d-c7b6-4019-bca6-bf6b7c929590 resource provider; error: Placement Client Error (4xx): {"errors": [{"status": 404, "title": "Not Found", "detail": "The resource could not be found.\n\n No resource provider with uuid 6ff1313d-c7b6-4019-bca6-bf6b7c929590 found for delete ", "request_id": "req-3a5e941c-4007-4e82-9f22-e525ebd4fac8"}]} [pid: 8|app: 0|req: 691/1474] 10.0.0.162 () {32 vars in 725 bytes} [Wed Jul 8 22:48:34 2026] DELETE /v2.0/networks/d2d262ab-6e0d-4441-8abd-bd04e84f886e => generated 0 bytes in 494 msecs (HTTP/1.1 204) 3 headers in 131 bytes (1 switches on core 0)
2026-07-08 22:48:35.574 7 INFO neutron.db.ovn_revision_numbers_db [None req-1b4b139f-2a19-474e-a9fc-1cf0697ba4bb f8aee25f7eb64e16a2e3544011e9072f d5c2904a08374d09b05aa666b0e151a7 - - default default] Successfully bumped revision number for resource b78317ff-dd23-419c-8b6a-eaae6ba91f09 (type: security_groups) to 1
2026-07-08 22:48:35.586 7 INFO neutron.db.ovn_revision_numbers_db [None req-1b4b139f-2a19-474e-a9fc-1cf0697ba4bb f8aee25f7eb64e16a2e3544011e9072f d5c2904a08374d09b05aa666b0e151a7 - - default default] Successfully bumped revision number for resource 0e5e946a-764d-4611-883c-a31a46155b90 (type: security_group_rules) to 0
2026-07-08 22:48:35.599 7 INFO neutron.db.ovn_revision_numbers_db [None req-1b4b139f-2a19-474e-a9fc-1cf0697ba4bb f8aee25f7eb64e16a2e3544011e9072f d5c2904a08374d09b05aa666b0e151a7 - - default default] Successfully bumped revision number for resource 6df0d2d4-f2c1-474e-8241-106f758dcec4 (type: security_group_rules) to 0
2026-07-08 22:48:35.611 7 INFO neutron.db.ovn_revision_numbers_db [None req-1b4b139f-2a19-474e-a9fc-1cf0697ba4bb f8aee25f7eb64e16a2e3544011e9072f d5c2904a08374d09b05aa666b0e151a7 - - default default] Successfully bumped revision number for resource e96c24fc-6eb4-4234-81e5-0e0902639035 (type: security_group_rules) to 0
2026-07-08 22:48:35.623 7 INFO neutron.db.ovn_revision_numbers_db [None req-1b4b139f-2a19-474e-a9fc-1cf0697ba4bb f8aee25f7eb64e16a2e3544011e9072f d5c2904a08374d09b05aa666b0e151a7 - - default default] Successfully bumped revision number for resource ebe4c5e0-8036-4509-b5a7-e3568974eb0a (type: security_group_rules) to 0
2026-07-08 22:48:35.712 7 INFO neutron.db.segments_db [None req-1b4b139f-2a19-474e-a9fc-1cf0697ba4bb f8aee25f7eb64e16a2e3544011e9072f d5c2904a08374d09b05aa666b0e151a7 - - default default] Added segment 9e2b74c2-2704-4ffc-9a60-c10d9de7fa94 of type geneve for network 2e10cacf-e914-4b04-8c4c-90b4dc213715
2026-07-08 22:48:35.820 7 INFO neutron.db.ovn_revision_numbers_db [None req-1b4b139f-2a19-474e-a9fc-1cf0697ba4bb f8aee25f7eb64e16a2e3544011e9072f d5c2904a08374d09b05aa666b0e151a7 - - default default] Successfully bumped revision number for resource 2e10cacf-e914-4b04-8c4c-90b4dc213715 (type: networks) to 1 /var/lib/openstack/lib/python3.12/site-packages/pycadf/identifier.py:70: UserWarning: Invalid uuid: neutron. To ensure interoperability, identifiers should be a valid uuid. warnings.warn(('Invalid uuid: %s. To ensure interoperability, ' [pid: 8|app: 0|req: 692/1475] 10.0.0.162 () {32 vars in 773 bytes} [Wed Jul 8 22:48:35 2026] GET /v2.0/security-groups?tenant_id=be4471be67594c2d88f1415d5d0b6c0b&name=default => generated 2925 bytes in 242 msecs (HTTP/1.1 200) 4 headers in 158 bytes (1 switches on core 0)
2026-07-08 22:48:35.992 7 WARNING neutron.scheduler.dhcp_agent_scheduler [None req-1b4b139f-2a19-474e-a9fc-1cf0697ba4bb f8aee25f7eb64e16a2e3544011e9072f d5c2904a08374d09b05aa666b0e151a7 - - default default] No more DHCP agents
2026-07-08 22:48:35.994 7 WARNING neutron.api.rpc.agentnotifiers.dhcp_rpc_agent_api [None req-1b4b139f-2a19-474e-a9fc-1cf0697ba4bb f8aee25f7eb64e16a2e3544011e9072f d5c2904a08374d09b05aa666b0e151a7 - - default default] Unable to schedule network 2e10cacf-e914-4b04-8c4c-90b4dc213715: no agents available; will retry on subsequent port and subnet creation events.
2026-07-08 22:48:36.046 7 INFO neutron.plugins.ml2.drivers.ovn.mech_driver.mech_driver [None req-0ffff8eb-efae-401a-bf48-9346d8b55b60 - - - - - -] OVN reports status down for port: 4d7ca329-8e52-4f42-a777-2cebdd273377
2026-07-08 22:48:36.122 7 INFO neutron.db.ovn_revision_numbers_db [None req-1b4b139f-2a19-474e-a9fc-1cf0697ba4bb f8aee25f7eb64e16a2e3544011e9072f d5c2904a08374d09b05aa666b0e151a7 - - default default] Successfully bumped revision number for resource 4d7ca329-8e52-4f42-a777-2cebdd273377 (type: ports) to 1 [pid: 8|app: 0|req: 693/1476] 10.0.0.162 () {32 vars in 739 bytes} [Wed Jul 8 22:48:35 2026] DELETE /v2.0/security-groups/ca5ab993-13c4-4e73-9017-fccb28a29008 => generated 0 bytes in 235 msecs (HTTP/1.1 204) 2 headers in 112 bytes (1 switches on core 0) [pid: 7|app: 0|req: 784/1477] 10.0.0.162 () {34 vars in 670 bytes} [Wed Jul 8 22:48:35 2026] POST /v2.0/networks => generated 785 bytes in 975 msecs (HTTP/1.1 201) 4 headers in 162 bytes (1 switches on core 0)
2026-07-08 22:48:36.300 8 WARNING neutron.scheduler.dhcp_agent_scheduler [None req-78a835d8-bdc6-49ff-8efc-81a7e7d071e4 f8aee25f7eb64e16a2e3544011e9072f d5c2904a08374d09b05aa666b0e151a7 - - default default] No more DHCP agents
2026-07-08 22:48:36.301 8 WARNING neutron.api.rpc.agentnotifiers.dhcp_rpc_agent_api [None req-78a835d8-bdc6-49ff-8efc-81a7e7d071e4 f8aee25f7eb64e16a2e3544011e9072f d5c2904a08374d09b05aa666b0e151a7 - - default default] Unable to schedule network 2e10cacf-e914-4b04-8c4c-90b4dc213715: no agents available; will retry on subsequent port and subnet creation events.
2026-07-08 22:48:36.758 8 INFO neutron.db.ovn_revision_numbers_db [None req-2e1decbc-640f-4b69-aaa5-42d8e0807c5a - - - - - -] Successfully bumped revision number for resource 4d7ca329-8e52-4f42-a777-2cebdd273377 (type: ports) to 2
2026-07-08 22:48:36.794 8 INFO neutron.db.ovn_revision_numbers_db [None req-2e1decbc-640f-4b69-aaa5-42d8e0807c5a - - - - - -] Successfully bumped revision number for resource 1b152317-ac78-4e32-bbbd-bfe442caa484 (type: subnets) to 0 [pid: 8|app: 0|req: 694/1478] 10.0.0.162 () {34 vars in 668 bytes} [Wed Jul 8 22:48:36 2026] POST /v2.0/subnets => generated 691 bytes in 649 msecs (HTTP/1.1 201) 4 headers in 162 bytes (1 switches on core 0)
2026-07-08 22:48:37.570 8 INFO neutron.db.ovn_revision_numbers_db [None req-8f3e33fa-b87e-496e-ba4e-d8d43fd3420e f8aee25f7eb64e16a2e3544011e9072f d5c2904a08374d09b05aa666b0e151a7 - - default default] Successfully bumped revision number for resource e9ea7d02-0c45-4f81-8f87-81bd88ca588e (type: security_groups) to 1
2026-07-08 22:48:37.582 8 INFO neutron.db.ovn_revision_numbers_db [None req-8f3e33fa-b87e-496e-ba4e-d8d43fd3420e f8aee25f7eb64e16a2e3544011e9072f d5c2904a08374d09b05aa666b0e151a7 - - default default] Successfully bumped revision number for resource 039e2d07-95eb-4a13-b493-5e5c2aca6c0b (type: security_group_rules) to 0
2026-07-08 22:48:37.593 8 INFO neutron.db.ovn_revision_numbers_db [None req-8f3e33fa-b87e-496e-ba4e-d8d43fd3420e f8aee25f7eb64e16a2e3544011e9072f d5c2904a08374d09b05aa666b0e151a7 - - default default] Successfully bumped revision number for resource 5e7519de-730d-483d-bbe5-380cdbcae0a8 (type: security_group_rules) to 0
2026-07-08 22:48:37.613 8 INFO neutron.db.ovn_revision_numbers_db [None req-8f3e33fa-b87e-496e-ba4e-d8d43fd3420e f8aee25f7eb64e16a2e3544011e9072f d5c2904a08374d09b05aa666b0e151a7 - - default default] Successfully bumped revision number for resource 8424e7fa-0d8d-4477-a0c7-c01534381991 (type: security_group_rules) to 0
2026-07-08 22:48:37.627 8 INFO neutron.db.ovn_revision_numbers_db [None req-8f3e33fa-b87e-496e-ba4e-d8d43fd3420e f8aee25f7eb64e16a2e3544011e9072f d5c2904a08374d09b05aa666b0e151a7 - - default default] Successfully bumped revision number for resource af078190-2d44-4a94-b0dd-0ead1c8af95d (type: security_group_rules) to 0 [pid: 8|app: 0|req: 695/1479] 10.0.0.162 () {32 vars in 773 bytes} [Wed Jul 8 22:48:37 2026] GET /v2.0/security-groups?tenant_id=83c1456e0bfb4a5bacbc0a7c937d0009&name=default => generated 2925 bytes in 435 msecs (HTTP/1.1 200) 4 headers in 158 bytes (1 switches on core 0) [pid: 8|app: 0|req: 698/1482] 10.0.0.162 () {32 vars in 739 bytes} [Wed Jul 8 22:48:37 2026] DELETE /v2.0/security-groups/e9ea7d02-0c45-4f81-8f87-81bd88ca588e => generated 0 bytes in 221 msecs (HTTP/1.1 204) 2 headers in 112 bytes (1 switches on core 0)
2026-07-08 22:48:37.998 7 WARNING neutron.scheduler.dhcp_agent_scheduler [None req-a8f3eae2-6d36-4419-80a4-38c75054d54d f8aee25f7eb64e16a2e3544011e9072f d5c2904a08374d09b05aa666b0e151a7 - - default default] No more DHCP agents
2026-07-08 22:48:38.000 7 WARNING neutron.api.rpc.agentnotifiers.dhcp_rpc_agent_api [None req-a8f3eae2-6d36-4419-80a4-38c75054d54d f8aee25f7eb64e16a2e3544011e9072f d5c2904a08374d09b05aa666b0e151a7 - - default default] Unable to schedule network e793adfe-9958-4f49-a4d1-06c78fe58ea1: no agents available; will retry on subsequent port and subnet creation events.
2026-07-08 22:48:38.184 8 INFO neutron.plugins.ml2.drivers.ovn.mech_driver.mech_driver [None req-2f5902bf-4ba2-414e-8719-b0b01a2eae1c - - - - - -] OVN reports status down for port: 9c51089e-2e80-4734-a878-2325a506802f
2026-07-08 22:48:38.195 7 INFO neutron.db.ovn_revision_numbers_db [None req-a8f3eae2-6d36-4419-80a4-38c75054d54d f8aee25f7eb64e16a2e3544011e9072f d5c2904a08374d09b05aa666b0e151a7 - - default default] Successfully bumped revision number for resource 9c51089e-2e80-4734-a878-2325a506802f (type: ports) to 1
2026-07-08 22:48:38.248 8 INFO neutron.db.ovn_revision_numbers_db [None req-61c06d42-1f21-4f9f-aca3-b49dd88d721d 2fd9b2a08dc54b99936b2b306df1c265 87de12cb33d64230bbcc94b98ed17c35 - - default default] Successfully bumped revision number for resource b15ed699-a22a-40d8-bb2b-f4540971bfed (type: security_groups) to 1
2026-07-08 22:48:38.268 8 INFO neutron.db.ovn_revision_numbers_db [None req-61c06d42-1f21-4f9f-aca3-b49dd88d721d 2fd9b2a08dc54b99936b2b306df1c265 87de12cb33d64230bbcc94b98ed17c35 - - default default] Successfully bumped revision number for resource 1bbcb86b-7bda-45d9-b41e-51377c742886 (type: security_group_rules) to 0
2026-07-08 22:48:38.288 8 INFO neutron.db.ovn_revision_numbers_db [None req-61c06d42-1f21-4f9f-aca3-b49dd88d721d 2fd9b2a08dc54b99936b2b306df1c265 87de12cb33d64230bbcc94b98ed17c35 - - default default] Successfully bumped revision number for resource 23598969-f0cc-4397-9cb5-2e5974173966 (type: security_group_rules) to 0
2026-07-08 22:48:38.312 8 INFO neutron.db.ovn_revision_numbers_db [None req-61c06d42-1f21-4f9f-aca3-b49dd88d721d 2fd9b2a08dc54b99936b2b306df1c265 87de12cb33d64230bbcc94b98ed17c35 - - default default] Successfully bumped revision number for resource a0a3e6fe-1cf2-4204-aa66-e51fcd543cdb (type: security_group_rules) to 0
2026-07-08 22:48:38.326 8 INFO neutron.db.ovn_revision_numbers_db [None req-61c06d42-1f21-4f9f-aca3-b49dd88d721d 2fd9b2a08dc54b99936b2b306df1c265 87de12cb33d64230bbcc94b98ed17c35 - - default default] Successfully bumped revision number for resource b7d5b3ed-31b9-4683-b81a-d7980b367f82 (type: security_group_rules) to 0
2026-07-08 22:48:38.407 8 INFO neutron.db.segments_db [None req-61c06d42-1f21-4f9f-aca3-b49dd88d721d 2fd9b2a08dc54b99936b2b306df1c265 87de12cb33d64230bbcc94b98ed17c35 - - default default] Added segment ae706a40-ab82-4a1b-8a5a-5b1ad8b8e5bf of type geneve for network 633d44c3-58dc-47a9-992b-3cbd247fa5d5
2026-07-08 22:48:38.499 8 INFO neutron.db.ovn_revision_numbers_db [None req-61c06d42-1f21-4f9f-aca3-b49dd88d721d 2fd9b2a08dc54b99936b2b306df1c265 87de12cb33d64230bbcc94b98ed17c35 - - default default] Successfully bumped revision number for resource 633d44c3-58dc-47a9-992b-3cbd247fa5d5 (type: networks) to 1
2026-07-08 22:48:38.650 8 WARNING neutron.scheduler.dhcp_agent_scheduler [None req-61c06d42-1f21-4f9f-aca3-b49dd88d721d 2fd9b2a08dc54b99936b2b306df1c265 87de12cb33d64230bbcc94b98ed17c35 - - default default] No more DHCP agents
2026-07-08 22:48:38.653 8 WARNING neutron.api.rpc.agentnotifiers.dhcp_rpc_agent_api [None req-61c06d42-1f21-4f9f-aca3-b49dd88d721d 2fd9b2a08dc54b99936b2b306df1c265 87de12cb33d64230bbcc94b98ed17c35 - - default default] Unable to schedule network 633d44c3-58dc-47a9-992b-3cbd247fa5d5: no agents available; will retry on subsequent port and subnet creation events.
2026-07-08 22:48:38.712 8 INFO neutron.plugins.ml2.drivers.ovn.mech_driver.mech_driver [None req-2f5902bf-4ba2-414e-8719-b0b01a2eae1c - - - - - -] OVN reports status down for port: 2d3e3115-46c9-4391-a17c-7e78833270e2
2026-07-08 22:48:38.773 8 INFO neutron.db.ovn_revision_numbers_db [None req-61c06d42-1f21-4f9f-aca3-b49dd88d721d 2fd9b2a08dc54b99936b2b306df1c265 87de12cb33d64230bbcc94b98ed17c35 - - default default] Successfully bumped revision number for resource 2d3e3115-46c9-4391-a17c-7e78833270e2 (type: ports) to 1 [pid: 8|app: 0|req: 699/1483] 10.0.0.162 () {34 vars in 669 bytes} [Wed Jul 8 22:48:37 2026] POST /v2.0/networks => generated 685 bytes in 885 msecs (HTTP/1.1 201) 4 headers in 162 bytes (1 switches on core 0)
2026-07-08 22:48:38.895 7 INFO neutron.plugins.ml2.drivers.ovn.mech_driver.ovsdb.commands [None req-e2eb0b56-127a-4ab9-b650-14dee41ff208 - - - - - -] Schedule LRP lrp-9c51089e-2e80-4734-a878-2325a506802f on gateway 236fd4c2-ec1e-4915-9cc4-0552b10d7a71 with priority 1
2026-07-08 22:48:38.969 7 INFO neutron.plugins.ml2.drivers.ovn.mech_driver.ovsdb.ovsdb_monitor [None req-834ea4c0-2f3f-4f49-9b76-5619ee1489d9 - - - - - -] Router 5de88fa2-6702-4ccf-b121-3ffa9dd215ea is bound to host instance
2026-07-08 22:48:38.970 8 INFO neutron.plugins.ml2.drivers.ovn.mech_driver.mech_driver [None req-2f5902bf-4ba2-414e-8719-b0b01a2eae1c - - - - - -] OVN reports status up for port: 9c51089e-2e80-4734-a878-2325a506802f
2026-07-08 22:48:38.990 8 INFO neutron.plugins.ml2.plugin [None req-2f5902bf-4ba2-414e-8719-b0b01a2eae1c - - - - - -] Attempt 1 to provision port 9c51089e-2e80-4734-a878-2325a506802f
2026-07-08 22:48:38.992 7 INFO neutron.db.ovn_revision_numbers_db [None req-a8f3eae2-6d36-4419-80a4-38c75054d54d f8aee25f7eb64e16a2e3544011e9072f d5c2904a08374d09b05aa666b0e151a7 - - default default] Successfully bumped revision number for resource 9c51089e-2e80-4734-a878-2325a506802f (type: router_ports) to 1
2026-07-08 22:48:39.147 7 INFO neutron.db.ovn_revision_numbers_db [None req-a8f3eae2-6d36-4419-80a4-38c75054d54d f8aee25f7eb64e16a2e3544011e9072f d5c2904a08374d09b05aa666b0e151a7 - - default default] Successfully bumped revision number for resource 5de88fa2-6702-4ccf-b121-3ffa9dd215ea (type: routers) to 2 [pid: 7|app: 0|req: 785/1484] 10.0.0.162 () {34 vars in 668 bytes} [Wed Jul 8 22:48:36 2026] POST /v2.0/routers => generated 969 bytes in 2365 msecs (HTTP/1.1 201) 4 headers in 162 bytes (1 switches on core 0)
2026-07-08 22:48:39.649 8 WARNING neutron.scheduler.dhcp_agent_scheduler [None req-e3e5d295-00c7-423b-ab14-c4af829bbbc6 f8aee25f7eb64e16a2e3544011e9072f d5c2904a08374d09b05aa666b0e151a7 - - default default] No more DHCP agents
2026-07-08 22:48:39.651 8 WARNING neutron.api.rpc.agentnotifiers.dhcp_rpc_agent_api [None req-e3e5d295-00c7-423b-ab14-c4af829bbbc6 f8aee25f7eb64e16a2e3544011e9072f d5c2904a08374d09b05aa666b0e151a7 - - default default] Unable to schedule network 2e10cacf-e914-4b04-8c4c-90b4dc213715: no agents available; will retry on subsequent port and subnet creation events.
2026-07-08 22:48:39.707 7 WARNING neutron.scheduler.dhcp_agent_scheduler [None req-e6fdac21-ae5c-46f9-9441-2d6214a5b817 2fd9b2a08dc54b99936b2b306df1c265 87de12cb33d64230bbcc94b98ed17c35 - - default default] No more DHCP agents
2026-07-08 22:48:39.710 7 WARNING neutron.api.rpc.agentnotifiers.dhcp_rpc_agent_api [None req-e6fdac21-ae5c-46f9-9441-2d6214a5b817 2fd9b2a08dc54b99936b2b306df1c265 87de12cb33d64230bbcc94b98ed17c35 - - default default] Unable to schedule network 633d44c3-58dc-47a9-992b-3cbd247fa5d5: no agents available; will retry on subsequent port and subnet creation events.
2026-07-08 22:48:39.758 7 INFO neutron.db.ovn_revision_numbers_db [None req-e6fdac21-ae5c-46f9-9441-2d6214a5b817 2fd9b2a08dc54b99936b2b306df1c265 87de12cb33d64230bbcc94b98ed17c35 - - default default] Successfully bumped revision number for resource be572f50-5060-456b-ad14-cdaad6285354 (type: subnets) to 0 [pid: 7|app: 0|req: 786/1485] 10.0.0.162 () {34 vars in 668 bytes} [Wed Jul 8 22:48:39 2026] POST /v2.0/subnets => generated 673 bytes in 484 msecs (HTTP/1.1 201) 4 headers in 162 bytes (1 switches on core 0)
2026-07-08 22:48:39.813 8 INFO neutron.db.ovn_revision_numbers_db [None req-e3e5d295-00c7-423b-ab14-c4af829bbbc6 f8aee25f7eb64e16a2e3544011e9072f d5c2904a08374d09b05aa666b0e151a7 - - default default] Successfully bumped revision number for resource 680bc7dc-0920-45c6-a283-f353ab8abc04 (type: ports) to 1
2026-07-08 22:48:39.814 7 INFO neutron.plugins.ml2.drivers.ovn.mech_driver.mech_driver [None req-0ffff8eb-efae-401a-bf48-9346d8b55b60 - - - - - -] OVN reports status down for port: 680bc7dc-0920-45c6-a283-f353ab8abc04
2026-07-08 22:48:40.342 7 INFO neutron.db.ovn_revision_numbers_db [None req-bf3c76ac-5e69-436e-9222-8cc18f46fbeb f8aee25f7eb64e16a2e3544011e9072f d5c2904a08374d09b05aa666b0e151a7 - - default default] Successfully bumped revision number for resource 9ded330f-cf78-4d59-846e-8f8ab3783285 (type: security_groups) to 1
2026-07-08 22:48:40.366 7 INFO neutron.db.ovn_revision_numbers_db [None req-bf3c76ac-5e69-436e-9222-8cc18f46fbeb f8aee25f7eb64e16a2e3544011e9072f d5c2904a08374d09b05aa666b0e151a7 - - default default] Successfully bumped revision number for resource b933fbf2-74ba-4604-8ac1-396caf465a3c (type: security_group_rules) to 0
2026-07-08 22:48:40.374 7 INFO neutron.db.ovn_revision_numbers_db [None req-e2f825d3-1cc3-452f-9056-bb038c2f6962 - - - - - -] Successfully bumped revision number for resource 9c51089e-2e80-4734-a878-2325a506802f (type: ports) to 4
2026-07-08 22:48:40.384 7 INFO neutron.db.ovn_revision_numbers_db [None req-bf3c76ac-5e69-436e-9222-8cc18f46fbeb f8aee25f7eb64e16a2e3544011e9072f d5c2904a08374d09b05aa666b0e151a7 - - default default] Successfully bumped revision number for resource c0ca9b51-b5d8-4d35-b50f-5fc97f1c07d8 (type: security_group_rules) to 0
2026-07-08 22:48:40.400 7 INFO neutron.db.ovn_revision_numbers_db [None req-bf3c76ac-5e69-436e-9222-8cc18f46fbeb f8aee25f7eb64e16a2e3544011e9072f d5c2904a08374d09b05aa666b0e151a7 - - default default] Successfully bumped revision number for resource d410a896-756f-4354-bc14-f0901c7e314d (type: security_group_rules) to 0
2026-07-08 22:48:40.432 7 INFO neutron.db.ovn_revision_numbers_db [None req-bf3c76ac-5e69-436e-9222-8cc18f46fbeb f8aee25f7eb64e16a2e3544011e9072f d5c2904a08374d09b05aa666b0e151a7 - - default default] Successfully bumped revision number for resource ec070c6f-11fa-4d9d-bb48-20a02aad8847 (type: security_group_rules) to 0 [pid: 7|app: 0|req: 787/1486] 10.0.0.162 () {32 vars in 773 bytes} [Wed Jul 8 22:48:39 2026] GET /v2.0/security-groups?tenant_id=7e7ee95720b74d89bedcee2a748b6d62&name=default => generated 2925 bytes in 742 msecs (HTTP/1.1 200) 4 headers in 158 bytes (1 switches on core 0)
2026-07-08 22:48:40.552 7 INFO neutron.plugins.ml2.drivers.ovn.mech_driver.mech_driver [None req-0ffff8eb-efae-401a-bf48-9346d8b55b60 - - - - - -] OVN reports status up for port: 680bc7dc-0920-45c6-a283-f353ab8abc04
2026-07-08 22:48:40.568 8 WARNING neutron.scheduler.dhcp_agent_scheduler [None req-e3e5d295-00c7-423b-ab14-c4af829bbbc6 f8aee25f7eb64e16a2e3544011e9072f d5c2904a08374d09b05aa666b0e151a7 - - default default] No more DHCP agents
2026-07-08 22:48:40.569 8 WARNING neutron.api.rpc.agentnotifiers.dhcp_rpc_agent_api [None req-e3e5d295-00c7-423b-ab14-c4af829bbbc6 f8aee25f7eb64e16a2e3544011e9072f d5c2904a08374d09b05aa666b0e151a7 - - default default] Unable to schedule network 2e10cacf-e914-4b04-8c4c-90b4dc213715: no agents available; will retry on subsequent port and subnet creation events.
2026-07-08 22:48:40.605 7 INFO neutron.plugins.ml2.plugin [None req-0ffff8eb-efae-401a-bf48-9346d8b55b60 - - - - - -] Attempt 1 to provision port 680bc7dc-0920-45c6-a283-f353ab8abc04
2026-07-08 22:48:40.745 7 INFO neutron.db.segments_db [None req-21615222-d897-43d0-ae74-b8b74efbaab1 2fd9b2a08dc54b99936b2b306df1c265 87de12cb33d64230bbcc94b98ed17c35 - - default default] Added segment f7ed053d-8815-4852-b637-8dfe6c25827c of type geneve for network 074d1c2f-57bc-463b-8681-dbfb95a650e7
2026-07-08 22:48:41.001 8 INFO neutron.db.ovn_revision_numbers_db [None req-e3e5d295-00c7-423b-ab14-c4af829bbbc6 f8aee25f7eb64e16a2e3544011e9072f d5c2904a08374d09b05aa666b0e151a7 - - default default] Successfully bumped revision number for resource 680bc7dc-0920-45c6-a283-f353ab8abc04 (type: router_ports) to 1 [pid: 8|app: 0|req: 700/1487] 10.0.0.162 () {34 vars in 782 bytes} [Wed Jul 8 22:48:39 2026] PUT /v2.0/routers/5de88fa2-6702-4ccf-b121-3ffa9dd215ea/add_router_interface => generated 309 bytes in 1823 msecs (HTTP/1.1 200) 4 headers in 157 bytes (1 switches on core 0)
2026-07-08 22:48:41.227 7 INFO neutron.db.ovn_revision_numbers_db [None req-21615222-d897-43d0-ae74-b8b74efbaab1 2fd9b2a08dc54b99936b2b306df1c265 87de12cb33d64230bbcc94b98ed17c35 - - default default] Successfully bumped revision number for resource 074d1c2f-57bc-463b-8681-dbfb95a650e7 (type: networks) to 1
2026-07-08 22:48:41.386 7 INFO neutron.db.ovn_revision_numbers_db [None req-e2f825d3-1cc3-452f-9056-bb038c2f6962 - - - - - -] Successfully bumped revision number for resource 9c51089e-2e80-4734-a878-2325a506802f (type: ports) to 5
2026-07-08 22:48:41.624 7 WARNING neutron.scheduler.dhcp_agent_scheduler [None req-21615222-d897-43d0-ae74-b8b74efbaab1 2fd9b2a08dc54b99936b2b306df1c265 87de12cb33d64230bbcc94b98ed17c35 - - default default] No more DHCP agents
2026-07-08 22:48:41.628 7 WARNING neutron.api.rpc.agentnotifiers.dhcp_rpc_agent_api [None req-21615222-d897-43d0-ae74-b8b74efbaab1 2fd9b2a08dc54b99936b2b306df1c265 87de12cb33d64230bbcc94b98ed17c35 - - default default] Unable to schedule network 074d1c2f-57bc-463b-8681-dbfb95a650e7: no agents available; will retry on subsequent port and subnet creation events.
2026-07-08 22:48:41.780 7 INFO neutron.db.ovn_revision_numbers_db [None req-0ffff8eb-efae-401a-bf48-9346d8b55b60 - - - - - -] Successfully bumped revision number for resource 680bc7dc-0920-45c6-a283-f353ab8abc04 (type: ports) to 2
2026-07-08 22:48:41.800 7 INFO neutron.db.ovn_revision_numbers_db [None req-21615222-d897-43d0-ae74-b8b74efbaab1 2fd9b2a08dc54b99936b2b306df1c265 87de12cb33d64230bbcc94b98ed17c35 - - default default] Successfully bumped revision number for resource e9975335-7f03-40f2-a79c-bb7dfd1a67fd (type: ports) to 1 [pid: 7|app: 0|req: 788/1488] 10.0.0.162 () {34 vars in 669 bytes} [Wed Jul 8 22:48:40 2026] POST /v2.0/networks => generated 686 bytes in 1319 msecs (HTTP/1.1 201) 4 headers in 162 bytes (1 switches on core 0)
2026-07-08 22:48:41.924 8 INFO neutron.plugins.ml2.drivers.ovn.mech_driver.mech_driver [None req-2f5902bf-4ba2-414e-8719-b0b01a2eae1c - - - - - -] OVN reports status down for port: e9975335-7f03-40f2-a79c-bb7dfd1a67fd
2026-07-08 22:48:42.081 8 INFO neutron.db.ovn_revision_numbers_db [None req-7f106e6c-6e7c-48d2-940a-d3854ea45288 f8aee25f7eb64e16a2e3544011e9072f d5c2904a08374d09b05aa666b0e151a7 - - default default] Successfully bumped revision number for resource dbd82f9b-4830-4798-8959-45b5ea82047b (type: security_groups) to 1
2026-07-08 22:48:42.104 8 INFO neutron.db.ovn_revision_numbers_db [None req-7f106e6c-6e7c-48d2-940a-d3854ea45288 f8aee25f7eb64e16a2e3544011e9072f d5c2904a08374d09b05aa666b0e151a7 - - default default] Successfully bumped revision number for resource 0296d07c-5216-456b-8bcb-5977420222be (type: security_group_rules) to 0
2026-07-08 22:48:42.127 8 INFO neutron.db.ovn_revision_numbers_db [None req-7f106e6c-6e7c-48d2-940a-d3854ea45288 f8aee25f7eb64e16a2e3544011e9072f d5c2904a08374d09b05aa666b0e151a7 - - default default] Successfully bumped revision number for resource 10c547d3-eb1c-4b39-9f25-3aad1e92f899 (type: security_group_rules) to 0
2026-07-08 22:48:42.141 8 INFO neutron.db.ovn_revision_numbers_db [None req-7f106e6c-6e7c-48d2-940a-d3854ea45288 f8aee25f7eb64e16a2e3544011e9072f d5c2904a08374d09b05aa666b0e151a7 - - default default] Successfully bumped revision number for resource 13832384-2985-4de4-960f-cf2663df5350 (type: security_group_rules) to 0
2026-07-08 22:48:42.154 8 INFO neutron.db.ovn_revision_numbers_db [None req-7f106e6c-6e7c-48d2-940a-d3854ea45288 f8aee25f7eb64e16a2e3544011e9072f d5c2904a08374d09b05aa666b0e151a7 - - default default] Successfully bumped revision number for resource 748826d1-8fd7-4421-b6ae-d503b8b06e85 (type: security_group_rules) to 0 [pid: 7|app: 0|req: 789/1489] 10.0.0.162 () {32 vars in 739 bytes} [Wed Jul 8 22:48:41 2026] DELETE /v2.0/security-groups/9ded330f-cf78-4d59-846e-8f8ab3783285 => generated 0 bytes in 314 msecs (HTTP/1.1 204) 2 headers in 112 bytes (1 switches on core 0) [pid: 8|app: 0|req: 701/1490] 10.0.0.162 () {32 vars in 773 bytes} [Wed Jul 8 22:48:41 2026] GET /v2.0/security-groups?tenant_id=5cd1d9c119b241b2a95006deed883199&name=default => generated 2925 bytes in 1194 msecs (HTTP/1.1 200) 4 headers in 158 bytes (1 switches on core 0)
2026-07-08 22:48:42.301 7 INFO neutron.db.ovn_revision_numbers_db [None req-8fe33699-b829-4927-aaeb-9bec57798696 4ad593f40f324457974989e8cde3ce14 42d83af138d746089506bbbb3d882992 - - default default] Successfully bumped revision number for resource cb14a672-f7c4-4ae1-86f2-f31450d9c8ba (type: security_groups) to 1
2026-07-08 22:48:42.311 7 INFO neutron.db.ovn_revision_numbers_db [None req-8fe33699-b829-4927-aaeb-9bec57798696 4ad593f40f324457974989e8cde3ce14 42d83af138d746089506bbbb3d882992 - - default default] Successfully bumped revision number for resource 6cc4849a-9ff9-4e4e-af77-52e9e52bf037 (type: security_group_rules) to 0
2026-07-08 22:48:42.324 7 INFO neutron.db.ovn_revision_numbers_db [None req-8fe33699-b829-4927-aaeb-9bec57798696 4ad593f40f324457974989e8cde3ce14 42d83af138d746089506bbbb3d882992 - - default default] Successfully bumped revision number for resource a825f622-5522-4d03-9b5a-2a0c3f38c1a1 (type: security_group_rules) to 0
2026-07-08 22:48:42.364 8 INFO neutron.db.ovn_revision_numbers_db [None req-acf3ad48-ee3c-46f5-8928-091407b0a824 2fd9b2a08dc54b99936b2b306df1c265 87de12cb33d64230bbcc94b98ed17c35 - - default default] Successfully bumped revision number for resource 074d1c2f-57bc-463b-8681-dbfb95a650e7 (type: networks) to 2 [pid: 7|app: 0|req: 790/1491] 10.0.0.162 () {34 vars in 684 bytes} [Wed Jul 8 22:48:42 2026] POST /v2.0/security-groups => generated 1660 bytes in 182 msecs (HTTP/1.1 201) 4 headers in 163 bytes (1 switches on core 0) [pid: 8|app: 0|req: 702/1492] 10.0.0.162 () {34 vars in 742 bytes} [Wed Jul 8 22:48:42 2026] PUT /v2.0/networks/074d1c2f-57bc-463b-8681-dbfb95a650e7 => generated 636 bytes in 162 msecs (HTTP/1.1 200) 4 headers in 157 bytes (1 switches on core 0)
2026-07-08 22:48:42.550 8 INFO neutron.db.ovn_revision_numbers_db [None req-a7c7d7bf-64b6-400a-adc4-aeea4c3700d0 4ad593f40f324457974989e8cde3ce14 42d83af138d746089506bbbb3d882992 - - default default] Successfully bumped revision number for resource 60483c3c-3562-4469-840b-23fb426bfb8f (type: security_group_rules) to 0 [pid: 7|app: 0|req: 791/1493] 10.0.0.162 () {32 vars in 739 bytes} [Wed Jul 8 22:48:42 2026] DELETE /v2.0/security-groups/dbd82f9b-4830-4798-8959-45b5ea82047b => generated 0 bytes in 218 msecs (HTTP/1.1 204) 2 headers in 112 bytes (1 switches on core 0) [pid: 8|app: 0|req: 703/1494] 10.0.0.162 () {34 vars in 694 bytes} [Wed Jul 8 22:48:42 2026] POST /v2.0/security-group-rules => generated 597 bytes in 235 msecs (HTTP/1.1 201) 4 headers in 162 bytes (1 switches on core 0)
2026-07-08 22:48:42.752 7 WARNING neutron.scheduler.dhcp_agent_scheduler [None req-abd81d73-fb29-4b60-8fc3-bd6f38a42243 2fd9b2a08dc54b99936b2b306df1c265 87de12cb33d64230bbcc94b98ed17c35 - - default default] No more DHCP agents
2026-07-08 22:48:42.753 8 INFO neutron.db.ovn_revision_numbers_db [None req-29b15ab7-8cd6-4cef-bb2d-b30d2e960c6b 4ad593f40f324457974989e8cde3ce14 42d83af138d746089506bbbb3d882992 - - default default] Successfully bumped revision number for resource b3f4383f-9ab7-48ee-b21f-2326093d77b6 (type: security_group_rules) to 0
2026-07-08 22:48:42.753 7 WARNING neutron.api.rpc.agentnotifiers.dhcp_rpc_agent_api [None req-abd81d73-fb29-4b60-8fc3-bd6f38a42243 2fd9b2a08dc54b99936b2b306df1c265 87de12cb33d64230bbcc94b98ed17c35 - - default default] Unable to schedule network 074d1c2f-57bc-463b-8681-dbfb95a650e7: no agents available; will retry on subsequent port and subnet creation events.
2026-07-08 22:48:42.783 7 INFO neutron.db.ovn_revision_numbers_db [None req-abd81d73-fb29-4b60-8fc3-bd6f38a42243 2fd9b2a08dc54b99936b2b306df1c265 87de12cb33d64230bbcc94b98ed17c35 - - default default] Successfully bumped revision number for resource f714cf03-4bd2-4988-bcaf-2be349fbcf16 (type: subnets) to 0 [pid: 7|app: 0|req: 792/1495] 10.0.0.162 () {34 vars in 668 bytes} [Wed Jul 8 22:48:42 2026] POST /v2.0/subnets => generated 646 bytes in 219 msecs (HTTP/1.1 201) 4 headers in 162 bytes (1 switches on core 0) [pid: 8|app: 0|req: 704/1496] 10.0.0.162 () {34 vars in 694 bytes} [Wed Jul 8 22:48:42 2026] POST /v2.0/security-group-rules => generated 602 bytes in 201 msecs (HTTP/1.1 201) 4 headers in 162 bytes (1 switches on core 0)
2026-07-08 22:48:43.101 8 WARNING neutron.scheduler.dhcp_agent_scheduler [None req-cccee2e0-67a4-4f30-9e06-932a763b1710 4ad593f40f324457974989e8cde3ce14 42d83af138d746089506bbbb3d882992 - - default default] No more DHCP agents
2026-07-08 22:48:43.103 8 WARNING neutron.api.rpc.agentnotifiers.dhcp_rpc_agent_api [None req-cccee2e0-67a4-4f30-9e06-932a763b1710 4ad593f40f324457974989e8cde3ce14 42d83af138d746089506bbbb3d882992 - - default default] Unable to schedule network e793adfe-9958-4f49-a4d1-06c78fe58ea1: no agents available; will retry on subsequent port and subnet creation events.
2026-07-08 22:48:43.382 7 INFO neutron.db.ovn_revision_numbers_db [None req-c2bfd300-62c9-4a9e-9918-22cb71b47daf - - - - - -] Successfully bumped revision number for resource e9975335-7f03-40f2-a79c-bb7dfd1a67fd (type: ports) to 2
2026-07-08 22:48:43.427 7 INFO neutron.db.ovn_revision_numbers_db [None req-c2bfd300-62c9-4a9e-9918-22cb71b47daf - - - - - -] Successfully bumped revision number for resource f714cf03-4bd2-4988-bcaf-2be349fbcf16 (type: subnets) to 1 [pid: 7|app: 0|req: 793/1497] 10.0.0.162 () {34 vars in 740 bytes} [Wed Jul 8 22:48:42 2026] PUT /v2.0/subnets/f714cf03-4bd2-4988-bcaf-2be349fbcf16 => generated 656 bytes in 624 msecs (HTTP/1.1 200) 4 headers in 157 bytes (1 switches on core 0) [pid: 8|app: 0|req: 705/1498] 10.0.0.162 () {34 vars in 675 bytes} [Wed Jul 8 22:48:42 2026] POST /v2.0/floatingips => generated 552 bytes in 674 msecs (HTTP/1.1 201) 4 headers in 162 bytes (1 switches on core 0)
2026-07-08 22:48:43.596 7 INFO neutron_taas.services.taas.taas_plugin [None req-daa71d0f-e1f8-47e6-a2ec-8f550ec7f774 2fd9b2a08dc54b99936b2b306df1c265 87de12cb33d64230bbcc94b98ed17c35 - - default default] TaaS: Handle Delete Port: e9975335-7f03-40f2-a79c-bb7dfd1a67fd
2026-07-08 22:48:43.601 7 INFO neutron_taas.services.taas.tap_mirror_plugin [None req-daa71d0f-e1f8-47e6-a2ec-8f550ec7f774 2fd9b2a08dc54b99936b2b306df1c265 87de12cb33d64230bbcc94b98ed17c35 - - default default] Tap Mirror: Handle Delete Port: e9975335-7f03-40f2-a79c-bb7dfd1a67fd
2026-07-08 22:48:43.890 7 INFO neutron.services.segments.plugin [-] Segment f7ed053d-8815-4852-b637-8dfe6c25827c resource provider aggregate not found
2026-07-08 22:48:43.903 7 INFO neutron.services.segments.plugin [-] Segment f7ed053d-8815-4852-b637-8dfe6c25827c resource provider aggregate not found
2026-07-08 22:48:43.908 7 INFO neutron.services.segments.plugin [-] Client error retrieving segment f7ed053d-8815-4852-b637-8dfe6c25827c resource provider; error: Placement Client Error (4xx): {"errors": [{"status": 404, "title": "Not Found", "detail": "The resource could not be found.\n\n No resource provider with uuid f7ed053d-8815-4852-b637-8dfe6c25827c found for delete ", "request_id": "req-ef1ad986-fc66-42fc-a5f5-bfa00e521eba"}]}
2026-07-08 22:48:43.919 7 INFO neutron.services.segments.plugin [-] Client error retrieving segment f7ed053d-8815-4852-b637-8dfe6c25827c resource provider; error: Placement Client Error (4xx): {"errors": [{"status": 404, "title": "Not Found", "detail": "The resource could not be found.\n\n No resource provider with uuid f7ed053d-8815-4852-b637-8dfe6c25827c found for delete ", "request_id": "req-2dc93dcc-f3e4-4a89-a15c-f9cdcc5d9c5c"}]} [pid: 7|app: 0|req: 794/1499] 10.0.0.162 () {32 vars in 725 bytes} [Wed Jul 8 22:48:43 2026] DELETE /v2.0/networks/074d1c2f-57bc-463b-8681-dbfb95a650e7 => generated 0 bytes in 513 msecs (HTTP/1.1 204) 3 headers in 131 bytes (1 switches on core 0)
2026-07-08 22:48:43.968 7 INFO neutron.pecan_wsgi.hooks.translation [None req-c9993686-c28f-44c8-973e-3bd130481912 2fd9b2a08dc54b99936b2b306df1c265 87de12cb33d64230bbcc94b98ed17c35 - - default default] DELETE failed (client error): The resource could not be found. [pid: 7|app: 0|req: 795/1500] 10.0.0.162 () {32 vars in 725 bytes} [Wed Jul 8 22:48:43 2026] DELETE /v2.0/networks/074d1c2f-57bc-463b-8681-dbfb95a650e7 => generated 138 bytes in 16 msecs (HTTP/1.1 404) 4 headers in 164 bytes (1 switches on core 0) [pid: 8|app: 0|req: 706/1501] 10.0.0.45 () {34 vars in 1096 bytes} [Wed Jul 8 22:48:43 2026] GET /v2.0/security-groups?name=tempest-securitygroup--875497595&fields=id&tenant_id=42d83af138d746089506bbbb3d882992 => generated 69 bytes in 43 msecs (HTTP/1.1 200) 4 headers in 156 bytes (1 switches on core 0) [pid: 7|app: 0|req: 796/1502] 10.0.0.162 () {32 vars in 693 bytes} [Wed Jul 8 22:48:43 2026] GET /v2.0/networks?router%3Aexternal=True => generated 689 bytes in 55 msecs (HTTP/1.1 200) 4 headers in 157 bytes (1 switches on core 0) [pid: 8|app: 0|req: 707/1503] 10.0.0.45 () {34 vars in 980 bytes} [Wed Jul 8 22:48:43 2026] GET /v2.0/networks?id=2e10cacf-e914-4b04-8c4c-90b4dc213715 => generated 714 bytes in 48 msecs (HTTP/1.1 200) 4 headers in 157 bytes (1 switches on core 0) [pid: 8|app: 0|req: 708/1504] 10.0.0.45 () {34 vars in 963 bytes} [Wed Jul 8 22:48:44 2026] GET /v2.0/quotas/42d83af138d746089506bbbb3d882992 => generated 292 bytes in 11 msecs (HTTP/1.1 200) 4 headers in 157 bytes (1 switches on core 0) [pid: 7|app: 0|req: 797/1505] 10.0.0.162 () {32 vars in 741 bytes} [Wed Jul 8 22:48:44 2026] GET /v2.0/subnets?network_id=e793adfe-9958-4f49-a4d1-06c78fe58ea1 => generated 649 bytes in 41 msecs (HTTP/1.1 200) 4 headers in 157 bytes (1 switches on core 0) [pid: 7|app: 0|req: 798/1506] 10.0.0.162 () {32 vars in 652 bytes} [Wed Jul 8 22:48:44 2026] GET /v2.0/extensions => generated 20541 bytes in 14 msecs (HTTP/1.1 200) 4 headers in 159 bytes (1 switches on core 0) [pid: 8|app: 0|req: 709/1507] 10.0.0.45 () {34 vars in 1000 bytes} [Wed Jul 8 22:48:44 2026] GET /v2.0/ports?tenant_id=42d83af138d746089506bbbb3d882992&fields=id => generated 103 bytes in 76 msecs (HTTP/1.1 200) 4 headers in 157 bytes (1 switches on core 0) [pid: 7|app: 0|req: 799/1508] 10.0.0.162 () {32 vars in 648 bytes} [Wed Jul 8 22:48:44 2026] GET /v2.0/networks => generated 1388 bytes in 56 msecs (HTTP/1.1 200) 4 headers in 158 bytes (1 switches on core 0) [pid: 8|app: 0|req: 710/1509] 10.0.0.45 () {34 vars in 1006 bytes} [Wed Jul 8 22:48:44 2026] GET /v2.0/networks/2e10cacf-e914-4b04-8c4c-90b4dc213715?fields=segments => generated 14 bytes in 37 msecs (HTTP/1.1 200) 4 headers in 156 bytes (1 switches on core 0) [pid: 7|app: 0|req: 800/1510] 10.0.0.162 () {32 vars in 646 bytes} [Wed Jul 8 22:48:44 2026] GET /v2.0/subnets => generated 1312 bytes in 33 msecs (HTTP/1.1 200) 4 headers in 158 bytes (1 switches on core 0) [pid: 8|app: 0|req: 711/1511] 10.0.0.45 () {34 vars in 1106 bytes} [Wed Jul 8 22:48:44 2026] GET /v2.0/networks/2e10cacf-e914-4b04-8c4c-90b4dc213715?fields=provider%3Aphysical_network&fields=provider%3Anetwork_type => generated 79 bytes in 48 msecs (HTTP/1.1 200) 4 headers in 156 bytes (1 switches on core 0) [pid: 7|app: 0|req: 801/1512] 10.0.0.162 () {32 vars in 722 bytes} [Wed Jul 8 22:48:44 2026] GET /v2.0/networks/633d44c3-58dc-47a9-992b-3cbd247fa5d5 => generated 710 bytes in 45 msecs (HTTP/1.1 200) 4 headers in 157 bytes (1 switches on core 0) [pid: 8|app: 0|req: 712/1513] 10.0.0.162 () {32 vars in 720 bytes} [Wed Jul 8 22:48:44 2026] GET /v2.0/subnets/be572f50-5060-456b-ad14-cdaad6285354 => generated 673 bytes in 27 msecs (HTTP/1.1 200) 4 headers in 157 bytes (1 switches on core 0)
