2026-07-08 22:47:46.081 8 INFO neutron.plugins.ml2.drivers.ovn.mech_driver.mech_driver [None req-a85408a2-73a9-4c8e-964a-bf19b64f7768 - - - - - -] OVN reports status down for port: 6fbe4eaa-beb6-45e5-a161-f1eaf53a8bd8
2026-07-08 22:47:46.157 8 INFO neutron.db.ovn_revision_numbers_db [None req-0ebb1571-fad2-4160-866b-d8ccc9ec6704 e1ef020d42684f85b8faddce90164acf 6da55f0809684c199ccfbf594600f426 - - default default] Successfully bumped revision number for resource 6fbe4eaa-beb6-45e5-a161-f1eaf53a8bd8 (type: ports) to 1 [pid: 8|app: 0|req: 507/1083] 10.0.0.162 () {34 vars in 669 bytes} [Wed Jul 8 22:47:45 2026] POST /v2.0/networks => generated 691 bytes in 590 msecs (HTTP/1.1 201) 4 headers in 162 bytes (1 switches on core 0)
2026-07-08 22:47:46.319 7 INFO neutron.db.segments_db [None req-11c76353-c953-4497-9476-c44f003398d7 e1ef020d42684f85b8faddce90164acf 6da55f0809684c199ccfbf594600f426 - - default default] Added segment e68a124a-6a01-4d25-97e2-dd9f37539544 of type geneve for network 23c83f78-4ec7-4d83-9366-27d6b1820da0
2026-07-08 22:47:46.436 7 INFO neutron.db.ovn_revision_numbers_db [None req-11c76353-c953-4497-9476-c44f003398d7 e1ef020d42684f85b8faddce90164acf 6da55f0809684c199ccfbf594600f426 - - default default] Successfully bumped revision number for resource 23c83f78-4ec7-4d83-9366-27d6b1820da0 (type: networks) to 1
2026-07-08 22:47:46.626 7 WARNING neutron.scheduler.dhcp_agent_scheduler [None req-11c76353-c953-4497-9476-c44f003398d7 e1ef020d42684f85b8faddce90164acf 6da55f0809684c199ccfbf594600f426 - - default default] No more DHCP agents
2026-07-08 22:47:46.628 7 WARNING neutron.api.rpc.agentnotifiers.dhcp_rpc_agent_api [None req-11c76353-c953-4497-9476-c44f003398d7 e1ef020d42684f85b8faddce90164acf 6da55f0809684c199ccfbf594600f426 - - default default] Unable to schedule network 23c83f78-4ec7-4d83-9366-27d6b1820da0: no agents available; will retry on subsequent port and subnet creation events.
2026-07-08 22:47:46.688 8 INFO neutron.plugins.ml2.drivers.ovn.mech_driver.mech_driver [None req-a85408a2-73a9-4c8e-964a-bf19b64f7768 - - - - - -] OVN reports status down for port: af1bce03-975c-477f-a602-82f465e5583c
2026-07-08 22:47:46.716 7 INFO neutron.db.ovn_revision_numbers_db [None req-11c76353-c953-4497-9476-c44f003398d7 e1ef020d42684f85b8faddce90164acf 6da55f0809684c199ccfbf594600f426 - - default default] Successfully bumped revision number for resource af1bce03-975c-477f-a602-82f465e5583c (type: ports) to 1 [pid: 7|app: 0|req: 577/1084] 10.0.0.162 () {34 vars in 669 bytes} [Wed Jul 8 22:47:46 2026] POST /v2.0/networks => generated 691 bytes in 506 msecs (HTTP/1.1 201) 4 headers in 162 bytes (1 switches on core 0) [pid: 8|app: 0|req: 508/1085] 10.0.0.45 () {34 vars in 988 bytes} [Wed Jul 8 22:47:47 2026] GET /v2.0/ports?device_id=f9c43536-0693-44a0-9457-037eb5f26900 => generated 12 bytes in 23 msecs (HTTP/1.1 200) 4 headers in 156 bytes (1 switches on core 0)
2026-07-08 22:47:47.601 7 WARNING neutron.scheduler.dhcp_agent_scheduler [None req-bb7d6039-227e-49a5-8309-b8a0f1e1f806 e1ef020d42684f85b8faddce90164acf 6da55f0809684c199ccfbf594600f426 - - default default] No more DHCP agents
2026-07-08 22:47:47.602 7 WARNING neutron.api.rpc.agentnotifiers.dhcp_rpc_agent_api [None req-bb7d6039-227e-49a5-8309-b8a0f1e1f806 e1ef020d42684f85b8faddce90164acf 6da55f0809684c199ccfbf594600f426 - - default default] Unable to schedule network 25d2da93-97c4-4505-99fe-08b8862b220d: no agents available; will retry on subsequent port and subnet creation events.
2026-07-08 22:47:47.630 7 INFO neutron.db.ovn_revision_numbers_db [None req-bb7d6039-227e-49a5-8309-b8a0f1e1f806 e1ef020d42684f85b8faddce90164acf 6da55f0809684c199ccfbf594600f426 - - default default] Successfully bumped revision number for resource 99b20e68-a038-45b6-a03b-f7e2e6a61c24 (type: subnets) to 0
2026-07-08 22:47:47.663 7 WARNING neutron.scheduler.dhcp_agent_scheduler [None req-bb7d6039-227e-49a5-8309-b8a0f1e1f806 e1ef020d42684f85b8faddce90164acf 6da55f0809684c199ccfbf594600f426 - - default default] No more DHCP agents
2026-07-08 22:47:47.666 7 WARNING neutron.api.rpc.agentnotifiers.dhcp_rpc_agent_api [None req-bb7d6039-227e-49a5-8309-b8a0f1e1f806 e1ef020d42684f85b8faddce90164acf 6da55f0809684c199ccfbf594600f426 - - default default] Unable to schedule network 23c83f78-4ec7-4d83-9366-27d6b1820da0: no agents available; will retry on subsequent port and subnet creation events.
2026-07-08 22:47:47.682 8 INFO neutron.db.ovn_revision_numbers_db [None req-35828a15-a0e5-49de-a502-3c448af97425 f8aee25f7eb64e16a2e3544011e9072f d5c2904a08374d09b05aa666b0e151a7 - - default default] Successfully bumped revision number for resource cae83d93-5bd6-484d-83a3-1ff478deacb6 (type: security_groups) to 1
2026-07-08 22:47:47.693 7 INFO neutron.db.ovn_revision_numbers_db [None req-bb7d6039-227e-49a5-8309-b8a0f1e1f806 e1ef020d42684f85b8faddce90164acf 6da55f0809684c199ccfbf594600f426 - - default default] Successfully bumped revision number for resource e2d81164-73b0-4276-a61a-e68fd11eae76 (type: subnets) to 0
2026-07-08 22:47:47.709 8 INFO neutron.db.ovn_revision_numbers_db [None req-35828a15-a0e5-49de-a502-3c448af97425 f8aee25f7eb64e16a2e3544011e9072f d5c2904a08374d09b05aa666b0e151a7 - - default default] Successfully bumped revision number for resource 4b15459f-4a55-4e18-ac9a-730643ac3072 (type: security_group_rules) to 0 [pid: 7|app: 0|req: 578/1086] 10.0.0.162 () {34 vars in 668 bytes} [Wed Jul 8 22:47:47 2026] POST /v2.0/subnets => generated 1324 bytes in 464 msecs (HTTP/1.1 201) 4 headers in 163 bytes (1 switches on core 0)
2026-07-08 22:47:47.726 8 INFO neutron.db.ovn_revision_numbers_db [None req-35828a15-a0e5-49de-a502-3c448af97425 f8aee25f7eb64e16a2e3544011e9072f d5c2904a08374d09b05aa666b0e151a7 - - default default] Successfully bumped revision number for resource 7d9a3df1-0af2-472c-b1a2-b557a96f9403 (type: security_group_rules) to 0
2026-07-08 22:47:47.743 8 INFO neutron.db.ovn_revision_numbers_db [None req-35828a15-a0e5-49de-a502-3c448af97425 f8aee25f7eb64e16a2e3544011e9072f d5c2904a08374d09b05aa666b0e151a7 - - default default] Successfully bumped revision number for resource ade983e5-bb53-4f0a-b1c6-88bcb522e84e (type: security_group_rules) to 0
2026-07-08 22:47:47.754 8 INFO neutron.db.ovn_revision_numbers_db [None req-35828a15-a0e5-49de-a502-3c448af97425 f8aee25f7eb64e16a2e3544011e9072f d5c2904a08374d09b05aa666b0e151a7 - - default default] Successfully bumped revision number for resource beb9583d-db75-4e00-89b2-ac845edebdfa (type: security_group_rules) to 0 [pid: 7|app: 0|req: 579/1087] 10.0.0.162 () {32 vars in 646 bytes} [Wed Jul 8 22:47:47 2026] GET /v2.0/subnets => generated 1960 bytes in 48 msecs (HTTP/1.1 200) 4 headers in 158 bytes (1 switches on core 0) [pid: 8|app: 0|req: 509/1088] 10.0.0.162 () {32 vars in 773 bytes} [Wed Jul 8 22:47:47 2026] GET /v2.0/security-groups?tenant_id=a0d78e032aa640e6a2af8ee49bf107a5&name=default => generated 2925 bytes in 408 msecs (HTTP/1.1 200) 4 headers in 158 bytes (1 switches on core 0) [pid: 7|app: 0|req: 580/1089] 10.0.0.162 () {32 vars in 723 bytes} [Wed Jul 8 22:47:47 2026] DELETE /v2.0/subnets/99b20e68-a038-45b6-a03b-f7e2e6a61c24 => generated 0 bytes in 161 msecs (HTTP/1.1 204) 3 headers in 131 bytes (1 switches on core 0) [pid: 8|app: 0|req: 510/1090] 10.0.0.162 () {32 vars in 739 bytes} [Wed Jul 8 22:47:47 2026] DELETE /v2.0/security-groups/cae83d93-5bd6-484d-83a3-1ff478deacb6 => generated 0 bytes in 230 msecs (HTTP/1.1 204) 2 headers in 112 bytes (1 switches on core 0) [pid: 7|app: 0|req: 581/1091] 10.0.0.162 () {32 vars in 723 bytes} [Wed Jul 8 22:47:47 2026] DELETE /v2.0/subnets/e2d81164-73b0-4276-a61a-e68fd11eae76 => generated 0 bytes in 206 msecs (HTTP/1.1 204) 3 headers in 131 bytes (1 switches on core 0) [pid: 7|app: 0|req: 582/1092] 10.0.0.162 () {32 vars in 646 bytes} [Wed Jul 8 22:47:48 2026] GET /v2.0/subnets => generated 649 bytes in 36 msecs (HTTP/1.1 200) 4 headers in 157 bytes (1 switches on core 0) [pid: 8|app: 0|req: 511/1093] 10.0.0.162 () {32 vars in 739 bytes} [Wed Jul 8 22:47:48 2026] DELETE /v2.0/security-groups/9133073b-8447-4a85-b271-d55b88299987 => generated 0 bytes in 156 msecs (HTTP/1.1 204) 2 headers in 112 bytes (1 switches on core 0)
2026-07-08 22:47:48.358 7 INFO neutron.db.ovn_revision_numbers_db [None req-ce726503-6ece-45b4-953f-4d25c845174f f8aee25f7eb64e16a2e3544011e9072f d5c2904a08374d09b05aa666b0e151a7 - - default default] Successfully bumped revision number for resource ae488c01-1e94-48de-819a-4044780738a9 (type: security_groups) to 1
2026-07-08 22:47:48.375 7 INFO neutron.db.ovn_revision_numbers_db [None req-ce726503-6ece-45b4-953f-4d25c845174f f8aee25f7eb64e16a2e3544011e9072f d5c2904a08374d09b05aa666b0e151a7 - - default default] Successfully bumped revision number for resource 5b6abc72-f33c-4230-9116-aeee051842bf (type: security_group_rules) to 0
2026-07-08 22:47:48.387 7 INFO neutron.db.ovn_revision_numbers_db [None req-ce726503-6ece-45b4-953f-4d25c845174f f8aee25f7eb64e16a2e3544011e9072f d5c2904a08374d09b05aa666b0e151a7 - - default default] Successfully bumped revision number for resource cb883638-0623-4215-83d7-abf7d6b4e36b (type: security_group_rules) to 0
2026-07-08 22:47:48.400 7 INFO neutron.db.ovn_revision_numbers_db [None req-ce726503-6ece-45b4-953f-4d25c845174f f8aee25f7eb64e16a2e3544011e9072f d5c2904a08374d09b05aa666b0e151a7 - - default default] Successfully bumped revision number for resource db7887ee-eff0-4611-8c6e-85c57e74709a (type: security_group_rules) to 0
2026-07-08 22:47:48.412 7 INFO neutron.db.ovn_revision_numbers_db [None req-ce726503-6ece-45b4-953f-4d25c845174f f8aee25f7eb64e16a2e3544011e9072f d5c2904a08374d09b05aa666b0e151a7 - - default default] Successfully bumped revision number for resource e7d57291-0945-4d0f-8651-e3b1fa9105d8 (type: security_group_rules) to 0
2026-07-08 22:47:48.425 8 INFO neutron_taas.services.taas.taas_plugin [None req-a6725cab-0e33-4a8d-b315-0a978c45e087 e1ef020d42684f85b8faddce90164acf 6da55f0809684c199ccfbf594600f426 - - default default] TaaS: Handle Delete Port: af1bce03-975c-477f-a602-82f465e5583c
2026-07-08 22:47:48.428 8 INFO neutron_taas.services.taas.tap_mirror_plugin [None req-a6725cab-0e33-4a8d-b315-0a978c45e087 e1ef020d42684f85b8faddce90164acf 6da55f0809684c199ccfbf594600f426 - - default default] Tap Mirror: Handle Delete Port: af1bce03-975c-477f-a602-82f465e5583c [pid: 7|app: 0|req: 583/1094] 10.0.0.162 () {32 vars in 773 bytes} [Wed Jul 8 22:47:48 2026] GET /v2.0/security-groups?tenant_id=7b62e2dc05bd4d279e7617d45e0ddc2d&name=default => generated 2925 bytes in 246 msecs (HTTP/1.1 200) 4 headers in 158 bytes (1 switches on core 0)
2026-07-08 22:47:48.462 7 INFO neutron.api.v2.resource [None req-6068e522-a449-4cff-90a3-9937baf3a0ac 973667303261473f92aafa7b53864373 d059f3e78ca54a6db564520c56e8ba0e - - default default] show failed (client error): The resource could not be found. [pid: 7|app: 0|req: 584/1095] 10.0.0.162 () {32 vars in 736 bytes} [Wed Jul 8 22:47:48 2026] GET /v2.0/security-groups/9133073b-8447-4a85-b271-d55b88299987 => generated 146 bytes in 11 msecs (HTTP/1.1 404) 4 headers in 164 bytes (1 switches on core 0)
2026-07-08 22:47:48.620 8 INFO neutron.services.segments.plugin [-] Segment e68a124a-6a01-4d25-97e2-dd9f37539544 resource provider aggregate not found
2026-07-08 22:47:48.622 8 INFO neutron.services.segments.plugin [-] Segment e68a124a-6a01-4d25-97e2-dd9f37539544 resource provider aggregate not found
2026-07-08 22:47:48.637 8 INFO neutron.services.segments.plugin [-] Client error retrieving segment e68a124a-6a01-4d25-97e2-dd9f37539544 resource provider; error: Placement Client Error (4xx): {"errors": [{"status": 404, "title": "Not Found", "detail": "The resource could not be found.\n\n No resource provider with uuid e68a124a-6a01-4d25-97e2-dd9f37539544 found for delete ", "request_id": "req-3f6f5d82-eb45-45a7-82c2-696982c67347"}]}
2026-07-08 22:47:48.643 8 INFO neutron.services.segments.plugin [-] Client error retrieving segment e68a124a-6a01-4d25-97e2-dd9f37539544 resource provider; error: Placement Client Error (4xx): {"errors": [{"status": 404, "title": "Not Found", "detail": "The resource could not be found.\n\n No resource provider with uuid e68a124a-6a01-4d25-97e2-dd9f37539544 found for delete ", "request_id": "req-87825125-9649-4db1-bdd9-b020b75fa1d0"}]} [pid: 8|app: 0|req: 512/1096] 10.0.0.162 () {32 vars in 725 bytes} [Wed Jul 8 22:47:48 2026] DELETE /v2.0/networks/23c83f78-4ec7-4d83-9366-27d6b1820da0 => generated 0 bytes in 373 msecs (HTTP/1.1 204) 3 headers in 131 bytes (1 switches on core 0) [pid: 7|app: 0|req: 585/1097] 10.0.0.162 () {32 vars in 739 bytes} [Wed Jul 8 22:47:48 2026] DELETE /v2.0/security-groups/ae488c01-1e94-48de-819a-4044780738a9 => generated 0 bytes in 238 msecs (HTTP/1.1 204) 2 headers in 112 bytes (1 switches on core 0)
2026-07-08 22:47:48.794 8 INFO neutron_taas.services.taas.taas_plugin [None req-01ba7572-240d-4b24-9f21-243757bffc43 973667303261473f92aafa7b53864373 d059f3e78ca54a6db564520c56e8ba0e - - default default] TaaS: Handle Delete Port: 34fef76d-0b5a-4b85-be5e-19dd5ec41744
2026-07-08 22:47:48.796 8 INFO neutron_taas.services.taas.tap_mirror_plugin [None req-01ba7572-240d-4b24-9f21-243757bffc43 973667303261473f92aafa7b53864373 d059f3e78ca54a6db564520c56e8ba0e - - default default] Tap Mirror: Handle Delete Port: 34fef76d-0b5a-4b85-be5e-19dd5ec41744
2026-07-08 22:47:48.828 7 INFO neutron_taas.services.taas.taas_plugin [None req-16cba136-73b8-46f2-9ef1-6b8495170481 e1ef020d42684f85b8faddce90164acf 6da55f0809684c199ccfbf594600f426 - - default default] TaaS: Handle Delete Port: 6fbe4eaa-beb6-45e5-a161-f1eaf53a8bd8
2026-07-08 22:47:48.831 7 INFO neutron_taas.services.taas.tap_mirror_plugin [None req-16cba136-73b8-46f2-9ef1-6b8495170481 e1ef020d42684f85b8faddce90164acf 6da55f0809684c199ccfbf594600f426 - - default default] Tap Mirror: Handle Delete Port: 6fbe4eaa-beb6-45e5-a161-f1eaf53a8bd8 [pid: 8|app: 0|req: 513/1098] 10.0.0.162 () {32 vars in 731 bytes} [Wed Jul 8 22:47:48 2026] DELETE /v2.0/floatingips/6c22f443-0a3f-49b8-8397-f70c6c7cb9e3 => generated 0 bytes in 271 msecs (HTTP/1.1 204) 2 headers in 112 bytes (1 switches on core 0)
2026-07-08 22:47:49.036 7 INFO neutron.services.segments.plugin [-] Segment ea003ae5-5789-419f-bde9-4ad2db83c47d resource provider aggregate not found
2026-07-08 22:47:49.041 7 INFO neutron.services.segments.plugin [-] Segment ea003ae5-5789-419f-bde9-4ad2db83c47d resource provider aggregate not found
2026-07-08 22:47:49.059 7 INFO neutron.services.segments.plugin [-] Client error retrieving segment ea003ae5-5789-419f-bde9-4ad2db83c47d resource provider; error: Placement Client Error (4xx): {"errors": [{"status": 404, "title": "Not Found", "detail": "The resource could not be found.\n\n No resource provider with uuid ea003ae5-5789-419f-bde9-4ad2db83c47d found for delete ", "request_id": "req-ae4570ec-f3d0-4246-ad71-dbcf928a7bfb"}]}
2026-07-08 22:47:49.072 7 INFO neutron.services.segments.plugin [-] Client error retrieving segment ea003ae5-5789-419f-bde9-4ad2db83c47d resource provider; error: Placement Client Error (4xx): {"errors": [{"status": 404, "title": "Not Found", "detail": "The resource could not be found.\n\n No resource provider with uuid ea003ae5-5789-419f-bde9-4ad2db83c47d found for delete ", "request_id": "req-ccfb8453-350d-408c-83f1-0d948676ed92"}]} [pid: 7|app: 0|req: 586/1099] 10.0.0.162 () {32 vars in 725 bytes} [Wed Jul 8 22:47:48 2026] DELETE /v2.0/networks/25d2da93-97c4-4505-99fe-08b8862b220d => generated 0 bytes in 401 msecs (HTTP/1.1 204) 3 headers in 131 bytes (1 switches on core 0)
2026-07-08 22:47:49.222 7 INFO neutron_taas.services.taas.taas_plugin [None req-a02fc448-eb1d-4a01-9caf-c916d7c4e834 e1ef020d42684f85b8faddce90164acf 6da55f0809684c199ccfbf594600f426 - - default default] TaaS: Handle Delete Port: 2d0111fa-3c02-4982-b1a2-05a5cacaf1cf
2026-07-08 22:47:49.226 7 INFO neutron_taas.services.taas.tap_mirror_plugin [None req-a02fc448-eb1d-4a01-9caf-c916d7c4e834 e1ef020d42684f85b8faddce90164acf 6da55f0809684c199ccfbf594600f426 - - default default] Tap Mirror: Handle Delete Port: 2d0111fa-3c02-4982-b1a2-05a5cacaf1cf
2026-07-08 22:47:49.383 8 INFO neutron_taas.services.taas.taas_plugin [None req-03bdad03-bf52-40bb-92c7-50f6798e3981 f8aee25f7eb64e16a2e3544011e9072f d5c2904a08374d09b05aa666b0e151a7 - - default default] TaaS: Handle Delete Port: 00edcf2a-671d-4670-be97-6bb39f1f2db2
2026-07-08 22:47:49.386 8 INFO neutron_taas.services.taas.tap_mirror_plugin [None req-03bdad03-bf52-40bb-92c7-50f6798e3981 f8aee25f7eb64e16a2e3544011e9072f d5c2904a08374d09b05aa666b0e151a7 - - default default] Tap Mirror: Handle Delete Port: 00edcf2a-671d-4670-be97-6bb39f1f2db2 [pid: 7|app: 0|req: 587/1100] 10.0.0.162 () {32 vars in 725 bytes} [Wed Jul 8 22:47:49 2026] DELETE /v2.0/networks/8ecb06c9-9cef-4e7c-9725-7c4ef81c4537 => generated 0 bytes in 332 msecs (HTTP/1.1 204) 3 headers in 131 bytes (1 switches on core 0)
2026-07-08 22:47:49.592 7 INFO neutron_taas.services.taas.taas_plugin [None req-8e5810a9-9a62-40fc-a6a0-c43ae99d2b56 e1ef020d42684f85b8faddce90164acf 6da55f0809684c199ccfbf594600f426 - - default default] TaaS: Handle Delete Port: 99efd3b4-75f4-4199-9a27-130f705471b2
2026-07-08 22:47:49.594 7 INFO neutron_taas.services.taas.tap_mirror_plugin [None req-8e5810a9-9a62-40fc-a6a0-c43ae99d2b56 e1ef020d42684f85b8faddce90164acf 6da55f0809684c199ccfbf594600f426 - - default default] Tap Mirror: Handle Delete Port: 99efd3b4-75f4-4199-9a27-130f705471b2 [pid: 7|app: 0|req: 588/1101] 10.0.0.162 () {32 vars in 725 bytes} [Wed Jul 8 22:47:49 2026] DELETE /v2.0/networks/a6ccb533-cd0c-4a23-a13b-ed60c418a982 => generated 0 bytes in 394 msecs (HTTP/1.1 204) 3 headers in 131 bytes (1 switches on core 0) [pid: 8|app: 0|req: 514/1102] 10.0.0.162 () {34 vars in 788 bytes} [Wed Jul 8 22:47:49 2026] PUT /v2.0/routers/82c71ff2-765d-47a9-811e-4d046e25af5f/remove_router_interface => generated 309 bytes in 1191 msecs (HTTP/1.1 200) 4 headers in 157 bytes (1 switches on core 0)
2026-07-08 22:47:50.538 7 INFO neutron_taas.services.taas.taas_plugin [None req-7f6b8115-0a66-4efb-968b-df69d1485342 f8aee25f7eb64e16a2e3544011e9072f d5c2904a08374d09b05aa666b0e151a7 - - default default] TaaS: Handle Delete Port: aabebade-12e1-4d8e-bbd9-ca8c2280d296
2026-07-08 22:47:50.541 7 INFO neutron_taas.services.taas.tap_mirror_plugin [None req-7f6b8115-0a66-4efb-968b-df69d1485342 f8aee25f7eb64e16a2e3544011e9072f d5c2904a08374d09b05aa666b0e151a7 - - default default] Tap Mirror: Handle Delete Port: aabebade-12e1-4d8e-bbd9-ca8c2280d296 /var/lib/openstack/lib/python3.12/site-packages/pycadf/identifier.py:70: UserWarning: Invalid uuid: neutron. To ensure interoperability, identifiers should be a valid uuid. warnings.warn(('Invalid uuid: %s. To ensure interoperability, ' [pid: 8|app: 0|req: 515/1103] 10.0.0.162 () {32 vars in 773 bytes} [Wed Jul 8 22:47:50 2026] GET /v2.0/security-groups?tenant_id=6da55f0809684c199ccfbf594600f426&name=default => generated 2925 bytes in 254 msecs (HTTP/1.1 200) 4 headers in 158 bytes (1 switches on core 0) [pid: 8|app: 0|req: 516/1104] 10.0.0.162 () {32 vars in 739 bytes} [Wed Jul 8 22:47:50 2026] DELETE /v2.0/security-groups/6609b0f1-b117-4cd3-a830-65f6e78f2caf => generated 0 bytes in 250 msecs (HTTP/1.1 204) 2 headers in 112 bytes (1 switches on core 0) [pid: 7|app: 0|req: 589/1105] 10.0.0.162 () {32 vars in 723 bytes} [Wed Jul 8 22:47:50 2026] DELETE /v2.0/routers/82c71ff2-765d-47a9-811e-4d046e25af5f => generated 0 bytes in 712 msecs (HTTP/1.1 204) 2 headers in 112 bytes (1 switches on core 0)
2026-07-08 22:47:51.086 7 INFO neutron.services.segments.plugin [-] Segment cb22369d-dede-4af7-a319-14b74c6f0263 resource provider aggregate not found
2026-07-08 22:47:51.096 7 INFO neutron.services.segments.plugin [-] Segment cb22369d-dede-4af7-a319-14b74c6f0263 resource provider aggregate not found
2026-07-08 22:47:51.104 7 INFO neutron.services.segments.plugin [-] Client error retrieving segment cb22369d-dede-4af7-a319-14b74c6f0263 resource provider; error: Placement Client Error (4xx): {"errors": [{"status": 404, "title": "Not Found", "detail": "The resource could not be found.\n\n No resource provider with uuid cb22369d-dede-4af7-a319-14b74c6f0263 found for delete ", "request_id": "req-ba357f45-6647-4be9-9743-071151945b13"}]}
2026-07-08 22:47:51.120 7 INFO neutron.services.segments.plugin [-] Client error retrieving segment cb22369d-dede-4af7-a319-14b74c6f0263 resource provider; error: Placement Client Error (4xx): {"errors": [{"status": 404, "title": "Not Found", "detail": "The resource could not be found.\n\n No resource provider with uuid cb22369d-dede-4af7-a319-14b74c6f0263 found for delete ", "request_id": "req-1bb41bb4-bbf4-465b-9640-971bff51ba21"}]}
2026-07-08 22:47:51.125 7 INFO neutron.services.segments.plugin [-] Segment 6f188ec7-b24a-478e-b099-a2ec68f4092a resource provider aggregate not found
2026-07-08 22:47:51.139 7 INFO neutron.services.segments.plugin [-] Segment 6f188ec7-b24a-478e-b099-a2ec68f4092a resource provider aggregate not found
2026-07-08 22:47:51.145 7 INFO neutron.services.segments.plugin [-] Client error retrieving segment 6f188ec7-b24a-478e-b099-a2ec68f4092a resource provider; error: Placement Client Error (4xx): {"errors": [{"status": 404, "title": "Not Found", "detail": "The resource could not be found.\n\n No resource provider with uuid 6f188ec7-b24a-478e-b099-a2ec68f4092a found for delete ", "request_id": "req-ae2326ca-78fc-4183-9cac-5df034e0fda0"}]}
2026-07-08 22:47:51.151 7 INFO neutron.services.segments.plugin [-] Client error retrieving segment 6f188ec7-b24a-478e-b099-a2ec68f4092a resource provider; error: Placement Client Error (4xx): {"errors": [{"status": 404, "title": "Not Found", "detail": "The resource could not be found.\n\n No resource provider with uuid 6f188ec7-b24a-478e-b099-a2ec68f4092a found for delete ", "request_id": "req-8b6628b9-338b-4ee2-b17f-15c93ff17811"}]} [pid: 8|app: 0|req: 517/1106] 10.0.0.162 () {32 vars in 723 bytes} [Wed Jul 8 22:47:50 2026] DELETE /v2.0/subnets/45c670af-d979-4b26-83c0-9b5089073fc2 => generated 0 bytes in 222 msecs (HTTP/1.1 204) 3 headers in 131 bytes (1 switches on core 0)
2026-07-08 22:47:51.277 7 INFO neutron_taas.services.taas.taas_plugin [None req-3e9788ae-622e-455d-814e-37d83148b78d f8aee25f7eb64e16a2e3544011e9072f d5c2904a08374d09b05aa666b0e151a7 - - default default] TaaS: Handle Delete Port: 1bae6d34-ee91-4e23-88b8-07d76579b10f
2026-07-08 22:47:51.280 7 INFO neutron_taas.services.taas.tap_mirror_plugin [None req-3e9788ae-622e-455d-814e-37d83148b78d f8aee25f7eb64e16a2e3544011e9072f d5c2904a08374d09b05aa666b0e151a7 - - default default] Tap Mirror: Handle Delete Port: 1bae6d34-ee91-4e23-88b8-07d76579b10f [pid: 7|app: 0|req: 590/1107] 10.0.0.162 () {32 vars in 725 bytes} [Wed Jul 8 22:47:51 2026] DELETE /v2.0/networks/8fdd980c-fc0c-48b6-ae28-6e1ed432b644 => generated 0 bytes in 303 msecs (HTTP/1.1 204) 3 headers in 131 bytes (1 switches on core 0) [pid: 8|app: 0|req: 518/1108] 10.0.0.162 () {32 vars in 773 bytes} [Wed Jul 8 22:47:51 2026] GET /v2.0/security-groups?tenant_id=d059f3e78ca54a6db564520c56e8ba0e&name=default => generated 2921 bytes in 31 msecs (HTTP/1.1 200) 4 headers in 158 bytes (1 switches on core 0) [pid: 7|app: 0|req: 591/1109] 10.0.0.162 () {32 vars in 739 bytes} [Wed Jul 8 22:47:51 2026] DELETE /v2.0/security-groups/1dc8449c-c629-4847-aab5-67753d74525d => generated 0 bytes in 238 msecs (HTTP/1.1 204) 2 headers in 112 bytes (1 switches on core 0)
2026-07-08 22:47:52.600 8 INFO neutron.db.ovn_revision_numbers_db [None req-befeaef3-364f-4e28-90e3-f1d335b2d9a5 f8aee25f7eb64e16a2e3544011e9072f d5c2904a08374d09b05aa666b0e151a7 - - default default] Successfully bumped revision number for resource ff5b6ac3-ff1d-4282-802a-9c65f7099e9a (type: security_groups) to 1
2026-07-08 22:47:52.615 8 INFO neutron.db.ovn_revision_numbers_db [None req-befeaef3-364f-4e28-90e3-f1d335b2d9a5 f8aee25f7eb64e16a2e3544011e9072f d5c2904a08374d09b05aa666b0e151a7 - - default default] Successfully bumped revision number for resource 259f7b4f-371f-41ec-8bf2-66a6907f699c (type: security_group_rules) to 0
2026-07-08 22:47:52.626 8 INFO neutron.db.ovn_revision_numbers_db [None req-befeaef3-364f-4e28-90e3-f1d335b2d9a5 f8aee25f7eb64e16a2e3544011e9072f d5c2904a08374d09b05aa666b0e151a7 - - default default] Successfully bumped revision number for resource 7d318186-3be2-4e70-a253-ba2553992cf9 (type: security_group_rules) to 0
2026-07-08 22:47:52.639 8 INFO neutron.db.ovn_revision_numbers_db [None req-befeaef3-364f-4e28-90e3-f1d335b2d9a5 f8aee25f7eb64e16a2e3544011e9072f d5c2904a08374d09b05aa666b0e151a7 - - default default] Successfully bumped revision number for resource c46211fa-9f5b-4d10-99cd-abd79be60330 (type: security_group_rules) to 0
2026-07-08 22:47:52.653 8 INFO neutron.db.ovn_revision_numbers_db [None req-befeaef3-364f-4e28-90e3-f1d335b2d9a5 f8aee25f7eb64e16a2e3544011e9072f d5c2904a08374d09b05aa666b0e151a7 - - default default] Successfully bumped revision number for resource e29b22b6-eded-462f-a5f3-e17e0f78cf60 (type: security_group_rules) to 0 [pid: 8|app: 0|req: 519/1112] 10.0.0.162 () {32 vars in 773 bytes} [Wed Jul 8 22:47:52 2026] GET /v2.0/security-groups?tenant_id=5b35543520d94fdf9e86c7a37ec55b16&name=default => generated 2925 bytes in 393 msecs (HTTP/1.1 200) 4 headers in 158 bytes (1 switches on core 0) [pid: 7|app: 0|req: 594/1113] 10.0.0.162 () {32 vars in 739 bytes} [Wed Jul 8 22:47:52 2026] DELETE /v2.0/security-groups/ff5b6ac3-ff1d-4282-802a-9c65f7099e9a => generated 0 bytes in 210 msecs (HTTP/1.1 204) 2 headers in 112 bytes (1 switches on core 0)
2026-07-08 22:47:53.173 7 INFO neutron.services.segments.plugin [-] Segment 96e9cad1-48c1-4342-a851-755b513efa4d resource provider aggregate not found
2026-07-08 22:47:53.179 7 INFO neutron.services.segments.plugin [-] Segment 96e9cad1-48c1-4342-a851-755b513efa4d resource provider aggregate not found
2026-07-08 22:47:53.184 7 INFO neutron.db.ovn_revision_numbers_db [None req-4dc2d11e-d90d-433c-a8d7-624b4b49faaa f8aee25f7eb64e16a2e3544011e9072f d5c2904a08374d09b05aa666b0e151a7 - - default default] Successfully bumped revision number for resource f9ee9f75-957f-4991-baa9-d77f33ae9579 (type: security_groups) to 1
2026-07-08 22:47:53.194 7 INFO neutron.services.segments.plugin [-] Client error retrieving segment 96e9cad1-48c1-4342-a851-755b513efa4d resource provider; error: Placement Client Error (4xx): {"errors": [{"status": 404, "title": "Not Found", "detail": "The resource could not be found.\n\n No resource provider with uuid 96e9cad1-48c1-4342-a851-755b513efa4d found for delete ", "request_id": "req-81723efa-f19e-48b5-920b-3e1a508cc352"}]}
2026-07-08 22:47:53.195 7 INFO neutron.db.ovn_revision_numbers_db [None req-4dc2d11e-d90d-433c-a8d7-624b4b49faaa f8aee25f7eb64e16a2e3544011e9072f d5c2904a08374d09b05aa666b0e151a7 - - default default] Successfully bumped revision number for resource 19b21b2e-4a8b-45c9-992d-faceb29b359a (type: security_group_rules) to 0
2026-07-08 22:47:53.198 7 INFO neutron.services.segments.plugin [-] Client error retrieving segment 96e9cad1-48c1-4342-a851-755b513efa4d resource provider; error: Placement Client Error (4xx): {"errors": [{"status": 404, "title": "Not Found", "detail": "The resource could not be found.\n\n No resource provider with uuid 96e9cad1-48c1-4342-a851-755b513efa4d found for delete ", "request_id": "req-b2ffd6f6-fa75-4aaa-a3f1-49689772d881"}]}
2026-07-08 22:47:53.207 7 INFO neutron.db.ovn_revision_numbers_db [None req-4dc2d11e-d90d-433c-a8d7-624b4b49faaa f8aee25f7eb64e16a2e3544011e9072f d5c2904a08374d09b05aa666b0e151a7 - - default default] Successfully bumped revision number for resource 45c71d06-6480-465d-af82-3749207c200d (type: security_group_rules) to 0
2026-07-08 22:47:53.218 7 INFO neutron.db.ovn_revision_numbers_db [None req-4dc2d11e-d90d-433c-a8d7-624b4b49faaa f8aee25f7eb64e16a2e3544011e9072f d5c2904a08374d09b05aa666b0e151a7 - - default default] Successfully bumped revision number for resource 47737a18-ac80-4c48-9c0f-3cd93ef723e8 (type: security_group_rules) to 0
2026-07-08 22:47:53.232 7 INFO neutron.db.ovn_revision_numbers_db [None req-4dc2d11e-d90d-433c-a8d7-624b4b49faaa f8aee25f7eb64e16a2e3544011e9072f d5c2904a08374d09b05aa666b0e151a7 - - default default] Successfully bumped revision number for resource 76fd6a62-f4e7-4569-8025-e0ebca3e763e (type: security_group_rules) to 0 [pid: 7|app: 0|req: 595/1114] 10.0.0.162 () {32 vars in 773 bytes} [Wed Jul 8 22:47:53 2026] GET /v2.0/security-groups?tenant_id=8e6ee697645c4f35846df4846f7e35db&name=default => generated 2925 bytes in 252 msecs (HTTP/1.1 200) 4 headers in 158 bytes (1 switches on core 0)
2026-07-08 22:47:53.352 8 INFO neutron.db.ovn_revision_numbers_db [None req-e27907bc-94b1-4886-8718-84839e6174dc 2f6660a4c08a4da79cdbb0560434d01f e1d62c372162441091222b4da5344df9 - - default default] Successfully bumped revision number for resource 22e0650c-d210-4609-b5be-b512a2a59e76 (type: security_groups) to 1
2026-07-08 22:47:53.378 8 INFO neutron.db.ovn_revision_numbers_db [None req-e27907bc-94b1-4886-8718-84839e6174dc 2f6660a4c08a4da79cdbb0560434d01f e1d62c372162441091222b4da5344df9 - - default default] Successfully bumped revision number for resource 3ad3a928-7877-4cd3-9075-e8d121ee657a (type: security_group_rules) to 0
2026-07-08 22:47:53.396 8 INFO neutron.db.ovn_revision_numbers_db [None req-e27907bc-94b1-4886-8718-84839e6174dc 2f6660a4c08a4da79cdbb0560434d01f e1d62c372162441091222b4da5344df9 - - default default] Successfully bumped revision number for resource 5992b8dc-951f-4ced-95a4-49d4b8be651b (type: security_group_rules) to 0
2026-07-08 22:47:53.409 8 INFO neutron.db.ovn_revision_numbers_db [None req-e27907bc-94b1-4886-8718-84839e6174dc 2f6660a4c08a4da79cdbb0560434d01f e1d62c372162441091222b4da5344df9 - - default default] Successfully bumped revision number for resource cf4408a1-e7db-4abf-9263-28db4fd40b92 (type: security_group_rules) to 0
2026-07-08 22:47:53.422 8 INFO neutron.db.ovn_revision_numbers_db [None req-e27907bc-94b1-4886-8718-84839e6174dc 2f6660a4c08a4da79cdbb0560434d01f e1d62c372162441091222b4da5344df9 - - default default] Successfully bumped revision number for resource d939cbad-57e3-44c6-934c-adfef828fca6 (type: security_group_rules) to 0
2026-07-08 22:47:53.513 8 INFO neutron.db.segments_db [None req-e27907bc-94b1-4886-8718-84839e6174dc 2f6660a4c08a4da79cdbb0560434d01f e1d62c372162441091222b4da5344df9 - - default default] Added segment 9c582232-fabb-4af5-a273-3532fc3f1486 of type geneve for network 489ec72d-7ace-4445-bd38-b1e5c4cd11aa [pid: 7|app: 0|req: 596/1115] 10.0.0.162 () {32 vars in 739 bytes} [Wed Jul 8 22:47:53 2026] DELETE /v2.0/security-groups/f9ee9f75-957f-4991-baa9-d77f33ae9579 => generated 0 bytes in 256 msecs (HTTP/1.1 204) 2 headers in 112 bytes (1 switches on core 0)
2026-07-08 22:47:53.658 8 INFO neutron.db.ovn_revision_numbers_db [None req-e27907bc-94b1-4886-8718-84839e6174dc 2f6660a4c08a4da79cdbb0560434d01f e1d62c372162441091222b4da5344df9 - - default default] Successfully bumped revision number for resource 489ec72d-7ace-4445-bd38-b1e5c4cd11aa (type: networks) to 1
2026-07-08 22:47:53.841 8 WARNING neutron.scheduler.dhcp_agent_scheduler [None req-e27907bc-94b1-4886-8718-84839e6174dc 2f6660a4c08a4da79cdbb0560434d01f e1d62c372162441091222b4da5344df9 - - default default] No more DHCP agents
2026-07-08 22:47:53.842 8 WARNING neutron.api.rpc.agentnotifiers.dhcp_rpc_agent_api [None req-e27907bc-94b1-4886-8718-84839e6174dc 2f6660a4c08a4da79cdbb0560434d01f e1d62c372162441091222b4da5344df9 - - default default] Unable to schedule network 489ec72d-7ace-4445-bd38-b1e5c4cd11aa: no agents available; will retry on subsequent port and subnet creation events.
2026-07-08 22:47:53.886 7 INFO neutron.plugins.ml2.drivers.ovn.mech_driver.mech_driver [None req-be5c9c17-f805-4204-8e23-7c406ece6594 - - - - - -] OVN reports status down for port: 9516bf50-c411-42f4-aed0-5b0296512212
2026-07-08 22:47:53.922 8 INFO neutron.db.ovn_revision_numbers_db [None req-e27907bc-94b1-4886-8718-84839e6174dc 2f6660a4c08a4da79cdbb0560434d01f e1d62c372162441091222b4da5344df9 - - default default] Successfully bumped revision number for resource 9516bf50-c411-42f4-aed0-5b0296512212 (type: ports) to 1 [pid: 8|app: 0|req: 520/1116] 10.0.0.162 () {34 vars in 669 bytes} [Wed Jul 8 22:47:52 2026] POST /v2.0/networks => generated 682 bytes in 971 msecs (HTTP/1.1 201) 4 headers in 162 bytes (1 switches on core 0)
2026-07-08 22:47:54.163 7 INFO neutron.db.ovn_revision_numbers_db [None req-49d09968-8f9d-4c41-959b-84e6124b13f3 f8aee25f7eb64e16a2e3544011e9072f d5c2904a08374d09b05aa666b0e151a7 - - default default] Successfully bumped revision number for resource e389d632-bed8-4b5f-af11-b09468fb19a2 (type: security_groups) to 1
2026-07-08 22:47:54.178 7 INFO neutron.db.ovn_revision_numbers_db [None req-49d09968-8f9d-4c41-959b-84e6124b13f3 f8aee25f7eb64e16a2e3544011e9072f d5c2904a08374d09b05aa666b0e151a7 - - default default] Successfully bumped revision number for resource 9ed555e0-c000-4454-b59c-6ce20227851f (type: security_group_rules) to 0
2026-07-08 22:47:54.188 7 INFO neutron.db.ovn_revision_numbers_db [None req-49d09968-8f9d-4c41-959b-84e6124b13f3 f8aee25f7eb64e16a2e3544011e9072f d5c2904a08374d09b05aa666b0e151a7 - - default default] Successfully bumped revision number for resource a55ce44d-ef2a-4528-88aa-7b8cb73b0387 (type: security_group_rules) to 0
2026-07-08 22:47:54.200 7 INFO neutron.db.ovn_revision_numbers_db [None req-49d09968-8f9d-4c41-959b-84e6124b13f3 f8aee25f7eb64e16a2e3544011e9072f d5c2904a08374d09b05aa666b0e151a7 - - default default] Successfully bumped revision number for resource af6647e2-0fd8-4531-987d-6c19c598881a (type: security_group_rules) to 0
2026-07-08 22:47:54.214 7 INFO neutron.db.ovn_revision_numbers_db [None req-49d09968-8f9d-4c41-959b-84e6124b13f3 f8aee25f7eb64e16a2e3544011e9072f d5c2904a08374d09b05aa666b0e151a7 - - default default] Successfully bumped revision number for resource e4e505b4-fd28-47c7-90fa-dbc85479412a (type: security_group_rules) to 0
2026-07-08 22:47:54.218 8 WARNING neutron.scheduler.dhcp_agent_scheduler [None req-f3f8532b-be74-4824-8548-2e743274a500 2f6660a4c08a4da79cdbb0560434d01f e1d62c372162441091222b4da5344df9 - - default default] No more DHCP agents
2026-07-08 22:47:54.219 8 WARNING neutron.api.rpc.agentnotifiers.dhcp_rpc_agent_api [None req-f3f8532b-be74-4824-8548-2e743274a500 2f6660a4c08a4da79cdbb0560434d01f e1d62c372162441091222b4da5344df9 - - default default] Unable to schedule network 489ec72d-7ace-4445-bd38-b1e5c4cd11aa: no agents available; will retry on subsequent port and subnet creation events.
2026-07-08 22:47:54.284 8 INFO neutron.plugins.ml2.drivers.ovn.mech_driver.mech_driver [None req-a85408a2-73a9-4c8e-964a-bf19b64f7768 - - - - - -] OVN reports status down for port: ede4730f-4459-469f-ad51-c9d73f1ec697
2026-07-08 22:47:54.287 7 INFO neutron.db.segments_db [None req-49d09968-8f9d-4c41-959b-84e6124b13f3 f8aee25f7eb64e16a2e3544011e9072f d5c2904a08374d09b05aa666b0e151a7 - - default default] Added segment 3485fdea-40fd-4791-85d2-d88b9a3f65fa of type geneve for network 223d5043-1564-435a-acf0-da1ab9ed0f7a
2026-07-08 22:47:54.333 8 INFO neutron.db.ovn_revision_numbers_db [None req-f3f8532b-be74-4824-8548-2e743274a500 2f6660a4c08a4da79cdbb0560434d01f e1d62c372162441091222b4da5344df9 - - default default] Successfully bumped revision number for resource ede4730f-4459-469f-ad51-c9d73f1ec697 (type: ports) to 1
2026-07-08 22:47:54.387 7 INFO neutron.db.ovn_revision_numbers_db [None req-49d09968-8f9d-4c41-959b-84e6124b13f3 f8aee25f7eb64e16a2e3544011e9072f d5c2904a08374d09b05aa666b0e151a7 - - default default] Successfully bumped revision number for resource 223d5043-1564-435a-acf0-da1ab9ed0f7a (type: networks) to 1 [pid: 8|app: 0|req: 521/1117] 10.0.0.162 () {34 vars in 664 bytes} [Wed Jul 8 22:47:53 2026] POST /v2.0/ports => generated 774 bytes in 495 msecs (HTTP/1.1 201) 4 headers in 162 bytes (1 switches on core 0) /var/lib/openstack/lib/python3.12/site-packages/pycadf/identifier.py:70: UserWarning: Invalid uuid: neutron. To ensure interoperability, identifiers should be a valid uuid. warnings.warn(('Invalid uuid: %s. To ensure interoperability, '
2026-07-08 22:47:54.545 7 WARNING neutron.scheduler.dhcp_agent_scheduler [None req-49d09968-8f9d-4c41-959b-84e6124b13f3 f8aee25f7eb64e16a2e3544011e9072f d5c2904a08374d09b05aa666b0e151a7 - - default default] No more DHCP agents
2026-07-08 22:47:54.547 7 WARNING neutron.api.rpc.agentnotifiers.dhcp_rpc_agent_api [None req-49d09968-8f9d-4c41-959b-84e6124b13f3 f8aee25f7eb64e16a2e3544011e9072f d5c2904a08374d09b05aa666b0e151a7 - - default default] Unable to schedule network 223d5043-1564-435a-acf0-da1ab9ed0f7a: no agents available; will retry on subsequent port and subnet creation events.
2026-07-08 22:47:54.547 8 INFO neutron.db.segments_db [None req-76d13397-1207-46ce-a830-6db35e041c05 2f6660a4c08a4da79cdbb0560434d01f e1d62c372162441091222b4da5344df9 - - default default] Added segment c4a7f221-9bdf-4be5-82f2-d1603860e100 of type geneve for network fc464a44-d079-4d78-93b9-081c7f4fc4a4
2026-07-08 22:47:54.599 7 INFO neutron.plugins.ml2.drivers.ovn.mech_driver.mech_driver [None req-be5c9c17-f805-4204-8e23-7c406ece6594 - - - - - -] OVN reports status down for port: 41ac6ed7-7210-47c0-94fe-a58963a85b95
2026-07-08 22:47:54.657 7 INFO neutron.db.ovn_revision_numbers_db [None req-49d09968-8f9d-4c41-959b-84e6124b13f3 f8aee25f7eb64e16a2e3544011e9072f d5c2904a08374d09b05aa666b0e151a7 - - default default] Successfully bumped revision number for resource 41ac6ed7-7210-47c0-94fe-a58963a85b95 (type: ports) to 1 [pid: 7|app: 0|req: 597/1118] 10.0.0.162 () {34 vars in 670 bytes} [Wed Jul 8 22:47:53 2026] POST /v2.0/networks => generated 784 bytes in 856 msecs (HTTP/1.1 201) 4 headers in 162 bytes (1 switches on core 0)
2026-07-08 22:47:54.719 8 INFO neutron.db.ovn_revision_numbers_db [None req-76d13397-1207-46ce-a830-6db35e041c05 2f6660a4c08a4da79cdbb0560434d01f e1d62c372162441091222b4da5344df9 - - default default] Successfully bumped revision number for resource fc464a44-d079-4d78-93b9-081c7f4fc4a4 (type: networks) to 1
2026-07-08 22:47:54.842 7 WARNING neutron.scheduler.dhcp_agent_scheduler [None req-93158f94-8294-4b46-b1de-36ea57db0797 f8aee25f7eb64e16a2e3544011e9072f d5c2904a08374d09b05aa666b0e151a7 - - default default] No more DHCP agents
2026-07-08 22:47:54.844 7 WARNING neutron.api.rpc.agentnotifiers.dhcp_rpc_agent_api [None req-93158f94-8294-4b46-b1de-36ea57db0797 f8aee25f7eb64e16a2e3544011e9072f d5c2904a08374d09b05aa666b0e151a7 - - default default] Unable to schedule network 223d5043-1564-435a-acf0-da1ab9ed0f7a: no agents available; will retry on subsequent port and subnet creation events.
2026-07-08 22:47:54.916 8 WARNING neutron.scheduler.dhcp_agent_scheduler [None req-76d13397-1207-46ce-a830-6db35e041c05 2f6660a4c08a4da79cdbb0560434d01f e1d62c372162441091222b4da5344df9 - - default default] No more DHCP agents
2026-07-08 22:47:54.917 8 WARNING neutron.api.rpc.agentnotifiers.dhcp_rpc_agent_api [None req-76d13397-1207-46ce-a830-6db35e041c05 2f6660a4c08a4da79cdbb0560434d01f e1d62c372162441091222b4da5344df9 - - default default] Unable to schedule network fc464a44-d079-4d78-93b9-081c7f4fc4a4: no agents available; will retry on subsequent port and subnet creation events.
2026-07-08 22:47:54.978 8 INFO neutron.plugins.ml2.drivers.ovn.mech_driver.mech_driver [None req-a85408a2-73a9-4c8e-964a-bf19b64f7768 - - - - - -] OVN reports status down for port: 6707d7f4-27b4-4aa2-8e85-c86390319e98
2026-07-08 22:47:55.045 8 INFO neutron.db.ovn_revision_numbers_db [None req-76d13397-1207-46ce-a830-6db35e041c05 2f6660a4c08a4da79cdbb0560434d01f e1d62c372162441091222b4da5344df9 - - default default] Successfully bumped revision number for resource 6707d7f4-27b4-4aa2-8e85-c86390319e98 (type: ports) to 1 [pid: 8|app: 0|req: 522/1119] 10.0.0.162 () {34 vars in 669 bytes} [Wed Jul 8 22:47:54 2026] POST /v2.0/networks => generated 669 bytes in 644 msecs (HTTP/1.1 201) 4 headers in 162 bytes (1 switches on core 0)
2026-07-08 22:47:55.307 8 WARNING neutron.scheduler.dhcp_agent_scheduler [None req-dcae71ec-2893-4042-9a49-3dfda147a6dd 2f6660a4c08a4da79cdbb0560434d01f e1d62c372162441091222b4da5344df9 - - default default] No more DHCP agents
2026-07-08 22:47:55.308 8 WARNING neutron.api.rpc.agentnotifiers.dhcp_rpc_agent_api [None req-dcae71ec-2893-4042-9a49-3dfda147a6dd 2f6660a4c08a4da79cdbb0560434d01f e1d62c372162441091222b4da5344df9 - - default default] Unable to schedule network fc464a44-d079-4d78-93b9-081c7f4fc4a4: no agents available; will retry on subsequent port and subnet creation events.
2026-07-08 22:47:55.330 7 INFO neutron.db.ovn_revision_numbers_db [None req-ff1f986e-a228-4dff-b042-5bc37a9c8f3e - - - - - -] Successfully bumped revision number for resource 41ac6ed7-7210-47c0-94fe-a58963a85b95 (type: ports) to 2
2026-07-08 22:47:55.363 7 INFO neutron.db.ovn_revision_numbers_db [None req-ff1f986e-a228-4dff-b042-5bc37a9c8f3e - - - - - -] Successfully bumped revision number for resource 24490baf-ca95-4cbb-8d02-ebd28563769a (type: subnets) to 0 [pid: 7|app: 0|req: 598/1120] 10.0.0.162 () {34 vars in 668 bytes} [Wed Jul 8 22:47:54 2026] POST /v2.0/subnets => generated 690 bytes in 675 msecs (HTTP/1.1 201) 4 headers in 162 bytes (1 switches on core 0)
2026-07-08 22:47:55.746 8 INFO neutron.db.ovn_revision_numbers_db [None req-d91dbf89-2756-4f33-9409-8e3dbd53065c - - - - - -] Successfully bumped revision number for resource 6707d7f4-27b4-4aa2-8e85-c86390319e98 (type: ports) to 2
2026-07-08 22:47:55.768 7 WARNING neutron.scheduler.dhcp_agent_scheduler [None req-a4e883ac-ee4d-400b-8f02-423422ba79ad f8aee25f7eb64e16a2e3544011e9072f d5c2904a08374d09b05aa666b0e151a7 - - default default] No more DHCP agents
2026-07-08 22:47:55.770 7 WARNING neutron.api.rpc.agentnotifiers.dhcp_rpc_agent_api [None req-a4e883ac-ee4d-400b-8f02-423422ba79ad f8aee25f7eb64e16a2e3544011e9072f d5c2904a08374d09b05aa666b0e151a7 - - default default] Unable to schedule network e793adfe-9958-4f49-a4d1-06c78fe58ea1: no agents available; will retry on subsequent port and subnet creation events.
2026-07-08 22:47:55.776 8 INFO neutron.db.ovn_revision_numbers_db [None req-d91dbf89-2756-4f33-9409-8e3dbd53065c - - - - - -] Successfully bumped revision number for resource 1e3f5a60-387e-4af5-bfc3-580e4cc87b23 (type: subnets) to 0 [pid: 8|app: 0|req: 523/1121] 10.0.0.162 () {34 vars in 668 bytes} [Wed Jul 8 22:47:55 2026] POST /v2.0/subnets => generated 626 bytes in 689 msecs (HTTP/1.1 201) 4 headers in 162 bytes (1 switches on core 0)
2026-07-08 22:47:55.921 8 INFO neutron.plugins.ml2.drivers.ovn.mech_driver.mech_driver [None req-a85408a2-73a9-4c8e-964a-bf19b64f7768 - - - - - -] OVN reports status down for port: aa69aea4-36a6-41e2-8548-5db04f997e56
2026-07-08 22:47:55.946 7 INFO neutron.db.ovn_revision_numbers_db [None req-a4e883ac-ee4d-400b-8f02-423422ba79ad f8aee25f7eb64e16a2e3544011e9072f d5c2904a08374d09b05aa666b0e151a7 - - default default] Successfully bumped revision number for resource aa69aea4-36a6-41e2-8548-5db04f997e56 (type: ports) to 1
2026-07-08 22:47:56.167 8 INFO neutron.db.ovn_revision_numbers_db [None req-b0410bb4-9c88-4657-a5b0-e732940ddfaa f8aee25f7eb64e16a2e3544011e9072f d5c2904a08374d09b05aa666b0e151a7 - - default default] Successfully bumped revision number for resource bf3cc555-f39e-4c38-9bc5-a76d74e416f9 (type: security_groups) to 1
2026-07-08 22:47:56.179 8 INFO neutron.db.ovn_revision_numbers_db [None req-b0410bb4-9c88-4657-a5b0-e732940ddfaa f8aee25f7eb64e16a2e3544011e9072f d5c2904a08374d09b05aa666b0e151a7 - - default default] Successfully bumped revision number for resource 0b1dcd2c-92c7-4b60-8d9e-8a35e01c6674 (type: security_group_rules) to 0
2026-07-08 22:47:56.191 8 INFO neutron.db.ovn_revision_numbers_db [None req-b0410bb4-9c88-4657-a5b0-e732940ddfaa f8aee25f7eb64e16a2e3544011e9072f d5c2904a08374d09b05aa666b0e151a7 - - default default] Successfully bumped revision number for resource 3b45daf3-6906-4f2f-b7b7-be829ae80f0a (type: security_group_rules) to 0
2026-07-08 22:47:56.205 8 INFO neutron.db.ovn_revision_numbers_db [None req-b0410bb4-9c88-4657-a5b0-e732940ddfaa f8aee25f7eb64e16a2e3544011e9072f d5c2904a08374d09b05aa666b0e151a7 - - default default] Successfully bumped revision number for resource ec025e94-a601-47c7-8718-e994279e147e (type: security_group_rules) to 0
2026-07-08 22:47:56.220 8 INFO neutron.db.ovn_revision_numbers_db [None req-b0410bb4-9c88-4657-a5b0-e732940ddfaa f8aee25f7eb64e16a2e3544011e9072f d5c2904a08374d09b05aa666b0e151a7 - - default default] Successfully bumped revision number for resource f571a55c-c091-40f5-8342-5eed22d2ad4c (type: security_group_rules) to 0 [pid: 8|app: 0|req: 524/1122] 10.0.0.162 () {32 vars in 773 bytes} [Wed Jul 8 22:47:55 2026] GET /v2.0/security-groups?tenant_id=ef46416b268a4b2b8ece1d4e41f49dd6&name=default => generated 2925 bytes in 466 msecs (HTTP/1.1 200) 4 headers in 158 bytes (1 switches on core 0)
2026-07-08 22:47:56.583 8 WARNING neutron.scheduler.dhcp_agent_scheduler [None req-264b9b10-57d7-462d-8510-633e7dbcddd4 2f6660a4c08a4da79cdbb0560434d01f e1d62c372162441091222b4da5344df9 - - default default] No more DHCP agents
2026-07-08 22:47:56.584 8 WARNING neutron.api.rpc.agentnotifiers.dhcp_rpc_agent_api [None req-264b9b10-57d7-462d-8510-633e7dbcddd4 2f6660a4c08a4da79cdbb0560434d01f e1d62c372162441091222b4da5344df9 - - default default] Unable to schedule network fc464a44-d079-4d78-93b9-081c7f4fc4a4: no agents available; will retry on subsequent port and subnet creation events.
2026-07-08 22:47:56.597 7 INFO neutron.plugins.ml2.drivers.ovn.mech_driver.ovsdb.commands [None req-e2eb0b56-127a-4ab9-b650-14dee41ff208 - - - - - -] Schedule LRP lrp-aa69aea4-36a6-41e2-8548-5db04f997e56 on gateway 236fd4c2-ec1e-4915-9cc4-0552b10d7a71 with priority 1
2026-07-08 22:47:56.657 7 INFO neutron.plugins.ml2.drivers.ovn.mech_driver.ovsdb.ovsdb_monitor [None req-c2e26aad-482c-45de-ba9f-319dd5c2af1e - - - - - -] Router ebad3c74-6804-48b9-8447-4f23649ee359 is bound to host instance
2026-07-08 22:47:56.701 7 INFO neutron.db.ovn_revision_numbers_db [None req-a4e883ac-ee4d-400b-8f02-423422ba79ad f8aee25f7eb64e16a2e3544011e9072f d5c2904a08374d09b05aa666b0e151a7 - - default default] Successfully bumped revision number for resource aa69aea4-36a6-41e2-8548-5db04f997e56 (type: router_ports) to 1
2026-07-08 22:47:56.705 8 INFO neutron.plugins.ml2.drivers.ovn.mech_driver.mech_driver [None req-a85408a2-73a9-4c8e-964a-bf19b64f7768 - - - - - -] OVN reports status up for port: aa69aea4-36a6-41e2-8548-5db04f997e56
2026-07-08 22:47:56.740 8 INFO neutron.plugins.ml2.plugin [None req-a85408a2-73a9-4c8e-964a-bf19b64f7768 - - - - - -] Attempt 1 to provision port aa69aea4-36a6-41e2-8548-5db04f997e56
2026-07-08 22:47:56.880 7 INFO neutron.db.ovn_revision_numbers_db [None req-a4e883ac-ee4d-400b-8f02-423422ba79ad f8aee25f7eb64e16a2e3544011e9072f d5c2904a08374d09b05aa666b0e151a7 - - default default] Successfully bumped revision number for resource ebad3c74-6804-48b9-8447-4f23649ee359 (type: routers) to 2 [pid: 7|app: 0|req: 599/1123] 10.0.0.162 () {34 vars in 668 bytes} [Wed Jul 8 22:47:55 2026] POST /v2.0/routers => generated 968 bytes in 1526 msecs (HTTP/1.1 201) 4 headers in 162 bytes (1 switches on core 0)
2026-07-08 22:47:56.912 8 INFO neutron.db.ovn_revision_numbers_db [None req-264b9b10-57d7-462d-8510-633e7dbcddd4 2f6660a4c08a4da79cdbb0560434d01f e1d62c372162441091222b4da5344df9 - - default default] Successfully bumped revision number for resource 552fa373-1b46-446e-862e-6886ce6cd668 (type: ports) to 1 [pid: 8|app: 0|req: 525/1124] 10.0.0.162 () {34 vars in 664 bytes} [Wed Jul 8 22:47:56 2026] POST /v2.0/ports => generated 949 bytes in 685 msecs (HTTP/1.1 201) 4 headers in 162 bytes (1 switches on core 0) /var/lib/openstack/lib/python3.12/site-packages/pycadf/identifier.py:70: UserWarning: Invalid uuid: neutron. To ensure interoperability, identifiers should be a valid uuid. warnings.warn(('Invalid uuid: %s. To ensure interoperability, ' [pid: 7|app: 0|req: 600/1125] 10.0.0.162 () {32 vars in 739 bytes} [Wed Jul 8 22:47:56 2026] DELETE /v2.0/security-groups/bf3cc555-f39e-4c38-9bc5-a76d74e416f9 => generated 0 bytes in 404 msecs (HTTP/1.1 204) 2 headers in 112 bytes (1 switches on core 0)
2026-07-08 22:47:57.399 8 WARNING neutron.scheduler.dhcp_agent_scheduler [None req-ef18e186-b4c1-4583-94b8-60999302f6d7 f8aee25f7eb64e16a2e3544011e9072f d5c2904a08374d09b05aa666b0e151a7 - - default default] No more DHCP agents
2026-07-08 22:47:57.403 8 WARNING neutron.api.rpc.agentnotifiers.dhcp_rpc_agent_api [None req-ef18e186-b4c1-4583-94b8-60999302f6d7 f8aee25f7eb64e16a2e3544011e9072f d5c2904a08374d09b05aa666b0e151a7 - - default default] Unable to schedule network 223d5043-1564-435a-acf0-da1ab9ed0f7a: no agents available; will retry on subsequent port and subnet creation events.
2026-07-08 22:47:57.550 8 INFO neutron.db.ovn_revision_numbers_db [None req-ef18e186-b4c1-4583-94b8-60999302f6d7 f8aee25f7eb64e16a2e3544011e9072f d5c2904a08374d09b05aa666b0e151a7 - - default default] Successfully bumped revision number for resource f784898c-0575-4cfe-a0bf-438cae372718 (type: ports) to 1
2026-07-08 22:47:57.689 7 INFO neutron_taas.services.taas.taas_plugin [None req-472b0ebf-e795-442c-a587-9bfe5c9fd310 2f6660a4c08a4da79cdbb0560434d01f e1d62c372162441091222b4da5344df9 - - default default] TaaS: Handle Delete Port: 552fa373-1b46-446e-862e-6886ce6cd668
2026-07-08 22:47:57.695 7 INFO neutron_taas.services.taas.tap_mirror_plugin [None req-472b0ebf-e795-442c-a587-9bfe5c9fd310 2f6660a4c08a4da79cdbb0560434d01f e1d62c372162441091222b4da5344df9 - - default default] Tap Mirror: Handle Delete Port: 552fa373-1b46-446e-862e-6886ce6cd668 [pid: 7|app: 0|req: 601/1126] 10.0.0.162 () {32 vars in 719 bytes} [Wed Jul 8 22:47:57 2026] DELETE /v2.0/ports/552fa373-1b46-446e-862e-6886ce6cd668 => generated 0 bytes in 692 msecs (HTTP/1.1 204) 3 headers in 131 bytes (1 switches on core 0)
